2026-04-14 07:01:46.758 7 INFO neutron.db.ovn_revision_numbers_db [None req-8c9ccbaf-ab03-4f25-845d-d2dfd00d714f f94ad306168640438e2616e303d4e3d7 a839f2f4d6a6412187c9ca6d5688ca3d - - default default] Successfully bumped revision number for resource 6ff7ccce-18da-4ab8-aefb-84b15458cfd7 (type: security_group_rules) to 0
2026-04-14 07:01:46.770 7 INFO neutron.db.ovn_revision_numbers_db [None req-8c9ccbaf-ab03-4f25-845d-d2dfd00d714f f94ad306168640438e2616e303d4e3d7 a839f2f4d6a6412187c9ca6d5688ca3d - - default default] Successfully bumped revision number for resource 730fd8f1-8a2d-4e41-a307-becdce0dbe60 (type: security_group_rules) to 0
2026-04-14 07:01:46.781 7 INFO neutron.db.ovn_revision_numbers_db [None req-8c9ccbaf-ab03-4f25-845d-d2dfd00d714f f94ad306168640438e2616e303d4e3d7 a839f2f4d6a6412187c9ca6d5688ca3d - - default default] Successfully bumped revision number for resource 822ec320-6704-46e8-8b4c-35425dca44c0 (type: security_group_rules) to 0
2026-04-14 07:01:46.792 7 INFO neutron.db.ovn_revision_numbers_db [None req-8c9ccbaf-ab03-4f25-845d-d2dfd00d714f f94ad306168640438e2616e303d4e3d7 a839f2f4d6a6412187c9ca6d5688ca3d - - default default] Successfully bumped revision number for resource b53c6af7-7d6d-470b-b37d-dd6536ef4f4f (type: security_group_rules) to 0 [pid: 7|app: 0|req: 1468/2980] 10.0.0.118 () {32 vars in 774 bytes} [Tue Apr 14 07:01:46 2026] GET /v2.0/security-groups?tenant_id=1b72b586c0e946318784b497a052cea7&name=default => generated 2929 bytes in 244 msecs (HTTP/1.1 200) 4 headers in 158 bytes (1 switches on core 0) [pid: 8|app: 0|req: 1513/2981] 199.204.45.33 () {34 vars in 1079 bytes} [Tue Apr 14 07:01:46 2026] GET /v2.0/ports?tenant_id=a839f2f4d6a6412187c9ca6d5688ca3d&device_id=a0440570-79b9-4178-a21a-aa5809cdb5b2 => generated 1215 bytes in 36 msecs (HTTP/1.1 200) 4 headers in 158 bytes (1 switches on core 0) [pid: 8|app: 0|req: 1514/2982] 199.204.45.33 () {34 vars in 1061 bytes} [Tue Apr 14 07:01:46 2026] GET /v2.0/floatingips?fixed_ip_address=172.24.2.252&port_id=579c919c-f571-4adf-88b3-b3101721008b => generated 19 bytes in 18 msecs (HTTP/1.1 200) 4 headers in 156 bytes (1 switches on core 0) [pid: 8|app: 0|req: 1515/2983] 199.204.45.33 () {34 vars in 983 bytes} [Tue Apr 14 07:01:46 2026] GET /v2.0/subnets?id=4bf91460-67c8-466c-90d8-c2b521f7acb7 => generated 654 bytes in 24 msecs (HTTP/1.1 200) 4 headers in 157 bytes (1 switches on core 0) [pid: 8|app: 0|req: 1516/2984] 199.204.45.33 () {34 vars in 1051 bytes} [Tue Apr 14 07:01:46 2026] GET /v2.0/ports?network_id=5b2fbcf5-7df0-48e9-bb22-6381f659ccc5&device_owner=network%3Adhcp => generated 12 bytes in 17 msecs (HTTP/1.1 200) 4 headers in 156 bytes (1 switches on core 0) [pid: 8|app: 0|req: 1517/2985] 199.204.45.33 () {34 vars in 1011 bytes} [Tue Apr 14 07:01:46 2026] GET /v2.0/networks/5b2fbcf5-7df0-48e9-bb22-6381f659ccc5?fields=segments => generated 14 bytes in 55 msecs (HTTP/1.1 200) 4 headers in 156 bytes (1 switches on core 0) [pid: 8|app: 0|req: 1518/2986] 199.204.45.33 () {34 vars in 1111 bytes} [Tue Apr 14 07:01:47 2026] GET /v2.0/networks/5b2fbcf5-7df0-48e9-bb22-6381f659ccc5?fields=provider%3Aphysical_network&fields=provider%3Anetwork_type => generated 79 bytes in 61 msecs (HTTP/1.1 200) 4 headers in 156 bytes (1 switches on core 0) [pid: 7|app: 0|req: 1469/2987] 10.0.0.118 () {32 vars in 740 bytes} [Tue Apr 14 07:01:46 2026] DELETE /v2.0/security-groups/cc3c032a-574d-4ca7-8c4b-87e0452a3109 => generated 0 bytes in 319 msecs (HTTP/1.1 204) 2 headers in 112 bytes (1 switches on core 0) [pid: 8|app: 0|req: 1519/2988] 10.0.0.193 () {34 vars in 990 bytes} [Tue Apr 14 07:01:48 2026] GET /v2.0/ports?device_id=a0440570-79b9-4178-a21a-aa5809cdb5b2 => generated 1215 bytes in 37 msecs (HTTP/1.1 200) 4 headers in 158 bytes (1 switches on core 0) [pid: 7|app: 0|req: 1470/2989] 10.0.0.193 () {34 vars in 1040 bytes} [Tue Apr 14 07:01:48 2026] GET /v2.0/security-groups?id=4f963192-b61f-400c-9000-5257e2580846&fields=id&fields=name => generated 96 bytes in 26 msecs (HTTP/1.1 200) 4 headers in 156 bytes (1 switches on core 0) [pid: 8|app: 0|req: 1520/2990] 10.0.0.193 () {34 vars in 990 bytes} [Tue Apr 14 07:01:48 2026] GET /v2.0/ports?device_id=a0440570-79b9-4178-a21a-aa5809cdb5b2 => generated 1215 bytes in 43 msecs (HTTP/1.1 200) 4 headers in 158 bytes (1 switches on core 0) [pid: 7|app: 0|req: 1471/2991] 199.204.45.33 () {34 vars in 993 bytes} [Tue Apr 14 07:01:50 2026] GET /v2.0/ports?device_id=a0440570-79b9-4178-a21a-aa5809cdb5b2 => generated 1215 bytes in 34 msecs (HTTP/1.1 200) 4 headers in 158 bytes (1 switches on core 0) [pid: 8|app: 0|req: 1521/2992] 199.204.45.33 () {34 vars in 1043 bytes} [Tue Apr 14 07:01:50 2026] GET /v2.0/security-groups?id=4f963192-b61f-400c-9000-5257e2580846&fields=id&fields=name => generated 96 bytes in 31 msecs (HTTP/1.1 200) 4 headers in 156 bytes (1 switches on core 0)
2026-04-14 07:01:50.875 7 INFO neutron.plugins.ml2.drivers.ovn.mech_driver.mech_driver [None req-11fd62dd-c32b-4557-9cc1-301885aad948 - - - - - -] OVN reports status up for port: 579c919c-f571-4adf-88b3-b3101721008b
2026-04-14 07:01:50.908 7 INFO neutron.plugins.ml2.plugin [None req-11fd62dd-c32b-4557-9cc1-301885aad948 - - - - - -] Attempt 1 to provision port 579c919c-f571-4adf-88b3-b3101721008b [pid: 7|app: 0|req: 1472/2993] 10.0.0.193 () {34 vars in 990 bytes} [Tue Apr 14 07:01:50 2026] GET /v2.0/ports?device_id=a0440570-79b9-4178-a21a-aa5809cdb5b2 => generated 1215 bytes in 60 msecs (HTTP/1.1 200) 4 headers in 158 bytes (1 switches on core 0) [pid: 7|app: 0|req: 1473/2994] 10.0.0.193 () {34 vars in 1040 bytes} [Tue Apr 14 07:01:50 2026] GET /v2.0/security-groups?id=4f963192-b61f-400c-9000-5257e2580846&fields=id&fields=name => generated 96 bytes in 86 msecs (HTTP/1.1 200) 4 headers in 156 bytes (1 switches on core 0)
2026-04-14 07:01:51.088 7 INFO neutron.notifiers.nova [-] Nova event matching ['req-581aa8c7-5c76-4c45-86ff-5730df9a7601'] response: {'server_uuid': 'a0440570-79b9-4178-a21a-aa5809cdb5b2', 'name': 'network-vif-plugged', 'status': 'completed', 'tag': '579c919c-f571-4adf-88b3-b3101721008b', 'code': 200} [pid: 7|app: 0|req: 1474/2995] 10.0.0.193 () {34 vars in 990 bytes} [Tue Apr 14 07:01:51 2026] GET /v2.0/ports?device_id=a0440570-79b9-4178-a21a-aa5809cdb5b2 => generated 1217 bytes in 48 msecs (HTTP/1.1 200) 4 headers in 158 bytes (1 switches on core 0)
2026-04-14 07:01:51.222 7 INFO neutron.db.ovn_revision_numbers_db [None req-11fd62dd-c32b-4557-9cc1-301885aad948 - - - - - -] Successfully bumped revision number for resource 579c919c-f571-4adf-88b3-b3101721008b (type: ports) to 5
2026-04-14 07:01:51.377 8 INFO neutron.db.ovn_revision_numbers_db [None req-a48e05c0-4dce-43be-9f19-a8c8415dda3a d942fb271f034b399f0c21f9c6bdda10 cf11512508864a1a99fbd8179eb49552 - - default default] Successfully bumped revision number for resource f3988dfe-af05-4c6d-803d-241ea7c3577b (type: security_groups) to 1
2026-04-14 07:01:51.393 8 INFO neutron.db.ovn_revision_numbers_db [None req-a48e05c0-4dce-43be-9f19-a8c8415dda3a d942fb271f034b399f0c21f9c6bdda10 cf11512508864a1a99fbd8179eb49552 - - default default] Successfully bumped revision number for resource 822bc12d-92f4-4bec-b6d2-7fc6f3e6e51c (type: security_group_rules) to 0
2026-04-14 07:01:51.405 8 INFO neutron.db.ovn_revision_numbers_db [None req-a48e05c0-4dce-43be-9f19-a8c8415dda3a d942fb271f034b399f0c21f9c6bdda10 cf11512508864a1a99fbd8179eb49552 - - default default] Successfully bumped revision number for resource 88f8d5e7-7699-4952-affe-2aa04e80ab91 (type: security_group_rules) to 0
2026-04-14 07:01:51.416 8 INFO neutron.db.ovn_revision_numbers_db [None req-a48e05c0-4dce-43be-9f19-a8c8415dda3a d942fb271f034b399f0c21f9c6bdda10 cf11512508864a1a99fbd8179eb49552 - - default default] Successfully bumped revision number for resource e16948f4-af9a-4270-974d-af6cfe021b5e (type: security_group_rules) to 0
2026-04-14 07:01:51.427 8 INFO neutron.db.ovn_revision_numbers_db [None req-a48e05c0-4dce-43be-9f19-a8c8415dda3a d942fb271f034b399f0c21f9c6bdda10 cf11512508864a1a99fbd8179eb49552 - - default default] Successfully bumped revision number for resource fd30b685-a3dc-4f9a-8f9b-2cbe55181fd8 (type: security_group_rules) to 0
2026-04-14 07:01:51.506 8 INFO neutron.db.segments_db [None req-a48e05c0-4dce-43be-9f19-a8c8415dda3a d942fb271f034b399f0c21f9c6bdda10 cf11512508864a1a99fbd8179eb49552 - - default default] Added segment 968bf668-57de-4cd8-9729-543a35f7fdc7 of type geneve for network 1f37bfed-0636-4636-afc0-d42c88c30cbf
2026-04-14 07:01:51.641 8 INFO neutron.db.ovn_revision_numbers_db [None req-a48e05c0-4dce-43be-9f19-a8c8415dda3a d942fb271f034b399f0c21f9c6bdda10 cf11512508864a1a99fbd8179eb49552 - - default default] Successfully bumped revision number for resource 1f37bfed-0636-4636-afc0-d42c88c30cbf (type: networks) to 1
2026-04-14 07:01:51.781 8 WARNING neutron.scheduler.dhcp_agent_scheduler [None req-a48e05c0-4dce-43be-9f19-a8c8415dda3a d942fb271f034b399f0c21f9c6bdda10 cf11512508864a1a99fbd8179eb49552 - - default default] No more DHCP agents
2026-04-14 07:01:51.782 8 WARNING neutron.api.rpc.agentnotifiers.dhcp_rpc_agent_api [None req-a48e05c0-4dce-43be-9f19-a8c8415dda3a d942fb271f034b399f0c21f9c6bdda10 cf11512508864a1a99fbd8179eb49552 - - default default] Unable to schedule network 1f37bfed-0636-4636-afc0-d42c88c30cbf: no agents available; will retry on subsequent port and subnet creation events.
2026-04-14 07:01:51.844 7 INFO neutron.plugins.ml2.drivers.ovn.mech_driver.mech_driver [None req-cc57d5cd-ccd3-4d03-88b6-a93e961b2a06 - - - - - -] OVN reports status down for port: 16777076-92cb-4d73-b022-2119017be046
2026-04-14 07:01:51.894 8 INFO neutron.db.ovn_revision_numbers_db [None req-a48e05c0-4dce-43be-9f19-a8c8415dda3a d942fb271f034b399f0c21f9c6bdda10 cf11512508864a1a99fbd8179eb49552 - - default default] Successfully bumped revision number for resource 16777076-92cb-4d73-b022-2119017be046 (type: ports) to 1 [pid: 8|app: 0|req: 1522/2996] 10.0.0.118 () {34 vars in 670 bytes} [Tue Apr 14 07:01:50 2026] POST /v2.0/networks => generated 768 bytes in 971 msecs (HTTP/1.1 201) 4 headers in 162 bytes (1 switches on core 0) /var/lib/openstack/lib/python3.12/site-packages/pycadf/identifier.py:70: UserWarning: Invalid uuid: neutron. To ensure interoperability, identifiers should be a valid uuid. warnings.warn(('Invalid uuid: %s. To ensure interoperability, '
2026-04-14 07:01:52.040 7 WARNING neutron.scheduler.dhcp_agent_scheduler [None req-5be976a3-00dc-472c-9bba-898de8193329 d942fb271f034b399f0c21f9c6bdda10 cf11512508864a1a99fbd8179eb49552 - - default default] No more DHCP agents
2026-04-14 07:01:52.042 7 WARNING neutron.api.rpc.agentnotifiers.dhcp_rpc_agent_api [None req-5be976a3-00dc-472c-9bba-898de8193329 d942fb271f034b399f0c21f9c6bdda10 cf11512508864a1a99fbd8179eb49552 - - default default] Unable to schedule network 1f37bfed-0636-4636-afc0-d42c88c30cbf: no agents available; will retry on subsequent port and subnet creation events.
2026-04-14 07:01:52.450 7 INFO neutron.db.ovn_revision_numbers_db [None req-cd40eacc-3954-4bdd-a1b3-6d5ecc646e14 - - - - - -] Successfully bumped revision number for resource 16777076-92cb-4d73-b022-2119017be046 (type: ports) to 2
2026-04-14 07:01:52.480 7 INFO neutron.db.ovn_revision_numbers_db [None req-cd40eacc-3954-4bdd-a1b3-6d5ecc646e14 - - - - - -] Successfully bumped revision number for resource 65a03aa1-dd7e-4cb5-b951-cc870e3d935d (type: subnets) to 0 [pid: 7|app: 0|req: 1475/2997] 10.0.0.118 () {34 vars in 669 bytes} [Tue Apr 14 07:01:51 2026] POST /v2.0/subnets => generated 644 bytes in 570 msecs (HTTP/1.1 201) 4 headers in 162 bytes (1 switches on core 0)
2026-04-14 07:01:52.508 8 WARNING neutron.api.v2.base [None req-d64bbbbb-20c4-490c-9bc7-3cbb20cd5902 d942fb271f034b399f0c21f9c6bdda10 cf11512508864a1a99fbd8179eb49552 - - default default] An exception happened while processing the request body. The exception message is [Invalid input for target_tenant. Reason: 'None' is not a valid string.].: webob.exc.HTTPBadRequest: Invalid input for target_tenant. Reason: 'None' is not a valid string.
2026-04-14 07:01:52.509 8 INFO neutron.api.v2.resource [None req-d64bbbbb-20c4-490c-9bc7-3cbb20cd5902 d942fb271f034b399f0c21f9c6bdda10 cf11512508864a1a99fbd8179eb49552 - - default default] create failed (client error): Invalid input for target_tenant. Reason: 'None' is not a valid string. [pid: 8|app: 0|req: 1523/2998] 10.0.0.118 () {34 vars in 681 bytes} [Tue Apr 14 07:01:52 2026] POST /v2.0/rbac-policies => generated 143 bytes in 11 msecs (HTTP/1.1 400) 4 headers in 166 bytes (1 switches on core 0)
2026-04-14 07:01:52.648 7 INFO neutron_taas.services.taas.taas_plugin [None req-4990ef65-8a22-46cc-88f6-b20649f79af4 d942fb271f034b399f0c21f9c6bdda10 cf11512508864a1a99fbd8179eb49552 - - default default] TaaS: Handle Delete Port: 16777076-92cb-4d73-b022-2119017be046
2026-04-14 07:01:52.651 7 INFO neutron_taas.services.taas.tap_mirror_plugin [None req-4990ef65-8a22-46cc-88f6-b20649f79af4 d942fb271f034b399f0c21f9c6bdda10 cf11512508864a1a99fbd8179eb49552 - - default default] Tap Mirror: Handle Delete Port: 16777076-92cb-4d73-b022-2119017be046
2026-04-14 07:01:52.957 7 INFO neutron.services.segments.plugin [-] Segment 968bf668-57de-4cd8-9729-543a35f7fdc7 resource provider aggregate not found
2026-04-14 07:01:52.966 7 INFO neutron.services.segments.plugin [-] Segment 968bf668-57de-4cd8-9729-543a35f7fdc7 resource provider aggregate not found
2026-04-14 07:01:52.980 7 INFO neutron.services.segments.plugin [-] Segment 968bf668-57de-4cd8-9729-543a35f7fdc7 resource provider not found; error: Placement Client Error (4xx): {"errors": [{"status": 404, "title": "Not Found", "detail": "The resource could not be found.\n\n No resource provider with uuid 968bf668-57de-4cd8-9729-543a35f7fdc7 found for delete ", "request_id": "req-6f3949e8-aa12-4c4d-8d05-605d46b95628"}]}
2026-04-14 07:01:52.983 7 INFO neutron.services.segments.plugin [-] Segment 968bf668-57de-4cd8-9729-543a35f7fdc7 resource provider not found; error: Placement Client Error (4xx): {"errors": [{"status": 404, "title": "Not Found", "detail": "The resource could not be found.\n\n No resource provider with uuid 968bf668-57de-4cd8-9729-543a35f7fdc7 found for delete ", "request_id": "req-7dd41f2a-2bc3-4a3b-a2c9-393074ece95d"}]} [pid: 7|app: 0|req: 1476/2999] 10.0.0.118 () {32 vars in 726 bytes} [Tue Apr 14 07:01:52 2026] DELETE /v2.0/networks/1f37bfed-0636-4636-afc0-d42c88c30cbf => generated 0 bytes in 502 msecs (HTTP/1.1 204) 3 headers in 131 bytes (1 switches on core 0)
2026-04-14 07:01:53.118 8 INFO neutron.db.segments_db [None req-ea8f9f47-9eab-4c9c-9bbd-99d8d9eb0926 d942fb271f034b399f0c21f9c6bdda10 cf11512508864a1a99fbd8179eb49552 - - default default] Added segment 61daf376-8ecd-4b13-a100-fb07cd8be894 of type geneve for network a0bbe22f-2442-4ef6-add1-ccb43d69f7db
2026-04-14 07:01:53.124 7 INFO neutron.notifiers.nova [-] Nova event matching ['req-c74f4d5d-6e54-4161-b5fc-30ee015f3667'] response: {'server_uuid': 'a0440570-79b9-4178-a21a-aa5809cdb5b2', 'name': 'network-vif-plugged', 'status': 'completed', 'tag': '579c919c-f571-4adf-88b3-b3101721008b', 'code': 200}
2026-04-14 07:01:53.274 8 INFO neutron.db.ovn_revision_numbers_db [None req-ea8f9f47-9eab-4c9c-9bbd-99d8d9eb0926 d942fb271f034b399f0c21f9c6bdda10 cf11512508864a1a99fbd8179eb49552 - - default default] Successfully bumped revision number for resource a0bbe22f-2442-4ef6-add1-ccb43d69f7db (type: networks) to 1
2026-04-14 07:01:53.430 8 WARNING neutron.scheduler.dhcp_agent_scheduler [None req-ea8f9f47-9eab-4c9c-9bbd-99d8d9eb0926 d942fb271f034b399f0c21f9c6bdda10 cf11512508864a1a99fbd8179eb49552 - - default default] No more DHCP agents
2026-04-14 07:01:53.432 8 WARNING neutron.api.rpc.agentnotifiers.dhcp_rpc_agent_api [None req-ea8f9f47-9eab-4c9c-9bbd-99d8d9eb0926 d942fb271f034b399f0c21f9c6bdda10 cf11512508864a1a99fbd8179eb49552 - - default default] Unable to schedule network a0bbe22f-2442-4ef6-add1-ccb43d69f7db: no agents available; will retry on subsequent port and subnet creation events.
2026-04-14 07:01:53.503 7 INFO neutron.plugins.ml2.drivers.ovn.mech_driver.mech_driver [None req-cc57d5cd-ccd3-4d03-88b6-a93e961b2a06 - - - - - -] OVN reports status down for port: 03392186-ff3e-4a3d-bd06-82780686389f
2026-04-14 07:01:53.548 8 INFO neutron.db.ovn_revision_numbers_db [None req-ea8f9f47-9eab-4c9c-9bbd-99d8d9eb0926 d942fb271f034b399f0c21f9c6bdda10 cf11512508864a1a99fbd8179eb49552 - - default default] Successfully bumped revision number for resource 03392186-ff3e-4a3d-bd06-82780686389f (type: ports) to 1 [pid: 8|app: 0|req: 1524/3000] 10.0.0.118 () {34 vars in 670 bytes} [Tue Apr 14 07:01:53 2026] POST /v2.0/networks => generated 767 bytes in 548 msecs (HTTP/1.1 201) 4 headers in 162 bytes (1 switches on core 0)
2026-04-14 07:01:53.719 7 WARNING neutron.scheduler.dhcp_agent_scheduler [None req-1b846f8c-6715-4513-be10-cceb4a220d9e d942fb271f034b399f0c21f9c6bdda10 cf11512508864a1a99fbd8179eb49552 - - default default] No more DHCP agents
2026-04-14 07:01:53.720 7 WARNING neutron.api.rpc.agentnotifiers.dhcp_rpc_agent_api [None req-1b846f8c-6715-4513-be10-cceb4a220d9e d942fb271f034b399f0c21f9c6bdda10 cf11512508864a1a99fbd8179eb49552 - - default default] Unable to schedule network a0bbe22f-2442-4ef6-add1-ccb43d69f7db: no agents available; will retry on subsequent port and subnet creation events. [pid: 8|app: 0|req: 1525/3001] 10.0.0.193 () {34 vars in 990 bytes} [Tue Apr 14 07:01:54 2026] GET /v2.0/ports?device_id=a0440570-79b9-4178-a21a-aa5809cdb5b2 => generated 1217 bytes in 50 msecs (HTTP/1.1 200) 4 headers in 158 bytes (1 switches on core 0) [pid: 8|app: 0|req: 1526/3002] 10.0.0.193 () {34 vars in 1040 bytes} [Tue Apr 14 07:01:54 2026] GET /v2.0/security-groups?id=4f963192-b61f-400c-9000-5257e2580846&fields=id&fields=name => generated 96 bytes in 65 msecs (HTTP/1.1 200) 4 headers in 156 bytes (1 switches on core 0)
2026-04-14 07:01:54.251 7 INFO neutron.db.ovn_revision_numbers_db [None req-ee2d1b95-b24a-4002-8e6c-2d1fb489359f - - - - - -] Successfully bumped revision number for resource 03392186-ff3e-4a3d-bd06-82780686389f (type: ports) to 2
2026-04-14 07:01:54.310 7 INFO neutron.db.ovn_revision_numbers_db [None req-ee2d1b95-b24a-4002-8e6c-2d1fb489359f - - - - - -] Successfully bumped revision number for resource 4faf61e6-4664-4776-add1-ffc33e12d803 (type: subnets) to 0 [pid: 8|app: 0|req: 1527/3003] 10.0.0.193 () {34 vars in 990 bytes} [Tue Apr 14 07:01:54 2026] GET /v2.0/ports?device_id=a0440570-79b9-4178-a21a-aa5809cdb5b2 => generated 1217 bytes in 34 msecs (HTTP/1.1 200) 4 headers in 158 bytes (1 switches on core 0) [pid: 7|app: 0|req: 1477/3004] 10.0.0.118 () {34 vars in 669 bytes} [Tue Apr 14 07:01:53 2026] POST /v2.0/subnets => generated 647 bytes in 760 msecs (HTTP/1.1 201) 4 headers in 162 bytes (1 switches on core 0)
2026-04-14 07:01:54.349 8 WARNING neutron.api.v2.base [None req-f6cc0147-b522-458e-bbb2-d570ccceb020 d942fb271f034b399f0c21f9c6bdda10 cf11512508864a1a99fbd8179eb49552 - - default default] An exception happened while processing the request body. The exception message is [Invalid input for target_tenant. Reason: '1234123412341234123412341234123412341234123412341234123412341234123412341234123412341234123412341234123412341234123412341234123412341234123412341234123412341234123412341234123412341234123412341234123412341234123412341234123412341234123412341234123412341234123412341234123412341234123412341234123412341234123412341234123412341234123412341234123412341234123412341234123412341234123412341234123412341234' exceeds maximum length of 255.].: webob.exc.HTTPBadRequest: Invalid input for target_tenant. Reason: '1234123412341234123412341234123412341234123412341234123412341234123412341234123412341234123412341234123412341234123412341234123412341234123412341234123412341234123412341234123412341234123412341234123412341234123412341234123412341234123412341234123412341234123412341234123412341234123412341234123412341234123412341234123412341234123412341234123412341234123412341234123412341234123412341234123412341234' exceeds maximum length of 255.
2026-04-14 07:01:54.350 8 INFO neutron.api.v2.resource [None req-f6cc0147-b522-458e-bbb2-d570ccceb020 d942fb271f034b399f0c21f9c6bdda10 cf11512508864a1a99fbd8179eb49552 - - default default] create failed (client error): Invalid input for target_tenant. Reason: '1234123412341234123412341234123412341234123412341234123412341234123412341234123412341234123412341234123412341234123412341234123412341234123412341234123412341234123412341234123412341234123412341234123412341234123412341234123412341234123412341234123412341234123412341234123412341234123412341234123412341234123412341234123412341234123412341234123412341234123412341234123412341234123412341234123412341234' exceeds maximum length of 255. [pid: 8|app: 0|req: 1528/3005] 10.0.0.118 () {34 vars in 681 bytes} [Tue Apr 14 07:01:54 2026] POST /v2.0/rbac-policies => generated 547 bytes in 7 msecs (HTTP/1.1 400) 4 headers in 166 bytes (1 switches on core 0)
2026-04-14 07:01:54.486 7 INFO neutron_taas.services.taas.taas_plugin [None req-009c2d1c-b7e8-4788-92cb-09dd142a3703 d942fb271f034b399f0c21f9c6bdda10 cf11512508864a1a99fbd8179eb49552 - - default default] TaaS: Handle Delete Port: 03392186-ff3e-4a3d-bd06-82780686389f
2026-04-14 07:01:54.489 7 INFO neutron_taas.services.taas.tap_mirror_plugin [None req-009c2d1c-b7e8-4788-92cb-09dd142a3703 d942fb271f034b399f0c21f9c6bdda10 cf11512508864a1a99fbd8179eb49552 - - default default] Tap Mirror: Handle Delete Port: 03392186-ff3e-4a3d-bd06-82780686389f [pid: 7|app: 0|req: 1478/3006] 10.0.0.118 () {32 vars in 726 bytes} [Tue Apr 14 07:01:54 2026] DELETE /v2.0/networks/a0bbe22f-2442-4ef6-add1-ccb43d69f7db => generated 0 bytes in 519 msecs (HTTP/1.1 204) 3 headers in 131 bytes (1 switches on core 0)
2026-04-14 07:01:54.969 8 INFO neutron.db.segments_db [None req-40e0bceb-497b-48d9-9336-d435975deaf9 d942fb271f034b399f0c21f9c6bdda10 cf11512508864a1a99fbd8179eb49552 - - default default] Added segment a7ab5a02-e034-4534-8ba1-6781a6a27ba3 of type geneve for network 9cc70574-b0b3-4fec-9e34-08abe65d4127
2026-04-14 07:01:54.998 7 INFO neutron.services.segments.plugin [-] Segment 61daf376-8ecd-4b13-a100-fb07cd8be894 resource provider aggregate not found
2026-04-14 07:01:55.002 7 INFO neutron.services.segments.plugin [-] Segment 61daf376-8ecd-4b13-a100-fb07cd8be894 resource provider aggregate not found
2026-04-14 07:01:55.007 7 INFO neutron.services.segments.plugin [-] Segment 61daf376-8ecd-4b13-a100-fb07cd8be894 resource provider not found; error: Placement Client Error (4xx): {"errors": [{"status": 404, "title": "Not Found", "detail": "The resource could not be found.\n\n No resource provider with uuid 61daf376-8ecd-4b13-a100-fb07cd8be894 found for delete ", "request_id": "req-cb1b6d55-559e-4994-bb70-700195355ec0"}]}
2026-04-14 07:01:55.019 7 INFO neutron.services.segments.plugin [-] Segment 61daf376-8ecd-4b13-a100-fb07cd8be894 resource provider not found; error: Placement Client Error (4xx): {"errors": [{"status": 404, "title": "Not Found", "detail": "The resource could not be found.\n\n No resource provider with uuid 61daf376-8ecd-4b13-a100-fb07cd8be894 found for delete ", "request_id": "req-d3d18b4d-305b-4c76-9e5f-bf04cec83530"}]}
2026-04-14 07:01:55.123 8 INFO neutron.db.ovn_revision_numbers_db [None req-40e0bceb-497b-48d9-9336-d435975deaf9 d942fb271f034b399f0c21f9c6bdda10 cf11512508864a1a99fbd8179eb49552 - - default default] Successfully bumped revision number for resource 9cc70574-b0b3-4fec-9e34-08abe65d4127 (type: networks) to 1
2026-04-14 07:01:55.295 8 WARNING neutron.scheduler.dhcp_agent_scheduler [None req-40e0bceb-497b-48d9-9336-d435975deaf9 d942fb271f034b399f0c21f9c6bdda10 cf11512508864a1a99fbd8179eb49552 - - default default] No more DHCP agents
2026-04-14 07:01:55.296 8 WARNING neutron.api.rpc.agentnotifiers.dhcp_rpc_agent_api [None req-40e0bceb-497b-48d9-9336-d435975deaf9 d942fb271f034b399f0c21f9c6bdda10 cf11512508864a1a99fbd8179eb49552 - - default default] Unable to schedule network 9cc70574-b0b3-4fec-9e34-08abe65d4127: no agents available; will retry on subsequent port and subnet creation events.
2026-04-14 07:01:55.364 7 INFO neutron.plugins.ml2.drivers.ovn.mech_driver.mech_driver [None req-cc57d5cd-ccd3-4d03-88b6-a93e961b2a06 - - - - - -] OVN reports status down for port: 74642901-0839-4378-b918-035ac2153f90
2026-04-14 07:01:55.414 8 INFO neutron.db.ovn_revision_numbers_db [None req-40e0bceb-497b-48d9-9336-d435975deaf9 d942fb271f034b399f0c21f9c6bdda10 cf11512508864a1a99fbd8179eb49552 - - default default] Successfully bumped revision number for resource 74642901-0839-4378-b918-035ac2153f90 (type: ports) to 1 [pid: 8|app: 0|req: 1529/3007] 10.0.0.118 () {34 vars in 670 bytes} [Tue Apr 14 07:01:54 2026] POST /v2.0/networks => generated 766 bytes in 556 msecs (HTTP/1.1 201) 4 headers in 162 bytes (1 switches on core 0)
2026-04-14 07:01:55.557 7 WARNING neutron.scheduler.dhcp_agent_scheduler [None req-c0d82705-78c0-4fe0-a6d1-200f73105465 d942fb271f034b399f0c21f9c6bdda10 cf11512508864a1a99fbd8179eb49552 - - default default] No more DHCP agents
2026-04-14 07:01:55.558 7 WARNING neutron.api.rpc.agentnotifiers.dhcp_rpc_agent_api [None req-c0d82705-78c0-4fe0-a6d1-200f73105465 d942fb271f034b399f0c21f9c6bdda10 cf11512508864a1a99fbd8179eb49552 - - default default] Unable to schedule network 9cc70574-b0b3-4fec-9e34-08abe65d4127: no agents available; will retry on subsequent port and subnet creation events.
2026-04-14 07:01:56.030 7 INFO neutron.db.ovn_revision_numbers_db [None req-c3db50a8-68f7-4ebb-ab9a-e4c579261351 - - - - - -] Successfully bumped revision number for resource 74642901-0839-4378-b918-035ac2153f90 (type: ports) to 2
2026-04-14 07:01:56.060 7 INFO neutron.db.ovn_revision_numbers_db [None req-c3db50a8-68f7-4ebb-ab9a-e4c579261351 - - - - - -] Successfully bumped revision number for resource f29f7e97-8452-424f-97ee-d5093362f396 (type: subnets) to 0 [pid: 7|app: 0|req: 1479/3008] 10.0.0.118 () {34 vars in 669 bytes} [Tue Apr 14 07:01:55 2026] POST /v2.0/subnets => generated 647 bytes in 629 msecs (HTTP/1.1 201) 4 headers in 162 bytes (1 switches on core 0) [pid: 8|app: 0|req: 1530/3009] 10.0.0.118 () {34 vars in 681 bytes} [Tue Apr 14 07:01:56 2026] POST /v2.0/rbac-policies => generated 324 bytes in 255 msecs (HTTP/1.1 201) 4 headers in 162 bytes (1 switches on core 0) [pid: 7|app: 0|req: 1480/3010] 10.0.0.118 () {32 vars in 723 bytes} [Tue Apr 14 07:01:56 2026] GET /v2.0/networks/9cc70574-b0b3-4fec-9e34-08abe65d4127 => generated 691 bytes in 78 msecs (HTTP/1.1 200) 4 headers in 157 bytes (1 switches on core 0)
2026-04-14 07:01:57.197 7 INFO neutron.pecan_wsgi.hooks.translation [None req-1f56072a-fc3b-4e23-bed3-b111224c3b07 d85f0529b700492dafba57435539d0ee 39371cecec5344f7b590dfee6158daca - - default default] GET failed (client error): The resource could not be found. [pid: 7|app: 0|req: 1482/3013] 10.0.0.118 () {32 vars in 723 bytes} [Tue Apr 14 07:01:57 2026] GET /v2.0/networks/9cc70574-b0b3-4fec-9e34-08abe65d4127 => generated 138 bytes in 41 msecs (HTTP/1.1 404) 4 headers in 164 bytes (1 switches on core 0)
2026-04-14 07:01:57.341 8 INFO neutron_taas.services.taas.taas_plugin [None req-4e5f261c-31e0-4224-9104-f6508cf15510 d942fb271f034b399f0c21f9c6bdda10 cf11512508864a1a99fbd8179eb49552 - - default default] TaaS: Handle Delete Port: 74642901-0839-4378-b918-035ac2153f90
2026-04-14 07:01:57.344 8 INFO neutron_taas.services.taas.tap_mirror_plugin [None req-4e5f261c-31e0-4224-9104-f6508cf15510 d942fb271f034b399f0c21f9c6bdda10 cf11512508864a1a99fbd8179eb49552 - - default default] Tap Mirror: Handle Delete Port: 74642901-0839-4378-b918-035ac2153f90 [pid: 8|app: 0|req: 1532/3014] 10.0.0.118 () {32 vars in 726 bytes} [Tue Apr 14 07:01:57 2026] DELETE /v2.0/networks/9cc70574-b0b3-4fec-9e34-08abe65d4127 => generated 0 bytes in 551 msecs (HTTP/1.1 204) 3 headers in 131 bytes (1 switches on core 0)
2026-04-14 07:01:57.776 7 INFO neutron.pecan_wsgi.hooks.translation [None req-556b841d-e5ed-4434-842a-172500a4f668 d942fb271f034b399f0c21f9c6bdda10 cf11512508864a1a99fbd8179eb49552 - - default default] DELETE failed (client error): The resource could not be found. [pid: 7|app: 0|req: 1483/3015] 10.0.0.118 () {32 vars in 724 bytes} [Tue Apr 14 07:01:57 2026] DELETE /v2.0/subnets/65a03aa1-dd7e-4cb5-b951-cc870e3d935d => generated 136 bytes in 17 msecs (HTTP/1.1 404) 4 headers in 164 bytes (1 switches on core 0)
2026-04-14 07:01:57.804 8 INFO neutron.pecan_wsgi.hooks.translation [None req-52a0f295-f686-45c0-a4b3-486137ee7d32 d942fb271f034b399f0c21f9c6bdda10 cf11512508864a1a99fbd8179eb49552 - - default default] DELETE failed (client error): The resource could not be found. [pid: 8|app: 0|req: 1533/3016] 10.0.0.118 () {32 vars in 724 bytes} [Tue Apr 14 07:01:57 2026] DELETE /v2.0/subnets/4faf61e6-4664-4776-add1-ffc33e12d803 => generated 136 bytes in 22 msecs (HTTP/1.1 404) 4 headers in 164 bytes (1 switches on core 0)
2026-04-14 07:01:57.808 8 INFO neutron.services.segments.plugin [-] Segment a7ab5a02-e034-4534-8ba1-6781a6a27ba3 resource provider aggregate not found
2026-04-14 07:01:57.827 7 INFO neutron.pecan_wsgi.hooks.translation [None req-992c2bc8-8d49-4aa1-9626-9c8c8c19ef5a d942fb271f034b399f0c21f9c6bdda10 cf11512508864a1a99fbd8179eb49552 - - default default] DELETE failed (client error): The resource could not be found. [pid: 7|app: 0|req: 1484/3017] 10.0.0.118 () {32 vars in 724 bytes} [Tue Apr 14 07:01:57 2026] DELETE /v2.0/subnets/f29f7e97-8452-424f-97ee-d5093362f396 => generated 136 bytes in 17 msecs (HTTP/1.1 404) 4 headers in 164 bytes (1 switches on core 0)
2026-04-14 07:01:57.838 8 INFO neutron.services.segments.plugin [-] Segment a7ab5a02-e034-4534-8ba1-6781a6a27ba3 resource provider not found; error: Placement Client Error (4xx): {"errors": [{"status": 404, "title": "Not Found", "detail": "The resource could not be found.\n\n No resource provider with uuid a7ab5a02-e034-4534-8ba1-6781a6a27ba3 found for delete ", "request_id": "req-f571a528-aac1-4a7f-baa6-4ce23d6e56f9"}]}
2026-04-14 07:01:57.841 8 INFO neutron.services.segments.plugin [-] Segment a7ab5a02-e034-4534-8ba1-6781a6a27ba3 resource provider aggregate not found
2026-04-14 07:01:57.865 8 INFO neutron.services.segments.plugin [-] Segment a7ab5a02-e034-4534-8ba1-6781a6a27ba3 resource provider not found; error: Placement Client Error (4xx): {"errors": [{"status": 404, "title": "Not Found", "detail": "The resource could not be found.\n\n No resource provider with uuid a7ab5a02-e034-4534-8ba1-6781a6a27ba3 found for delete ", "request_id": "req-b6ad5217-12b0-4927-b0d9-e6d8bf2aae6c"}]}
2026-04-14 07:01:59.019 8 INFO neutron.db.ovn_revision_numbers_db [None req-2230d7eb-b642-4b85-9ed2-62f3f6d40ea7 f94ad306168640438e2616e303d4e3d7 a839f2f4d6a6412187c9ca6d5688ca3d - - default default] Successfully bumped revision number for resource 05b222c7-4694-4e56-afe5-2ffb6b4d9372 (type: security_groups) to 1
2026-04-14 07:01:59.034 8 INFO neutron.db.ovn_revision_numbers_db [None req-2230d7eb-b642-4b85-9ed2-62f3f6d40ea7 f94ad306168640438e2616e303d4e3d7 a839f2f4d6a6412187c9ca6d5688ca3d - - default default] Successfully bumped revision number for resource 936ccc8e-7a3f-4568-99c7-474c86357c48 (type: security_group_rules) to 0
2026-04-14 07:01:59.047 8 INFO neutron.db.ovn_revision_numbers_db [None req-2230d7eb-b642-4b85-9ed2-62f3f6d40ea7 f94ad306168640438e2616e303d4e3d7 a839f2f4d6a6412187c9ca6d5688ca3d - - default default] Successfully bumped revision number for resource df7adf3c-f50f-4ad6-b39e-f9f30ce93c30 (type: security_group_rules) to 0
2026-04-14 07:01:59.058 8 INFO neutron.db.ovn_revision_numbers_db [None req-2230d7eb-b642-4b85-9ed2-62f3f6d40ea7 f94ad306168640438e2616e303d4e3d7 a839f2f4d6a6412187c9ca6d5688ca3d - - default default] Successfully bumped revision number for resource e814e232-9677-4f73-82ec-1e66090c1f93 (type: security_group_rules) to 0
2026-04-14 07:01:59.077 8 INFO neutron.db.ovn_revision_numbers_db [None req-2230d7eb-b642-4b85-9ed2-62f3f6d40ea7 f94ad306168640438e2616e303d4e3d7 a839f2f4d6a6412187c9ca6d5688ca3d - - default default] Successfully bumped revision number for resource f0932c09-0142-4ac8-bc7b-f31ef01f2c3a (type: security_group_rules) to 0 [pid: 8|app: 0|req: 1534/3018] 10.0.0.118 () {32 vars in 774 bytes} [Tue Apr 14 07:01:58 2026] GET /v2.0/security-groups?tenant_id=39371cecec5344f7b590dfee6158daca&name=default => generated 2929 bytes in 410 msecs (HTTP/1.1 200) 4 headers in 158 bytes (1 switches on core 0) [pid: 7|app: 0|req: 1485/3019] 10.0.0.118 () {32 vars in 740 bytes} [Tue Apr 14 07:01:59 2026] DELETE /v2.0/security-groups/05b222c7-4694-4e56-afe5-2ffb6b4d9372 => generated 0 bytes in 298 msecs (HTTP/1.1 204) 2 headers in 112 bytes (1 switches on core 0)
2026-04-14 07:01:59.768 8 INFO neutron.db.ovn_revision_numbers_db [None req-53de1a80-70c0-4fe2-8eed-f86268a5ed5c f94ad306168640438e2616e303d4e3d7 a839f2f4d6a6412187c9ca6d5688ca3d - - default default] Successfully bumped revision number for resource 5c4c1865-949a-4974-abf8-c80789b70a9d (type: security_groups) to 1
2026-04-14 07:01:59.782 8 INFO neutron.db.ovn_revision_numbers_db [None req-53de1a80-70c0-4fe2-8eed-f86268a5ed5c f94ad306168640438e2616e303d4e3d7 a839f2f4d6a6412187c9ca6d5688ca3d - - default default] Successfully bumped revision number for resource 05f93d7a-c67d-4c53-a40f-6b247532b038 (type: security_group_rules) to 0
2026-04-14 07:01:59.793 8 INFO neutron.db.ovn_revision_numbers_db [None req-53de1a80-70c0-4fe2-8eed-f86268a5ed5c f94ad306168640438e2616e303d4e3d7 a839f2f4d6a6412187c9ca6d5688ca3d - - default default] Successfully bumped revision number for resource 72cf29c6-37d4-4170-9346-13829a4e8734 (type: security_group_rules) to 0
2026-04-14 07:01:59.808 8 INFO neutron.db.ovn_revision_numbers_db [None req-53de1a80-70c0-4fe2-8eed-f86268a5ed5c f94ad306168640438e2616e303d4e3d7 a839f2f4d6a6412187c9ca6d5688ca3d - - default default] Successfully bumped revision number for resource aeefa918-b723-48ac-99f3-783e88d84631 (type: security_group_rules) to 0
2026-04-14 07:01:59.825 8 INFO neutron.db.ovn_revision_numbers_db [None req-53de1a80-70c0-4fe2-8eed-f86268a5ed5c f94ad306168640438e2616e303d4e3d7 a839f2f4d6a6412187c9ca6d5688ca3d - - default default] Successfully bumped revision number for resource e0e8129e-9c96-4687-800c-e7eb84132c61 (type: security_group_rules) to 0 [pid: 8|app: 0|req: 1535/3020] 10.0.0.118 () {32 vars in 774 bytes} [Tue Apr 14 07:01:59 2026] GET /v2.0/security-groups?tenant_id=af9396ac2d894751b2a73053ec7d4ba3&name=default => generated 2929 bytes in 348 msecs (HTTP/1.1 200) 4 headers in 158 bytes (1 switches on core 0) [pid: 7|app: 0|req: 1486/3021] 10.0.0.118 () {32 vars in 740 bytes} [Tue Apr 14 07:01:59 2026] DELETE /v2.0/security-groups/5c4c1865-949a-4974-abf8-c80789b70a9d => generated 0 bytes in 293 msecs (HTTP/1.1 204) 2 headers in 112 bytes (1 switches on core 0) [pid: 8|app: 0|req: 1536/3022] 10.0.0.118 () {32 vars in 774 bytes} [Tue Apr 14 07:02:00 2026] GET /v2.0/security-groups?tenant_id=cf11512508864a1a99fbd8179eb49552&name=default => generated 2929 bytes in 25 msecs (HTTP/1.1 200) 4 headers in 158 bytes (1 switches on core 0) [pid: 7|app: 0|req: 1487/3023] 10.0.0.118 () {32 vars in 740 bytes} [Tue Apr 14 07:02:00 2026] DELETE /v2.0/security-groups/f3988dfe-af05-4c6d-803d-241ea7c3577b => generated 0 bytes in 352 msecs (HTTP/1.1 204) 2 headers in 112 bytes (1 switches on core 0)
2026-04-14 07:02:04.895 8 INFO neutron.db.ovn_revision_numbers_db [None req-72c0f6ee-1800-415d-be81-1944a98c549d 1e7a829b565f42dc9fcd2e22fd828b7a 28b1a444833246678e9cf8f60ca0052a - - default default] Successfully bumped revision number for resource aa94d1c7-3813-437a-b1ac-b41a681fe607 (type: security_groups) to 1
2026-04-14 07:02:04.907 8 INFO neutron.db.ovn_revision_numbers_db [None req-72c0f6ee-1800-415d-be81-1944a98c549d 1e7a829b565f42dc9fcd2e22fd828b7a 28b1a444833246678e9cf8f60ca0052a - - default default] Successfully bumped revision number for resource 29b06e8c-f54c-48d3-b5dc-0bb2c7ac4c9e (type: security_group_rules) to 0
2026-04-14 07:02:04.918 8 INFO neutron.db.ovn_revision_numbers_db [None req-72c0f6ee-1800-415d-be81-1944a98c549d 1e7a829b565f42dc9fcd2e22fd828b7a 28b1a444833246678e9cf8f60ca0052a - - default default] Successfully bumped revision number for resource 816d849f-e70f-4ea4-aa36-5f511ae312d3 (type: security_group_rules) to 0
2026-04-14 07:02:04.929 8 INFO neutron.db.ovn_revision_numbers_db [None req-72c0f6ee-1800-415d-be81-1944a98c549d 1e7a829b565f42dc9fcd2e22fd828b7a 28b1a444833246678e9cf8f60ca0052a - - default default] Successfully bumped revision number for resource b1e06b82-7cf9-405f-b906-3e4f8931f48b (type: security_group_rules) to 0
2026-04-14 07:02:04.941 8 INFO neutron.db.ovn_revision_numbers_db [None req-72c0f6ee-1800-415d-be81-1944a98c549d 1e7a829b565f42dc9fcd2e22fd828b7a 28b1a444833246678e9cf8f60ca0052a - - default default] Successfully bumped revision number for resource ca068cfc-40ad-4cdb-b730-a23d4841f020 (type: security_group_rules) to 0
2026-04-14 07:02:05.018 8 INFO neutron.db.segments_db [None req-72c0f6ee-1800-415d-be81-1944a98c549d 1e7a829b565f42dc9fcd2e22fd828b7a 28b1a444833246678e9cf8f60ca0052a - - default default] Added segment 4d49ea06-dbc1-49b6-931c-058611aad1cb of type geneve for network ebaaecb5-7cd8-44ad-98ed-5218f85136fd
2026-04-14 07:02:05.136 8 INFO neutron.db.ovn_revision_numbers_db [None req-72c0f6ee-1800-415d-be81-1944a98c549d 1e7a829b565f42dc9fcd2e22fd828b7a 28b1a444833246678e9cf8f60ca0052a - - default default] Successfully bumped revision number for resource ebaaecb5-7cd8-44ad-98ed-5218f85136fd (type: networks) to 1
2026-04-14 07:02:05.304 8 WARNING neutron.scheduler.dhcp_agent_scheduler [None req-72c0f6ee-1800-415d-be81-1944a98c549d 1e7a829b565f42dc9fcd2e22fd828b7a 28b1a444833246678e9cf8f60ca0052a - - default default] No more DHCP agents
2026-04-14 07:02:05.305 8 WARNING neutron.api.rpc.agentnotifiers.dhcp_rpc_agent_api [None req-72c0f6ee-1800-415d-be81-1944a98c549d 1e7a829b565f42dc9fcd2e22fd828b7a 28b1a444833246678e9cf8f60ca0052a - - default default] Unable to schedule network ebaaecb5-7cd8-44ad-98ed-5218f85136fd: no agents available; will retry on subsequent port and subnet creation events.
2026-04-14 07:02:05.381 7 INFO neutron.plugins.ml2.drivers.ovn.mech_driver.mech_driver [None req-cc57d5cd-ccd3-4d03-88b6-a93e961b2a06 - - - - - -] OVN reports status down for port: df3460aa-f12f-4122-b921-d010bd8e27a2
2026-04-14 07:02:05.418 8 INFO neutron.db.ovn_revision_numbers_db [None req-72c0f6ee-1800-415d-be81-1944a98c549d 1e7a829b565f42dc9fcd2e22fd828b7a 28b1a444833246678e9cf8f60ca0052a - - default default] Successfully bumped revision number for resource df3460aa-f12f-4122-b921-d010bd8e27a2 (type: ports) to 1 [pid: 8|app: 0|req: 1537/3024] 10.0.0.118 () {34 vars in 670 bytes} [Tue Apr 14 07:02:04 2026] POST /v2.0/networks => generated 670 bytes in 872 msecs (HTTP/1.1 201) 4 headers in 162 bytes (1 switches on core 0)
2026-04-14 07:02:05.548 7 INFO neutron.db.segments_db [None req-176df5a4-f4fd-407a-a9b0-ab892fc171c6 1e7a829b565f42dc9fcd2e22fd828b7a 28b1a444833246678e9cf8f60ca0052a - - default default] Added segment fc687ca1-1b5e-41c0-a99d-47e125876060 of type geneve for network c8186354-d6f8-4027-b83b-0b7adffc49b2
2026-04-14 07:02:05.673 7 INFO neutron.db.ovn_revision_numbers_db [None req-176df5a4-f4fd-407a-a9b0-ab892fc171c6 1e7a829b565f42dc9fcd2e22fd828b7a 28b1a444833246678e9cf8f60ca0052a - - default default] Successfully bumped revision number for resource c8186354-d6f8-4027-b83b-0b7adffc49b2 (type: networks) to 1
2026-04-14 07:02:05.832 7 WARNING neutron.scheduler.dhcp_agent_scheduler [None req-176df5a4-f4fd-407a-a9b0-ab892fc171c6 1e7a829b565f42dc9fcd2e22fd828b7a 28b1a444833246678e9cf8f60ca0052a - - default default] No more DHCP agents
2026-04-14 07:02:05.833 7 WARNING neutron.api.rpc.agentnotifiers.dhcp_rpc_agent_api [None req-176df5a4-f4fd-407a-a9b0-ab892fc171c6 1e7a829b565f42dc9fcd2e22fd828b7a 28b1a444833246678e9cf8f60ca0052a - - default default] Unable to schedule network c8186354-d6f8-4027-b83b-0b7adffc49b2: no agents available; will retry on subsequent port and subnet creation events.
2026-04-14 07:02:05.899 7 INFO neutron.plugins.ml2.drivers.ovn.mech_driver.mech_driver [None req-cc57d5cd-ccd3-4d03-88b6-a93e961b2a06 - - - - - -] OVN reports status down for port: b2e2893d-7848-4394-b8a8-9a76c6ef0ae7
2026-04-14 07:02:05.961 7 INFO neutron.db.ovn_revision_numbers_db [None req-176df5a4-f4fd-407a-a9b0-ab892fc171c6 1e7a829b565f42dc9fcd2e22fd828b7a 28b1a444833246678e9cf8f60ca0052a - - default default] Successfully bumped revision number for resource b2e2893d-7848-4394-b8a8-9a76c6ef0ae7 (type: ports) to 1 [pid: 7|app: 0|req: 1488/3025] 10.0.0.118 () {34 vars in 670 bytes} [Tue Apr 14 07:02:05 2026] POST /v2.0/networks => generated 669 bytes in 546 msecs (HTTP/1.1 201) 4 headers in 162 bytes (1 switches on core 0)
2026-04-14 07:02:06.082 8 INFO neutron.db.segments_db [None req-a0b370d8-ee14-4aea-90b7-28425bb160e5 1e7a829b565f42dc9fcd2e22fd828b7a 28b1a444833246678e9cf8f60ca0052a - - default default] Added segment 5f24bdf1-c559-4cf3-83df-e221118fe368 of type geneve for network a784b598-cb7d-4ee8-aba2-5269d2486d81
2026-04-14 07:02:06.194 8 INFO neutron.db.ovn_revision_numbers_db [None req-a0b370d8-ee14-4aea-90b7-28425bb160e5 1e7a829b565f42dc9fcd2e22fd828b7a 28b1a444833246678e9cf8f60ca0052a - - default default] Successfully bumped revision number for resource a784b598-cb7d-4ee8-aba2-5269d2486d81 (type: networks) to 1
2026-04-14 07:02:06.334 8 WARNING neutron.scheduler.dhcp_agent_scheduler [None req-a0b370d8-ee14-4aea-90b7-28425bb160e5 1e7a829b565f42dc9fcd2e22fd828b7a 28b1a444833246678e9cf8f60ca0052a - - default default] No more DHCP agents
2026-04-14 07:02:06.335 8 WARNING neutron.api.rpc.agentnotifiers.dhcp_rpc_agent_api [None req-a0b370d8-ee14-4aea-90b7-28425bb160e5 1e7a829b565f42dc9fcd2e22fd828b7a 28b1a444833246678e9cf8f60ca0052a - - default default] Unable to schedule network a784b598-cb7d-4ee8-aba2-5269d2486d81: no agents available; will retry on subsequent port and subnet creation events.
2026-04-14 07:02:06.403 7 INFO neutron.plugins.ml2.drivers.ovn.mech_driver.mech_driver [None req-cc57d5cd-ccd3-4d03-88b6-a93e961b2a06 - - - - - -] OVN reports status down for port: 6cbb73db-f9f1-4a2b-8fc9-77252cb84a34
2026-04-14 07:02:06.430 8 INFO neutron.db.ovn_revision_numbers_db [None req-a0b370d8-ee14-4aea-90b7-28425bb160e5 1e7a829b565f42dc9fcd2e22fd828b7a 28b1a444833246678e9cf8f60ca0052a - - default default] Successfully bumped revision number for resource 6cbb73db-f9f1-4a2b-8fc9-77252cb84a34 (type: ports) to 1 [pid: 8|app: 0|req: 1538/3026] 10.0.0.118 () {34 vars in 670 bytes} [Tue Apr 14 07:02:06 2026] POST /v2.0/networks => generated 669 bytes in 448 msecs (HTTP/1.1 201) 4 headers in 162 bytes (1 switches on core 0)
2026-04-14 07:02:06.554 7 INFO neutron.db.segments_db [None req-b8ad6f1a-db94-407e-bd48-8b43dac432ec 1e7a829b565f42dc9fcd2e22fd828b7a 28b1a444833246678e9cf8f60ca0052a - - default default] Added segment fbea4d73-bab2-4c37-8101-d5193d64d1bf of type geneve for network cb60f228-190a-44fa-9c20-712376628cfe
2026-04-14 07:02:06.694 7 INFO neutron.db.ovn_revision_numbers_db [None req-b8ad6f1a-db94-407e-bd48-8b43dac432ec 1e7a829b565f42dc9fcd2e22fd828b7a 28b1a444833246678e9cf8f60ca0052a - - default default] Successfully bumped revision number for resource cb60f228-190a-44fa-9c20-712376628cfe (type: networks) to 1
2026-04-14 07:02:06.860 7 WARNING neutron.scheduler.dhcp_agent_scheduler [None req-b8ad6f1a-db94-407e-bd48-8b43dac432ec 1e7a829b565f42dc9fcd2e22fd828b7a 28b1a444833246678e9cf8f60ca0052a - - default default] No more DHCP agents
2026-04-14 07:02:06.861 7 WARNING neutron.api.rpc.agentnotifiers.dhcp_rpc_agent_api [None req-b8ad6f1a-db94-407e-bd48-8b43dac432ec 1e7a829b565f42dc9fcd2e22fd828b7a 28b1a444833246678e9cf8f60ca0052a - - default default] Unable to schedule network cb60f228-190a-44fa-9c20-712376628cfe: no agents available; will retry on subsequent port and subnet creation events.
2026-04-14 07:02:06.933 7 INFO neutron.plugins.ml2.drivers.ovn.mech_driver.mech_driver [None req-cc57d5cd-ccd3-4d03-88b6-a93e961b2a06 - - - - - -] OVN reports status down for port: 63095cae-6e52-4374-8328-dbf1e15fec4c
2026-04-14 07:02:06.998 7 INFO neutron.db.ovn_revision_numbers_db [None req-b8ad6f1a-db94-407e-bd48-8b43dac432ec 1e7a829b565f42dc9fcd2e22fd828b7a 28b1a444833246678e9cf8f60ca0052a - - default default] Successfully bumped revision number for resource 63095cae-6e52-4374-8328-dbf1e15fec4c (type: ports) to 1 [pid: 7|app: 0|req: 1489/3027] 10.0.0.118 () {34 vars in 670 bytes} [Tue Apr 14 07:02:06 2026] POST /v2.0/networks => generated 670 bytes in 598 msecs (HTTP/1.1 201) 4 headers in 162 bytes (1 switches on core 0)
2026-04-14 07:02:07.138 8 INFO neutron.db.segments_db [None req-064731bd-5a47-4d4a-828a-100370f6fe05 1e7a829b565f42dc9fcd2e22fd828b7a 28b1a444833246678e9cf8f60ca0052a - - default default] Added segment adea8670-f48c-40db-882e-6cb48ea64f41 of type geneve for network d69df323-be14-4d72-a04b-1a0a9e7e6182
2026-04-14 07:02:07.245 8 INFO neutron.db.ovn_revision_numbers_db [None req-064731bd-5a47-4d4a-828a-100370f6fe05 1e7a829b565f42dc9fcd2e22fd828b7a 28b1a444833246678e9cf8f60ca0052a - - default default] Successfully bumped revision number for resource d69df323-be14-4d72-a04b-1a0a9e7e6182 (type: networks) to 1
2026-04-14 07:02:07.420 8 WARNING neutron.scheduler.dhcp_agent_scheduler [None req-064731bd-5a47-4d4a-828a-100370f6fe05 1e7a829b565f42dc9fcd2e22fd828b7a 28b1a444833246678e9cf8f60ca0052a - - default default] No more DHCP agents
2026-04-14 07:02:07.421 8 WARNING neutron.api.rpc.agentnotifiers.dhcp_rpc_agent_api [None req-064731bd-5a47-4d4a-828a-100370f6fe05 1e7a829b565f42dc9fcd2e22fd828b7a 28b1a444833246678e9cf8f60ca0052a - - default default] Unable to schedule network d69df323-be14-4d72-a04b-1a0a9e7e6182: no agents available; will retry on subsequent port and subnet creation events.
2026-04-14 07:02:07.497 7 INFO neutron.plugins.ml2.drivers.ovn.mech_driver.mech_driver [None req-cc57d5cd-ccd3-4d03-88b6-a93e961b2a06 - - - - - -] OVN reports status down for port: de85abb4-89fc-42ee-9832-ff6d542bda19
2026-04-14 07:02:07.544 8 INFO neutron.db.ovn_revision_numbers_db [None req-064731bd-5a47-4d4a-828a-100370f6fe05 1e7a829b565f42dc9fcd2e22fd828b7a 28b1a444833246678e9cf8f60ca0052a - - default default] Successfully bumped revision number for resource de85abb4-89fc-42ee-9832-ff6d542bda19 (type: ports) to 1 [pid: 8|app: 0|req: 1539/3028] 10.0.0.118 () {34 vars in 670 bytes} [Tue Apr 14 07:02:07 2026] POST /v2.0/networks => generated 669 bytes in 509 msecs (HTTP/1.1 201) 4 headers in 162 bytes (1 switches on core 0) [pid: 7|app: 0|req: 1490/3029] 10.0.0.118 () {34 vars in 753 bytes} [Tue Apr 14 07:02:07 2026] PUT /v2.0/networks/ebaaecb5-7cd8-44ad-98ed-5218f85136fd/tags => generated 17 bytes in 69 msecs (HTTP/1.1 200) 4 headers in 156 bytes (1 switches on core 0) [pid: 8|app: 0|req: 1540/3030] 10.0.0.118 () {34 vars in 753 bytes} [Tue Apr 14 07:02:07 2026] PUT /v2.0/networks/c8186354-d6f8-4027-b83b-0b7adffc49b2/tags => generated 25 bytes in 51 msecs (HTTP/1.1 200) 4 headers in 156 bytes (1 switches on core 0) [pid: 7|app: 0|req: 1491/3031] 10.0.0.118 () {34 vars in 753 bytes} [Tue Apr 14 07:02:07 2026] PUT /v2.0/networks/a784b598-cb7d-4ee8-aba2-5269d2486d81/tags => generated 34 bytes in 79 msecs (HTTP/1.1 200) 4 headers in 156 bytes (1 switches on core 0) [pid: 8|app: 0|req: 1541/3032] 10.0.0.118 () {34 vars in 753 bytes} [Tue Apr 14 07:02:07 2026] PUT /v2.0/networks/cb60f228-190a-44fa-9c20-712376628cfe/tags => generated 19 bytes in 51 msecs (HTTP/1.1 200) 4 headers in 156 bytes (1 switches on core 0) [pid: 7|app: 0|req: 1492/3033] 10.0.0.118 () {32 vars in 666 bytes} [Tue Apr 14 07:02:07 2026] GET /v2.0/networks?tags=red => generated 1987 bytes in 596 msecs (HTTP/1.1 200) 4 headers in 158 bytes (1 switches on core 0) [pid: 8|app: 0|req: 1542/3034] 10.0.0.118 () {32 vars in 680 bytes} [Tue Apr 14 07:02:08 2026] GET /v2.0/networks?tags=red%2Cblue => generated 1336 bytes in 60 msecs (HTTP/1.1 200) 4 headers in 158 bytes (1 switches on core 0) [pid: 7|app: 0|req: 1493/3035] 10.0.0.118 () {32 vars in 676 bytes} [Tue Apr 14 07:02:08 2026] GET /v2.0/networks?tags-any=blue => generated 1336 bytes in 47 msecs (HTTP/1.1 200) 4 headers in 158 bytes (1 switches on core 0) [pid: 8|app: 0|req: 1543/3036] 10.0.0.118 () {32 vars in 688 bytes} [Tue Apr 14 07:02:08 2026] GET /v2.0/networks?tags-any=red%2Cblue => generated 1987 bytes in 55 msecs (HTTP/1.1 200) 4 headers in 158 bytes (1 switches on core 0) [pid: 7|app: 0|req: 1494/3037] 10.0.0.118 () {32 vars in 674 bytes} [Tue Apr 14 07:02:08 2026] GET /v2.0/networks?not-tags=red => generated 1987 bytes in 62 msecs (HTTP/1.1 200) 4 headers in 158 bytes (1 switches on core 0) [pid: 8|app: 0|req: 1544/3038] 10.0.0.118 () {32 vars in 688 bytes} [Tue Apr 14 07:02:08 2026] GET /v2.0/networks?not-tags=red%2Cblue => generated 2638 bytes in 86 msecs (HTTP/1.1 200) 4 headers in 158 bytes (1 switches on core 0) [pid: 7|app: 0|req: 1495/3039] 10.0.0.118 () {32 vars in 684 bytes} [Tue Apr 14 07:02:08 2026] GET /v2.0/networks?not-tags-any=blue => generated 2638 bytes in 73 msecs (HTTP/1.1 200) 4 headers in 158 bytes (1 switches on core 0) [pid: 8|app: 0|req: 1545/3040] 10.0.0.118 () {32 vars in 696 bytes} [Tue Apr 14 07:02:08 2026] GET /v2.0/networks?not-tags-any=red%2Cblue => generated 1987 bytes in 68 msecs (HTTP/1.1 200) 4 headers in 158 bytes (1 switches on core 0)
2026-04-14 07:02:09.058 7 INFO neutron_taas.services.taas.taas_plugin [None req-75c60842-52da-44e8-a850-7c8187575472 1e7a829b565f42dc9fcd2e22fd828b7a 28b1a444833246678e9cf8f60ca0052a - - default default] TaaS: Handle Delete Port: df3460aa-f12f-4122-b921-d010bd8e27a2
2026-04-14 07:02:09.061 7 INFO neutron_taas.services.taas.tap_mirror_plugin [None req-75c60842-52da-44e8-a850-7c8187575472 1e7a829b565f42dc9fcd2e22fd828b7a 28b1a444833246678e9cf8f60ca0052a - - default default] Tap Mirror: Handle Delete Port: df3460aa-f12f-4122-b921-d010bd8e27a2
