2026-04-14 06:58:05.989 7 WARNING neutron.plugins.ml2.drivers.ovn.mech_driver.ovsdb.ovn_client [None req-4fff9423-c9d8-46f7-ad9d-97002aceac1f - - - - - -] No hosting information found for port 576b5009-e6c2-460e-8017-1aa2ae87c630: RuntimeError: No hosting information found for port 576b5009-e6c2-460e-8017-1aa2ae87c630
2026-04-14 06:58:05.996 7 WARNING neutron.scheduler.dhcp_agent_scheduler [None req-fe98fb54-c40f-47c2-9942-5e5a38916d1e 475191a27ff44c2d89101f69b4c4a19a 40e56b3d14ac41789cede00628e245c3 - - default default] No more DHCP agents
2026-04-14 06:58:06.004 7 WARNING neutron.api.rpc.agentnotifiers.dhcp_rpc_agent_api [None req-fe98fb54-c40f-47c2-9942-5e5a38916d1e 475191a27ff44c2d89101f69b4c4a19a 40e56b3d14ac41789cede00628e245c3 - - default default] Unable to schedule network 1723928c-1ff5-4b12-aed9-48dc37a32df6: no agents available; will retry on subsequent port and subnet creation events.
2026-04-14 06:58:06.018 8 INFO neutron.services.segments.plugin [-] Segment 5e09359d-e333-4f5f-9e74-8ef1759857c8 resource provider aggregate not found
2026-04-14 06:58:06.022 8 INFO neutron.services.segments.plugin [-] Segment 5e09359d-e333-4f5f-9e74-8ef1759857c8 resource provider aggregate not found
2026-04-14 06:58:06.034 8 INFO neutron_taas.services.taas.taas_plugin [None req-d6e6ee0d-f2a5-4a34-bea5-a4878399558a 95eb64242d394b91ab48baef09751fb5 f1bb16149ed84637a5dcde47aae2865a - - default default] TaaS: Handle Delete Port: 4f849500-0b3d-4b5f-9145-9737dc97c434
2026-04-14 06:58:06.037 8 INFO neutron_taas.services.taas.tap_mirror_plugin [None req-d6e6ee0d-f2a5-4a34-bea5-a4878399558a 95eb64242d394b91ab48baef09751fb5 f1bb16149ed84637a5dcde47aae2865a - - default default] Tap Mirror: Handle Delete Port: 4f849500-0b3d-4b5f-9145-9737dc97c434
2026-04-14 06:58:06.038 8 INFO neutron.services.segments.plugin [-] Segment 5e09359d-e333-4f5f-9e74-8ef1759857c8 resource provider not found; error: Placement Client Error (4xx): {"errors": [{"status": 404, "title": "Not Found", "detail": "The resource could not be found.\n\n No resource provider with uuid 5e09359d-e333-4f5f-9e74-8ef1759857c8 found for delete ", "request_id": "req-4e9992b7-3a1d-4301-866b-ec0ed5fea23a"}]}
2026-04-14 06:58:06.044 8 INFO neutron.services.segments.plugin [-] Segment 5e09359d-e333-4f5f-9e74-8ef1759857c8 resource provider not found; error: Placement Client Error (4xx): {"errors": [{"status": 404, "title": "Not Found", "detail": "The resource could not be found.\n\n No resource provider with uuid 5e09359d-e333-4f5f-9e74-8ef1759857c8 found for delete ", "request_id": "req-a9429b11-1677-4a10-96d2-58193e64ceac"}]}
2026-04-14 06:58:06.060 8 INFO neutron.services.segments.plugin [-] Segment 58d2734a-c94e-4002-b9a4-416cdb1c51e4 resource provider aggregate not found
2026-04-14 06:58:06.068 8 INFO neutron.services.segments.plugin [-] Segment 58d2734a-c94e-4002-b9a4-416cdb1c51e4 resource provider aggregate not found
2026-04-14 06:58:06.081 8 INFO neutron.services.segments.plugin [-] Segment 58d2734a-c94e-4002-b9a4-416cdb1c51e4 resource provider not found; error: Placement Client Error (4xx): {"errors": [{"status": 404, "title": "Not Found", "detail": "The resource could not be found.\n\n No resource provider with uuid 58d2734a-c94e-4002-b9a4-416cdb1c51e4 found for delete ", "request_id": "req-b28fd732-0eb6-4d02-ba25-c4fc9b1b2156"}]}
2026-04-14 06:58:06.092 8 INFO neutron.services.segments.plugin [-] Segment 58d2734a-c94e-4002-b9a4-416cdb1c51e4 resource provider not found; error: Placement Client Error (4xx): {"errors": [{"status": 404, "title": "Not Found", "detail": "The resource could not be found.\n\n No resource provider with uuid 58d2734a-c94e-4002-b9a4-416cdb1c51e4 found for delete ", "request_id": "req-37c5df70-a7a4-495e-99e3-8314388c3c3a"}]}
2026-04-14 06:58:06.143 7 INFO neutron.db.ovn_revision_numbers_db [None req-4fff9423-c9d8-46f7-ad9d-97002aceac1f - - - - - -] Successfully bumped revision number for resource 576b5009-e6c2-460e-8017-1aa2ae87c630 (type: router_ports) to 2
2026-04-14 06:58:06.184 7 INFO neutron.plugins.ml2.drivers.ovn.mech_driver.mech_driver [None req-4fff9423-c9d8-46f7-ad9d-97002aceac1f - - - - - -] OVN reports status down for port: 70affd60-247b-4471-8a63-65227323199f [pid: 8|app: 0|req: 841/1601] 10.0.0.118 () {32 vars in 726 bytes} [Tue Apr 14 06:58:05 2026] DELETE /v2.0/networks/2a3a9d4f-519e-4099-b9ec-8e930b5f5b04 => generated 0 bytes in 414 msecs (HTTP/1.1 204) 3 headers in 131 bytes (1 switches on core 0)
2026-04-14 06:58:06.339 7 INFO neutron.db.ovn_revision_numbers_db [None req-fe98fb54-c40f-47c2-9942-5e5a38916d1e 475191a27ff44c2d89101f69b4c4a19a 40e56b3d14ac41789cede00628e245c3 - - default default] Successfully bumped revision number for resource 1559bd6b-2943-4adc-83e5-e35ff9ada3d7 (type: ports) to 1 [pid: 8|app: 0|req: 842/1602] 10.0.0.193 () {34 vars in 1120 bytes} [Tue Apr 14 06:58:06 2026] GET /v2.0/security-groups?id=501571a7-74d4-45a7-b7f2-c252ed77b09c&id=dd1b2761-371f-40b3-a6b4-4901cb3d8516&fields=id&fields=name => generated 205 bytes in 22 msecs (HTTP/1.1 200) 4 headers in 157 bytes (1 switches on core 0)
2026-04-14 06:58:06.408 7 INFO neutron.notifiers.nova [-] Nova event matching ['req-db2d561f-b5dd-4887-9114-31f2339e7eb7'] response: {'server_uuid': '2841935a-4d63-45fd-842f-b5930718c691', 'name': 'network-vif-unplugged', 'status': 'completed', 'tag': '70affd60-247b-4471-8a63-65227323199f', 'code': 200}
2026-04-14 06:58:06.467 8 INFO neutron_taas.services.taas.taas_plugin [None req-5ebfd83f-cf53-4166-b4db-c857d6775a05 95eb64242d394b91ab48baef09751fb5 f1bb16149ed84637a5dcde47aae2865a - - default default] TaaS: Handle Delete Port: b5ff1f0e-c022-4a59-975f-739f63efaad9
2026-04-14 06:58:06.470 8 INFO neutron_taas.services.taas.tap_mirror_plugin [None req-5ebfd83f-cf53-4166-b4db-c857d6775a05 95eb64242d394b91ab48baef09751fb5 f1bb16149ed84637a5dcde47aae2865a - - default default] Tap Mirror: Handle Delete Port: b5ff1f0e-c022-4a59-975f-739f63efaad9 [pid: 8|app: 0|req: 843/1603] 10.0.0.118 () {32 vars in 726 bytes} [Tue Apr 14 06:58:06 2026] DELETE /v2.0/networks/5cd40513-b6ab-4165-bbd1-a7532e6f3eda => generated 0 bytes in 362 msecs (HTTP/1.1 204) 3 headers in 131 bytes (1 switches on core 0)
2026-04-14 06:58:06.740 7 INFO neutron.db.ovn_revision_numbers_db [None req-4fff9423-c9d8-46f7-ad9d-97002aceac1f - - - - - -] Successfully bumped revision number for resource 70affd60-247b-4471-8a63-65227323199f (type: ports) to 6
2026-04-14 06:58:06.823 7 WARNING neutron.plugins.ml2.drivers.ovn.mech_driver.ovsdb.ovn_client [None req-acd3a254-0882-4475-b7b7-14eed01db6d9 - - - - - -] Logical_Switch_Port 70affd60-247b-4471-8a63-65227323199f host information not removed, the port state is up
2026-04-14 06:58:06.824 7 INFO neutron.plugins.ml2.drivers.ovn.mech_driver.mech_driver [None req-acd3a254-0882-4475-b7b7-14eed01db6d9 - - - - - -] OVN reports status down for port: 5dd1342e-d7db-444d-b30a-c5e401ae402a
2026-04-14 06:58:06.931 7 WARNING neutron.plugins.ml2.drivers.ovn.mech_driver.ovsdb.ovn_client [None req-acd3a254-0882-4475-b7b7-14eed01db6d9 - - - - - -] Logical_Switch_Port 5dd1342e-d7db-444d-b30a-c5e401ae402a host information not removed, the port state is up
2026-04-14 06:58:06.932 7 INFO neutron.plugins.ml2.drivers.ovn.mech_driver.mech_driver [None req-acd3a254-0882-4475-b7b7-14eed01db6d9 - - - - - -] OVN reports status down for port: c0d271d1-0bce-4915-a450-8c6351d86b32
2026-04-14 06:58:06.946 7 INFO neutron.plugins.ml2.drivers.ovn.mech_driver.mech_driver [None req-acd3a254-0882-4475-b7b7-14eed01db6d9 - - - - - -] OVN reports status down for port: 70e1e642-ca70-4a1a-b4a3-4f63e69b1b8f
2026-04-14 06:58:06.973 7 INFO neutron.plugins.ml2.drivers.ovn.mech_driver.mech_driver [None req-acd3a254-0882-4475-b7b7-14eed01db6d9 - - - - - -] OVN reports status down for port: b0c718fb-664a-4395-b30b-f31fd3eb5f73
2026-04-14 06:58:06.992 7 INFO neutron.plugins.ml2.drivers.ovn.mech_driver.mech_driver [None req-acd3a254-0882-4475-b7b7-14eed01db6d9 - - - - - -] OVN reports status up for port: 70affd60-247b-4471-8a63-65227323199f
2026-04-14 06:58:07.015 7 INFO neutron.plugins.ml2.plugin [None req-acd3a254-0882-4475-b7b7-14eed01db6d9 - - - - - -] Attempt 1 to provision port 70affd60-247b-4471-8a63-65227323199f [pid: 8|app: 0|req: 844/1604] 10.0.0.118 () {32 vars in 774 bytes} [Tue Apr 14 06:58:07 2026] GET /v2.0/security-groups?tenant_id=f1bb16149ed84637a5dcde47aae2865a&name=default => generated 2925 bytes in 114 msecs (HTTP/1.1 200) 4 headers in 158 bytes (1 switches on core 0)
2026-04-14 06:58:07.371 7 WARNING neutron.scheduler.dhcp_agent_scheduler [None req-fe98fb54-c40f-47c2-9942-5e5a38916d1e 475191a27ff44c2d89101f69b4c4a19a 40e56b3d14ac41789cede00628e245c3 - - default default] No more DHCP agents
2026-04-14 06:58:07.377 7 WARNING neutron.api.rpc.agentnotifiers.dhcp_rpc_agent_api [None req-fe98fb54-c40f-47c2-9942-5e5a38916d1e 475191a27ff44c2d89101f69b4c4a19a 40e56b3d14ac41789cede00628e245c3 - - default default] Unable to schedule network 1723928c-1ff5-4b12-aed9-48dc37a32df6: no agents available; will retry on subsequent port and subnet creation events.
2026-04-14 06:58:07.459 7 INFO neutron.db.ovn_revision_numbers_db [None req-acd3a254-0882-4475-b7b7-14eed01db6d9 - - - - - -] Successfully bumped revision number for resource 70affd60-247b-4471-8a63-65227323199f (type: ports) to 7
2026-04-14 06:58:07.570 7 INFO neutron.plugins.ml2.drivers.ovn.mech_driver.mech_driver [None req-0d007105-a214-4193-9d38-0ceede1fcde5 - - - - - -] OVN reports status down for port: b5ff1f0e-c022-4a59-975f-739f63efaad9
2026-04-14 06:58:07.602 7 INFO neutron.plugins.ml2.drivers.ovn.mech_driver.mech_driver [None req-0d007105-a214-4193-9d38-0ceede1fcde5 - - - - - -] OVN reports status down for port: 7f58d035-462b-40c0-89a0-7f4fc6abe334 [pid: 8|app: 0|req: 845/1605] 10.0.0.118 () {32 vars in 740 bytes} [Tue Apr 14 06:58:07 2026] DELETE /v2.0/security-groups/9a270bae-65e2-47e2-b5de-ff44b68973f2 => generated 0 bytes in 296 msecs (HTTP/1.1 204) 2 headers in 112 bytes (1 switches on core 0) [pid: 8|app: 0|req: 846/1606] 10.0.0.193 () {34 vars in 990 bytes} [Tue Apr 14 06:58:07 2026] GET /v2.0/ports?device_id=55bededd-e84e-4a41-bd79-23a1d7ee4e28 => generated 1008 bytes in 39 msecs (HTTP/1.1 200) 4 headers in 158 bytes (1 switches on core 0) [pid: 8|app: 0|req: 847/1607] 10.0.0.193 () {34 vars in 1120 bytes} [Tue Apr 14 06:58:07 2026] GET /v2.0/security-groups?id=501571a7-74d4-45a7-b7f2-c252ed77b09c&id=dd1b2761-371f-40b3-a6b4-4901cb3d8516&fields=id&fields=name => generated 205 bytes in 67 msecs (HTTP/1.1 200) 4 headers in 157 bytes (1 switches on core 0)
2026-04-14 06:58:07.822 7 INFO neutron.plugins.ml2.drivers.ovn.mech_driver.mech_driver [None req-0d007105-a214-4193-9d38-0ceede1fcde5 - - - - - -] OVN reports status down for port: 4f849500-0b3d-4b5f-9145-9737dc97c434
2026-04-14 06:58:07.840 7 INFO neutron.plugins.ml2.drivers.ovn.mech_driver.mech_driver [None req-0d007105-a214-4193-9d38-0ceede1fcde5 - - - - - -] OVN reports status up for port: 7f58d035-462b-40c0-89a0-7f4fc6abe334
2026-04-14 06:58:07.860 7 INFO neutron.plugins.ml2.drivers.ovn.mech_driver.mech_driver [None req-0d007105-a214-4193-9d38-0ceede1fcde5 - - - - - -] OVN reports status down for port: abc7b5f7-2b0f-4361-9d06-c052ea815cdc
2026-04-14 06:58:07.871 7 INFO neutron.db.ovn_revision_numbers_db [None req-fe98fb54-c40f-47c2-9942-5e5a38916d1e 475191a27ff44c2d89101f69b4c4a19a 40e56b3d14ac41789cede00628e245c3 - - default default] Successfully bumped revision number for resource 1559bd6b-2943-4adc-83e5-e35ff9ada3d7 (type: router_ports) to 1
2026-04-14 06:58:07.873 7 INFO neutron.plugins.ml2.drivers.ovn.mech_driver.mech_driver [None req-0d007105-a214-4193-9d38-0ceede1fcde5 - - - - - -] OVN reports status down for port: 3c65e31f-32ad-4a4b-a7cb-3efdf286fb17 [pid: 7|app: 0|req: 761/1608] 10.0.0.118 () {34 vars in 783 bytes} [Tue Apr 14 06:58:05 2026] PUT /v2.0/routers/85836668-8e37-472d-829f-6cba5bea8241/add_router_interface => generated 309 bytes in 2285 msecs (HTTP/1.1 200) 4 headers in 157 bytes (1 switches on core 0)
2026-04-14 06:58:07.893 7 INFO neutron.plugins.ml2.drivers.ovn.mech_driver.mech_driver [None req-0d007105-a214-4193-9d38-0ceede1fcde5 - - - - - -] OVN reports status down for port: ee2b2687-73ac-44c7-88f6-36a38201b38c
2026-04-14 06:58:07.902 7 INFO neutron.plugins.ml2.drivers.ovn.mech_driver.mech_driver [None req-0d007105-a214-4193-9d38-0ceede1fcde5 - - - - - -] OVN reports status down for port: 2753efcd-faf1-48ce-9c19-d5f394739241
2026-04-14 06:58:07.909 7 INFO neutron.plugins.ml2.drivers.ovn.mech_driver.mech_driver [None req-0d007105-a214-4193-9d38-0ceede1fcde5 - - - - - -] OVN reports status down for port: 5b996dee-e606-48d3-852f-7e92a0334e27 [pid: 8|app: 0|req: 848/1609] 10.0.0.118 () {32 vars in 717 bytes} [Tue Apr 14 06:58:07 2026] GET /v2.0/ports/1559bd6b-2943-4adc-83e5-e35ff9ada3d7 => generated 941 bytes in 74 msecs (HTTP/1.1 200) 4 headers in 157 bytes (1 switches on core 0)
2026-04-14 06:58:07.961 7 INFO neutron.plugins.ml2.drivers.ovn.mech_driver.mech_driver [None req-0d007105-a214-4193-9d38-0ceede1fcde5 - - - - - -] OVN reports status up for port: 5dd1342e-d7db-444d-b30a-c5e401ae402a /var/lib/openstack/lib/python3.12/site-packages/pycadf/identifier.py:70: UserWarning: Invalid uuid: neutron. To ensure interoperability, identifiers should be a valid uuid. warnings.warn(('Invalid uuid: %s. To ensure interoperability, '
2026-04-14 06:58:07.986 7 INFO neutron.plugins.ml2.plugin [None req-0d007105-a214-4193-9d38-0ceede1fcde5 - - - - - -] Attempt 1 to provision port 5dd1342e-d7db-444d-b30a-c5e401ae402a [pid: 7|app: 0|req: 762/1610] 10.0.0.118 () {32 vars in 717 bytes} [Tue Apr 14 06:58:07 2026] GET /v2.0/ports/1559bd6b-2943-4adc-83e5-e35ff9ada3d7 => generated 941 bytes in 56 msecs (HTTP/1.1 200) 4 headers in 157 bytes (1 switches on core 0)
2026-04-14 06:58:08.101 8 INFO neutron.services.segments.plugin [-] Segment c5f31c6b-169f-4009-89d5-8feeabf2cb80 resource provider aggregate not found
2026-04-14 06:58:08.111 8 INFO neutron.services.segments.plugin [-] Segment c5f31c6b-169f-4009-89d5-8feeabf2cb80 resource provider aggregate not found
2026-04-14 06:58:08.115 8 INFO neutron.services.segments.plugin [-] Segment c5f31c6b-169f-4009-89d5-8feeabf2cb80 resource provider not found; error: Placement Client Error (4xx): {"errors": [{"status": 404, "title": "Not Found", "detail": "The resource could not be found.\n\n No resource provider with uuid c5f31c6b-169f-4009-89d5-8feeabf2cb80 found for delete ", "request_id": "req-76c3b16a-486c-4d63-807e-1181a233d784"}]}
2026-04-14 06:58:08.125 8 INFO neutron.services.segments.plugin [-] Segment 5054e925-1497-4f60-bc9c-854819e07982 resource provider aggregate not found
2026-04-14 06:58:08.128 8 INFO neutron.services.segments.plugin [-] Segment c5f31c6b-169f-4009-89d5-8feeabf2cb80 resource provider not found; error: Placement Client Error (4xx): {"errors": [{"status": 404, "title": "Not Found", "detail": "The resource could not be found.\n\n No resource provider with uuid c5f31c6b-169f-4009-89d5-8feeabf2cb80 found for delete ", "request_id": "req-359c2a43-f8c4-4299-b017-546c55ac68e8"}]}
2026-04-14 06:58:08.140 8 INFO neutron.services.segments.plugin [-] Segment 5054e925-1497-4f60-bc9c-854819e07982 resource provider not found; error: Placement Client Error (4xx): {"errors": [{"status": 404, "title": "Not Found", "detail": "The resource could not be found.\n\n No resource provider with uuid 5054e925-1497-4f60-bc9c-854819e07982 found for delete ", "request_id": "req-1b51adf4-0899-4e14-96b6-9564f3d3b1b4"}]}
2026-04-14 06:58:08.146 8 INFO neutron.services.segments.plugin [-] Segment 5054e925-1497-4f60-bc9c-854819e07982 resource provider aggregate not found
2026-04-14 06:58:08.165 8 INFO neutron.services.segments.plugin [-] Segment 5054e925-1497-4f60-bc9c-854819e07982 resource provider not found; error: Placement Client Error (4xx): {"errors": [{"status": 404, "title": "Not Found", "detail": "The resource could not be found.\n\n No resource provider with uuid 5054e925-1497-4f60-bc9c-854819e07982 found for delete ", "request_id": "req-c3ffc698-92a3-4fb2-a801-b6ee5796354e"}]}
2026-04-14 06:58:08.204 7 INFO neutron.db.ovn_revision_numbers_db [None req-0d007105-a214-4193-9d38-0ceede1fcde5 - - - - - -] Successfully bumped revision number for resource 5dd1342e-d7db-444d-b30a-c5e401ae402a (type: ports) to 5
2026-04-14 06:58:08.300 7 INFO neutron.plugins.ml2.drivers.ovn.mech_driver.mech_driver [None req-f7f21005-a3cb-42a0-a3f0-e57e537dc2bb - - - - - -] OVN reports status down for port: 1559bd6b-2943-4adc-83e5-e35ff9ada3d7
2026-04-14 06:58:08.344 7 WARNING neutron.plugins.ml2.drivers.ovn.mech_driver.ovsdb.ovn_client [None req-f7f21005-a3cb-42a0-a3f0-e57e537dc2bb - - - - - -] Logical_Switch_Port 1559bd6b-2943-4adc-83e5-e35ff9ada3d7 host information not removed, the port state is up
2026-04-14 06:58:08.344 7 INFO neutron.plugins.ml2.drivers.ovn.mech_driver.mech_driver [None req-f7f21005-a3cb-42a0-a3f0-e57e537dc2bb - - - - - -] OVN reports status up for port: 1559bd6b-2943-4adc-83e5-e35ff9ada3d7
2026-04-14 06:58:08.355 7 INFO neutron.plugins.ml2.plugin [None req-f7f21005-a3cb-42a0-a3f0-e57e537dc2bb - - - - - -] Attempt 1 to provision port 1559bd6b-2943-4adc-83e5-e35ff9ada3d7
2026-04-14 06:58:08.455 7 INFO neutron.notifiers.nova [-] Nova event matching ['req-be69122f-e3c7-43b7-b9dc-b0db246dd4bf'] response: {'server_uuid': '2841935a-4d63-45fd-842f-b5930718c691', 'name': 'network-vif-unplugged', 'status': 'completed', 'tag': '70affd60-247b-4471-8a63-65227323199f', 'code': 200}
2026-04-14 06:58:08.456 7 INFO neutron.notifiers.nova [-] Nova event matching ['req-be69122f-e3c7-43b7-b9dc-b0db246dd4bf'] response: {'server_uuid': '55bededd-e84e-4a41-bd79-23a1d7ee4e28', 'name': 'network-vif-unplugged', 'status': 'completed', 'tag': '5dd1342e-d7db-444d-b30a-c5e401ae402a', 'code': 200}
2026-04-14 06:58:08.456 7 INFO neutron.notifiers.nova [-] Nova event matching ['req-be69122f-e3c7-43b7-b9dc-b0db246dd4bf'] response: {'server_uuid': '2841935a-4d63-45fd-842f-b5930718c691', 'name': 'network-vif-plugged', 'status': 'completed', 'tag': '70affd60-247b-4471-8a63-65227323199f', 'code': 200}
2026-04-14 06:58:08.456 7 INFO neutron.notifiers.nova [-] Nova event matching ['req-be69122f-e3c7-43b7-b9dc-b0db246dd4bf'] response: {'server_uuid': '2841935a-4d63-45fd-842f-b5930718c691', 'name': 'network-vif-plugged', 'status': 'completed', 'tag': '70affd60-247b-4471-8a63-65227323199f', 'code': 200}
2026-04-14 06:58:08.456 7 INFO neutron.notifiers.nova [-] Nova event matching ['req-be69122f-e3c7-43b7-b9dc-b0db246dd4bf'] response: {'server_uuid': '55bededd-e84e-4a41-bd79-23a1d7ee4e28', 'name': 'network-vif-plugged', 'status': 'completed', 'tag': '5dd1342e-d7db-444d-b30a-c5e401ae402a', 'code': 200}
2026-04-14 06:58:08.456 7 INFO neutron.notifiers.nova [-] Nova event matching ['req-be69122f-e3c7-43b7-b9dc-b0db246dd4bf'] response: {'server_uuid': '55bededd-e84e-4a41-bd79-23a1d7ee4e28', 'name': 'network-vif-plugged', 'status': 'completed', 'tag': '5dd1342e-d7db-444d-b30a-c5e401ae402a', 'code': 200}
2026-04-14 06:58:08.708 7 INFO neutron.db.ovn_revision_numbers_db [None req-f7f21005-a3cb-42a0-a3f0-e57e537dc2bb - - - - - -] Successfully bumped revision number for resource 1559bd6b-2943-4adc-83e5-e35ff9ada3d7 (type: ports) to 2 [pid: 8|app: 0|req: 849/1611] 10.0.0.193 () {34 vars in 990 bytes} [Tue Apr 14 06:58:08 2026] GET /v2.0/ports?device_id=55bededd-e84e-4a41-bd79-23a1d7ee4e28 => generated 1010 bytes in 41 msecs (HTTP/1.1 200) 4 headers in 158 bytes (1 switches on core 0) /var/lib/openstack/lib/python3.12/site-packages/pycadf/identifier.py:70: UserWarning: Invalid uuid: neutron. To ensure interoperability, identifiers should be a valid uuid. warnings.warn(('Invalid uuid: %s. To ensure interoperability, ' [pid: 7|app: 0|req: 763/1612] 10.0.0.193 () {34 vars in 1120 bytes} [Tue Apr 14 06:58:08 2026] GET /v2.0/security-groups?id=501571a7-74d4-45a7-b7f2-c252ed77b09c&id=dd1b2761-371f-40b3-a6b4-4901cb3d8516&fields=id&fields=name => generated 205 bytes in 31 msecs (HTTP/1.1 200) 4 headers in 157 bytes (1 switches on core 0) [pid: 8|app: 0|req: 850/1613] 10.0.0.118 () {32 vars in 717 bytes} [Tue Apr 14 06:58:09 2026] GET /v2.0/ports/1559bd6b-2943-4adc-83e5-e35ff9ada3d7 => generated 943 bytes in 37 msecs (HTTP/1.1 200) 4 headers in 157 bytes (1 switches on core 0)
2026-04-14 06:58:09.323 7 INFO neutron_taas.services.taas.taas_plugin [None req-80b68459-8c2b-48eb-b17e-38f053859602 475191a27ff44c2d89101f69b4c4a19a 40e56b3d14ac41789cede00628e245c3 - - default default] TaaS: Handle Delete Port: 1559bd6b-2943-4adc-83e5-e35ff9ada3d7
2026-04-14 06:58:09.325 7 INFO neutron_taas.services.taas.tap_mirror_plugin [None req-80b68459-8c2b-48eb-b17e-38f053859602 475191a27ff44c2d89101f69b4c4a19a 40e56b3d14ac41789cede00628e245c3 - - default default] Tap Mirror: Handle Delete Port: 1559bd6b-2943-4adc-83e5-e35ff9ada3d7 [pid: 7|app: 0|req: 764/1614] 10.0.0.118 () {34 vars in 789 bytes} [Tue Apr 14 06:58:09 2026] PUT /v2.0/routers/85836668-8e37-472d-829f-6cba5bea8241/remove_router_interface => generated 309 bytes in 635 msecs (HTTP/1.1 200) 4 headers in 157 bytes (1 switches on core 0) /var/lib/openstack/lib/python3.12/site-packages/pycadf/identifier.py:70: UserWarning: Invalid uuid: neutron. To ensure interoperability, identifiers should be a valid uuid. warnings.warn(('Invalid uuid: %s. To ensure interoperability, '
2026-04-14 06:58:09.715 8 INFO neutron.db.ovn_revision_numbers_db [None req-38297b57-02e8-42a8-81c1-eb504740fd31 4247fa44026b4cf58d848c710d79fb9b d8a0af9405d14635a66db25ca5de8dca - - default default] Successfully bumped revision number for resource 2af66569-ed8e-426f-b389-b3bb88405dc4 (type: security_groups) to 1
2026-04-14 06:58:09.726 8 INFO neutron.db.ovn_revision_numbers_db [None req-38297b57-02e8-42a8-81c1-eb504740fd31 4247fa44026b4cf58d848c710d79fb9b d8a0af9405d14635a66db25ca5de8dca - - default default] Successfully bumped revision number for resource 1911ede2-1b84-4d39-bfa9-f6685485fe12 (type: security_group_rules) to 0 [pid: 7|app: 0|req: 765/1615] 10.0.0.118 () {32 vars in 736 bytes} [Tue Apr 14 06:58:09 2026] GET /v2.0/ports?device_id=85836668-8e37-472d-829f-6cba5bea8241 => generated 12 bytes in 17 msecs (HTTP/1.1 200) 4 headers in 156 bytes (1 switches on core 0)
2026-04-14 06:58:09.740 8 INFO neutron.db.ovn_revision_numbers_db [None req-38297b57-02e8-42a8-81c1-eb504740fd31 4247fa44026b4cf58d848c710d79fb9b d8a0af9405d14635a66db25ca5de8dca - - default default] Successfully bumped revision number for resource 6329c3d6-5d9e-47c8-8e4d-fd0800c7ed1c (type: security_group_rules) to 0
2026-04-14 06:58:09.752 8 INFO neutron.db.ovn_revision_numbers_db [None req-38297b57-02e8-42a8-81c1-eb504740fd31 4247fa44026b4cf58d848c710d79fb9b d8a0af9405d14635a66db25ca5de8dca - - default default] Successfully bumped revision number for resource 809ee1db-20f4-40c8-a200-b5f454ebaea0 (type: security_group_rules) to 0
2026-04-14 06:58:09.764 8 INFO neutron.db.ovn_revision_numbers_db [None req-38297b57-02e8-42a8-81c1-eb504740fd31 4247fa44026b4cf58d848c710d79fb9b d8a0af9405d14635a66db25ca5de8dca - - default default] Successfully bumped revision number for resource ef87d65b-3feb-4ac4-b3e4-33564fa442ff (type: security_group_rules) to 0
2026-04-14 06:58:09.852 8 INFO neutron.db.segments_db [None req-38297b57-02e8-42a8-81c1-eb504740fd31 4247fa44026b4cf58d848c710d79fb9b d8a0af9405d14635a66db25ca5de8dca - - default default] Added segment 3c1bd65b-8e15-4354-b313-d335d18f852c of type geneve for network 0af72ae8-6a2e-4603-b36e-1fbf13d07f27 [pid: 7|app: 0|req: 766/1616] 10.0.0.118 () {32 vars in 724 bytes} [Tue Apr 14 06:58:09 2026] DELETE /v2.0/routers/85836668-8e37-472d-829f-6cba5bea8241 => generated 0 bytes in 165 msecs (HTTP/1.1 204) 2 headers in 112 bytes (1 switches on core 0)
2026-04-14 06:58:09.968 8 INFO neutron.db.segments_db [None req-38297b57-02e8-42a8-81c1-eb504740fd31 4247fa44026b4cf58d848c710d79fb9b d8a0af9405d14635a66db25ca5de8dca - - default default] Added segment 62e5ef01-9688-4834-9cbd-0089a4147f79 of type geneve for network 518b2eb7-d60c-4534-9d4a-f6747accf158 [pid: 7|app: 0|req: 767/1617] 10.0.0.118 () {32 vars in 724 bytes} [Tue Apr 14 06:58:09 2026] DELETE /v2.0/subnets/6529b9d0-b5ba-48a3-891a-ae56f5825ab1 => generated 0 bytes in 186 msecs (HTTP/1.1 204) 3 headers in 131 bytes (1 switches on core 0)
2026-04-14 06:58:10.112 8 INFO neutron.db.ovn_revision_numbers_db [None req-38297b57-02e8-42a8-81c1-eb504740fd31 4247fa44026b4cf58d848c710d79fb9b d8a0af9405d14635a66db25ca5de8dca - - default default] Successfully bumped revision number for resource 0af72ae8-6a2e-4603-b36e-1fbf13d07f27 (type: networks) to 1 [pid: 7|app: 0|req: 768/1618] 10.0.0.193 () {34 vars in 990 bytes} [Tue Apr 14 06:58:10 2026] GET /v2.0/ports?device_id=55bededd-e84e-4a41-bd79-23a1d7ee4e28 => generated 1010 bytes in 84 msecs (HTTP/1.1 200) 4 headers in 158 bytes (1 switches on core 0)
2026-04-14 06:58:10.262 8 WARNING neutron.scheduler.dhcp_agent_scheduler [None req-38297b57-02e8-42a8-81c1-eb504740fd31 4247fa44026b4cf58d848c710d79fb9b d8a0af9405d14635a66db25ca5de8dca - - default default] No more DHCP agents
2026-04-14 06:58:10.265 8 WARNING neutron.api.rpc.agentnotifiers.dhcp_rpc_agent_api [None req-38297b57-02e8-42a8-81c1-eb504740fd31 4247fa44026b4cf58d848c710d79fb9b d8a0af9405d14635a66db25ca5de8dca - - default default] Unable to schedule network 0af72ae8-6a2e-4603-b36e-1fbf13d07f27: no agents available; will retry on subsequent port and subnet creation events.
2026-04-14 06:58:10.287 7 INFO neutron_taas.services.taas.taas_plugin [None req-1419af1d-3716-4743-8439-808287090c38 475191a27ff44c2d89101f69b4c4a19a 40e56b3d14ac41789cede00628e245c3 - - default default] TaaS: Handle Delete Port: 5b996dee-e606-48d3-852f-7e92a0334e27
2026-04-14 06:58:10.291 7 INFO neutron_taas.services.taas.tap_mirror_plugin [None req-1419af1d-3716-4743-8439-808287090c38 475191a27ff44c2d89101f69b4c4a19a 40e56b3d14ac41789cede00628e245c3 - - default default] Tap Mirror: Handle Delete Port: 5b996dee-e606-48d3-852f-7e92a0334e27
2026-04-14 06:58:10.380 8 INFO neutron.db.ovn_revision_numbers_db [None req-38297b57-02e8-42a8-81c1-eb504740fd31 4247fa44026b4cf58d848c710d79fb9b d8a0af9405d14635a66db25ca5de8dca - - default default] Successfully bumped revision number for resource fbe2b4e3-9289-4012-9582-41ba3ea0ca2a (type: ports) to 1
2026-04-14 06:58:10.498 8 INFO neutron.db.ovn_revision_numbers_db [None req-38297b57-02e8-42a8-81c1-eb504740fd31 4247fa44026b4cf58d848c710d79fb9b d8a0af9405d14635a66db25ca5de8dca - - default default] Successfully bumped revision number for resource 518b2eb7-d60c-4534-9d4a-f6747accf158 (type: networks) to 1
2026-04-14 06:58:10.575 7 INFO neutron.services.segments.plugin [-] Segment f3a039bf-e57d-40a1-965e-89e886ec1b9e resource provider aggregate not found
2026-04-14 06:58:10.579 7 INFO neutron.services.segments.plugin [-] Segment f3a039bf-e57d-40a1-965e-89e886ec1b9e resource provider aggregate not found
2026-04-14 06:58:10.599 7 INFO neutron.services.segments.plugin [-] Segment f3a039bf-e57d-40a1-965e-89e886ec1b9e resource provider not found; error: Placement Client Error (4xx): {"errors": [{"status": 404, "title": "Not Found", "detail": "The resource could not be found.\n\n No resource provider with uuid f3a039bf-e57d-40a1-965e-89e886ec1b9e found for delete ", "request_id": "req-1791122c-3f08-4498-958f-32822786be7d"}]}
2026-04-14 06:58:10.608 7 INFO neutron.services.segments.plugin [-] Segment f3a039bf-e57d-40a1-965e-89e886ec1b9e resource provider not found; error: Placement Client Error (4xx): {"errors": [{"status": 404, "title": "Not Found", "detail": "The resource could not be found.\n\n No resource provider with uuid f3a039bf-e57d-40a1-965e-89e886ec1b9e found for delete ", "request_id": "req-a73c79e2-4ae0-4c33-beb0-7a501b040e6c"}]} [pid: 7|app: 0|req: 769/1619] 10.0.0.118 () {32 vars in 726 bytes} [Tue Apr 14 06:58:10 2026] DELETE /v2.0/networks/1723928c-1ff5-4b12-aed9-48dc37a32df6 => generated 0 bytes in 457 msecs (HTTP/1.1 204) 3 headers in 131 bytes (1 switches on core 0) [pid: 7|app: 0|req: 770/1620] 10.0.0.193 () {34 vars in 1120 bytes} [Tue Apr 14 06:58:10 2026] GET /v2.0/security-groups?id=501571a7-74d4-45a7-b7f2-c252ed77b09c&id=dd1b2761-371f-40b3-a6b4-4901cb3d8516&fields=id&fields=name => generated 205 bytes in 34 msecs (HTTP/1.1 200) 4 headers in 157 bytes (1 switches on core 0)
2026-04-14 06:58:10.716 8 WARNING neutron.scheduler.dhcp_agent_scheduler [None req-38297b57-02e8-42a8-81c1-eb504740fd31 4247fa44026b4cf58d848c710d79fb9b d8a0af9405d14635a66db25ca5de8dca - - default default] No more DHCP agents
2026-04-14 06:58:10.717 8 WARNING neutron.api.rpc.agentnotifiers.dhcp_rpc_agent_api [None req-38297b57-02e8-42a8-81c1-eb504740fd31 4247fa44026b4cf58d848c710d79fb9b d8a0af9405d14635a66db25ca5de8dca - - default default] Unable to schedule network 518b2eb7-d60c-4534-9d4a-f6747accf158: no agents available; will retry on subsequent port and subnet creation events.
2026-04-14 06:58:10.852 8 INFO neutron.db.ovn_revision_numbers_db [None req-38297b57-02e8-42a8-81c1-eb504740fd31 4247fa44026b4cf58d848c710d79fb9b d8a0af9405d14635a66db25ca5de8dca - - default default] Successfully bumped revision number for resource 0dc9b494-a663-44f7-a131-e4a0fffce051 (type: ports) to 1 [pid: 8|app: 0|req: 851/1621] 10.0.0.118 () {34 vars in 670 bytes} [Tue Apr 14 06:58:09 2026] POST /v2.0/networks => generated 1320 bytes in 1567 msecs (HTTP/1.1 201) 4 headers in 163 bytes (1 switches on core 0) [pid: 8|app: 0|req: 852/1622] 10.0.0.193 () {34 vars in 990 bytes} [Tue Apr 14 06:58:10 2026] GET /v2.0/ports?device_id=55bededd-e84e-4a41-bd79-23a1d7ee4e28 => generated 1010 bytes in 78 msecs (HTTP/1.1 200) 4 headers in 158 bytes (1 switches on core 0) [pid: 8|app: 0|req: 853/1623] 10.0.0.118 () {32 vars in 649 bytes} [Tue Apr 14 06:58:10 2026] GET /v2.0/networks => generated 1969 bytes in 36 msecs (HTTP/1.1 200) 4 headers in 158 bytes (1 switches on core 0)
2026-04-14 06:58:11.153 7 WARNING neutron.scheduler.dhcp_agent_scheduler [None req-552ac8fd-4f92-4e63-9828-c315448e4867 475191a27ff44c2d89101f69b4c4a19a 40e56b3d14ac41789cede00628e245c3 - - default default] No more DHCP agents
2026-04-14 06:58:11.154 7 WARNING neutron.api.rpc.agentnotifiers.dhcp_rpc_agent_api [None req-552ac8fd-4f92-4e63-9828-c315448e4867 475191a27ff44c2d89101f69b4c4a19a 40e56b3d14ac41789cede00628e245c3 - - default default] Unable to schedule network 9b524adc-de0e-432d-9de3-425a80f6b9a6: no agents available; will retry on subsequent port and subnet creation events.
2026-04-14 06:58:11.315 7 INFO neutron.db.ovn_revision_numbers_db [None req-552ac8fd-4f92-4e63-9828-c315448e4867 475191a27ff44c2d89101f69b4c4a19a 40e56b3d14ac41789cede00628e245c3 - - default default] Successfully bumped revision number for resource 781155ad-540a-4a59-9594-c0c3c2c430aa (type: ports) to 1
2026-04-14 06:58:11.529 8 INFO neutron.db.ovn_revision_numbers_db [None req-01865966-5b58-44cc-8a6c-e3fcda01173c 57035f37fe5c4a67828373c10dd1c63f ef33f3ef8c1f42069d72953e2a1f1e77 - - default default] Successfully bumped revision number for resource 1b000dc9-96d9-456a-851e-83ac57c42b1b (type: floatingips) to 1
2026-04-14 06:58:11.631 8 INFO neutron.db.ovn_revision_numbers_db [None req-01865966-5b58-44cc-8a6c-e3fcda01173c 57035f37fe5c4a67828373c10dd1c63f ef33f3ef8c1f42069d72953e2a1f1e77 - - default default] Successfully bumped revision number for resource 1b000dc9-96d9-456a-851e-83ac57c42b1b (type: floatingips) to 2
2026-04-14 06:58:11.631 8 INFO neutron.db.l3_db [None req-01865966-5b58-44cc-8a6c-e3fcda01173c 57035f37fe5c4a67828373c10dd1c63f ef33f3ef8c1f42069d72953e2a1f1e77 - - default default] Floating IP 1b000dc9-96d9-456a-851e-83ac57c42b1b associated. External IP: 10.96.250.205, port: 5dd1342e-d7db-444d-b30a-c5e401ae402a. [pid: 8|app: 0|req: 854/1624] 10.0.0.118 () {34 vars in 749 bytes} [Tue Apr 14 06:58:10 2026] PUT /v2.0/floatingips/1b000dc9-96d9-456a-851e-83ac57c42b1b => generated 855 bytes in 661 msecs (HTTP/1.1 200) 4 headers in 157 bytes (1 switches on core 0)
2026-04-14 06:58:11.705 8 INFO neutron.notifiers.nova [-] Nova event matching ['req-ff711b03-3202-4dd4-b76e-b6e524e7534e'] response: {'name': 'network-changed', 'server_uuid': '55bededd-e84e-4a41-bd79-23a1d7ee4e28', 'tag': '5dd1342e-d7db-444d-b30a-c5e401ae402a', 'status': 'completed', 'code': 200}
2026-04-14 06:58:11.761 8 INFO neutron_taas.services.taas.taas_plugin [None req-305005df-5dc1-4b51-8979-3e3f0e71b62d 4247fa44026b4cf58d848c710d79fb9b d8a0af9405d14635a66db25ca5de8dca - - default default] TaaS: Handle Delete Port: fbe2b4e3-9289-4012-9582-41ba3ea0ca2a
2026-04-14 06:58:11.763 8 INFO neutron_taas.services.taas.tap_mirror_plugin [None req-305005df-5dc1-4b51-8979-3e3f0e71b62d 4247fa44026b4cf58d848c710d79fb9b d8a0af9405d14635a66db25ca5de8dca - - default default] Tap Mirror: Handle Delete Port: fbe2b4e3-9289-4012-9582-41ba3ea0ca2a
2026-04-14 06:58:11.950 7 INFO neutron.plugins.ml2.drivers.ovn.mech_driver.ovsdb.commands [None req-19a7e784-7516-41f2-be80-b791106c1dee - - - - - -] Schedule LRP lrp-781155ad-540a-4a59-9594-c0c3c2c430aa on gateway 8147f399-79db-45f6-a892-ed4cca263438 with priority 1
2026-04-14 06:58:11.964 8 INFO neutron.services.segments.plugin [-] Segment 3c1bd65b-8e15-4354-b313-d335d18f852c resource provider aggregate not found
2026-04-14 06:58:11.967 8 INFO neutron.services.segments.plugin [-] Segment 3c1bd65b-8e15-4354-b313-d335d18f852c resource provider aggregate not found
2026-04-14 06:58:11.991 8 INFO neutron.services.segments.plugin [-] Segment 3c1bd65b-8e15-4354-b313-d335d18f852c resource provider not found; error: Placement Client Error (4xx): {"errors": [{"status": 404, "title": "Not Found", "detail": "The resource could not be found.\n\n No resource provider with uuid 3c1bd65b-8e15-4354-b313-d335d18f852c found for delete ", "request_id": "req-ccf978a0-084a-4622-9801-3fb449f76fa9"}]}
2026-04-14 06:58:11.998 8 INFO neutron.services.segments.plugin [-] Segment 3c1bd65b-8e15-4354-b313-d335d18f852c resource provider not found; error: Placement Client Error (4xx): {"errors": [{"status": 404, "title": "Not Found", "detail": "The resource could not be found.\n\n No resource provider with uuid 3c1bd65b-8e15-4354-b313-d335d18f852c found for delete ", "request_id": "req-423c3141-9212-43b4-ac78-6a07486a35f7"}]}
2026-04-14 06:58:12.079 7 INFO neutron.db.ovn_revision_numbers_db [None req-552ac8fd-4f92-4e63-9828-c315448e4867 475191a27ff44c2d89101f69b4c4a19a 40e56b3d14ac41789cede00628e245c3 - - default default] Successfully bumped revision number for resource 781155ad-540a-4a59-9594-c0c3c2c430aa (type: router_ports) to 1 [pid: 8|app: 0|req: 855/1625] 10.0.0.118 () {32 vars in 726 bytes} [Tue Apr 14 06:58:11 2026] DELETE /v2.0/networks/0af72ae8-6a2e-4603-b36e-1fbf13d07f27 => generated 0 bytes in 474 msecs (HTTP/1.1 204) 3 headers in 131 bytes (1 switches on core 0)
2026-04-14 06:58:12.176 7 INFO neutron.db.ovn_revision_numbers_db [None req-552ac8fd-4f92-4e63-9828-c315448e4867 475191a27ff44c2d89101f69b4c4a19a 40e56b3d14ac41789cede00628e245c3 - - default default] Successfully bumped revision number for resource c6dc206f-3e27-4107-8406-f6e755a775bd (type: routers) to 2 [pid: 7|app: 0|req: 771/1626] 10.0.0.118 () {34 vars in 669 bytes} [Tue Apr 14 06:58:10 2026] POST /v2.0/routers => generated 947 bytes in 1532 msecs (HTTP/1.1 201) 4 headers in 162 bytes (1 switches on core 0) [pid: 8|app: 0|req: 856/1629] 10.0.0.119 () {34 vars in 990 bytes} [Tue Apr 14 06:58:12 2026] GET /v2.0/ports?device_id=2841935a-4d63-45fd-842f-b5930718c691 => generated 1213 bytes in 106 msecs (HTTP/1.1 200) 4 headers in 158 bytes (1 switches on core 0) [pid: 8|app: 0|req: 857/1630] 10.0.0.118 () {32 vars in 721 bytes} [Tue Apr 14 06:58:12 2026] GET /v2.0/routers/c6dc206f-3e27-4107-8406-f6e755a775bd => generated 953 bytes in 71 msecs (HTTP/1.1 200) 4 headers in 157 bytes (1 switches on core 0) [pid: 8|app: 0|req: 858/1631] 199.204.45.33 () {34 vars in 1079 bytes} [Tue Apr 14 06:58:12 2026] GET /v2.0/ports?tenant_id=ef33f3ef8c1f42069d72953e2a1f1e77&device_id=55bededd-e84e-4a41-bd79-23a1d7ee4e28 => generated 1248 bytes in 31 msecs (HTTP/1.1 200) 4 headers in 158 bytes (1 switches on core 0)
2026-04-14 06:58:12.337 7 INFO neutron_taas.services.taas.taas_plugin [None req-0a12634c-41c2-46d5-9715-23f3e437a829 4247fa44026b4cf58d848c710d79fb9b d8a0af9405d14635a66db25ca5de8dca - - default default] TaaS: Handle Delete Port: 0dc9b494-a663-44f7-a131-e4a0fffce051
2026-04-14 06:58:12.344 7 INFO neutron_taas.services.taas.tap_mirror_plugin [None req-0a12634c-41c2-46d5-9715-23f3e437a829 4247fa44026b4cf58d848c710d79fb9b d8a0af9405d14635a66db25ca5de8dca - - default default] Tap Mirror: Handle Delete Port: 0dc9b494-a663-44f7-a131-e4a0fffce051 [pid: 8|app: 0|req: 859/1632] 10.0.0.119 () {34 vars in 1040 bytes} [Tue Apr 14 06:58:12 2026] GET /v2.0/security-groups?id=cf9dc5f3-ee58-4daa-bc76-2466f8702bf1&fields=id&fields=name => generated 114 bytes in 24 msecs (HTTP/1.1 200) 4 headers in 157 bytes (1 switches on core 0) [pid: 8|app: 0|req: 860/1633] 10.0.0.118 () {32 vars in 647 bytes} [Tue Apr 14 06:58:12 2026] GET /v2.0/routers => generated 956 bytes in 151 msecs (HTTP/1.1 200) 4 headers in 157 bytes (1 switches on core 0) [pid: 8|app: 0|req: 861/1634] 199.204.45.33 () {34 vars in 985 bytes} [Tue Apr 14 06:58:12 2026] GET /v2.0/networks?id=b4144f2c-9b4e-4c2c-a811-cafe50811837 => generated 809 bytes in 59 msecs (HTTP/1.1 200) 4 headers in 157 bytes (1 switches on core 0)
2026-04-14 06:58:12.631 7 INFO neutron.services.segments.plugin [-] Segment 62e5ef01-9688-4834-9cbd-0089a4147f79 resource provider aggregate not found
2026-04-14 06:58:12.638 7 INFO neutron.services.segments.plugin [-] Segment 62e5ef01-9688-4834-9cbd-0089a4147f79 resource provider aggregate not found
2026-04-14 06:58:12.648 7 INFO neutron.services.segments.plugin [-] Segment 62e5ef01-9688-4834-9cbd-0089a4147f79 resource provider not found; error: Placement Client Error (4xx): {"errors": [{"status": 404, "title": "Not Found", "detail": "The resource could not be found.\n\n No resource provider with uuid 62e5ef01-9688-4834-9cbd-0089a4147f79 found for delete ", "request_id": "req-ab91a524-f2d0-4f94-a081-cb1be7e5e9e6"}]}
2026-04-14 06:58:12.658 7 INFO neutron.services.segments.plugin [-] Segment 62e5ef01-9688-4834-9cbd-0089a4147f79 resource provider not found; error: Placement Client Error (4xx): {"errors": [{"status": 404, "title": "Not Found", "detail": "The resource could not be found.\n\n No resource provider with uuid 62e5ef01-9688-4834-9cbd-0089a4147f79 found for delete ", "request_id": "req-eb5768ca-4ff6-4ade-9c6a-224fae29f6c7"}]} [pid: 7|app: 0|req: 774/1635] 10.0.0.118 () {32 vars in 726 bytes} [Tue Apr 14 06:58:12 2026] DELETE /v2.0/networks/518b2eb7-d60c-4534-9d4a-f6747accf158 => generated 0 bytes in 462 msecs (HTTP/1.1 204) 3 headers in 131 bytes (1 switches on core 0) [pid: 7|app: 0|req: 775/1636] 199.204.45.33 () {34 vars in 1057 bytes} [Tue Apr 14 06:58:12 2026] GET /v2.0/floatingips?fixed_ip_address=10.100.0.6&port_id=5dd1342e-d7db-444d-b30a-c5e401ae402a => generated 860 bytes in 39 msecs (HTTP/1.1 200) 4 headers in 157 bytes (1 switches on core 0) [pid: 7|app: 0|req: 776/1637] 10.0.0.118 () {32 vars in 649 bytes} [Tue Apr 14 06:58:12 2026] GET /v2.0/networks => generated 689 bytes in 45 msecs (HTTP/1.1 200) 4 headers in 157 bytes (1 switches on core 0) [pid: 7|app: 0|req: 777/1638] 199.204.45.33 () {34 vars in 983 bytes} [Tue Apr 14 06:58:12 2026] GET /v2.0/subnets?id=72e16b00-9ff7-4d1d-81ff-3cd025423252 => generated 690 bytes in 26 msecs (HTTP/1.1 200) 4 headers in 157 bytes (1 switches on core 0)
2026-04-14 06:58:12.887 7 INFO neutron.db.segments_db [None req-24c86c75-cf2a-4174-a576-be19366e50f6 4247fa44026b4cf58d848c710d79fb9b d8a0af9405d14635a66db25ca5de8dca - - default default] Added segment a1c55a6d-137c-439a-a73e-8c7a22e02d77 of type geneve for network 9dc8af58-a96b-44f1-98f8-d5d6d41ff4b6
2026-04-14 06:58:13.003 7 INFO neutron.db.ovn_revision_numbers_db [None req-24c86c75-cf2a-4174-a576-be19366e50f6 4247fa44026b4cf58d848c710d79fb9b d8a0af9405d14635a66db25ca5de8dca - - default default] Successfully bumped revision number for resource 9dc8af58-a96b-44f1-98f8-d5d6d41ff4b6 (type: networks) to 1
2026-04-14 06:58:13.065 8 INFO neutron.db.ovn_revision_numbers_db [None req-b278d74e-07a4-45ae-bf42-89e0b2c56ea6 475191a27ff44c2d89101f69b4c4a19a 40e56b3d14ac41789cede00628e245c3 - - default default] Successfully bumped revision number for resource c6dc206f-3e27-4107-8406-f6e755a775bd (type: routers) to 3 [pid: 8|app: 0|req: 862/1639] 10.0.0.118 () {34 vars in 741 bytes} [Tue Apr 14 06:58:12 2026] PUT /v2.0/routers/c6dc206f-3e27-4107-8406-f6e755a775bd => generated 960 bytes in 498 msecs (HTTP/1.1 200) 4 headers in 157 bytes (1 switches on core 0) [pid: 8|app: 0|req: 863/1640] 199.204.45.33 () {34 vars in 1051 bytes} [Tue Apr 14 06:58:13 2026] GET /v2.0/ports?network_id=b4144f2c-9b4e-4c2c-a811-cafe50811837&device_owner=network%3Adhcp => generated 12 bytes in 30 msecs (HTTP/1.1 200) 4 headers in 156 bytes (1 switches on core 0) [pid: 8|app: 0|req: 864/1641] 10.0.0.118 () {32 vars in 721 bytes} [Tue Apr 14 06:58:13 2026] GET /v2.0/routers/c6dc206f-3e27-4107-8406-f6e755a775bd => generated 960 bytes in 59 msecs (HTTP/1.1 200) 4 headers in 157 bytes (1 switches on core 0)
2026-04-14 06:58:13.195 7 WARNING neutron.scheduler.dhcp_agent_scheduler [None req-24c86c75-cf2a-4174-a576-be19366e50f6 4247fa44026b4cf58d848c710d79fb9b d8a0af9405d14635a66db25ca5de8dca - - default default] No more DHCP agents
2026-04-14 06:58:13.196 7 WARNING neutron.api.rpc.agentnotifiers.dhcp_rpc_agent_api [None req-24c86c75-cf2a-4174-a576-be19366e50f6 4247fa44026b4cf58d848c710d79fb9b d8a0af9405d14635a66db25ca5de8dca - - default default] Unable to schedule network 9dc8af58-a96b-44f1-98f8-d5d6d41ff4b6: no agents available; will retry on subsequent port and subnet creation events. [pid: 8|app: 0|req: 865/1642] 199.204.45.33 () {34 vars in 1011 bytes} [Tue Apr 14 06:58:13 2026] GET /v2.0/networks/b4144f2c-9b4e-4c2c-a811-cafe50811837?fields=segments => generated 14 bytes in 49 msecs (HTTP/1.1 200) 4 headers in 156 bytes (1 switches on core 0) [pid: 8|app: 0|req: 866/1643] 10.0.0.118 () {32 vars in 736 bytes} [Tue Apr 14 06:58:13 2026] GET /v2.0/ports?device_id=c6dc206f-3e27-4107-8406-f6e755a775bd => generated 12 bytes in 31 msecs (HTTP/1.1 200) 4 headers in 156 bytes (1 switches on core 0)
2026-04-14 06:58:13.300 7 INFO neutron.db.ovn_revision_numbers_db [None req-24c86c75-cf2a-4174-a576-be19366e50f6 4247fa44026b4cf58d848c710d79fb9b d8a0af9405d14635a66db25ca5de8dca - - default default] Successfully bumped revision number for resource 6fb26b3d-4560-4e06-9997-12b05e1a4056 (type: ports) to 1 [pid: 8|app: 0|req: 867/1644] 199.204.45.33 () {34 vars in 1111 bytes} [Tue Apr 14 06:58:13 2026] GET /v2.0/networks/b4144f2c-9b4e-4c2c-a811-cafe50811837?fields=provider%3Aphysical_network&fields=provider%3Anetwork_type => generated 79 bytes in 77 msecs (HTTP/1.1 200) 4 headers in 156 bytes (1 switches on core 0) [pid: 7|app: 0|req: 778/1645] 10.0.0.118 () {34 vars in 670 bytes} [Tue Apr 14 06:58:12 2026] POST /v2.0/networks => generated 687 bytes in 561 msecs (HTTP/1.1 201) 4 headers in 162 bytes (1 switches on core 0)
2026-04-14 06:58:13.439 7 INFO neutron.db.segments_db [None req-9848a1bd-0095-4aed-9250-2341054fabf4 4247fa44026b4cf58d848c710d79fb9b d8a0af9405d14635a66db25ca5de8dca - - default default] Added segment b43fa6ef-de32-463c-bb8a-0a3b37873ea7 of type geneve for network 9aaad178-ed6e-4dd1-b1ae-dc5613d974b9
2026-04-14 06:58:13.591 7 INFO neutron.db.ovn_revision_numbers_db [None req-9848a1bd-0095-4aed-9250-2341054fabf4 4247fa44026b4cf58d848c710d79fb9b d8a0af9405d14635a66db25ca5de8dca - - default default] Successfully bumped revision number for resource 9aaad178-ed6e-4dd1-b1ae-dc5613d974b9 (type: networks) to 1
2026-04-14 06:58:13.689 8 INFO neutron_taas.services.taas.taas_plugin [None req-c90775b4-5326-4a1b-a76d-f2a7dbe76da4 475191a27ff44c2d89101f69b4c4a19a 40e56b3d14ac41789cede00628e245c3 - - default default] TaaS: Handle Delete Port: 781155ad-540a-4a59-9594-c0c3c2c430aa
2026-04-14 06:58:13.692 8 INFO neutron_taas.services.taas.tap_mirror_plugin [None req-c90775b4-5326-4a1b-a76d-f2a7dbe76da4 475191a27ff44c2d89101f69b4c4a19a 40e56b3d14ac41789cede00628e245c3 - - default default] Tap Mirror: Handle Delete Port: 781155ad-540a-4a59-9594-c0c3c2c430aa
2026-04-14 06:58:13.772 7 WARNING neutron.scheduler.dhcp_agent_scheduler [None req-9848a1bd-0095-4aed-9250-2341054fabf4 4247fa44026b4cf58d848c710d79fb9b d8a0af9405d14635a66db25ca5de8dca - - default default] No more DHCP agents
2026-04-14 06:58:13.773 7 WARNING neutron.api.rpc.agentnotifiers.dhcp_rpc_agent_api [None req-9848a1bd-0095-4aed-9250-2341054fabf4 4247fa44026b4cf58d848c710d79fb9b d8a0af9405d14635a66db25ca5de8dca - - default default] Unable to schedule network 9aaad178-ed6e-4dd1-b1ae-dc5613d974b9: no agents available; will retry on subsequent port and subnet creation events.
2026-04-14 06:58:13.945 7 WARNING neutron.plugins.ml2.drivers.ovn.mech_driver.ovsdb.ovn_client [None req-cb2d0c65-e035-441d-afb8-c7f4810f79a1 - - - - - -] No port found with ID 1559bd6b-2943-4adc-83e5-e35ff9ada3d7: RuntimeError: No port found with ID 1559bd6b-2943-4adc-83e5-e35ff9ada3d7
2026-04-14 06:58:13.990 7 INFO neutron.db.ovn_revision_numbers_db [None req-9848a1bd-0095-4aed-9250-2341054fabf4 4247fa44026b4cf58d848c710d79fb9b d8a0af9405d14635a66db25ca5de8dca - - default default] Successfully bumped revision number for resource 6b0108b2-7ac2-4ce3-ae29-361ceeef6151 (type: ports) to 1
2026-04-14 06:58:14.017 7 INFO neutron.plugins.ml2.drivers.ovn.mech_driver.mech_driver [None req-cb2d0c65-e035-441d-afb8-c7f4810f79a1 - - - - - -] OVN reports status down for port: fbe2b4e3-9289-4012-9582-41ba3ea0ca2a [pid: 7|app: 0|req: 779/1646] 10.0.0.118 () {34 vars in 670 bytes} [Tue Apr 14 06:58:13 2026] POST /v2.0/networks => generated 688 bytes in 695 msecs (HTTP/1.1 201) 4 headers in 162 bytes (1 switches on core 0)
2026-04-14 06:58:14.037 7 INFO neutron.plugins.ml2.drivers.ovn.mech_driver.mech_driver [None req-cb2d0c65-e035-441d-afb8-c7f4810f79a1 - - - - - -] OVN reports status down for port: 0dc9b494-a663-44f7-a131-e4a0fffce051
2026-04-14 06:58:14.057 7 INFO neutron.plugins.ml2.drivers.ovn.mech_driver.mech_driver [None req-cb2d0c65-e035-441d-afb8-c7f4810f79a1 - - - - - -] OVN reports status down for port: 781155ad-540a-4a59-9594-c0c3c2c430aa
2026-04-14 06:58:14.105 7 INFO neutron.plugins.ml2.drivers.ovn.mech_driver.mech_driver [None req-cb2d0c65-e035-441d-afb8-c7f4810f79a1 - - - - - -] OVN reports status up for port: 781155ad-540a-4a59-9594-c0c3c2c430aa
2026-04-14 06:58:14.128 7 INFO neutron.plugins.ml2.drivers.ovn.mech_driver.mech_driver [None req-cb2d0c65-e035-441d-afb8-c7f4810f79a1 - - - - - -] OVN reports status down for port: 6fb26b3d-4560-4e06-9997-12b05e1a4056 [pid: 8|app: 0|req: 868/1647] 10.0.0.118 () {32 vars in 724 bytes} [Tue Apr 14 06:58:13 2026] DELETE /v2.0/routers/c6dc206f-3e27-4107-8406-f6e755a775bd => generated 0 bytes in 890 msecs (HTTP/1.1 204) 2 headers in 112 bytes (1 switches on core 0) [pid: 8|app: 0|req: 869/1648] 10.0.0.118 () {32 vars in 736 bytes} [Tue Apr 14 06:58:14 2026] GET /v2.0/ports?device_id=c6dc206f-3e27-4107-8406-f6e755a775bd => generated 12 bytes in 23 msecs (HTTP/1.1 200) 4 headers in 156 bytes (1 switches on core 0)
2026-04-14 06:58:14.266 8 INFO neutron.api.v2.resource [None req-9c953a43-aa12-422e-b161-a2933c77992f 475191a27ff44c2d89101f69b4c4a19a 40e56b3d14ac41789cede00628e245c3 - - default default] delete failed (client error): The resource could not be found. [pid: 8|app: 0|req: 870/1649] 10.0.0.118 () {32 vars in 724 bytes} [Tue Apr 14 06:58:14 2026] DELETE /v2.0/routers/c6dc206f-3e27-4107-8406-f6e755a775bd => generated 135 bytes in 18 msecs (HTTP/1.1 404) 4 headers in 164 bytes (1 switches on core 0)
2026-04-14 06:58:14.272 7 INFO neutron.plugins.ml2.drivers.ovn.mech_driver.mech_driver [None req-cb2d0c65-e035-441d-afb8-c7f4810f79a1 - - - - - -] OVN reports status down for port: 6b0108b2-7ac2-4ce3-ae29-361ceeef6151 [pid: 8|app: 0|req: 871/1650] 10.0.0.118 () {32 vars in 736 bytes} [Tue Apr 14 06:58:14 2026] GET /v2.0/ports?device_id=85836668-8e37-472d-829f-6cba5bea8241 => generated 12 bytes in 24 msecs (HTTP/1.1 200) 4 headers in 156 bytes (1 switches on core 0)
2026-04-14 06:58:14.316 8 INFO neutron.api.v2.resource [None req-edff5767-b7db-4ed8-a185-65adf8215c19 475191a27ff44c2d89101f69b4c4a19a 40e56b3d14ac41789cede00628e245c3 - - default default] delete failed (client error): The resource could not be found. [pid: 8|app: 0|req: 872/1651] 10.0.0.118 () {32 vars in 724 bytes} [Tue Apr 14 06:58:14 2026] DELETE /v2.0/routers/85836668-8e37-472d-829f-6cba5bea8241 => generated 135 bytes in 19 msecs (HTTP/1.1 404) 4 headers in 164 bytes (1 switches on core 0)
2026-04-14 06:58:14.335 8 INFO neutron.pecan_wsgi.hooks.translation [None req-ac8325e9-f6bb-4fe6-b72e-354f186ee54e 475191a27ff44c2d89101f69b4c4a19a 40e56b3d14ac41789cede00628e245c3 - - default default] DELETE failed (client error): The resource could not be found. [pid: 8|app: 0|req: 873/1652] 10.0.0.118 () {32 vars in 724 bytes} [Tue Apr 14 06:58:14 2026] DELETE /v2.0/subnets/6529b9d0-b5ba-48a3-891a-ae56f5825ab1 => generated 136 bytes in 15 msecs (HTTP/1.1 404) 4 headers in 164 bytes (1 switches on core 0) [pid: 8|app: 0|req: 874/1653] 10.0.0.118 () {32 vars in 736 bytes} [Tue Apr 14 06:58:14 2026] GET /v2.0/ports?device_id=a5ba7a6d-8480-4aa6-a5a1-c512ace85b87 => generated 12 bytes in 16 msecs (HTTP/1.1 200) 4 headers in 156 bytes (1 switches on core 0)
