2026-04-14 06:59:53.915 7 INFO neutron.plugins.ml2.drivers.ovn.mech_driver.mech_driver [None req-a3f0419f-64fc-430d-81c3-14f25cc36e54 - - - - - -] OVN reports status up for port: aed282d7-707c-434e-8385-8d8f110b6bbe
2026-04-14 06:59:53.918 7 INFO neutron.plugins.ml2.drivers.ovn.mech_driver.ovsdb.ovsdb_monitor [None req-a978010f-5508-4847-9e4e-c32109e8393d - - - - - -] Router 2b413956-1f61-41a4-b0b1-7f730efe758c is bound to host instance
2026-04-14 06:59:53.939 8 INFO neutron.db.ovn_revision_numbers_db [None req-ae869986-9d3a-433d-bdb0-13a6af6e6c13 5e242455f0d743cba7f5db4a17319326 7deeadb31541439e822a9316ceb43d9f - - default default] Successfully bumped revision number for resource 2b413956-1f61-41a4-b0b1-7f730efe758c (type: routers) to 2 [pid: 8|app: 0|req: 1188/2337] 10.0.0.118 () {34 vars in 669 bytes} [Tue Apr 14 06:59:52 2026] POST /v2.0/routers => generated 944 bytes in 1498 msecs (HTTP/1.1 201) 4 headers in 162 bytes (1 switches on core 0)
2026-04-14 06:59:53.993 7 INFO neutron.plugins.ml2.plugin [None req-a3f0419f-64fc-430d-81c3-14f25cc36e54 - - - - - -] Attempt 1 to provision port aed282d7-707c-434e-8385-8d8f110b6bbe
2026-04-14 06:59:54.193 7 INFO neutron.db.ovn_revision_numbers_db [None req-8c77b65b-d8a3-4b7f-acda-9bdd47d337f7 f582fe77c69b482fb691c64128984fcc a9a7b6e754684a52a7354938d6178d28 - - default default] Successfully bumped revision number for resource d3c891d4-3e44-4c0d-9af9-97dd36a0b22a (type: security_groups) to 1
2026-04-14 06:59:54.217 7 INFO neutron.db.ovn_revision_numbers_db [None req-8c77b65b-d8a3-4b7f-acda-9bdd47d337f7 f582fe77c69b482fb691c64128984fcc a9a7b6e754684a52a7354938d6178d28 - - default default] Successfully bumped revision number for resource 7c92199e-2789-486c-890f-847e3bc9e264 (type: security_group_rules) to 0 [pid: 8|app: 0|req: 1189/2338] 10.0.0.118 () {34 vars in 676 bytes} [Tue Apr 14 06:59:53 2026] POST /v2.0/subnetpools => generated 516 bytes in 254 msecs (HTTP/1.1 201) 4 headers in 162 bytes (1 switches on core 0)
2026-04-14 06:59:54.237 7 INFO neutron.db.ovn_revision_numbers_db [None req-8c77b65b-d8a3-4b7f-acda-9bdd47d337f7 f582fe77c69b482fb691c64128984fcc a9a7b6e754684a52a7354938d6178d28 - - default default] Successfully bumped revision number for resource 84442793-440b-427d-b7b2-1986355f1f79 (type: security_group_rules) to 0
2026-04-14 06:59:54.261 7 INFO neutron.db.ovn_revision_numbers_db [None req-8c77b65b-d8a3-4b7f-acda-9bdd47d337f7 f582fe77c69b482fb691c64128984fcc a9a7b6e754684a52a7354938d6178d28 - - default default] Successfully bumped revision number for resource 872acb1d-a8c6-47e7-8d50-6e868cf72de3 (type: security_group_rules) to 0
2026-04-14 06:59:54.286 7 INFO neutron.db.ovn_revision_numbers_db [None req-8c77b65b-d8a3-4b7f-acda-9bdd47d337f7 f582fe77c69b482fb691c64128984fcc a9a7b6e754684a52a7354938d6178d28 - - default default] Successfully bumped revision number for resource d2b6ec49-307b-4d49-879a-7172fb410182 (type: security_group_rules) to 0
2026-04-14 06:59:54.407 7 INFO neutron.db.segments_db [None req-8c77b65b-d8a3-4b7f-acda-9bdd47d337f7 f582fe77c69b482fb691c64128984fcc a9a7b6e754684a52a7354938d6178d28 - - default default] Added segment be1038bf-2ee1-4fd1-b3d3-29f9d46a8262 of type geneve for network e935cfcc-099b-46fa-baf0-5a39b1b6ae47
2026-04-14 06:59:54.614 7 INFO neutron.db.ovn_revision_numbers_db [None req-8c77b65b-d8a3-4b7f-acda-9bdd47d337f7 f582fe77c69b482fb691c64128984fcc a9a7b6e754684a52a7354938d6178d28 - - default default] Successfully bumped revision number for resource e935cfcc-099b-46fa-baf0-5a39b1b6ae47 (type: networks) to 1
2026-04-14 06:59:54.783 8 WARNING neutron.scheduler.dhcp_agent_scheduler [None req-bf547441-1c1c-4c03-b28e-49f2c468c46b 5e242455f0d743cba7f5db4a17319326 7deeadb31541439e822a9316ceb43d9f - - default default] No more DHCP agents
2026-04-14 06:59:54.784 8 WARNING neutron.api.rpc.agentnotifiers.dhcp_rpc_agent_api [None req-bf547441-1c1c-4c03-b28e-49f2c468c46b 5e242455f0d743cba7f5db4a17319326 7deeadb31541439e822a9316ceb43d9f - - default default] Unable to schedule network ac0cea77-c337-4556-9ade-e40e11079540: no agents available; will retry on subsequent port and subnet creation events.
2026-04-14 06:59:54.949 8 INFO neutron.db.ovn_revision_numbers_db [None req-bf547441-1c1c-4c03-b28e-49f2c468c46b 5e242455f0d743cba7f5db4a17319326 7deeadb31541439e822a9316ceb43d9f - - default default] Successfully bumped revision number for resource 0549d98e-549d-427d-a003-87b2ce3f0602 (type: ports) to 1
2026-04-14 06:59:54.966 7 WARNING neutron.scheduler.dhcp_agent_scheduler [None req-8c77b65b-d8a3-4b7f-acda-9bdd47d337f7 f582fe77c69b482fb691c64128984fcc a9a7b6e754684a52a7354938d6178d28 - - default default] No more DHCP agents
2026-04-14 06:59:54.973 7 WARNING neutron.api.rpc.agentnotifiers.dhcp_rpc_agent_api [None req-8c77b65b-d8a3-4b7f-acda-9bdd47d337f7 f582fe77c69b482fb691c64128984fcc a9a7b6e754684a52a7354938d6178d28 - - default default] Unable to schedule network e935cfcc-099b-46fa-baf0-5a39b1b6ae47: no agents available; will retry on subsequent port and subnet creation events.
2026-04-14 06:59:55.190 7 INFO neutron.db.ovn_revision_numbers_db [None req-8c77b65b-d8a3-4b7f-acda-9bdd47d337f7 f582fe77c69b482fb691c64128984fcc a9a7b6e754684a52a7354938d6178d28 - - default default] Successfully bumped revision number for resource 3a08e9d7-71da-4c15-9959-98ff7aac0ac4 (type: ports) to 1 [pid: 7|app: 0|req: 1150/2339] 10.0.0.118 () {34 vars in 670 bytes} [Tue Apr 14 06:59:53 2026] POST /v2.0/networks => generated 669 bytes in 1694 msecs (HTTP/1.1 201) 4 headers in 162 bytes (1 switches on core 0) [pid: 7|app: 0|req: 1151/2340] 10.0.0.118 () {34 vars in 759 bytes} [Tue Apr 14 06:59:55 2026] PUT /v2.0/subnetpools/b1ddad0c-0fe8-4dc8-8a34-df8dc44fc439/tags => generated 25 bytes in 81 msecs (HTTP/1.1 200) 4 headers in 156 bytes (1 switches on core 0)
2026-04-14 06:59:55.385 7 INFO neutron.db.ovn_revision_numbers_db [None req-1a7a8d91-4ee1-4e12-aca0-377cdbdbe24a - - - - - -] Successfully bumped revision number for resource aed282d7-707c-434e-8385-8d8f110b6bbe (type: ports) to 4
2026-04-14 06:59:55.757 7 INFO neutron.db.ovn_revision_numbers_db [None req-10151e88-a7ca-411d-9d30-13b163c38f74 a35bf624aea14f9392890f77912c5d01 de3302219b424fb6bcd4cf98acfe84e4 - - default default] Successfully bumped revision number for resource 18586d17-d68d-4b42-823a-b5d70d9ba2c3 (type: security_groups) to 1
2026-04-14 06:59:55.778 7 INFO neutron.db.ovn_revision_numbers_db [None req-10151e88-a7ca-411d-9d30-13b163c38f74 a35bf624aea14f9392890f77912c5d01 de3302219b424fb6bcd4cf98acfe84e4 - - default default] Successfully bumped revision number for resource 08925e9d-cda9-43e8-9084-f70a2ea49ebe (type: security_group_rules) to 0
2026-04-14 06:59:55.805 7 INFO neutron.db.ovn_revision_numbers_db [None req-10151e88-a7ca-411d-9d30-13b163c38f74 a35bf624aea14f9392890f77912c5d01 de3302219b424fb6bcd4cf98acfe84e4 - - default default] Successfully bumped revision number for resource 4a21c0a8-ea49-4e93-a084-a2464ee6a1e9 (type: security_group_rules) to 0
2026-04-14 06:59:55.829 8 WARNING neutron.scheduler.dhcp_agent_scheduler [None req-bf547441-1c1c-4c03-b28e-49f2c468c46b 5e242455f0d743cba7f5db4a17319326 7deeadb31541439e822a9316ceb43d9f - - default default] No more DHCP agents
2026-04-14 06:59:55.830 7 INFO neutron.db.ovn_revision_numbers_db [None req-10151e88-a7ca-411d-9d30-13b163c38f74 a35bf624aea14f9392890f77912c5d01 de3302219b424fb6bcd4cf98acfe84e4 - - default default] Successfully bumped revision number for resource 9dc618da-f38b-4303-85c7-702021cea4f5 (type: security_group_rules) to 0
2026-04-14 06:59:55.832 8 WARNING neutron.api.rpc.agentnotifiers.dhcp_rpc_agent_api [None req-bf547441-1c1c-4c03-b28e-49f2c468c46b 5e242455f0d743cba7f5db4a17319326 7deeadb31541439e822a9316ceb43d9f - - default default] Unable to schedule network ac0cea77-c337-4556-9ade-e40e11079540: no agents available; will retry on subsequent port and subnet creation events.
2026-04-14 06:59:55.847 7 INFO neutron.db.ovn_revision_numbers_db [None req-10151e88-a7ca-411d-9d30-13b163c38f74 a35bf624aea14f9392890f77912c5d01 de3302219b424fb6bcd4cf98acfe84e4 - - default default] Successfully bumped revision number for resource d4d4133d-0fa6-4ee1-b450-f76a4c7a0087 (type: security_group_rules) to 0
2026-04-14 06:59:55.964 7 INFO neutron.db.segments_db [None req-10151e88-a7ca-411d-9d30-13b163c38f74 a35bf624aea14f9392890f77912c5d01 de3302219b424fb6bcd4cf98acfe84e4 - - default default] Added segment 1e521679-d83e-4590-a1c7-175ba0b1f0bd of type geneve for network 73966dfb-5243-4df4-9dd3-bea38c1654cf
2026-04-14 06:59:55.986 7 INFO neutron.db.ovn_revision_numbers_db [None req-1a7a8d91-4ee1-4e12-aca0-377cdbdbe24a - - - - - -] Successfully bumped revision number for resource aed282d7-707c-434e-8385-8d8f110b6bbe (type: ports) to 5
2026-04-14 06:59:56.174 7 INFO neutron.db.ovn_revision_numbers_db [None req-10151e88-a7ca-411d-9d30-13b163c38f74 a35bf624aea14f9392890f77912c5d01 de3302219b424fb6bcd4cf98acfe84e4 - - default default] Successfully bumped revision number for resource 73966dfb-5243-4df4-9dd3-bea38c1654cf (type: networks) to 1
2026-04-14 06:59:56.313 8 INFO neutron.db.ovn_revision_numbers_db [None req-bf547441-1c1c-4c03-b28e-49f2c468c46b 5e242455f0d743cba7f5db4a17319326 7deeadb31541439e822a9316ceb43d9f - - default default] Successfully bumped revision number for resource 0549d98e-549d-427d-a003-87b2ce3f0602 (type: router_ports) to 1 [pid: 8|app: 0|req: 1190/2341] 10.0.0.118 () {34 vars in 783 bytes} [Tue Apr 14 06:59:54 2026] PUT /v2.0/routers/2b413956-1f61-41a4-b0b1-7f730efe758c/add_router_interface => generated 309 bytes in 2088 msecs (HTTP/1.1 200) 4 headers in 157 bytes (1 switches on core 0)
2026-04-14 06:59:56.403 8 INFO neutron.db.segments_db [None req-398e4fac-0395-4706-bd96-07d986bdf647 f582fe77c69b482fb691c64128984fcc a9a7b6e754684a52a7354938d6178d28 - - default default] Added segment d88ac2b2-cce3-411d-8572-8a0f0c71704b of type geneve for network 9c5973aa-24e1-4ff3-9fd1-e7997a566ba5
2026-04-14 06:59:56.472 7 WARNING neutron.scheduler.dhcp_agent_scheduler [None req-10151e88-a7ca-411d-9d30-13b163c38f74 a35bf624aea14f9392890f77912c5d01 de3302219b424fb6bcd4cf98acfe84e4 - - default default] No more DHCP agents
2026-04-14 06:59:56.474 7 WARNING neutron.api.rpc.agentnotifiers.dhcp_rpc_agent_api [None req-10151e88-a7ca-411d-9d30-13b163c38f74 a35bf624aea14f9392890f77912c5d01 de3302219b424fb6bcd4cf98acfe84e4 - - default default] Unable to schedule network 73966dfb-5243-4df4-9dd3-bea38c1654cf: no agents available; will retry on subsequent port and subnet creation events.
2026-04-14 06:59:56.524 8 INFO neutron.db.ovn_revision_numbers_db [None req-398e4fac-0395-4706-bd96-07d986bdf647 f582fe77c69b482fb691c64128984fcc a9a7b6e754684a52a7354938d6178d28 - - default default] Successfully bumped revision number for resource 9c5973aa-24e1-4ff3-9fd1-e7997a566ba5 (type: networks) to 1
2026-04-14 06:59:56.604 7 INFO neutron.db.ovn_revision_numbers_db [None req-10151e88-a7ca-411d-9d30-13b163c38f74 a35bf624aea14f9392890f77912c5d01 de3302219b424fb6bcd4cf98acfe84e4 - - default default] Successfully bumped revision number for resource 9d6968c2-e4f0-4087-9d2a-3d6646f67d41 (type: ports) to 1 [pid: 7|app: 0|req: 1152/2342] 10.0.0.118 () {34 vars in 671 bytes} [Tue Apr 14 06:59:55 2026] POST /v2.0/networks => generated 670 bytes in 1305 msecs (HTTP/1.1 201) 4 headers in 162 bytes (1 switches on core 0) [pid: 7|app: 0|req: 1153/2343] 10.0.0.118 () {32 vars in 739 bytes} [Tue Apr 14 06:59:56 2026] GET /v2.0/subnetpools/b1ddad0c-0fe8-4dc8-8a34-df8dc44fc439/tags => generated 25 bytes in 27 msecs (HTTP/1.1 200) 4 headers in 156 bytes (1 switches on core 0)
2026-04-14 06:59:56.717 8 WARNING neutron.scheduler.dhcp_agent_scheduler [None req-398e4fac-0395-4706-bd96-07d986bdf647 f582fe77c69b482fb691c64128984fcc a9a7b6e754684a52a7354938d6178d28 - - default default] No more DHCP agents
2026-04-14 06:59:56.718 8 WARNING neutron.api.rpc.agentnotifiers.dhcp_rpc_agent_api [None req-398e4fac-0395-4706-bd96-07d986bdf647 f582fe77c69b482fb691c64128984fcc a9a7b6e754684a52a7354938d6178d28 - - default default] Unable to schedule network 9c5973aa-24e1-4ff3-9fd1-e7997a566ba5: no agents available; will retry on subsequent port and subnet creation events.
2026-04-14 06:59:56.815 8 INFO neutron.db.ovn_revision_numbers_db [None req-398e4fac-0395-4706-bd96-07d986bdf647 f582fe77c69b482fb691c64128984fcc a9a7b6e754684a52a7354938d6178d28 - - default default] Successfully bumped revision number for resource b5881c88-c318-4755-8895-a680a7e0ea8d (type: ports) to 1 [pid: 8|app: 0|req: 1191/2344] 10.0.0.118 () {34 vars in 670 bytes} [Tue Apr 14 06:59:56 2026] POST /v2.0/networks => generated 669 bytes in 523 msecs (HTTP/1.1 201) 4 headers in 162 bytes (1 switches on core 0)
2026-04-14 06:59:56.988 7 INFO neutron.plugins.ml2.drivers.ovn.mech_driver.mech_driver [None req-a3f0419f-64fc-430d-81c3-14f25cc36e54 - - - - - -] OVN reports status down for port: 0549d98e-549d-427d-a003-87b2ce3f0602
2026-04-14 06:59:57.116 7 WARNING neutron.plugins.ml2.drivers.ovn.mech_driver.ovsdb.ovn_client [None req-a3f0419f-64fc-430d-81c3-14f25cc36e54 - - - - - -] Logical_Switch_Port 0549d98e-549d-427d-a003-87b2ce3f0602 host information not removed, the port state is up
2026-04-14 06:59:57.117 7 INFO neutron.plugins.ml2.drivers.ovn.mech_driver.mech_driver [None req-a3f0419f-64fc-430d-81c3-14f25cc36e54 - - - - - -] OVN reports status down for port: 3a08e9d7-71da-4c15-9959-98ff7aac0ac4
2026-04-14 06:59:57.242 8 WARNING neutron.scheduler.dhcp_agent_scheduler [None req-73eb6987-4f14-45aa-9ccb-e834eee10bb3 a35bf624aea14f9392890f77912c5d01 de3302219b424fb6bcd4cf98acfe84e4 - - default default] No more DHCP agents
2026-04-14 06:59:57.244 8 WARNING neutron.api.rpc.agentnotifiers.dhcp_rpc_agent_api [None req-73eb6987-4f14-45aa-9ccb-e834eee10bb3 a35bf624aea14f9392890f77912c5d01 de3302219b424fb6bcd4cf98acfe84e4 - - default default] Unable to schedule network 9b524adc-de0e-432d-9de3-425a80f6b9a6: no agents available; will retry on subsequent port and subnet creation events.
2026-04-14 06:59:57.253 7 INFO neutron.plugins.ml2.drivers.ovn.mech_driver.mech_driver [None req-a3f0419f-64fc-430d-81c3-14f25cc36e54 - - - - - -] OVN reports status up for port: 0549d98e-549d-427d-a003-87b2ce3f0602
2026-04-14 06:59:57.282 7 INFO neutron.plugins.ml2.plugin [None req-a3f0419f-64fc-430d-81c3-14f25cc36e54 - - - - - -] Attempt 1 to provision port 0549d98e-549d-427d-a003-87b2ce3f0602
2026-04-14 06:59:57.409 8 INFO neutron.db.ovn_revision_numbers_db [None req-73eb6987-4f14-45aa-9ccb-e834eee10bb3 a35bf624aea14f9392890f77912c5d01 de3302219b424fb6bcd4cf98acfe84e4 - - default default] Successfully bumped revision number for resource 775dd4a6-bfbd-4d1f-afa5-70485cf4859a (type: ports) to 1
2026-04-14 06:59:57.443 7 WARNING neutron.scheduler.dhcp_agent_scheduler [None req-b2a02120-1c3e-41d1-adfd-e32bec18fdb5 5e242455f0d743cba7f5db4a17319326 7deeadb31541439e822a9316ceb43d9f - - default default] No more DHCP agents
2026-04-14 06:59:57.445 7 WARNING neutron.api.rpc.agentnotifiers.dhcp_rpc_agent_api [None req-b2a02120-1c3e-41d1-adfd-e32bec18fdb5 5e242455f0d743cba7f5db4a17319326 7deeadb31541439e822a9316ceb43d9f - - default default] Unable to schedule network 880c6235-c13b-4f7a-8bec-16a99ffdf08f: no agents available; will retry on subsequent port and subnet creation events.
2026-04-14 06:59:57.738 7 INFO neutron.db.ovn_revision_numbers_db [None req-b2a02120-1c3e-41d1-adfd-e32bec18fdb5 5e242455f0d743cba7f5db4a17319326 7deeadb31541439e822a9316ceb43d9f - - default default] Successfully bumped revision number for resource 369fef34-1ff7-4f62-8b11-dc5d86251f98 (type: ports) to 1
2026-04-14 06:59:58.046 8 INFO neutron.plugins.ml2.drivers.ovn.mech_driver.ovsdb.commands [-] Schedule LRP lrp-775dd4a6-bfbd-4d1f-afa5-70485cf4859a on gateway 8147f399-79db-45f6-a892-ed4cca263438 with priority 1
2026-04-14 06:59:58.198 8 INFO neutron.db.ovn_revision_numbers_db [None req-73eb6987-4f14-45aa-9ccb-e834eee10bb3 a35bf624aea14f9392890f77912c5d01 de3302219b424fb6bcd4cf98acfe84e4 - - default default] Successfully bumped revision number for resource 775dd4a6-bfbd-4d1f-afa5-70485cf4859a (type: router_ports) to 1
2026-04-14 06:59:58.254 7 INFO neutron.plugins.ml2.drivers.ovn.mech_driver.ovsdb.ovsdb_monitor [None req-1a7a8d91-4ee1-4e12-aca0-377cdbdbe24a - - - - - -] Router b91e29d4-2ebc-444d-836f-95f8bc994639 is bound to host instance
2026-04-14 06:59:58.273 8 INFO neutron.db.ovn_revision_numbers_db [None req-73eb6987-4f14-45aa-9ccb-e834eee10bb3 a35bf624aea14f9392890f77912c5d01 de3302219b424fb6bcd4cf98acfe84e4 - - default default] Successfully bumped revision number for resource b91e29d4-2ebc-444d-836f-95f8bc994639 (type: routers) to 2 [pid: 8|app: 0|req: 1192/2345] 10.0.0.118 () {34 vars in 669 bytes} [Tue Apr 14 06:59:56 2026] POST /v2.0/routers => generated 954 bytes in 1447 msecs (HTTP/1.1 201) 4 headers in 162 bytes (1 switches on core 0) [pid: 8|app: 0|req: 1193/2346] 10.0.0.118 () {34 vars in 770 bytes} [Tue Apr 14 06:59:58 2026] PUT /v2.0/subnetpools/b1ddad0c-0fe8-4dc8-8a34-df8dc44fc439/tags/green => generated 4 bytes in 55 msecs (HTTP/1.1 201) 4 headers in 160 bytes (1 switches on core 0)
2026-04-14 06:59:58.393 7 INFO neutron.db.ovn_revision_numbers_db [None req-a3f0419f-64fc-430d-81c3-14f25cc36e54 - - - - - -] Successfully bumped revision number for resource 0549d98e-549d-427d-a003-87b2ce3f0602 (type: ports) to 2 [pid: 8|app: 0|req: 1194/2347] 10.0.0.118 () {34 vars in 753 bytes} [Tue Apr 14 06:59:58 2026] PUT /v2.0/networks/e935cfcc-099b-46fa-baf0-5a39b1b6ae47/tags => generated 25 bytes in 69 msecs (HTTP/1.1 200) 4 headers in 156 bytes (1 switches on core 0) [pid: 8|app: 0|req: 1197/2350] 10.0.0.118 () {32 vars in 776 bytes} [Tue Apr 14 06:59:58 2026] GET /v2.0/subnets?project_id=de3302219b424fb6bcd4cf98acfe84e4&cidr=10.100.0.0%2F28 => generated 14 bytes in 57 msecs (HTTP/1.1 200) 4 headers in 156 bytes (1 switches on core 0) [pid: 8|app: 0|req: 1198/2351] 10.0.0.118 () {32 vars in 739 bytes} [Tue Apr 14 06:59:58 2026] GET /v2.0/subnetpools/b1ddad0c-0fe8-4dc8-8a34-df8dc44fc439/tags => generated 34 bytes in 29 msecs (HTTP/1.1 200) 4 headers in 156 bytes (1 switches on core 0) [pid: 8|app: 0|req: 1199/2352] 10.0.0.118 () {32 vars in 733 bytes} [Tue Apr 14 06:59:58 2026] GET /v2.0/networks/e935cfcc-099b-46fa-baf0-5a39b1b6ae47/tags => generated 25 bytes in 42 msecs (HTTP/1.1 200) 4 headers in 156 bytes (1 switches on core 0) [pid: 8|app: 0|req: 1200/2353] 10.0.0.118 () {32 vars in 694 bytes} [Tue Apr 14 06:59:58 2026] GET /v2.0/networks?router%3Aexternal=True => generated 791 bytes in 49 msecs (HTTP/1.1 200) 4 headers in 157 bytes (1 switches on core 0) [pid: 8|app: 0|req: 1201/2354] 10.0.0.118 () {34 vars in 766 bytes} [Tue Apr 14 06:59:58 2026] PUT /v2.0/subnetpools/b1ddad0c-0fe8-4dc8-8a34-df8dc44fc439/tags/red => generated 4 bytes in 33 msecs (HTTP/1.1 201) 4 headers in 160 bytes (1 switches on core 0) [pid: 8|app: 0|req: 1202/2355] 10.0.0.118 () {34 vars in 753 bytes} [Tue Apr 14 06:59:58 2026] PUT /v2.0/networks/9c5973aa-24e1-4ff3-9fd1-e7997a566ba5/tags => generated 17 bytes in 53 msecs (HTTP/1.1 200) 4 headers in 156 bytes (1 switches on core 0) [pid: 8|app: 0|req: 1203/2356] 10.0.0.118 () {32 vars in 784 bytes} [Tue Apr 14 06:59:58 2026] GET /v2.0/subnets?network_id=9b524adc-de0e-432d-9de3-425a80f6b9a6&cidr=10.100.0.0%2F28 => generated 14 bytes in 21 msecs (HTTP/1.1 200) 4 headers in 156 bytes (1 switches on core 0) [pid: 8|app: 0|req: 1204/2357] 10.0.0.118 () {32 vars in 739 bytes} [Tue Apr 14 06:59:58 2026] GET /v2.0/subnetpools/b1ddad0c-0fe8-4dc8-8a34-df8dc44fc439/tags => generated 34 bytes in 24 msecs (HTTP/1.1 200) 4 headers in 156 bytes (1 switches on core 0) [pid: 8|app: 0|req: 1205/2358] 10.0.0.118 () {32 vars in 733 bytes} [Tue Apr 14 06:59:58 2026] GET /v2.0/networks/9c5973aa-24e1-4ff3-9fd1-e7997a566ba5/tags => generated 17 bytes in 46 msecs (HTTP/1.1 200) 4 headers in 156 bytes (1 switches on core 0)
2026-04-14 06:59:58.966 8 WARNING neutron.scheduler.dhcp_agent_scheduler [None req-faad8de7-5214-4858-9ede-54931639df15 a35bf624aea14f9392890f77912c5d01 de3302219b424fb6bcd4cf98acfe84e4 - - default default] No more DHCP agents
2026-04-14 06:59:58.968 8 WARNING neutron.api.rpc.agentnotifiers.dhcp_rpc_agent_api [None req-faad8de7-5214-4858-9ede-54931639df15 a35bf624aea14f9392890f77912c5d01 de3302219b424fb6bcd4cf98acfe84e4 - - default default] Unable to schedule network 73966dfb-5243-4df4-9dd3-bea38c1654cf: no agents available; will retry on subsequent port and subnet creation events.
2026-04-14 06:59:59.388 7 WARNING neutron.scheduler.dhcp_agent_scheduler [None req-b2a02120-1c3e-41d1-adfd-e32bec18fdb5 5e242455f0d743cba7f5db4a17319326 7deeadb31541439e822a9316ceb43d9f - - default default] No more DHCP agents
2026-04-14 06:59:59.391 7 WARNING neutron.api.rpc.agentnotifiers.dhcp_rpc_agent_api [None req-b2a02120-1c3e-41d1-adfd-e32bec18fdb5 5e242455f0d743cba7f5db4a17319326 7deeadb31541439e822a9316ceb43d9f - - default default] Unable to schedule network 880c6235-c13b-4f7a-8bec-16a99ffdf08f: no agents available; will retry on subsequent port and subnet creation events.
2026-04-14 06:59:59.494 8 INFO neutron.db.ovn_revision_numbers_db [None req-59849518-15ac-435d-928a-9d357d568288 - - - - - -] Successfully bumped revision number for resource 9d6968c2-e4f0-4087-9d2a-3d6646f67d41 (type: ports) to 2
2026-04-14 06:59:59.525 8 INFO neutron.db.ovn_revision_numbers_db [None req-59849518-15ac-435d-928a-9d357d568288 - - - - - -] Successfully bumped revision number for resource 1272a66d-292f-4e45-97b9-1a587de1af51 (type: subnets) to 0 [pid: 8|app: 0|req: 1206/2359] 10.0.0.118 () {34 vars in 669 bytes} [Tue Apr 14 06:59:58 2026] POST /v2.0/subnets => generated 656 bytes in 761 msecs (HTTP/1.1 201) 4 headers in 162 bytes (1 switches on core 0) [pid: 8|app: 0|req: 1207/2360] 10.0.0.118 () {34 vars in 788 bytes} [Tue Apr 14 06:59:59 2026] PUT /v2.0/subnetpools/b1ddad0c-0fe8-4dc8-8a34-df8dc44fc439/tags/black.or.white => generated 4 bytes in 38 msecs (HTTP/1.1 201) 4 headers in 160 bytes (1 switches on core 0) [pid: 8|app: 0|req: 1208/2361] 10.0.0.118 () {34 vars in 753 bytes} [Tue Apr 14 06:59:59 2026] PUT /v2.0/networks/9c5973aa-24e1-4ff3-9fd1-e7997a566ba5/tags => generated 12 bytes in 51 msecs (HTTP/1.1 200) 4 headers in 156 bytes (1 switches on core 0)
2026-04-14 06:59:59.939 7 INFO neutron.db.ovn_revision_numbers_db [None req-6b3028bd-758b-412a-9852-b172892c544d - - - - - -] Successfully bumped revision number for resource 775dd4a6-bfbd-4d1f-afa5-70485cf4859a (type: ports) to 4
2026-04-14 07:00:00.139 7 INFO neutron.db.ovn_revision_numbers_db [None req-b2a02120-1c3e-41d1-adfd-e32bec18fdb5 5e242455f0d743cba7f5db4a17319326 7deeadb31541439e822a9316ceb43d9f - - default default] Successfully bumped revision number for resource 369fef34-1ff7-4f62-8b11-dc5d86251f98 (type: router_ports) to 1 [pid: 7|app: 0|req: 1154/2362] 10.0.0.118 () {34 vars in 783 bytes} [Tue Apr 14 06:59:56 2026] PUT /v2.0/routers/2b413956-1f61-41a4-b0b1-7f730efe758c/add_router_interface => generated 309 bytes in 3494 msecs (HTTP/1.1 200) 4 headers in 157 bytes (1 switches on core 0) [pid: 7|app: 0|req: 1155/2363] 10.0.0.118 () {32 vars in 739 bytes} [Tue Apr 14 07:00:00 2026] GET /v2.0/subnetpools/b1ddad0c-0fe8-4dc8-8a34-df8dc44fc439/tags => generated 52 bytes in 99 msecs (HTTP/1.1 200) 4 headers in 156 bytes (1 switches on core 0)
2026-04-14 07:00:00.293 8 WARNING neutron.scheduler.dhcp_agent_scheduler [None req-cf30a6f2-cdb2-493d-a76d-9907d6ce7d5c a35bf624aea14f9392890f77912c5d01 de3302219b424fb6bcd4cf98acfe84e4 - - default default] No more DHCP agents
2026-04-14 07:00:00.294 8 WARNING neutron.api.rpc.agentnotifiers.dhcp_rpc_agent_api [None req-cf30a6f2-cdb2-493d-a76d-9907d6ce7d5c a35bf624aea14f9392890f77912c5d01 de3302219b424fb6bcd4cf98acfe84e4 - - default default] Unable to schedule network 73966dfb-5243-4df4-9dd3-bea38c1654cf: no agents available; will retry on subsequent port and subnet creation events. [pid: 7|app: 0|req: 1156/2364] 10.0.0.118 () {32 vars in 733 bytes} [Tue Apr 14 07:00:00 2026] GET /v2.0/networks/9c5973aa-24e1-4ff3-9fd1-e7997a566ba5/tags => generated 12 bytes in 94 msecs (HTTP/1.1 200) 4 headers in 156 bytes (1 switches on core 0)
2026-04-14 07:00:00.473 8 INFO neutron.db.ovn_revision_numbers_db [None req-cf30a6f2-cdb2-493d-a76d-9907d6ce7d5c a35bf624aea14f9392890f77912c5d01 de3302219b424fb6bcd4cf98acfe84e4 - - default default] Successfully bumped revision number for resource f6102edc-c594-4953-824e-2a841627944b (type: ports) to 1
2026-04-14 07:00:01.011 7 INFO neutron.db.ovn_revision_numbers_db [None req-6b3028bd-758b-412a-9852-b172892c544d - - - - - -] Successfully bumped revision number for resource 775dd4a6-bfbd-4d1f-afa5-70485cf4859a (type: ports) to 5
2026-04-14 07:00:01.315 8 WARNING neutron.scheduler.dhcp_agent_scheduler [None req-cf30a6f2-cdb2-493d-a76d-9907d6ce7d5c a35bf624aea14f9392890f77912c5d01 de3302219b424fb6bcd4cf98acfe84e4 - - default default] No more DHCP agents
2026-04-14 07:00:01.316 8 WARNING neutron.api.rpc.agentnotifiers.dhcp_rpc_agent_api [None req-cf30a6f2-cdb2-493d-a76d-9907d6ce7d5c a35bf624aea14f9392890f77912c5d01 de3302219b424fb6bcd4cf98acfe84e4 - - default default] Unable to schedule network 73966dfb-5243-4df4-9dd3-bea38c1654cf: no agents available; will retry on subsequent port and subnet creation events.
2026-04-14 07:00:01.440 7 WARNING neutron.scheduler.dhcp_agent_scheduler [None req-d1ec3a50-eddd-40eb-8796-3bd8e59a2ff1 5e242455f0d743cba7f5db4a17319326 7deeadb31541439e822a9316ceb43d9f - - default default] No more DHCP agents
2026-04-14 07:00:01.442 7 WARNING neutron.api.rpc.agentnotifiers.dhcp_rpc_agent_api [None req-d1ec3a50-eddd-40eb-8796-3bd8e59a2ff1 5e242455f0d743cba7f5db4a17319326 7deeadb31541439e822a9316ceb43d9f - - default default] Unable to schedule network c426ce90-6fdc-4db6-9d02-9fb5006be88b: no agents available; will retry on subsequent port and subnet creation events.
2026-04-14 07:00:01.640 7 INFO neutron.db.ovn_revision_numbers_db [None req-d1ec3a50-eddd-40eb-8796-3bd8e59a2ff1 5e242455f0d743cba7f5db4a17319326 7deeadb31541439e822a9316ceb43d9f - - default default] Successfully bumped revision number for resource 2ff2fa2a-b37d-47c1-9f9b-8016a8eb574e (type: ports) to 1
2026-04-14 07:00:01.782 8 INFO neutron.db.ovn_revision_numbers_db [None req-cf30a6f2-cdb2-493d-a76d-9907d6ce7d5c a35bf624aea14f9392890f77912c5d01 de3302219b424fb6bcd4cf98acfe84e4 - - default default] Successfully bumped revision number for resource f6102edc-c594-4953-824e-2a841627944b (type: router_ports) to 1 [pid: 8|app: 0|req: 1209/2365] 10.0.0.118 () {34 vars in 783 bytes} [Tue Apr 14 06:59:59 2026] PUT /v2.0/routers/b91e29d4-2ebc-444d-836f-95f8bc994639/add_router_interface => generated 309 bytes in 2156 msecs (HTTP/1.1 200) 4 headers in 157 bytes (1 switches on core 0) [pid: 8|app: 0|req: 1210/2366] 10.0.0.118 () {34 vars in 759 bytes} [Tue Apr 14 07:00:01 2026] PUT /v2.0/subnetpools/b1ddad0c-0fe8-4dc8-8a34-df8dc44fc439/tags => generated 37 bytes in 41 msecs (HTTP/1.1 200) 4 headers in 156 bytes (1 switches on core 0) [pid: 8|app: 0|req: 1211/2367] 10.0.0.118 () {32 vars in 733 bytes} [Tue Apr 14 07:00:01 2026] GET /v2.0/networks/e935cfcc-099b-46fa-baf0-5a39b1b6ae47/tags => generated 25 bytes in 42 msecs (HTTP/1.1 200) 4 headers in 156 bytes (1 switches on core 0) [pid: 8|app: 0|req: 1212/2368] 10.0.0.118 () {32 vars in 649 bytes} [Tue Apr 14 07:00:01 2026] GET /v2.0/networks => generated 7053 bytes in 62 msecs (HTTP/1.1 200) 4 headers in 158 bytes (1 switches on core 0) [pid: 8|app: 0|req: 1213/2369] 10.0.0.118 () {32 vars in 739 bytes} [Tue Apr 14 07:00:01 2026] GET /v2.0/subnetpools/b1ddad0c-0fe8-4dc8-8a34-df8dc44fc439/tags => generated 37 bytes in 21 msecs (HTTP/1.1 200) 4 headers in 156 bytes (1 switches on core 0)
2026-04-14 07:00:02.067 8 INFO neutron_taas.services.taas.taas_plugin [None req-db588a34-ed75-438d-acf9-b8929f31fe50 f582fe77c69b482fb691c64128984fcc a9a7b6e754684a52a7354938d6178d28 - - default default] TaaS: Handle Delete Port: 3a08e9d7-71da-4c15-9959-98ff7aac0ac4
2026-04-14 07:00:02.070 8 INFO neutron_taas.services.taas.tap_mirror_plugin [None req-db588a34-ed75-438d-acf9-b8929f31fe50 f582fe77c69b482fb691c64128984fcc a9a7b6e754684a52a7354938d6178d28 - - default default] Tap Mirror: Handle Delete Port: 3a08e9d7-71da-4c15-9959-98ff7aac0ac4
2026-04-14 07:00:02.258 8 INFO neutron.services.segments.plugin [-] Segment be1038bf-2ee1-4fd1-b3d3-29f9d46a8262 resource provider aggregate not found
2026-04-14 07:00:02.266 8 INFO neutron.services.segments.plugin [-] Segment be1038bf-2ee1-4fd1-b3d3-29f9d46a8262 resource provider aggregate not found
2026-04-14 07:00:02.285 8 INFO neutron.services.segments.plugin [-] Segment be1038bf-2ee1-4fd1-b3d3-29f9d46a8262 resource provider not found; error: Placement Client Error (4xx): {"errors": [{"status": 404, "title": "Not Found", "detail": "The resource could not be found.\n\n No resource provider with uuid be1038bf-2ee1-4fd1-b3d3-29f9d46a8262 found for delete ", "request_id": "req-e0ed830b-af60-44f6-a877-657e0de460b7"}]}
2026-04-14 07:00:02.287 8 INFO neutron.services.segments.plugin [-] Segment be1038bf-2ee1-4fd1-b3d3-29f9d46a8262 resource provider not found; error: Placement Client Error (4xx): {"errors": [{"status": 404, "title": "Not Found", "detail": "The resource could not be found.\n\n No resource provider with uuid be1038bf-2ee1-4fd1-b3d3-29f9d46a8262 found for delete ", "request_id": "req-8897ecfd-be1b-4128-8c7c-9ce746f50893"}]} [pid: 8|app: 0|req: 1214/2370] 10.0.0.118 () {32 vars in 726 bytes} [Tue Apr 14 07:00:01 2026] DELETE /v2.0/networks/e935cfcc-099b-46fa-baf0-5a39b1b6ae47 => generated 0 bytes in 370 msecs (HTTP/1.1 204) 3 headers in 131 bytes (1 switches on core 0) [pid: 8|app: 0|req: 1215/2371] 10.0.0.118 () {32 vars in 647 bytes} [Tue Apr 14 07:00:02 2026] GET /v2.0/subnets => generated 6176 bytes in 56 msecs (HTTP/1.1 200) 4 headers in 158 bytes (1 switches on core 0) [pid: 8|app: 0|req: 1216/2372] 10.0.0.118 () {32 vars in 747 bytes} [Tue Apr 14 07:00:02 2026] GET /v2.0/subnetpools/b1ddad0c-0fe8-4dc8-8a34-df8dc44fc439/tags/red => generated 0 bytes in 53 msecs (HTTP/1.1 204) 2 headers in 112 bytes (1 switches on core 0)
2026-04-14 07:00:02.489 7 WARNING neutron.scheduler.dhcp_agent_scheduler [None req-d1ec3a50-eddd-40eb-8796-3bd8e59a2ff1 5e242455f0d743cba7f5db4a17319326 7deeadb31541439e822a9316ceb43d9f - - default default] No more DHCP agents
2026-04-14 07:00:02.490 7 WARNING neutron.api.rpc.agentnotifiers.dhcp_rpc_agent_api [None req-d1ec3a50-eddd-40eb-8796-3bd8e59a2ff1 5e242455f0d743cba7f5db4a17319326 7deeadb31541439e822a9316ceb43d9f - - default default] Unable to schedule network c426ce90-6fdc-4db6-9d02-9fb5006be88b: no agents available; will retry on subsequent port and subnet creation events.
2026-04-14 07:00:02.545 8 INFO neutron_taas.services.taas.taas_plugin [None req-d8d8b720-4e85-4364-b195-1a34c541ff7d f582fe77c69b482fb691c64128984fcc a9a7b6e754684a52a7354938d6178d28 - - default default] TaaS: Handle Delete Port: b5881c88-c318-4755-8895-a680a7e0ea8d
2026-04-14 07:00:02.548 8 INFO neutron_taas.services.taas.tap_mirror_plugin [None req-d8d8b720-4e85-4364-b195-1a34c541ff7d f582fe77c69b482fb691c64128984fcc a9a7b6e754684a52a7354938d6178d28 - - default default] Tap Mirror: Handle Delete Port: b5881c88-c318-4755-8895-a680a7e0ea8d [pid: 8|app: 0|req: 1217/2373] 10.0.0.118 () {32 vars in 726 bytes} [Tue Apr 14 07:00:02 2026] DELETE /v2.0/networks/9c5973aa-24e1-4ff3-9fd1-e7997a566ba5 => generated 0 bytes in 390 msecs (HTTP/1.1 204) 3 headers in 131 bytes (1 switches on core 0) [pid: 8|app: 0|req: 1218/2374] 10.0.0.118 () {32 vars in 647 bytes} [Tue Apr 14 07:00:02 2026] GET /v2.0/routers => generated 1927 bytes in 88 msecs (HTTP/1.1 200) 4 headers in 158 bytes (1 switches on core 0)
2026-04-14 07:00:02.924 7 INFO neutron.db.ovn_revision_numbers_db [None req-d1ec3a50-eddd-40eb-8796-3bd8e59a2ff1 5e242455f0d743cba7f5db4a17319326 7deeadb31541439e822a9316ceb43d9f - - default default] Successfully bumped revision number for resource 2ff2fa2a-b37d-47c1-9f9b-8016a8eb574e (type: router_ports) to 1 [pid: 7|app: 0|req: 1157/2375] 10.0.0.118 () {34 vars in 783 bytes} [Tue Apr 14 07:00:00 2026] PUT /v2.0/routers/2b413956-1f61-41a4-b0b1-7f730efe758c/add_router_interface => generated 309 bytes in 2586 msecs (HTTP/1.1 200) 4 headers in 157 bytes (1 switches on core 0)
2026-04-14 07:00:02.947 8 INFO neutron.api.v2.resource [None req-3e815f9e-c190-434f-833b-e9d1d2d982b3 1e31607ae0a74aaca3359562d18ce983 b8efd584d03f4c1f98f35e323e927514 - - default default] show failed (client error): The resource could not be found. [pid: 8|app: 0|req: 1219/2376] 10.0.0.118 () {32 vars in 751 bytes} [Tue Apr 14 07:00:02 2026] GET /v2.0/subnetpools/b1ddad0c-0fe8-4dc8-8a34-df8dc44fc439/tags/green => generated 99 bytes in 32 msecs (HTTP/1.1 404) 4 headers in 163 bytes (1 switches on core 0) [pid: 7|app: 0|req: 1158/2377] 10.0.0.118 () {32 vars in 750 bytes} [Tue Apr 14 07:00:02 2026] DELETE /v2.0/subnetpools/b1ddad0c-0fe8-4dc8-8a34-df8dc44fc439/tags/red => generated 0 bytes in 50 msecs (HTTP/1.1 204) 2 headers in 112 bytes (1 switches on core 0)
2026-04-14 07:00:03.122 8 INFO neutron.db.ovn_revision_numbers_db [None req-7c7618d8-08c2-4f59-88f7-d333f4722ef4 5e242455f0d743cba7f5db4a17319326 7deeadb31541439e822a9316ceb43d9f - - default default] Successfully bumped revision number for resource 4db3d768-6a69-4d8b-919e-097a5738379f (type: security_groups) to 1
2026-04-14 07:00:03.140 8 INFO neutron.db.ovn_revision_numbers_db [None req-7c7618d8-08c2-4f59-88f7-d333f4722ef4 5e242455f0d743cba7f5db4a17319326 7deeadb31541439e822a9316ceb43d9f - - default default] Successfully bumped revision number for resource a01e6426-757d-423a-8a4f-ffd9a21c2ee9 (type: security_group_rules) to 0
2026-04-14 07:00:03.158 8 INFO neutron.db.ovn_revision_numbers_db [None req-7c7618d8-08c2-4f59-88f7-d333f4722ef4 5e242455f0d743cba7f5db4a17319326 7deeadb31541439e822a9316ceb43d9f - - default default] Successfully bumped revision number for resource be476f01-bc57-4605-b96c-853fdb3a26dd (type: security_group_rules) to 0 [pid: 8|app: 0|req: 1220/2378] 10.0.0.118 () {34 vars in 684 bytes} [Tue Apr 14 07:00:02 2026] POST /v2.0/security-groups => generated 1627 bytes in 223 msecs (HTTP/1.1 201) 4 headers in 163 bytes (1 switches on core 0) [pid: 8|app: 0|req: 1221/2379] 10.0.0.118 () {32 vars in 739 bytes} [Tue Apr 14 07:00:03 2026] GET /v2.0/subnetpools/b1ddad0c-0fe8-4dc8-8a34-df8dc44fc439/tags => generated 30 bytes in 25 msecs (HTTP/1.1 200) 4 headers in 156 bytes (1 switches on core 0)
2026-04-14 07:00:03.277 7 INFO neutron.db.ovn_revision_numbers_db [None req-a90db961-f4d9-4cde-99ca-39696c099613 a35bf624aea14f9392890f77912c5d01 de3302219b424fb6bcd4cf98acfe84e4 - - default default] Successfully bumped revision number for resource 6f329422-b73a-43e4-9791-9b37062bf53e (type: security_groups) to 1
2026-04-14 07:00:03.289 7 INFO neutron.db.ovn_revision_numbers_db [None req-a90db961-f4d9-4cde-99ca-39696c099613 a35bf624aea14f9392890f77912c5d01 de3302219b424fb6bcd4cf98acfe84e4 - - default default] Successfully bumped revision number for resource 1f780a81-b88a-404f-8e98-6a902194d66f (type: security_group_rules) to 0
2026-04-14 07:00:03.304 7 INFO neutron.db.ovn_revision_numbers_db [None req-a90db961-f4d9-4cde-99ca-39696c099613 a35bf624aea14f9392890f77912c5d01 de3302219b424fb6bcd4cf98acfe84e4 - - default default] Successfully bumped revision number for resource e2073f36-8509-4e8e-a314-7aee35452b10 (type: security_group_rules) to 0 [pid: 7|app: 0|req: 1159/2380] 10.0.0.118 () {34 vars in 685 bytes} [Tue Apr 14 07:00:03 2026] POST /v2.0/security-groups => generated 1675 bytes in 337 msecs (HTTP/1.1 201) 4 headers in 163 bytes (1 switches on core 0)
2026-04-14 07:00:03.382 7 INFO neutron.api.v2.resource [None req-ecaa59df-06f7-4491-9497-98dc84424200 1e31607ae0a74aaca3359562d18ce983 b8efd584d03f4c1f98f35e323e927514 - - default default] delete failed (client error): The resource could not be found. [pid: 7|app: 0|req: 1160/2381] 10.0.0.118 () {32 vars in 754 bytes} [Tue Apr 14 07:00:03 2026] DELETE /v2.0/subnetpools/b1ddad0c-0fe8-4dc8-8a34-df8dc44fc439/tags/green => generated 99 bytes in 44 msecs (HTTP/1.1 404) 4 headers in 163 bytes (1 switches on core 0)
2026-04-14 07:00:03.403 8 INFO neutron.db.ovn_revision_numbers_db [None req-0678071d-0902-426a-9540-072970c008b4 5e242455f0d743cba7f5db4a17319326 7deeadb31541439e822a9316ceb43d9f - - default default] Successfully bumped revision number for resource 528dd0bf-5c88-480a-9b24-47b772875ff4 (type: security_group_rules) to 0 [pid: 8|app: 0|req: 1222/2382] 10.0.0.118 () {34 vars in 695 bytes} [Tue Apr 14 07:00:03 2026] POST /v2.0/security-group-rules => generated 597 bytes in 218 msecs (HTTP/1.1 201) 4 headers in 162 bytes (1 switches on core 0) [pid: 8|app: 0|req: 1223/2383] 10.0.0.118 () {32 vars in 742 bytes} [Tue Apr 14 07:00:03 2026] DELETE /v2.0/subnetpools/b1ddad0c-0fe8-4dc8-8a34-df8dc44fc439/tags => generated 0 bytes in 37 msecs (HTTP/1.1 204) 2 headers in 112 bytes (1 switches on core 0)
2026-04-14 07:00:03.619 7 INFO neutron.db.ovn_revision_numbers_db [None req-1d916ffe-af8a-4cbc-8a82-b9a3d0ee96eb a35bf624aea14f9392890f77912c5d01 de3302219b424fb6bcd4cf98acfe84e4 - - default default] Successfully bumped revision number for resource b9128d71-6d8f-44bb-89b2-6253031fbe88 (type: security_group_rules) to 0 [pid: 7|app: 0|req: 1161/2384] 10.0.0.118 () {34 vars in 695 bytes} [Tue Apr 14 07:00:03 2026] POST /v2.0/security-group-rules => generated 597 bytes in 263 msecs (HTTP/1.1 201) 4 headers in 162 bytes (1 switches on core 0)
2026-04-14 07:00:03.714 8 INFO neutron.db.ovn_revision_numbers_db [None req-26ed89ef-e26f-4f71-9ab4-c1619bf8362c 5e242455f0d743cba7f5db4a17319326 7deeadb31541439e822a9316ceb43d9f - - default default] Successfully bumped revision number for resource 00a75141-f4bc-490a-b527-432fb5493bc0 (type: security_group_rules) to 0 [pid: 7|app: 0|req: 1162/2385] 10.0.0.118 () {32 vars in 739 bytes} [Tue Apr 14 07:00:03 2026] GET /v2.0/subnetpools/b1ddad0c-0fe8-4dc8-8a34-df8dc44fc439/tags => generated 12 bytes in 75 msecs (HTTP/1.1 200) 4 headers in 156 bytes (1 switches on core 0)
2026-04-14 07:00:03.774 7 WARNING neutron.plugins.ml2.drivers.ovn.mech_driver.ovsdb.ovn_client [None req-91c8296f-d3f0-4754-a98c-6262884d1163 - - - - - -] No hosting information found for port 0549d98e-549d-427d-a003-87b2ce3f0602: RuntimeError: No hosting information found for port 0549d98e-549d-427d-a003-87b2ce3f0602 [pid: 8|app: 0|req: 1224/2386] 10.0.0.118 () {34 vars in 695 bytes} [Tue Apr 14 07:00:03 2026] POST /v2.0/security-group-rules => generated 597 bytes in 341 msecs (HTTP/1.1 201) 4 headers in 162 bytes (1 switches on core 0)
2026-04-14 07:00:03.882 7 INFO neutron.db.ovn_revision_numbers_db [None req-91c8296f-d3f0-4754-a98c-6262884d1163 - - - - - -] Successfully bumped revision number for resource 0549d98e-549d-427d-a003-87b2ce3f0602 (type: router_ports) to 2
2026-04-14 07:00:03.883 7 INFO neutron.plugins.ml2.drivers.ovn.mech_driver.mech_driver [None req-91c8296f-d3f0-4754-a98c-6262884d1163 - - - - - -] OVN reports status down for port: 9d6968c2-e4f0-4087-9d2a-3d6646f67d41
2026-04-14 07:00:04.009 7 INFO neutron.plugins.ml2.drivers.ovn.mech_driver.mech_driver [None req-91c8296f-d3f0-4754-a98c-6262884d1163 - - - - - -] OVN reports status down for port: b5881c88-c318-4755-8895-a680a7e0ea8d
2026-04-14 07:00:04.060 7 INFO neutron.plugins.ml2.drivers.ovn.mech_driver.mech_driver [None req-91c8296f-d3f0-4754-a98c-6262884d1163 - - - - - -] OVN reports status down for port: 775dd4a6-bfbd-4d1f-afa5-70485cf4859a
2026-04-14 07:00:04.099 8 INFO neutron.db.ovn_revision_numbers_db [None req-7e677afe-955b-4903-91a1-3c4bb47525d6 a35bf624aea14f9392890f77912c5d01 de3302219b424fb6bcd4cf98acfe84e4 - - default default] Successfully bumped revision number for resource e54a2d42-eb10-44c6-b538-e564c3739dc4 (type: security_group_rules) to 0 [pid: 8|app: 0|req: 1225/2387] 10.0.0.118 () {34 vars in 695 bytes} [Tue Apr 14 07:00:03 2026] POST /v2.0/security-group-rules => generated 596 bytes in 318 msecs (HTTP/1.1 201) 4 headers in 162 bytes (1 switches on core 0) [pid: 8|app: 0|req: 1226/2388] 10.0.0.118 () {32 vars in 732 bytes} [Tue Apr 14 07:00:04 2026] DELETE /v2.0/subnetpools/b1ddad0c-0fe8-4dc8-8a34-df8dc44fc439 => generated 0 bytes in 84 msecs (HTTP/1.1 204) 2 headers in 112 bytes (1 switches on core 0)
2026-04-14 07:00:04.309 8 INFO neutron.services.segments.plugin [-] Segment d88ac2b2-cce3-411d-8572-8a0f0c71704b resource provider aggregate not found
2026-04-14 07:00:04.316 8 INFO neutron.services.segments.plugin [-] Segment d88ac2b2-cce3-411d-8572-8a0f0c71704b resource provider aggregate not found
2026-04-14 07:00:04.339 8 INFO neutron.services.segments.plugin [-] Segment d88ac2b2-cce3-411d-8572-8a0f0c71704b resource provider not found; error: Placement Client Error (4xx): {"errors": [{"status": 404, "title": "Not Found", "detail": "The resource could not be found.\n\n No resource provider with uuid d88ac2b2-cce3-411d-8572-8a0f0c71704b found for delete ", "request_id": "req-d051e9d2-7615-4c2b-ab59-c5ed6cb386f9"}]}
2026-04-14 07:00:04.341 8 INFO neutron.services.segments.plugin [-] Segment d88ac2b2-cce3-411d-8572-8a0f0c71704b resource provider not found; error: Placement Client Error (4xx): {"errors": [{"status": 404, "title": "Not Found", "detail": "The resource could not be found.\n\n No resource provider with uuid d88ac2b2-cce3-411d-8572-8a0f0c71704b found for delete ", "request_id": "req-f9a07f29-5002-468c-b8b8-406c1ea8078c"}]}
2026-04-14 07:00:04.391 7 INFO neutron.db.ovn_revision_numbers_db [None req-a3135af6-0e10-49b9-a6a7-197d0eda71c2 f94ad306168640438e2616e303d4e3d7 a839f2f4d6a6412187c9ca6d5688ca3d - - default default] Successfully bumped revision number for resource 3ede779f-7014-42dd-a4c8-3ad888b8d72d (type: security_groups) to 1
2026-04-14 07:00:04.413 7 INFO neutron.db.ovn_revision_numbers_db [None req-a3135af6-0e10-49b9-a6a7-197d0eda71c2 f94ad306168640438e2616e303d4e3d7 a839f2f4d6a6412187c9ca6d5688ca3d - - default default] Successfully bumped revision number for resource 053f400e-a346-4f21-b2a5-13f378e0db9b (type: security_group_rules) to 0
2026-04-14 07:00:04.471 7 INFO neutron.db.ovn_revision_numbers_db [None req-a3135af6-0e10-49b9-a6a7-197d0eda71c2 f94ad306168640438e2616e303d4e3d7 a839f2f4d6a6412187c9ca6d5688ca3d - - default default] Successfully bumped revision number for resource 0e277233-ca9c-46fe-b5f0-0fe23c19a7f3 (type: security_group_rules) to 0
2026-04-14 07:00:04.529 7 INFO neutron.db.ovn_revision_numbers_db [None req-a3135af6-0e10-49b9-a6a7-197d0eda71c2 f94ad306168640438e2616e303d4e3d7 a839f2f4d6a6412187c9ca6d5688ca3d - - default default] Successfully bumped revision number for resource a6615971-1ed5-4fb4-a0b4-6e21d21babdb (type: security_group_rules) to 0
2026-04-14 07:00:04.555 8 INFO neutron.db.ovn_revision_numbers_db [None req-82c139ad-383e-4077-8245-ac8b8664d5c4 5e242455f0d743cba7f5db4a17319326 7deeadb31541439e822a9316ceb43d9f - - default default] Successfully bumped revision number for resource 985ec6e5-5ba4-46a0-a369-13c7fb75a7ae (type: security_group_rules) to 0
2026-04-14 07:00:04.580 7 INFO neutron.db.ovn_revision_numbers_db [None req-a3135af6-0e10-49b9-a6a7-197d0eda71c2 f94ad306168640438e2616e303d4e3d7 a839f2f4d6a6412187c9ca6d5688ca3d - - default default] Successfully bumped revision number for resource e420a06e-c15c-423e-ac9f-67c0413e2e0f (type: security_group_rules) to 0 [pid: 8|app: 0|req: 1227/2389] 10.0.0.118 () {34 vars in 695 bytes} [Tue Apr 14 07:00:04 2026] POST /v2.0/security-group-rules => generated 599 bytes in 386 msecs (HTTP/1.1 201) 4 headers in 162 bytes (1 switches on core 0) [pid: 7|app: 0|req: 1163/2390] 10.0.0.118 () {32 vars in 774 bytes} [Tue Apr 14 07:00:03 2026] GET /v2.0/security-groups?tenant_id=61a05bd80c364b57b9c1b0109792e727&name=default => generated 2925 bytes in 945 msecs (HTTP/1.1 200) 4 headers in 158 bytes (1 switches on core 0)
2026-04-14 07:00:04.825 8 INFO neutron.db.ovn_revision_numbers_db [None req-aef6c78b-8eeb-4da1-99c2-c568734fa6d7 a35bf624aea14f9392890f77912c5d01 de3302219b424fb6bcd4cf98acfe84e4 - - default default] Successfully bumped revision number for resource ba8ec79f-6bb2-4788-ad33-23ab036b46f8 (type: security_group_rules) to 0
2026-04-14 07:00:04.853 7 INFO neutron.db.ovn_revision_numbers_db [None req-91c8296f-d3f0-4754-a98c-6262884d1163 - - - - - -] Successfully bumped revision number for resource 775dd4a6-bfbd-4d1f-afa5-70485cf4859a (type: ports) to 6 [pid: 8|app: 0|req: 1228/2391] 10.0.0.118 () {34 vars in 695 bytes} [Tue Apr 14 07:00:04 2026] POST /v2.0/security-group-rules => generated 602 bytes in 241 msecs (HTTP/1.1 201) 4 headers in 162 bytes (1 switches on core 0)
2026-04-14 07:00:05.045 7 WARNING neutron.plugins.ml2.drivers.ovn.mech_driver.ovsdb.ovn_client [None req-9ab4c997-ff7c-44c1-8d9e-4214c4c14883 - - - - - -] Logical_Switch_Port 775dd4a6-bfbd-4d1f-afa5-70485cf4859a host information not removed, the port state is up
2026-04-14 07:00:05.045 7 INFO neutron.plugins.ml2.drivers.ovn.mech_driver.mech_driver [None req-9ab4c997-ff7c-44c1-8d9e-4214c4c14883 - - - - - -] OVN reports status down for port: 369fef34-1ff7-4f62-8b11-dc5d86251f98
2026-04-14 07:00:05.066 7 INFO neutron.db.ovn_revision_numbers_db [None req-04123b67-5f28-4d1a-9d2e-87e5a1339d31 5e242455f0d743cba7f5db4a17319326 7deeadb31541439e822a9316ceb43d9f - - default default] Successfully bumped revision number for resource e68fedfb-d2ad-4483-a53f-95bb957d3fee (type: security_group_rules) to 0 [pid: 7|app: 0|req: 1164/2392] 10.0.0.118 () {34 vars in 695 bytes} [Tue Apr 14 07:00:04 2026] POST /v2.0/security-group-rules => generated 601 bytes in 475 msecs (HTTP/1.1 201) 4 headers in 162 bytes (1 switches on core 0)
2026-04-14 07:00:05.172 7 WARNING neutron.plugins.ml2.drivers.ovn.mech_driver.ovsdb.ovn_client [None req-9ab4c997-ff7c-44c1-8d9e-4214c4c14883 - - - - - -] Logical_Switch_Port 369fef34-1ff7-4f62-8b11-dc5d86251f98 host information not removed, the port state is up [pid: 8|app: 0|req: 1229/2393] 10.0.0.118 () {32 vars in 740 bytes} [Tue Apr 14 07:00:04 2026] DELETE /v2.0/security-groups/3ede779f-7014-42dd-a4c8-3ad888b8d72d => generated 0 bytes in 387 msecs (HTTP/1.1 204) 2 headers in 112 bytes (1 switches on core 0)
2026-04-14 07:00:05.275 7 INFO neutron.plugins.ml2.drivers.ovn.mech_driver.mech_driver [None req-9ab4c997-ff7c-44c1-8d9e-4214c4c14883 - - - - - -] OVN reports status up for port: 775dd4a6-bfbd-4d1f-afa5-70485cf4859a
2026-04-14 07:00:05.293 7 INFO neutron.plugins.ml2.plugin [None req-9ab4c997-ff7c-44c1-8d9e-4214c4c14883 - - - - - -] Attempt 1 to provision port 775dd4a6-bfbd-4d1f-afa5-70485cf4859a
2026-04-14 07:00:05.502 7 INFO neutron.db.ovn_revision_numbers_db [None req-60650a4f-2e49-4718-a251-e8d14a763aa7 a35bf624aea14f9392890f77912c5d01 de3302219b424fb6bcd4cf98acfe84e4 - - default default] Successfully bumped revision number for resource bf323cb4-91af-475c-9e83-a96f1c8979ff (type: security_group_rules) to 0 [pid: 7|app: 0|req: 1165/2394] 10.0.0.118 () {34 vars in 695 bytes} [Tue Apr 14 07:00:05 2026] POST /v2.0/security-group-rules => generated 601 bytes in 406 msecs (HTTP/1.1 201) 4 headers in 162 bytes (1 switches on core 0)
2026-04-14 07:00:05.684 8 INFO neutron.db.ovn_revision_numbers_db [None req-7ab38cdb-389e-45df-82a1-889175db31ba f94ad306168640438e2616e303d4e3d7 a839f2f4d6a6412187c9ca6d5688ca3d - - default default] Successfully bumped revision number for resource 01a157ee-d482-4098-8f5d-b6f6d8b67676 (type: security_groups) to 1
2026-04-14 07:00:05.696 8 INFO neutron.db.ovn_revision_numbers_db [None req-7ab38cdb-389e-45df-82a1-889175db31ba f94ad306168640438e2616e303d4e3d7 a839f2f4d6a6412187c9ca6d5688ca3d - - default default] Successfully bumped revision number for resource 6f42c7f6-13c4-4182-985a-605e144ac29e (type: security_group_rules) to 0
2026-04-14 07:00:05.711 8 INFO neutron.db.ovn_revision_numbers_db [None req-7ab38cdb-389e-45df-82a1-889175db31ba f94ad306168640438e2616e303d4e3d7 a839f2f4d6a6412187c9ca6d5688ca3d - - default default] Successfully bumped revision number for resource 9744533c-ceb2-4996-a28d-aacdb70d2a45 (type: security_group_rules) to 0
2026-04-14 07:00:05.724 8 INFO neutron.db.ovn_revision_numbers_db [None req-7ab38cdb-389e-45df-82a1-889175db31ba f94ad306168640438e2616e303d4e3d7 a839f2f4d6a6412187c9ca6d5688ca3d - - default default] Successfully bumped revision number for resource ae604bdb-5202-4f75-8a55-07f6c51e36c4 (type: security_group_rules) to 0
2026-04-14 07:00:05.734 8 INFO neutron.db.ovn_revision_numbers_db [None req-7ab38cdb-389e-45df-82a1-889175db31ba f94ad306168640438e2616e303d4e3d7 a839f2f4d6a6412187c9ca6d5688ca3d - - default default] Successfully bumped revision number for resource f0cee7ad-0c6f-4687-b79c-9fd4aba84619 (type: security_group_rules) to 0 [pid: 8|app: 0|req: 1230/2395] 10.0.0.118 () {32 vars in 774 bytes} [Tue Apr 14 07:00:05 2026] GET /v2.0/security-groups?tenant_id=b8efd584d03f4c1f98f35e323e927514&name=default => generated 2925 bytes in 536 msecs (HTTP/1.1 200) 4 headers in 158 bytes (1 switches on core 0)
2026-04-14 07:00:05.808 7 INFO neutron.db.ovn_revision_numbers_db [None req-e402c0a9-685a-4b31-815c-d4cdc909495f 5e242455f0d743cba7f5db4a17319326 7deeadb31541439e822a9316ceb43d9f - - default default] Successfully bumped revision number for resource ea9b4e39-4ef2-4363-a1df-cbfa8ec828b1 (type: security_group_rules) to 0 [pid: 8|app: 0|req: 1231/2396] 10.0.0.118 () {32 vars in 774 bytes} [Tue Apr 14 07:00:05 2026] GET /v2.0/security-groups?tenant_id=a9a7b6e754684a52a7354938d6178d28&name=default => generated 2925 bytes in 37 msecs (HTTP/1.1 200) 4 headers in 158 bytes (1 switches on core 0)
