2026-04-14 06:58:14.381 8 INFO neutron.api.v2.resource [None req-b1115860-1eaa-48e5-ae67-b37b525d91d9 475191a27ff44c2d89101f69b4c4a19a 40e56b3d14ac41789cede00628e245c3 - - default default] delete failed (client error): The resource could not be found. [pid: 8|app: 0|req: 875/1654] 10.0.0.118 () {32 vars in 724 bytes} [Tue Apr 14 06:58:14 2026] DELETE /v2.0/routers/a5ba7a6d-8480-4aa6-a5a1-c512ace85b87 => generated 135 bytes in 21 msecs (HTTP/1.1 404) 4 headers in 164 bytes (1 switches on core 0)
2026-04-14 06:58:14.401 8 INFO neutron.pecan_wsgi.hooks.translation [None req-6080b4db-660b-4bd5-a89e-dc017b656292 475191a27ff44c2d89101f69b4c4a19a 40e56b3d14ac41789cede00628e245c3 - - default default] DELETE failed (client error): The resource could not be found. [pid: 8|app: 0|req: 876/1655] 10.0.0.118 () {32 vars in 724 bytes} [Tue Apr 14 06:58:14 2026] DELETE /v2.0/subnets/d0394bb4-cc56-426d-88db-3ae2bcbdc67f => generated 136 bytes in 15 msecs (HTTP/1.1 404) 4 headers in 164 bytes (1 switches on core 0) [pid: 8|app: 0|req: 877/1656] 10.0.0.118 () {32 vars in 736 bytes} [Tue Apr 14 06:58:14 2026] GET /v2.0/ports?device_id=fb6c056c-9db2-489d-b686-8512e3899dfb => generated 12 bytes in 22 msecs (HTTP/1.1 200) 4 headers in 156 bytes (1 switches on core 0)
2026-04-14 06:58:14.451 8 INFO neutron.api.v2.resource [None req-136cd1c5-7505-42f3-b2c1-64fb67d61207 475191a27ff44c2d89101f69b4c4a19a 40e56b3d14ac41789cede00628e245c3 - - default default] delete failed (client error): The resource could not be found. [pid: 8|app: 0|req: 878/1657] 10.0.0.118 () {32 vars in 724 bytes} [Tue Apr 14 06:58:14 2026] DELETE /v2.0/routers/fb6c056c-9db2-489d-b686-8512e3899dfb => generated 135 bytes in 18 msecs (HTTP/1.1 404) 4 headers in 164 bytes (1 switches on core 0)
2026-04-14 06:58:14.467 8 INFO neutron.pecan_wsgi.hooks.translation [None req-f4136f7b-6ff0-4a78-a1b0-1aca647e69f3 475191a27ff44c2d89101f69b4c4a19a 40e56b3d14ac41789cede00628e245c3 - - default default] DELETE failed (client error): The resource could not be found. [pid: 8|app: 0|req: 879/1658] 10.0.0.118 () {32 vars in 724 bytes} [Tue Apr 14 06:58:14 2026] DELETE /v2.0/subnets/633d2203-7bc0-4f75-9744-ac27ebff79f4 => generated 136 bytes in 13 msecs (HTTP/1.1 404) 4 headers in 164 bytes (1 switches on core 0)
2026-04-14 06:58:14.483 8 INFO neutron.pecan_wsgi.hooks.translation [None req-667392f6-2ec7-4219-9b31-f1b7286a588b 475191a27ff44c2d89101f69b4c4a19a 40e56b3d14ac41789cede00628e245c3 - - default default] DELETE failed (client error): The resource could not be found. [pid: 8|app: 0|req: 880/1659] 10.0.0.118 () {32 vars in 724 bytes} [Tue Apr 14 06:58:14 2026] DELETE /v2.0/subnets/07e5bdec-9d16-4d5f-9e68-87014c22938f => generated 136 bytes in 13 msecs (HTTP/1.1 404) 4 headers in 164 bytes (1 switches on core 0)
2026-04-14 06:58:14.583 7 WARNING neutron.scheduler.dhcp_agent_scheduler [None req-4944e11f-1e04-4670-b273-edf4e91710e7 4247fa44026b4cf58d848c710d79fb9b d8a0af9405d14635a66db25ca5de8dca - - default default] No more DHCP agents
2026-04-14 06:58:14.584 7 WARNING neutron.api.rpc.agentnotifiers.dhcp_rpc_agent_api [None req-4944e11f-1e04-4670-b273-edf4e91710e7 4247fa44026b4cf58d848c710d79fb9b d8a0af9405d14635a66db25ca5de8dca - - default default] Unable to schedule network 9dc8af58-a96b-44f1-98f8-d5d6d41ff4b6: no agents available; will retry on subsequent port and subnet creation events.
2026-04-14 06:58:14.660 7 INFO neutron.plugins.ml2.drivers.ovn.mech_driver.mech_driver [None req-cb2d0c65-e035-441d-afb8-c7f4810f79a1 - - - - - -] OVN reports status down for port: 87064a3b-2d7f-468a-8d6c-192ac567a1af
2026-04-14 06:58:14.735 7 INFO neutron.db.ovn_revision_numbers_db [None req-4944e11f-1e04-4670-b273-edf4e91710e7 4247fa44026b4cf58d848c710d79fb9b d8a0af9405d14635a66db25ca5de8dca - - default default] Successfully bumped revision number for resource 87064a3b-2d7f-468a-8d6c-192ac567a1af (type: ports) to 1
2026-04-14 06:58:14.815 7 WARNING neutron.scheduler.dhcp_agent_scheduler [None req-4944e11f-1e04-4670-b273-edf4e91710e7 4247fa44026b4cf58d848c710d79fb9b d8a0af9405d14635a66db25ca5de8dca - - default default] No more DHCP agents
2026-04-14 06:58:14.816 7 WARNING neutron.api.rpc.agentnotifiers.dhcp_rpc_agent_api [None req-4944e11f-1e04-4670-b273-edf4e91710e7 4247fa44026b4cf58d848c710d79fb9b d8a0af9405d14635a66db25ca5de8dca - - default default] Unable to schedule network 9aaad178-ed6e-4dd1-b1ae-dc5613d974b9: no agents available; will retry on subsequent port and subnet creation events.
2026-04-14 06:58:14.899 7 INFO neutron.plugins.ml2.drivers.ovn.mech_driver.mech_driver [None req-cb2d0c65-e035-441d-afb8-c7f4810f79a1 - - - - - -] OVN reports status down for port: 7c03afc2-96f0-470c-bee7-5c631aa3a3aa
2026-04-14 06:58:14.982 7 INFO neutron.db.ovn_revision_numbers_db [None req-4944e11f-1e04-4670-b273-edf4e91710e7 4247fa44026b4cf58d848c710d79fb9b d8a0af9405d14635a66db25ca5de8dca - - default default] Successfully bumped revision number for resource 7c03afc2-96f0-470c-bee7-5c631aa3a3aa (type: ports) to 1 [pid: 7|app: 0|req: 780/1660] 10.0.0.118 () {34 vars in 665 bytes} [Tue Apr 14 06:58:14 2026] POST /v2.0/ports => generated 1506 bytes in 1039 msecs (HTTP/1.1 201) 4 headers in 163 bytes (1 switches on core 0) /var/lib/openstack/lib/python3.12/site-packages/pycadf/identifier.py:70: UserWarning: Invalid uuid: neutron. To ensure interoperability, identifiers should be a valid uuid. warnings.warn(('Invalid uuid: %s. To ensure interoperability, ' [pid: 8|app: 0|req: 881/1661] 10.0.0.118 () {32 vars in 774 bytes} [Tue Apr 14 06:58:15 2026] GET /v2.0/security-groups?tenant_id=40e56b3d14ac41789cede00628e245c3&name=default => generated 2925 bytes in 104 msecs (HTTP/1.1 200) 4 headers in 158 bytes (1 switches on core 0) [pid: 7|app: 0|req: 781/1662] 10.0.0.118 () {32 vars in 643 bytes} [Tue Apr 14 06:58:15 2026] GET /v2.0/ports => generated 3018 bytes in 54 msecs (HTTP/1.1 200) 4 headers in 158 bytes (1 switches on core 0)
2026-04-14 06:58:15.268 7 INFO neutron_taas.services.taas.taas_plugin [None req-f2dbc9c5-634c-456c-9cf9-2fca9e76018e 4247fa44026b4cf58d848c710d79fb9b d8a0af9405d14635a66db25ca5de8dca - - default default] TaaS: Handle Delete Port: 87064a3b-2d7f-468a-8d6c-192ac567a1af
2026-04-14 06:58:15.273 7 INFO neutron_taas.services.taas.tap_mirror_plugin [None req-f2dbc9c5-634c-456c-9cf9-2fca9e76018e 4247fa44026b4cf58d848c710d79fb9b d8a0af9405d14635a66db25ca5de8dca - - default default] Tap Mirror: Handle Delete Port: 87064a3b-2d7f-468a-8d6c-192ac567a1af [pid: 8|app: 0|req: 882/1663] 10.0.0.118 () {32 vars in 740 bytes} [Tue Apr 14 06:58:15 2026] DELETE /v2.0/security-groups/1c905df8-9aaf-42a1-9e32-dbb1bb74a386 => generated 0 bytes in 263 msecs (HTTP/1.1 204) 2 headers in 112 bytes (1 switches on core 0) [pid: 7|app: 0|req: 782/1664] 10.0.0.118 () {32 vars in 720 bytes} [Tue Apr 14 06:58:15 2026] DELETE /v2.0/ports/87064a3b-2d7f-468a-8d6c-192ac567a1af => generated 0 bytes in 295 msecs (HTTP/1.1 204) 3 headers in 131 bytes (1 switches on core 0)
2026-04-14 06:58:15.566 8 INFO neutron_taas.services.taas.taas_plugin [None req-c19173a9-b5cc-4fea-97a3-f5fa86ee2ff0 4247fa44026b4cf58d848c710d79fb9b d8a0af9405d14635a66db25ca5de8dca - - default default] TaaS: Handle Delete Port: 7c03afc2-96f0-470c-bee7-5c631aa3a3aa
2026-04-14 06:58:15.569 8 INFO neutron_taas.services.taas.tap_mirror_plugin [None req-c19173a9-b5cc-4fea-97a3-f5fa86ee2ff0 4247fa44026b4cf58d848c710d79fb9b d8a0af9405d14635a66db25ca5de8dca - - default default] Tap Mirror: Handle Delete Port: 7c03afc2-96f0-470c-bee7-5c631aa3a3aa [pid: 8|app: 0|req: 883/1665] 10.0.0.118 () {32 vars in 720 bytes} [Tue Apr 14 06:58:15 2026] DELETE /v2.0/ports/7c03afc2-96f0-470c-bee7-5c631aa3a3aa => generated 0 bytes in 242 msecs (HTTP/1.1 204) 3 headers in 131 bytes (1 switches on core 0) [pid: 7|app: 0|req: 783/1666] 10.0.0.118 () {32 vars in 643 bytes} [Tue Apr 14 06:58:15 2026] GET /v2.0/ports => generated 1523 bytes in 46 msecs (HTTP/1.1 200) 4 headers in 158 bytes (1 switches on core 0)
2026-04-14 06:58:15.821 8 INFO neutron.db.segments_db [None req-73fc2497-cc0c-4abe-a46d-f4a289892927 4247fa44026b4cf58d848c710d79fb9b d8a0af9405d14635a66db25ca5de8dca - - default default] Added segment 567d2874-e494-4bb7-bff6-d7d07523ebec of type geneve for network 2e008661-414a-459e-88bd-a402216a7950
2026-04-14 06:58:15.944 8 INFO neutron.db.ovn_revision_numbers_db [None req-73fc2497-cc0c-4abe-a46d-f4a289892927 4247fa44026b4cf58d848c710d79fb9b d8a0af9405d14635a66db25ca5de8dca - - default default] Successfully bumped revision number for resource 2e008661-414a-459e-88bd-a402216a7950 (type: networks) to 1
2026-04-14 06:58:16.088 8 WARNING neutron.scheduler.dhcp_agent_scheduler [None req-73fc2497-cc0c-4abe-a46d-f4a289892927 4247fa44026b4cf58d848c710d79fb9b d8a0af9405d14635a66db25ca5de8dca - - default default] No more DHCP agents
2026-04-14 06:58:16.089 8 WARNING neutron.api.rpc.agentnotifiers.dhcp_rpc_agent_api [None req-73fc2497-cc0c-4abe-a46d-f4a289892927 4247fa44026b4cf58d848c710d79fb9b d8a0af9405d14635a66db25ca5de8dca - - default default] Unable to schedule network 2e008661-414a-459e-88bd-a402216a7950: no agents available; will retry on subsequent port and subnet creation events.
2026-04-14 06:58:16.160 7 INFO neutron.plugins.ml2.drivers.ovn.mech_driver.mech_driver [None req-cb2d0c65-e035-441d-afb8-c7f4810f79a1 - - - - - -] OVN reports status down for port: f3ebb575-0cea-4f0a-a7b6-657411a15b64
2026-04-14 06:58:16.198 8 INFO neutron.db.ovn_revision_numbers_db [None req-73fc2497-cc0c-4abe-a46d-f4a289892927 4247fa44026b4cf58d848c710d79fb9b d8a0af9405d14635a66db25ca5de8dca - - default default] Successfully bumped revision number for resource f3ebb575-0cea-4f0a-a7b6-657411a15b64 (type: ports) to 1 [pid: 8|app: 0|req: 884/1667] 10.0.0.118 () {34 vars in 670 bytes} [Tue Apr 14 06:58:15 2026] POST /v2.0/networks => generated 688 bytes in 476 msecs (HTTP/1.1 201) 4 headers in 162 bytes (1 switches on core 0)
2026-04-14 06:58:16.330 7 INFO neutron.db.segments_db [None req-403ef9c9-0509-4cb7-9103-600cc15cbe82 4247fa44026b4cf58d848c710d79fb9b d8a0af9405d14635a66db25ca5de8dca - - default default] Added segment 7ce4bd17-4d34-4016-9430-acc2b6654cd2 of type geneve for network f290bfbe-6f7c-4344-882c-1bd21eb57fca
2026-04-14 06:58:16.453 7 INFO neutron.db.ovn_revision_numbers_db [None req-403ef9c9-0509-4cb7-9103-600cc15cbe82 4247fa44026b4cf58d848c710d79fb9b d8a0af9405d14635a66db25ca5de8dca - - default default] Successfully bumped revision number for resource f290bfbe-6f7c-4344-882c-1bd21eb57fca (type: networks) to 1
2026-04-14 06:58:16.585 7 WARNING neutron.scheduler.dhcp_agent_scheduler [None req-403ef9c9-0509-4cb7-9103-600cc15cbe82 4247fa44026b4cf58d848c710d79fb9b d8a0af9405d14635a66db25ca5de8dca - - default default] No more DHCP agents
2026-04-14 06:58:16.587 7 WARNING neutron.api.rpc.agentnotifiers.dhcp_rpc_agent_api [None req-403ef9c9-0509-4cb7-9103-600cc15cbe82 4247fa44026b4cf58d848c710d79fb9b d8a0af9405d14635a66db25ca5de8dca - - default default] Unable to schedule network f290bfbe-6f7c-4344-882c-1bd21eb57fca: no agents available; will retry on subsequent port and subnet creation events.
2026-04-14 06:58:16.656 7 INFO neutron.plugins.ml2.drivers.ovn.mech_driver.mech_driver [None req-cb2d0c65-e035-441d-afb8-c7f4810f79a1 - - - - - -] OVN reports status down for port: 9d12998d-9ec0-4bf3-89c1-c0b83ce5e82f
2026-04-14 06:58:16.730 7 INFO neutron.db.ovn_revision_numbers_db [None req-403ef9c9-0509-4cb7-9103-600cc15cbe82 4247fa44026b4cf58d848c710d79fb9b d8a0af9405d14635a66db25ca5de8dca - - default default] Successfully bumped revision number for resource 9d12998d-9ec0-4bf3-89c1-c0b83ce5e82f (type: ports) to 1 [pid: 7|app: 0|req: 784/1668] 10.0.0.118 () {34 vars in 670 bytes} [Tue Apr 14 06:58:16 2026] POST /v2.0/networks => generated 688 bytes in 552 msecs (HTTP/1.1 201) 4 headers in 162 bytes (1 switches on core 0)
2026-04-14 06:58:17.097 8 WARNING neutron.scheduler.dhcp_agent_scheduler [None req-b1c4d365-158d-4ae6-b9d7-ca0eeb31d5cf 4247fa44026b4cf58d848c710d79fb9b d8a0af9405d14635a66db25ca5de8dca - - default default] No more DHCP agents
2026-04-14 06:58:17.098 8 WARNING neutron.api.rpc.agentnotifiers.dhcp_rpc_agent_api [None req-b1c4d365-158d-4ae6-b9d7-ca0eeb31d5cf 4247fa44026b4cf58d848c710d79fb9b d8a0af9405d14635a66db25ca5de8dca - - default default] Unable to schedule network 2e008661-414a-459e-88bd-a402216a7950: no agents available; will retry on subsequent port and subnet creation events. [pid: 7|app: 0|req: 785/1669] 10.0.0.193 () {34 vars in 990 bytes} [Tue Apr 14 06:58:17 2026] GET /v2.0/ports?device_id=2841935a-4d63-45fd-842f-b5930718c691 => generated 975 bytes in 86 msecs (HTTP/1.1 200) 4 headers in 157 bytes (1 switches on core 0) [pid: 7|app: 0|req: 786/1670] 10.0.0.193 () {34 vars in 1040 bytes} [Tue Apr 14 06:58:17 2026] GET /v2.0/security-groups?id=cf9dc5f3-ee58-4daa-bc76-2466f8702bf1&fields=id&fields=name => generated 114 bytes in 32 msecs (HTTP/1.1 200) 4 headers in 157 bytes (1 switches on core 0) [pid: 7|app: 0|req: 787/1671] 10.0.0.193 () {34 vars in 990 bytes} [Tue Apr 14 06:58:17 2026] GET /v2.0/ports?device_id=2841935a-4d63-45fd-842f-b5930718c691 => generated 975 bytes in 44 msecs (HTTP/1.1 200) 4 headers in 157 bytes (1 switches on core 0)
2026-04-14 06:58:17.600 8 INFO neutron.db.ovn_revision_numbers_db [None req-12db3688-265e-44f7-b8ca-3e67c42b3619 - - - - - -] Successfully bumped revision number for resource f3ebb575-0cea-4f0a-a7b6-657411a15b64 (type: ports) to 2 [pid: 7|app: 0|req: 788/1672] 10.0.0.193 () {34 vars in 1040 bytes} [Tue Apr 14 06:58:17 2026] GET /v2.0/security-groups?id=cf9dc5f3-ee58-4daa-bc76-2466f8702bf1&fields=id&fields=name => generated 114 bytes in 82 msecs (HTTP/1.1 200) 4 headers in 157 bytes (1 switches on core 0)
2026-04-14 06:58:17.637 8 INFO neutron.db.ovn_revision_numbers_db [None req-12db3688-265e-44f7-b8ca-3e67c42b3619 - - - - - -] Successfully bumped revision number for resource 4a9d7f86-7130-4d79-9e6d-bbbdea369267 (type: subnets) to 0
2026-04-14 06:58:17.664 8 WARNING neutron.scheduler.dhcp_agent_scheduler [None req-b1c4d365-158d-4ae6-b9d7-ca0eeb31d5cf 4247fa44026b4cf58d848c710d79fb9b d8a0af9405d14635a66db25ca5de8dca - - default default] No more DHCP agents
2026-04-14 06:58:17.665 8 WARNING neutron.api.rpc.agentnotifiers.dhcp_rpc_agent_api [None req-b1c4d365-158d-4ae6-b9d7-ca0eeb31d5cf 4247fa44026b4cf58d848c710d79fb9b d8a0af9405d14635a66db25ca5de8dca - - default default] Unable to schedule network f290bfbe-6f7c-4344-882c-1bd21eb57fca: no agents available; will retry on subsequent port and subnet creation events.
2026-04-14 06:58:18.151 8 INFO neutron.db.ovn_revision_numbers_db [None req-c80a59bb-b47c-4413-ba5e-a9569c62b163 - - - - - -] Successfully bumped revision number for resource 9d12998d-9ec0-4bf3-89c1-c0b83ce5e82f (type: ports) to 2
2026-04-14 06:58:18.185 8 INFO neutron.db.ovn_revision_numbers_db [None req-c80a59bb-b47c-4413-ba5e-a9569c62b163 - - - - - -] Successfully bumped revision number for resource 7c05f488-2258-4a9b-9428-576b5b438268 (type: subnets) to 0 [pid: 8|app: 0|req: 885/1673] 10.0.0.118 () {34 vars in 669 bytes} [Tue Apr 14 06:58:16 2026] POST /v2.0/subnets => generated 1274 bytes in 1397 msecs (HTTP/1.1 201) 4 headers in 163 bytes (1 switches on core 0) [pid: 7|app: 0|req: 789/1674] 10.0.0.118 () {32 vars in 647 bytes} [Tue Apr 14 06:58:18 2026] GET /v2.0/subnets => generated 1910 bytes in 37 msecs (HTTP/1.1 200) 4 headers in 158 bytes (1 switches on core 0) [pid: 8|app: 0|req: 886/1675] 10.0.0.118 () {32 vars in 724 bytes} [Tue Apr 14 06:58:18 2026] DELETE /v2.0/subnets/4a9d7f86-7130-4d79-9e6d-bbbdea369267 => generated 0 bytes in 163 msecs (HTTP/1.1 204) 3 headers in 131 bytes (1 switches on core 0)
2026-04-14 06:58:18.553 7 INFO neutron.plugins.ml2.drivers.ovn.mech_driver.mech_driver [None req-cb2d0c65-e035-441d-afb8-c7f4810f79a1 - - - - - -] OVN reports status down for port: 70affd60-247b-4471-8a63-65227323199f
2026-04-14 06:58:18.760 7 INFO neutron.notifiers.nova [-] Nova event matching ['req-019268c0-eb3b-4b79-8f2f-3619ef568a2b'] response: {'server_uuid': '2841935a-4d63-45fd-842f-b5930718c691', 'name': 'network-vif-unplugged', 'status': 'completed', 'tag': '70affd60-247b-4471-8a63-65227323199f', 'code': 200} [pid: 7|app: 0|req: 790/1676] 10.0.0.118 () {32 vars in 724 bytes} [Tue Apr 14 06:58:18 2026] DELETE /v2.0/subnets/7c05f488-2258-4a9b-9428-576b5b438268 => generated 0 bytes in 356 msecs (HTTP/1.1 204) 3 headers in 131 bytes (1 switches on core 0) [pid: 7|app: 0|req: 791/1677] 10.0.0.193 () {34 vars in 990 bytes} [Tue Apr 14 06:58:18 2026] GET /v2.0/ports?device_id=2841935a-4d63-45fd-842f-b5930718c691 => generated 973 bytes in 50 msecs (HTTP/1.1 200) 4 headers in 157 bytes (1 switches on core 0) [pid: 7|app: 0|req: 792/1678] 10.0.0.118 () {32 vars in 647 bytes} [Tue Apr 14 06:58:18 2026] GET /v2.0/subnets => generated 649 bytes in 41 msecs (HTTP/1.1 200) 4 headers in 157 bytes (1 switches on core 0) [pid: 7|app: 0|req: 793/1679] 10.0.0.193 () {34 vars in 1040 bytes} [Tue Apr 14 06:58:18 2026] GET /v2.0/security-groups?id=cf9dc5f3-ee58-4daa-bc76-2466f8702bf1&fields=id&fields=name => generated 114 bytes in 43 msecs (HTTP/1.1 200) 4 headers in 157 bytes (1 switches on core 0)
2026-04-14 06:58:18.942 8 INFO neutron.db.ovn_revision_numbers_db [None req-508038a8-312e-4b45-972d-5105c30c1537 f94ad306168640438e2616e303d4e3d7 a839f2f4d6a6412187c9ca6d5688ca3d - - default default] Successfully bumped revision number for resource f3bfa65a-e899-4f6a-9505-8ecf669f1fa2 (type: security_groups) to 1
2026-04-14 06:58:18.949 8 INFO neutron.db.ovn_revision_numbers_db [None req-508038a8-312e-4b45-972d-5105c30c1537 f94ad306168640438e2616e303d4e3d7 a839f2f4d6a6412187c9ca6d5688ca3d - - default default] Successfully bumped revision number for resource 27051b87-5dd3-4f1b-957d-d06d3a45c818 (type: security_group_rules) to 0
2026-04-14 06:58:18.957 8 INFO neutron.db.ovn_revision_numbers_db [None req-508038a8-312e-4b45-972d-5105c30c1537 f94ad306168640438e2616e303d4e3d7 a839f2f4d6a6412187c9ca6d5688ca3d - - default default] Successfully bumped revision number for resource 324e3cc3-29c2-46a5-99ea-b5937da0fa1d (type: security_group_rules) to 0
2026-04-14 06:58:18.971 8 INFO neutron.db.ovn_revision_numbers_db [None req-508038a8-312e-4b45-972d-5105c30c1537 f94ad306168640438e2616e303d4e3d7 a839f2f4d6a6412187c9ca6d5688ca3d - - default default] Successfully bumped revision number for resource c4351fa7-775e-42b1-b75a-9415241c59d6 (type: security_group_rules) to 0
2026-04-14 06:58:18.980 8 INFO neutron.db.ovn_revision_numbers_db [None req-508038a8-312e-4b45-972d-5105c30c1537 f94ad306168640438e2616e303d4e3d7 a839f2f4d6a6412187c9ca6d5688ca3d - - default default] Successfully bumped revision number for resource d054cab6-4d81-488a-b679-6d27d45491c0 (type: security_group_rules) to 0 [pid: 8|app: 0|req: 887/1680] 10.0.0.118 () {32 vars in 774 bytes} [Tue Apr 14 06:58:18 2026] GET /v2.0/security-groups?tenant_id=dc628410068246e0b96ace6dc5b42416&name=default => generated 2925 bytes in 438 msecs (HTTP/1.1 200) 4 headers in 158 bytes (1 switches on core 0)
2026-04-14 06:58:19.062 7 INFO neutron.db.ovn_revision_numbers_db [None req-cb2d0c65-e035-441d-afb8-c7f4810f79a1 - - - - - -] Successfully bumped revision number for resource 70affd60-247b-4471-8a63-65227323199f (type: ports) to 8
2026-04-14 06:58:19.124 7 INFO neutron_taas.services.taas.taas_plugin [None req-f9cbee15-491a-45f6-931a-4b870da082dd 4247fa44026b4cf58d848c710d79fb9b d8a0af9405d14635a66db25ca5de8dca - - default default] TaaS: Handle Delete Port: 9d12998d-9ec0-4bf3-89c1-c0b83ce5e82f
2026-04-14 06:58:19.129 7 INFO neutron_taas.services.taas.tap_mirror_plugin [None req-f9cbee15-491a-45f6-931a-4b870da082dd 4247fa44026b4cf58d848c710d79fb9b d8a0af9405d14635a66db25ca5de8dca - - default default] Tap Mirror: Handle Delete Port: 9d12998d-9ec0-4bf3-89c1-c0b83ce5e82f [pid: 8|app: 0|req: 888/1681] 10.0.0.118 () {32 vars in 740 bytes} [Tue Apr 14 06:58:19 2026] DELETE /v2.0/security-groups/f3bfa65a-e899-4f6a-9505-8ecf669f1fa2 => generated 0 bytes in 308 msecs (HTTP/1.1 204) 2 headers in 112 bytes (1 switches on core 0)
2026-04-14 06:58:19.386 7 INFO neutron.services.segments.plugin [-] Segment 7ce4bd17-4d34-4016-9430-acc2b6654cd2 resource provider aggregate not found
2026-04-14 06:58:19.393 7 INFO neutron.services.segments.plugin [-] Segment 7ce4bd17-4d34-4016-9430-acc2b6654cd2 resource provider aggregate not found
2026-04-14 06:58:19.408 7 INFO neutron.services.segments.plugin [-] Segment 7ce4bd17-4d34-4016-9430-acc2b6654cd2 resource provider not found; error: Placement Client Error (4xx): {"errors": [{"status": 404, "title": "Not Found", "detail": "The resource could not be found.\n\n No resource provider with uuid 7ce4bd17-4d34-4016-9430-acc2b6654cd2 found for delete ", "request_id": "req-5b97e40c-3be5-4673-8cce-dcc9da1e2341"}]}
2026-04-14 06:58:19.410 7 INFO neutron.services.segments.plugin [-] Segment 7ce4bd17-4d34-4016-9430-acc2b6654cd2 resource provider not found; error: Placement Client Error (4xx): {"errors": [{"status": 404, "title": "Not Found", "detail": "The resource could not be found.\n\n No resource provider with uuid 7ce4bd17-4d34-4016-9430-acc2b6654cd2 found for delete ", "request_id": "req-630a68dd-b3c9-4466-a3bf-75e4cab7cfdb"}]} [pid: 7|app: 0|req: 794/1682] 10.0.0.118 () {32 vars in 726 bytes} [Tue Apr 14 06:58:18 2026] DELETE /v2.0/networks/f290bfbe-6f7c-4344-882c-1bd21eb57fca => generated 0 bytes in 529 msecs (HTTP/1.1 204) 3 headers in 131 bytes (1 switches on core 0)
2026-04-14 06:58:19.564 8 INFO neutron_taas.services.taas.taas_plugin [None req-408610e4-4624-46f0-9e5e-defb65c118f8 4247fa44026b4cf58d848c710d79fb9b d8a0af9405d14635a66db25ca5de8dca - - default default] TaaS: Handle Delete Port: f3ebb575-0cea-4f0a-a7b6-657411a15b64
2026-04-14 06:58:19.566 8 INFO neutron_taas.services.taas.tap_mirror_plugin [None req-408610e4-4624-46f0-9e5e-defb65c118f8 4247fa44026b4cf58d848c710d79fb9b d8a0af9405d14635a66db25ca5de8dca - - default default] Tap Mirror: Handle Delete Port: f3ebb575-0cea-4f0a-a7b6-657411a15b64 /var/lib/openstack/lib/python3.12/site-packages/pycadf/identifier.py:70: UserWarning: Invalid uuid: neutron. To ensure interoperability, identifiers should be a valid uuid. warnings.warn(('Invalid uuid: %s. To ensure interoperability, ' [pid: 7|app: 0|req: 795/1683] 199.204.45.33 () {34 vars in 993 bytes} [Tue Apr 14 06:58:19 2026] GET /v2.0/ports?device_id=2841935a-4d63-45fd-842f-b5930718c691 => generated 973 bytes in 61 msecs (HTTP/1.1 200) 4 headers in 157 bytes (1 switches on core 0)
2026-04-14 06:58:19.898 8 INFO neutron.services.segments.plugin [-] Segment 567d2874-e494-4bb7-bff6-d7d07523ebec resource provider aggregate not found
2026-04-14 06:58:19.902 8 INFO neutron.services.segments.plugin [-] Segment 567d2874-e494-4bb7-bff6-d7d07523ebec resource provider aggregate not found
2026-04-14 06:58:19.919 8 INFO neutron.services.segments.plugin [-] Segment 567d2874-e494-4bb7-bff6-d7d07523ebec resource provider not found; error: Placement Client Error (4xx): {"errors": [{"status": 404, "title": "Not Found", "detail": "The resource could not be found.\n\n No resource provider with uuid 567d2874-e494-4bb7-bff6-d7d07523ebec found for delete ", "request_id": "req-6814c49b-1212-4ab9-a2cf-8fd80d7727d2"}]}
2026-04-14 06:58:19.921 8 INFO neutron.services.segments.plugin [-] Segment 567d2874-e494-4bb7-bff6-d7d07523ebec resource provider not found; error: Placement Client Error (4xx): {"errors": [{"status": 404, "title": "Not Found", "detail": "The resource could not be found.\n\n No resource provider with uuid 567d2874-e494-4bb7-bff6-d7d07523ebec found for delete ", "request_id": "req-54f89a13-3ffb-4bf2-abd6-62e860ab4364"}]}
2026-04-14 06:58:19.922 7 INFO neutron_taas.services.taas.taas_plugin [req-e0667a1e-df43-4b18-8b2e-f62c90a04235 req-e71fd88e-5a42-4d70-872b-424ec5c84ecc 60bf76a5815f4f60b1a684313ff28a12 c94b2318bbc84b15b1183f3ffcf79840 - - default default] TaaS: Handle Delete Port: 70affd60-247b-4471-8a63-65227323199f
2026-04-14 06:58:19.924 7 INFO neutron_taas.services.taas.tap_mirror_plugin [req-e0667a1e-df43-4b18-8b2e-f62c90a04235 req-e71fd88e-5a42-4d70-872b-424ec5c84ecc 60bf76a5815f4f60b1a684313ff28a12 c94b2318bbc84b15b1183f3ffcf79840 - - default default] Tap Mirror: Handle Delete Port: 70affd60-247b-4471-8a63-65227323199f [pid: 8|app: 0|req: 889/1684] 10.0.0.118 () {32 vars in 726 bytes} [Tue Apr 14 06:58:19 2026] DELETE /v2.0/networks/2e008661-414a-459e-88bd-a402216a7950 => generated 0 bytes in 514 msecs (HTTP/1.1 204) 3 headers in 131 bytes (1 switches on core 0)
2026-04-14 06:58:20.119 8 INFO neutron_taas.services.taas.taas_plugin [None req-90c6a840-4440-4cab-9209-cc6963cf8996 4247fa44026b4cf58d848c710d79fb9b d8a0af9405d14635a66db25ca5de8dca - - default default] TaaS: Handle Delete Port: 6b0108b2-7ac2-4ce3-ae29-361ceeef6151
2026-04-14 06:58:20.122 8 INFO neutron_taas.services.taas.tap_mirror_plugin [None req-90c6a840-4440-4cab-9209-cc6963cf8996 4247fa44026b4cf58d848c710d79fb9b d8a0af9405d14635a66db25ca5de8dca - - default default] Tap Mirror: Handle Delete Port: 6b0108b2-7ac2-4ce3-ae29-361ceeef6151
2026-04-14 06:58:20.138 7 INFO neutron.db.l3_db [req-e0667a1e-df43-4b18-8b2e-f62c90a04235 req-e71fd88e-5a42-4d70-872b-424ec5c84ecc 60bf76a5815f4f60b1a684313ff28a12 c94b2318bbc84b15b1183f3ffcf79840 - - default default] Floating IP d88376b2-3bfe-4e18-874f-d54389ceee50 disassociated. External IP: 10.96.250.203, port: 70affd60-247b-4471-8a63-65227323199f. [pid: 7|app: 0|req: 796/1685] 199.204.45.33 () {36 vars in 996 bytes} [Tue Apr 14 06:58:19 2026] DELETE /v2.0/ports/70affd60-247b-4471-8a63-65227323199f => generated 0 bytes in 520 msecs (HTTP/1.1 204) 3 headers in 131 bytes (1 switches on core 0) /var/lib/openstack/lib/python3.12/site-packages/pycadf/identifier.py:70: UserWarning: Invalid uuid: neutron. To ensure interoperability, identifiers should be a valid uuid. warnings.warn(('Invalid uuid: %s. To ensure interoperability, ' [pid: 7|app: 0|req: 797/1686] 10.0.0.193 () {34 vars in 990 bytes} [Tue Apr 14 06:58:20 2026] GET /v2.0/ports?device_id=2841935a-4d63-45fd-842f-b5930718c691 => generated 12 bytes in 16 msecs (HTTP/1.1 200) 4 headers in 156 bytes (1 switches on core 0) [pid: 8|app: 0|req: 890/1687] 10.0.0.118 () {32 vars in 726 bytes} [Tue Apr 14 06:58:19 2026] DELETE /v2.0/networks/9aaad178-ed6e-4dd1-b1ae-dc5613d974b9 => generated 0 bytes in 431 msecs (HTTP/1.1 204) 3 headers in 131 bytes (1 switches on core 0)
2026-04-14 06:58:20.512 7 INFO neutron_taas.services.taas.taas_plugin [None req-4d559ac0-d680-445a-9bba-f6ba34ec459a 4247fa44026b4cf58d848c710d79fb9b d8a0af9405d14635a66db25ca5de8dca - - default default] TaaS: Handle Delete Port: 6fb26b3d-4560-4e06-9997-12b05e1a4056
2026-04-14 06:58:20.514 7 INFO neutron_taas.services.taas.tap_mirror_plugin [None req-4d559ac0-d680-445a-9bba-f6ba34ec459a 4247fa44026b4cf58d848c710d79fb9b d8a0af9405d14635a66db25ca5de8dca - - default default] Tap Mirror: Handle Delete Port: 6fb26b3d-4560-4e06-9997-12b05e1a4056 [pid: 7|app: 0|req: 798/1688] 10.0.0.118 () {32 vars in 726 bytes} [Tue Apr 14 06:58:20 2026] DELETE /v2.0/networks/9dc8af58-a96b-44f1-98f8-d5d6d41ff4b6 => generated 0 bytes in 338 msecs (HTTP/1.1 204) 3 headers in 131 bytes (1 switches on core 0)
2026-04-14 06:58:20.801 7 INFO neutron.notifiers.nova [-] Nova event matching ['req-eafc1227-11d5-403e-a127-94418193abcf'] response: {'server_uuid': '2841935a-4d63-45fd-842f-b5930718c691', 'name': 'network-vif-unplugged', 'status': 'completed', 'tag': '70affd60-247b-4471-8a63-65227323199f', 'code': 200}
2026-04-14 06:58:20.801 7 INFO neutron.notifiers.nova [-] Nova event matching ['req-eafc1227-11d5-403e-a127-94418193abcf'] response: {'server_uuid': '2841935a-4d63-45fd-842f-b5930718c691', 'name': 'network-vif-deleted', 'tag': '70affd60-247b-4471-8a63-65227323199f', 'status': 'completed', 'code': 200} [pid: 7|app: 0|req: 799/1689] 10.0.0.118 () {32 vars in 774 bytes} [Tue Apr 14 06:58:21 2026] GET /v2.0/security-groups?tenant_id=d8a0af9405d14635a66db25ca5de8dca&name=default => generated 2925 bytes in 85 msecs (HTTP/1.1 200) 4 headers in 158 bytes (1 switches on core 0)
2026-04-14 06:58:21.280 8 INFO neutron.db.ovn_revision_numbers_db [None req-02d6e362-ddb3-491b-ba61-03e055e85dc1 f94ad306168640438e2616e303d4e3d7 a839f2f4d6a6412187c9ca6d5688ca3d - - default default] Successfully bumped revision number for resource 287b8986-3ef6-428b-8574-e4da58e88c77 (type: security_groups) to 1
2026-04-14 06:58:21.291 8 INFO neutron.db.ovn_revision_numbers_db [None req-02d6e362-ddb3-491b-ba61-03e055e85dc1 f94ad306168640438e2616e303d4e3d7 a839f2f4d6a6412187c9ca6d5688ca3d - - default default] Successfully bumped revision number for resource 05bc0cb8-5518-4fd9-98e8-cae6b8ff31a7 (type: security_group_rules) to 0
2026-04-14 06:58:21.303 8 INFO neutron.db.ovn_revision_numbers_db [None req-02d6e362-ddb3-491b-ba61-03e055e85dc1 f94ad306168640438e2616e303d4e3d7 a839f2f4d6a6412187c9ca6d5688ca3d - - default default] Successfully bumped revision number for resource 9d9a9084-4c32-46ca-9aea-2fa36870b9ee (type: security_group_rules) to 0
2026-04-14 06:58:21.314 8 INFO neutron.db.ovn_revision_numbers_db [None req-02d6e362-ddb3-491b-ba61-03e055e85dc1 f94ad306168640438e2616e303d4e3d7 a839f2f4d6a6412187c9ca6d5688ca3d - - default default] Successfully bumped revision number for resource cba2cac5-c85f-4e72-9d3e-127a488722f4 (type: security_group_rules) to 0
2026-04-14 06:58:21.325 8 INFO neutron.db.ovn_revision_numbers_db [None req-02d6e362-ddb3-491b-ba61-03e055e85dc1 f94ad306168640438e2616e303d4e3d7 a839f2f4d6a6412187c9ca6d5688ca3d - - default default] Successfully bumped revision number for resource e5344899-a8f9-4f26-bc8e-7dbfee19c80a (type: security_group_rules) to 0
2026-04-14 06:58:21.401 8 INFO neutron.db.segments_db [None req-02d6e362-ddb3-491b-ba61-03e055e85dc1 f94ad306168640438e2616e303d4e3d7 a839f2f4d6a6412187c9ca6d5688ca3d - - default default] Added segment eca01aff-cf45-40b5-b1cf-cc9fb074521f of type geneve for network 9e7603c9-b06f-4d73-920c-f1ee8283cf1f
2026-04-14 06:58:21.431 7 INFO neutron.services.segments.plugin [-] Segment a1c55a6d-137c-439a-a73e-8c7a22e02d77 resource provider aggregate not found
2026-04-14 06:58:21.438 7 INFO neutron.services.segments.plugin [-] Segment a1c55a6d-137c-439a-a73e-8c7a22e02d77 resource provider aggregate not found
2026-04-14 06:58:21.452 7 INFO neutron.services.segments.plugin [-] Segment a1c55a6d-137c-439a-a73e-8c7a22e02d77 resource provider not found; error: Placement Client Error (4xx): {"errors": [{"status": 404, "title": "Not Found", "detail": "The resource could not be found.\n\n No resource provider with uuid a1c55a6d-137c-439a-a73e-8c7a22e02d77 found for delete ", "request_id": "req-3d2dedd7-e2f1-47ff-a675-ffa1621e0d6f"}]}
2026-04-14 06:58:21.453 7 INFO neutron.services.segments.plugin [-] Segment a1c55a6d-137c-439a-a73e-8c7a22e02d77 resource provider not found; error: Placement Client Error (4xx): {"errors": [{"status": 404, "title": "Not Found", "detail": "The resource could not be found.\n\n No resource provider with uuid a1c55a6d-137c-439a-a73e-8c7a22e02d77 found for delete ", "request_id": "req-b62ab8e2-1503-4f57-bf18-4ab5dadc373c"}]} [pid: 7|app: 0|req: 800/1690] 10.0.0.118 () {32 vars in 740 bytes} [Tue Apr 14 06:58:21 2026] DELETE /v2.0/security-groups/2af66569-ed8e-426f-b389-b3bb88405dc4 => generated 0 bytes in 339 msecs (HTTP/1.1 204) 2 headers in 112 bytes (1 switches on core 0)
2026-04-14 06:58:21.592 8 INFO neutron.db.ovn_revision_numbers_db [None req-02d6e362-ddb3-491b-ba61-03e055e85dc1 f94ad306168640438e2616e303d4e3d7 a839f2f4d6a6412187c9ca6d5688ca3d - - default default] Successfully bumped revision number for resource 9e7603c9-b06f-4d73-920c-f1ee8283cf1f (type: networks) to 1 [pid: 7|app: 0|req: 801/1691] 10.0.0.193 () {34 vars in 990 bytes} [Tue Apr 14 06:58:21 2026] GET /v2.0/ports?device_id=2841935a-4d63-45fd-842f-b5930718c691 => generated 12 bytes in 24 msecs (HTTP/1.1 200) 4 headers in 156 bytes (1 switches on core 0)
2026-04-14 06:58:21.742 8 WARNING neutron.scheduler.dhcp_agent_scheduler [None req-02d6e362-ddb3-491b-ba61-03e055e85dc1 f94ad306168640438e2616e303d4e3d7 a839f2f4d6a6412187c9ca6d5688ca3d - - default default] No more DHCP agents
2026-04-14 06:58:21.743 8 WARNING neutron.api.rpc.agentnotifiers.dhcp_rpc_agent_api [None req-02d6e362-ddb3-491b-ba61-03e055e85dc1 f94ad306168640438e2616e303d4e3d7 a839f2f4d6a6412187c9ca6d5688ca3d - - default default] Unable to schedule network 9e7603c9-b06f-4d73-920c-f1ee8283cf1f: no agents available; will retry on subsequent port and subnet creation events.
2026-04-14 06:58:21.817 7 INFO neutron.plugins.ml2.drivers.ovn.mech_driver.mech_driver [None req-43aafdd6-d9a8-456f-a42e-7d61cecc5c19 - - - - - -] OVN reports status down for port: b2a6ef73-e98f-44a8-87b0-8498c561a000
2026-04-14 06:58:21.841 8 INFO neutron.db.ovn_revision_numbers_db [None req-02d6e362-ddb3-491b-ba61-03e055e85dc1 f94ad306168640438e2616e303d4e3d7 a839f2f4d6a6412187c9ca6d5688ca3d - - default default] Successfully bumped revision number for resource b2a6ef73-e98f-44a8-87b0-8498c561a000 (type: ports) to 1 [pid: 8|app: 0|req: 891/1692] 10.0.0.118 () {34 vars in 671 bytes} [Tue Apr 14 06:58:20 2026] POST /v2.0/networks => generated 782 bytes in 921 msecs (HTTP/1.1 201) 4 headers in 162 bytes (1 switches on core 0)
2026-04-14 06:58:21.939 8 INFO neutron.services.segments.plugin [-] Segment b43fa6ef-de32-463c-bb8a-0a3b37873ea7 resource provider aggregate not found
2026-04-14 06:58:21.943 8 INFO neutron.services.segments.plugin [-] Segment b43fa6ef-de32-463c-bb8a-0a3b37873ea7 resource provider aggregate not found
2026-04-14 06:58:21.954 8 INFO neutron.services.segments.plugin [-] Segment b43fa6ef-de32-463c-bb8a-0a3b37873ea7 resource provider not found; error: Placement Client Error (4xx): {"errors": [{"status": 404, "title": "Not Found", "detail": "The resource could not be found.\n\n No resource provider with uuid b43fa6ef-de32-463c-bb8a-0a3b37873ea7 found for delete ", "request_id": "req-70e026a9-7e81-464a-9a03-858998ea152b"}]}
2026-04-14 06:58:21.955 8 INFO neutron.services.segments.plugin [-] Segment b43fa6ef-de32-463c-bb8a-0a3b37873ea7 resource provider not found; error: Placement Client Error (4xx): {"errors": [{"status": 404, "title": "Not Found", "detail": "The resource could not be found.\n\n No resource provider with uuid b43fa6ef-de32-463c-bb8a-0a3b37873ea7 found for delete ", "request_id": "req-5cbd4c81-19d9-4083-be14-39e683baa254"}]}
2026-04-14 06:58:22.024 7 WARNING neutron.scheduler.dhcp_agent_scheduler [None req-0274ca0a-6b8a-4c74-a804-7b033740ce3c f94ad306168640438e2616e303d4e3d7 a839f2f4d6a6412187c9ca6d5688ca3d - - default default] No more DHCP agents
2026-04-14 06:58:22.025 7 WARNING neutron.api.rpc.agentnotifiers.dhcp_rpc_agent_api [None req-0274ca0a-6b8a-4c74-a804-7b033740ce3c f94ad306168640438e2616e303d4e3d7 a839f2f4d6a6412187c9ca6d5688ca3d - - default default] Unable to schedule network 9e7603c9-b06f-4d73-920c-f1ee8283cf1f: no agents available; will retry on subsequent port and subnet creation events.
2026-04-14 06:58:22.436 7 INFO neutron.db.ovn_revision_numbers_db [None req-733f3e57-c9d9-498c-9c9d-27bb77184272 - - - - - -] Successfully bumped revision number for resource b2a6ef73-e98f-44a8-87b0-8498c561a000 (type: ports) to 2
2026-04-14 06:58:22.464 7 INFO neutron.db.ovn_revision_numbers_db [None req-733f3e57-c9d9-498c-9c9d-27bb77184272 - - - - - -] Successfully bumped revision number for resource 066ff638-1595-4dd0-a8f3-26ca6b3348b3 (type: subnets) to 0 [pid: 7|app: 0|req: 802/1693] 10.0.0.118 () {34 vars in 669 bytes} [Tue Apr 14 06:58:21 2026] POST /v2.0/subnets => generated 688 bytes in 611 msecs (HTTP/1.1 201) 4 headers in 162 bytes (1 switches on core 0) [pid: 7|app: 0|req: 803/1694] 10.0.0.193 () {34 vars in 990 bytes} [Tue Apr 14 06:58:22 2026] GET /v2.0/ports?device_id=2841935a-4d63-45fd-842f-b5930718c691 => generated 12 bytes in 22 msecs (HTTP/1.1 200) 4 headers in 156 bytes (1 switches on core 0)
2026-04-14 06:58:23.337 8 WARNING neutron.scheduler.dhcp_agent_scheduler [None req-6744818e-2941-4db1-9aa2-2305849ec3c4 f94ad306168640438e2616e303d4e3d7 a839f2f4d6a6412187c9ca6d5688ca3d - - default default] No more DHCP agents
2026-04-14 06:58:23.338 8 WARNING neutron.api.rpc.agentnotifiers.dhcp_rpc_agent_api [None req-6744818e-2941-4db1-9aa2-2305849ec3c4 f94ad306168640438e2616e303d4e3d7 a839f2f4d6a6412187c9ca6d5688ca3d - - default default] Unable to schedule network 9b524adc-de0e-432d-9de3-425a80f6b9a6: no agents available; will retry on subsequent port and subnet creation events.
2026-04-14 06:58:23.493 7 INFO neutron.plugins.ml2.drivers.ovn.mech_driver.mech_driver [None req-43aafdd6-d9a8-456f-a42e-7d61cecc5c19 - - - - - -] OVN reports status down for port: 9d9a0945-787e-41bd-9b23-3528efdbb709
2026-04-14 06:58:23.505 8 INFO neutron.db.ovn_revision_numbers_db [None req-6744818e-2941-4db1-9aa2-2305849ec3c4 f94ad306168640438e2616e303d4e3d7 a839f2f4d6a6412187c9ca6d5688ca3d - - default default] Successfully bumped revision number for resource 9d9a0945-787e-41bd-9b23-3528efdbb709 (type: ports) to 1
2026-04-14 06:58:23.660 7 INFO neutron.db.ovn_revision_numbers_db [None req-d2ef33e5-4502-46ba-8478-55065420b222 b85436481e354886a89d5ca4937ba3e5 43c48abb3aad4feabc9e9d8bacbf36da - - default default] Successfully bumped revision number for resource 09109d07-7d41-4086-a181-44170066552e (type: security_groups) to 1
2026-04-14 06:58:23.672 7 INFO neutron.db.ovn_revision_numbers_db [None req-d2ef33e5-4502-46ba-8478-55065420b222 b85436481e354886a89d5ca4937ba3e5 43c48abb3aad4feabc9e9d8bacbf36da - - default default] Successfully bumped revision number for resource 17a4de27-08fa-4ec0-b237-0564e6589d7a (type: security_group_rules) to 0
2026-04-14 06:58:23.683 7 INFO neutron.db.ovn_revision_numbers_db [None req-d2ef33e5-4502-46ba-8478-55065420b222 b85436481e354886a89d5ca4937ba3e5 43c48abb3aad4feabc9e9d8bacbf36da - - default default] Successfully bumped revision number for resource 85001c3b-dc55-4af5-aa9a-83740502c15f (type: security_group_rules) to 0
2026-04-14 06:58:23.694 7 INFO neutron.db.ovn_revision_numbers_db [None req-d2ef33e5-4502-46ba-8478-55065420b222 b85436481e354886a89d5ca4937ba3e5 43c48abb3aad4feabc9e9d8bacbf36da - - default default] Successfully bumped revision number for resource 9afe63cc-9f95-4e02-acfe-cc86298a850b (type: security_group_rules) to 0
2026-04-14 06:58:23.705 7 INFO neutron.db.ovn_revision_numbers_db [None req-d2ef33e5-4502-46ba-8478-55065420b222 b85436481e354886a89d5ca4937ba3e5 43c48abb3aad4feabc9e9d8bacbf36da - - default default] Successfully bumped revision number for resource bdca92e6-e568-4b73-82b4-9e2e069ad155 (type: security_group_rules) to 0
2026-04-14 06:58:23.791 7 INFO neutron.db.segments_db [None req-d2ef33e5-4502-46ba-8478-55065420b222 b85436481e354886a89d5ca4937ba3e5 43c48abb3aad4feabc9e9d8bacbf36da - - default default] Added segment b5d75a4c-2ff9-47d3-bb3c-50b831c20bf6 of type geneve for network c011593d-7601-435d-bc75-7f23b4bf7ad1
2026-04-14 06:58:23.917 7 INFO neutron.db.ovn_revision_numbers_db [None req-d2ef33e5-4502-46ba-8478-55065420b222 b85436481e354886a89d5ca4937ba3e5 43c48abb3aad4feabc9e9d8bacbf36da - - default default] Successfully bumped revision number for resource c011593d-7601-435d-bc75-7f23b4bf7ad1 (type: networks) to 1
2026-04-14 06:58:24.114 7 WARNING neutron.scheduler.dhcp_agent_scheduler [None req-d2ef33e5-4502-46ba-8478-55065420b222 b85436481e354886a89d5ca4937ba3e5 43c48abb3aad4feabc9e9d8bacbf36da - - default default] No more DHCP agents
2026-04-14 06:58:24.120 7 WARNING neutron.api.rpc.agentnotifiers.dhcp_rpc_agent_api [None req-d2ef33e5-4502-46ba-8478-55065420b222 b85436481e354886a89d5ca4937ba3e5 43c48abb3aad4feabc9e9d8bacbf36da - - default default] Unable to schedule network c011593d-7601-435d-bc75-7f23b4bf7ad1: no agents available; will retry on subsequent port and subnet creation events.
2026-04-14 06:58:24.171 8 INFO neutron.plugins.ml2.drivers.ovn.mech_driver.ovsdb.commands [-] Schedule LRP lrp-9d9a0945-787e-41bd-9b23-3528efdbb709 on gateway 8147f399-79db-45f6-a892-ed4cca263438 with priority 1
2026-04-14 06:58:24.222 7 INFO neutron.plugins.ml2.drivers.ovn.mech_driver.mech_driver [None req-43aafdd6-d9a8-456f-a42e-7d61cecc5c19 - - - - - -] OVN reports status down for port: a94df97d-a27a-4b39-b1bb-37fb79a16b83
2026-04-14 06:58:24.318 7 INFO neutron.plugins.ml2.drivers.ovn.mech_driver.ovsdb.ovsdb_monitor [None req-03fe82a0-f976-42c9-96a6-fed3f076641d - - - - - -] Router 1d5bcaed-2dfb-4918-92b8-12bf7a744b8f is bound to host instance
2026-04-14 06:58:24.349 8 INFO neutron.db.ovn_revision_numbers_db [None req-6744818e-2941-4db1-9aa2-2305849ec3c4 f94ad306168640438e2616e303d4e3d7 a839f2f4d6a6412187c9ca6d5688ca3d - - default default] Successfully bumped revision number for resource 9d9a0945-787e-41bd-9b23-3528efdbb709 (type: router_ports) to 1
2026-04-14 06:58:24.412 8 INFO neutron.db.ovn_revision_numbers_db [None req-6744818e-2941-4db1-9aa2-2305849ec3c4 f94ad306168640438e2616e303d4e3d7 a839f2f4d6a6412187c9ca6d5688ca3d - - default default] Successfully bumped revision number for resource 1d5bcaed-2dfb-4918-92b8-12bf7a744b8f (type: routers) to 2 [pid: 8|app: 0|req: 892/1695] 10.0.0.118 () {34 vars in 669 bytes} [Tue Apr 14 06:58:22 2026] POST /v2.0/routers => generated 966 bytes in 1954 msecs (HTTP/1.1 201) 4 headers in 162 bytes (1 switches on core 0)
2026-04-14 06:58:24.482 7 INFO neutron.db.ovn_revision_numbers_db [None req-d2ef33e5-4502-46ba-8478-55065420b222 b85436481e354886a89d5ca4937ba3e5 43c48abb3aad4feabc9e9d8bacbf36da - - default default] Successfully bumped revision number for resource a94df97d-a27a-4b39-b1bb-37fb79a16b83 (type: ports) to 1 [pid: 7|app: 0|req: 804/1696] 10.0.0.118 () {34 vars in 670 bytes} [Tue Apr 14 06:58:23 2026] POST /v2.0/networks => generated 685 bytes in 1363 msecs (HTTP/1.1 201) 4 headers in 162 bytes (1 switches on core 0) [pid: 8|app: 0|req: 893/1697] 10.0.0.118 () {32 vars in 740 bytes} [Tue Apr 14 06:58:24 2026] DELETE /v2.0/security-groups/cf9dc5f3-ee58-4daa-bc76-2466f8702bf1 => generated 0 bytes in 198 msecs (HTTP/1.1 204) 2 headers in 112 bytes (1 switches on core 0)
2026-04-14 06:58:24.648 8 INFO neutron.api.v2.resource [None req-e522ccda-7017-4905-a1a6-3c277c720ce3 60bf76a5815f4f60b1a684313ff28a12 c94b2318bbc84b15b1183f3ffcf79840 - - default default] show failed (client error): The resource could not be found. [pid: 8|app: 0|req: 894/1698] 10.0.0.118 () {32 vars in 737 bytes} [Tue Apr 14 06:58:24 2026] GET /v2.0/security-groups/cf9dc5f3-ee58-4daa-bc76-2466f8702bf1 => generated 146 bytes in 11 msecs (HTTP/1.1 404) 4 headers in 164 bytes (1 switches on core 0)
2026-04-14 06:58:24.759 8 INFO neutron_taas.services.taas.taas_plugin [None req-c172d5f0-70fd-4b17-9f8e-fad99c78d34b 60bf76a5815f4f60b1a684313ff28a12 c94b2318bbc84b15b1183f3ffcf79840 - - default default] TaaS: Handle Delete Port: 8721a8fe-fdc4-4a49-8816-9bd6d2ecf219
2026-04-14 06:58:24.761 8 INFO neutron_taas.services.taas.tap_mirror_plugin [None req-c172d5f0-70fd-4b17-9f8e-fad99c78d34b 60bf76a5815f4f60b1a684313ff28a12 c94b2318bbc84b15b1183f3ffcf79840 - - default default] Tap Mirror: Handle Delete Port: 8721a8fe-fdc4-4a49-8816-9bd6d2ecf219
2026-04-14 06:58:24.776 7 INFO neutron.plugins.ml2.drivers.ovn.mech_driver.mech_driver [None req-43aafdd6-d9a8-456f-a42e-7d61cecc5c19 - - - - - -] OVN reports status up for port: 9d9a0945-787e-41bd-9b23-3528efdbb709
2026-04-14 06:58:24.833 7 INFO neutron.plugins.ml2.plugin [None req-43aafdd6-d9a8-456f-a42e-7d61cecc5c19 - - - - - -] Attempt 1 to provision port 9d9a0945-787e-41bd-9b23-3528efdbb709 [pid: 8|app: 0|req: 895/1699] 10.0.0.118 () {32 vars in 732 bytes} [Tue Apr 14 06:58:24 2026] DELETE /v2.0/floatingips/d88376b2-3bfe-4e18-874f-d54389ceee50 => generated 0 bytes in 246 msecs (HTTP/1.1 204) 2 headers in 112 bytes (1 switches on core 0)
2026-04-14 06:58:25.179 8 INFO neutron_taas.services.taas.taas_plugin [None req-97ae34e0-2646-4597-94c8-619d41483b8f f94ad306168640438e2616e303d4e3d7 a839f2f4d6a6412187c9ca6d5688ca3d - - default default] TaaS: Handle Delete Port: c7a1eeb1-0812-4b2d-b185-5542bea59fa6
2026-04-14 06:58:25.182 8 INFO neutron_taas.services.taas.tap_mirror_plugin [None req-97ae34e0-2646-4597-94c8-619d41483b8f f94ad306168640438e2616e303d4e3d7 a839f2f4d6a6412187c9ca6d5688ca3d - - default default] Tap Mirror: Handle Delete Port: c7a1eeb1-0812-4b2d-b185-5542bea59fa6
2026-04-14 06:58:25.588 7 WARNING neutron.scheduler.dhcp_agent_scheduler [None req-39e5fc08-4c45-4c3d-8699-c11123d88a10 f94ad306168640438e2616e303d4e3d7 a839f2f4d6a6412187c9ca6d5688ca3d - - default default] No more DHCP agents
2026-04-14 06:58:25.591 7 WARNING neutron.api.rpc.agentnotifiers.dhcp_rpc_agent_api [None req-39e5fc08-4c45-4c3d-8699-c11123d88a10 f94ad306168640438e2616e303d4e3d7 a839f2f4d6a6412187c9ca6d5688ca3d - - default default] Unable to schedule network 9e7603c9-b06f-4d73-920c-f1ee8283cf1f: no agents available; will retry on subsequent port and subnet creation events.
2026-04-14 06:58:25.799 7 INFO neutron.plugins.ml2.drivers.ovn.mech_driver.mech_driver [None req-43aafdd6-d9a8-456f-a42e-7d61cecc5c19 - - - - - -] OVN reports status down for port: 540d9596-6d80-4ce9-ab8f-b0ee8fcb40a2 [pid: 8|app: 0|req: 896/1700] 10.0.0.118 () {34 vars in 789 bytes} [Tue Apr 14 06:58:24 2026] PUT /v2.0/routers/0d6ef54e-1ce2-465a-9d2c-8a7c5f6aab50/remove_router_interface => generated 309 bytes in 965 msecs (HTTP/1.1 200) 4 headers in 157 bytes (1 switches on core 0) /var/lib/openstack/lib/python3.12/site-packages/pycadf/identifier.py:70: UserWarning: Invalid uuid: neutron. To ensure interoperability, identifiers should be a valid uuid. warnings.warn(('Invalid uuid: %s. To ensure interoperability, '
2026-04-14 06:58:25.934 7 INFO neutron.db.ovn_revision_numbers_db [None req-39e5fc08-4c45-4c3d-8699-c11123d88a10 f94ad306168640438e2616e303d4e3d7 a839f2f4d6a6412187c9ca6d5688ca3d - - default default] Successfully bumped revision number for resource 540d9596-6d80-4ce9-ab8f-b0ee8fcb40a2 (type: ports) to 1
2026-04-14 06:58:26.041 8 WARNING neutron.scheduler.dhcp_agent_scheduler [None req-ae7448c0-1cad-496a-a675-424c8ce4bc48 b85436481e354886a89d5ca4937ba3e5 43c48abb3aad4feabc9e9d8bacbf36da - - default default] No more DHCP agents
2026-04-14 06:58:26.043 8 WARNING neutron.api.rpc.agentnotifiers.dhcp_rpc_agent_api [None req-ae7448c0-1cad-496a-a675-424c8ce4bc48 b85436481e354886a89d5ca4937ba3e5 43c48abb3aad4feabc9e9d8bacbf36da - - default default] Unable to schedule network c011593d-7601-435d-bc75-7f23b4bf7ad1: no agents available; will retry on subsequent port and subnet creation events.
2026-04-14 06:58:26.078 8 INFO neutron.db.ovn_revision_numbers_db [None req-ae7448c0-1cad-496a-a675-424c8ce4bc48 b85436481e354886a89d5ca4937ba3e5 43c48abb3aad4feabc9e9d8bacbf36da - - default default] Successfully bumped revision number for resource 48499fe1-b7ab-4a50-907c-f5864cf2a7ab (type: subnets) to 0 [pid: 8|app: 0|req: 897/1701] 10.0.0.118 () {34 vars in 669 bytes} [Tue Apr 14 06:58:25 2026] POST /v2.0/subnets => generated 673 bytes in 227 msecs (HTTP/1.1 201) 4 headers in 162 bytes (1 switches on core 0)
2026-04-14 06:58:26.222 7 INFO neutron.db.ovn_revision_numbers_db [None req-61eb51a7-e88b-4471-a6d4-b0075470e9d1 - - - - - -] Successfully bumped revision number for resource 9d9a0945-787e-41bd-9b23-3528efdbb709 (type: ports) to 4
2026-04-14 06:58:26.428 8 INFO neutron_taas.services.taas.taas_plugin [None req-53855475-2699-4684-a166-f06629bc2255 f94ad306168640438e2616e303d4e3d7 a839f2f4d6a6412187c9ca6d5688ca3d - - default default] TaaS: Handle Delete Port: a43ce61a-7ecd-4bce-907e-938a8d43efc9
2026-04-14 06:58:26.432 8 INFO neutron_taas.services.taas.tap_mirror_plugin [None req-53855475-2699-4684-a166-f06629bc2255 f94ad306168640438e2616e303d4e3d7 a839f2f4d6a6412187c9ca6d5688ca3d - - default default] Tap Mirror: Handle Delete Port: a43ce61a-7ecd-4bce-907e-938a8d43efc9 [pid: 8|app: 0|req: 898/1702] 10.0.0.118 () {32 vars in 724 bytes} [Tue Apr 14 06:58:26 2026] DELETE /v2.0/routers/0d6ef54e-1ce2-465a-9d2c-8a7c5f6aab50 => generated 0 bytes in 747 msecs (HTTP/1.1 204) 2 headers in 112 bytes (1 switches on core 0)
2026-04-14 06:58:26.946 8 INFO neutron.db.segments_db [None req-615d85c1-1ab8-4ab7-baaa-17602d7c3b09 b85436481e354886a89d5ca4937ba3e5 43c48abb3aad4feabc9e9d8bacbf36da - - default default] Added segment b1f498de-e8fd-45b9-933e-a3e5d0b5b495 of type geneve for network 2b6cc78f-a2d6-4c7d-bf65-7e204b9b28f9
2026-04-14 06:58:26.960 7 INFO neutron.db.ovn_revision_numbers_db [None req-61eb51a7-e88b-4471-a6d4-b0075470e9d1 - - - - - -] Successfully bumped revision number for resource 9d9a0945-787e-41bd-9b23-3528efdbb709 (type: ports) to 5
2026-04-14 06:58:27.076 7 INFO neutron.plugins.ml2.drivers.ovn.mech_driver.mech_driver [None req-43aafdd6-d9a8-456f-a42e-7d61cecc5c19 - - - - - -] OVN reports status up for port: 540d9596-6d80-4ce9-ab8f-b0ee8fcb40a2
2026-04-14 06:58:27.089 8 INFO neutron.db.ovn_revision_numbers_db [None req-615d85c1-1ab8-4ab7-baaa-17602d7c3b09 b85436481e354886a89d5ca4937ba3e5 43c48abb3aad4feabc9e9d8bacbf36da - - default default] Successfully bumped revision number for resource 2b6cc78f-a2d6-4c7d-bf65-7e204b9b28f9 (type: networks) to 1
2026-04-14 06:58:27.124 7 INFO neutron.plugins.ml2.plugin [None req-43aafdd6-d9a8-456f-a42e-7d61cecc5c19 - - - - - -] Attempt 1 to provision port 540d9596-6d80-4ce9-ab8f-b0ee8fcb40a2
2026-04-14 06:58:27.234 8 WARNING neutron.scheduler.dhcp_agent_scheduler [None req-615d85c1-1ab8-4ab7-baaa-17602d7c3b09 b85436481e354886a89d5ca4937ba3e5 43c48abb3aad4feabc9e9d8bacbf36da - - default default] No more DHCP agents
2026-04-14 06:58:27.235 8 WARNING neutron.api.rpc.agentnotifiers.dhcp_rpc_agent_api [None req-615d85c1-1ab8-4ab7-baaa-17602d7c3b09 b85436481e354886a89d5ca4937ba3e5 43c48abb3aad4feabc9e9d8bacbf36da - - default default] Unable to schedule network 2b6cc78f-a2d6-4c7d-bf65-7e204b9b28f9: no agents available; will retry on subsequent port and subnet creation events.
