2026-04-14 06:59:12.787 8 INFO neutron_taas.services.taas.tap_mirror_plugin [None req-5f3fdd57-aad7-4258-a01b-32cdb3f11323 c233830d99d846bfa95164f134206103 5442073fb0c243fba18a7e745662e8a7 - - default default] Tap Mirror: Handle Delete Port: e8d74ad7-ccf5-4f83-9867-8a0568b2ad23 [pid: 8|app: 0|req: 1072/2035] 10.0.0.118 () {32 vars in 720 bytes} [Tue Apr 14 06:59:12 2026] DELETE /v2.0/ports/e8d74ad7-ccf5-4f83-9867-8a0568b2ad23 => generated 0 bytes in 341 msecs (HTTP/1.1 204) 3 headers in 131 bytes (1 switches on core 0) [pid: 7|app: 0|req: 964/2036] 10.0.0.118 () {32 vars in 740 bytes} [Tue Apr 14 06:59:12 2026] DELETE /v2.0/security-groups/68461ef5-db78-40d0-aa96-2caef3e51ddf => generated 0 bytes in 325 msecs (HTTP/1.1 204) 2 headers in 112 bytes (1 switches on core 0)
2026-04-14 06:59:13.094 8 INFO neutron_taas.services.taas.taas_plugin [None req-0acdcf90-9e2e-4213-9095-42024b14d1ca c233830d99d846bfa95164f134206103 5442073fb0c243fba18a7e745662e8a7 - - default default] TaaS: Handle Delete Port: 9bb9bc43-a13f-427e-be48-9396739f21a8
2026-04-14 06:59:13.097 8 INFO neutron_taas.services.taas.tap_mirror_plugin [None req-0acdcf90-9e2e-4213-9095-42024b14d1ca c233830d99d846bfa95164f134206103 5442073fb0c243fba18a7e745662e8a7 - - default default] Tap Mirror: Handle Delete Port: 9bb9bc43-a13f-427e-be48-9396739f21a8 [pid: 8|app: 0|req: 1073/2037] 10.0.0.118 () {32 vars in 720 bytes} [Tue Apr 14 06:59:12 2026] DELETE /v2.0/ports/9bb9bc43-a13f-427e-be48-9396739f21a8 => generated 0 bytes in 338 msecs (HTTP/1.1 204) 3 headers in 131 bytes (1 switches on core 0)
2026-04-14 06:59:13.407 7 INFO neutron.db.ovn_revision_numbers_db [None req-c5de56d0-6600-41bf-a961-30e9be1277ae f94ad306168640438e2616e303d4e3d7 a839f2f4d6a6412187c9ca6d5688ca3d - - default default] Successfully bumped revision number for resource 522ecd83-2902-447f-9399-b5507d7e18dc (type: security_groups) to 1
2026-04-14 06:59:13.423 7 INFO neutron.db.ovn_revision_numbers_db [None req-c5de56d0-6600-41bf-a961-30e9be1277ae f94ad306168640438e2616e303d4e3d7 a839f2f4d6a6412187c9ca6d5688ca3d - - default default] Successfully bumped revision number for resource 080c0fe1-2cdc-460b-9796-599ebf3b6eea (type: security_group_rules) to 0
2026-04-14 06:59:13.436 7 INFO neutron.db.ovn_revision_numbers_db [None req-c5de56d0-6600-41bf-a961-30e9be1277ae f94ad306168640438e2616e303d4e3d7 a839f2f4d6a6412187c9ca6d5688ca3d - - default default] Successfully bumped revision number for resource 97f32af8-e137-444a-a8c3-2b197c19a006 (type: security_group_rules) to 0
2026-04-14 06:59:13.450 7 INFO neutron.db.ovn_revision_numbers_db [None req-c5de56d0-6600-41bf-a961-30e9be1277ae f94ad306168640438e2616e303d4e3d7 a839f2f4d6a6412187c9ca6d5688ca3d - - default default] Successfully bumped revision number for resource ae928eff-23c5-43f4-b844-0037a77c6611 (type: security_group_rules) to 0
2026-04-14 06:59:13.452 8 INFO neutron_taas.services.taas.taas_plugin [None req-908efe0b-1daf-414e-8724-8522b99cf8e2 c233830d99d846bfa95164f134206103 5442073fb0c243fba18a7e745662e8a7 - - default default] TaaS: Handle Delete Port: 7c749a46-67e7-45b1-9ef1-2f2a183c4a49
2026-04-14 06:59:13.455 8 INFO neutron_taas.services.taas.tap_mirror_plugin [None req-908efe0b-1daf-414e-8724-8522b99cf8e2 c233830d99d846bfa95164f134206103 5442073fb0c243fba18a7e745662e8a7 - - default default] Tap Mirror: Handle Delete Port: 7c749a46-67e7-45b1-9ef1-2f2a183c4a49
2026-04-14 06:59:13.462 7 INFO neutron.db.ovn_revision_numbers_db [None req-c5de56d0-6600-41bf-a961-30e9be1277ae f94ad306168640438e2616e303d4e3d7 a839f2f4d6a6412187c9ca6d5688ca3d - - default default] Successfully bumped revision number for resource e803a5ff-b915-4650-8495-e9db6da7de06 (type: security_group_rules) to 0 [pid: 7|app: 0|req: 965/2038] 10.0.0.118 () {32 vars in 774 bytes} [Tue Apr 14 06:59:13 2026] GET /v2.0/security-groups?tenant_id=45d74e606a924f0da15e24f1e10e4414&name=default => generated 2925 bytes in 379 msecs (HTTP/1.1 200) 4 headers in 158 bytes (1 switches on core 0) [pid: 8|app: 0|req: 1074/2039] 10.0.0.118 () {32 vars in 720 bytes} [Tue Apr 14 06:59:13 2026] DELETE /v2.0/ports/7c749a46-67e7-45b1-9ef1-2f2a183c4a49 => generated 0 bytes in 331 msecs (HTTP/1.1 204) 3 headers in 131 bytes (1 switches on core 0)
2026-04-14 06:59:13.796 8 INFO neutron_taas.services.taas.taas_plugin [None req-d4497421-400d-49be-b741-7ce5a0581626 c233830d99d846bfa95164f134206103 5442073fb0c243fba18a7e745662e8a7 - - default default] TaaS: Handle Delete Port: 145afbbb-2a98-47c7-8990-5dab9b29e6ed
2026-04-14 06:59:13.799 8 INFO neutron_taas.services.taas.tap_mirror_plugin [None req-d4497421-400d-49be-b741-7ce5a0581626 c233830d99d846bfa95164f134206103 5442073fb0c243fba18a7e745662e8a7 - - default default] Tap Mirror: Handle Delete Port: 145afbbb-2a98-47c7-8990-5dab9b29e6ed [pid: 7|app: 0|req: 966/2040] 10.0.0.118 () {32 vars in 740 bytes} [Tue Apr 14 06:59:13 2026] DELETE /v2.0/security-groups/522ecd83-2902-447f-9399-b5507d7e18dc => generated 0 bytes in 408 msecs (HTTP/1.1 204) 2 headers in 112 bytes (1 switches on core 0) [pid: 8|app: 0|req: 1075/2041] 10.0.0.118 () {32 vars in 720 bytes} [Tue Apr 14 06:59:13 2026] DELETE /v2.0/ports/145afbbb-2a98-47c7-8990-5dab9b29e6ed => generated 0 bytes in 353 msecs (HTTP/1.1 204) 3 headers in 131 bytes (1 switches on core 0)
2026-04-14 06:59:14.106 7 INFO neutron_taas.services.taas.taas_plugin [None req-7239f4d0-d2df-4f64-b181-c5a7a52442c3 c233830d99d846bfa95164f134206103 5442073fb0c243fba18a7e745662e8a7 - - default default] TaaS: Handle Delete Port: 27b69bde-eec9-4400-8547-48649aa4f65c
2026-04-14 06:59:14.109 7 INFO neutron_taas.services.taas.tap_mirror_plugin [None req-7239f4d0-d2df-4f64-b181-c5a7a52442c3 c233830d99d846bfa95164f134206103 5442073fb0c243fba18a7e745662e8a7 - - default default] Tap Mirror: Handle Delete Port: 27b69bde-eec9-4400-8547-48649aa4f65c
2026-04-14 06:59:14.325 7 INFO neutron.services.segments.plugin [-] Segment 66c26c36-48f3-4182-8a51-e6b16757fc76 resource provider aggregate not found
2026-04-14 06:59:14.326 7 INFO neutron.services.segments.plugin [-] Segment 66c26c36-48f3-4182-8a51-e6b16757fc76 resource provider aggregate not found
2026-04-14 06:59:14.347 7 INFO neutron.services.segments.plugin [-] Segment 66c26c36-48f3-4182-8a51-e6b16757fc76 resource provider not found; error: Placement Client Error (4xx): {"errors": [{"status": 404, "title": "Not Found", "detail": "The resource could not be found.\n\n No resource provider with uuid 66c26c36-48f3-4182-8a51-e6b16757fc76 found for delete ", "request_id": "req-0a785bca-8123-4423-91af-f16409c4ab1b"}]}
2026-04-14 06:59:14.353 7 INFO neutron.services.segments.plugin [-] Segment 66c26c36-48f3-4182-8a51-e6b16757fc76 resource provider not found; error: Placement Client Error (4xx): {"errors": [{"status": 404, "title": "Not Found", "detail": "The resource could not be found.\n\n No resource provider with uuid 66c26c36-48f3-4182-8a51-e6b16757fc76 found for delete ", "request_id": "req-41ba85de-2068-4c27-93a1-0b7d48b21465"}]} [pid: 7|app: 0|req: 967/2042] 10.0.0.118 () {32 vars in 726 bytes} [Tue Apr 14 06:59:13 2026] DELETE /v2.0/networks/063886ba-da48-4a22-a364-3956d1c9dc84 => generated 0 bytes in 389 msecs (HTTP/1.1 204) 3 headers in 131 bytes (1 switches on core 0) [pid: 8|app: 0|req: 1076/2043] 10.0.0.253 () {32 vars in 802 bytes} [Tue Apr 14 06:59:14 2026] GET /v2.0/extensions => generated 20541 bytes in 90 msecs (HTTP/1.1 200) 4 headers in 159 bytes (1 switches on core 0)
2026-04-14 06:59:14.496 7 INFO neutron_taas.services.taas.taas_plugin [None req-58eb1097-cecc-4a40-9b86-982aca232022 c233830d99d846bfa95164f134206103 5442073fb0c243fba18a7e745662e8a7 - - default default] TaaS: Handle Delete Port: ccf25c05-a5b7-4f15-b93e-dd8c738a4747
2026-04-14 06:59:14.499 7 INFO neutron_taas.services.taas.tap_mirror_plugin [None req-58eb1097-cecc-4a40-9b86-982aca232022 c233830d99d846bfa95164f134206103 5442073fb0c243fba18a7e745662e8a7 - - default default] Tap Mirror: Handle Delete Port: ccf25c05-a5b7-4f15-b93e-dd8c738a4747
2026-04-14 06:59:14.728 8 INFO neutron.db.ovn_revision_numbers_db [None req-c01553c3-9afc-42bd-b975-a2ac04ffbb22 684762443aa24e4bb30a3ddc8bc5d4ce 0e5e052f0f5746ad8ffc3282866e2c45 - - default default] Successfully bumped revision number for resource df501968-15de-4da6-8afa-ce9a6b2545d4 (type: security_groups) to 1
2026-04-14 06:59:14.737 8 INFO neutron.db.ovn_revision_numbers_db [None req-c01553c3-9afc-42bd-b975-a2ac04ffbb22 684762443aa24e4bb30a3ddc8bc5d4ce 0e5e052f0f5746ad8ffc3282866e2c45 - - default default] Successfully bumped revision number for resource 5a3d1f70-43bf-4303-b619-cfa9b4812db5 (type: security_group_rules) to 0
2026-04-14 06:59:14.749 8 INFO neutron.db.ovn_revision_numbers_db [None req-c01553c3-9afc-42bd-b975-a2ac04ffbb22 684762443aa24e4bb30a3ddc8bc5d4ce 0e5e052f0f5746ad8ffc3282866e2c45 - - default default] Successfully bumped revision number for resource 5d5a0c53-1794-489b-bd1d-9f882fa02480 (type: security_group_rules) to 0
2026-04-14 06:59:14.772 8 INFO neutron.db.ovn_revision_numbers_db [None req-c01553c3-9afc-42bd-b975-a2ac04ffbb22 684762443aa24e4bb30a3ddc8bc5d4ce 0e5e052f0f5746ad8ffc3282866e2c45 - - default default] Successfully bumped revision number for resource 8ab8301c-7f65-4882-8294-3b97328bb66d (type: security_group_rules) to 0
2026-04-14 06:59:14.786 8 INFO neutron.db.ovn_revision_numbers_db [None req-c01553c3-9afc-42bd-b975-a2ac04ffbb22 684762443aa24e4bb30a3ddc8bc5d4ce 0e5e052f0f5746ad8ffc3282866e2c45 - - default default] Successfully bumped revision number for resource f46b3a87-4370-4a37-af33-f491078228ac (type: security_group_rules) to 0 [pid: 7|app: 0|req: 968/2044] 10.0.0.118 () {32 vars in 726 bytes} [Tue Apr 14 06:59:14 2026] DELETE /v2.0/networks/1ebd60f4-77f9-4ec8-893f-9a0fbb7ea08a => generated 0 bytes in 402 msecs (HTTP/1.1 204) 3 headers in 131 bytes (1 switches on core 0)
2026-04-14 06:59:14.865 8 INFO neutron.db.segments_db [None req-c01553c3-9afc-42bd-b975-a2ac04ffbb22 684762443aa24e4bb30a3ddc8bc5d4ce 0e5e052f0f5746ad8ffc3282866e2c45 - - default default] Added segment c6f2e803-adf2-4fff-9b73-ab4a3e2ffcdd of type geneve for network bff78b35-aeb2-4f0f-a555-aff20b659a43 [pid: 7|app: 0|req: 969/2045] 10.0.0.253 () {30 vars in 724 bytes} [Tue Apr 14 06:59:14 2026] GET /v2.0/quotas/ad02760cda6b49ada2bc3984b9a83141/details => generated 847 bytes in 106 msecs (HTTP/1.1 200) 4 headers in 157 bytes (1 switches on core 0)
2026-04-14 06:59:14.983 8 INFO neutron.db.ovn_revision_numbers_db [None req-c01553c3-9afc-42bd-b975-a2ac04ffbb22 684762443aa24e4bb30a3ddc8bc5d4ce 0e5e052f0f5746ad8ffc3282866e2c45 - - default default] Successfully bumped revision number for resource bff78b35-aeb2-4f0f-a555-aff20b659a43 (type: networks) to 1
2026-04-14 06:59:15.024 7 INFO neutron_taas.services.taas.taas_plugin [None req-6fe1c09a-e0a7-46c0-a408-b1b519ac6d67 c233830d99d846bfa95164f134206103 5442073fb0c243fba18a7e745662e8a7 - - default default] TaaS: Handle Delete Port: d3b41c85-2e68-44be-9ec1-c3faf4ff3b4a
2026-04-14 06:59:15.027 7 INFO neutron_taas.services.taas.tap_mirror_plugin [None req-6fe1c09a-e0a7-46c0-a408-b1b519ac6d67 c233830d99d846bfa95164f134206103 5442073fb0c243fba18a7e745662e8a7 - - default default] Tap Mirror: Handle Delete Port: d3b41c85-2e68-44be-9ec1-c3faf4ff3b4a
2026-04-14 06:59:15.168 8 WARNING neutron.scheduler.dhcp_agent_scheduler [None req-c01553c3-9afc-42bd-b975-a2ac04ffbb22 684762443aa24e4bb30a3ddc8bc5d4ce 0e5e052f0f5746ad8ffc3282866e2c45 - - default default] No more DHCP agents
2026-04-14 06:59:15.170 8 WARNING neutron.api.rpc.agentnotifiers.dhcp_rpc_agent_api [None req-c01553c3-9afc-42bd-b975-a2ac04ffbb22 684762443aa24e4bb30a3ddc8bc5d4ce 0e5e052f0f5746ad8ffc3282866e2c45 - - default default] Unable to schedule network bff78b35-aeb2-4f0f-a555-aff20b659a43: no agents available; will retry on subsequent port and subnet creation events.
2026-04-14 06:59:15.279 8 INFO neutron.db.ovn_revision_numbers_db [None req-c01553c3-9afc-42bd-b975-a2ac04ffbb22 684762443aa24e4bb30a3ddc8bc5d4ce 0e5e052f0f5746ad8ffc3282866e2c45 - - default default] Successfully bumped revision number for resource 6dd50b08-5b75-4050-9153-7b88508fd0af (type: ports) to 1
2026-04-14 06:59:15.285 7 INFO neutron.plugins.ml2.drivers.ovn.mech_driver.mech_driver [None req-40967c26-f638-4b45-9a7d-e7c6b5d5732f - - - - - -] OVN reports status down for port: 6dd50b08-5b75-4050-9153-7b88508fd0af [pid: 8|app: 0|req: 1077/2046] 10.0.0.118 () {34 vars in 670 bytes} [Tue Apr 14 06:59:14 2026] POST /v2.0/networks => generated 688 bytes in 813 msecs (HTTP/1.1 201) 4 headers in 162 bytes (1 switches on core 0) [pid: 7|app: 0|req: 970/2047] 10.0.0.118 () {32 vars in 726 bytes} [Tue Apr 14 06:59:14 2026] DELETE /v2.0/networks/68a6966b-57ae-4b37-9f6e-31699f9185df => generated 0 bytes in 487 msecs (HTTP/1.1 204) 3 headers in 131 bytes (1 switches on core 0)
2026-04-14 06:59:15.494 8 WARNING neutron.scheduler.dhcp_agent_scheduler [None req-fdfd2b34-a697-4834-b209-2ec84b7c8cde 684762443aa24e4bb30a3ddc8bc5d4ce 0e5e052f0f5746ad8ffc3282866e2c45 - - default default] No more DHCP agents
2026-04-14 06:59:15.495 8 WARNING neutron.api.rpc.agentnotifiers.dhcp_rpc_agent_api [None req-fdfd2b34-a697-4834-b209-2ec84b7c8cde 684762443aa24e4bb30a3ddc8bc5d4ce 0e5e052f0f5746ad8ffc3282866e2c45 - - default default] Unable to schedule network bff78b35-aeb2-4f0f-a555-aff20b659a43: no agents available; will retry on subsequent port and subnet creation events.
2026-04-14 06:59:15.496 7 INFO neutron_taas.services.taas.taas_plugin [None req-ea023088-3631-4d8f-bd21-7e63a31b5d60 c233830d99d846bfa95164f134206103 5442073fb0c243fba18a7e745662e8a7 - - default default] TaaS: Handle Delete Port: c531491f-35bd-42be-bbd0-8a41dddcd6d3
2026-04-14 06:59:15.499 7 INFO neutron_taas.services.taas.tap_mirror_plugin [None req-ea023088-3631-4d8f-bd21-7e63a31b5d60 c233830d99d846bfa95164f134206103 5442073fb0c243fba18a7e745662e8a7 - - default default] Tap Mirror: Handle Delete Port: c531491f-35bd-42be-bbd0-8a41dddcd6d3
2026-04-14 06:59:15.516 8 INFO neutron.db.ovn_revision_numbers_db [None req-fdfd2b34-a697-4834-b209-2ec84b7c8cde 684762443aa24e4bb30a3ddc8bc5d4ce 0e5e052f0f5746ad8ffc3282866e2c45 - - default default] Successfully bumped revision number for resource 25b04c05-45bc-4ea9-b117-ac8327caedd9 (type: subnets) to 0 [pid: 8|app: 0|req: 1078/2048] 10.0.0.118 () {34 vars in 669 bytes} [Tue Apr 14 06:59:15 2026] POST /v2.0/subnets => generated 627 bytes in 223 msecs (HTTP/1.1 201) 4 headers in 162 bytes (1 switches on core 0) [pid: 7|app: 0|req: 971/2049] 10.0.0.118 () {32 vars in 726 bytes} [Tue Apr 14 06:59:15 2026] DELETE /v2.0/networks/20db955d-2b86-4180-b6f2-d1a8ee8fe0a0 => generated 0 bytes in 338 msecs (HTTP/1.1 204) 3 headers in 131 bytes (1 switches on core 0)
2026-04-14 06:59:15.823 7 INFO neutron_taas.services.taas.taas_plugin [None req-61dbdc86-91a2-4f35-8b17-264396d88681 c233830d99d846bfa95164f134206103 5442073fb0c243fba18a7e745662e8a7 - - default default] TaaS: Handle Delete Port: a57eba46-9dea-4087-ab25-5e8fd02ff339
2026-04-14 06:59:15.825 7 INFO neutron_taas.services.taas.tap_mirror_plugin [None req-61dbdc86-91a2-4f35-8b17-264396d88681 c233830d99d846bfa95164f134206103 5442073fb0c243fba18a7e745662e8a7 - - default default] Tap Mirror: Handle Delete Port: a57eba46-9dea-4087-ab25-5e8fd02ff339 [pid: 7|app: 0|req: 972/2050] 10.0.0.118 () {32 vars in 726 bytes} [Tue Apr 14 06:59:15 2026] DELETE /v2.0/networks/74d16150-b4a0-4f7b-b16f-251303470243 => generated 0 bytes in 326 msecs (HTTP/1.1 204) 3 headers in 131 bytes (1 switches on core 0)
2026-04-14 06:59:16.056 8 WARNING neutron.scheduler.dhcp_agent_scheduler [None req-12f192e7-a2d1-4a91-affe-9605cdb2fc58 684762443aa24e4bb30a3ddc8bc5d4ce 0e5e052f0f5746ad8ffc3282866e2c45 - - default default] No more DHCP agents
2026-04-14 06:59:16.057 8 WARNING neutron.api.rpc.agentnotifiers.dhcp_rpc_agent_api [None req-12f192e7-a2d1-4a91-affe-9605cdb2fc58 684762443aa24e4bb30a3ddc8bc5d4ce 0e5e052f0f5746ad8ffc3282866e2c45 - - default default] Unable to schedule network 9b524adc-de0e-432d-9de3-425a80f6b9a6: no agents available; will retry on subsequent port and subnet creation events.
2026-04-14 06:59:16.188 7 INFO neutron.plugins.ml2.drivers.ovn.mech_driver.mech_driver [None req-40967c26-f638-4b45-9a7d-e7c6b5d5732f - - - - - -] OVN reports status down for port: 06c3ccd3-d1d2-4f71-abd5-87e85c66af12
2026-04-14 06:59:16.217 8 INFO neutron.db.ovn_revision_numbers_db [None req-12f192e7-a2d1-4a91-affe-9605cdb2fc58 684762443aa24e4bb30a3ddc8bc5d4ce 0e5e052f0f5746ad8ffc3282866e2c45 - - default default] Successfully bumped revision number for resource 06c3ccd3-d1d2-4f71-abd5-87e85c66af12 (type: ports) to 1
2026-04-14 06:59:16.368 7 INFO neutron.services.segments.plugin [-] Segment bcd5684e-e744-4d2a-a413-4251aaa18e12 resource provider aggregate not found
2026-04-14 06:59:16.377 7 INFO neutron.services.segments.plugin [-] Segment bcd5684e-e744-4d2a-a413-4251aaa18e12 resource provider aggregate not found
2026-04-14 06:59:16.388 7 INFO neutron.services.segments.plugin [-] Segment bcd5684e-e744-4d2a-a413-4251aaa18e12 resource provider not found; error: Placement Client Error (4xx): {"errors": [{"status": 404, "title": "Not Found", "detail": "The resource could not be found.\n\n No resource provider with uuid bcd5684e-e744-4d2a-a413-4251aaa18e12 found for delete ", "request_id": "req-9b2f6db9-c737-4050-9102-a904f706149a"}]}
2026-04-14 06:59:16.388 7 INFO neutron.services.segments.plugin [-] Segment bcd5684e-e744-4d2a-a413-4251aaa18e12 resource provider not found; error: Placement Client Error (4xx): {"errors": [{"status": 404, "title": "Not Found", "detail": "The resource could not be found.\n\n No resource provider with uuid bcd5684e-e744-4d2a-a413-4251aaa18e12 found for delete ", "request_id": "req-9f31f05d-86b5-4a2d-bb01-decc8170ce24"}]}
2026-04-14 06:59:16.404 7 INFO neutron.services.segments.plugin [-] Segment 3128afc0-f516-4916-aedf-060074273bc2 resource provider aggregate not found
2026-04-14 06:59:16.408 7 INFO neutron.services.segments.plugin [-] Segment 3128afc0-f516-4916-aedf-060074273bc2 resource provider aggregate not found
2026-04-14 06:59:16.424 7 INFO neutron.services.segments.plugin [-] Segment 3128afc0-f516-4916-aedf-060074273bc2 resource provider not found; error: Placement Client Error (4xx): {"errors": [{"status": 404, "title": "Not Found", "detail": "The resource could not be found.\n\n No resource provider with uuid 3128afc0-f516-4916-aedf-060074273bc2 found for delete ", "request_id": "req-f4b61128-c05b-4e2c-aac2-b74cc4ca6af4"}]}
2026-04-14 06:59:16.428 7 INFO neutron.services.segments.plugin [-] Segment 3128afc0-f516-4916-aedf-060074273bc2 resource provider not found; error: Placement Client Error (4xx): {"errors": [{"status": 404, "title": "Not Found", "detail": "The resource could not be found.\n\n No resource provider with uuid 3128afc0-f516-4916-aedf-060074273bc2 found for delete ", "request_id": "req-de7b532c-a042-45d7-a80c-97d5cabff2a6"}]}
2026-04-14 06:59:16.440 7 INFO neutron.services.segments.plugin [-] Segment a9a93ad9-582f-401f-8fa9-606721bd262d resource provider aggregate not found
2026-04-14 06:59:16.448 7 INFO neutron.services.segments.plugin [-] Segment a9a93ad9-582f-401f-8fa9-606721bd262d resource provider aggregate not found
2026-04-14 06:59:16.456 7 INFO neutron.services.segments.plugin [-] Segment a9a93ad9-582f-401f-8fa9-606721bd262d resource provider not found; error: Placement Client Error (4xx): {"errors": [{"status": 404, "title": "Not Found", "detail": "The resource could not be found.\n\n No resource provider with uuid a9a93ad9-582f-401f-8fa9-606721bd262d found for delete ", "request_id": "req-e45e7934-2745-4a62-8c48-af242efb77c7"}]}
2026-04-14 06:59:16.469 7 INFO neutron.services.segments.plugin [-] Segment f1843e9c-2e10-4816-93c3-71f1d085d13e resource provider aggregate not found
2026-04-14 06:59:16.469 7 INFO neutron.services.segments.plugin [-] Segment a9a93ad9-582f-401f-8fa9-606721bd262d resource provider not found; error: Placement Client Error (4xx): {"errors": [{"status": 404, "title": "Not Found", "detail": "The resource could not be found.\n\n No resource provider with uuid a9a93ad9-582f-401f-8fa9-606721bd262d found for delete ", "request_id": "req-14d0b24d-1167-414f-aaa9-f34175ea2114"}]}
2026-04-14 06:59:16.484 7 INFO neutron.services.segments.plugin [-] Segment f1843e9c-2e10-4816-93c3-71f1d085d13e resource provider not found; error: Placement Client Error (4xx): {"errors": [{"status": 404, "title": "Not Found", "detail": "The resource could not be found.\n\n No resource provider with uuid f1843e9c-2e10-4816-93c3-71f1d085d13e found for delete ", "request_id": "req-1f3361ab-5e8b-4b1d-ab56-f43b499d23ca"}]}
2026-04-14 06:59:16.500 7 INFO neutron.services.segments.plugin [-] Segment f1843e9c-2e10-4816-93c3-71f1d085d13e resource provider aggregate not found
2026-04-14 06:59:16.512 7 INFO neutron.services.segments.plugin [-] Segment f1843e9c-2e10-4816-93c3-71f1d085d13e resource provider not found; error: Placement Client Error (4xx): {"errors": [{"status": 404, "title": "Not Found", "detail": "The resource could not be found.\n\n No resource provider with uuid f1843e9c-2e10-4816-93c3-71f1d085d13e found for delete ", "request_id": "req-7514bf96-1e14-4dc7-8226-059466d35eb3"}]}
2026-04-14 06:59:16.772 8 INFO neutron.plugins.ml2.drivers.ovn.mech_driver.ovsdb.commands [-] Schedule LRP lrp-06c3ccd3-d1d2-4f71-abd5-87e85c66af12 on gateway 8147f399-79db-45f6-a892-ed4cca263438 with priority 1
2026-04-14 06:59:16.853 7 INFO neutron.plugins.ml2.drivers.ovn.mech_driver.mech_driver [None req-40967c26-f638-4b45-9a7d-e7c6b5d5732f - - - - - -] OVN reports status up for port: 06c3ccd3-d1d2-4f71-abd5-87e85c66af12
2026-04-14 06:59:16.865 7 INFO neutron.plugins.ml2.plugin [None req-40967c26-f638-4b45-9a7d-e7c6b5d5732f - - - - - -] Attempt 1 to provision port 06c3ccd3-d1d2-4f71-abd5-87e85c66af12
2026-04-14 06:59:16.882 8 INFO neutron.db.ovn_revision_numbers_db [None req-12f192e7-a2d1-4a91-affe-9605cdb2fc58 684762443aa24e4bb30a3ddc8bc5d4ce 0e5e052f0f5746ad8ffc3282866e2c45 - - default default] Successfully bumped revision number for resource 06c3ccd3-d1d2-4f71-abd5-87e85c66af12 (type: router_ports) to 1
2026-04-14 06:59:16.955 8 INFO neutron.db.ovn_revision_numbers_db [None req-12f192e7-a2d1-4a91-affe-9605cdb2fc58 684762443aa24e4bb30a3ddc8bc5d4ce 0e5e052f0f5746ad8ffc3282866e2c45 - - default default] Successfully bumped revision number for resource 9a00a8ed-2a58-4105-98a8-b25c7fdbdbe9 (type: routers) to 2 [pid: 8|app: 0|req: 1079/2051] 10.0.0.118 () {34 vars in 669 bytes} [Tue Apr 14 06:59:15 2026] POST /v2.0/routers => generated 954 bytes in 1438 msecs (HTTP/1.1 201) 4 headers in 162 bytes (1 switches on core 0)
2026-04-14 06:59:17.263 7 INFO neutron.db.ovn_revision_numbers_db [None req-76ac5dcd-298c-459b-bbe8-5e44514a41e3 f94ad306168640438e2616e303d4e3d7 a839f2f4d6a6412187c9ca6d5688ca3d - - default default] Successfully bumped revision number for resource a8e10b51-9217-4dc2-bf43-86639c70b80c (type: security_groups) to 1
2026-04-14 06:59:17.281 7 INFO neutron.db.ovn_revision_numbers_db [None req-76ac5dcd-298c-459b-bbe8-5e44514a41e3 f94ad306168640438e2616e303d4e3d7 a839f2f4d6a6412187c9ca6d5688ca3d - - default default] Successfully bumped revision number for resource 05a9c2d8-2723-4368-9c66-1c24745f937c (type: security_group_rules) to 0
2026-04-14 06:59:17.296 7 INFO neutron.db.ovn_revision_numbers_db [None req-76ac5dcd-298c-459b-bbe8-5e44514a41e3 f94ad306168640438e2616e303d4e3d7 a839f2f4d6a6412187c9ca6d5688ca3d - - default default] Successfully bumped revision number for resource 1a5e3aae-9668-40a3-9069-ff4d3254cccd (type: security_group_rules) to 0
2026-04-14 06:59:17.308 7 INFO neutron.db.ovn_revision_numbers_db [None req-76ac5dcd-298c-459b-bbe8-5e44514a41e3 f94ad306168640438e2616e303d4e3d7 a839f2f4d6a6412187c9ca6d5688ca3d - - default default] Successfully bumped revision number for resource 3d8b5df5-e2f7-43e8-8f93-790f42655556 (type: security_group_rules) to 0
2026-04-14 06:59:17.322 7 INFO neutron.db.ovn_revision_numbers_db [None req-76ac5dcd-298c-459b-bbe8-5e44514a41e3 f94ad306168640438e2616e303d4e3d7 a839f2f4d6a6412187c9ca6d5688ca3d - - default default] Successfully bumped revision number for resource 63f7b41f-13c7-42c4-90b4-9442af2d2c31 (type: security_group_rules) to 0 [pid: 7|app: 0|req: 973/2052] 10.0.0.118 () {32 vars in 774 bytes} [Tue Apr 14 06:59:16 2026] GET /v2.0/security-groups?tenant_id=d665567d775b447a975dc725b1d1e5ef&name=default => generated 2925 bytes in 490 msecs (HTTP/1.1 200) 4 headers in 158 bytes (1 switches on core 0)
2026-04-14 06:59:17.656 8 WARNING neutron.scheduler.dhcp_agent_scheduler [None req-c4adb6b9-4ead-4a80-83b2-d42e135f4dd3 684762443aa24e4bb30a3ddc8bc5d4ce 0e5e052f0f5746ad8ffc3282866e2c45 - - default default] No more DHCP agents
2026-04-14 06:59:17.658 8 WARNING neutron.api.rpc.agentnotifiers.dhcp_rpc_agent_api [None req-c4adb6b9-4ead-4a80-83b2-d42e135f4dd3 684762443aa24e4bb30a3ddc8bc5d4ce 0e5e052f0f5746ad8ffc3282866e2c45 - - default default] Unable to schedule network bff78b35-aeb2-4f0f-a555-aff20b659a43: no agents available; will retry on subsequent port and subnet creation events. [pid: 7|app: 0|req: 974/2053] 10.0.0.118 () {32 vars in 740 bytes} [Tue Apr 14 06:59:17 2026] DELETE /v2.0/security-groups/a8e10b51-9217-4dc2-bf43-86639c70b80c => generated 0 bytes in 330 msecs (HTTP/1.1 204) 2 headers in 112 bytes (1 switches on core 0)
2026-04-14 06:59:17.850 8 INFO neutron.db.ovn_revision_numbers_db [None req-c4adb6b9-4ead-4a80-83b2-d42e135f4dd3 684762443aa24e4bb30a3ddc8bc5d4ce 0e5e052f0f5746ad8ffc3282866e2c45 - - default default] Successfully bumped revision number for resource c6d1191e-3a2a-4dd1-b266-9d58bc3cba5c (type: ports) to 1 [pid: 7|app: 0|req: 975/2054] 10.0.0.118 () {32 vars in 774 bytes} [Tue Apr 14 06:59:17 2026] GET /v2.0/security-groups?tenant_id=5442073fb0c243fba18a7e745662e8a7&name=default => generated 2925 bytes in 36 msecs (HTTP/1.1 200) 4 headers in 158 bytes (1 switches on core 0) [pid: 7|app: 0|req: 976/2055] 10.0.0.118 () {32 vars in 740 bytes} [Tue Apr 14 06:59:17 2026] DELETE /v2.0/security-groups/2579b860-588a-4f6f-946f-0b1625e52dfc => generated 0 bytes in 281 msecs (HTTP/1.1 204) 2 headers in 112 bytes (1 switches on core 0) [pid: 7|app: 0|req: 977/2056] 10.0.0.118 () {34 vars in 676 bytes} [Tue Apr 14 06:59:18 2026] POST /v2.0/subnetpools => generated 516 bytes in 133 msecs (HTTP/1.1 201) 4 headers in 162 bytes (1 switches on core 0) [pid: 7|app: 0|req: 978/2057] 10.0.0.253 () {32 vars in 802 bytes} [Tue Apr 14 06:59:18 2026] GET /v2.0/extensions => generated 20541 bytes in 5 msecs (HTTP/1.1 200) 4 headers in 159 bytes (1 switches on core 0)
2026-04-14 06:59:18.468 7 INFO neutron.db.ovn_revision_numbers_db [None req-bd410b89-e0e1-48e2-b11c-d1a79f17d5eb f94ad306168640438e2616e303d4e3d7 a839f2f4d6a6412187c9ca6d5688ca3d - - default default] Successfully bumped revision number for resource 951ccd72-4920-45b4-a428-97dc618c5998 (type: security_groups) to 1
2026-04-14 06:59:18.480 7 INFO neutron.db.ovn_revision_numbers_db [None req-bd410b89-e0e1-48e2-b11c-d1a79f17d5eb f94ad306168640438e2616e303d4e3d7 a839f2f4d6a6412187c9ca6d5688ca3d - - default default] Successfully bumped revision number for resource 1e1f7abf-d4c8-40ab-9664-b94afb10acb5 (type: security_group_rules) to 0
2026-04-14 06:59:18.491 7 INFO neutron.db.ovn_revision_numbers_db [None req-bd410b89-e0e1-48e2-b11c-d1a79f17d5eb f94ad306168640438e2616e303d4e3d7 a839f2f4d6a6412187c9ca6d5688ca3d - - default default] Successfully bumped revision number for resource 42e5b55b-2b46-41e8-abc2-766c26d82873 (type: security_group_rules) to 0
2026-04-14 06:59:18.512 7 INFO neutron.db.ovn_revision_numbers_db [None req-bd410b89-e0e1-48e2-b11c-d1a79f17d5eb f94ad306168640438e2616e303d4e3d7 a839f2f4d6a6412187c9ca6d5688ca3d - - default default] Successfully bumped revision number for resource 923b09d3-1149-452a-83da-8eab234212cb (type: security_group_rules) to 0
2026-04-14 06:59:18.533 7 INFO neutron.db.ovn_revision_numbers_db [None req-bd410b89-e0e1-48e2-b11c-d1a79f17d5eb f94ad306168640438e2616e303d4e3d7 a839f2f4d6a6412187c9ca6d5688ca3d - - default default] Successfully bumped revision number for resource f2c9d790-fba9-46fd-b20a-b78b94b0d206 (type: security_group_rules) to 0 [pid: 7|app: 0|req: 979/2058] 10.0.0.118 () {32 vars in 774 bytes} [Tue Apr 14 06:59:18 2026] GET /v2.0/security-groups?tenant_id=a9e3f1e35ae64055a6a1bda01a94d41d&name=default => generated 2925 bytes in 260 msecs (HTTP/1.1 200) 4 headers in 158 bytes (1 switches on core 0)
2026-04-14 06:59:18.612 8 WARNING neutron.scheduler.dhcp_agent_scheduler [None req-c4adb6b9-4ead-4a80-83b2-d42e135f4dd3 684762443aa24e4bb30a3ddc8bc5d4ce 0e5e052f0f5746ad8ffc3282866e2c45 - - default default] No more DHCP agents
2026-04-14 06:59:18.613 8 WARNING neutron.api.rpc.agentnotifiers.dhcp_rpc_agent_api [None req-c4adb6b9-4ead-4a80-83b2-d42e135f4dd3 684762443aa24e4bb30a3ddc8bc5d4ce 0e5e052f0f5746ad8ffc3282866e2c45 - - default default] Unable to schedule network bff78b35-aeb2-4f0f-a555-aff20b659a43: no agents available; will retry on subsequent port and subnet creation events. [pid: 7|app: 0|req: 980/2059] 10.0.0.118 () {34 vars in 676 bytes} [Tue Apr 14 06:59:18 2026] POST /v2.0/subnetpools => generated 516 bytes in 47 msecs (HTTP/1.1 201) 4 headers in 162 bytes (1 switches on core 0) [pid: 7|app: 0|req: 981/2060] 10.0.0.253 () {30 vars in 724 bytes} [Tue Apr 14 06:59:18 2026] GET /v2.0/quotas/ad02760cda6b49ada2bc3984b9a83141/details => generated 847 bytes in 66 msecs (HTTP/1.1 200) 4 headers in 157 bytes (1 switches on core 0) [pid: 7|app: 0|req: 982/2061] 10.0.0.118 () {32 vars in 740 bytes} [Tue Apr 14 06:59:18 2026] DELETE /v2.0/security-groups/951ccd72-4920-45b4-a428-97dc618c5998 => generated 0 bytes in 248 msecs (HTTP/1.1 204) 2 headers in 112 bytes (1 switches on core 0) [pid: 7|app: 0|req: 983/2062] 10.0.0.118 () {34 vars in 676 bytes} [Tue Apr 14 06:59:18 2026] POST /v2.0/subnetpools => generated 516 bytes in 73 msecs (HTTP/1.1 201) 4 headers in 162 bytes (1 switches on core 0)
2026-04-14 06:59:19.033 8 INFO neutron.db.ovn_revision_numbers_db [None req-c4adb6b9-4ead-4a80-83b2-d42e135f4dd3 684762443aa24e4bb30a3ddc8bc5d4ce 0e5e052f0f5746ad8ffc3282866e2c45 - - default default] Successfully bumped revision number for resource c6d1191e-3a2a-4dd1-b266-9d58bc3cba5c (type: router_ports) to 1 [pid: 8|app: 0|req: 1080/2063] 10.0.0.118 () {34 vars in 783 bytes} [Tue Apr 14 06:59:16 2026] PUT /v2.0/routers/9a00a8ed-2a58-4105-98a8-b25c7fdbdbe9/add_router_interface => generated 309 bytes in 2052 msecs (HTTP/1.1 200) 4 headers in 157 bytes (1 switches on core 0) [pid: 7|app: 0|req: 984/2064] 10.0.0.118 () {34 vars in 676 bytes} [Tue Apr 14 06:59:19 2026] POST /v2.0/subnetpools => generated 516 bytes in 89 msecs (HTTP/1.1 201) 4 headers in 162 bytes (1 switches on core 0) [pid: 7|app: 0|req: 985/2065] 10.0.0.118 () {34 vars in 676 bytes} [Tue Apr 14 06:59:19 2026] POST /v2.0/subnetpools => generated 516 bytes in 52 msecs (HTTP/1.1 201) 4 headers in 162 bytes (1 switches on core 0) [pid: 7|app: 0|req: 986/2066] 10.0.0.118 () {34 vars in 759 bytes} [Tue Apr 14 06:59:19 2026] PUT /v2.0/subnetpools/193ebccb-efc4-4de9-ae68-0a9970e2b72e/tags => generated 17 bytes in 45 msecs (HTTP/1.1 200) 4 headers in 156 bytes (1 switches on core 0) [pid: 7|app: 0|req: 987/2067] 10.0.0.118 () {34 vars in 759 bytes} [Tue Apr 14 06:59:19 2026] PUT /v2.0/subnetpools/692cac93-770a-4a85-b19f-6044643ec52e/tags => generated 25 bytes in 44 msecs (HTTP/1.1 200) 4 headers in 156 bytes (1 switches on core 0) [pid: 7|app: 0|req: 988/2068] 10.0.0.118 () {34 vars in 759 bytes} [Tue Apr 14 06:59:19 2026] PUT /v2.0/subnetpools/dd52ee9c-09ed-42dd-b4f1-2d3f4eee4d21/tags => generated 34 bytes in 34 msecs (HTTP/1.1 200) 4 headers in 156 bytes (1 switches on core 0)
2026-04-14 06:59:19.315 8 WARNING neutron.scheduler.dhcp_agent_scheduler [None req-c1282973-58c6-4459-a905-7998c0bbe5e8 684762443aa24e4bb30a3ddc8bc5d4ce 0e5e052f0f5746ad8ffc3282866e2c45 - - default default] No more DHCP agents
2026-04-14 06:59:19.316 8 WARNING neutron.api.rpc.agentnotifiers.dhcp_rpc_agent_api [None req-c1282973-58c6-4459-a905-7998c0bbe5e8 684762443aa24e4bb30a3ddc8bc5d4ce 0e5e052f0f5746ad8ffc3282866e2c45 - - default default] Unable to schedule network bff78b35-aeb2-4f0f-a555-aff20b659a43: no agents available; will retry on subsequent port and subnet creation events. [pid: 7|app: 0|req: 989/2069] 10.0.0.118 () {34 vars in 759 bytes} [Tue Apr 14 06:59:19 2026] PUT /v2.0/subnetpools/8a63d31f-73c9-4f0f-8361-0587858e4cd0/tags => generated 19 bytes in 32 msecs (HTTP/1.1 200) 4 headers in 156 bytes (1 switches on core 0) [pid: 7|app: 0|req: 990/2070] 10.0.0.118 () {32 vars in 672 bytes} [Tue Apr 14 06:59:19 2026] GET /v2.0/subnetpools?tags=red => generated 1563 bytes in 23 msecs (HTTP/1.1 200) 4 headers in 158 bytes (1 switches on core 0) [pid: 7|app: 0|req: 991/2071] 10.0.0.118 () {32 vars in 686 bytes} [Tue Apr 14 06:59:19 2026] GET /v2.0/subnetpools?tags=red%2Cblue => generated 1056 bytes in 51 msecs (HTTP/1.1 200) 4 headers in 158 bytes (1 switches on core 0) [pid: 7|app: 0|req: 992/2072] 10.0.0.118 () {32 vars in 682 bytes} [Tue Apr 14 06:59:19 2026] GET /v2.0/subnetpools?tags-any=blue => generated 1056 bytes in 53 msecs (HTTP/1.1 200) 4 headers in 158 bytes (1 switches on core 0)
2026-04-14 06:59:19.503 8 INFO neutron.db.ovn_revision_numbers_db [None req-c1282973-58c6-4459-a905-7998c0bbe5e8 684762443aa24e4bb30a3ddc8bc5d4ce 0e5e052f0f5746ad8ffc3282866e2c45 - - default default] Successfully bumped revision number for resource ee0a421f-f5a4-40fa-9bf0-312a5da4c496 (type: ports) to 1 [pid: 7|app: 0|req: 993/2073] 10.0.0.118 () {32 vars in 694 bytes} [Tue Apr 14 06:59:19 2026] GET /v2.0/subnetpools?tags-any=red%2Cblue => generated 1563 bytes in 30 msecs (HTTP/1.1 200) 4 headers in 158 bytes (1 switches on core 0) [pid: 8|app: 0|req: 1081/2074] 10.0.0.118 () {34 vars in 665 bytes} [Tue Apr 14 06:59:19 2026] POST /v2.0/ports => generated 959 bytes in 481 msecs (HTTP/1.1 201) 4 headers in 162 bytes (1 switches on core 0) /var/lib/openstack/lib/python3.12/site-packages/pycadf/identifier.py:70: UserWarning: Invalid uuid: neutron. To ensure interoperability, identifiers should be a valid uuid. warnings.warn(('Invalid uuid: %s. To ensure interoperability, ' [pid: 7|app: 0|req: 994/2075] 10.0.0.118 () {32 vars in 680 bytes} [Tue Apr 14 06:59:19 2026] GET /v2.0/subnetpools?not-tags=red => generated 1028 bytes in 31 msecs (HTTP/1.1 200) 4 headers in 158 bytes (1 switches on core 0) [pid: 7|app: 0|req: 995/2076] 10.0.0.118 () {32 vars in 694 bytes} [Tue Apr 14 06:59:19 2026] GET /v2.0/subnetpools?not-tags=red%2Cblue => generated 1535 bytes in 29 msecs (HTTP/1.1 200) 4 headers in 158 bytes (1 switches on core 0) [pid: 7|app: 0|req: 996/2077] 10.0.0.118 () {32 vars in 690 bytes} [Tue Apr 14 06:59:19 2026] GET /v2.0/subnetpools?not-tags-any=blue => generated 1535 bytes in 25 msecs (HTTP/1.1 200) 4 headers in 158 bytes (1 switches on core 0) [pid: 7|app: 0|req: 997/2078] 10.0.0.118 () {32 vars in 702 bytes} [Tue Apr 14 06:59:19 2026] GET /v2.0/subnetpools?not-tags-any=red%2Cblue => generated 1028 bytes in 19 msecs (HTTP/1.1 200) 4 headers in 158 bytes (1 switches on core 0) [pid: 7|app: 0|req: 998/2079] 10.0.0.118 () {32 vars in 732 bytes} [Tue Apr 14 06:59:19 2026] DELETE /v2.0/subnetpools/193ebccb-efc4-4de9-ae68-0a9970e2b72e => generated 0 bytes in 62 msecs (HTTP/1.1 204) 2 headers in 112 bytes (1 switches on core 0) [pid: 7|app: 0|req: 999/2080] 10.0.0.118 () {32 vars in 732 bytes} [Tue Apr 14 06:59:19 2026] DELETE /v2.0/subnetpools/692cac93-770a-4a85-b19f-6044643ec52e => generated 0 bytes in 49 msecs (HTTP/1.1 204) 2 headers in 112 bytes (1 switches on core 0) [pid: 7|app: 0|req: 1000/2081] 10.0.0.118 () {32 vars in 732 bytes} [Tue Apr 14 06:59:19 2026] DELETE /v2.0/subnetpools/dd52ee9c-09ed-42dd-b4f1-2d3f4eee4d21 => generated 0 bytes in 46 msecs (HTTP/1.1 204) 2 headers in 112 bytes (1 switches on core 0)
2026-04-14 06:59:19.833 8 WARNING neutron.scheduler.dhcp_agent_scheduler [None req-c26b684a-c36a-4189-8689-bb6a2442e70d 684762443aa24e4bb30a3ddc8bc5d4ce 0e5e052f0f5746ad8ffc3282866e2c45 - - default default] No more DHCP agents
2026-04-14 06:59:19.834 8 WARNING neutron.api.rpc.agentnotifiers.dhcp_rpc_agent_api [None req-c26b684a-c36a-4189-8689-bb6a2442e70d 684762443aa24e4bb30a3ddc8bc5d4ce 0e5e052f0f5746ad8ffc3282866e2c45 - - default default] Unable to schedule network bff78b35-aeb2-4f0f-a555-aff20b659a43: no agents available; will retry on subsequent port and subnet creation events. [pid: 7|app: 0|req: 1001/2082] 10.0.0.118 () {32 vars in 732 bytes} [Tue Apr 14 06:59:19 2026] DELETE /v2.0/subnetpools/8a63d31f-73c9-4f0f-8361-0587858e4cd0 => generated 0 bytes in 43 msecs (HTTP/1.1 204) 2 headers in 112 bytes (1 switches on core 0) [pid: 7|app: 0|req: 1002/2083] 10.0.0.118 () {32 vars in 732 bytes} [Tue Apr 14 06:59:19 2026] DELETE /v2.0/subnetpools/3bd5f8f2-9c32-4139-ac48-0450a67e1959 => generated 0 bytes in 39 msecs (HTTP/1.1 204) 2 headers in 112 bytes (1 switches on core 0)
2026-04-14 06:59:20.021 8 INFO neutron.db.ovn_revision_numbers_db [None req-c26b684a-c36a-4189-8689-bb6a2442e70d 684762443aa24e4bb30a3ddc8bc5d4ce 0e5e052f0f5746ad8ffc3282866e2c45 - - default default] Successfully bumped revision number for resource 7688af05-90fa-4802-be8c-0f46707fa3d1 (type: ports) to 1 [pid: 8|app: 0|req: 1082/2084] 10.0.0.118 () {34 vars in 665 bytes} [Tue Apr 14 06:59:19 2026] POST /v2.0/ports => generated 958 bytes in 518 msecs (HTTP/1.1 201) 4 headers in 162 bytes (1 switches on core 0)
2026-04-14 06:59:20.281 7 WARNING neutron.scheduler.dhcp_agent_scheduler [None req-9843ba22-8997-406e-a66c-c2a9db586e7b 684762443aa24e4bb30a3ddc8bc5d4ce 0e5e052f0f5746ad8ffc3282866e2c45 - - default default] No more DHCP agents
2026-04-14 06:59:20.283 7 WARNING neutron.api.rpc.agentnotifiers.dhcp_rpc_agent_api [None req-9843ba22-8997-406e-a66c-c2a9db586e7b 684762443aa24e4bb30a3ddc8bc5d4ce 0e5e052f0f5746ad8ffc3282866e2c45 - - default default] Unable to schedule network 9b524adc-de0e-432d-9de3-425a80f6b9a6: no agents available; will retry on subsequent port and subnet creation events. /var/lib/openstack/lib/python3.12/site-packages/pycadf/identifier.py:70: UserWarning: Invalid uuid: neutron. To ensure interoperability, identifiers should be a valid uuid. warnings.warn(('Invalid uuid: %s. To ensure interoperability, '
2026-04-14 06:59:21.020 8 INFO neutron.db.ovn_revision_numbers_db [None req-be414cbe-2a07-4778-ae6b-ef469175cbb3 f94ad306168640438e2616e303d4e3d7 a839f2f4d6a6412187c9ca6d5688ca3d - - default default] Successfully bumped revision number for resource f9199af3-8470-4458-b3ba-aee4ca90f8f5 (type: security_groups) to 1
2026-04-14 06:59:21.046 8 INFO neutron.db.ovn_revision_numbers_db [None req-be414cbe-2a07-4778-ae6b-ef469175cbb3 f94ad306168640438e2616e303d4e3d7 a839f2f4d6a6412187c9ca6d5688ca3d - - default default] Successfully bumped revision number for resource 194867c2-16bd-41b5-ae08-a8f515dc19d5 (type: security_group_rules) to 0
2026-04-14 06:59:21.062 8 INFO neutron.db.ovn_revision_numbers_db [None req-be414cbe-2a07-4778-ae6b-ef469175cbb3 f94ad306168640438e2616e303d4e3d7 a839f2f4d6a6412187c9ca6d5688ca3d - - default default] Successfully bumped revision number for resource 7156aede-0db7-4034-b217-481ecd2a4727 (type: security_group_rules) to 0
2026-04-14 06:59:21.078 8 INFO neutron.db.ovn_revision_numbers_db [None req-be414cbe-2a07-4778-ae6b-ef469175cbb3 f94ad306168640438e2616e303d4e3d7 a839f2f4d6a6412187c9ca6d5688ca3d - - default default] Successfully bumped revision number for resource 87fece36-6208-4485-9607-c6bc2231fba4 (type: security_group_rules) to 0
2026-04-14 06:59:21.092 8 INFO neutron.db.ovn_revision_numbers_db [None req-be414cbe-2a07-4778-ae6b-ef469175cbb3 f94ad306168640438e2616e303d4e3d7 a839f2f4d6a6412187c9ca6d5688ca3d - - default default] Successfully bumped revision number for resource a87b5f0e-6a75-4256-a810-c97b5ee6f90e (type: security_group_rules) to 0
2026-04-14 06:59:21.118 7 INFO neutron.db.ovn_revision_numbers_db [None req-9843ba22-8997-406e-a66c-c2a9db586e7b 684762443aa24e4bb30a3ddc8bc5d4ce 0e5e052f0f5746ad8ffc3282866e2c45 - - default default] Successfully bumped revision number for resource 329bb6ae-a184-4a43-a362-40433d6f509d (type: floatingips) to 1
2026-04-14 06:59:21.119 7 INFO neutron.db.l3_db [None req-9843ba22-8997-406e-a66c-c2a9db586e7b 684762443aa24e4bb30a3ddc8bc5d4ce 0e5e052f0f5746ad8ffc3282866e2c45 - - default default] Floating IP 329bb6ae-a184-4a43-a362-40433d6f509d associated. External IP: 10.96.250.218, port: 7688af05-90fa-4802-be8c-0f46707fa3d1. [pid: 8|app: 0|req: 1083/2085] 10.0.0.118 () {32 vars in 774 bytes} [Tue Apr 14 06:59:20 2026] GET /v2.0/security-groups?tenant_id=db74574bfc514a77a43e0dc309e0c585&name=default => generated 2925 bytes in 462 msecs (HTTP/1.1 200) 4 headers in 158 bytes (1 switches on core 0) [pid: 7|app: 0|req: 1003/2086] 10.0.0.118 () {34 vars in 677 bytes} [Tue Apr 14 06:59:20 2026] POST /v2.0/floatingips => generated 842 bytes in 1145 msecs (HTTP/1.1 201) 4 headers in 162 bytes (1 switches on core 0) [pid: 8|app: 0|req: 1084/2087] 10.0.0.118 () {32 vars in 740 bytes} [Tue Apr 14 06:59:21 2026] DELETE /v2.0/security-groups/f9199af3-8470-4458-b3ba-aee4ca90f8f5 => generated 0 bytes in 285 msecs (HTTP/1.1 204) 2 headers in 112 bytes (1 switches on core 0)
2026-04-14 06:59:21.452 7 INFO neutron.db.ovn_revision_numbers_db [None req-cd018a60-f860-4e1e-9cc2-f821f88e8e6b 684762443aa24e4bb30a3ddc8bc5d4ce 0e5e052f0f5746ad8ffc3282866e2c45 - - default default] Successfully bumped revision number for resource 329bb6ae-a184-4a43-a362-40433d6f509d (type: floatingips) to 2
2026-04-14 06:59:21.506 7 INFO neutron.db.l3_db [None req-cd018a60-f860-4e1e-9cc2-f821f88e8e6b 684762443aa24e4bb30a3ddc8bc5d4ce 0e5e052f0f5746ad8ffc3282866e2c45 - - default default] Floating IP 329bb6ae-a184-4a43-a362-40433d6f509d disassociated. External IP: 10.96.250.218, port: 7688af05-90fa-4802-be8c-0f46707fa3d1. [pid: 7|app: 0|req: 1004/2088] 10.0.0.118 () {34 vars in 749 bytes} [Tue Apr 14 06:59:21 2026] PUT /v2.0/floatingips/329bb6ae-a184-4a43-a362-40433d6f509d => generated 554 bytes in 336 msecs (HTTP/1.1 200) 4 headers in 157 bytes (1 switches on core 0)
2026-04-14 06:59:21.665 8 INFO neutron_taas.services.taas.taas_plugin [None req-f2fa84f6-ec90-4cb5-8c9b-b017624db201 684762443aa24e4bb30a3ddc8bc5d4ce 0e5e052f0f5746ad8ffc3282866e2c45 - - default default] TaaS: Handle Delete Port: 817fcaa5-c3da-42e3-83a9-3d56994189a2
2026-04-14 06:59:21.668 8 INFO neutron_taas.services.taas.tap_mirror_plugin [None req-f2fa84f6-ec90-4cb5-8c9b-b017624db201 684762443aa24e4bb30a3ddc8bc5d4ce 0e5e052f0f5746ad8ffc3282866e2c45 - - default default] Tap Mirror: Handle Delete Port: 817fcaa5-c3da-42e3-83a9-3d56994189a2
2026-04-14 06:59:21.740 7 INFO neutron.db.ovn_revision_numbers_db [None req-65260d6e-3a28-447c-9c16-a924b5352ed1 f94ad306168640438e2616e303d4e3d7 a839f2f4d6a6412187c9ca6d5688ca3d - - default default] Successfully bumped revision number for resource d175ce32-ccbe-487e-9349-1a7fb13de77c (type: security_groups) to 1
2026-04-14 06:59:21.748 7 INFO neutron.db.ovn_revision_numbers_db [None req-65260d6e-3a28-447c-9c16-a924b5352ed1 f94ad306168640438e2616e303d4e3d7 a839f2f4d6a6412187c9ca6d5688ca3d - - default default] Successfully bumped revision number for resource 0e02f0f2-167c-45d5-80ba-baba4d291434 (type: security_group_rules) to 0
2026-04-14 06:59:21.760 7 INFO neutron.db.ovn_revision_numbers_db [None req-65260d6e-3a28-447c-9c16-a924b5352ed1 f94ad306168640438e2616e303d4e3d7 a839f2f4d6a6412187c9ca6d5688ca3d - - default default] Successfully bumped revision number for resource 0e5486f9-b30f-4353-b8ec-1f92ec85dd1d (type: security_group_rules) to 0
2026-04-14 06:59:21.771 7 INFO neutron.db.ovn_revision_numbers_db [None req-65260d6e-3a28-447c-9c16-a924b5352ed1 f94ad306168640438e2616e303d4e3d7 a839f2f4d6a6412187c9ca6d5688ca3d - - default default] Successfully bumped revision number for resource 71edace9-e886-4bee-9f1b-3931eabc2da1 (type: security_group_rules) to 0
2026-04-14 06:59:21.789 7 INFO neutron.db.ovn_revision_numbers_db [None req-65260d6e-3a28-447c-9c16-a924b5352ed1 f94ad306168640438e2616e303d4e3d7 a839f2f4d6a6412187c9ca6d5688ca3d - - default default] Successfully bumped revision number for resource 999ced49-b6db-48aa-bf0c-3b289f12bc91 (type: security_group_rules) to 0
2026-04-14 06:59:21.805 7 WARNING neutron.plugins.ml2.drivers.ovn.mech_driver.ovsdb.ovn_client [None req-40967c26-f638-4b45-9a7d-e7c6b5d5732f - - - - - -] No hosting information found for port 06c3ccd3-d1d2-4f71-abd5-87e85c66af12: RuntimeError: No hosting information found for port 06c3ccd3-d1d2-4f71-abd5-87e85c66af12
2026-04-14 06:59:21.806 7 INFO neutron.plugins.ml2.drivers.ovn.mech_driver.mech_driver [None req-40967c26-f638-4b45-9a7d-e7c6b5d5732f - - - - - -] OVN reports status down for port: c6d1191e-3a2a-4dd1-b266-9d58bc3cba5c [pid: 7|app: 0|req: 1005/2089] 10.0.0.118 () {32 vars in 774 bytes} [Tue Apr 14 06:59:21 2026] GET /v2.0/security-groups?tenant_id=397fbf677fc44ca9812672c6a56f153d&name=default => generated 2925 bytes in 253 msecs (HTTP/1.1 200) 4 headers in 158 bytes (1 switches on core 0) [pid: 8|app: 0|req: 1085/2090] 10.0.0.118 () {32 vars in 732 bytes} [Tue Apr 14 06:59:21 2026] DELETE /v2.0/floatingips/329bb6ae-a184-4a43-a362-40433d6f509d => generated 0 bytes in 308 msecs (HTTP/1.1 204) 2 headers in 112 bytes (1 switches on core 0)
2026-04-14 06:59:21.917 7 WARNING neutron.plugins.ml2.drivers.ovn.mech_driver.ovsdb.ovn_client [None req-40967c26-f638-4b45-9a7d-e7c6b5d5732f - - - - - -] Logical_Switch_Port c6d1191e-3a2a-4dd1-b266-9d58bc3cba5c host information not removed, the port state is up
2026-04-14 06:59:21.918 7 INFO neutron.plugins.ml2.drivers.ovn.mech_driver.mech_driver [None req-40967c26-f638-4b45-9a7d-e7c6b5d5732f - - - - - -] OVN reports status up for port: c6d1191e-3a2a-4dd1-b266-9d58bc3cba5c
2026-04-14 06:59:21.943 7 INFO neutron.plugins.ml2.plugin [None req-40967c26-f638-4b45-9a7d-e7c6b5d5732f - - - - - -] Attempt 1 to provision port c6d1191e-3a2a-4dd1-b266-9d58bc3cba5c
2026-04-14 06:59:22.088 8 WARNING neutron.scheduler.dhcp_agent_scheduler [None req-cc388e4d-6e9f-494a-88ec-702dfb40ee65 684762443aa24e4bb30a3ddc8bc5d4ce 0e5e052f0f5746ad8ffc3282866e2c45 - - default default] No more DHCP agents
2026-04-14 06:59:22.090 8 WARNING neutron.api.rpc.agentnotifiers.dhcp_rpc_agent_api [None req-cc388e4d-6e9f-494a-88ec-702dfb40ee65 684762443aa24e4bb30a3ddc8bc5d4ce 0e5e052f0f5746ad8ffc3282866e2c45 - - default default] Unable to schedule network 9b524adc-de0e-432d-9de3-425a80f6b9a6: no agents available; will retry on subsequent port and subnet creation events. [pid: 7|app: 0|req: 1006/2091] 10.0.0.118 () {32 vars in 740 bytes} [Tue Apr 14 06:59:21 2026] DELETE /v2.0/security-groups/d175ce32-ccbe-487e-9349-1a7fb13de77c => generated 0 bytes in 487 msecs (HTTP/1.1 204) 2 headers in 112 bytes (1 switches on core 0)
2026-04-14 06:59:22.526 7 INFO neutron.db.ovn_revision_numbers_db [None req-40967c26-f638-4b45-9a7d-e7c6b5d5732f - - - - - -] Successfully bumped revision number for resource c6d1191e-3a2a-4dd1-b266-9d58bc3cba5c (type: ports) to 2
2026-04-14 06:59:22.736 7 INFO neutron.db.ovn_revision_numbers_db [None req-b7f9f74c-f466-49a2-b0fd-e5711f834a7f f94ad306168640438e2616e303d4e3d7 a839f2f4d6a6412187c9ca6d5688ca3d - - default default] Successfully bumped revision number for resource 68f31b3c-06a5-4118-99bb-cfc6193a16b4 (type: security_groups) to 1
2026-04-14 06:59:22.748 7 INFO neutron.db.ovn_revision_numbers_db [None req-b7f9f74c-f466-49a2-b0fd-e5711f834a7f f94ad306168640438e2616e303d4e3d7 a839f2f4d6a6412187c9ca6d5688ca3d - - default default] Successfully bumped revision number for resource 0672f89c-dd3a-4a6c-ad6e-a70fd092b70d (type: security_group_rules) to 0
2026-04-14 06:59:22.758 7 INFO neutron.db.ovn_revision_numbers_db [None req-b7f9f74c-f466-49a2-b0fd-e5711f834a7f f94ad306168640438e2616e303d4e3d7 a839f2f4d6a6412187c9ca6d5688ca3d - - default default] Successfully bumped revision number for resource 19c33e4a-f542-4766-a11a-941cb40208e8 (type: security_group_rules) to 0
2026-04-14 06:59:22.772 7 INFO neutron.db.ovn_revision_numbers_db [None req-b7f9f74c-f466-49a2-b0fd-e5711f834a7f f94ad306168640438e2616e303d4e3d7 a839f2f4d6a6412187c9ca6d5688ca3d - - default default] Successfully bumped revision number for resource 3f67cf21-0f7c-47fa-a7d3-81d988c1508b (type: security_group_rules) to 0
2026-04-14 06:59:22.798 7 INFO neutron.db.ovn_revision_numbers_db [None req-b7f9f74c-f466-49a2-b0fd-e5711f834a7f f94ad306168640438e2616e303d4e3d7 a839f2f4d6a6412187c9ca6d5688ca3d - - default default] Successfully bumped revision number for resource 8bbe8f1d-99b2-4e3e-a848-0f4671ec83d2 (type: security_group_rules) to 0 [pid: 7|app: 0|req: 1007/2092] 10.0.0.118 () {32 vars in 774 bytes} [Tue Apr 14 06:59:22 2026] GET /v2.0/security-groups?tenant_id=ad02760cda6b49ada2bc3984b9a83141&name=default => generated 2925 bytes in 511 msecs (HTTP/1.1 200) 4 headers in 158 bytes (1 switches on core 0)
2026-04-14 06:59:22.938 8 INFO neutron.db.ovn_revision_numbers_db [None req-cc388e4d-6e9f-494a-88ec-702dfb40ee65 684762443aa24e4bb30a3ddc8bc5d4ce 0e5e052f0f5746ad8ffc3282866e2c45 - - default default] Successfully bumped revision number for resource deec96f7-0971-4d24-a374-2d608dd3ea0a (type: floatingips) to 1
2026-04-14 06:59:22.938 8 INFO neutron.db.l3_db [None req-cc388e4d-6e9f-494a-88ec-702dfb40ee65 684762443aa24e4bb30a3ddc8bc5d4ce 0e5e052f0f5746ad8ffc3282866e2c45 - - default default] Floating IP deec96f7-0971-4d24-a374-2d608dd3ea0a associated. External IP: 10.96.250.211, port: ee0a421f-f5a4-40fa-9bf0-312a5da4c496. [pid: 8|app: 0|req: 1086/2093] 10.0.0.118 () {34 vars in 677 bytes} [Tue Apr 14 06:59:21 2026] POST /v2.0/floatingips => generated 843 bytes in 1111 msecs (HTTP/1.1 201) 4 headers in 162 bytes (1 switches on core 0)
