Mar 23 05:32:09.698451 np0000160284 neutron-periodic-workers[103976]: DEBUG cotyledon.oslo_config_glue [-] ml2.mechanism_drivers = ['ovn'] {{(pid=103976) log_opt_values /opt/stack/data/venv/lib/python3.12/site-packages/oslo_config/cfg.py:3006}}
Mar 23 05:32:09.698451 np0000160284 neutron-periodic-workers[103976]: DEBUG cotyledon.oslo_config_glue [-] ml2.overlay_ip_version = 4 {{(pid=103976) log_opt_values /opt/stack/data/venv/lib/python3.12/site-packages/oslo_config/cfg.py:3006}}
Mar 23 05:32:09.698451 np0000160284 neutron-periodic-workers[103976]: DEBUG cotyledon.oslo_config_glue [-] ml2.path_mtu = 0 {{(pid=103976) log_opt_values /opt/stack/data/venv/lib/python3.12/site-packages/oslo_config/cfg.py:3006}}
Mar 23 05:32:09.698451 np0000160284 neutron-periodic-workers[103976]: DEBUG cotyledon.oslo_config_glue [-] ml2.physical_network_mtus = {} {{(pid=103976) log_opt_values /opt/stack/data/venv/lib/python3.12/site-packages/oslo_config/cfg.py:3006}}
Mar 23 05:32:09.698781 np0000160284 neutron-periodic-workers[103976]: DEBUG cotyledon.oslo_config_glue [-] ml2.project_network_types = ['geneve'] {{(pid=103976) log_opt_values /opt/stack/data/venv/lib/python3.12/site-packages/oslo_config/cfg.py:3006}}
Mar 23 05:32:09.698781 np0000160284 neutron-periodic-workers[103976]: DEBUG cotyledon.oslo_config_glue [-] ml2.tunnelled_network_rp_name = rp_tunnelled {{(pid=103976) log_opt_values /opt/stack/data/venv/lib/python3.12/site-packages/oslo_config/cfg.py:3006}}
Mar 23 05:32:09.698781 np0000160284 neutron-periodic-workers[103976]: DEBUG cotyledon.oslo_config_glue [-] ml2.type_drivers = ['local', 'flat', 'vlan', 'geneve'] {{(pid=103976) log_opt_values /opt/stack/data/venv/lib/python3.12/site-packages/oslo_config/cfg.py:3006}}
Mar 23 05:32:09.698781 np0000160284 neutron-periodic-workers[103976]: DEBUG cotyledon.oslo_config_glue [-] ml2_type_flat.flat_networks = ['public'] {{(pid=103976) log_opt_values /opt/stack/data/venv/lib/python3.12/site-packages/oslo_config/cfg.py:3006}}
Mar 23 05:32:09.698781 np0000160284 neutron-periodic-workers[103976]: DEBUG cotyledon.oslo_config_glue [-] ml2_type_geneve.max_header_size = 38 {{(pid=103976) log_opt_values /opt/stack/data/venv/lib/python3.12/site-packages/oslo_config/cfg.py:3006}}
Mar 23 05:32:09.698781 np0000160284 neutron-periodic-workers[103976]: DEBUG cotyledon.oslo_config_glue [-] ml2_type_geneve.vni_ranges = ['1:65536'] {{(pid=103976) log_opt_values /opt/stack/data/venv/lib/python3.12/site-packages/oslo_config/cfg.py:3006}}
Mar 23 05:32:09.698781 np0000160284 neutron-periodic-workers[103976]: DEBUG cotyledon.oslo_config_glue [-] ml2_type_vlan.network_vlan_ranges = ['public'] {{(pid=103976) log_opt_values /opt/stack/data/venv/lib/python3.12/site-packages/oslo_config/cfg.py:3006}}
Mar 23 05:32:09.699015 np0000160284 neutron-periodic-workers[103976]: DEBUG cotyledon.oslo_config_glue [-] network_log.burst_limit = 25 {{(pid=103976) log_opt_values /opt/stack/data/venv/lib/python3.12/site-packages/oslo_config/cfg.py:3006}}
Mar 23 05:32:09.699015 np0000160284 neutron-periodic-workers[103976]: DEBUG cotyledon.oslo_config_glue [-] network_log.local_output_log_base = None {{(pid=103976) log_opt_values /opt/stack/data/venv/lib/python3.12/site-packages/oslo_config/cfg.py:3006}}
Mar 23 05:32:09.699015 np0000160284 neutron-periodic-workers[103976]: DEBUG cotyledon.oslo_config_glue [-] network_log.rate_limit = 100 {{(pid=103976) log_opt_values /opt/stack/data/venv/lib/python3.12/site-packages/oslo_config/cfg.py:3006}}
Mar 23 05:32:09.699015 np0000160284 neutron-periodic-workers[103976]: DEBUG cotyledon.oslo_config_glue [-] database.asyncio_connection = **** {{(pid=103976) log_opt_values /opt/stack/data/venv/lib/python3.12/site-packages/oslo_config/cfg.py:3006}}
Mar 23 05:32:09.699139 np0000160284 neutron-periodic-workers[103976]: DEBUG cotyledon.oslo_config_glue [-] database.asyncio_slave_connection = **** {{(pid=103976) log_opt_values /opt/stack/data/venv/lib/python3.12/site-packages/oslo_config/cfg.py:3006}}
Mar 23 05:32:09.699139 np0000160284 neutron-periodic-workers[103976]: DEBUG cotyledon.oslo_config_glue [-] database.backend = sqlalchemy {{(pid=103976) log_opt_values /opt/stack/data/venv/lib/python3.12/site-packages/oslo_config/cfg.py:3006}}
Mar 23 05:32:09.699227 np0000160284 neutron-periodic-workers[103976]: DEBUG cotyledon.oslo_config_glue [-] database.connection = **** {{(pid=103976) log_opt_values /opt/stack/data/venv/lib/python3.12/site-packages/oslo_config/cfg.py:3006}}
Mar 23 05:32:09.699227 np0000160284 neutron-periodic-workers[103976]: DEBUG cotyledon.oslo_config_glue [-] database.connection_debug = 0 {{(pid=103976) log_opt_values /opt/stack/data/venv/lib/python3.12/site-packages/oslo_config/cfg.py:3006}}
Mar 23 05:32:09.699426 np0000160284 neutron-periodic-workers[103976]: DEBUG cotyledon.oslo_config_glue [-] database.connection_parameters = {{(pid=103976) log_opt_values /opt/stack/data/venv/lib/python3.12/site-packages/oslo_config/cfg.py:3006}}
Mar 23 05:32:09.699426 np0000160284 neutron-periodic-workers[103976]: DEBUG cotyledon.oslo_config_glue [-] database.connection_recycle_time = 3600 {{(pid=103976) log_opt_values /opt/stack/data/venv/lib/python3.12/site-packages/oslo_config/cfg.py:3006}}
Mar 23 05:32:09.699426 np0000160284 neutron-periodic-workers[103976]: DEBUG cotyledon.oslo_config_glue [-] database.connection_trace = False {{(pid=103976) log_opt_values /opt/stack/data/venv/lib/python3.12/site-packages/oslo_config/cfg.py:3006}}
Mar 23 05:32:09.699426 np0000160284 neutron-periodic-workers[103976]: DEBUG cotyledon.oslo_config_glue [-] database.db_inc_retry_interval = True {{(pid=103976) log_opt_values /opt/stack/data/venv/lib/python3.12/site-packages/oslo_config/cfg.py:3006}}
Mar 23 05:32:09.699426 np0000160284 neutron-periodic-workers[103976]: DEBUG cotyledon.oslo_config_glue [-] database.db_max_retries = 20 {{(pid=103976) log_opt_values /opt/stack/data/venv/lib/python3.12/site-packages/oslo_config/cfg.py:3006}}
Mar 23 05:32:09.699577 np0000160284 neutron-periodic-workers[103976]: DEBUG cotyledon.oslo_config_glue [-] database.db_max_retry_interval = 10 {{(pid=103976) log_opt_values /opt/stack/data/venv/lib/python3.12/site-packages/oslo_config/cfg.py:3006}}
Mar 23 05:32:09.699577 np0000160284 neutron-periodic-workers[103976]: DEBUG cotyledon.oslo_config_glue [-] database.db_retry_interval = 1 {{(pid=103976) log_opt_values /opt/stack/data/venv/lib/python3.12/site-packages/oslo_config/cfg.py:3006}}
Mar 23 05:32:09.699577 np0000160284 neutron-periodic-workers[103976]: DEBUG cotyledon.oslo_config_glue [-] database.max_overflow = 50 {{(pid=103976) log_opt_values /opt/stack/data/venv/lib/python3.12/site-packages/oslo_config/cfg.py:3006}}
Mar 23 05:32:09.699577 np0000160284 neutron-periodic-workers[103976]: DEBUG cotyledon.oslo_config_glue [-] database.max_pool_size = 5 {{(pid=103976) log_opt_values /opt/stack/data/venv/lib/python3.12/site-packages/oslo_config/cfg.py:3006}}
Mar 23 05:32:09.699705 np0000160284 neutron-periodic-workers[103976]: DEBUG cotyledon.oslo_config_glue [-] database.max_retries = 10 {{(pid=103976) log_opt_values /opt/stack/data/venv/lib/python3.12/site-packages/oslo_config/cfg.py:3006}}
Mar 23 05:32:09.699705 np0000160284 neutron-periodic-workers[103976]: DEBUG cotyledon.oslo_config_glue [-] database.mysql_sql_mode = TRADITIONAL {{(pid=103976) log_opt_values /opt/stack/data/venv/lib/python3.12/site-packages/oslo_config/cfg.py:3006}}
Mar 23 05:32:09.699705 np0000160284 neutron-periodic-workers[103976]: DEBUG cotyledon.oslo_config_glue [-] database.mysql_wsrep_sync_wait = None {{(pid=103976) log_opt_values /opt/stack/data/venv/lib/python3.12/site-packages/oslo_config/cfg.py:3006}}
Mar 23 05:32:09.699818 np0000160284 neutron-periodic-workers[103976]: DEBUG cotyledon.oslo_config_glue [-] database.pool_timeout = None {{(pid=103976) log_opt_values /opt/stack/data/venv/lib/python3.12/site-packages/oslo_config/cfg.py:3006}}
Mar 23 05:32:09.699818 np0000160284 neutron-periodic-workers[103976]: DEBUG cotyledon.oslo_config_glue [-] database.retry_interval = 10 {{(pid=103976) log_opt_values /opt/stack/data/venv/lib/python3.12/site-packages/oslo_config/cfg.py:3006}}
Mar 23 05:32:09.699818 np0000160284 neutron-periodic-workers[103976]: DEBUG cotyledon.oslo_config_glue [-] database.slave_connection = **** {{(pid=103976) log_opt_values /opt/stack/data/venv/lib/python3.12/site-packages/oslo_config/cfg.py:3006}}
Mar 23 05:32:09.699946 np0000160284 neutron-periodic-workers[103976]: DEBUG cotyledon.oslo_config_glue [-] database.sqlite_synchronous = True {{(pid=103976) log_opt_values /opt/stack/data/venv/lib/python3.12/site-packages/oslo_config/cfg.py:3006}}
Mar 23 05:32:09.699946 np0000160284 neutron-periodic-workers[103976]: DEBUG cotyledon.oslo_config_glue [-] database.synchronous_reader = True {{(pid=103976) log_opt_values /opt/stack/data/venv/lib/python3.12/site-packages/oslo_config/cfg.py:3006}}
Mar 23 05:32:09.699946 np0000160284 neutron-periodic-workers[103976]: DEBUG cotyledon.oslo_config_glue [-] database.use_db_reconnect = False {{(pid=103976) log_opt_values /opt/stack/data/venv/lib/python3.12/site-packages/oslo_config/cfg.py:3006}}
Mar 23 05:32:09.700092 np0000160284 neutron-periodic-workers[103976]: DEBUG cotyledon.oslo_config_glue [-] ovn.bfd_min_rx = 1000 {{(pid=103976) log_opt_values /opt/stack/data/venv/lib/python3.12/site-packages/oslo_config/cfg.py:3006}}
Mar 23 05:32:09.700155 np0000160284 neutron-periodic-workers[103976]: DEBUG cotyledon.oslo_config_glue [-] ovn.bfd_min_tx = 100 {{(pid=103976) log_opt_values /opt/stack/data/venv/lib/python3.12/site-packages/oslo_config/cfg.py:3006}}
Mar 23 05:32:09.700155 np0000160284 neutron-periodic-workers[103976]: DEBUG cotyledon.oslo_config_glue [-] ovn.bfd_mult = 3 {{(pid=103976) log_opt_values /opt/stack/data/venv/lib/python3.12/site-packages/oslo_config/cfg.py:3006}}
Mar 23 05:32:09.700250 np0000160284 neutron-periodic-workers[103976]: DEBUG cotyledon.oslo_config_glue [-] ovn.broadcast_arps_to_all_routers = True {{(pid=103976) log_opt_values /opt/stack/data/venv/lib/python3.12/site-packages/oslo_config/cfg.py:3006}}
Mar 23 05:32:09.700250 np0000160284 neutron-periodic-workers[103976]: DEBUG cotyledon.oslo_config_glue [-] ovn.dhcp_default_lease_time = 43200 {{(pid=103976) log_opt_values /opt/stack/data/venv/lib/python3.12/site-packages/oslo_config/cfg.py:3006}}
Mar 23 05:32:09.700342 np0000160284 neutron-periodic-workers[103976]: DEBUG cotyledon.oslo_config_glue [-] ovn.disable_ovn_dhcp_for_baremetal_ports = False {{(pid=103976) log_opt_values /opt/stack/data/venv/lib/python3.12/site-packages/oslo_config/cfg.py:3006}}
Mar 23 05:32:09.700342 np0000160284 neutron-periodic-workers[103976]: DEBUG cotyledon.oslo_config_glue [-] ovn.dns_records_ovn_owned = False {{(pid=103976) log_opt_values /opt/stack/data/venv/lib/python3.12/site-packages/oslo_config/cfg.py:3006}}
Mar 23 05:32:09.700342 np0000160284 neutron-periodic-workers[103976]: DEBUG cotyledon.oslo_config_glue [-] ovn.dns_servers = [] {{(pid=103976) log_opt_values /opt/stack/data/venv/lib/python3.12/site-packages/oslo_config/cfg.py:3006}}
Mar 23 05:32:09.700454 np0000160284 neutron-periodic-workers[103976]: DEBUG cotyledon.oslo_config_glue [-] ovn.enable_distributed_floating_ip = False {{(pid=103976) log_opt_values /opt/stack/data/venv/lib/python3.12/site-packages/oslo_config/cfg.py:3006}}
Mar 23 05:32:09.700454 np0000160284 neutron-periodic-workers[103976]: DEBUG cotyledon.oslo_config_glue [-] ovn.fdb_age_threshold = 300 {{(pid=103976) log_opt_values /opt/stack/data/venv/lib/python3.12/site-packages/oslo_config/cfg.py:3006}}
Mar 23 05:32:09.700454 np0000160284 neutron-periodic-workers[103976]: DEBUG cotyledon.oslo_config_glue [-] ovn.ha_failover_strategy = normal {{(pid=103976) log_opt_values /opt/stack/data/venv/lib/python3.12/site-packages/oslo_config/cfg.py:3006}}
Mar 23 05:32:09.700570 np0000160284 neutron-periodic-workers[103976]: DEBUG cotyledon.oslo_config_glue [-] ovn.live_migration_activation_strategy = rarp {{(pid=103976) log_opt_values /opt/stack/data/venv/lib/python3.12/site-packages/oslo_config/cfg.py:3006}}
Mar 23 05:32:09.700570 np0000160284 neutron-periodic-workers[103976]: DEBUG cotyledon.oslo_config_glue [-] ovn.localnet_learn_fdb = False {{(pid=103976) log_opt_values /opt/stack/data/venv/lib/python3.12/site-packages/oslo_config/cfg.py:3006}}
Mar 23 05:32:09.700570 np0000160284 neutron-periodic-workers[103976]: DEBUG cotyledon.oslo_config_glue [-] ovn.mac_binding_age_threshold = 300 {{(pid=103976) log_opt_values /opt/stack/data/venv/lib/python3.12/site-packages/oslo_config/cfg.py:3006}}
Mar 23 05:32:09.700678 np0000160284 neutron-periodic-workers[103976]: DEBUG cotyledon.oslo_config_glue [-] ovn.neutron_sync_mode = log {{(pid=103976) log_opt_values /opt/stack/data/venv/lib/python3.12/site-packages/oslo_config/cfg.py:3006}}
Mar 23 05:32:09.700678 np0000160284 neutron-periodic-workers[103976]: DEBUG cotyledon.oslo_config_glue [-] ovn.ovn_dhcp4_global_options = {} {{(pid=103976) log_opt_values /opt/stack/data/venv/lib/python3.12/site-packages/oslo_config/cfg.py:3006}}
Mar 23 05:32:09.700678 np0000160284 neutron-periodic-workers[103976]: DEBUG cotyledon.oslo_config_glue [-] ovn.ovn_dhcp6_global_options = {} {{(pid=103976) log_opt_values /opt/stack/data/venv/lib/python3.12/site-packages/oslo_config/cfg.py:3006}}
Mar 23 05:32:09.700788 np0000160284 neutron-periodic-workers[103976]: DEBUG cotyledon.oslo_config_glue [-] ovn.ovn_l3_scheduler = leastloaded {{(pid=103976) log_opt_values /opt/stack/data/venv/lib/python3.12/site-packages/oslo_config/cfg.py:3006}}
Mar 23 05:32:09.700788 np0000160284 neutron-periodic-workers[103976]: DEBUG cotyledon.oslo_config_glue [-] ovn.ovn_metadata_enabled = True {{(pid=103976) log_opt_values /opt/stack/data/venv/lib/python3.12/site-packages/oslo_config/cfg.py:3006}}
Mar 23 05:32:09.700884 np0000160284 neutron-periodic-workers[103976]: DEBUG cotyledon.oslo_config_glue [-] ovn.ovn_nb_ca_cert = /opt/stack/data/CA/int-ca/ca-chain.pem {{(pid=103976) log_opt_values /opt/stack/data/venv/lib/python3.12/site-packages/oslo_config/cfg.py:3006}}
Mar 23 05:32:09.700884 np0000160284 neutron-periodic-workers[103976]: DEBUG cotyledon.oslo_config_glue [-] ovn.ovn_nb_certificate = /opt/stack/data/CA/int-ca/devstack-cert.crt {{(pid=103976) log_opt_values /opt/stack/data/venv/lib/python3.12/site-packages/oslo_config/cfg.py:3006}}
Mar 23 05:32:09.700987 np0000160284 neutron-periodic-workers[103976]: DEBUG cotyledon.oslo_config_glue [-] ovn.ovn_nb_connection = ['ssl:199.19.213.204:6641'] {{(pid=103976) log_opt_values /opt/stack/data/venv/lib/python3.12/site-packages/oslo_config/cfg.py:3006}}
Mar 23 05:32:09.700987 np0000160284 neutron-periodic-workers[103976]: DEBUG cotyledon.oslo_config_glue [-] ovn.ovn_nb_private_key = /opt/stack/data/CA/int-ca/private/devstack-cert.key {{(pid=103976) log_opt_values /opt/stack/data/venv/lib/python3.12/site-packages/oslo_config/cfg.py:3006}}
Mar 23 05:32:09.700987 np0000160284 neutron-periodic-workers[103976]: DEBUG cotyledon.oslo_config_glue [-] ovn.ovn_router_indirect_snat = False {{(pid=103976) log_opt_values /opt/stack/data/venv/lib/python3.12/site-packages/oslo_config/cfg.py:3006}}
Mar 23 05:32:09.701100 np0000160284 neutron-periodic-workers[103976]: DEBUG cotyledon.oslo_config_glue [-] ovn.ovn_sb_ca_cert = /opt/stack/data/CA/int-ca/ca-chain.pem {{(pid=103976) log_opt_values /opt/stack/data/venv/lib/python3.12/site-packages/oslo_config/cfg.py:3006}}
Mar 23 05:32:09.701100 np0000160284 neutron-periodic-workers[103976]: DEBUG cotyledon.oslo_config_glue [-] ovn.ovn_sb_certificate = /opt/stack/data/CA/int-ca/devstack-cert.crt {{(pid=103976) log_opt_values /opt/stack/data/venv/lib/python3.12/site-packages/oslo_config/cfg.py:3006}}
Mar 23 05:32:09.701100 np0000160284 neutron-periodic-workers[103976]: DEBUG cotyledon.oslo_config_glue [-] ovn.ovn_sb_connection = ['ssl:199.19.213.204:6642'] {{(pid=103976) log_opt_values /opt/stack/data/venv/lib/python3.12/site-packages/oslo_config/cfg.py:3006}}
Mar 23 05:32:09.701209 np0000160284 neutron-periodic-workers[103976]: DEBUG cotyledon.oslo_config_glue [-] ovn.ovn_sb_private_key = /opt/stack/data/CA/int-ca/private/devstack-cert.key {{(pid=103976) log_opt_values /opt/stack/data/venv/lib/python3.12/site-packages/oslo_config/cfg.py:3006}}
Mar 23 05:32:09.701209 np0000160284 neutron-periodic-workers[103976]: DEBUG cotyledon.oslo_config_glue [-] ovn.ovs_create_tap = False {{(pid=103976) log_opt_values /opt/stack/data/venv/lib/python3.12/site-packages/oslo_config/cfg.py:3006}}
Mar 23 05:32:09.701209 np0000160284 neutron-periodic-workers[103976]: DEBUG cotyledon.oslo_config_glue [-] ovn.ovsdb_connection_timeout = 180 {{(pid=103976) log_opt_values /opt/stack/data/venv/lib/python3.12/site-packages/oslo_config/cfg.py:3006}}
Mar 23 05:32:09.701327 np0000160284 neutron-periodic-workers[103976]: DEBUG cotyledon.oslo_config_glue [-] ovn.ovsdb_log_level = INFO {{(pid=103976) log_opt_values /opt/stack/data/venv/lib/python3.12/site-packages/oslo_config/cfg.py:3006}}
Mar 23 05:32:09.701327 np0000160284 neutron-periodic-workers[103976]: DEBUG cotyledon.oslo_config_glue [-] ovn.ovsdb_probe_interval = 60000 {{(pid=103976) log_opt_values /opt/stack/data/venv/lib/python3.12/site-packages/oslo_config/cfg.py:3006}}
Mar 23 05:32:09.701327 np0000160284 neutron-periodic-workers[103976]: DEBUG cotyledon.oslo_config_glue [-] ovn.ovsdb_retry_max_interval = 180 {{(pid=103976) log_opt_values /opt/stack/data/venv/lib/python3.12/site-packages/oslo_config/cfg.py:3006}}
Mar 23 05:32:09.701429 np0000160284 neutron-periodic-workers[103976]: DEBUG cotyledon.oslo_config_glue [-] ovn.stateless_nat_enabled = False {{(pid=103976) log_opt_values /opt/stack/data/venv/lib/python3.12/site-packages/oslo_config/cfg.py:3006}}
Mar 23 05:32:09.701429 np0000160284 neutron-periodic-workers[103976]: DEBUG cotyledon.oslo_config_glue [-] ovn.vhost_sock_dir = /var/run/openvswitch {{(pid=103976) log_opt_values /opt/stack/data/venv/lib/python3.12/site-packages/oslo_config/cfg.py:3006}}
Mar 23 05:32:09.701525 np0000160284 neutron-periodic-workers[103976]: DEBUG cotyledon.oslo_config_glue [-] OVS.bridge_mac_table_size = 50000 {{(pid=103976) log_opt_values /opt/stack/data/venv/lib/python3.12/site-packages/oslo_config/cfg.py:3006}}
Mar 23 05:32:09.701525 np0000160284 neutron-periodic-workers[103976]: DEBUG cotyledon.oslo_config_glue [-] OVS.igmp_flood = False {{(pid=103976) log_opt_values /opt/stack/data/venv/lib/python3.12/site-packages/oslo_config/cfg.py:3006}}
Mar 23 05:32:09.701525 np0000160284 neutron-periodic-workers[103976]: DEBUG cotyledon.oslo_config_glue [-] OVS.igmp_flood_reports = True {{(pid=103976) log_opt_values /opt/stack/data/venv/lib/python3.12/site-packages/oslo_config/cfg.py:3006}}
Mar 23 05:32:09.701641 np0000160284 neutron-periodic-workers[103976]: DEBUG cotyledon.oslo_config_glue [-] OVS.igmp_flood_unregistered = False {{(pid=103976) log_opt_values /opt/stack/data/venv/lib/python3.12/site-packages/oslo_config/cfg.py:3006}}
Mar 23 05:32:09.701641 np0000160284 neutron-periodic-workers[103976]: DEBUG cotyledon.oslo_config_glue [-] OVS.igmp_snooping_enable = False {{(pid=103976) log_opt_values /opt/stack/data/venv/lib/python3.12/site-packages/oslo_config/cfg.py:3006}}
Mar 23 05:32:09.701641 np0000160284 neutron-periodic-workers[103976]: DEBUG cotyledon.oslo_config_glue [-] OVS.ovsdb_timeout = 10 {{(pid=103976) log_opt_values /opt/stack/data/venv/lib/python3.12/site-packages/oslo_config/cfg.py:3006}}
Mar 23 05:32:09.701747 np0000160284 neutron-periodic-workers[103976]: DEBUG cotyledon.oslo_config_glue [-] ovn_nb_global.fdb_removal_limit = 0 {{(pid=103976) log_opt_values /opt/stack/data/venv/lib/python3.12/site-packages/oslo_config/cfg.py:3006}}
Mar 23 05:32:09.701747 np0000160284 neutron-periodic-workers[103976]: DEBUG cotyledon.oslo_config_glue [-] ovn_nb_global.ignore_lsp_down = False {{(pid=103976) log_opt_values /opt/stack/data/venv/lib/python3.12/site-packages/oslo_config/cfg.py:3006}}
Mar 23 05:32:09.701834 np0000160284 neutron-periodic-workers[103976]: DEBUG cotyledon.oslo_config_glue [-] ovn_nb_global.mac_binding_removal_limit = 0 {{(pid=103976) log_opt_values /opt/stack/data/venv/lib/python3.12/site-packages/oslo_config/cfg.py:3006}}
Mar 23 05:32:09.701834 np0000160284 neutron-periodic-workers[103976]: DEBUG cotyledon.oslo_config_glue [-] ******************************************************************************** {{(pid=103976) log_opt_values /opt/stack/data/venv/lib/python3.12/site-packages/oslo_config/cfg.py:3013}}
Mar 23 05:32:09.702088 np0000160284 neutron-periodic-workers[103976]: DEBUG cotyledon._service_worker [-] Run service ServiceWrapper(0) [103976] {{(pid=103976) wait_forever /opt/stack/data/venv/lib/python3.12/site-packages/cotyledon/_service_worker.py:218}}
Mar 23 05:32:19.354825 np0000160284 neutron-periodic-workers[103260]: DEBUG dbcounter [-] [103260] Writing DB stats neutron:SELECT=4 {{(pid=103260) stat_writer /opt/stack/data/venv/lib/python3.12/site-packages/dbcounter.py:115}}
Mar 23 05:32:49.672355 np0000160284 neutron-periodic-workers[103952]: DEBUG oslo_db.sqlalchemy.engines [None req-ad95cfd2-7c3c-4066-b60d-4843e3d4057c None None] Parent process 103260 forked (103952) with an open database connection, which is being discarded and recreated. {{(pid=103952) checkout /opt/stack/data/venv/lib/python3.12/site-packages/oslo_db/sqlalchemy/engines.py:402}}
Mar 23 05:32:49.679175 np0000160284 neutron-periodic-workers[103952]: DEBUG dbcounter [-] [103952] Writer thread running {{(pid=103952) stat_writer /opt/stack/data/venv/lib/python3.12/site-packages/dbcounter.py:102}}
Mar 23 05:32:49.690643 np0000160284 neutron-periodic-workers[103952]: DEBUG oslo.service.backend._threading.loopingcall [None req-ad95cfd2-7c3c-4066-b60d-4843e3d4057c None None] Fixed interval looping call 'neutron.plugins.ml2.plugin.DhcpAgentSchedulerDbMixin.remove_networks_from_down_agents' sleeping for 36.97 seconds {{(pid=103952) _run_loop /opt/stack/data/venv/lib/python3.12/site-packages/oslo_service/backend/_threading/loopingcall.py:125}}
Mar 23 05:32:59.689321 np0000160284 neutron-periodic-workers[103952]: DEBUG dbcounter [-] [103952] Writing DB stats neutron:SELECT=3 {{(pid=103952) stat_writer /opt/stack/data/venv/lib/python3.12/site-packages/dbcounter.py:115}}
Mar 23 05:33:05.699139 np0000160284 neutron-periodic-workers[103945]: DEBUG dbcounter [-] [103945] Writer thread running {{(pid=103945) stat_writer /opt/stack/data/venv/lib/python3.12/site-packages/dbcounter.py:102}}
Mar 23 05:33:05.709258 np0000160284 neutron-periodic-workers[103945]: DEBUG oslo.service.backend._threading.loopingcall [None req-78bb5007-f40d-4343-915b-7eecc8304e45 None None] Fixed interval looping call 'neutron.services.ovn_l3.plugin.L3_NAT_dbonly_mixin._clean_garbage' sleeping for 299.95 seconds {{(pid=103945) _run_loop /opt/stack/data/venv/lib/python3.12/site-packages/oslo_service/backend/_threading/loopingcall.py:125}}
Mar 23 05:33:15.699831 np0000160284 neutron-periodic-workers[103945]: DEBUG dbcounter [-] [103945] Writing DB stats neutron:SELECT=1 {{(pid=103945) stat_writer /opt/stack/data/venv/lib/python3.12/site-packages/dbcounter.py:115}}
Mar 23 05:33:15.715136 np0000160284 neutron-periodic-workers[103962]: DEBUG dbcounter [-] [103962] Writer thread running {{(pid=103962) stat_writer /opt/stack/data/venv/lib/python3.12/site-packages/dbcounter.py:102}}
Mar 23 05:33:15.719019 np0000160284 neutron-periodic-workers[103962]: DEBUG neutron.db.agents_db [None req-3283c228-169c-4a60-8471-d8cd098f6e59 None None] Agent healthcheck: found 0 active agents {{(pid=103962) agent_health_check /opt/stack/neutron/neutron/db/agents_db.py:317}}
Mar 23 05:33:15.719363 np0000160284 neutron-periodic-workers[103962]: DEBUG oslo.service.backend._threading.loopingcall [None req-3283c228-169c-4a60-8471-d8cd098f6e59 None None] Fixed interval looping call 'neutron.plugins.ml2.plugin.AgentDbMixin.agent_health_check' sleeping for 36.97 seconds {{(pid=103962) _run_loop /opt/stack/data/venv/lib/python3.12/site-packages/oslo_service/backend/_threading/loopingcall.py:125}}
Mar 23 05:33:26.668498 np0000160284 neutron-periodic-workers[103952]: DEBUG oslo.service.backend._threading.loopingcall [None req-ad95cfd2-7c3c-4066-b60d-4843e3d4057c None None] Fixed interval looping call 'neutron.plugins.ml2.plugin.DhcpAgentSchedulerDbMixin.remove_networks_from_down_agents' sleeping for 36.99 seconds {{(pid=103952) _run_loop /opt/stack/data/venv/lib/python3.12/site-packages/oslo_service/backend/_threading/loopingcall.py:125}}
Mar 23 05:33:35.715753 np0000160284 neutron-periodic-workers[103962]: DEBUG dbcounter [-] [103962] Writing DB stats neutron:SELECT=1 {{(pid=103962) stat_writer /opt/stack/data/venv/lib/python3.12/site-packages/dbcounter.py:115}}
Mar 23 05:33:36.667323 np0000160284 neutron-periodic-workers[103952]: DEBUG dbcounter [-] [103952] Writing DB stats neutron:SELECT=3 {{(pid=103952) stat_writer /opt/stack/data/venv/lib/python3.12/site-packages/dbcounter.py:115}}
Mar 23 05:33:52.694364 np0000160284 neutron-periodic-workers[103962]: DEBUG neutron.db.agents_db [None req-3283c228-169c-4a60-8471-d8cd098f6e59 None None] Agent healthcheck: found 0 active agents {{(pid=103962) agent_health_check /opt/stack/neutron/neutron/db/agents_db.py:317}}
Mar 23 05:33:52.695217 np0000160284 neutron-periodic-workers[103962]: DEBUG oslo.service.backend._threading.loopingcall [None req-3283c228-169c-4a60-8471-d8cd098f6e59 None None] Fixed interval looping call 'neutron.plugins.ml2.plugin.AgentDbMixin.agent_health_check' sleeping for 37.00 seconds {{(pid=103962) _run_loop /opt/stack/data/venv/lib/python3.12/site-packages/oslo_service/backend/_threading/loopingcall.py:125}}
Mar 23 05:34:02.693241 np0000160284 neutron-periodic-workers[103962]: DEBUG dbcounter [-] [103962] Writing DB stats neutron:SELECT=1 {{(pid=103962) stat_writer /opt/stack/data/venv/lib/python3.12/site-packages/dbcounter.py:115}}
Mar 23 05:34:03.668086 np0000160284 neutron-periodic-workers[103952]: DEBUG oslo.service.backend._threading.loopingcall [None req-ad95cfd2-7c3c-4066-b60d-4843e3d4057c None None] Fixed interval looping call 'neutron.plugins.ml2.plugin.DhcpAgentSchedulerDbMixin.remove_networks_from_down_agents' sleeping for 36.99 seconds {{(pid=103952) _run_loop /opt/stack/data/venv/lib/python3.12/site-packages/oslo_service/backend/_threading/loopingcall.py:125}}
Mar 23 05:34:09.720322 np0000160284 neutron-periodic-workers[103976]: DEBUG dbcounter [-] [103976] Writer thread running {{(pid=103976) stat_writer /opt/stack/data/venv/lib/python3.12/site-packages/dbcounter.py:102}}
Mar 23 05:34:09.722103 np0000160284 neutron-periodic-workers[103976]: DEBUG oslo.service.backend._threading.loopingcall [None req-40d61987-8a25-4bd5-936b-34326f0de75b None None] Fixed interval looping call 'neutron.db.quota.driver_nolock.DbQuotaNoLockDriver._remove_expired_reservations' sleeping for 119.98 seconds {{(pid=103976) _run_loop /opt/stack/data/venv/lib/python3.12/site-packages/oslo_service/backend/_threading/loopingcall.py:125}}
Mar 23 05:34:13.667046 np0000160284 neutron-periodic-workers[103952]: DEBUG dbcounter [-] [103952] Writing DB stats neutron:SELECT=3 {{(pid=103952) stat_writer /opt/stack/data/venv/lib/python3.12/site-packages/dbcounter.py:115}}
Mar 23 05:34:29.698232 np0000160284 neutron-periodic-workers[103962]: DEBUG neutron.db.agents_db [None req-3283c228-169c-4a60-8471-d8cd098f6e59 None None] Agent healthcheck: found 0 active agents {{(pid=103962) agent_health_check /opt/stack/neutron/neutron/db/agents_db.py:317}}
Mar 23 05:34:29.698934 np0000160284 neutron-periodic-workers[103962]: DEBUG oslo.service.backend._threading.loopingcall [None req-3283c228-169c-4a60-8471-d8cd098f6e59 None None] Fixed interval looping call 'neutron.plugins.ml2.plugin.AgentDbMixin.agent_health_check' sleeping for 37.00 seconds {{(pid=103962) _run_loop /opt/stack/data/venv/lib/python3.12/site-packages/oslo_service/backend/_threading/loopingcall.py:125}}
Mar 23 05:34:29.721037 np0000160284 neutron-periodic-workers[103976]: DEBUG dbcounter [-] [103976] Writing DB stats neutron:DELETE=1 {{(pid=103976) stat_writer /opt/stack/data/venv/lib/python3.12/site-packages/dbcounter.py:115}}
Mar 23 05:34:39.697521 np0000160284 neutron-periodic-workers[103962]: DEBUG dbcounter [-] [103962] Writing DB stats neutron:SELECT=1 {{(pid=103962) stat_writer /opt/stack/data/venv/lib/python3.12/site-packages/dbcounter.py:115}}
Mar 23 05:34:40.664936 np0000160284 neutron-periodic-workers[103952]: DEBUG oslo.service.backend._threading.loopingcall [None req-ad95cfd2-7c3c-4066-b60d-4843e3d4057c None None] Fixed interval looping call 'neutron.plugins.ml2.plugin.DhcpAgentSchedulerDbMixin.remove_networks_from_down_agents' sleeping for 36.99 seconds {{(pid=103952) _run_loop /opt/stack/data/venv/lib/python3.12/site-packages/oslo_service/backend/_threading/loopingcall.py:125}}
Mar 23 05:34:50.664593 np0000160284 neutron-periodic-workers[103952]: DEBUG dbcounter [-] [103952] Writing DB stats neutron:SELECT=3 {{(pid=103952) stat_writer /opt/stack/data/venv/lib/python3.12/site-packages/dbcounter.py:115}}
Mar 23 05:35:06.704393 np0000160284 neutron-periodic-workers[103962]: DEBUG neutron.db.agents_db [None req-3283c228-169c-4a60-8471-d8cd098f6e59 None None] Agent healthcheck: found 0 active agents {{(pid=103962) agent_health_check /opt/stack/neutron/neutron/db/agents_db.py:317}}
Mar 23 05:35:06.705102 np0000160284 neutron-periodic-workers[103962]: DEBUG oslo.service.backend._threading.loopingcall [None req-3283c228-169c-4a60-8471-d8cd098f6e59 None None] Fixed interval looping call 'neutron.plugins.ml2.plugin.AgentDbMixin.agent_health_check' sleeping for 36.99 seconds {{(pid=103962) _run_loop /opt/stack/data/venv/lib/python3.12/site-packages/oslo_service/backend/_threading/loopingcall.py:125}}
Mar 23 05:35:16.702105 np0000160284 neutron-periodic-workers[103962]: DEBUG dbcounter [-] [103962] Writing DB stats neutron:SELECT=1 {{(pid=103962) stat_writer /opt/stack/data/venv/lib/python3.12/site-packages/dbcounter.py:115}}
Mar 23 05:35:17.665421 np0000160284 neutron-periodic-workers[103952]: DEBUG oslo.service.backend._threading.loopingcall [None req-ad95cfd2-7c3c-4066-b60d-4843e3d4057c None None] Fixed interval looping call 'neutron.plugins.ml2.plugin.DhcpAgentSchedulerDbMixin.remove_networks_from_down_agents' sleeping for 36.99 seconds {{(pid=103952) _run_loop /opt/stack/data/venv/lib/python3.12/site-packages/oslo_service/backend/_threading/loopingcall.py:125}}
Mar 23 05:35:27.663898 np0000160284 neutron-periodic-workers[103952]: DEBUG dbcounter [-] [103952] Writing DB stats neutron:SELECT=3 {{(pid=103952) stat_writer /opt/stack/data/venv/lib/python3.12/site-packages/dbcounter.py:115}}
Mar 23 05:35:43.700813 np0000160284 neutron-periodic-workers[103962]: DEBUG neutron.db.agents_db [None req-3283c228-169c-4a60-8471-d8cd098f6e59 None None] Agent healthcheck: found 0 active agents {{(pid=103962) agent_health_check /opt/stack/neutron/neutron/db/agents_db.py:317}}
Mar 23 05:35:43.701503 np0000160284 neutron-periodic-workers[103962]: DEBUG oslo.service.backend._threading.loopingcall [None req-3283c228-169c-4a60-8471-d8cd098f6e59 None None] Fixed interval looping call 'neutron.plugins.ml2.plugin.AgentDbMixin.agent_health_check' sleeping for 36.99 seconds {{(pid=103962) _run_loop /opt/stack/data/venv/lib/python3.12/site-packages/oslo_service/backend/_threading/loopingcall.py:125}}
Mar 23 05:35:53.698837 np0000160284 neutron-periodic-workers[103962]: DEBUG dbcounter [-] [103962] Writing DB stats neutron:SELECT=1 {{(pid=103962) stat_writer /opt/stack/data/venv/lib/python3.12/site-packages/dbcounter.py:115}}
Mar 23 05:35:54.664407 np0000160284 neutron-periodic-workers[103952]: DEBUG oslo.service.backend._threading.loopingcall [None req-ad95cfd2-7c3c-4066-b60d-4843e3d4057c None None] Fixed interval looping call 'neutron.plugins.ml2.plugin.DhcpAgentSchedulerDbMixin.remove_networks_from_down_agents' sleeping for 36.99 seconds {{(pid=103952) _run_loop /opt/stack/data/venv/lib/python3.12/site-packages/oslo_service/backend/_threading/loopingcall.py:125}}
Mar 23 05:36:04.663227 np0000160284 neutron-periodic-workers[103952]: DEBUG dbcounter [-] [103952] Writing DB stats neutron:SELECT=3 {{(pid=103952) stat_writer /opt/stack/data/venv/lib/python3.12/site-packages/dbcounter.py:115}}
Mar 23 05:36:09.707718 np0000160284 neutron-periodic-workers[103976]: DEBUG oslo.service.backend._threading.loopingcall [None req-40d61987-8a25-4bd5-936b-34326f0de75b None None] Fixed interval looping call 'neutron.db.quota.driver_nolock.DbQuotaNoLockDriver._remove_expired_reservations' sleeping for 119.99 seconds {{(pid=103976) _run_loop /opt/stack/data/venv/lib/python3.12/site-packages/oslo_service/backend/_threading/loopingcall.py:125}}
Mar 23 05:36:19.706276 np0000160284 neutron-periodic-workers[103976]: DEBUG dbcounter [-] [103976] Writing DB stats neutron:DELETE=1 {{(pid=103976) stat_writer /opt/stack/data/venv/lib/python3.12/site-packages/dbcounter.py:115}}
Mar 23 05:36:20.696744 np0000160284 neutron-periodic-workers[103962]: DEBUG neutron.db.agents_db [None req-3283c228-169c-4a60-8471-d8cd098f6e59 None None] Agent healthcheck: found 0 active agents {{(pid=103962) agent_health_check /opt/stack/neutron/neutron/db/agents_db.py:317}}
Mar 23 05:36:20.697723 np0000160284 neutron-periodic-workers[103962]: DEBUG oslo.service.backend._threading.loopingcall [None req-3283c228-169c-4a60-8471-d8cd098f6e59 None None] Fixed interval looping call 'neutron.plugins.ml2.plugin.AgentDbMixin.agent_health_check' sleeping for 36.99 seconds {{(pid=103962) _run_loop /opt/stack/data/venv/lib/python3.12/site-packages/oslo_service/backend/_threading/loopingcall.py:125}}
Mar 23 05:36:30.694697 np0000160284 neutron-periodic-workers[103962]: DEBUG dbcounter [-] [103962] Writing DB stats neutron:SELECT=1 {{(pid=103962) stat_writer /opt/stack/data/venv/lib/python3.12/site-packages/dbcounter.py:115}}
Mar 23 05:36:31.665080 np0000160284 neutron-periodic-workers[103952]: DEBUG oslo.service.backend._threading.loopingcall [None req-ad95cfd2-7c3c-4066-b60d-4843e3d4057c None None] Fixed interval looping call 'neutron.plugins.ml2.plugin.DhcpAgentSchedulerDbMixin.remove_networks_from_down_agents' sleeping for 36.99 seconds {{(pid=103952) _run_loop /opt/stack/data/venv/lib/python3.12/site-packages/oslo_service/backend/_threading/loopingcall.py:125}}
Mar 23 05:36:41.663408 np0000160284 neutron-periodic-workers[103952]: DEBUG dbcounter [-] [103952] Writing DB stats neutron:SELECT=3 {{(pid=103952) stat_writer /opt/stack/data/venv/lib/python3.12/site-packages/dbcounter.py:115}}
Mar 23 05:36:57.692965 np0000160284 neutron-periodic-workers[103962]: DEBUG neutron.db.agents_db [None req-3283c228-169c-4a60-8471-d8cd098f6e59 None None] Agent healthcheck: found 0 active agents {{(pid=103962) agent_health_check /opt/stack/neutron/neutron/db/agents_db.py:317}}
Mar 23 05:36:57.693509 np0000160284 neutron-periodic-workers[103962]: DEBUG oslo.service.backend._threading.loopingcall [None req-3283c228-169c-4a60-8471-d8cd098f6e59 None None] Fixed interval looping call 'neutron.plugins.ml2.plugin.AgentDbMixin.agent_health_check' sleeping for 36.99 seconds {{(pid=103962) _run_loop /opt/stack/data/venv/lib/python3.12/site-packages/oslo_service/backend/_threading/loopingcall.py:125}}
Mar 23 05:37:07.690400 np0000160284 neutron-periodic-workers[103962]: DEBUG dbcounter [-] [103962] Writing DB stats neutron:SELECT=1 {{(pid=103962) stat_writer /opt/stack/data/venv/lib/python3.12/site-packages/dbcounter.py:115}}
Mar 23 05:37:08.665710 np0000160284 neutron-periodic-workers[103952]: DEBUG oslo.service.backend._threading.loopingcall [None req-ad95cfd2-7c3c-4066-b60d-4843e3d4057c None None] Fixed interval looping call 'neutron.plugins.ml2.plugin.DhcpAgentSchedulerDbMixin.remove_networks_from_down_agents' sleeping for 36.99 seconds {{(pid=103952) _run_loop /opt/stack/data/venv/lib/python3.12/site-packages/oslo_service/backend/_threading/loopingcall.py:125}}
Mar 23 05:37:18.665056 np0000160284 neutron-periodic-workers[103952]: DEBUG dbcounter [-] [103952] Writing DB stats neutron:SELECT=3 {{(pid=103952) stat_writer /opt/stack/data/venv/lib/python3.12/site-packages/dbcounter.py:115}}
Mar 23 05:37:34.688327 np0000160284 neutron-periodic-workers[103962]: DEBUG neutron.db.agents_db [None req-3283c228-169c-4a60-8471-d8cd098f6e59 None None] Agent healthcheck: found 0 active agents {{(pid=103962) agent_health_check /opt/stack/neutron/neutron/db/agents_db.py:317}}
Mar 23 05:37:34.689156 np0000160284 neutron-periodic-workers[103962]: DEBUG oslo.service.backend._threading.loopingcall [None req-3283c228-169c-4a60-8471-d8cd098f6e59 None None] Fixed interval looping call 'neutron.plugins.ml2.plugin.AgentDbMixin.agent_health_check' sleeping for 37.00 seconds {{(pid=103962) _run_loop /opt/stack/data/venv/lib/python3.12/site-packages/oslo_service/backend/_threading/loopingcall.py:125}}
Mar 23 05:37:44.686690 np0000160284 neutron-periodic-workers[103962]: DEBUG dbcounter [-] [103962] Writing DB stats neutron:SELECT=1 {{(pid=103962) stat_writer /opt/stack/data/venv/lib/python3.12/site-packages/dbcounter.py:115}}
Mar 23 05:37:45.662609 np0000160284 neutron-periodic-workers[103952]: DEBUG oslo.service.backend._threading.loopingcall [None req-ad95cfd2-7c3c-4066-b60d-4843e3d4057c None None] Fixed interval looping call 'neutron.plugins.ml2.plugin.DhcpAgentSchedulerDbMixin.remove_networks_from_down_agents' sleeping for 36.99 seconds {{(pid=103952) _run_loop /opt/stack/data/venv/lib/python3.12/site-packages/oslo_service/backend/_threading/loopingcall.py:125}}
Mar 23 05:37:55.661995 np0000160284 neutron-periodic-workers[103952]: DEBUG dbcounter [-] [103952] Writing DB stats neutron:SELECT=3 {{(pid=103952) stat_writer /opt/stack/data/venv/lib/python3.12/site-packages/dbcounter.py:115}}
Mar 23 05:38:05.673298 np0000160284 neutron-periodic-workers[103945]: DEBUG oslo.service.backend._threading.loopingcall [None req-78bb5007-f40d-4343-915b-7eecc8304e45 None None] Fixed interval looping call 'neutron.services.ovn_l3.plugin.L3_NAT_dbonly_mixin._clean_garbage' sleeping for 299.99 seconds {{(pid=103945) _run_loop /opt/stack/data/venv/lib/python3.12/site-packages/oslo_service/backend/_threading/loopingcall.py:125}}
Mar 23 05:38:09.704695 np0000160284 neutron-periodic-workers[103976]: DEBUG oslo.service.backend._threading.loopingcall [None req-40d61987-8a25-4bd5-936b-34326f0de75b None None] Fixed interval looping call 'neutron.db.quota.driver_nolock.DbQuotaNoLockDriver._remove_expired_reservations' sleeping for 119.99 seconds {{(pid=103976) _run_loop /opt/stack/data/venv/lib/python3.12/site-packages/oslo_service/backend/_threading/loopingcall.py:125}}
Mar 23 05:38:11.694358 np0000160284 neutron-periodic-workers[103962]: DEBUG neutron.db.agents_db [None req-3283c228-169c-4a60-8471-d8cd098f6e59 None None] Agent healthcheck: found 0 active agents {{(pid=103962) agent_health_check /opt/stack/neutron/neutron/db/agents_db.py:317}}
Mar 23 05:38:11.713024 np0000160284 neutron-periodic-workers[103962]: DEBUG oslo.service.backend._threading.loopingcall [None req-3283c228-169c-4a60-8471-d8cd098f6e59 None None] Fixed interval looping call 'neutron.plugins.ml2.plugin.AgentDbMixin.agent_health_check' sleeping for 36.99 seconds {{(pid=103962) _run_loop /opt/stack/data/venv/lib/python3.12/site-packages/oslo_service/backend/_threading/loopingcall.py:125}}
Mar 23 05:38:15.664518 np0000160284 neutron-periodic-workers[103945]: DEBUG dbcounter [-] [103945] Writing DB stats neutron:SELECT=1 {{(pid=103945) stat_writer /opt/stack/data/venv/lib/python3.12/site-packages/dbcounter.py:115}}
Mar 23 05:38:19.702550 np0000160284 neutron-periodic-workers[103976]: DEBUG dbcounter [-] [103976] Writing DB stats neutron:DELETE=1 {{(pid=103976) stat_writer /opt/stack/data/venv/lib/python3.12/site-packages/dbcounter.py:115}}
Mar 23 05:38:21.692315 np0000160284 neutron-periodic-workers[103962]: DEBUG dbcounter [-] [103962] Writing DB stats neutron:SELECT=1 {{(pid=103962) stat_writer /opt/stack/data/venv/lib/python3.12/site-packages/dbcounter.py:115}}
Mar 23 05:38:22.659694 np0000160284 neutron-periodic-workers[103952]: DEBUG oslo.service.backend._threading.loopingcall [None req-ad95cfd2-7c3c-4066-b60d-4843e3d4057c None None] Fixed interval looping call 'neutron.plugins.ml2.plugin.DhcpAgentSchedulerDbMixin.remove_networks_from_down_agents' sleeping for 36.99 seconds {{(pid=103952) _run_loop /opt/stack/data/venv/lib/python3.12/site-packages/oslo_service/backend/_threading/loopingcall.py:125}}
Mar 23 05:38:32.658773 np0000160284 neutron-periodic-workers[103952]: DEBUG dbcounter [-] [103952] Writing DB stats neutron:SELECT=3 {{(pid=103952) stat_writer /opt/stack/data/venv/lib/python3.12/site-packages/dbcounter.py:115}}
Mar 23 05:38:48.690988 np0000160284 neutron-periodic-workers[103962]: DEBUG neutron.db.agents_db [None req-3283c228-169c-4a60-8471-d8cd098f6e59 None None] Agent healthcheck: found 0 active agents {{(pid=103962) agent_health_check /opt/stack/neutron/neutron/db/agents_db.py:317}}
Mar 23 05:38:48.691615 np0000160284 neutron-periodic-workers[103962]: DEBUG oslo.service.backend._threading.loopingcall [None req-3283c228-169c-4a60-8471-d8cd098f6e59 None None] Fixed interval looping call 'neutron.plugins.ml2.plugin.AgentDbMixin.agent_health_check' sleeping for 36.99 seconds {{(pid=103962) _run_loop /opt/stack/data/venv/lib/python3.12/site-packages/oslo_service/backend/_threading/loopingcall.py:125}}
Mar 23 05:38:58.688462 np0000160284 neutron-periodic-workers[103962]: DEBUG dbcounter [-] [103962] Writing DB stats neutron:SELECT=1 {{(pid=103962) stat_writer /opt/stack/data/venv/lib/python3.12/site-packages/dbcounter.py:115}}
Mar 23 05:38:59.659254 np0000160284 neutron-periodic-workers[103952]: DEBUG oslo.service.backend._threading.loopingcall [None req-ad95cfd2-7c3c-4066-b60d-4843e3d4057c None None] Fixed interval looping call 'neutron.plugins.ml2.plugin.DhcpAgentSchedulerDbMixin.remove_networks_from_down_agents' sleeping for 36.99 seconds {{(pid=103952) _run_loop /opt/stack/data/venv/lib/python3.12/site-packages/oslo_service/backend/_threading/loopingcall.py:125}}
Mar 23 05:39:09.658441 np0000160284 neutron-periodic-workers[103952]: DEBUG dbcounter [-] [103952] Writing DB stats neutron:SELECT=3 {{(pid=103952) stat_writer /opt/stack/data/venv/lib/python3.12/site-packages/dbcounter.py:115}}
Mar 23 05:39:25.687059 np0000160284 neutron-periodic-workers[103962]: DEBUG neutron.db.agents_db [None req-3283c228-169c-4a60-8471-d8cd098f6e59 None None] Agent healthcheck: found 0 active agents {{(pid=103962) agent_health_check /opt/stack/neutron/neutron/db/agents_db.py:317}}
Mar 23 05:39:25.687801 np0000160284 neutron-periodic-workers[103962]: DEBUG oslo.service.backend._threading.loopingcall [None req-3283c228-169c-4a60-8471-d8cd098f6e59 None None] Fixed interval looping call 'neutron.plugins.ml2.plugin.AgentDbMixin.agent_health_check' sleeping for 36.99 seconds {{(pid=103962) _run_loop /opt/stack/data/venv/lib/python3.12/site-packages/oslo_service/backend/_threading/loopingcall.py:125}}
Mar 23 05:39:35.685343 np0000160284 neutron-periodic-workers[103962]: DEBUG dbcounter [-] [103962] Writing DB stats neutron:SELECT=1 {{(pid=103962) stat_writer /opt/stack/data/venv/lib/python3.12/site-packages/dbcounter.py:115}}
Mar 23 05:39:36.660177 np0000160284 neutron-periodic-workers[103952]: DEBUG oslo.service.backend._threading.loopingcall [None req-ad95cfd2-7c3c-4066-b60d-4843e3d4057c None None] Fixed interval looping call 'neutron.plugins.ml2.plugin.DhcpAgentSchedulerDbMixin.remove_networks_from_down_agents' sleeping for 36.99 seconds {{(pid=103952) _run_loop /opt/stack/data/venv/lib/python3.12/site-packages/oslo_service/backend/_threading/loopingcall.py:125}}
Mar 23 05:39:46.659499 np0000160284 neutron-periodic-workers[103952]: DEBUG dbcounter [-] [103952] Writing DB stats neutron:SELECT=3 {{(pid=103952) stat_writer /opt/stack/data/venv/lib/python3.12/site-packages/dbcounter.py:115}}
Mar 23 05:40:02.684101 np0000160284 neutron-periodic-workers[103962]: DEBUG neutron.db.agents_db [None req-3283c228-169c-4a60-8471-d8cd098f6e59 None None] Agent healthcheck: found 0 active agents {{(pid=103962) agent_health_check /opt/stack/neutron/neutron/db/agents_db.py:317}}
Mar 23 05:40:02.684944 np0000160284 neutron-periodic-workers[103962]: DEBUG oslo.service.backend._threading.loopingcall [None req-3283c228-169c-4a60-8471-d8cd098f6e59 None None] Fixed interval looping call 'neutron.plugins.ml2.plugin.AgentDbMixin.agent_health_check' sleeping for 36.99 seconds {{(pid=103962) _run_loop /opt/stack/data/venv/lib/python3.12/site-packages/oslo_service/backend/_threading/loopingcall.py:125}}
Mar 23 05:40:09.732251 np0000160284 neutron-periodic-workers[103976]: DEBUG oslo.service.backend._threading.loopingcall [None req-40d61987-8a25-4bd5-936b-34326f0de75b None None] Fixed interval looping call 'neutron.db.quota.driver_nolock.DbQuotaNoLockDriver._remove_expired_reservations' sleeping for 120.00 seconds {{(pid=103976) _run_loop /opt/stack/data/venv/lib/python3.12/site-packages/oslo_service/backend/_threading/loopingcall.py:125}}
Mar 23 05:40:12.682437 np0000160284 neutron-periodic-workers[103962]: DEBUG dbcounter [-] [103962] Writing DB stats neutron:SELECT=1 {{(pid=103962) stat_writer /opt/stack/data/venv/lib/python3.12/site-packages/dbcounter.py:115}}
Mar 23 05:40:13.659706 np0000160284 neutron-periodic-workers[103952]: DEBUG oslo.service.backend._threading.loopingcall [None req-ad95cfd2-7c3c-4066-b60d-4843e3d4057c None None] Fixed interval looping call 'neutron.plugins.ml2.plugin.DhcpAgentSchedulerDbMixin.remove_networks_from_down_agents' sleeping for 36.99 seconds {{(pid=103952) _run_loop /opt/stack/data/venv/lib/python3.12/site-packages/oslo_service/backend/_threading/loopingcall.py:125}}
Mar 23 05:40:19.731042 np0000160284 neutron-periodic-workers[103976]: DEBUG dbcounter [-] [103976] Writing DB stats neutron:DELETE=1 {{(pid=103976) stat_writer /opt/stack/data/venv/lib/python3.12/site-packages/dbcounter.py:115}}
Mar 23 05:40:23.658463 np0000160284 neutron-periodic-workers[103952]: DEBUG dbcounter [-] [103952] Writing DB stats neutron:SELECT=3 {{(pid=103952) stat_writer /opt/stack/data/venv/lib/python3.12/site-packages/dbcounter.py:115}}
Mar 23 05:40:39.680166 np0000160284 neutron-periodic-workers[103962]: DEBUG neutron.db.agents_db [None req-3283c228-169c-4a60-8471-d8cd098f6e59 None None] Agent healthcheck: found 0 active agents {{(pid=103962) agent_health_check /opt/stack/neutron/neutron/db/agents_db.py:317}}
Mar 23 05:40:39.680901 np0000160284 neutron-periodic-workers[103962]: DEBUG oslo.service.backend._threading.loopingcall [None req-3283c228-169c-4a60-8471-d8cd098f6e59 None None] Fixed interval looping call 'neutron.plugins.ml2.plugin.AgentDbMixin.agent_health_check' sleeping for 36.99 seconds {{(pid=103962) _run_loop /opt/stack/data/venv/lib/python3.12/site-packages/oslo_service/backend/_threading/loopingcall.py:125}}
Mar 23 05:40:49.678204 np0000160284 neutron-periodic-workers[103962]: DEBUG dbcounter [-] [103962] Writing DB stats neutron:SELECT=1 {{(pid=103962) stat_writer /opt/stack/data/venv/lib/python3.12/site-packages/dbcounter.py:115}}
Mar 23 05:40:50.659475 np0000160284 neutron-periodic-workers[103952]: DEBUG oslo.service.backend._threading.loopingcall [None req-ad95cfd2-7c3c-4066-b60d-4843e3d4057c None None] Fixed interval looping call 'neutron.plugins.ml2.plugin.DhcpAgentSchedulerDbMixin.remove_networks_from_down_agents' sleeping for 36.99 seconds {{(pid=103952) _run_loop /opt/stack/data/venv/lib/python3.12/site-packages/oslo_service/backend/_threading/loopingcall.py:125}}
Mar 23 05:41:00.658186 np0000160284 neutron-periodic-workers[103952]: DEBUG dbcounter [-] [103952] Writing DB stats neutron:SELECT=3 {{(pid=103952) stat_writer /opt/stack/data/venv/lib/python3.12/site-packages/dbcounter.py:115}}
Mar 23 05:41:16.676397 np0000160284 neutron-periodic-workers[103962]: DEBUG neutron.db.agents_db [None req-3283c228-169c-4a60-8471-d8cd098f6e59 None None] Agent healthcheck: found 0 active agents {{(pid=103962) agent_health_check /opt/stack/neutron/neutron/db/agents_db.py:317}}
Mar 23 05:41:16.677162 np0000160284 neutron-periodic-workers[103962]: DEBUG oslo.service.backend._threading.loopingcall [None req-3283c228-169c-4a60-8471-d8cd098f6e59 None None] Fixed interval looping call 'neutron.plugins.ml2.plugin.AgentDbMixin.agent_health_check' sleeping for 36.99 seconds {{(pid=103962) _run_loop /opt/stack/data/venv/lib/python3.12/site-packages/oslo_service/backend/_threading/loopingcall.py:125}}
Mar 23 05:41:26.674604 np0000160284 neutron-periodic-workers[103962]: DEBUG dbcounter [-] [103962] Writing DB stats neutron:SELECT=1 {{(pid=103962) stat_writer /opt/stack/data/venv/lib/python3.12/site-packages/dbcounter.py:115}}
Mar 23 05:41:27.660006 np0000160284 neutron-periodic-workers[103952]: DEBUG oslo.service.backend._threading.loopingcall [None req-ad95cfd2-7c3c-4066-b60d-4843e3d4057c None None] Fixed interval looping call 'neutron.plugins.ml2.plugin.DhcpAgentSchedulerDbMixin.remove_networks_from_down_agents' sleeping for 36.99 seconds {{(pid=103952) _run_loop /opt/stack/data/venv/lib/python3.12/site-packages/oslo_service/backend/_threading/loopingcall.py:125}}
Mar 23 05:41:37.658482 np0000160284 neutron-periodic-workers[103952]: DEBUG dbcounter [-] [103952] Writing DB stats neutron:SELECT=3 {{(pid=103952) stat_writer /opt/stack/data/venv/lib/python3.12/site-packages/dbcounter.py:115}}
Mar 23 05:41:53.671970 np0000160284 neutron-periodic-workers[103962]: DEBUG neutron.db.agents_db [None req-3283c228-169c-4a60-8471-d8cd098f6e59 None None] Agent healthcheck: found 0 active agents {{(pid=103962) agent_health_check /opt/stack/neutron/neutron/db/agents_db.py:317}}
