Apr 14 21:55:52.508476 np0000166270 nova-scheduler[109335]: DEBUG cotyledon.oslo_config_glue [-] vnc.vencrypt_client_key = None {{(pid=109335) log_opt_values /opt/stack/data/venv/lib/python3.12/site-packages/oslo_config/cfg.py:3006}}
Apr 14 21:55:52.508476 np0000166270 nova-scheduler[109335]: DEBUG cotyledon.oslo_config_glue [-] workarounds.disable_compute_service_check_for_ffu = False {{(pid=109335) log_opt_values /opt/stack/data/venv/lib/python3.12/site-packages/oslo_config/cfg.py:3006}}
Apr 14 21:55:52.508476 np0000166270 nova-scheduler[109335]: DEBUG cotyledon.oslo_config_glue [-] workarounds.disable_deep_image_inspection = False {{(pid=109335) log_opt_values /opt/stack/data/venv/lib/python3.12/site-packages/oslo_config/cfg.py:3006}}
Apr 14 21:55:52.508761 np0000166270 nova-scheduler[109335]: DEBUG cotyledon.oslo_config_glue [-] workarounds.disable_fallback_pcpu_query = False {{(pid=109335) log_opt_values /opt/stack/data/venv/lib/python3.12/site-packages/oslo_config/cfg.py:3006}}
Apr 14 21:55:52.508761 np0000166270 nova-scheduler[109335]: DEBUG cotyledon.oslo_config_glue [-] workarounds.disable_group_policy_check_upcall = False {{(pid=109335) log_opt_values /opt/stack/data/venv/lib/python3.12/site-packages/oslo_config/cfg.py:3006}}
Apr 14 21:55:52.508761 np0000166270 nova-scheduler[109335]: DEBUG cotyledon.oslo_config_glue [-] workarounds.disable_libvirt_livesnapshot = False {{(pid=109335) log_opt_values /opt/stack/data/venv/lib/python3.12/site-packages/oslo_config/cfg.py:3006}}
Apr 14 21:55:52.508761 np0000166270 nova-scheduler[109335]: DEBUG cotyledon.oslo_config_glue [-] workarounds.disable_rootwrap = False {{(pid=109335) log_opt_values /opt/stack/data/venv/lib/python3.12/site-packages/oslo_config/cfg.py:3006}}
Apr 14 21:55:52.508761 np0000166270 nova-scheduler[109335]: DEBUG cotyledon.oslo_config_glue [-] workarounds.enable_numa_live_migration = False {{(pid=109335) log_opt_values /opt/stack/data/venv/lib/python3.12/site-packages/oslo_config/cfg.py:3006}}
Apr 14 21:55:52.508761 np0000166270 nova-scheduler[109335]: DEBUG cotyledon.oslo_config_glue [-] workarounds.enable_qemu_monitor_announce_self = False {{(pid=109335) log_opt_values /opt/stack/data/venv/lib/python3.12/site-packages/oslo_config/cfg.py:3006}}
Apr 14 21:55:52.508761 np0000166270 nova-scheduler[109335]: DEBUG cotyledon.oslo_config_glue [-] workarounds.ensure_libvirt_rbd_instance_dir_cleanup = False {{(pid=109335) log_opt_values /opt/stack/data/venv/lib/python3.12/site-packages/oslo_config/cfg.py:3006}}
Apr 14 21:55:52.508761 np0000166270 nova-scheduler[109335]: DEBUG cotyledon.oslo_config_glue [-] workarounds.handle_virt_lifecycle_events = True {{(pid=109335) log_opt_values /opt/stack/data/venv/lib/python3.12/site-packages/oslo_config/cfg.py:3006}}
Apr 14 21:55:52.508761 np0000166270 nova-scheduler[109335]: DEBUG cotyledon.oslo_config_glue [-] workarounds.libvirt_disable_apic = False {{(pid=109335) log_opt_values /opt/stack/data/venv/lib/python3.12/site-packages/oslo_config/cfg.py:3006}}
Apr 14 21:55:52.508999 np0000166270 nova-scheduler[109335]: DEBUG cotyledon.oslo_config_glue [-] workarounds.never_download_image_if_on_rbd = False {{(pid=109335) log_opt_values /opt/stack/data/venv/lib/python3.12/site-packages/oslo_config/cfg.py:3006}}
Apr 14 21:55:52.508999 np0000166270 nova-scheduler[109335]: DEBUG cotyledon.oslo_config_glue [-] workarounds.qemu_monitor_announce_self_count = 3 {{(pid=109335) log_opt_values /opt/stack/data/venv/lib/python3.12/site-packages/oslo_config/cfg.py:3006}}
Apr 14 21:55:52.508999 np0000166270 nova-scheduler[109335]: DEBUG cotyledon.oslo_config_glue [-] workarounds.qemu_monitor_announce_self_interval = 1 {{(pid=109335) log_opt_values /opt/stack/data/venv/lib/python3.12/site-packages/oslo_config/cfg.py:3006}}
Apr 14 21:55:52.508999 np0000166270 nova-scheduler[109335]: DEBUG cotyledon.oslo_config_glue [-] workarounds.reserve_disk_resource_for_image_cache = False {{(pid=109335) log_opt_values /opt/stack/data/venv/lib/python3.12/site-packages/oslo_config/cfg.py:3006}}
Apr 14 21:55:52.508999 np0000166270 nova-scheduler[109335]: DEBUG cotyledon.oslo_config_glue [-] workarounds.skip_cpu_compare_at_startup = False {{(pid=109335) log_opt_values /opt/stack/data/venv/lib/python3.12/site-packages/oslo_config/cfg.py:3006}}
Apr 14 21:55:52.508999 np0000166270 nova-scheduler[109335]: DEBUG cotyledon.oslo_config_glue [-] workarounds.skip_cpu_compare_on_dest = False {{(pid=109335) log_opt_values /opt/stack/data/venv/lib/python3.12/site-packages/oslo_config/cfg.py:3006}}
Apr 14 21:55:52.508999 np0000166270 nova-scheduler[109335]: DEBUG cotyledon.oslo_config_glue [-] workarounds.skip_hypervisor_version_check_on_lm = False {{(pid=109335) log_opt_values /opt/stack/data/venv/lib/python3.12/site-packages/oslo_config/cfg.py:3006}}
Apr 14 21:55:52.508999 np0000166270 nova-scheduler[109335]: DEBUG cotyledon.oslo_config_glue [-] workarounds.skip_reserve_in_use_ironic_nodes = False {{(pid=109335) log_opt_values /opt/stack/data/venv/lib/python3.12/site-packages/oslo_config/cfg.py:3006}}
Apr 14 21:55:52.509228 np0000166270 nova-scheduler[109335]: DEBUG cotyledon.oslo_config_glue [-] workarounds.unified_limits_count_pcpu_as_vcpu = False {{(pid=109335) log_opt_values /opt/stack/data/venv/lib/python3.12/site-packages/oslo_config/cfg.py:3006}}
Apr 14 21:55:52.509228 np0000166270 nova-scheduler[109335]: DEBUG cotyledon.oslo_config_glue [-] workarounds.wait_for_vif_plugged_event_during_hard_reboot = [] {{(pid=109335) log_opt_values /opt/stack/data/venv/lib/python3.12/site-packages/oslo_config/cfg.py:3006}}
Apr 14 21:55:52.509228 np0000166270 nova-scheduler[109335]: DEBUG cotyledon.oslo_config_glue [-] wsgi.api_paste_config = /etc/nova/api-paste.ini {{(pid=109335) log_opt_values /opt/stack/data/venv/lib/python3.12/site-packages/oslo_config/cfg.py:3006}}
Apr 14 21:55:52.509228 np0000166270 nova-scheduler[109335]: DEBUG cotyledon.oslo_config_glue [-] wsgi.secure_proxy_ssl_header = None {{(pid=109335) log_opt_values /opt/stack/data/venv/lib/python3.12/site-packages/oslo_config/cfg.py:3006}}
Apr 14 21:55:52.509228 np0000166270 nova-scheduler[109335]: DEBUG cotyledon.oslo_config_glue [-] zvm.ca_file = None {{(pid=109335) log_opt_values /opt/stack/data/venv/lib/python3.12/site-packages/oslo_config/cfg.py:3006}}
Apr 14 21:55:52.509228 np0000166270 nova-scheduler[109335]: DEBUG cotyledon.oslo_config_glue [-] zvm.cloud_connector_url = None {{(pid=109335) log_opt_values /opt/stack/data/venv/lib/python3.12/site-packages/oslo_config/cfg.py:3006}}
Apr 14 21:55:52.509228 np0000166270 nova-scheduler[109335]: DEBUG cotyledon.oslo_config_glue [-] zvm.image_tmp_path = /opt/stack/data/nova/images {{(pid=109335) log_opt_values /opt/stack/data/venv/lib/python3.12/site-packages/oslo_config/cfg.py:3006}}
Apr 14 21:55:52.509228 np0000166270 nova-scheduler[109335]: DEBUG cotyledon.oslo_config_glue [-] zvm.reachable_timeout = 300 {{(pid=109335) log_opt_values /opt/stack/data/venv/lib/python3.12/site-packages/oslo_config/cfg.py:3006}}
Apr 14 21:55:52.509228 np0000166270 nova-scheduler[109335]: DEBUG cotyledon.oslo_config_glue [-] oslo_versionedobjects.fatal_exception_format_errors = False {{(pid=109335) log_opt_values /opt/stack/data/venv/lib/python3.12/site-packages/oslo_config/cfg.py:3006}}
Apr 14 21:55:52.509565 np0000166270 nova-scheduler[109335]: DEBUG cotyledon.oslo_config_glue [-] oslo_middleware.http_basic_auth_user_file = /etc/htpasswd {{(pid=109335) log_opt_values /opt/stack/data/venv/lib/python3.12/site-packages/oslo_config/cfg.py:3006}}
Apr 14 21:55:52.509565 np0000166270 nova-scheduler[109335]: DEBUG cotyledon.oslo_config_glue [-] oslo_messaging_metrics.metrics_buffer_size = 1000 {{(pid=109335) log_opt_values /opt/stack/data/venv/lib/python3.12/site-packages/oslo_config/cfg.py:3006}}
Apr 14 21:55:52.509565 np0000166270 nova-scheduler[109335]: DEBUG cotyledon.oslo_config_glue [-] oslo_messaging_metrics.metrics_enabled = False {{(pid=109335) log_opt_values /opt/stack/data/venv/lib/python3.12/site-packages/oslo_config/cfg.py:3006}}
Apr 14 21:55:52.509565 np0000166270 nova-scheduler[109335]: DEBUG cotyledon.oslo_config_glue [-] oslo_messaging_metrics.metrics_process_name = {{(pid=109335) log_opt_values /opt/stack/data/venv/lib/python3.12/site-packages/oslo_config/cfg.py:3006}}
Apr 14 21:55:52.509565 np0000166270 nova-scheduler[109335]: DEBUG cotyledon.oslo_config_glue [-] oslo_messaging_metrics.metrics_socket_file = /var/tmp/metrics_collector.sock {{(pid=109335) log_opt_values /opt/stack/data/venv/lib/python3.12/site-packages/oslo_config/cfg.py:3006}}
Apr 14 21:55:52.509565 np0000166270 nova-scheduler[109335]: DEBUG cotyledon.oslo_config_glue [-] oslo_messaging_metrics.metrics_thread_stop_timeout = 10 {{(pid=109335) log_opt_values /opt/stack/data/venv/lib/python3.12/site-packages/oslo_config/cfg.py:3006}}
Apr 14 21:55:52.509565 np0000166270 nova-scheduler[109335]: DEBUG cotyledon.oslo_config_glue [-] profiler.connection_string = messaging:// {{(pid=109335) log_opt_values /opt/stack/data/venv/lib/python3.12/site-packages/oslo_config/cfg.py:3006}}
Apr 14 21:55:52.509565 np0000166270 nova-scheduler[109335]: DEBUG cotyledon.oslo_config_glue [-] profiler.enabled = False {{(pid=109335) log_opt_values /opt/stack/data/venv/lib/python3.12/site-packages/oslo_config/cfg.py:3006}}
Apr 14 21:55:52.509787 np0000166270 nova-scheduler[109329]: INFO nova.service [-] Starting scheduler node (version 33.1.0)
Apr 14 21:55:52.509818 np0000166270 nova-scheduler[109335]: DEBUG cotyledon.oslo_config_glue [-] profiler.es_doc_type = notification {{(pid=109335) log_opt_values /opt/stack/data/venv/lib/python3.12/site-packages/oslo_config/cfg.py:3006}}
Apr 14 21:55:52.509818 np0000166270 nova-scheduler[109335]: DEBUG cotyledon.oslo_config_glue [-] profiler.es_scroll_size = 10000 {{(pid=109335) log_opt_values /opt/stack/data/venv/lib/python3.12/site-packages/oslo_config/cfg.py:3006}}
Apr 14 21:55:52.509818 np0000166270 nova-scheduler[109335]: DEBUG cotyledon.oslo_config_glue [-] profiler.es_scroll_time = 2m {{(pid=109335) log_opt_values /opt/stack/data/venv/lib/python3.12/site-packages/oslo_config/cfg.py:3006}}
Apr 14 21:55:52.509818 np0000166270 nova-scheduler[109335]: DEBUG cotyledon.oslo_config_glue [-] profiler.filter_error_trace = False {{(pid=109335) log_opt_values /opt/stack/data/venv/lib/python3.12/site-packages/oslo_config/cfg.py:3006}}
Apr 14 21:55:52.509818 np0000166270 nova-scheduler[109335]: DEBUG cotyledon.oslo_config_glue [-] profiler.hmac_keys = **** {{(pid=109335) log_opt_values /opt/stack/data/venv/lib/python3.12/site-packages/oslo_config/cfg.py:3006}}
Apr 14 21:55:52.509818 np0000166270 nova-scheduler[109335]: DEBUG cotyledon.oslo_config_glue [-] profiler.sentinel_service_name = mymaster {{(pid=109335) log_opt_values /opt/stack/data/venv/lib/python3.12/site-packages/oslo_config/cfg.py:3006}}
Apr 14 21:55:52.509818 np0000166270 nova-scheduler[109335]: DEBUG cotyledon.oslo_config_glue [-] profiler.socket_timeout = 0.1 {{(pid=109335) log_opt_values /opt/stack/data/venv/lib/python3.12/site-packages/oslo_config/cfg.py:3006}}
Apr 14 21:55:52.509818 np0000166270 nova-scheduler[109335]: DEBUG cotyledon.oslo_config_glue [-] profiler.trace_requests = False {{(pid=109335) log_opt_values /opt/stack/data/venv/lib/python3.12/site-packages/oslo_config/cfg.py:3006}}
Apr 14 21:55:52.509818 np0000166270 nova-scheduler[109335]: DEBUG cotyledon.oslo_config_glue [-] profiler.trace_sqlalchemy = False {{(pid=109335) log_opt_values /opt/stack/data/venv/lib/python3.12/site-packages/oslo_config/cfg.py:3006}}
Apr 14 21:55:52.510057 np0000166270 nova-scheduler[109335]: DEBUG cotyledon.oslo_config_glue [-] profiler_jaeger.process_tags = {} {{(pid=109335) log_opt_values /opt/stack/data/venv/lib/python3.12/site-packages/oslo_config/cfg.py:3006}}
Apr 14 21:55:52.510057 np0000166270 nova-scheduler[109335]: DEBUG cotyledon.oslo_config_glue [-] profiler_jaeger.service_name_prefix = None {{(pid=109335) log_opt_values /opt/stack/data/venv/lib/python3.12/site-packages/oslo_config/cfg.py:3006}}
Apr 14 21:55:52.510057 np0000166270 nova-scheduler[109335]: DEBUG cotyledon.oslo_config_glue [-] profiler_otlp.service_name_prefix = None {{(pid=109335) log_opt_values /opt/stack/data/venv/lib/python3.12/site-packages/oslo_config/cfg.py:3006}}
Apr 14 21:55:52.510057 np0000166270 nova-scheduler[109335]: DEBUG cotyledon.oslo_config_glue [-] oslo_messaging_rabbit.amqp_auto_delete = False {{(pid=109335) log_opt_values /opt/stack/data/venv/lib/python3.12/site-packages/oslo_config/cfg.py:3006}}
Apr 14 21:55:52.510057 np0000166270 nova-scheduler[109335]: DEBUG cotyledon.oslo_config_glue [-] oslo_messaging_rabbit.amqp_durable_queues = False {{(pid=109335) log_opt_values /opt/stack/data/venv/lib/python3.12/site-packages/oslo_config/cfg.py:3006}}
Apr 14 21:55:52.510057 np0000166270 nova-scheduler[109335]: DEBUG cotyledon.oslo_config_glue [-] oslo_messaging_rabbit.conn_pool_min_size = 2 {{(pid=109335) log_opt_values /opt/stack/data/venv/lib/python3.12/site-packages/oslo_config/cfg.py:3006}}
Apr 14 21:55:52.510057 np0000166270 nova-scheduler[109335]: DEBUG cotyledon.oslo_config_glue [-] oslo_messaging_rabbit.conn_pool_ttl = 1200 {{(pid=109335) log_opt_values /opt/stack/data/venv/lib/python3.12/site-packages/oslo_config/cfg.py:3006}}
Apr 14 21:55:52.510057 np0000166270 nova-scheduler[109335]: DEBUG cotyledon.oslo_config_glue [-] oslo_messaging_rabbit.direct_mandatory_flag = True {{(pid=109335) log_opt_values /opt/stack/data/venv/lib/python3.12/site-packages/oslo_config/cfg.py:3006}}
Apr 14 21:55:52.510057 np0000166270 nova-scheduler[109335]: DEBUG cotyledon.oslo_config_glue [-] oslo_messaging_rabbit.enable_cancel_on_failover = False {{(pid=109335) log_opt_values /opt/stack/data/venv/lib/python3.12/site-packages/oslo_config/cfg.py:3006}}
Apr 14 21:55:52.510405 np0000166270 nova-scheduler[109335]: DEBUG cotyledon.oslo_config_glue [-] oslo_messaging_rabbit.heartbeat_in_pthread = False {{(pid=109335) log_opt_values /opt/stack/data/venv/lib/python3.12/site-packages/oslo_config/cfg.py:3006}}
Apr 14 21:55:52.510405 np0000166270 nova-scheduler[109335]: DEBUG cotyledon.oslo_config_glue [-] oslo_messaging_rabbit.heartbeat_rate = 3 {{(pid=109335) log_opt_values /opt/stack/data/venv/lib/python3.12/site-packages/oslo_config/cfg.py:3006}}
Apr 14 21:55:52.510405 np0000166270 nova-scheduler[109335]: DEBUG cotyledon.oslo_config_glue [-] oslo_messaging_rabbit.heartbeat_timeout_threshold = 60 {{(pid=109335) log_opt_values /opt/stack/data/venv/lib/python3.12/site-packages/oslo_config/cfg.py:3006}}
Apr 14 21:55:52.510405 np0000166270 nova-scheduler[109335]: DEBUG cotyledon.oslo_config_glue [-] oslo_messaging_rabbit.hostname = np0000166270 {{(pid=109335) log_opt_values /opt/stack/data/venv/lib/python3.12/site-packages/oslo_config/cfg.py:3006}}
Apr 14 21:55:52.510405 np0000166270 nova-scheduler[109335]: DEBUG cotyledon.oslo_config_glue [-] oslo_messaging_rabbit.kombu_compression = None {{(pid=109335) log_opt_values /opt/stack/data/venv/lib/python3.12/site-packages/oslo_config/cfg.py:3006}}
Apr 14 21:55:52.510405 np0000166270 nova-scheduler[109335]: DEBUG cotyledon.oslo_config_glue [-] oslo_messaging_rabbit.kombu_failover_strategy = round-robin {{(pid=109335) log_opt_values /opt/stack/data/venv/lib/python3.12/site-packages/oslo_config/cfg.py:3006}}
Apr 14 21:55:52.510405 np0000166270 nova-scheduler[109335]: DEBUG cotyledon.oslo_config_glue [-] oslo_messaging_rabbit.kombu_missing_consumer_retry_timeout = 60 {{(pid=109335) log_opt_values /opt/stack/data/venv/lib/python3.12/site-packages/oslo_config/cfg.py:3006}}
Apr 14 21:55:52.510405 np0000166270 nova-scheduler[109335]: DEBUG cotyledon.oslo_config_glue [-] oslo_messaging_rabbit.kombu_reconnect_delay = 1.0 {{(pid=109335) log_opt_values /opt/stack/data/venv/lib/python3.12/site-packages/oslo_config/cfg.py:3006}}
Apr 14 21:55:52.510600 np0000166270 nova-scheduler[109316]: DEBUG oslo_db.sqlalchemy.engines [None req-17585597-e940-4afd-8497-aae6ebb90cc9 None None] MySQL server mode set to STRICT_TRANS_TABLES,STRICT_ALL_TABLES,NO_ZERO_IN_DATE,NO_ZERO_DATE,ERROR_FOR_DIVISION_BY_ZERO,TRADITIONAL,NO_ENGINE_SUBSTITUTION {{(pid=109316) _check_effective_sql_mode /opt/stack/data/venv/lib/python3.12/site-packages/oslo_db/sqlalchemy/engines.py:325}}
Apr 14 21:55:52.510632 np0000166270 nova-scheduler[109335]: DEBUG cotyledon.oslo_config_glue [-] oslo_messaging_rabbit.kombu_reconnect_splay = 0.0 {{(pid=109335) log_opt_values /opt/stack/data/venv/lib/python3.12/site-packages/oslo_config/cfg.py:3006}}
Apr 14 21:55:52.510632 np0000166270 nova-scheduler[109335]: DEBUG cotyledon.oslo_config_glue [-] oslo_messaging_rabbit.processname = nova-scheduler {{(pid=109335) log_opt_values /opt/stack/data/venv/lib/python3.12/site-packages/oslo_config/cfg.py:3006}}
Apr 14 21:55:52.510632 np0000166270 nova-scheduler[109335]: DEBUG cotyledon.oslo_config_glue [-] oslo_messaging_rabbit.rabbit_ha_queues = False {{(pid=109335) log_opt_values /opt/stack/data/venv/lib/python3.12/site-packages/oslo_config/cfg.py:3006}}
Apr 14 21:55:52.510632 np0000166270 nova-scheduler[109335]: DEBUG cotyledon.oslo_config_glue [-] oslo_messaging_rabbit.rabbit_interval_max = 30 {{(pid=109335) log_opt_values /opt/stack/data/venv/lib/python3.12/site-packages/oslo_config/cfg.py:3006}}
Apr 14 21:55:52.510632 np0000166270 nova-scheduler[109335]: DEBUG cotyledon.oslo_config_glue [-] oslo_messaging_rabbit.rabbit_login_method = AMQPLAIN {{(pid=109335) log_opt_values /opt/stack/data/venv/lib/python3.12/site-packages/oslo_config/cfg.py:3006}}
Apr 14 21:55:52.510632 np0000166270 nova-scheduler[109335]: DEBUG cotyledon.oslo_config_glue [-] oslo_messaging_rabbit.rabbit_qos_prefetch_count = 0 {{(pid=109335) log_opt_values /opt/stack/data/venv/lib/python3.12/site-packages/oslo_config/cfg.py:3006}}
Apr 14 21:55:52.510632 np0000166270 nova-scheduler[109335]: DEBUG cotyledon.oslo_config_glue [-] oslo_messaging_rabbit.rabbit_quorum_delivery_limit = 0 {{(pid=109335) log_opt_values /opt/stack/data/venv/lib/python3.12/site-packages/oslo_config/cfg.py:3006}}
Apr 14 21:55:52.510632 np0000166270 nova-scheduler[109335]: DEBUG cotyledon.oslo_config_glue [-] oslo_messaging_rabbit.rabbit_quorum_max_memory_bytes = 0 {{(pid=109335) log_opt_values /opt/stack/data/venv/lib/python3.12/site-packages/oslo_config/cfg.py:3006}}
Apr 14 21:55:52.510822 np0000166270 nova-scheduler[109335]: DEBUG cotyledon.oslo_config_glue [-] oslo_messaging_rabbit.rabbit_quorum_max_memory_length = 0 {{(pid=109335) log_opt_values /opt/stack/data/venv/lib/python3.12/site-packages/oslo_config/cfg.py:3006}}
Apr 14 21:55:52.510822 np0000166270 nova-scheduler[109335]: DEBUG cotyledon.oslo_config_glue [-] oslo_messaging_rabbit.rabbit_quorum_queue = False {{(pid=109335) log_opt_values /opt/stack/data/venv/lib/python3.12/site-packages/oslo_config/cfg.py:3006}}
Apr 14 21:55:52.510822 np0000166270 nova-scheduler[109335]: DEBUG cotyledon.oslo_config_glue [-] oslo_messaging_rabbit.rabbit_retry_backoff = 2 {{(pid=109335) log_opt_values /opt/stack/data/venv/lib/python3.12/site-packages/oslo_config/cfg.py:3006}}
Apr 14 21:55:52.510822 np0000166270 nova-scheduler[109335]: DEBUG cotyledon.oslo_config_glue [-] oslo_messaging_rabbit.rabbit_retry_interval = 1 {{(pid=109335) log_opt_values /opt/stack/data/venv/lib/python3.12/site-packages/oslo_config/cfg.py:3006}}
Apr 14 21:55:52.510822 np0000166270 nova-scheduler[109335]: DEBUG cotyledon.oslo_config_glue [-] oslo_messaging_rabbit.rabbit_stream_fanout = False {{(pid=109335) log_opt_values /opt/stack/data/venv/lib/python3.12/site-packages/oslo_config/cfg.py:3006}}
Apr 14 21:55:52.510822 np0000166270 nova-scheduler[109335]: DEBUG cotyledon.oslo_config_glue [-] oslo_messaging_rabbit.rabbit_transient_queues_ttl = 1800 {{(pid=109335) log_opt_values /opt/stack/data/venv/lib/python3.12/site-packages/oslo_config/cfg.py:3006}}
Apr 14 21:55:52.510822 np0000166270 nova-scheduler[109335]: DEBUG cotyledon.oslo_config_glue [-] oslo_messaging_rabbit.rabbit_transient_quorum_queue = False {{(pid=109335) log_opt_values /opt/stack/data/venv/lib/python3.12/site-packages/oslo_config/cfg.py:3006}}
Apr 14 21:55:52.510822 np0000166270 nova-scheduler[109335]: DEBUG cotyledon.oslo_config_glue [-] oslo_messaging_rabbit.rpc_conn_pool_size = 30 {{(pid=109335) log_opt_values /opt/stack/data/venv/lib/python3.12/site-packages/oslo_config/cfg.py:3006}}
Apr 14 21:55:52.510822 np0000166270 nova-scheduler[109335]: DEBUG cotyledon.oslo_config_glue [-] oslo_messaging_rabbit.ssl = False {{(pid=109335) log_opt_values /opt/stack/data/venv/lib/python3.12/site-packages/oslo_config/cfg.py:3006}}
Apr 14 21:55:52.511097 np0000166270 nova-scheduler[109335]: DEBUG cotyledon.oslo_config_glue [-] oslo_messaging_rabbit.ssl_ca_file = {{(pid=109335) log_opt_values /opt/stack/data/venv/lib/python3.12/site-packages/oslo_config/cfg.py:3006}}
Apr 14 21:55:52.511097 np0000166270 nova-scheduler[109335]: DEBUG cotyledon.oslo_config_glue [-] oslo_messaging_rabbit.ssl_cert_file = {{(pid=109335) log_opt_values /opt/stack/data/venv/lib/python3.12/site-packages/oslo_config/cfg.py:3006}}
Apr 14 21:55:52.511097 np0000166270 nova-scheduler[109335]: DEBUG cotyledon.oslo_config_glue [-] oslo_messaging_rabbit.ssl_enforce_fips_mode = False {{(pid=109335) log_opt_values /opt/stack/data/venv/lib/python3.12/site-packages/oslo_config/cfg.py:3006}}
Apr 14 21:55:52.511097 np0000166270 nova-scheduler[109335]: DEBUG cotyledon.oslo_config_glue [-] oslo_messaging_rabbit.ssl_key_file = {{(pid=109335) log_opt_values /opt/stack/data/venv/lib/python3.12/site-packages/oslo_config/cfg.py:3006}}
Apr 14 21:55:52.511097 np0000166270 nova-scheduler[109335]: DEBUG cotyledon.oslo_config_glue [-] oslo_messaging_rabbit.ssl_version = {{(pid=109335) log_opt_values /opt/stack/data/venv/lib/python3.12/site-packages/oslo_config/cfg.py:3006}}
Apr 14 21:55:52.511097 np0000166270 nova-scheduler[109335]: DEBUG cotyledon.oslo_config_glue [-] oslo_messaging_rabbit.use_queue_manager = False {{(pid=109335) log_opt_values /opt/stack/data/venv/lib/python3.12/site-packages/oslo_config/cfg.py:3006}}
Apr 14 21:55:52.511097 np0000166270 nova-scheduler[109335]: DEBUG cotyledon.oslo_config_glue [-] oslo_messaging_notifications.driver = ['messagingv2'] {{(pid=109335) log_opt_values /opt/stack/data/venv/lib/python3.12/site-packages/oslo_config/cfg.py:3006}}
Apr 14 21:55:52.511097 np0000166270 nova-scheduler[109335]: DEBUG cotyledon.oslo_config_glue [-] oslo_messaging_notifications.retry = -1 {{(pid=109335) log_opt_values /opt/stack/data/venv/lib/python3.12/site-packages/oslo_config/cfg.py:3006}}
Apr 14 21:55:52.511097 np0000166270 nova-scheduler[109335]: DEBUG cotyledon.oslo_config_glue [-] oslo_messaging_notifications.topics = ['notifications'] {{(pid=109335) log_opt_values /opt/stack/data/venv/lib/python3.12/site-packages/oslo_config/cfg.py:3006}}
Apr 14 21:55:52.511326 np0000166270 nova-scheduler[109335]: DEBUG cotyledon.oslo_config_glue [-] oslo_messaging_notifications.transport_url = **** {{(pid=109335) log_opt_values /opt/stack/data/venv/lib/python3.12/site-packages/oslo_config/cfg.py:3006}}
Apr 14 21:55:52.511326 np0000166270 nova-scheduler[109335]: DEBUG cotyledon.oslo_config_glue [-] oslo_limit.auth_section = None {{(pid=109335) log_opt_values /opt/stack/data/venv/lib/python3.12/site-packages/oslo_config/cfg.py:3006}}
Apr 14 21:55:52.511326 np0000166270 nova-scheduler[109335]: DEBUG cotyledon.oslo_config_glue [-] oslo_limit.auth_type = None {{(pid=109335) log_opt_values /opt/stack/data/venv/lib/python3.12/site-packages/oslo_config/cfg.py:3006}}
Apr 14 21:55:52.511326 np0000166270 nova-scheduler[109335]: DEBUG cotyledon.oslo_config_glue [-] oslo_limit.cafile = None {{(pid=109335) log_opt_values /opt/stack/data/venv/lib/python3.12/site-packages/oslo_config/cfg.py:3006}}
Apr 14 21:55:52.511326 np0000166270 nova-scheduler[109335]: DEBUG cotyledon.oslo_config_glue [-] oslo_limit.certfile = None {{(pid=109335) log_opt_values /opt/stack/data/venv/lib/python3.12/site-packages/oslo_config/cfg.py:3006}}
Apr 14 21:55:52.511326 np0000166270 nova-scheduler[109335]: DEBUG cotyledon.oslo_config_glue [-] oslo_limit.collect_timing = False {{(pid=109335) log_opt_values /opt/stack/data/venv/lib/python3.12/site-packages/oslo_config/cfg.py:3006}}
Apr 14 21:55:52.511326 np0000166270 nova-scheduler[109335]: DEBUG cotyledon.oslo_config_glue [-] oslo_limit.connect_retries = None {{(pid=109335) log_opt_values /opt/stack/data/venv/lib/python3.12/site-packages/oslo_config/cfg.py:3006}}
Apr 14 21:55:52.511326 np0000166270 nova-scheduler[109335]: DEBUG cotyledon.oslo_config_glue [-] oslo_limit.connect_retry_delay = None {{(pid=109335) log_opt_values /opt/stack/data/venv/lib/python3.12/site-packages/oslo_config/cfg.py:3006}}
Apr 14 21:55:52.511326 np0000166270 nova-scheduler[109335]: DEBUG cotyledon.oslo_config_glue [-] oslo_limit.endpoint_id = None {{(pid=109335) log_opt_values /opt/stack/data/venv/lib/python3.12/site-packages/oslo_config/cfg.py:3006}}
Apr 14 21:55:52.511592 np0000166270 nova-scheduler[109335]: DEBUG cotyledon.oslo_config_glue [-] oslo_limit.endpoint_interface = public {{(pid=109335) log_opt_values /opt/stack/data/venv/lib/python3.12/site-packages/oslo_config/cfg.py:3006}}
Apr 14 21:55:52.511592 np0000166270 nova-scheduler[109335]: DEBUG cotyledon.oslo_config_glue [-] oslo_limit.endpoint_override = None {{(pid=109335) log_opt_values /opt/stack/data/venv/lib/python3.12/site-packages/oslo_config/cfg.py:3006}}
Apr 14 21:55:52.511592 np0000166270 nova-scheduler[109335]: DEBUG cotyledon.oslo_config_glue [-] oslo_limit.endpoint_region_name = None {{(pid=109335) log_opt_values /opt/stack/data/venv/lib/python3.12/site-packages/oslo_config/cfg.py:3006}}
Apr 14 21:55:52.511592 np0000166270 nova-scheduler[109335]: DEBUG cotyledon.oslo_config_glue [-] oslo_limit.endpoint_service_name = None {{(pid=109335) log_opt_values /opt/stack/data/venv/lib/python3.12/site-packages/oslo_config/cfg.py:3006}}
Apr 14 21:55:52.511592 np0000166270 nova-scheduler[109335]: DEBUG cotyledon.oslo_config_glue [-] oslo_limit.endpoint_service_type = None {{(pid=109335) log_opt_values /opt/stack/data/venv/lib/python3.12/site-packages/oslo_config/cfg.py:3006}}
Apr 14 21:55:52.511592 np0000166270 nova-scheduler[109335]: DEBUG cotyledon.oslo_config_glue [-] oslo_limit.insecure = False {{(pid=109335) log_opt_values /opt/stack/data/venv/lib/python3.12/site-packages/oslo_config/cfg.py:3006}}
Apr 14 21:55:52.511592 np0000166270 nova-scheduler[109335]: DEBUG cotyledon.oslo_config_glue [-] oslo_limit.keyfile = None {{(pid=109335) log_opt_values /opt/stack/data/venv/lib/python3.12/site-packages/oslo_config/cfg.py:3006}}
Apr 14 21:55:52.511592 np0000166270 nova-scheduler[109335]: DEBUG cotyledon.oslo_config_glue [-] oslo_limit.max_version = None {{(pid=109335) log_opt_values /opt/stack/data/venv/lib/python3.12/site-packages/oslo_config/cfg.py:3006}}
Apr 14 21:55:52.511592 np0000166270 nova-scheduler[109335]: DEBUG cotyledon.oslo_config_glue [-] oslo_limit.min_version = None {{(pid=109335) log_opt_values /opt/stack/data/venv/lib/python3.12/site-packages/oslo_config/cfg.py:3006}}
Apr 14 21:55:52.511856 np0000166270 nova-scheduler[109335]: DEBUG cotyledon.oslo_config_glue [-] oslo_limit.region_name = None {{(pid=109335) log_opt_values /opt/stack/data/venv/lib/python3.12/site-packages/oslo_config/cfg.py:3006}}
Apr 14 21:55:52.511856 np0000166270 nova-scheduler[109335]: DEBUG cotyledon.oslo_config_glue [-] oslo_limit.retriable_status_codes = None {{(pid=109335) log_opt_values /opt/stack/data/venv/lib/python3.12/site-packages/oslo_config/cfg.py:3006}}
Apr 14 21:55:52.511856 np0000166270 nova-scheduler[109335]: DEBUG cotyledon.oslo_config_glue [-] oslo_limit.service_name = None {{(pid=109335) log_opt_values /opt/stack/data/venv/lib/python3.12/site-packages/oslo_config/cfg.py:3006}}
Apr 14 21:55:52.511856 np0000166270 nova-scheduler[109335]: DEBUG cotyledon.oslo_config_glue [-] oslo_limit.service_type = None {{(pid=109335) log_opt_values /opt/stack/data/venv/lib/python3.12/site-packages/oslo_config/cfg.py:3006}}
Apr 14 21:55:52.511856 np0000166270 nova-scheduler[109335]: DEBUG cotyledon.oslo_config_glue [-] oslo_limit.split_loggers = False {{(pid=109335) log_opt_values /opt/stack/data/venv/lib/python3.12/site-packages/oslo_config/cfg.py:3006}}
Apr 14 21:55:52.511856 np0000166270 nova-scheduler[109335]: DEBUG cotyledon.oslo_config_glue [-] oslo_limit.status_code_retries = None {{(pid=109335) log_opt_values /opt/stack/data/venv/lib/python3.12/site-packages/oslo_config/cfg.py:3006}}
Apr 14 21:55:52.511856 np0000166270 nova-scheduler[109335]: DEBUG cotyledon.oslo_config_glue [-] oslo_limit.status_code_retry_delay = None {{(pid=109335) log_opt_values /opt/stack/data/venv/lib/python3.12/site-packages/oslo_config/cfg.py:3006}}
Apr 14 21:55:52.511856 np0000166270 nova-scheduler[109335]: DEBUG cotyledon.oslo_config_glue [-] oslo_limit.timeout = None {{(pid=109335) log_opt_values /opt/stack/data/venv/lib/python3.12/site-packages/oslo_config/cfg.py:3006}}
Apr 14 21:55:52.511856 np0000166270 nova-scheduler[109335]: DEBUG cotyledon.oslo_config_glue [-] oslo_limit.valid_interfaces = None {{(pid=109335) log_opt_values /opt/stack/data/venv/lib/python3.12/site-packages/oslo_config/cfg.py:3006}}
Apr 14 21:55:52.512045 np0000166270 nova-scheduler[109322]: DEBUG dbcounter [-] [109322] Writer thread running {{(pid=109322) stat_writer /opt/stack/data/venv/lib/python3.12/site-packages/dbcounter.py:102}}
Apr 14 21:55:52.512151 np0000166270 nova-scheduler[109335]: DEBUG cotyledon.oslo_config_glue [-] oslo_limit.version = None {{(pid=109335) log_opt_values /opt/stack/data/venv/lib/python3.12/site-packages/oslo_config/cfg.py:3006}}
Apr 14 21:55:52.512151 np0000166270 nova-scheduler[109335]: DEBUG cotyledon.oslo_config_glue [-] oslo_reports.file_event_handler = None {{(pid=109335) log_opt_values /opt/stack/data/venv/lib/python3.12/site-packages/oslo_config/cfg.py:3006}}
Apr 14 21:55:52.512151 np0000166270 nova-scheduler[109335]: DEBUG cotyledon.oslo_config_glue [-] oslo_reports.file_event_handler_interval = 1 {{(pid=109335) log_opt_values /opt/stack/data/venv/lib/python3.12/site-packages/oslo_config/cfg.py:3006}}
Apr 14 21:55:52.512151 np0000166270 nova-scheduler[109335]: DEBUG cotyledon.oslo_config_glue [-] oslo_reports.log_dir = None {{(pid=109335) log_opt_values /opt/stack/data/venv/lib/python3.12/site-packages/oslo_config/cfg.py:3006}}
Apr 14 21:55:52.512151 np0000166270 nova-scheduler[109335]: DEBUG cotyledon.oslo_config_glue [-] ******************************************************************************** {{(pid=109335) log_opt_values /opt/stack/data/venv/lib/python3.12/site-packages/oslo_config/cfg.py:3013}}
Apr 14 21:55:52.512151 np0000166270 nova-scheduler[109335]: DEBUG cotyledon._service_worker [-] Run service ServiceWrapper(3) [109335] {{(pid=109335) wait_forever /opt/stack/data/venv/lib/python3.12/site-packages/cotyledon/_service_worker.py:218}}
Apr 14 21:55:52.512151 np0000166270 nova-scheduler[109335]: INFO nova.service [-] Starting scheduler node (version 33.1.0)
Apr 14 21:55:52.512326 np0000166270 nova-scheduler[109329]: INFO dbcounter [None req-338508bf-108a-42a4-88f5-07a4c8944ee5 None None] Registered counter for database nova_cell0
Apr 14 21:55:52.512352 np0000166270 nova-scheduler[109335]: INFO dbcounter [None req-886127a3-0dae-46bc-97eb-5e31f75e0b39 None None] Registered counter for database nova_cell0
Apr 14 21:55:52.512352 np0000166270 nova-scheduler[109335]: DEBUG oslo_db.sqlalchemy.engines [None req-886127a3-0dae-46bc-97eb-5e31f75e0b39 None None] MySQL server mode set to STRICT_TRANS_TABLES,STRICT_ALL_TABLES,NO_ZERO_IN_DATE,NO_ZERO_DATE,ERROR_FOR_DIVISION_BY_ZERO,TRADITIONAL,NO_ENGINE_SUBSTITUTION {{(pid=109335) _check_effective_sql_mode /opt/stack/data/venv/lib/python3.12/site-packages/oslo_db/sqlalchemy/engines.py:325}}
Apr 14 21:55:52.512399 np0000166270 nova-scheduler[109316]: DEBUG dbcounter [-] [109316] Writer thread running {{(pid=109316) stat_writer /opt/stack/data/venv/lib/python3.12/site-packages/dbcounter.py:102}}
Apr 14 21:55:52.514632 np0000166270 nova-scheduler[109329]: DEBUG oslo_db.sqlalchemy.engines [None req-338508bf-108a-42a4-88f5-07a4c8944ee5 None None] MySQL server mode set to STRICT_TRANS_TABLES,STRICT_ALL_TABLES,NO_ZERO_IN_DATE,NO_ZERO_DATE,ERROR_FOR_DIVISION_BY_ZERO,TRADITIONAL,NO_ENGINE_SUBSTITUTION {{(pid=109329) _check_effective_sql_mode /opt/stack/data/venv/lib/python3.12/site-packages/oslo_db/sqlalchemy/engines.py:325}}
Apr 14 21:55:52.523529 np0000166270 nova-scheduler[109335]: DEBUG dbcounter [-] [109335] Writer thread running {{(pid=109335) stat_writer /opt/stack/data/venv/lib/python3.12/site-packages/dbcounter.py:102}}
Apr 14 21:55:52.527970 np0000166270 nova-scheduler[109329]: DEBUG dbcounter [-] [109329] Writer thread running {{(pid=109329) stat_writer /opt/stack/data/venv/lib/python3.12/site-packages/dbcounter.py:102}}
Apr 14 21:55:52.529071 np0000166270 nova-scheduler[109322]: DEBUG nova.service [None req-6ceffa88-89a6-4d64-ac43-a52320a86694 None None] Creating RPC server for service: nova-scheduler on topic: scheduler {{(pid=109322) start /opt/stack/nova/nova/service.py:195}}
Apr 14 21:55:52.531323 np0000166270 nova-scheduler[109329]: DEBUG nova.service [None req-338508bf-108a-42a4-88f5-07a4c8944ee5 None None] Creating RPC server for service: nova-scheduler on topic: scheduler {{(pid=109329) start /opt/stack/nova/nova/service.py:195}}
Apr 14 21:55:52.538278 np0000166270 nova-scheduler[109316]: DEBUG nova.service [None req-17585597-e940-4afd-8497-aae6ebb90cc9 None None] Creating RPC server for service: nova-scheduler on topic: scheduler {{(pid=109316) start /opt/stack/nova/nova/service.py:195}}
Apr 14 21:55:52.547435 np0000166270 nova-scheduler[109335]: DEBUG nova.service [None req-886127a3-0dae-46bc-97eb-5e31f75e0b39 None None] Creating RPC server for service: nova-scheduler on topic: scheduler {{(pid=109335) start /opt/stack/nova/nova/service.py:195}}
Apr 14 21:55:52.568589 np0000166270 nova-scheduler[109316]: DEBUG nova.service [None req-17585597-e940-4afd-8497-aae6ebb90cc9 None None] Join ServiceGroup membership for this service scheduler {{(pid=109316) start /opt/stack/nova/nova/service.py:221}}
Apr 14 21:55:52.568920 np0000166270 nova-scheduler[109322]: DEBUG nova.service [None req-6ceffa88-89a6-4d64-ac43-a52320a86694 None None] Join ServiceGroup membership for this service scheduler {{(pid=109322) start /opt/stack/nova/nova/service.py:221}}
Apr 14 21:55:52.569002 np0000166270 nova-scheduler[109316]: DEBUG nova.servicegroup.drivers.db [None req-17585597-e940-4afd-8497-aae6ebb90cc9 None None] DB_Driver: join new ServiceGroup member np0000166270 to the scheduler group, service = {{(pid=109316) join /opt/stack/nova/nova/servicegroup/drivers/db.py:44}}
Apr 14 21:55:52.569073 np0000166270 nova-scheduler[109322]: DEBUG nova.servicegroup.drivers.db [None req-6ceffa88-89a6-4d64-ac43-a52320a86694 None None] DB_Driver: join new ServiceGroup member np0000166270 to the scheduler group, service = {{(pid=109322) join /opt/stack/nova/nova/servicegroup/drivers/db.py:44}}
Apr 14 21:55:52.569184 np0000166270 nova-scheduler[109329]: DEBUG nova.service [None req-338508bf-108a-42a4-88f5-07a4c8944ee5 None None] Join ServiceGroup membership for this service scheduler {{(pid=109329) start /opt/stack/nova/nova/service.py:221}}
Apr 14 21:55:52.569494 np0000166270 nova-scheduler[109329]: DEBUG nova.servicegroup.drivers.db [None req-338508bf-108a-42a4-88f5-07a4c8944ee5 None None] DB_Driver: join new ServiceGroup member np0000166270 to the scheduler group, service = {{(pid=109329) join /opt/stack/nova/nova/servicegroup/drivers/db.py:44}}
Apr 14 21:55:52.574304 np0000166270 nova-scheduler[109335]: DEBUG nova.service [None req-886127a3-0dae-46bc-97eb-5e31f75e0b39 None None] Join ServiceGroup membership for this service scheduler {{(pid=109335) start /opt/stack/nova/nova/service.py:221}}
Apr 14 21:55:52.574725 np0000166270 nova-scheduler[109335]: DEBUG nova.servicegroup.drivers.db [None req-886127a3-0dae-46bc-97eb-5e31f75e0b39 None None] DB_Driver: join new ServiceGroup member np0000166270 to the scheduler group, service = {{(pid=109335) join /opt/stack/nova/nova/servicegroup/drivers/db.py:44}}
Apr 14 21:55:57.590790 np0000166270 nova-scheduler[109335]: DEBUG oslo.service.backend._threading.loopingcall [-] Fixed interval looping call 'nova.servicegroup.drivers.db.DbDriver._report_state' sleeping for 119.99 seconds {{(pid=109335) _run_loop /opt/stack/data/venv/lib/python3.12/site-packages/oslo_service/backend/_threading/loopingcall.py:125}}
Apr 14 21:55:57.592483 np0000166270 nova-scheduler[109316]: DEBUG oslo.service.backend._threading.loopingcall [-] Fixed interval looping call 'nova.servicegroup.drivers.db.DbDriver._report_state' sleeping for 119.98 seconds {{(pid=109316) _run_loop /opt/stack/data/venv/lib/python3.12/site-packages/oslo_service/backend/_threading/loopingcall.py:125}}
Apr 14 21:55:57.592843 np0000166270 nova-scheduler[109322]: DEBUG oslo.service.backend._threading.loopingcall [-] Fixed interval looping call 'nova.servicegroup.drivers.db.DbDriver._report_state' sleeping for 119.98 seconds {{(pid=109322) _run_loop /opt/stack/data/venv/lib/python3.12/site-packages/oslo_service/backend/_threading/loopingcall.py:125}}
Apr 14 21:55:57.593647 np0000166270 nova-scheduler[109329]: DEBUG oslo.service.backend._threading.loopingcall [-] Fixed interval looping call 'nova.servicegroup.drivers.db.DbDriver._report_state' sleeping for 119.98 seconds {{(pid=109329) _run_loop /opt/stack/data/venv/lib/python3.12/site-packages/oslo_service/backend/_threading/loopingcall.py:125}}
Apr 14 21:56:01.102059 np0000166270 nova-scheduler[108559]: DEBUG dbcounter [-] [108559] Writing DB stats nova_api:SELECT=3 {{(pid=108559) stat_writer /opt/stack/data/venv/lib/python3.12/site-packages/dbcounter.py:115}}
Apr 14 21:56:01.223591 np0000166270 nova-scheduler[108559]: DEBUG dbcounter [-] [108559] Writing DB stats nova_cell0:SELECT=1 {{(pid=108559) stat_writer /opt/stack/data/venv/lib/python3.12/site-packages/dbcounter.py:115}}
Apr 14 21:56:01.226520 np0000166270 nova-scheduler[108559]: DEBUG dbcounter [-] [108559] Writing DB stats nova_cell1:SELECT=1 {{(pid=108559) stat_writer /opt/stack/data/venv/lib/python3.12/site-packages/dbcounter.py:115}}
Apr 14 21:56:07.585397 np0000166270 nova-scheduler[109335]: DEBUG dbcounter [-] [109335] Writing DB stats nova_cell0:SELECT=4,nova_cell0:INSERT=1,nova_cell0:UPDATE=1 {{(pid=109335) stat_writer /opt/stack/data/venv/lib/python3.12/site-packages/dbcounter.py:115}}
Apr 14 21:56:07.585951 np0000166270 nova-scheduler[109316]: DEBUG dbcounter [-] [109316] Writing DB stats nova_cell0:SELECT=5,nova_cell0:INSERT=1,nova_cell0:UPDATE=1 {{(pid=109316) stat_writer /opt/stack/data/venv/lib/python3.12/site-packages/dbcounter.py:115}}
Apr 14 21:56:07.587958 np0000166270 nova-scheduler[109322]: DEBUG dbcounter [-] [109322] Writing DB stats nova_cell0:SELECT=4,nova_cell0:INSERT=1,nova_cell0:UPDATE=1 {{(pid=109322) stat_writer /opt/stack/data/venv/lib/python3.12/site-packages/dbcounter.py:115}}
Apr 14 21:56:07.588554 np0000166270 nova-scheduler[109329]: DEBUG dbcounter [-] [109329] Writing DB stats nova_cell0:SELECT=3,nova_cell0:UPDATE=1 {{(pid=109329) stat_writer /opt/stack/data/venv/lib/python3.12/site-packages/dbcounter.py:115}}
Apr 14 21:56:15.570481 np0000166270 nova-scheduler[109316]: DEBUG oslo.service.backend._threading.loopingcall [None req-77ccc5b5-3c58-4978-a26e-00a059889499 None None] Dynamic interval looping call 'nova.service.Service.periodic_tasks' sleeping for 60.00 seconds {{(pid=109316) _run_loop /opt/stack/data/venv/lib/python3.12/site-packages/oslo_service/backend/_threading/loopingcall.py:125}}
Apr 14 21:56:31.572607 np0000166270 nova-scheduler[109322]: DEBUG oslo.service.backend._threading.loopingcall [None req-8284508f-3fa2-43f8-b0b1-33f79fdd13a3 None None] Dynamic interval looping call 'nova.service.Service.periodic_tasks' sleeping for 60.00 seconds {{(pid=109322) _run_loop /opt/stack/data/venv/lib/python3.12/site-packages/oslo_service/backend/_threading/loopingcall.py:125}}
Apr 14 21:56:44.578621 np0000166270 nova-scheduler[109335]: DEBUG oslo.service.backend._threading.loopingcall [None req-3c57f92f-c55b-4bf8-ba46-1f9ffd15c214 None None] Dynamic interval looping call 'nova.service.Service.periodic_tasks' sleeping for 60.00 seconds {{(pid=109335) _run_loop /opt/stack/data/venv/lib/python3.12/site-packages/oslo_service/backend/_threading/loopingcall.py:125}}
Apr 14 21:56:49.574312 np0000166270 nova-scheduler[109329]: DEBUG oslo.service.backend._threading.loopingcall [None req-a8bb6512-a4ea-4ced-bae2-a5d89a2e253d None None] Dynamic interval looping call 'nova.service.Service.periodic_tasks' sleeping for 60.00 seconds {{(pid=109329) _run_loop /opt/stack/data/venv/lib/python3.12/site-packages/oslo_service/backend/_threading/loopingcall.py:125}}
Apr 14 21:57:15.571558 np0000166270 nova-scheduler[109316]: DEBUG oslo.service.backend._threading.loopingcall [None req-77ccc5b5-3c58-4978-a26e-00a059889499 None None] Dynamic interval looping call 'nova.service.Service.periodic_tasks' sleeping for 60.00 seconds {{(pid=109316) _run_loop /opt/stack/data/venv/lib/python3.12/site-packages/oslo_service/backend/_threading/loopingcall.py:125}}
Apr 14 21:57:31.573380 np0000166270 nova-scheduler[109322]: DEBUG oslo.service.backend._threading.loopingcall [None req-8284508f-3fa2-43f8-b0b1-33f79fdd13a3 None None] Dynamic interval looping call 'nova.service.Service.periodic_tasks' sleeping for 60.00 seconds {{(pid=109322) _run_loop /opt/stack/data/venv/lib/python3.12/site-packages/oslo_service/backend/_threading/loopingcall.py:125}}
Apr 14 21:57:44.579496 np0000166270 nova-scheduler[109335]: DEBUG oslo.service.backend._threading.loopingcall [None req-3c57f92f-c55b-4bf8-ba46-1f9ffd15c214 None None] Dynamic interval looping call 'nova.service.Service.periodic_tasks' sleeping for 60.00 seconds {{(pid=109335) _run_loop /opt/stack/data/venv/lib/python3.12/site-packages/oslo_service/backend/_threading/loopingcall.py:125}}
Apr 14 21:57:49.575083 np0000166270 nova-scheduler[109329]: DEBUG oslo.service.backend._threading.loopingcall [None req-a8bb6512-a4ea-4ced-bae2-a5d89a2e253d None None] Dynamic interval looping call 'nova.service.Service.periodic_tasks' sleeping for 60.00 seconds {{(pid=109329) _run_loop /opt/stack/data/venv/lib/python3.12/site-packages/oslo_service/backend/_threading/loopingcall.py:125}}
Apr 14 21:57:57.583631 np0000166270 nova-scheduler[109316]: DEBUG oslo.service.backend._threading.loopingcall [-] Fixed interval looping call 'nova.servicegroup.drivers.db.DbDriver._report_state' sleeping for 119.99 seconds {{(pid=109316) _run_loop /opt/stack/data/venv/lib/python3.12/site-packages/oslo_service/backend/_threading/loopingcall.py:125}}
Apr 14 21:57:57.584327 np0000166270 nova-scheduler[109322]: DEBUG oslo.service.backend._threading.loopingcall [-] Fixed interval looping call 'nova.servicegroup.drivers.db.DbDriver._report_state' sleeping for 119.99 seconds {{(pid=109322) _run_loop /opt/stack/data/venv/lib/python3.12/site-packages/oslo_service/backend/_threading/loopingcall.py:125}}
Apr 14 21:57:57.584763 np0000166270 nova-scheduler[109329]: DEBUG oslo.service.backend._threading.loopingcall [-] Fixed interval looping call 'nova.servicegroup.drivers.db.DbDriver._report_state' sleeping for 119.99 seconds {{(pid=109329) _run_loop /opt/stack/data/venv/lib/python3.12/site-packages/oslo_service/backend/_threading/loopingcall.py:125}}
Apr 14 21:57:57.586371 np0000166270 nova-scheduler[109335]: DEBUG oslo.service.backend._threading.loopingcall [-] Fixed interval looping call 'nova.servicegroup.drivers.db.DbDriver._report_state' sleeping for 119.99 seconds {{(pid=109335) _run_loop /opt/stack/data/venv/lib/python3.12/site-packages/oslo_service/backend/_threading/loopingcall.py:125}}
Apr 14 21:58:07.578269 np0000166270 nova-scheduler[109316]: DEBUG dbcounter [-] [109316] Writing DB stats nova_cell0:SELECT=1,nova_cell0:UPDATE=1 {{(pid=109316) stat_writer /opt/stack/data/venv/lib/python3.12/site-packages/dbcounter.py:115}}
Apr 14 21:58:07.579291 np0000166270 nova-scheduler[109322]: DEBUG dbcounter [-] [109322] Writing DB stats nova_cell0:SELECT=1,nova_cell0:UPDATE=1 {{(pid=109322) stat_writer /opt/stack/data/venv/lib/python3.12/site-packages/dbcounter.py:115}}
Apr 14 21:58:07.579694 np0000166270 nova-scheduler[109329]: DEBUG dbcounter [-] [109329] Writing DB stats nova_cell0:SELECT=1,nova_cell0:UPDATE=1 {{(pid=109329) stat_writer /opt/stack/data/venv/lib/python3.12/site-packages/dbcounter.py:115}}
Apr 14 21:58:07.584092 np0000166270 nova-scheduler[109335]: DEBUG dbcounter [-] [109335] Writing DB stats nova_cell0:SELECT=1 {{(pid=109335) stat_writer /opt/stack/data/venv/lib/python3.12/site-packages/dbcounter.py:115}}
Apr 14 21:58:15.572537 np0000166270 nova-scheduler[109316]: DEBUG oslo.service.backend._threading.loopingcall [None req-77ccc5b5-3c58-4978-a26e-00a059889499 None None] Dynamic interval looping call 'nova.service.Service.periodic_tasks' sleeping for 60.00 seconds {{(pid=109316) _run_loop /opt/stack/data/venv/lib/python3.12/site-packages/oslo_service/backend/_threading/loopingcall.py:125}}
Apr 14 21:58:31.574341 np0000166270 nova-scheduler[109322]: DEBUG oslo.service.backend._threading.loopingcall [None req-8284508f-3fa2-43f8-b0b1-33f79fdd13a3 None None] Dynamic interval looping call 'nova.service.Service.periodic_tasks' sleeping for 60.00 seconds {{(pid=109322) _run_loop /opt/stack/data/venv/lib/python3.12/site-packages/oslo_service/backend/_threading/loopingcall.py:125}}
Apr 14 21:58:44.580053 np0000166270 nova-scheduler[109335]: DEBUG oslo.service.backend._threading.loopingcall [None req-3c57f92f-c55b-4bf8-ba46-1f9ffd15c214 None None] Dynamic interval looping call 'nova.service.Service.periodic_tasks' sleeping for 60.00 seconds {{(pid=109335) _run_loop /opt/stack/data/venv/lib/python3.12/site-packages/oslo_service/backend/_threading/loopingcall.py:125}}
Apr 14 21:58:49.576181 np0000166270 nova-scheduler[109329]: DEBUG oslo.service.backend._threading.loopingcall [None req-a8bb6512-a4ea-4ced-bae2-a5d89a2e253d None None] Dynamic interval looping call 'nova.service.Service.periodic_tasks' sleeping for 60.00 seconds {{(pid=109329) _run_loop /opt/stack/data/venv/lib/python3.12/site-packages/oslo_service/backend/_threading/loopingcall.py:125}}
Apr 14 21:59:15.573312 np0000166270 nova-scheduler[109316]: DEBUG oslo.service.backend._threading.loopingcall [None req-77ccc5b5-3c58-4978-a26e-00a059889499 None None] Dynamic interval looping call 'nova.service.Service.periodic_tasks' sleeping for 60.00 seconds {{(pid=109316) _run_loop /opt/stack/data/venv/lib/python3.12/site-packages/oslo_service/backend/_threading/loopingcall.py:125}}
Apr 14 21:59:31.575205 np0000166270 nova-scheduler[109322]: DEBUG oslo.service.backend._threading.loopingcall [None req-8284508f-3fa2-43f8-b0b1-33f79fdd13a3 None None] Dynamic interval looping call 'nova.service.Service.periodic_tasks' sleeping for 60.00 seconds {{(pid=109322) _run_loop /opt/stack/data/venv/lib/python3.12/site-packages/oslo_service/backend/_threading/loopingcall.py:125}}
Apr 14 21:59:44.580998 np0000166270 nova-scheduler[109335]: DEBUG oslo.service.backend._threading.loopingcall [None req-3c57f92f-c55b-4bf8-ba46-1f9ffd15c214 None None] Dynamic interval looping call 'nova.service.Service.periodic_tasks' sleeping for 60.00 seconds {{(pid=109335) _run_loop /opt/stack/data/venv/lib/python3.12/site-packages/oslo_service/backend/_threading/loopingcall.py:125}}
Apr 14 21:59:49.576808 np0000166270 nova-scheduler[109329]: DEBUG oslo.service.backend._threading.loopingcall [None req-a8bb6512-a4ea-4ced-bae2-a5d89a2e253d None None] Dynamic interval looping call 'nova.service.Service.periodic_tasks' sleeping for 60.00 seconds {{(pid=109329) _run_loop /opt/stack/data/venv/lib/python3.12/site-packages/oslo_service/backend/_threading/loopingcall.py:125}}
Apr 14 21:59:57.584844 np0000166270 nova-scheduler[109322]: DEBUG oslo.service.backend._threading.loopingcall [-] Fixed interval looping call 'nova.servicegroup.drivers.db.DbDriver._report_state' sleeping for 119.99 seconds {{(pid=109322) _run_loop /opt/stack/data/venv/lib/python3.12/site-packages/oslo_service/backend/_threading/loopingcall.py:125}}
Apr 14 21:59:57.586000 np0000166270 nova-scheduler[109316]: DEBUG oslo.service.backend._threading.loopingcall [-] Fixed interval looping call 'nova.servicegroup.drivers.db.DbDriver._report_state' sleeping for 119.99 seconds {{(pid=109316) _run_loop /opt/stack/data/venv/lib/python3.12/site-packages/oslo_service/backend/_threading/loopingcall.py:125}}
Apr 14 21:59:57.586353 np0000166270 nova-scheduler[109329]: DEBUG oslo.service.backend._threading.loopingcall [-] Fixed interval looping call 'nova.servicegroup.drivers.db.DbDriver._report_state' sleeping for 119.99 seconds {{(pid=109329) _run_loop /opt/stack/data/venv/lib/python3.12/site-packages/oslo_service/backend/_threading/loopingcall.py:125}}
Apr 14 21:59:57.586840 np0000166270 nova-scheduler[109335]: DEBUG oslo.service.backend._threading.loopingcall [-] Fixed interval looping call 'nova.servicegroup.drivers.db.DbDriver._report_state' sleeping for 119.99 seconds {{(pid=109335) _run_loop /opt/stack/data/venv/lib/python3.12/site-packages/oslo_service/backend/_threading/loopingcall.py:125}}
Apr 14 22:00:07.579091 np0000166270 nova-scheduler[109329]: DEBUG dbcounter [-] [109329] Writing DB stats nova_cell0:SELECT=1,nova_cell0:UPDATE=1 {{(pid=109329) stat_writer /opt/stack/data/venv/lib/python3.12/site-packages/dbcounter.py:115}}
Apr 14 22:00:07.579836 np0000166270 nova-scheduler[109322]: DEBUG dbcounter [-] [109322] Writing DB stats nova_cell0:SELECT=1,nova_cell0:UPDATE=1 {{(pid=109322) stat_writer /opt/stack/data/venv/lib/python3.12/site-packages/dbcounter.py:115}}
Apr 14 22:00:07.580781 np0000166270 nova-scheduler[109316]: DEBUG dbcounter [-] [109316] Writing DB stats nova_cell0:SELECT=1,nova_cell0:UPDATE=1 {{(pid=109316) stat_writer /opt/stack/data/venv/lib/python3.12/site-packages/dbcounter.py:115}}
