Apr 09 14:05:27.553996 np0000164514 neutron-periodic-workers[103891]: DEBUG cotyledon.oslo_config_glue [-] ml2.overlay_ip_version = 4 {{(pid=103891) log_opt_values /opt/stack/data/venv/lib/python3.12/site-packages/oslo_config/cfg.py:3006}}
Apr 09 14:05:27.553996 np0000164514 neutron-periodic-workers[103891]: DEBUG cotyledon.oslo_config_glue [-] ml2.path_mtu = 0 {{(pid=103891) log_opt_values /opt/stack/data/venv/lib/python3.12/site-packages/oslo_config/cfg.py:3006}}
Apr 09 14:05:27.553996 np0000164514 neutron-periodic-workers[103891]: DEBUG cotyledon.oslo_config_glue [-] ml2.physical_network_mtus = {} {{(pid=103891) log_opt_values /opt/stack/data/venv/lib/python3.12/site-packages/oslo_config/cfg.py:3006}}
Apr 09 14:05:27.553996 np0000164514 neutron-periodic-workers[103891]: DEBUG cotyledon.oslo_config_glue [-] ml2.project_network_types = ['geneve'] {{(pid=103891) log_opt_values /opt/stack/data/venv/lib/python3.12/site-packages/oslo_config/cfg.py:3006}}
Apr 09 14:05:27.553996 np0000164514 neutron-periodic-workers[103891]: DEBUG cotyledon.oslo_config_glue [-] ml2.tunnelled_network_rp_name = rp_tunnelled {{(pid=103891) log_opt_values /opt/stack/data/venv/lib/python3.12/site-packages/oslo_config/cfg.py:3006}}
Apr 09 14:05:27.553996 np0000164514 neutron-periodic-workers[103891]: DEBUG cotyledon.oslo_config_glue [-] ml2.type_drivers = ['local', 'flat', 'vlan', 'geneve'] {{(pid=103891) log_opt_values /opt/stack/data/venv/lib/python3.12/site-packages/oslo_config/cfg.py:3006}}
Apr 09 14:05:27.553996 np0000164514 neutron-periodic-workers[103891]: DEBUG cotyledon.oslo_config_glue [-] ml2_type_flat.flat_networks = ['public'] {{(pid=103891) log_opt_values /opt/stack/data/venv/lib/python3.12/site-packages/oslo_config/cfg.py:3006}}
Apr 09 14:05:27.553996 np0000164514 neutron-periodic-workers[103891]: DEBUG cotyledon.oslo_config_glue [-] ml2_type_geneve.max_header_size = 38 {{(pid=103891) log_opt_values /opt/stack/data/venv/lib/python3.12/site-packages/oslo_config/cfg.py:3006}}
Apr 09 14:05:27.554305 np0000164514 neutron-periodic-workers[103891]: DEBUG cotyledon.oslo_config_glue [-] ml2_type_geneve.vni_ranges = ['1:65536'] {{(pid=103891) log_opt_values /opt/stack/data/venv/lib/python3.12/site-packages/oslo_config/cfg.py:3006}}
Apr 09 14:05:27.554305 np0000164514 neutron-periodic-workers[103891]: DEBUG cotyledon.oslo_config_glue [-] ml2_type_vlan.network_vlan_ranges = ['public'] {{(pid=103891) log_opt_values /opt/stack/data/venv/lib/python3.12/site-packages/oslo_config/cfg.py:3006}}
Apr 09 14:05:27.554305 np0000164514 neutron-periodic-workers[103891]: DEBUG cotyledon.oslo_config_glue [-] network_log.burst_limit = 25 {{(pid=103891) log_opt_values /opt/stack/data/venv/lib/python3.12/site-packages/oslo_config/cfg.py:3006}}
Apr 09 14:05:27.554305 np0000164514 neutron-periodic-workers[103891]: DEBUG cotyledon.oslo_config_glue [-] network_log.local_output_log_base = None {{(pid=103891) log_opt_values /opt/stack/data/venv/lib/python3.12/site-packages/oslo_config/cfg.py:3006}}
Apr 09 14:05:27.554305 np0000164514 neutron-periodic-workers[103891]: DEBUG cotyledon.oslo_config_glue [-] network_log.rate_limit = 100 {{(pid=103891) log_opt_values /opt/stack/data/venv/lib/python3.12/site-packages/oslo_config/cfg.py:3006}}
Apr 09 14:05:27.554305 np0000164514 neutron-periodic-workers[103891]: DEBUG cotyledon.oslo_config_glue [-] database.asyncio_connection = **** {{(pid=103891) log_opt_values /opt/stack/data/venv/lib/python3.12/site-packages/oslo_config/cfg.py:3006}}
Apr 09 14:05:27.554305 np0000164514 neutron-periodic-workers[103891]: DEBUG cotyledon.oslo_config_glue [-] database.asyncio_slave_connection = **** {{(pid=103891) log_opt_values /opt/stack/data/venv/lib/python3.12/site-packages/oslo_config/cfg.py:3006}}
Apr 09 14:05:27.554305 np0000164514 neutron-periodic-workers[103891]: DEBUG cotyledon.oslo_config_glue [-] database.backend = sqlalchemy {{(pid=103891) log_opt_values /opt/stack/data/venv/lib/python3.12/site-packages/oslo_config/cfg.py:3006}}
Apr 09 14:05:27.554305 np0000164514 neutron-periodic-workers[103891]: DEBUG cotyledon.oslo_config_glue [-] database.connection = **** {{(pid=103891) log_opt_values /opt/stack/data/venv/lib/python3.12/site-packages/oslo_config/cfg.py:3006}}
Apr 09 14:05:27.554632 np0000164514 neutron-periodic-workers[103891]: DEBUG cotyledon.oslo_config_glue [-] database.connection_debug = 0 {{(pid=103891) log_opt_values /opt/stack/data/venv/lib/python3.12/site-packages/oslo_config/cfg.py:3006}}
Apr 09 14:05:27.554632 np0000164514 neutron-periodic-workers[103891]: DEBUG cotyledon.oslo_config_glue [-] database.connection_parameters = {{(pid=103891) log_opt_values /opt/stack/data/venv/lib/python3.12/site-packages/oslo_config/cfg.py:3006}}
Apr 09 14:05:27.554632 np0000164514 neutron-periodic-workers[103891]: DEBUG cotyledon.oslo_config_glue [-] database.connection_recycle_time = 3600 {{(pid=103891) log_opt_values /opt/stack/data/venv/lib/python3.12/site-packages/oslo_config/cfg.py:3006}}
Apr 09 14:05:27.554632 np0000164514 neutron-periodic-workers[103891]: DEBUG cotyledon.oslo_config_glue [-] database.connection_trace = False {{(pid=103891) log_opt_values /opt/stack/data/venv/lib/python3.12/site-packages/oslo_config/cfg.py:3006}}
Apr 09 14:05:27.554632 np0000164514 neutron-periodic-workers[103891]: DEBUG cotyledon.oslo_config_glue [-] database.db_inc_retry_interval = True {{(pid=103891) log_opt_values /opt/stack/data/venv/lib/python3.12/site-packages/oslo_config/cfg.py:3006}}
Apr 09 14:05:27.554632 np0000164514 neutron-periodic-workers[103891]: DEBUG cotyledon.oslo_config_glue [-] database.db_max_retries = 20 {{(pid=103891) log_opt_values /opt/stack/data/venv/lib/python3.12/site-packages/oslo_config/cfg.py:3006}}
Apr 09 14:05:27.554632 np0000164514 neutron-periodic-workers[103891]: DEBUG cotyledon.oslo_config_glue [-] database.db_max_retry_interval = 10 {{(pid=103891) log_opt_values /opt/stack/data/venv/lib/python3.12/site-packages/oslo_config/cfg.py:3006}}
Apr 09 14:05:27.554632 np0000164514 neutron-periodic-workers[103891]: DEBUG cotyledon.oslo_config_glue [-] database.db_retry_interval = 1 {{(pid=103891) log_opt_values /opt/stack/data/venv/lib/python3.12/site-packages/oslo_config/cfg.py:3006}}
Apr 09 14:05:27.554632 np0000164514 neutron-periodic-workers[103891]: DEBUG cotyledon.oslo_config_glue [-] database.max_overflow = 50 {{(pid=103891) log_opt_values /opt/stack/data/venv/lib/python3.12/site-packages/oslo_config/cfg.py:3006}}
Apr 09 14:05:27.554949 np0000164514 neutron-periodic-workers[103891]: DEBUG cotyledon.oslo_config_glue [-] database.max_pool_size = 5 {{(pid=103891) log_opt_values /opt/stack/data/venv/lib/python3.12/site-packages/oslo_config/cfg.py:3006}}
Apr 09 14:05:27.554949 np0000164514 neutron-periodic-workers[103891]: DEBUG cotyledon.oslo_config_glue [-] database.max_retries = 10 {{(pid=103891) log_opt_values /opt/stack/data/venv/lib/python3.12/site-packages/oslo_config/cfg.py:3006}}
Apr 09 14:05:27.554949 np0000164514 neutron-periodic-workers[103891]: DEBUG cotyledon.oslo_config_glue [-] database.mysql_sql_mode = TRADITIONAL {{(pid=103891) log_opt_values /opt/stack/data/venv/lib/python3.12/site-packages/oslo_config/cfg.py:3006}}
Apr 09 14:05:27.554949 np0000164514 neutron-periodic-workers[103891]: DEBUG cotyledon.oslo_config_glue [-] database.mysql_wsrep_sync_wait = None {{(pid=103891) log_opt_values /opt/stack/data/venv/lib/python3.12/site-packages/oslo_config/cfg.py:3006}}
Apr 09 14:05:27.554949 np0000164514 neutron-periodic-workers[103891]: DEBUG cotyledon.oslo_config_glue [-] database.pool_timeout = None {{(pid=103891) log_opt_values /opt/stack/data/venv/lib/python3.12/site-packages/oslo_config/cfg.py:3006}}
Apr 09 14:05:27.554949 np0000164514 neutron-periodic-workers[103891]: DEBUG cotyledon.oslo_config_glue [-] database.retry_interval = 10 {{(pid=103891) log_opt_values /opt/stack/data/venv/lib/python3.12/site-packages/oslo_config/cfg.py:3006}}
Apr 09 14:05:27.554949 np0000164514 neutron-periodic-workers[103891]: DEBUG cotyledon.oslo_config_glue [-] database.slave_connection = **** {{(pid=103891) log_opt_values /opt/stack/data/venv/lib/python3.12/site-packages/oslo_config/cfg.py:3006}}
Apr 09 14:05:27.554949 np0000164514 neutron-periodic-workers[103891]: DEBUG cotyledon.oslo_config_glue [-] database.sqlite_synchronous = True {{(pid=103891) log_opt_values /opt/stack/data/venv/lib/python3.12/site-packages/oslo_config/cfg.py:3006}}
Apr 09 14:05:27.554949 np0000164514 neutron-periodic-workers[103891]: DEBUG cotyledon.oslo_config_glue [-] database.synchronous_reader = True {{(pid=103891) log_opt_values /opt/stack/data/venv/lib/python3.12/site-packages/oslo_config/cfg.py:3006}}
Apr 09 14:05:27.555309 np0000164514 neutron-periodic-workers[103891]: DEBUG cotyledon.oslo_config_glue [-] database.use_db_reconnect = False {{(pid=103891) log_opt_values /opt/stack/data/venv/lib/python3.12/site-packages/oslo_config/cfg.py:3006}}
Apr 09 14:05:27.555309 np0000164514 neutron-periodic-workers[103891]: DEBUG cotyledon.oslo_config_glue [-] ovn.bfd_min_rx = 1000 {{(pid=103891) log_opt_values /opt/stack/data/venv/lib/python3.12/site-packages/oslo_config/cfg.py:3006}}
Apr 09 14:05:27.555309 np0000164514 neutron-periodic-workers[103891]: DEBUG cotyledon.oslo_config_glue [-] ovn.bfd_min_tx = 100 {{(pid=103891) log_opt_values /opt/stack/data/venv/lib/python3.12/site-packages/oslo_config/cfg.py:3006}}
Apr 09 14:05:27.555309 np0000164514 neutron-periodic-workers[103891]: DEBUG cotyledon.oslo_config_glue [-] ovn.bfd_mult = 3 {{(pid=103891) log_opt_values /opt/stack/data/venv/lib/python3.12/site-packages/oslo_config/cfg.py:3006}}
Apr 09 14:05:27.555309 np0000164514 neutron-periodic-workers[103891]: DEBUG cotyledon.oslo_config_glue [-] ovn.broadcast_arps_to_all_routers = True {{(pid=103891) log_opt_values /opt/stack/data/venv/lib/python3.12/site-packages/oslo_config/cfg.py:3006}}
Apr 09 14:05:27.555309 np0000164514 neutron-periodic-workers[103891]: DEBUG cotyledon.oslo_config_glue [-] ovn.dhcp_default_lease_time = 43200 {{(pid=103891) log_opt_values /opt/stack/data/venv/lib/python3.12/site-packages/oslo_config/cfg.py:3006}}
Apr 09 14:05:27.555309 np0000164514 neutron-periodic-workers[103891]: DEBUG cotyledon.oslo_config_glue [-] ovn.disable_ovn_dhcp_for_baremetal_ports = False {{(pid=103891) log_opt_values /opt/stack/data/venv/lib/python3.12/site-packages/oslo_config/cfg.py:3006}}
Apr 09 14:05:27.555309 np0000164514 neutron-periodic-workers[103891]: DEBUG cotyledon.oslo_config_glue [-] ovn.dns_records_ovn_owned = False {{(pid=103891) log_opt_values /opt/stack/data/venv/lib/python3.12/site-packages/oslo_config/cfg.py:3006}}
Apr 09 14:05:27.555309 np0000164514 neutron-periodic-workers[103891]: DEBUG cotyledon.oslo_config_glue [-] ovn.dns_servers = [] {{(pid=103891) log_opt_values /opt/stack/data/venv/lib/python3.12/site-packages/oslo_config/cfg.py:3006}}
Apr 09 14:05:27.555658 np0000164514 neutron-periodic-workers[103891]: DEBUG cotyledon.oslo_config_glue [-] ovn.enable_distributed_floating_ip = False {{(pid=103891) log_opt_values /opt/stack/data/venv/lib/python3.12/site-packages/oslo_config/cfg.py:3006}}
Apr 09 14:05:27.555658 np0000164514 neutron-periodic-workers[103891]: DEBUG cotyledon.oslo_config_glue [-] ovn.fdb_age_threshold = 300 {{(pid=103891) log_opt_values /opt/stack/data/venv/lib/python3.12/site-packages/oslo_config/cfg.py:3006}}
Apr 09 14:05:27.555658 np0000164514 neutron-periodic-workers[103891]: DEBUG cotyledon.oslo_config_glue [-] ovn.ha_failover_strategy = normal {{(pid=103891) log_opt_values /opt/stack/data/venv/lib/python3.12/site-packages/oslo_config/cfg.py:3006}}
Apr 09 14:05:27.555658 np0000164514 neutron-periodic-workers[103891]: DEBUG cotyledon.oslo_config_glue [-] ovn.live_migration_activation_strategy = rarp {{(pid=103891) log_opt_values /opt/stack/data/venv/lib/python3.12/site-packages/oslo_config/cfg.py:3006}}
Apr 09 14:05:27.555658 np0000164514 neutron-periodic-workers[103891]: DEBUG cotyledon.oslo_config_glue [-] ovn.localnet_learn_fdb = False {{(pid=103891) log_opt_values /opt/stack/data/venv/lib/python3.12/site-packages/oslo_config/cfg.py:3006}}
Apr 09 14:05:27.555658 np0000164514 neutron-periodic-workers[103891]: DEBUG cotyledon.oslo_config_glue [-] ovn.mac_binding_age_threshold = 300 {{(pid=103891) log_opt_values /opt/stack/data/venv/lib/python3.12/site-packages/oslo_config/cfg.py:3006}}
Apr 09 14:05:27.555658 np0000164514 neutron-periodic-workers[103891]: DEBUG cotyledon.oslo_config_glue [-] ovn.neutron_sync_mode = log {{(pid=103891) log_opt_values /opt/stack/data/venv/lib/python3.12/site-packages/oslo_config/cfg.py:3006}}
Apr 09 14:05:27.555658 np0000164514 neutron-periodic-workers[103891]: DEBUG cotyledon.oslo_config_glue [-] ovn.ovn_dhcp4_global_options = {} {{(pid=103891) log_opt_values /opt/stack/data/venv/lib/python3.12/site-packages/oslo_config/cfg.py:3006}}
Apr 09 14:05:27.555658 np0000164514 neutron-periodic-workers[103891]: DEBUG cotyledon.oslo_config_glue [-] ovn.ovn_dhcp6_global_options = {} {{(pid=103891) log_opt_values /opt/stack/data/venv/lib/python3.12/site-packages/oslo_config/cfg.py:3006}}
Apr 09 14:05:27.555885 np0000164514 neutron-periodic-workers[103891]: DEBUG cotyledon.oslo_config_glue [-] ovn.ovn_l3_scheduler = leastloaded {{(pid=103891) log_opt_values /opt/stack/data/venv/lib/python3.12/site-packages/oslo_config/cfg.py:3006}}
Apr 09 14:05:27.555885 np0000164514 neutron-periodic-workers[103891]: DEBUG cotyledon.oslo_config_glue [-] ovn.ovn_metadata_enabled = True {{(pid=103891) log_opt_values /opt/stack/data/venv/lib/python3.12/site-packages/oslo_config/cfg.py:3006}}
Apr 09 14:05:27.555885 np0000164514 neutron-periodic-workers[103891]: DEBUG cotyledon.oslo_config_glue [-] ovn.ovn_nb_ca_cert = /opt/stack/data/CA/int-ca/ca-chain.pem {{(pid=103891) log_opt_values /opt/stack/data/venv/lib/python3.12/site-packages/oslo_config/cfg.py:3006}}
Apr 09 14:05:27.555885 np0000164514 neutron-periodic-workers[103891]: DEBUG cotyledon.oslo_config_glue [-] ovn.ovn_nb_certificate = /opt/stack/data/CA/int-ca/devstack-cert.crt {{(pid=103891) log_opt_values /opt/stack/data/venv/lib/python3.12/site-packages/oslo_config/cfg.py:3006}}
Apr 09 14:05:27.555885 np0000164514 neutron-periodic-workers[103891]: DEBUG cotyledon.oslo_config_glue [-] ovn.ovn_nb_connection = ['ssl:199.204.45.89:6641'] {{(pid=103891) log_opt_values /opt/stack/data/venv/lib/python3.12/site-packages/oslo_config/cfg.py:3006}}
Apr 09 14:05:27.555885 np0000164514 neutron-periodic-workers[103891]: DEBUG cotyledon.oslo_config_glue [-] ovn.ovn_nb_private_key = /opt/stack/data/CA/int-ca/private/devstack-cert.key {{(pid=103891) log_opt_values /opt/stack/data/venv/lib/python3.12/site-packages/oslo_config/cfg.py:3006}}
Apr 09 14:05:27.555885 np0000164514 neutron-periodic-workers[103891]: DEBUG cotyledon.oslo_config_glue [-] ovn.ovn_router_indirect_snat = False {{(pid=103891) log_opt_values /opt/stack/data/venv/lib/python3.12/site-packages/oslo_config/cfg.py:3006}}
Apr 09 14:05:27.555885 np0000164514 neutron-periodic-workers[103891]: DEBUG cotyledon.oslo_config_glue [-] ovn.ovn_sb_ca_cert = /opt/stack/data/CA/int-ca/ca-chain.pem {{(pid=103891) log_opt_values /opt/stack/data/venv/lib/python3.12/site-packages/oslo_config/cfg.py:3006}}
Apr 09 14:05:27.556110 np0000164514 neutron-periodic-workers[103891]: DEBUG cotyledon.oslo_config_glue [-] ovn.ovn_sb_certificate = /opt/stack/data/CA/int-ca/devstack-cert.crt {{(pid=103891) log_opt_values /opt/stack/data/venv/lib/python3.12/site-packages/oslo_config/cfg.py:3006}}
Apr 09 14:05:27.556110 np0000164514 neutron-periodic-workers[103891]: DEBUG cotyledon.oslo_config_glue [-] ovn.ovn_sb_connection = ['ssl:199.204.45.89:6642'] {{(pid=103891) log_opt_values /opt/stack/data/venv/lib/python3.12/site-packages/oslo_config/cfg.py:3006}}
Apr 09 14:05:27.556110 np0000164514 neutron-periodic-workers[103891]: DEBUG cotyledon.oslo_config_glue [-] ovn.ovn_sb_private_key = /opt/stack/data/CA/int-ca/private/devstack-cert.key {{(pid=103891) log_opt_values /opt/stack/data/venv/lib/python3.12/site-packages/oslo_config/cfg.py:3006}}
Apr 09 14:05:27.556110 np0000164514 neutron-periodic-workers[103891]: DEBUG cotyledon.oslo_config_glue [-] ovn.ovs_create_tap = False {{(pid=103891) log_opt_values /opt/stack/data/venv/lib/python3.12/site-packages/oslo_config/cfg.py:3006}}
Apr 09 14:05:27.556110 np0000164514 neutron-periodic-workers[103891]: DEBUG cotyledon.oslo_config_glue [-] ovn.ovsdb_connection_timeout = 180 {{(pid=103891) log_opt_values /opt/stack/data/venv/lib/python3.12/site-packages/oslo_config/cfg.py:3006}}
Apr 09 14:05:27.556110 np0000164514 neutron-periodic-workers[103891]: DEBUG cotyledon.oslo_config_glue [-] ovn.ovsdb_log_level = INFO {{(pid=103891) log_opt_values /opt/stack/data/venv/lib/python3.12/site-packages/oslo_config/cfg.py:3006}}
Apr 09 14:05:27.556110 np0000164514 neutron-periodic-workers[103891]: DEBUG cotyledon.oslo_config_glue [-] ovn.ovsdb_probe_interval = 60000 {{(pid=103891) log_opt_values /opt/stack/data/venv/lib/python3.12/site-packages/oslo_config/cfg.py:3006}}
Apr 09 14:05:27.556110 np0000164514 neutron-periodic-workers[103891]: DEBUG cotyledon.oslo_config_glue [-] ovn.ovsdb_retry_max_interval = 180 {{(pid=103891) log_opt_values /opt/stack/data/venv/lib/python3.12/site-packages/oslo_config/cfg.py:3006}}
Apr 09 14:05:27.556110 np0000164514 neutron-periodic-workers[103891]: DEBUG cotyledon.oslo_config_glue [-] ovn.stateless_nat_enabled = False {{(pid=103891) log_opt_values /opt/stack/data/venv/lib/python3.12/site-packages/oslo_config/cfg.py:3006}}
Apr 09 14:05:27.556441 np0000164514 neutron-periodic-workers[103891]: DEBUG cotyledon.oslo_config_glue [-] ovn.vhost_sock_dir = /var/run/openvswitch {{(pid=103891) log_opt_values /opt/stack/data/venv/lib/python3.12/site-packages/oslo_config/cfg.py:3006}}
Apr 09 14:05:27.556441 np0000164514 neutron-periodic-workers[103891]: DEBUG cotyledon.oslo_config_glue [-] OVS.bridge_mac_table_size = 50000 {{(pid=103891) log_opt_values /opt/stack/data/venv/lib/python3.12/site-packages/oslo_config/cfg.py:3006}}
Apr 09 14:05:27.556441 np0000164514 neutron-periodic-workers[103891]: DEBUG cotyledon.oslo_config_glue [-] OVS.igmp_flood = False {{(pid=103891) log_opt_values /opt/stack/data/venv/lib/python3.12/site-packages/oslo_config/cfg.py:3006}}
Apr 09 14:05:27.556441 np0000164514 neutron-periodic-workers[103891]: DEBUG cotyledon.oslo_config_glue [-] OVS.igmp_flood_reports = True {{(pid=103891) log_opt_values /opt/stack/data/venv/lib/python3.12/site-packages/oslo_config/cfg.py:3006}}
Apr 09 14:05:27.556441 np0000164514 neutron-periodic-workers[103891]: DEBUG cotyledon.oslo_config_glue [-] OVS.igmp_flood_unregistered = False {{(pid=103891) log_opt_values /opt/stack/data/venv/lib/python3.12/site-packages/oslo_config/cfg.py:3006}}
Apr 09 14:05:27.556441 np0000164514 neutron-periodic-workers[103891]: DEBUG cotyledon.oslo_config_glue [-] OVS.igmp_snooping_enable = False {{(pid=103891) log_opt_values /opt/stack/data/venv/lib/python3.12/site-packages/oslo_config/cfg.py:3006}}
Apr 09 14:05:27.556441 np0000164514 neutron-periodic-workers[103891]: DEBUG cotyledon.oslo_config_glue [-] OVS.ovsdb_timeout = 10 {{(pid=103891) log_opt_values /opt/stack/data/venv/lib/python3.12/site-packages/oslo_config/cfg.py:3006}}
Apr 09 14:05:27.556441 np0000164514 neutron-periodic-workers[103891]: DEBUG cotyledon.oslo_config_glue [-] ovn_nb_global.fdb_removal_limit = 0 {{(pid=103891) log_opt_values /opt/stack/data/venv/lib/python3.12/site-packages/oslo_config/cfg.py:3006}}
Apr 09 14:05:27.556441 np0000164514 neutron-periodic-workers[103891]: DEBUG cotyledon.oslo_config_glue [-] ovn_nb_global.ignore_lsp_down = False {{(pid=103891) log_opt_values /opt/stack/data/venv/lib/python3.12/site-packages/oslo_config/cfg.py:3006}}
Apr 09 14:05:27.556783 np0000164514 neutron-periodic-workers[103891]: DEBUG cotyledon.oslo_config_glue [-] ovn_nb_global.mac_binding_removal_limit = 0 {{(pid=103891) log_opt_values /opt/stack/data/venv/lib/python3.12/site-packages/oslo_config/cfg.py:3006}}
Apr 09 14:05:27.556783 np0000164514 neutron-periodic-workers[103891]: DEBUG cotyledon.oslo_config_glue [-] ******************************************************************************** {{(pid=103891) log_opt_values /opt/stack/data/venv/lib/python3.12/site-packages/oslo_config/cfg.py:3013}}
Apr 09 14:05:27.556783 np0000164514 neutron-periodic-workers[103891]: DEBUG cotyledon._service_worker [-] Run service ServiceWrapper(0) [103891] {{(pid=103891) wait_forever /opt/stack/data/venv/lib/python3.12/site-packages/cotyledon/_service_worker.py:218}}
Apr 09 14:05:37.136266 np0000164514 neutron-periodic-workers[103219]: DEBUG dbcounter [-] [103219] Writing DB stats neutron:SELECT=4 {{(pid=103219) stat_writer /opt/stack/data/venv/lib/python3.12/site-packages/dbcounter.py:115}}
Apr 09 14:06:19.469614 np0000164514 neutron-periodic-workers[103863]: DEBUG oslo_db.sqlalchemy.engines [None req-d72c4e78-577f-4590-8381-e566a7c0651d None None] Parent process 103219 forked (103863) with an open database connection, which is being discarded and recreated. {{(pid=103863) checkout /opt/stack/data/venv/lib/python3.12/site-packages/oslo_db/sqlalchemy/engines.py:402}}
Apr 09 14:06:19.476536 np0000164514 neutron-periodic-workers[103863]: DEBUG dbcounter [-] [103863] Writer thread running {{(pid=103863) stat_writer /opt/stack/data/venv/lib/python3.12/site-packages/dbcounter.py:102}}
Apr 09 14:06:19.488280 np0000164514 neutron-periodic-workers[103863]: DEBUG oslo.service.backend._threading.loopingcall [None req-d72c4e78-577f-4590-8381-e566a7c0651d None None] Fixed interval looping call 'neutron.plugins.ml2.plugin.DhcpAgentSchedulerDbMixin.remove_networks_from_down_agents' sleeping for 36.97 seconds {{(pid=103863) _run_loop /opt/stack/data/venv/lib/python3.12/site-packages/oslo_service/backend/_threading/loopingcall.py:125}}
Apr 09 14:06:29.486820 np0000164514 neutron-periodic-workers[103863]: DEBUG dbcounter [-] [103863] Writing DB stats neutron:SELECT=3 {{(pid=103863) stat_writer /opt/stack/data/venv/lib/python3.12/site-packages/dbcounter.py:115}}
Apr 09 14:06:36.506373 np0000164514 neutron-periodic-workers[103872]: DEBUG dbcounter [-] [103872] Writer thread running {{(pid=103872) stat_writer /opt/stack/data/venv/lib/python3.12/site-packages/dbcounter.py:102}}
Apr 09 14:06:36.509464 np0000164514 neutron-periodic-workers[103872]: DEBUG neutron.db.agents_db [None req-2a5dbdb8-0506-4bc1-89e8-c10fc25d3114 None None] Agent healthcheck: found 0 active agents {{(pid=103872) agent_health_check /opt/stack/neutron/neutron/db/agents_db.py:317}}
Apr 09 14:06:36.509813 np0000164514 neutron-periodic-workers[103872]: DEBUG oslo.service.backend._threading.loopingcall [None req-2a5dbdb8-0506-4bc1-89e8-c10fc25d3114 None None] Fixed interval looping call 'neutron.plugins.ml2.plugin.AgentDbMixin.agent_health_check' sleeping for 36.98 seconds {{(pid=103872) _run_loop /opt/stack/data/venv/lib/python3.12/site-packages/oslo_service/backend/_threading/loopingcall.py:125}}
Apr 09 14:06:46.507343 np0000164514 neutron-periodic-workers[103872]: DEBUG dbcounter [-] [103872] Writing DB stats neutron:SELECT=1 {{(pid=103872) stat_writer /opt/stack/data/venv/lib/python3.12/site-packages/dbcounter.py:115}}
Apr 09 14:06:56.468175 np0000164514 neutron-periodic-workers[103863]: DEBUG oslo.service.backend._threading.loopingcall [None req-d72c4e78-577f-4590-8381-e566a7c0651d None None] Fixed interval looping call 'neutron.plugins.ml2.plugin.DhcpAgentSchedulerDbMixin.remove_networks_from_down_agents' sleeping for 36.99 seconds {{(pid=103863) _run_loop /opt/stack/data/venv/lib/python3.12/site-packages/oslo_service/backend/_threading/loopingcall.py:125}}
Apr 09 14:07:06.466894 np0000164514 neutron-periodic-workers[103863]: DEBUG dbcounter [-] [103863] Writing DB stats neutron:SELECT=3 {{(pid=103863) stat_writer /opt/stack/data/venv/lib/python3.12/site-packages/dbcounter.py:115}}
Apr 09 14:07:13.495878 np0000164514 neutron-periodic-workers[103872]: DEBUG neutron.db.agents_db [None req-2a5dbdb8-0506-4bc1-89e8-c10fc25d3114 None None] Agent healthcheck: found 0 active agents {{(pid=103872) agent_health_check /opt/stack/neutron/neutron/db/agents_db.py:317}}
Apr 09 14:07:13.496617 np0000164514 neutron-periodic-workers[103872]: DEBUG oslo.service.backend._threading.loopingcall [None req-2a5dbdb8-0506-4bc1-89e8-c10fc25d3114 None None] Fixed interval looping call 'neutron.plugins.ml2.plugin.AgentDbMixin.agent_health_check' sleeping for 36.99 seconds {{(pid=103872) _run_loop /opt/stack/data/venv/lib/python3.12/site-packages/oslo_service/backend/_threading/loopingcall.py:125}}
Apr 09 14:07:23.493966 np0000164514 neutron-periodic-workers[103872]: DEBUG dbcounter [-] [103872] Writing DB stats neutron:SELECT=1 {{(pid=103872) stat_writer /opt/stack/data/venv/lib/python3.12/site-packages/dbcounter.py:115}}
Apr 09 14:07:27.542003 np0000164514 neutron-periodic-workers[103885]: DEBUG dbcounter [-] [103885] Writer thread running {{(pid=103885) stat_writer /opt/stack/data/venv/lib/python3.12/site-packages/dbcounter.py:102}}
Apr 09 14:07:27.544579 np0000164514 neutron-periodic-workers[103885]: DEBUG oslo.service.backend._threading.loopingcall [None req-9023539c-374f-44b5-9d58-abe7cdedbbfd None None] Fixed interval looping call 'neutron.db.quota.driver_nolock.DbQuotaNoLockDriver._remove_expired_reservations' sleeping for 119.98 seconds {{(pid=103885) _run_loop /opt/stack/data/venv/lib/python3.12/site-packages/oslo_service/backend/_threading/loopingcall.py:125}}
Apr 09 14:07:33.470405 np0000164514 neutron-periodic-workers[103863]: DEBUG oslo.service.backend._threading.loopingcall [None req-d72c4e78-577f-4590-8381-e566a7c0651d None None] Fixed interval looping call 'neutron.plugins.ml2.plugin.DhcpAgentSchedulerDbMixin.remove_networks_from_down_agents' sleeping for 36.99 seconds {{(pid=103863) _run_loop /opt/stack/data/venv/lib/python3.12/site-packages/oslo_service/backend/_threading/loopingcall.py:125}}
Apr 09 14:07:37.542995 np0000164514 neutron-periodic-workers[103885]: DEBUG dbcounter [-] [103885] Writing DB stats neutron:DELETE=1 {{(pid=103885) stat_writer /opt/stack/data/venv/lib/python3.12/site-packages/dbcounter.py:115}}
Apr 09 14:07:43.469446 np0000164514 neutron-periodic-workers[103863]: DEBUG dbcounter [-] [103863] Writing DB stats neutron:SELECT=3 {{(pid=103863) stat_writer /opt/stack/data/venv/lib/python3.12/site-packages/dbcounter.py:115}}
Apr 09 14:07:44.562369 np0000164514 neutron-periodic-workers[103891]: DEBUG dbcounter [-] [103891] Writer thread running {{(pid=103891) stat_writer /opt/stack/data/venv/lib/python3.12/site-packages/dbcounter.py:102}}
Apr 09 14:07:44.577783 np0000164514 neutron-periodic-workers[103891]: DEBUG oslo.service.backend._threading.loopingcall [None req-25280924-f6a7-4de9-aa87-c42bd6739478 None None] Fixed interval looping call 'neutron.services.ovn_l3.plugin.L3_NAT_dbonly_mixin._clean_garbage' sleeping for 299.95 seconds {{(pid=103891) _run_loop /opt/stack/data/venv/lib/python3.12/site-packages/oslo_service/backend/_threading/loopingcall.py:125}}
Apr 09 14:07:50.493906 np0000164514 neutron-periodic-workers[103872]: DEBUG neutron.db.agents_db [None req-2a5dbdb8-0506-4bc1-89e8-c10fc25d3114 None None] Agent healthcheck: found 0 active agents {{(pid=103872) agent_health_check /opt/stack/neutron/neutron/db/agents_db.py:317}}
Apr 09 14:07:50.493906 np0000164514 neutron-periodic-workers[103872]: DEBUG oslo.service.backend._threading.loopingcall [None req-2a5dbdb8-0506-4bc1-89e8-c10fc25d3114 None None] Fixed interval looping call 'neutron.plugins.ml2.plugin.AgentDbMixin.agent_health_check' sleeping for 36.99 seconds {{(pid=103872) _run_loop /opt/stack/data/venv/lib/python3.12/site-packages/oslo_service/backend/_threading/loopingcall.py:125}}
Apr 09 14:07:54.562983 np0000164514 neutron-periodic-workers[103891]: DEBUG dbcounter [-] [103891] Writing DB stats neutron:SELECT=1 {{(pid=103891) stat_writer /opt/stack/data/venv/lib/python3.12/site-packages/dbcounter.py:115}}
Apr 09 14:08:00.491270 np0000164514 neutron-periodic-workers[103872]: DEBUG dbcounter [-] [103872] Writing DB stats neutron:SELECT=1 {{(pid=103872) stat_writer /opt/stack/data/venv/lib/python3.12/site-packages/dbcounter.py:115}}
Apr 09 14:08:10.469885 np0000164514 neutron-periodic-workers[103863]: DEBUG oslo.service.backend._threading.loopingcall [None req-d72c4e78-577f-4590-8381-e566a7c0651d None None] Fixed interval looping call 'neutron.plugins.ml2.plugin.DhcpAgentSchedulerDbMixin.remove_networks_from_down_agents' sleeping for 36.99 seconds {{(pid=103863) _run_loop /opt/stack/data/venv/lib/python3.12/site-packages/oslo_service/backend/_threading/loopingcall.py:125}}
Apr 09 14:08:20.469766 np0000164514 neutron-periodic-workers[103863]: DEBUG dbcounter [-] [103863] Writing DB stats neutron:SELECT=3 {{(pid=103863) stat_writer /opt/stack/data/venv/lib/python3.12/site-packages/dbcounter.py:115}}
Apr 09 14:08:27.487528 np0000164514 neutron-periodic-workers[103872]: DEBUG neutron.db.agents_db [None req-2a5dbdb8-0506-4bc1-89e8-c10fc25d3114 None None] Agent healthcheck: found 0 active agents {{(pid=103872) agent_health_check /opt/stack/neutron/neutron/db/agents_db.py:317}}
Apr 09 14:08:27.487887 np0000164514 neutron-periodic-workers[103872]: DEBUG oslo.service.backend._threading.loopingcall [None req-2a5dbdb8-0506-4bc1-89e8-c10fc25d3114 None None] Fixed interval looping call 'neutron.plugins.ml2.plugin.AgentDbMixin.agent_health_check' sleeping for 37.00 seconds {{(pid=103872) _run_loop /opt/stack/data/venv/lib/python3.12/site-packages/oslo_service/backend/_threading/loopingcall.py:125}}
Apr 09 14:08:37.486687 np0000164514 neutron-periodic-workers[103872]: DEBUG dbcounter [-] [103872] Writing DB stats neutron:SELECT=1 {{(pid=103872) stat_writer /opt/stack/data/venv/lib/python3.12/site-packages/dbcounter.py:115}}
Apr 09 14:08:47.466169 np0000164514 neutron-periodic-workers[103863]: DEBUG oslo.service.backend._threading.loopingcall [None req-d72c4e78-577f-4590-8381-e566a7c0651d None None] Fixed interval looping call 'neutron.plugins.ml2.plugin.DhcpAgentSchedulerDbMixin.remove_networks_from_down_agents' sleeping for 36.99 seconds {{(pid=103863) _run_loop /opt/stack/data/venv/lib/python3.12/site-packages/oslo_service/backend/_threading/loopingcall.py:125}}
Apr 09 14:08:57.465295 np0000164514 neutron-periodic-workers[103863]: DEBUG dbcounter [-] [103863] Writing DB stats neutron:SELECT=3 {{(pid=103863) stat_writer /opt/stack/data/venv/lib/python3.12/site-packages/dbcounter.py:115}}
Apr 09 14:09:04.494097 np0000164514 neutron-periodic-workers[103872]: DEBUG neutron.db.agents_db [None req-2a5dbdb8-0506-4bc1-89e8-c10fc25d3114 None None] Agent healthcheck: found 0 active agents {{(pid=103872) agent_health_check /opt/stack/neutron/neutron/db/agents_db.py:317}}
Apr 09 14:09:04.494849 np0000164514 neutron-periodic-workers[103872]: DEBUG oslo.service.backend._threading.loopingcall [None req-2a5dbdb8-0506-4bc1-89e8-c10fc25d3114 None None] Fixed interval looping call 'neutron.plugins.ml2.plugin.AgentDbMixin.agent_health_check' sleeping for 36.99 seconds {{(pid=103872) _run_loop /opt/stack/data/venv/lib/python3.12/site-packages/oslo_service/backend/_threading/loopingcall.py:125}}
Apr 09 14:09:14.491593 np0000164514 neutron-periodic-workers[103872]: DEBUG dbcounter [-] [103872] Writing DB stats neutron:SELECT=1 {{(pid=103872) stat_writer /opt/stack/data/venv/lib/python3.12/site-packages/dbcounter.py:115}}
Apr 09 14:09:24.464907 np0000164514 neutron-periodic-workers[103863]: DEBUG oslo.service.backend._threading.loopingcall [None req-d72c4e78-577f-4590-8381-e566a7c0651d None None] Fixed interval looping call 'neutron.plugins.ml2.plugin.DhcpAgentSchedulerDbMixin.remove_networks_from_down_agents' sleeping for 36.99 seconds {{(pid=103863) _run_loop /opt/stack/data/venv/lib/python3.12/site-packages/oslo_service/backend/_threading/loopingcall.py:125}}
Apr 09 14:09:27.533132 np0000164514 neutron-periodic-workers[103885]: DEBUG oslo.service.backend._threading.loopingcall [None req-9023539c-374f-44b5-9d58-abe7cdedbbfd None None] Fixed interval looping call 'neutron.db.quota.driver_nolock.DbQuotaNoLockDriver._remove_expired_reservations' sleeping for 119.99 seconds {{(pid=103885) _run_loop /opt/stack/data/venv/lib/python3.12/site-packages/oslo_service/backend/_threading/loopingcall.py:125}}
Apr 09 14:09:34.463980 np0000164514 neutron-periodic-workers[103863]: DEBUG dbcounter [-] [103863] Writing DB stats neutron:SELECT=3 {{(pid=103863) stat_writer /opt/stack/data/venv/lib/python3.12/site-packages/dbcounter.py:115}}
Apr 09 14:09:37.529657 np0000164514 neutron-periodic-workers[103885]: DEBUG dbcounter [-] [103885] Writing DB stats neutron:DELETE=1 {{(pid=103885) stat_writer /opt/stack/data/venv/lib/python3.12/site-packages/dbcounter.py:115}}
Apr 09 14:09:41.490129 np0000164514 neutron-periodic-workers[103872]: DEBUG neutron.db.agents_db [None req-2a5dbdb8-0506-4bc1-89e8-c10fc25d3114 None None] Agent healthcheck: found 0 active agents {{(pid=103872) agent_health_check /opt/stack/neutron/neutron/db/agents_db.py:317}}
Apr 09 14:09:41.490851 np0000164514 neutron-periodic-workers[103872]: DEBUG oslo.service.backend._threading.loopingcall [None req-2a5dbdb8-0506-4bc1-89e8-c10fc25d3114 None None] Fixed interval looping call 'neutron.plugins.ml2.plugin.AgentDbMixin.agent_health_check' sleeping for 36.99 seconds {{(pid=103872) _run_loop /opt/stack/data/venv/lib/python3.12/site-packages/oslo_service/backend/_threading/loopingcall.py:125}}
Apr 09 14:09:51.488908 np0000164514 neutron-periodic-workers[103872]: DEBUG dbcounter [-] [103872] Writing DB stats neutron:SELECT=1 {{(pid=103872) stat_writer /opt/stack/data/venv/lib/python3.12/site-packages/dbcounter.py:115}}
Apr 09 14:10:01.463892 np0000164514 neutron-periodic-workers[103863]: DEBUG oslo.service.backend._threading.loopingcall [None req-d72c4e78-577f-4590-8381-e566a7c0651d None None] Fixed interval looping call 'neutron.plugins.ml2.plugin.DhcpAgentSchedulerDbMixin.remove_networks_from_down_agents' sleeping for 36.99 seconds {{(pid=103863) _run_loop /opt/stack/data/venv/lib/python3.12/site-packages/oslo_service/backend/_threading/loopingcall.py:125}}
Apr 09 14:10:11.463658 np0000164514 neutron-periodic-workers[103863]: DEBUG dbcounter [-] [103863] Writing DB stats neutron:SELECT=3 {{(pid=103863) stat_writer /opt/stack/data/venv/lib/python3.12/site-packages/dbcounter.py:115}}
Apr 09 14:10:18.485764 np0000164514 neutron-periodic-workers[103872]: DEBUG neutron.db.agents_db [None req-2a5dbdb8-0506-4bc1-89e8-c10fc25d3114 None None] Agent healthcheck: found 0 active agents {{(pid=103872) agent_health_check /opt/stack/neutron/neutron/db/agents_db.py:317}}
Apr 09 14:10:18.486634 np0000164514 neutron-periodic-workers[103872]: DEBUG oslo.service.backend._threading.loopingcall [None req-2a5dbdb8-0506-4bc1-89e8-c10fc25d3114 None None] Fixed interval looping call 'neutron.plugins.ml2.plugin.AgentDbMixin.agent_health_check' sleeping for 36.99 seconds {{(pid=103872) _run_loop /opt/stack/data/venv/lib/python3.12/site-packages/oslo_service/backend/_threading/loopingcall.py:125}}
Apr 09 14:10:28.483925 np0000164514 neutron-periodic-workers[103872]: DEBUG dbcounter [-] [103872] Writing DB stats neutron:SELECT=1 {{(pid=103872) stat_writer /opt/stack/data/venv/lib/python3.12/site-packages/dbcounter.py:115}}
Apr 09 14:10:38.462904 np0000164514 neutron-periodic-workers[103863]: DEBUG oslo.service.backend._threading.loopingcall [None req-d72c4e78-577f-4590-8381-e566a7c0651d None None] Fixed interval looping call 'neutron.plugins.ml2.plugin.DhcpAgentSchedulerDbMixin.remove_networks_from_down_agents' sleeping for 36.99 seconds {{(pid=103863) _run_loop /opt/stack/data/venv/lib/python3.12/site-packages/oslo_service/backend/_threading/loopingcall.py:125}}
Apr 09 14:10:48.462089 np0000164514 neutron-periodic-workers[103863]: DEBUG dbcounter [-] [103863] Writing DB stats neutron:SELECT=3 {{(pid=103863) stat_writer /opt/stack/data/venv/lib/python3.12/site-packages/dbcounter.py:115}}
Apr 09 14:10:55.480195 np0000164514 neutron-periodic-workers[103872]: DEBUG neutron.db.agents_db [None req-2a5dbdb8-0506-4bc1-89e8-c10fc25d3114 None None] Agent healthcheck: found 0 active agents {{(pid=103872) agent_health_check /opt/stack/neutron/neutron/db/agents_db.py:317}}
Apr 09 14:10:55.480862 np0000164514 neutron-periodic-workers[103872]: DEBUG oslo.service.backend._threading.loopingcall [None req-2a5dbdb8-0506-4bc1-89e8-c10fc25d3114 None None] Fixed interval looping call 'neutron.plugins.ml2.plugin.AgentDbMixin.agent_health_check' sleeping for 37.00 seconds {{(pid=103872) _run_loop /opt/stack/data/venv/lib/python3.12/site-packages/oslo_service/backend/_threading/loopingcall.py:125}}
Apr 09 14:11:05.479118 np0000164514 neutron-periodic-workers[103872]: DEBUG dbcounter [-] [103872] Writing DB stats neutron:SELECT=1 {{(pid=103872) stat_writer /opt/stack/data/venv/lib/python3.12/site-packages/dbcounter.py:115}}
Apr 09 14:11:15.462435 np0000164514 neutron-periodic-workers[103863]: DEBUG oslo.service.backend._threading.loopingcall [None req-d72c4e78-577f-4590-8381-e566a7c0651d None None] Fixed interval looping call 'neutron.plugins.ml2.plugin.DhcpAgentSchedulerDbMixin.remove_networks_from_down_agents' sleeping for 36.99 seconds {{(pid=103863) _run_loop /opt/stack/data/venv/lib/python3.12/site-packages/oslo_service/backend/_threading/loopingcall.py:125}}
Apr 09 14:11:25.461824 np0000164514 neutron-periodic-workers[103863]: DEBUG dbcounter [-] [103863] Writing DB stats neutron:SELECT=3 {{(pid=103863) stat_writer /opt/stack/data/venv/lib/python3.12/site-packages/dbcounter.py:115}}
Apr 09 14:11:27.529604 np0000164514 neutron-periodic-workers[103885]: DEBUG oslo.service.backend._threading.loopingcall [None req-9023539c-374f-44b5-9d58-abe7cdedbbfd None None] Fixed interval looping call 'neutron.db.quota.driver_nolock.DbQuotaNoLockDriver._remove_expired_reservations' sleeping for 119.99 seconds {{(pid=103885) _run_loop /opt/stack/data/venv/lib/python3.12/site-packages/oslo_service/backend/_threading/loopingcall.py:125}}
Apr 09 14:11:32.484977 np0000164514 neutron-periodic-workers[103872]: DEBUG neutron.db.agents_db [None req-2a5dbdb8-0506-4bc1-89e8-c10fc25d3114 None None] Agent healthcheck: found 0 active agents {{(pid=103872) agent_health_check /opt/stack/neutron/neutron/db/agents_db.py:317}}
Apr 09 14:11:32.485386 np0000164514 neutron-periodic-workers[103872]: DEBUG oslo.service.backend._threading.loopingcall [None req-2a5dbdb8-0506-4bc1-89e8-c10fc25d3114 None None] Fixed interval looping call 'neutron.plugins.ml2.plugin.AgentDbMixin.agent_health_check' sleeping for 37.00 seconds {{(pid=103872) _run_loop /opt/stack/data/venv/lib/python3.12/site-packages/oslo_service/backend/_threading/loopingcall.py:125}}
Apr 09 14:11:37.528086 np0000164514 neutron-periodic-workers[103885]: DEBUG dbcounter [-] [103885] Writing DB stats neutron:DELETE=1 {{(pid=103885) stat_writer /opt/stack/data/venv/lib/python3.12/site-packages/dbcounter.py:115}}
Apr 09 14:11:42.484231 np0000164514 neutron-periodic-workers[103872]: DEBUG dbcounter [-] [103872] Writing DB stats neutron:SELECT=1 {{(pid=103872) stat_writer /opt/stack/data/venv/lib/python3.12/site-packages/dbcounter.py:115}}
Apr 09 14:11:52.460070 np0000164514 neutron-periodic-workers[103863]: DEBUG oslo.service.backend._threading.loopingcall [None req-d72c4e78-577f-4590-8381-e566a7c0651d None None] Fixed interval looping call 'neutron.plugins.ml2.plugin.DhcpAgentSchedulerDbMixin.remove_networks_from_down_agents' sleeping for 36.99 seconds {{(pid=103863) _run_loop /opt/stack/data/venv/lib/python3.12/site-packages/oslo_service/backend/_threading/loopingcall.py:125}}
Apr 09 14:12:02.459283 np0000164514 neutron-periodic-workers[103863]: DEBUG dbcounter [-] [103863] Writing DB stats neutron:SELECT=3 {{(pid=103863) stat_writer /opt/stack/data/venv/lib/python3.12/site-packages/dbcounter.py:115}}
Apr 09 14:12:09.490550 np0000164514 neutron-periodic-workers[103872]: DEBUG neutron.db.agents_db [None req-2a5dbdb8-0506-4bc1-89e8-c10fc25d3114 None None] Agent healthcheck: found 0 active agents {{(pid=103872) agent_health_check /opt/stack/neutron/neutron/db/agents_db.py:317}}
Apr 09 14:12:09.491720 np0000164514 neutron-periodic-workers[103872]: DEBUG oslo.service.backend._threading.loopingcall [None req-2a5dbdb8-0506-4bc1-89e8-c10fc25d3114 None None] Fixed interval looping call 'neutron.plugins.ml2.plugin.AgentDbMixin.agent_health_check' sleeping for 36.99 seconds {{(pid=103872) _run_loop /opt/stack/data/venv/lib/python3.12/site-packages/oslo_service/backend/_threading/loopingcall.py:125}}
Apr 09 14:12:19.488745 np0000164514 neutron-periodic-workers[103872]: DEBUG dbcounter [-] [103872] Writing DB stats neutron:SELECT=1 {{(pid=103872) stat_writer /opt/stack/data/venv/lib/python3.12/site-packages/dbcounter.py:115}}
Apr 09 14:12:29.458068 np0000164514 neutron-periodic-workers[103863]: DEBUG oslo.service.backend._threading.loopingcall [None req-d72c4e78-577f-4590-8381-e566a7c0651d None None] Fixed interval looping call 'neutron.plugins.ml2.plugin.DhcpAgentSchedulerDbMixin.remove_networks_from_down_agents' sleeping for 36.99 seconds {{(pid=103863) _run_loop /opt/stack/data/venv/lib/python3.12/site-packages/oslo_service/backend/_threading/loopingcall.py:125}}
Apr 09 14:12:39.457329 np0000164514 neutron-periodic-workers[103863]: DEBUG dbcounter [-] [103863] Writing DB stats neutron:SELECT=3 {{(pid=103863) stat_writer /opt/stack/data/venv/lib/python3.12/site-packages/dbcounter.py:115}}
Apr 09 14:12:44.537610 np0000164514 neutron-periodic-workers[103891]: DEBUG oslo.service.backend._threading.loopingcall [None req-25280924-f6a7-4de9-aa87-c42bd6739478 None None] Fixed interval looping call 'neutron.services.ovn_l3.plugin.L3_NAT_dbonly_mixin._clean_garbage' sleeping for 299.99 seconds {{(pid=103891) _run_loop /opt/stack/data/venv/lib/python3.12/site-packages/oslo_service/backend/_threading/loopingcall.py:125}}
Apr 09 14:12:46.485250 np0000164514 neutron-periodic-workers[103872]: DEBUG neutron.db.agents_db [None req-2a5dbdb8-0506-4bc1-89e8-c10fc25d3114 None None] Agent healthcheck: found 0 active agents {{(pid=103872) agent_health_check /opt/stack/neutron/neutron/db/agents_db.py:317}}
Apr 09 14:12:46.485783 np0000164514 neutron-periodic-workers[103872]: DEBUG oslo.service.backend._threading.loopingcall [None req-2a5dbdb8-0506-4bc1-89e8-c10fc25d3114 None None] Fixed interval looping call 'neutron.plugins.ml2.plugin.AgentDbMixin.agent_health_check' sleeping for 37.00 seconds {{(pid=103872) _run_loop /opt/stack/data/venv/lib/python3.12/site-packages/oslo_service/backend/_threading/loopingcall.py:125}}
Apr 09 14:12:54.531537 np0000164514 neutron-periodic-workers[103891]: DEBUG dbcounter [-] [103891] Writing DB stats neutron:SELECT=1 {{(pid=103891) stat_writer /opt/stack/data/venv/lib/python3.12/site-packages/dbcounter.py:115}}
Apr 09 14:12:56.484266 np0000164514 neutron-periodic-workers[103872]: DEBUG dbcounter [-] [103872] Writing DB stats neutron:SELECT=1 {{(pid=103872) stat_writer /opt/stack/data/venv/lib/python3.12/site-packages/dbcounter.py:115}}
Apr 09 14:13:06.460173 np0000164514 neutron-periodic-workers[103863]: DEBUG oslo.service.backend._threading.loopingcall [None req-d72c4e78-577f-4590-8381-e566a7c0651d None None] Fixed interval looping call 'neutron.plugins.ml2.plugin.DhcpAgentSchedulerDbMixin.remove_networks_from_down_agents' sleeping for 36.99 seconds {{(pid=103863) _run_loop /opt/stack/data/venv/lib/python3.12/site-packages/oslo_service/backend/_threading/loopingcall.py:125}}
Apr 09 14:13:16.459263 np0000164514 neutron-periodic-workers[103863]: DEBUG dbcounter [-] [103863] Writing DB stats neutron:SELECT=3 {{(pid=103863) stat_writer /opt/stack/data/venv/lib/python3.12/site-packages/dbcounter.py:115}}
Apr 09 14:13:23.489983 np0000164514 neutron-periodic-workers[103872]: DEBUG neutron.db.agents_db [None req-2a5dbdb8-0506-4bc1-89e8-c10fc25d3114 None None] Agent healthcheck: found 0 active agents {{(pid=103872) agent_health_check /opt/stack/neutron/neutron/db/agents_db.py:317}}
Apr 09 14:13:23.490568 np0000164514 neutron-periodic-workers[103872]: DEBUG oslo.service.backend._threading.loopingcall [None req-2a5dbdb8-0506-4bc1-89e8-c10fc25d3114 None None] Fixed interval looping call 'neutron.plugins.ml2.plugin.AgentDbMixin.agent_health_check' sleeping for 37.00 seconds {{(pid=103872) _run_loop /opt/stack/data/venv/lib/python3.12/site-packages/oslo_service/backend/_threading/loopingcall.py:125}}
Apr 09 14:13:27.524991 np0000164514 neutron-periodic-workers[103885]: DEBUG oslo.service.backend._threading.loopingcall [None req-9023539c-374f-44b5-9d58-abe7cdedbbfd None None] Fixed interval looping call 'neutron.db.quota.driver_nolock.DbQuotaNoLockDriver._remove_expired_reservations' sleeping for 120.00 seconds {{(pid=103885) _run_loop /opt/stack/data/venv/lib/python3.12/site-packages/oslo_service/backend/_threading/loopingcall.py:125}}
Apr 09 14:13:33.488581 np0000164514 neutron-periodic-workers[103872]: DEBUG dbcounter [-] [103872] Writing DB stats neutron:SELECT=1 {{(pid=103872) stat_writer /opt/stack/data/venv/lib/python3.12/site-packages/dbcounter.py:115}}
Apr 09 14:13:37.524367 np0000164514 neutron-periodic-workers[103885]: DEBUG dbcounter [-] [103885] Writing DB stats neutron:DELETE=1 {{(pid=103885) stat_writer /opt/stack/data/venv/lib/python3.12/site-packages/dbcounter.py:115}}
Apr 09 14:13:43.457655 np0000164514 neutron-periodic-workers[103863]: DEBUG oslo.service.backend._threading.loopingcall [None req-d72c4e78-577f-4590-8381-e566a7c0651d None None] Fixed interval looping call 'neutron.plugins.ml2.plugin.DhcpAgentSchedulerDbMixin.remove_networks_from_down_agents' sleeping for 36.99 seconds {{(pid=103863) _run_loop /opt/stack/data/venv/lib/python3.12/site-packages/oslo_service/backend/_threading/loopingcall.py:125}}
Apr 09 14:13:53.456818 np0000164514 neutron-periodic-workers[103863]: DEBUG dbcounter [-] [103863] Writing DB stats neutron:SELECT=3 {{(pid=103863) stat_writer /opt/stack/data/venv/lib/python3.12/site-packages/dbcounter.py:115}}
Apr 09 14:14:00.493378 np0000164514 neutron-periodic-workers[103872]: DEBUG neutron.db.agents_db [None req-2a5dbdb8-0506-4bc1-89e8-c10fc25d3114 None None] Agent healthcheck: found 0 active agents {{(pid=103872) agent_health_check /opt/stack/neutron/neutron/db/agents_db.py:317}}
Apr 09 14:14:00.494135 np0000164514 neutron-periodic-workers[103872]: DEBUG oslo.service.backend._threading.loopingcall [None req-2a5dbdb8-0506-4bc1-89e8-c10fc25d3114 None None] Fixed interval looping call 'neutron.plugins.ml2.plugin.AgentDbMixin.agent_health_check' sleeping for 37.00 seconds {{(pid=103872) _run_loop /opt/stack/data/venv/lib/python3.12/site-packages/oslo_service/backend/_threading/loopingcall.py:125}}
Apr 09 14:14:10.492750 np0000164514 neutron-periodic-workers[103872]: DEBUG dbcounter [-] [103872] Writing DB stats neutron:SELECT=1 {{(pid=103872) stat_writer /opt/stack/data/venv/lib/python3.12/site-packages/dbcounter.py:115}}
Apr 09 14:14:20.463450 np0000164514 neutron-periodic-workers[103863]: DEBUG oslo.service.backend._threading.loopingcall [None req-d72c4e78-577f-4590-8381-e566a7c0651d None None] Fixed interval looping call 'neutron.plugins.ml2.plugin.DhcpAgentSchedulerDbMixin.remove_networks_from_down_agents' sleeping for 36.99 seconds {{(pid=103863) _run_loop /opt/stack/data/venv/lib/python3.12/site-packages/oslo_service/backend/_threading/loopingcall.py:125}}
Apr 09 14:14:30.460546 np0000164514 neutron-periodic-workers[103863]: DEBUG dbcounter [-] [103863] Writing DB stats neutron:SELECT=3 {{(pid=103863) stat_writer /opt/stack/data/venv/lib/python3.12/site-packages/dbcounter.py:115}}
Apr 09 14:14:37.498798 np0000164514 neutron-periodic-workers[103872]: DEBUG neutron.db.agents_db [None req-2a5dbdb8-0506-4bc1-89e8-c10fc25d3114 None None] Agent healthcheck: found 0 active agents {{(pid=103872) agent_health_check /opt/stack/neutron/neutron/db/agents_db.py:317}}
Apr 09 14:14:37.499329 np0000164514 neutron-periodic-workers[103872]: DEBUG oslo.service.backend._threading.loopingcall [None req-2a5dbdb8-0506-4bc1-89e8-c10fc25d3114 None None] Fixed interval looping call 'neutron.plugins.ml2.plugin.AgentDbMixin.agent_health_check' sleeping for 37.00 seconds {{(pid=103872) _run_loop /opt/stack/data/venv/lib/python3.12/site-packages/oslo_service/backend/_threading/loopingcall.py:125}}
Apr 09 14:14:47.498435 np0000164514 neutron-periodic-workers[103872]: DEBUG dbcounter [-] [103872] Writing DB stats neutron:SELECT=1 {{(pid=103872) stat_writer /opt/stack/data/venv/lib/python3.12/site-packages/dbcounter.py:115}}
Apr 09 14:14:57.464910 np0000164514 neutron-periodic-workers[103863]: DEBUG oslo.service.backend._threading.loopingcall [None req-d72c4e78-577f-4590-8381-e566a7c0651d None None] Fixed interval looping call 'neutron.plugins.ml2.plugin.DhcpAgentSchedulerDbMixin.remove_networks_from_down_agents' sleeping for 36.99 seconds {{(pid=103863) _run_loop /opt/stack/data/venv/lib/python3.12/site-packages/oslo_service/backend/_threading/loopingcall.py:125}}
Apr 09 14:15:07.464023 np0000164514 neutron-periodic-workers[103863]: DEBUG dbcounter [-] [103863] Writing DB stats neutron:SELECT=3 {{(pid=103863) stat_writer /opt/stack/data/venv/lib/python3.12/site-packages/dbcounter.py:115}}
Apr 09 14:15:14.504977 np0000164514 neutron-periodic-workers[103872]: DEBUG neutron.db.agents_db [None req-2a5dbdb8-0506-4bc1-89e8-c10fc25d3114 None None] Agent healthcheck: found 0 active agents {{(pid=103872) agent_health_check /opt/stack/neutron/neutron/db/agents_db.py:317}}
Apr 09 14:15:14.505795 np0000164514 neutron-periodic-workers[103872]: DEBUG oslo.service.backend._threading.loopingcall [None req-2a5dbdb8-0506-4bc1-89e8-c10fc25d3114 None None] Fixed interval looping call 'neutron.plugins.ml2.plugin.AgentDbMixin.agent_health_check' sleeping for 36.99 seconds {{(pid=103872) _run_loop /opt/stack/data/venv/lib/python3.12/site-packages/oslo_service/backend/_threading/loopingcall.py:125}}
