2026-06-30 10:16:09.009 13 ERROR oslo_messaging.rpc.server ^^^^^^^^^^^^^^^^^^
2026-06-30 10:16:09.009 13 ERROR oslo_messaging.rpc.server
File "/var/lib/openstack/lib/python3.12/site-packages/oslo_db/api.py", line 144, in wrapper
2026-06-30 10:16:09.009 13 ERROR oslo_messaging.rpc.server with excutils.save_and_reraise_exception() as ectxt:
2026-06-30 10:16:09.009 13 ERROR oslo_messaging.rpc.server
File "/var/lib/openstack/lib/python3.12/site-packages/oslo_utils/excutils.py", line 227, in __exit__
2026-06-30 10:16:09.009 13 ERROR oslo_messaging.rpc.server self.force_reraise()
2026-06-30 10:16:09.009 13 ERROR oslo_messaging.rpc.server
File "/var/lib/openstack/lib/python3.12/site-packages/oslo_utils/excutils.py", line 200, in force_reraise
2026-06-30 10:16:09.009 13 ERROR oslo_messaging.rpc.server raise self.value
2026-06-30 10:16:09.009 13 ERROR oslo_messaging.rpc.server
File "/var/lib/openstack/lib/python3.12/site-packages/oslo_db/api.py", line 142, in wrapper
2026-06-30 10:16:09.009 13 ERROR oslo_messaging.rpc.server return f(*args, **kwargs)
2026-06-30 10:16:09.009 13 ERROR oslo_messaging.rpc.server ^^^^^^^^^^^^^^^^^^
2026-06-30 10:16:09.009 13 ERROR oslo_messaging.rpc.server
File "/var/lib/openstack/lib/python3.12/site-packages/neutron_lib/db/api.py", line 183, in wrapped
2026-06-30 10:16:09.009 13 ERROR oslo_messaging.rpc.server with excutils.save_and_reraise_exception():
2026-06-30 10:16:09.009 13 ERROR oslo_messaging.rpc.server
File "/var/lib/openstack/lib/python3.12/site-packages/oslo_utils/excutils.py", line 227, in __exit__
2026-06-30 10:16:09.009 13 ERROR oslo_messaging.rpc.server self.force_reraise()
2026-06-30 10:16:09.009 13 ERROR oslo_messaging.rpc.server
File "/var/lib/openstack/lib/python3.12/site-packages/oslo_utils/excutils.py", line 200, in force_reraise
2026-06-30 10:16:09.009 13 ERROR oslo_messaging.rpc.server raise self.value
2026-06-30 10:16:09.009 13 ERROR oslo_messaging.rpc.server
File "/var/lib/openstack/lib/python3.12/site-packages/neutron_lib/db/api.py", line 181, in wrapped
2026-06-30 10:16:09.009 13 ERROR oslo_messaging.rpc.server return f(*dup_args, **dup_kwargs)
2026-06-30 10:16:09.009 13 ERROR oslo_messaging.rpc.server ^^^^^^^^^^^^^^^^^^^^^^^^^^
2026-06-30 10:16:09.009 13 ERROR oslo_messaging.rpc.server
File "/var/lib/openstack/lib/python3.12/site-packages/oslo_db/sqlalchemy/enginefacade.py", line 1183, in wrapper
2026-06-30 10:16:09.009 13 ERROR oslo_messaging.rpc.server return fn(*args, **kwargs)
2026-06-30 10:16:09.009 13 ERROR oslo_messaging.rpc.server ^^^^^^^^^^^^^^^^^^^
2026-06-30 10:16:09.009 13 ERROR oslo_messaging.rpc.server
File "/var/lib/openstack/lib/python3.12/site-packages/neutron/db/db_base_plugin_v2.py", line 1664, in get_port
2026-06-30 10:16:09.009 13 ERROR oslo_messaging.rpc.server port = self._get_port(context, id, lazy_fields=lazy_fields)
2026-06-30 10:16:09.009 13 ERROR oslo_messaging.rpc.server ^^^^^^^^^^^^^^^^^^^^^^^^^^^^^^^^^^^^^^^^^^^^^^^^^^^^
2026-06-30 10:16:09.009 13 ERROR oslo_messaging.rpc.server
File "/var/lib/openstack/lib/python3.12/site-packages/oslo_db/sqlalchemy/enginefacade.py", line 1183, in wrapper
2026-06-30 10:16:09.009 13 ERROR oslo_messaging.rpc.server return fn(*args, **kwargs)
2026-06-30 10:16:09.009 13 ERROR oslo_messaging.rpc.server ^^^^^^^^^^^^^^^^^^^
2026-06-30 10:16:09.009 13 ERROR oslo_messaging.rpc.server
File "/var/lib/openstack/lib/python3.12/site-packages/neutron/db/db_base_plugin_common.py", line 295, in _get_port
2026-06-30 10:16:09.009 13 ERROR oslo_messaging.rpc.server raise exceptions.PortNotFound(port_id=id)
2026-06-30 10:16:09.009 13 ERROR oslo_messaging.rpc.server neutron_lib.exceptions.PortNotFound: Port c35a65c6-8172-4541-87d7-daf69939b7ac could not be found.
2026-06-30 10:16:09.009 13 ERROR oslo_messaging.rpc.server
2026-06-30 10:16:17.294 16 INFO neutron.plugins.ml2.plugin [None req-d97c07bf-8e6f-4760-9879-cd14b500801c - - - - - -] Attempt 1 to provision port 6a7ae605-b847-4d19-87f4-3158adcfd53d
2026-06-30 10:16:17.889 16 INFO neutron.plugins.ml2.plugin [None req-af9f77b8-2fad-4bc4-b5d6-618ab6a68e3a - - - - - -] Attempt 1 to provision port 6a7ae605-b847-4d19-87f4-3158adcfd53d
2026-06-30 10:16:19.199 13 INFO neutron.plugins.ml2.plugin [None req-d97c07bf-8e6f-4760-9879-cd14b500801c - - - - - -] Attempt 1 to provision port 6a7ae605-b847-4d19-87f4-3158adcfd53d
2026-06-30 10:16:21.307 16 INFO neutron.plugins.ml2.plugin [None req-d97c07bf-8e6f-4760-9879-cd14b500801c - - - - - -] Attempt 1 to provision port fb520ae0-4e41-4d2c-89f6-b6b372cbcecd
2026-06-30 10:16:25.218 16 INFO neutron.plugins.ml2.plugin [None req-d97c07bf-8e6f-4760-9879-cd14b500801c - - - - - -] Attempt 1 to provision port 55b4a8a4-8ceb-4b87-b284-d0c4f4bda7a6
2026-06-30 10:16:31.285 16 INFO neutron.plugins.ml2.plugin [None req-d97c07bf-8e6f-4760-9879-cd14b500801c - - - - - -] Attempt 1 to provision port ea3f2691-9869-403a-86ee-4898f69ce7a0
2026-06-30 10:16:36.804 16 INFO neutron.plugins.ml2.plugin [None req-d97c07bf-8e6f-4760-9879-cd14b500801c - - - - - -] Attempt 1 to provision port 3b2137f2-2760-460e-80ac-07b75449b9ff
2026-06-30 10:16:36.922 16 INFO neutron.notifiers.nova [-] Nova event matching ['req-323225a9-8ec8-4cdb-b6b3-b0932ba9a3f1'] response: {'server_uuid': 'd99177a8-9223-415d-8821-211f30a031ae', 'name': 'network-vif-plugged', 'status': 'completed', 'tag': '3b2137f2-2760-460e-80ac-07b75449b9ff', 'code': 200}
2026-06-30 10:16:38.128 16 INFO neutron.plugins.ml2.plugin [None req-d97c07bf-8e6f-4760-9879-cd14b500801c - - - - - -] Attempt 1 to provision port 3b2137f2-2760-460e-80ac-07b75449b9ff
2026-06-30 10:16:46.291 13 INFO neutron.plugins.ml2.plugin [None req-747a3902-d76e-4367-b6e9-487d1dd09d69 - - - - - -] Attempt 1 to provision port fc09becd-f7ac-4894-bd02-799af0173a98
2026-06-30 10:16:54.028 16 INFO neutron.plugins.ml2.plugin [None req-d97c07bf-8e6f-4760-9879-cd14b500801c - - - - - -] Attempt 1 to provision port fc09becd-f7ac-4894-bd02-799af0173a98
2026-06-30 10:16:54.156 16 INFO neutron.notifiers.nova [-] Nova event matching ['req-4385bb59-4d30-4638-935f-7ce9a132a2ff'] response: {'server_uuid': 'd99177a8-9223-415d-8821-211f30a031ae', 'name': 'network-vif-plugged', 'status': 'completed', 'tag': 'fc09becd-f7ac-4894-bd02-799af0173a98', 'code': 200}
2026-06-30 10:16:55.976 13 INFO neutron.plugins.ml2.plugin [None req-d97c07bf-8e6f-4760-9879-cd14b500801c - - - - - -] Attempt 1 to provision port fc09becd-f7ac-4894-bd02-799af0173a98
2026-06-30 10:16:57.609 13 INFO neutron.plugins.ml2.plugin [None req-6a0c64c0-4dfd-4819-9bbd-d11ec5eee7e5 - - - - - -] Attempt 1 to provision port 3b2137f2-2760-460e-80ac-07b75449b9ff
2026-06-30 10:16:58.095 16 INFO neutron.plugins.ml2.plugin [None req-d97c07bf-8e6f-4760-9879-cd14b500801c - - - - - -] Attempt 1 to provision port 3b2137f2-2760-460e-80ac-07b75449b9ff
2026-06-30 10:17:04.190 16 INFO neutron.plugins.ml2.plugin [None req-463cc401-2637-4e03-8872-1aa613a30530 - - - - - -] Attempt 1 to provision port 5a62cfed-1051-4c1a-b8c6-b314730c39ca
2026-06-30 10:17:06.328 13 INFO neutron.plugins.ml2.plugin [None req-d97c07bf-8e6f-4760-9879-cd14b500801c - - - - - -] Attempt 1 to provision port f5f6fece-fe47-49ab-b98e-9700772696ba
2026-06-30 10:17:06.749 13 INFO neutron.plugins.ml2.plugin [None req-d97c07bf-8e6f-4760-9879-cd14b500801c - - - - - -] Attempt 1 to provision port e5f630bf-46dc-4593-a5a5-9ca4d8418421
2026-06-30 10:17:07.323 13 INFO neutron.plugins.ml2.plugin [None req-62f7d779-0b58-40a2-904e-46fda7e486bd - - - - - -] Attempt 1 to provision port f5f6fece-fe47-49ab-b98e-9700772696ba
2026-06-30 10:17:08.051 13 INFO neutron.plugins.ml2.plugin [None req-d97c07bf-8e6f-4760-9879-cd14b500801c - - - - - -] Attempt 1 to provision port f5f6fece-fe47-49ab-b98e-9700772696ba
2026-06-30 10:17:08.324 13 INFO neutron.plugins.ml2.plugin [None req-d97c07bf-8e6f-4760-9879-cd14b500801c - - - - - -] Attempt 1 to provision port e5f630bf-46dc-4593-a5a5-9ca4d8418421
2026-06-30 10:17:09.752 16 INFO neutron.plugins.ml2.plugin [None req-52912f6d-646a-4506-9a3c-981b42119823 - - - - - -] Attempt 1 to provision port f5f6fece-fe47-49ab-b98e-9700772696ba
2026-06-30 10:17:09.809 16 INFO neutron.plugins.ml2.plugin [None req-52912f6d-646a-4506-9a3c-981b42119823 - - - - - -] Attempt 1 to provision port f519cf03-065b-43e2-83cd-df8cfbd4eecf
2026-06-30 10:17:10.123 13 INFO neutron.plugins.ml2.plugin [None req-d97c07bf-8e6f-4760-9879-cd14b500801c - - - - - -] Attempt 1 to provision port fc09becd-f7ac-4894-bd02-799af0173a98
2026-06-30 10:17:11.947 16 INFO neutron.plugins.ml2.plugin [None req-539ebbe4-0672-41ea-b196-fd5f4607206a - - - - - -] Attempt 1 to provision port fc09becd-f7ac-4894-bd02-799af0173a98
2026-06-30 10:17:11.972 16 INFO neutron.plugins.ml2.plugin [None req-539ebbe4-0672-41ea-b196-fd5f4607206a - - - - - -] Attempt 1 to provision port f519cf03-065b-43e2-83cd-df8cfbd4eecf
2026-06-30 10:17:18.531 16 INFO neutron.plugins.ml2.plugin [None req-d97c07bf-8e6f-4760-9879-cd14b500801c - - - - - -] Attempt 1 to provision port 64fbfcfc-fadd-4a3a-bf89-5145a6300c64
2026-06-30 10:17:18.688 16 INFO neutron.notifiers.nova [-] Nova event matching ['req-7f23d87a-2c49-4d39-b459-f1b43204fce8'] response: {'server_uuid': '9431356e-78c7-4e69-a92e-4ec5b6dcd39e', 'name': 'network-vif-plugged', 'status': 'completed', 'tag': '64fbfcfc-fadd-4a3a-bf89-5145a6300c64', 'code': 200}
2026-06-30 10:17:18.901 13 INFO neutron.plugins.ml2.plugin [None req-23e74ee6-2775-4c6d-b473-c3d05af2b3b2 - - - - - -] Attempt 1 to provision port 3b2137f2-2760-460e-80ac-07b75449b9ff
2026-06-30 10:17:20.153 16 INFO neutron.plugins.ml2.plugin [None req-d97c07bf-8e6f-4760-9879-cd14b500801c - - - - - -] Attempt 1 to provision port 64fbfcfc-fadd-4a3a-bf89-5145a6300c64
2026-06-30 10:17:20.353 16 INFO neutron.plugins.ml2.plugin [None req-d97c07bf-8e6f-4760-9879-cd14b500801c - - - - - -] Attempt 1 to provision port 3b2137f2-2760-460e-80ac-07b75449b9ff
2026-06-30 10:17:24.094 13 INFO neutron.plugins.ml2.plugin [None req-d97c07bf-8e6f-4760-9879-cd14b500801c - - - - - -] Attempt 1 to provision port f519cf03-065b-43e2-83cd-df8cfbd4eecf
2026-06-30 10:17:24.352 13 INFO neutron.plugins.ml2.plugin [None req-d97c07bf-8e6f-4760-9879-cd14b500801c - - - - - -] Attempt 1 to provision port 5a62cfed-1051-4c1a-b8c6-b314730c39ca
2026-06-30 10:17:25.991 16 INFO neutron.plugins.ml2.plugin [None req-d97c07bf-8e6f-4760-9879-cd14b500801c - - - - - -] Attempt 1 to provision port f519cf03-065b-43e2-83cd-df8cfbd4eecf
2026-06-30 10:17:26.207 16 INFO neutron.plugins.ml2.plugin [None req-d97c07bf-8e6f-4760-9879-cd14b500801c - - - - - -] Attempt 1 to provision port 5a62cfed-1051-4c1a-b8c6-b314730c39ca
2026-06-30 10:17:58.528 13 INFO neutron.plugins.ml2.plugin [None req-d97c07bf-8e6f-4760-9879-cd14b500801c - - - - - -] Attempt 1 to provision port 8b021fbd-fe53-4794-afe5-2f4275fdf4b9
2026-06-30 10:17:58.667 13 INFO neutron.notifiers.nova [-] Nova event matching ['req-2d1d7db3-af0d-4942-942b-d18ca3a6a586'] response: {'server_uuid': '24d247ca-8514-4b57-a804-491f8a7a04c4', 'name': 'network-vif-plugged', 'status': 'completed', 'tag': '8b021fbd-fe53-4794-afe5-2f4275fdf4b9', 'code': 200}
2026-06-30 10:18:00.112 16 INFO neutron.plugins.ml2.plugin [None req-d97c07bf-8e6f-4760-9879-cd14b500801c - - - - - -] Attempt 1 to provision port 8b021fbd-fe53-4794-afe5-2f4275fdf4b9
2026-06-30 10:18:30.129 13 INFO neutron.plugins.ml2.plugin [None req-d97c07bf-8e6f-4760-9879-cd14b500801c - - - - - -] Attempt 1 to provision port a1fd46c6-2b4c-457b-a845-b093c50f8a07