2026-07-01 08:44:31.595 9 INFO neutron.plugins.ml2.plugin [None req-23c57e0d-84ae-4fa5-88d2-e9e929848d64 - - - - - -] Attempt 1 to provision port 0210eb83-4d05-43c4-86a6-425911009ab9 /var/lib/openstack/lib/python3.10/site-packages/oslo_db/sqlalchemy/enginefacade.py:664: SAWarning: DELETE statement on table 'portsecuritybindings' expected to delete 1 row(s); 0 were matched. Please set confirm_deleted_rows=False within the mapper configuration to prevent this warning. self.session.flush() /var/lib/openstack/lib/python3.10/site-packages/oslo_db/sqlalchemy/enginefacade.py:664: SAWarning: DELETE statement on table 'ml2_port_bindings' expected to delete 1 row(s); 0 were matched. Please set confirm_deleted_rows=False within the mapper configuration to prevent this warning. self.session.flush() /var/lib/openstack/lib/python3.10/site-packages/oslo_db/sqlalchemy/enginefacade.py:664: SAWarning: DELETE statement on table 'ml2_port_binding_levels' expected to delete 1 row(s); 0 were matched. Please set confirm_deleted_rows=False within the mapper configuration to prevent this warning. self.session.flush() /var/lib/openstack/lib/python3.10/site-packages/oslo_db/sqlalchemy/enginefacade.py:664: SAWarning: DELETE statement on table 'ports' expected to delete 1 row(s); 0 were matched. Please set confirm_deleted_rows=False within the mapper configuration to prevent this warning. self.session.flush()
2026-07-01 08:44:33.372 10 INFO neutron.plugins.ml2.plugin [None req-2c754953-48c1-408a-93f9-e4741c771ea8 - - - - - -] Attempt 1 to provision port 0210eb83-4d05-43c4-86a6-425911009ab9
2026-07-01 08:44:33.540 10 INFO neutron.notifiers.nova [-] Nova event matching ['req-16f43017-f172-4b70-8761-f7850f14ab84'] response: {'server_uuid': 'b748762f-defe-4e2d-949a-e63d5c04fc19', 'name': 'network-vif-plugged', 'status': 'completed', 'tag': '0210eb83-4d05-43c4-86a6-425911009ab9', 'code': 200}
2026-07-01 08:44:35.260 9 INFO neutron.plugins.ml2.plugin [None req-2c754953-48c1-408a-93f9-e4741c771ea8 - - - - - -] Attempt 1 to provision port 0210eb83-4d05-43c4-86a6-425911009ab9
2026-07-01 08:44:37.210 10 INFO neutron.plugins.ml2.plugin [None req-8c446d78-909d-4704-8e90-7479c07b2fa5 - - - - - -] Attempt 1 to provision port d69525a7-d7d7-45b7-ac3c-b072fb79c162
2026-07-01 08:44:37.312 9 INFO neutron.plugins.ml2.plugin [None req-2c754953-48c1-408a-93f9-e4741c771ea8 - - - - - -] Attempt 1 to provision port ae7dafa0-a1b0-44ef-ae1d-fee19236af3c
2026-07-01 08:44:37.562 9 INFO neutron.plugins.ml2.plugin [None req-3827872b-1747-41ff-8ddf-d0a9235753db - - - - - -] Attempt 1 to provision port ae7dafa0-a1b0-44ef-ae1d-fee19236af3c
2026-07-01 08:44:39.306 9 INFO neutron.plugins.ml2.plugin [None req-2c754953-48c1-408a-93f9-e4741c771ea8 - - - - - -] Attempt 1 to provision port 6e5c18b2-7e6a-4681-aeba-9d3a840cfd69
2026-07-01 08:44:39.521 9 INFO neutron.plugins.ml2.plugin [None req-ee0ed66d-e872-4763-b5a3-a1e4aca9e7a7 - - - - - -] Attempt 1 to provision port bd310ac6-cbc7-4b0f-a69f-74dd49a24f45
2026-07-01 08:44:39.924 9 INFO neutron.plugins.ml2.plugin [None req-2c754953-48c1-408a-93f9-e4741c771ea8 - - - - - -] Attempt 1 to provision port e58068bd-dc57-4025-9b63-a1e7550cc44c
2026-07-01 08:44:40.196 9 INFO neutron.plugins.ml2.plugin [None req-6f2670a7-726e-417c-95f3-83e071550aaa - - - - - -] Attempt 1 to provision port bd310ac6-cbc7-4b0f-a69f-74dd49a24f45
2026-07-01 08:44:40.265 9 INFO neutron.plugins.ml2.plugin [None req-2c754953-48c1-408a-93f9-e4741c771ea8 - - - - - -] Attempt 1 to provision port ae7dafa0-a1b0-44ef-ae1d-fee19236af3c
2026-07-01 08:44:41.541 10 INFO neutron.plugins.ml2.plugin [None req-2c754953-48c1-408a-93f9-e4741c771ea8 - - - - - -] Attempt 1 to provision port e58068bd-dc57-4025-9b63-a1e7550cc44c
2026-07-01 08:44:41.901 10 INFO neutron.plugins.ml2.plugin [None req-2c754953-48c1-408a-93f9-e4741c771ea8 - - - - - -] Attempt 1 to provision port 6168acc8-b1cc-44f1-aae4-021a9aa19761
2026-07-01 08:44:43.261 10 INFO neutron.plugins.ml2.plugin [None req-2c754953-48c1-408a-93f9-e4741c771ea8 - - - - - -] Attempt 1 to provision port 6168acc8-b1cc-44f1-aae4-021a9aa19761 /var/lib/openstack/lib/python3.10/site-packages/oslo_db/sqlalchemy/enginefacade.py:664: SAWarning: DELETE statement on table 'portsecuritybindings' expected to delete 1 row(s); 0 were matched. Please set confirm_deleted_rows=False within the mapper configuration to prevent this warning. self.session.flush() /var/lib/openstack/lib/python3.10/site-packages/oslo_db/sqlalchemy/enginefacade.py:664: SAWarning: DELETE statement on table 'ml2_port_bindings' expected to delete 1 row(s); 0 were matched. Please set confirm_deleted_rows=False within the mapper configuration to prevent this warning. self.session.flush() /var/lib/openstack/lib/python3.10/site-packages/oslo_db/sqlalchemy/enginefacade.py:664: SAWarning: DELETE statement on table 'ml2_port_binding_levels' expected to delete 1 row(s); 0 were matched. Please set confirm_deleted_rows=False within the mapper configuration to prevent this warning. self.session.flush() /var/lib/openstack/lib/python3.10/site-packages/oslo_db/sqlalchemy/enginefacade.py:664: SAWarning: DELETE statement on table 'ports' expected to delete 1 row(s); 0 were matched. Please set confirm_deleted_rows=False within the mapper configuration to prevent this warning. self.session.flush()
2026-07-01 08:44:44.879 9 INFO neutron.plugins.ml2.plugin [None req-f644e4d6-6dd4-4f3b-8025-bc6547ebf7e3 - - - - - -] Attempt 1 to provision port 2f843232-b521-4a86-bb02-d87b8d905065
2026-07-01 08:44:47.411 9 INFO neutron.plugins.ml2.plugin [None req-2c754953-48c1-408a-93f9-e4741c771ea8 - - - - - -] Attempt 1 to provision port 2f843232-b521-4a86-bb02-d87b8d905065
2026-07-01 08:44:47.512 9 INFO neutron.notifiers.nova [-] Nova event matching ['req-2e62f33c-8166-4f89-b459-23b5e4ea1335'] response: {'server_uuid': 'c48dfdaf-b89e-40c1-8d85-fcba43aba555', 'name': 'network-vif-plugged', 'status': 'completed', 'tag': '2f843232-b521-4a86-bb02-d87b8d905065', 'code': 200}
2026-07-01 08:44:49.723 10 INFO neutron.plugins.ml2.plugin [None req-2c754953-48c1-408a-93f9-e4741c771ea8 - - - - - -] Attempt 1 to provision port 2f843232-b521-4a86-bb02-d87b8d905065
2026-07-01 08:44:55.330 10 INFO neutron.plugins.ml2.plugin [None req-2c754953-48c1-408a-93f9-e4741c771ea8 - - - - - -] Attempt 1 to provision port bd310ac6-cbc7-4b0f-a69f-74dd49a24f45 /var/lib/openstack/lib/python3.10/site-packages/oslo_db/sqlalchemy/enginefacade.py:664: SAWarning: DELETE statement on table 'portsecuritybindings' expected to delete 1 row(s); 0 were matched. Please set confirm_deleted_rows=False within the mapper configuration to prevent this warning. self.session.flush() /var/lib/openstack/lib/python3.10/site-packages/oslo_db/sqlalchemy/enginefacade.py:664: SAWarning: DELETE statement on table 'ml2_port_bindings' expected to delete 1 row(s); 0 were matched. Please set confirm_deleted_rows=False within the mapper configuration to prevent this warning. self.session.flush() /var/lib/openstack/lib/python3.10/site-packages/oslo_db/sqlalchemy/enginefacade.py:664: SAWarning: DELETE statement on table 'ml2_port_binding_levels' expected to delete 1 row(s); 0 were matched. Please set confirm_deleted_rows=False within the mapper configuration to prevent this warning. self.session.flush() /var/lib/openstack/lib/python3.10/site-packages/oslo_db/sqlalchemy/enginefacade.py:664: SAWarning: DELETE statement on table 'ports' expected to delete 1 row(s); 0 were matched. Please set confirm_deleted_rows=False within the mapper configuration to prevent this warning. self.session.flush()
2026-07-01 08:45:04.470 9 INFO neutron.plugins.ml2.plugin [None req-05e4f01a-2fcb-443a-b69e-91d9db409eb9 - - - - - -] Attempt 1 to provision port 3f9b12a1-41ec-4440-a926-8edfc56c967c
2026-07-01 08:45:11.349 9 INFO neutron.plugins.ml2.plugin [None req-80455161-bff8-4c30-9119-8e7cbe52e89c - - - - - -] Attempt 1 to provision port 5928fbb8-cb5a-4e4a-9f25-a26961723283
2026-07-01 08:45:11.352 10 INFO neutron.plugins.ml2.plugin [None req-2c754953-48c1-408a-93f9-e4741c771ea8 - - - - - -] Attempt 1 to provision port 5928fbb8-cb5a-4e4a-9f25-a26961723283
2026-07-01 08:45:16.929 10 INFO neutron.plugins.ml2.plugin [None req-15462f49-fbe2-4caa-b9bf-7cc9d92baf66 - - - - - -] Attempt 1 to provision port 2eeec275-a784-4a80-a040-b1b277b69a15
2026-07-01 08:45:29.385 9 INFO neutron.plugins.ml2.plugin [None req-2c754953-48c1-408a-93f9-e4741c771ea8 - - - - - -] Attempt 1 to provision port 7da27124-4a94-4919-82ac-82f6254b4547
2026-07-01 08:45:29.976 9 INFO neutron.plugins.ml2.plugin [None req-2c754953-48c1-408a-93f9-e4741c771ea8 - - - - - -] Attempt 1 to provision port df511afb-5e68-4169-8655-65341f14e28b
2026-07-01 08:45:29.980 9 INFO neutron.plugins.ml2.plugin [None req-e9030ebc-58c0-4b2f-9afa-dbf6d85b4bae - - - - - -] Attempt 1 to provision port 7da27124-4a94-4919-82ac-82f6254b4547
2026-07-01 08:45:30.493 10 INFO neutron.plugins.ml2.plugin [None req-be4a7d6d-f4d5-4d86-866d-d3ccafc93fa6 - - - - - -] Attempt 1 to provision port df511afb-5e68-4169-8655-65341f14e28b
2026-07-01 08:45:31.395 9 INFO neutron.plugins.ml2.plugin [None req-2c754953-48c1-408a-93f9-e4741c771ea8 - - - - - -] Attempt 1 to provision port 7da27124-4a94-4919-82ac-82f6254b4547
2026-07-01 08:45:31.609 10 INFO neutron.plugins.ml2.plugin [None req-4f2c74c6-e87c-4ce7-9af9-126be8bda73e - - - - - -] Attempt 1 to provision port 4fb1f680-b299-495f-b621-64acef49be33
2026-07-01 08:45:31.803 9 INFO neutron.plugins.ml2.plugin [None req-2c754953-48c1-408a-93f9-e4741c771ea8 - - - - - -] Attempt 1 to provision port df511afb-5e68-4169-8655-65341f14e28b
2026-07-01 08:45:32.385 10 INFO neutron.plugins.ml2.plugin [None req-e30b7297-dac9-47fd-9474-50113a79a891 - - - - - -] Attempt 1 to provision port 4fb1f680-b299-495f-b621-64acef49be33
2026-07-01 08:45:33.843 10 INFO neutron.plugins.ml2.plugin [None req-148dd797-7aa8-4855-be99-ce528cdfc142 - - - - - -] Attempt 1 to provision port 86737a75-0665-4a7a-aeb3-0b0a1d9820bb
2026-07-01 08:45:34.520 10 INFO neutron.plugins.ml2.plugin [None req-3a3eb684-2f43-4e3e-85c1-09e253d2defc - - - - - -] Attempt 1 to provision port 86737a75-0665-4a7a-aeb3-0b0a1d9820bb
2026-07-01 08:45:35.299 9 INFO neutron.plugins.ml2.plugin [None req-2c754953-48c1-408a-93f9-e4741c771ea8 - - - - - -] Attempt 1 to provision port f253dc3a-12a1-4e5a-bb60-147b392fec57
2026-07-01 08:45:36.074 9 INFO neutron.plugins.ml2.plugin [None req-0ac26b8c-b61b-4bda-9900-398323353350 - - - - - -] Attempt 1 to provision port f253dc3a-12a1-4e5a-bb60-147b392fec57
2026-07-01 08:45:37.394 9 INFO neutron.plugins.ml2.plugin [None req-2c754953-48c1-408a-93f9-e4741c771ea8 - - - - - -] Attempt 1 to provision port f253dc3a-12a1-4e5a-bb60-147b392fec57
2026-07-01 08:45:43.319 10 INFO neutron.plugins.ml2.plugin [None req-5b166b9b-c5d5-42ff-8212-fa7ea30f4395 - - - - - -] Attempt 1 to provision port bcd25524-894d-4990-bbd7-2d3ea836b93e
2026-07-01 08:45:43.366 9 INFO neutron.plugins.ml2.plugin [None req-2c754953-48c1-408a-93f9-e4741c771ea8 - - - - - -] Attempt 1 to provision port bcd25524-894d-4990-bbd7-2d3ea836b93e
2026-07-01 08:45:44.368 9 INFO neutron.plugins.ml2.plugin [None req-f796ecef-eefc-441d-8354-823b61a4569a - - - - - -] Attempt 1 to provision port 6e16dc4c-3129-4b0c-a1cd-8a07d07fd28d
2026-07-01 08:45:45.415 9 INFO neutron.plugins.ml2.plugin [None req-2c754953-48c1-408a-93f9-e4741c771ea8 - - - - - -] Attempt 1 to provision port 9c73a87a-a017-4359-97e2-89e6299bc5f5
2026-07-01 08:45:45.782 9 INFO neutron.plugins.ml2.plugin [None req-2c754953-48c1-408a-93f9-e4741c771ea8 - - - - - -] No ports have port_id starting with 9c73a87a-a017-4359-97e2-89e6299bc5f5
2026-07-01 08:45:45.851 9 INFO neutron.plugins.ml2.plugin [None req-2c754953-48c1-408a-93f9-e4741c771ea8 - - - - - -] Attempt 1 to provision port bcd25524-894d-4990-bbd7-2d3ea836b93e
2026-07-01 08:45:46.345 10 INFO neutron.plugins.ml2.plugin [None req-4e2db820-e8a2-4ff5-a3d2-5b19f7d3bf7f - - - - - -] Attempt 1 to provision port 6e16dc4c-3129-4b0c-a1cd-8a07d07fd28d
2026-07-01 08:45:51.535 9 INFO neutron.plugins.ml2.plugin [None req-2c754953-48c1-408a-93f9-e4741c771ea8 - - - - - -] Attempt 1 to provision port 93c0fc89-6f2a-441c-84a0-3294c6a3dfd5
2026-07-01 08:45:52.369 9 INFO neutron.plugins.ml2.plugin [None req-0b0741f1-29b1-40d0-80a6-816268cea708 - - - - - -] Attempt 1 to provision port 93c0fc89-6f2a-441c-84a0-3294c6a3dfd5
2026-07-01 08:45:53.370 10 INFO neutron.plugins.ml2.plugin [None req-4e33ec49-675f-4357-a172-7b629557a087 - - - - - -] Attempt 1 to provision port b13f6d3e-4e38-45bc-bfd6-8a5414bf3949
2026-07-01 08:45:53.481 9 INFO neutron.plugins.ml2.plugin [None req-2c754953-48c1-408a-93f9-e4741c771ea8 - - - - - -] Attempt 1 to provision port 93c0fc89-6f2a-441c-84a0-3294c6a3dfd5
2026-07-01 08:45:53.795 10 INFO neutron.plugins.ml2.plugin [None req-e4783258-253f-43ba-9e79-3ef3d5845197 - - - - - -] Attempt 1 to provision port 44f5148d-d675-4a87-98af-07f96c9f37d4
2026-07-01 08:45:53.825 9 INFO neutron.plugins.ml2.plugin [None req-2c754953-48c1-408a-93f9-e4741c771ea8 - - - - - -] Attempt 1 to provision port b13f6d3e-4e38-45bc-bfd6-8a5414bf3949
2026-07-01 08:45:54.252 9 INFO neutron.plugins.ml2.plugin [None req-6fc1581c-91be-4700-a577-fda6acd48527 - - - - - -] Attempt 1 to provision port 44f5148d-d675-4a87-98af-07f96c9f37d4
2026-07-01 08:45:59.426 10 INFO neutron.plugins.ml2.plugin [None req-2c754953-48c1-408a-93f9-e4741c771ea8 - - - - - -] Attempt 1 to provision port 340bc559-c851-4c96-af30-458c24c521b2
2026-07-01 08:45:59.443 9 INFO neutron.plugins.ml2.plugin [None req-4827dc5c-9770-4496-bccf-d1ba067fe5ee - - - - - -] Attempt 1 to provision port fd355593-e19e-4f21-937e-6448370a0e6e
2026-07-01 08:45:59.887 9 INFO neutron.plugins.ml2.plugin [None req-b7774aac-accd-4dfa-ae7e-498864a88c4e - - - - - -] Attempt 1 to provision port 340bc559-c851-4c96-af30-458c24c521b2
2026-07-01 08:46:00.106 10 INFO neutron.plugins.ml2.plugin [None req-2c754953-48c1-408a-93f9-e4741c771ea8 - - - - - -] Attempt 1 to provision port 793b72e7-a166-4bbd-8507-10f7624243c7
2026-07-01 08:46:01.320 10 INFO neutron.plugins.ml2.plugin [None req-2c754953-48c1-408a-93f9-e4741c771ea8 - - - - - -] Attempt 1 to provision port 340bc559-c851-4c96-af30-458c24c521b2
2026-07-01 08:46:01.691 10 INFO neutron.plugins.ml2.plugin [None req-90d66b73-8cb0-4668-96ed-545ba1e48818 - - - - - -] Attempt 1 to provision port 793b72e7-a166-4bbd-8507-10f7624243c7
2026-07-01 08:46:01.892 10 INFO neutron.plugins.ml2.plugin [None req-2c754953-48c1-408a-93f9-e4741c771ea8 - - - - - -] Attempt 1 to provision port 793b72e7-a166-4bbd-8507-10f7624243c7
2026-07-01 08:46:02.041 9 INFO neutron.plugins.ml2.plugin [None req-a5e1a6fd-4ecb-4726-8e54-b670da436ab0 - - - - - -] Attempt 1 to provision port 340bc559-c851-4c96-af30-458c24c521b2
2026-07-01 08:46:02.770 9 INFO neutron.plugins.ml2.plugin [None req-1a47489c-ba48-44b7-8400-5a34aba2ab25 - - - - - -] Attempt 1 to provision port d68c3877-c3e6-41e7-998e-2b4114684c9a
2026-07-01 08:46:03.322 10 INFO neutron.plugins.ml2.plugin [None req-2098c2f7-5d36-41f9-a107-a4519804f25a - - - - - -] Attempt 1 to provision port 34cdd50f-4ad0-49f0-bf07-1a28d231b4ae
2026-07-01 08:46:03.426 9 INFO neutron.plugins.ml2.plugin [None req-2c754953-48c1-408a-93f9-e4741c771ea8 - - - - - -] Attempt 1 to provision port ee50324f-18ad-47a6-a5ec-f1b518d3c2b3
2026-07-01 08:46:03.791 10 INFO neutron.plugins.ml2.plugin [None req-48c85ef7-47cf-4bd2-b9e4-7e07ba78342d - - - - - -] Attempt 1 to provision port 793b72e7-a166-4bbd-8507-10f7624243c7
2026-07-01 08:46:03.966 10 INFO neutron.plugins.ml2.plugin [None req-ad9704b4-90a3-4dbc-b01c-2712ffa85e5e - - - - - -] Attempt 1 to provision port ee50324f-18ad-47a6-a5ec-f1b518d3c2b3
2026-07-01 08:46:03.992 9 INFO neutron.plugins.ml2.plugin [None req-2c754953-48c1-408a-93f9-e4741c771ea8 - - - - - -] Attempt 1 to provision port 2e8dc364-d96b-4190-8bdb-c2813a217870
2026-07-01 08:46:04.261 9 INFO neutron.plugins.ml2.plugin [None req-aef0c026-c14b-4e1f-903c-9f9dd8fa81ec - - - - - -] Attempt 1 to provision port 2e8dc364-d96b-4190-8bdb-c2813a217870
2026-07-01 08:46:04.507 9 INFO neutron.plugins.ml2.plugin [None req-2c754953-48c1-408a-93f9-e4741c771ea8 - - - - - -] Attempt 1 to provision port 34cdd50f-4ad0-49f0-bf07-1a28d231b4ae
2026-07-01 08:46:04.701 10 INFO neutron.plugins.ml2.plugin [None req-577c8da3-9b8f-42f5-8d31-c27f0b35be6a - - - - - -] Attempt 1 to provision port 17473dd4-2c98-45f1-bf57-a2c481b532b2
2026-07-01 08:46:05.272 10 INFO neutron.plugins.ml2.plugin [None req-35bc63b9-dabf-4241-849a-a7c878d0f001 - - - - - -] Attempt 1 to provision port 17473dd4-2c98-45f1-bf57-a2c481b532b2
2026-07-01 08:46:05.347 9 INFO neutron.plugins.ml2.plugin [None req-2c754953-48c1-408a-93f9-e4741c771ea8 - - - - - -] Attempt 1 to provision port ee50324f-18ad-47a6-a5ec-f1b518d3c2b3
2026-07-01 08:46:05.661 9 INFO neutron.plugins.ml2.plugin [None req-2c754953-48c1-408a-93f9-e4741c771ea8 - - - - - -] Attempt 1 to provision port 2e8dc364-d96b-4190-8bdb-c2813a217870
2026-07-01 08:46:05.732 9 INFO neutron.plugins.ml2.plugin [None req-23a5045c-86b4-46b0-a028-fa58a54b0591 - - - - - -] Attempt 1 to provision port ee50324f-18ad-47a6-a5ec-f1b518d3c2b3
2026-07-01 08:46:05.995 9 INFO neutron.plugins.ml2.plugin [None req-2c754953-48c1-408a-93f9-e4741c771ea8 - - - - - -] Attempt 1 to provision port 34cdd50f-4ad0-49f0-bf07-1a28d231b4ae
2026-07-01 08:46:06.477 10 INFO neutron.plugins.ml2.plugin [None req-23bc2e5c-1e82-4899-add0-68b69f951bce - - - - - -] Attempt 1 to provision port 72da5e95-3af2-41d9-8eb5-9b2bda243c72
2026-07-01 08:46:06.818 10 INFO neutron.plugins.ml2.plugin [None req-07a72b9c-419b-414e-9837-29eaf2fadb63 - - - - - -] Attempt 1 to provision port 2212e82e-3ca3-44f3-bac5-64e7fb05f90d
2026-07-01 08:46:07.065 9 INFO neutron.plugins.ml2.plugin [None req-3a6c16b3-a063-4388-acce-f02cbf686e7c - - - - - -] Attempt 1 to provision port 72da5e95-3af2-41d9-8eb5-9b2bda243c72
2026-07-01 08:46:07.311 10 INFO neutron.plugins.ml2.plugin [None req-2c754953-48c1-408a-93f9-e4741c771ea8 - - - - - -] Attempt 1 to provision port b27dfcc8-5f35-463e-9a31-6aaf13fe078b
2026-07-01 08:46:07.733 9 INFO neutron.plugins.ml2.plugin [None req-f559082b-be94-47b6-9834-dba0379c942f - - - - - -] Attempt 1 to provision port 2212e82e-3ca3-44f3-bac5-64e7fb05f90d
2026-07-01 08:46:08.910 9 INFO neutron.plugins.ml2.plugin [None req-f515a8c3-bebb-4736-aace-84349c078210 - - - - - -] Attempt 1 to provision port eeb944a3-43d7-4768-9405-bb71e637fb15
2026-07-01 08:46:09.356 9 INFO neutron.plugins.ml2.plugin [None req-2c754953-48c1-408a-93f9-e4741c771ea8 - - - - - -] Attempt 1 to provision port b27dfcc8-5f35-463e-9a31-6aaf13fe078b
2026-07-01 08:46:09.657 10 INFO neutron.plugins.ml2.plugin [None req-ffb02b55-07bd-437b-9385-78c3f30301d8 - - - - - -] Attempt 1 to provision port eeb944a3-43d7-4768-9405-bb71e637fb15
2026-07-01 08:46:10.898 10 INFO neutron.plugins.ml2.plugin [None req-2c34204c-c868-4503-8f99-30524f747867 - - - - - -] Attempt 1 to provision port 1377b814-73cf-40f3-ab76-a8774051e26f
2026-07-01 08:46:11.564 10 INFO neutron.plugins.ml2.plugin [None req-21834dd0-1440-40e3-9344-f83a78b9be63 - - - - - -] Attempt 1 to provision port 1377b814-73cf-40f3-ab76-a8774051e26f
2026-07-01 08:46:15.357 9 INFO neutron.plugins.ml2.plugin [None req-2c754953-48c1-408a-93f9-e4741c771ea8 - - - - - -] Attempt 1 to provision port 4ab04da5-e1b8-44a2-9d31-50f0e3f465d8
2026-07-01 08:46:15.674 10 INFO neutron.plugins.ml2.plugin [None req-4bd66a38-753e-4aa3-86a1-d4019fd01c78 - - - - - -] Attempt 1 to provision port 4ab04da5-e1b8-44a2-9d31-50f0e3f465d8
2026-07-01 08:46:16.969 10 INFO neutron.plugins.ml2.plugin [None req-00c5cd45-d563-42a0-81e2-4364f8f33a22 - - - - - -] Attempt 1 to provision port af384c11-44b4-439c-a484-aff7a866369f
2026-07-01 08:46:17.224 9 INFO neutron.plugins.ml2.plugin [None req-8237081a-4501-4957-abb8-b589d0dd34f3 - - - - - -] Attempt 1 to provision port e062f03b-5d8e-429d-8abe-4b680ada9131
2026-07-01 08:46:17.313 10 INFO neutron.plugins.ml2.plugin [None req-2c754953-48c1-408a-93f9-e4741c771ea8 - - - - - -] Attempt 1 to provision port 4ab04da5-e1b8-44a2-9d31-50f0e3f465d8
2026-07-01 08:46:17.565 9 INFO neutron.plugins.ml2.plugin [None req-72327aee-f039-4a41-b161-aec7c244fb45 - - - - - -] Attempt 1 to provision port e062f03b-5d8e-429d-8abe-4b680ada9131
2026-07-01 08:46:19.478 9 INFO neutron.plugins.ml2.plugin [None req-2c754953-48c1-408a-93f9-e4741c771ea8 - - - - - -] Attempt 1 to provision port af384c11-44b4-439c-a484-aff7a866369f
2026-07-01 08:46:19.632 9 INFO neutron.notifiers.nova [-] Nova event matching ['req-e85a6af9-258e-4f92-8b4b-1dbe7ba77f6a'] response: {'server_uuid': 'f80ee076-a016-4fec-8f3f-c6a559225f8e', 'name': 'network-vif-plugged', 'status': 'completed', 'tag': 'af384c11-44b4-439c-a484-aff7a866369f', 'code': 200}
2026-07-01 08:46:21.339 10 INFO neutron.plugins.ml2.plugin [None req-2c754953-48c1-408a-93f9-e4741c771ea8 - - - - - -] Attempt 1 to provision port af384c11-44b4-439c-a484-aff7a866369f
2026-07-01 08:46:23.332 9 ERROR neutron.plugins.ml2.managers [None req-d7a49df7-de7b-476e-946a-04188430dfe5 - - - - - -] Mechanism driver openvswitch failed in bind_port: neutron_lib.exceptions.SubnetNotFound: Subnet b0afad61-c3ce-458c-9a04-968d8a0586a6 could not be found.
2026-07-01 08:46:23.332 9 ERROR neutron.plugins.ml2.managers
Traceback (most recent call last):
2026-07-01 08:46:23.332 9 ERROR neutron.plugins.ml2.managers
File "/var/lib/openstack/lib/python3.10/site-packages/neutron/plugins/ml2/managers.py", line 850, in _bind_port_level
2026-07-01 08:46:23.332 9 ERROR neutron.plugins.ml2.managers driver.obj.bind_port(context)
2026-07-01 08:46:23.332 9 ERROR neutron.plugins.ml2.managers
File "/var/lib/openstack/lib/python3.10/site-packages/neutron/plugins/ml2/drivers/openvswitch/mech_driver/mech_openvswitch.py", line 133, in bind_port
2026-07-01 08:46:23.332 9 ERROR neutron.plugins.ml2.managers super(OpenvswitchMechanismDriver, self).bind_port(context)
2026-07-01 08:46:23.332 9 ERROR neutron.plugins.ml2.managers
File "/var/lib/openstack/lib/python3.10/site-packages/neutron/plugins/ml2/drivers/mech_agent.py", line 104, in bind_port
2026-07-01 08:46:23.332 9 ERROR neutron.plugins.ml2.managers subnets = self.get_subnets_from_fixed_ips(context)
2026-07-01 08:46:23.332 9 ERROR neutron.plugins.ml2.managers
File "/var/lib/openstack/lib/python3.10/site-packages/neutron/plugins/ml2/drivers/mech_agent.py", line 149, in get_subnets_from_fixed_ips
2026-07-01 08:46:23.332 9 ERROR neutron.plugins.ml2.managers subnets.append(context._plugin.get_subnet(
2026-07-01 08:46:23.332 9 ERROR neutron.plugins.ml2.managers
File "/var/lib/openstack/lib/python3.10/site-packages/neutron_lib/db/api.py", line 223, in wrapped
2026-07-01 08:46:23.332 9 ERROR neutron.plugins.ml2.managers return f_with_retry(*args, **kwargs,
2026-07-01 08:46:23.332 9 ERROR neutron.plugins.ml2.managers
File "/var/lib/openstack/lib/python3.10/site-packages/neutron_lib/db/api.py", line 137, in wrapped
2026-07-01 08:46:23.332 9 ERROR neutron.plugins.ml2.managers with excutils.save_and_reraise_exception():
2026-07-01 08:46:23.332 9 ERROR neutron.plugins.ml2.managers
File "/var/lib/openstack/lib/python3.10/site-packages/oslo_utils/excutils.py", line 227, in __exit__
2026-07-01 08:46:23.332 9 ERROR neutron.plugins.ml2.managers self.force_reraise()
2026-07-01 08:46:23.332 9 ERROR neutron.plugins.ml2.managers
File "/var/lib/openstack/lib/python3.10/site-packages/oslo_utils/excutils.py", line 200, in force_reraise
2026-07-01 08:46:23.332 9 ERROR neutron.plugins.ml2.managers raise self.value
2026-07-01 08:46:23.332 9 ERROR neutron.plugins.ml2.managers
File "/var/lib/openstack/lib/python3.10/site-packages/neutron_lib/db/api.py", line 135, in wrapped
2026-07-01 08:46:23.332 9 ERROR neutron.plugins.ml2.managers return f(*args, **kwargs)
2026-07-01 08:46:23.332 9 ERROR neutron.plugins.ml2.managers
File "/var/lib/openstack/lib/python3.10/site-packages/oslo_db/api.py", line 144, in wrapper
2026-07-01 08:46:23.332 9 ERROR neutron.plugins.ml2.managers with excutils.save_and_reraise_exception() as ectxt:
2026-07-01 08:46:23.332 9 ERROR neutron.plugins.ml2.managers
File "/var/lib/openstack/lib/python3.10/site-packages/oslo_utils/excutils.py", line 227, in __exit__
2026-07-01 08:46:23.332 9 ERROR neutron.plugins.ml2.managers self.force_reraise()
2026-07-01 08:46:23.332 9 ERROR neutron.plugins.ml2.managers
File "/var/lib/openstack/lib/python3.10/site-packages/oslo_utils/excutils.py", line 200, in force_reraise
2026-07-01 08:46:23.332 9 ERROR neutron.plugins.ml2.managers raise self.value
2026-07-01 08:46:23.332 9 ERROR neutron.plugins.ml2.managers
File "/var/lib/openstack/lib/python3.10/site-packages/oslo_db/api.py", line 142, in wrapper
2026-07-01 08:46:23.332 9 ERROR neutron.plugins.ml2.managers return f(*args, **kwargs)
2026-07-01 08:46:23.332 9 ERROR neutron.plugins.ml2.managers
File "/var/lib/openstack/lib/python3.10/site-packages/neutron_lib/db/api.py", line 183, in wrapped
2026-07-01 08:46:23.332 9 ERROR neutron.plugins.ml2.managers with excutils.save_and_reraise_exception():
2026-07-01 08:46:23.332 9 ERROR neutron.plugins.ml2.managers
File "/var/lib/openstack/lib/python3.10/site-packages/oslo_utils/excutils.py", line 227, in __exit__
2026-07-01 08:46:23.332 9 ERROR neutron.plugins.ml2.managers self.force_reraise()
2026-07-01 08:46:23.332 9 ERROR neutron.plugins.ml2.managers
File "/var/lib/openstack/lib/python3.10/site-packages/oslo_utils/excutils.py", line 200, in force_reraise
2026-07-01 08:46:23.332 9 ERROR neutron.plugins.ml2.managers raise self.value
2026-07-01 08:46:23.332 9 ERROR neutron.plugins.ml2.managers
File "/var/lib/openstack/lib/python3.10/site-packages/neutron_lib/db/api.py", line 181, in wrapped
2026-07-01 08:46:23.332 9 ERROR neutron.plugins.ml2.managers return f(*dup_args, **dup_kwargs)
2026-07-01 08:46:23.332 9 ERROR neutron.plugins.ml2.managers
File "/var/lib/openstack/lib/python3.10/site-packages/neutron/db/db_base_plugin_v2.py", line 1233, in get_subnet
2026-07-01 08:46:23.332 9 ERROR neutron.plugins.ml2.managers subnet_obj = self._get_subnet_object(context, id)
2026-07-01 08:46:23.332 9 ERROR neutron.plugins.ml2.managers
File "/var/lib/openstack/lib/python3.10/site-packages/neutron/db/db_base_plugin_common.py", line 282, in _get_subnet_object
2026-07-01 08:46:23.332 9 ERROR neutron.plugins.ml2.managers raise exceptions.SubnetNotFound(subnet_id=id)
2026-07-01 08:46:23.332 9 ERROR neutron.plugins.ml2.managers neutron_lib.exceptions.SubnetNotFound: Subnet b0afad61-c3ce-458c-9a04-968d8a0586a6 could not be found.
2026-07-01 08:46:23.332 9 ERROR neutron.plugins.ml2.managers 
2026-07-01 08:46:23.335 9 ERROR neutron.plugins.ml2.managers [None req-d7a49df7-de7b-476e-946a-04188430dfe5 - - - - - -] Failed to bind port cc9827c5-9261-4f71-b4fb-d0b72b0ae08f on host instance for vnic_type normal using segments [{'id': '4bd22713-bbba-4b67-8920-3202ed25fe5d', 'network_type': 'vxlan', 'physical_network': None, 'segmentation_id': 274, 'network_id': '4c2e51b4-0c79-4d55-a13e-74ef49ebc7a9'}]
2026-07-01 08:46:23.335 9 INFO neutron.plugins.ml2.plugin [None req-d7a49df7-de7b-476e-946a-04188430dfe5 - - - - - -] Attempt 2 to bind port cc9827c5-9261-4f71-b4fb-d0b72b0ae08f
2026-07-01 08:46:23.361 9 ERROR neutron.plugins.ml2.managers [None req-d7a49df7-de7b-476e-946a-04188430dfe5 - - - - - -] Mechanism driver openvswitch failed in bind_port: neutron_lib.exceptions.SubnetNotFound: Subnet b0afad61-c3ce-458c-9a04-968d8a0586a6 could not be found.
2026-07-01 08:46:23.361 9 ERROR neutron.plugins.ml2.managers
Traceback (most recent call last):
2026-07-01 08:46:23.361 9 ERROR neutron.plugins.ml2.managers
File "/var/lib/openstack/lib/python3.10/site-packages/neutron/plugins/ml2/managers.py", line 850, in _bind_port_level
2026-07-01 08:46:23.361 9 ERROR neutron.plugins.ml2.managers driver.obj.bind_port(context)
2026-07-01 08:46:23.361 9 ERROR neutron.plugins.ml2.managers
File "/var/lib/openstack/lib/python3.10/site-packages/neutron/plugins/ml2/drivers/openvswitch/mech_driver/mech_openvswitch.py", line 133, in bind_port
2026-07-01 08:46:23.361 9 ERROR neutron.plugins.ml2.managers super(OpenvswitchMechanismDriver, self).bind_port(context)
2026-07-01 08:46:23.361 9 ERROR neutron.plugins.ml2.managers
File "/var/lib/openstack/lib/python3.10/site-packages/neutron/plugins/ml2/drivers/mech_agent.py", line 104, in bind_port
2026-07-01 08:46:23.361 9 ERROR neutron.plugins.ml2.managers subnets = self.get_subnets_from_fixed_ips(context)
2026-07-01 08:46:23.361 9 ERROR neutron.plugins.ml2.managers
File "/var/lib/openstack/lib/python3.10/site-packages/neutron/plugins/ml2/drivers/mech_agent.py", line 149, in get_subnets_from_fixed_ips
2026-07-01 08:46:23.361 9 ERROR neutron.plugins.ml2.managers subnets.append(context._plugin.get_subnet(
2026-07-01 08:46:23.361 9 ERROR neutron.plugins.ml2.managers
File "/var/lib/openstack/lib/python3.10/site-packages/neutron_lib/db/api.py", line 223, in wrapped
2026-07-01 08:46:23.361 9 ERROR neutron.plugins.ml2.managers return f_with_retry(*args, **kwargs,
2026-07-01 08:46:23.361 9 ERROR neutron.plugins.ml2.managers
File "/var/lib/openstack/lib/python3.10/site-packages/neutron_lib/db/api.py", line 137, in wrapped
2026-07-01 08:46:23.361 9 ERROR neutron.plugins.ml2.managers with excutils.save_and_reraise_exception():
2026-07-01 08:46:23.361 9 ERROR neutron.plugins.ml2.managers
File "/var/lib/openstack/lib/python3.10/site-packages/oslo_utils/excutils.py", line 227, in __exit__
2026-07-01 08:46:23.361 9 ERROR neutron.plugins.ml2.managers self.force_reraise()
2026-07-01 08:46:23.361 9 ERROR neutron.plugins.ml2.managers
File "/var/lib/openstack/lib/python3.10/site-packages/oslo_utils/excutils.py", line 200, in force_reraise
2026-07-01 08:46:23.361 9 ERROR neutron.plugins.ml2.managers raise self.value
2026-07-01 08:46:23.361 9 ERROR neutron.plugins.ml2.managers
File "/var/lib/openstack/lib/python3.10/site-packages/neutron_lib/db/api.py", line 135, in wrapped
2026-07-01 08:46:23.361 9 ERROR neutron.plugins.ml2.managers return f(*args, **kwargs)
2026-07-01 08:46:23.361 9 ERROR neutron.plugins.ml2.managers
File "/var/lib/openstack/lib/python3.10/site-packages/oslo_db/api.py", line 144, in wrapper
2026-07-01 08:46:23.361 9 ERROR neutron.plugins.ml2.managers with excutils.save_and_reraise_exception() as ectxt:
2026-07-01 08:46:23.361 9 ERROR neutron.plugins.ml2.managers
File "/var/lib/openstack/lib/python3.10/site-packages/oslo_utils/excutils.py", line 227, in __exit__
2026-07-01 08:46:23.361 9 ERROR neutron.plugins.ml2.managers self.force_reraise()
2026-07-01 08:46:23.361 9 ERROR neutron.plugins.ml2.managers
File "/var/lib/openstack/lib/python3.10/site-packages/oslo_utils/excutils.py", line 200, in force_reraise
2026-07-01 08:46:23.361 9 ERROR neutron.plugins.ml2.managers raise self.value
2026-07-01 08:46:23.361 9 ERROR neutron.plugins.ml2.managers
File "/var/lib/openstack/lib/python3.10/site-packages/oslo_db/api.py", line 142, in wrapper
2026-07-01 08:46:23.361 9 ERROR neutron.plugins.ml2.managers return f(*args, **kwargs)
2026-07-01 08:46:23.361 9 ERROR neutron.plugins.ml2.managers
File "/var/lib/openstack/lib/python3.10/site-packages/neutron_lib/db/api.py", line 183, in wrapped
2026-07-01 08:46:23.361 9 ERROR neutron.plugins.ml2.managers with excutils.save_and_reraise_exception():
2026-07-01 08:46:23.361 9 ERROR neutron.plugins.ml2.managers
File "/var/lib/openstack/lib/python3.10/site-packages/oslo_utils/excutils.py", line 227, in __exit__
2026-07-01 08:46:23.361 9 ERROR neutron.plugins.ml2.managers self.force_reraise()
2026-07-01 08:46:23.361 9 ERROR neutron.plugins.ml2.managers
File "/var/lib/openstack/lib/python3.10/site-packages/oslo_utils/excutils.py", line 200, in force_reraise
2026-07-01 08:46:23.361 9 ERROR neutron.plugins.ml2.managers raise self.value
2026-07-01 08:46:23.361 9 ERROR neutron.plugins.ml2.managers
File "/var/lib/openstack/lib/python3.10/site-packages/neutron_lib/db/api.py", line 181, in wrapped
2026-07-01 08:46:23.361 9 ERROR neutron.plugins.ml2.managers return f(*dup_args, **dup_kwargs)
2026-07-01 08:46:23.361 9 ERROR neutron.plugins.ml2.managers
File "/var/lib/openstack/lib/python3.10/site-packages/neutron/db/db_base_plugin_v2.py", line 1233, in get_subnet
2026-07-01 08:46:23.361 9 ERROR neutron.plugins.ml2.managers subnet_obj = self._get_subnet_object(context, id)
2026-07-01 08:46:23.361 9 ERROR neutron.plugins.ml2.managers
File "/var/lib/openstack/lib/python3.10/site-packages/neutron/db/db_base_plugin_common.py", line 282, in _get_subnet_object
2026-07-01 08:46:23.361 9 ERROR neutron.plugins.ml2.managers raise exceptions.SubnetNotFound(subnet_id=id)
2026-07-01 08:46:23.361 9 ERROR neutron.plugins.ml2.managers neutron_lib.exceptions.SubnetNotFound: Subnet b0afad61-c3ce-458c-9a04-968d8a0586a6 could not be found.
2026-07-01 08:46:23.361 9 ERROR neutron.plugins.ml2.managers 
2026-07-01 08:46:23.362 9 ERROR neutron.plugins.ml2.managers [None req-d7a49df7-de7b-476e-946a-04188430dfe5 - - - - - -] Failed to bind port cc9827c5-9261-4f71-b4fb-d0b72b0ae08f on host instance for vnic_type normal using segments [{'id': '4bd22713-bbba-4b67-8920-3202ed25fe5d', 'network_type': 'vxlan', 'physical_network': None, 'segmentation_id': 274, 'network_id': '4c2e51b4-0c79-4d55-a13e-74ef49ebc7a9'}]
2026-07-01 08:46:23.362 9 INFO neutron.plugins.ml2.plugin [None req-d7a49df7-de7b-476e-946a-04188430dfe5 - - - - - -] Attempt 3 to bind port cc9827c5-9261-4f71-b4fb-d0b72b0ae08f
2026-07-01 08:46:23.387 9 ERROR neutron.plugins.ml2.managers [None req-d7a49df7-de7b-476e-946a-04188430dfe5 - - - - - -] Mechanism driver openvswitch failed in bind_port: neutron_lib.exceptions.SubnetNotFound: Subnet b0afad61-c3ce-458c-9a04-968d8a0586a6 could not be found.
2026-07-01 08:46:23.387 9 ERROR neutron.plugins.ml2.managers
Traceback (most recent call last):
2026-07-01 08:46:23.387 9 ERROR neutron.plugins.ml2.managers
File "/var/lib/openstack/lib/python3.10/site-packages/neutron/plugins/ml2/managers.py", line 850, in _bind_port_level
2026-07-01 08:46:23.387 9 ERROR neutron.plugins.ml2.managers driver.obj.bind_port(context)
2026-07-01 08:46:23.387 9 ERROR neutron.plugins.ml2.managers
File "/var/lib/openstack/lib/python3.10/site-packages/neutron/plugins/ml2/drivers/openvswitch/mech_driver/mech_openvswitch.py", line 133, in bind_port
2026-07-01 08:46:23.387 9 ERROR neutron.plugins.ml2.managers super(OpenvswitchMechanismDriver, self).bind_port(context)
2026-07-01 08:46:23.387 9 ERROR neutron.plugins.ml2.managers
File "/var/lib/openstack/lib/python3.10/site-packages/neutron/plugins/ml2/drivers/mech_agent.py", line 104, in bind_port
2026-07-01 08:46:23.387 9 ERROR neutron.plugins.ml2.managers subnets = self.get_subnets_from_fixed_ips(context)
2026-07-01 08:46:23.387 9 ERROR neutron.plugins.ml2.managers
File "/var/lib/openstack/lib/python3.10/site-packages/neutron/plugins/ml2/drivers/mech_agent.py", line 149, in get_subnets_from_fixed_ips
2026-07-01 08:46:23.387 9 ERROR neutron.plugins.ml2.managers subnets.append(context._plugin.get_subnet(
2026-07-01 08:46:23.387 9 ERROR neutron.plugins.ml2.managers
File "/var/lib/openstack/lib/python3.10/site-packages/neutron_lib/db/api.py", line 223, in wrapped
2026-07-01 08:46:23.387 9 ERROR neutron.plugins.ml2.managers return f_with_retry(*args, **kwargs,
2026-07-01 08:46:23.387 9 ERROR neutron.plugins.ml2.managers
File "/var/lib/openstack/lib/python3.10/site-packages/neutron_lib/db/api.py", line 137, in wrapped
2026-07-01 08:46:23.387 9 ERROR neutron.plugins.ml2.managers with excutils.save_and_reraise_exception():
2026-07-01 08:46:23.387 9 ERROR neutron.plugins.ml2.managers
File "/var/lib/openstack/lib/python3.10/site-packages/oslo_utils/excutils.py", line 227, in __exit__
2026-07-01 08:46:23.387 9 ERROR neutron.plugins.ml2.managers self.force_reraise()
2026-07-01 08:46:23.387 9 ERROR neutron.plugins.ml2.managers
File "/var/lib/openstack/lib/python3.10/site-packages/oslo_utils/excutils.py", line 200, in force_reraise
2026-07-01 08:46:23.387 9 ERROR neutron.plugins.ml2.managers raise self.value
2026-07-01 08:46:23.387 9 ERROR neutron.plugins.ml2.managers
File "/var/lib/openstack/lib/python3.10/site-packages/neutron_lib/db/api.py", line 135, in wrapped
2026-07-01 08:46:23.387 9 ERROR neutron.plugins.ml2.managers return f(*args, **kwargs)
2026-07-01 08:46:23.387 9 ERROR neutron.plugins.ml2.managers
File "/var/lib/openstack/lib/python3.10/site-packages/oslo_db/api.py", line 144, in wrapper
2026-07-01 08:46:23.387 9 ERROR neutron.plugins.ml2.managers with excutils.save_and_reraise_exception() as ectxt:
2026-07-01 08:46:23.387 9 ERROR neutron.plugins.ml2.managers
File "/var/lib/openstack/lib/python3.10/site-packages/oslo_utils/excutils.py", line 227, in __exit__
2026-07-01 08:46:23.387 9 ERROR neutron.plugins.ml2.managers self.force_reraise()
2026-07-01 08:46:23.387 9 ERROR neutron.plugins.ml2.managers
File "/var/lib/openstack/lib/python3.10/site-packages/oslo_utils/excutils.py", line 200, in force_reraise
2026-07-01 08:46:23.387 9 ERROR neutron.plugins.ml2.managers raise self.value
2026-07-01 08:46:23.387 9 ERROR neutron.plugins.ml2.managers
File "/var/lib/openstack/lib/python3.10/site-packages/oslo_db/api.py", line 142, in wrapper
2026-07-01 08:46:23.387 9 ERROR neutron.plugins.ml2.managers return f(*args, **kwargs)
2026-07-01 08:46:23.387 9 ERROR neutron.plugins.ml2.managers
File "/var/lib/openstack/lib/python3.10/site-packages/neutron_lib/db/api.py", line 183, in wrapped
2026-07-01 08:46:23.387 9 ERROR neutron.plugins.ml2.managers with excutils.save_and_reraise_exception():
2026-07-01 08:46:23.387 9 ERROR neutron.plugins.ml2.managers
File "/var/lib/openstack/lib/python3.10/site-packages/oslo_utils/excutils.py", line 227, in __exit__
2026-07-01 08:46:23.387 9 ERROR neutron.plugins.ml2.managers self.force_reraise()
2026-07-01 08:46:23.387 9 ERROR neutron.plugins.ml2.managers
File "/var/lib/openstack/lib/python3.10/site-packages/oslo_utils/excutils.py", line 200, in force_reraise
2026-07-01 08:46:23.387 9 ERROR neutron.plugins.ml2.managers raise self.value
2026-07-01 08:46:23.387 9 ERROR neutron.plugins.ml2.managers
File "/var/lib/openstack/lib/python3.10/site-packages/neutron_lib/db/api.py", line 181, in wrapped
2026-07-01 08:46:23.387 9 ERROR neutron.plugins.ml2.managers return f(*dup_args, **dup_kwargs)
2026-07-01 08:46:23.387 9 ERROR neutron.plugins.ml2.managers
File "/var/lib/openstack/lib/python3.10/site-packages/neutron/db/db_base_plugin_v2.py", line 1233, in get_subnet
2026-07-01 08:46:23.387 9 ERROR neutron.plugins.ml2.managers subnet_obj = self._get_subnet_object(context, id)
2026-07-01 08:46:23.387 9 ERROR neutron.plugins.ml2.managers
File "/var/lib/openstack/lib/python3.10/site-packages/neutron/db/db_base_plugin_common.py", line 282, in _get_subnet_object
2026-07-01 08:46:23.387 9 ERROR neutron.plugins.ml2.managers raise exceptions.SubnetNotFound(subnet_id=id)
2026-07-01 08:46:23.387 9 ERROR neutron.plugins.ml2.managers neutron_lib.exceptions.SubnetNotFound: Subnet b0afad61-c3ce-458c-9a04-968d8a0586a6 could not be found.
2026-07-01 08:46:23.387 9 ERROR neutron.plugins.ml2.managers 
2026-07-01 08:46:23.388 9 ERROR neutron.plugins.ml2.managers [None req-d7a49df7-de7b-476e-946a-04188430dfe5 - - - - - -] Failed to bind port cc9827c5-9261-4f71-b4fb-d0b72b0ae08f on host instance for vnic_type normal using segments [{'id': '4bd22713-bbba-4b67-8920-3202ed25fe5d', 'network_type': 'vxlan', 'physical_network': None, 'segmentation_id': 274, 'network_id': '4c2e51b4-0c79-4d55-a13e-74ef49ebc7a9'}]
2026-07-01 08:46:23.388 9 INFO neutron.plugins.ml2.plugin [None req-d7a49df7-de7b-476e-946a-04188430dfe5 - - - - - -] Attempt 4 to bind port cc9827c5-9261-4f71-b4fb-d0b72b0ae08f
2026-07-01 08:46:23.427 9 ERROR neutron.plugins.ml2.managers [None req-d7a49df7-de7b-476e-946a-04188430dfe5 - - - - - -] Mechanism driver openvswitch failed in bind_port: neutron_lib.exceptions.SubnetNotFound: Subnet b0afad61-c3ce-458c-9a04-968d8a0586a6 could not be found.
2026-07-01 08:46:23.427 9 ERROR neutron.plugins.ml2.managers
Traceback (most recent call last):
2026-07-01 08:46:23.427 9 ERROR neutron.plugins.ml2.managers
File "/var/lib/openstack/lib/python3.10/site-packages/neutron/plugins/ml2/managers.py", line 850, in _bind_port_level
2026-07-01 08:46:23.427 9 ERROR neutron.plugins.ml2.managers driver.obj.bind_port(context)
2026-07-01 08:46:23.427 9 ERROR neutron.plugins.ml2.managers
File "/var/lib/openstack/lib/python3.10/site-packages/neutron/plugins/ml2/drivers/openvswitch/mech_driver/mech_openvswitch.py", line 133, in bind_port
2026-07-01 08:46:23.427 9 ERROR neutron.plugins.ml2.managers super(OpenvswitchMechanismDriver, self).bind_port(context)
2026-07-01 08:46:23.427 9 ERROR neutron.plugins.ml2.managers
File "/var/lib/openstack/lib/python3.10/site-packages/neutron/plugins/ml2/drivers/mech_agent.py", line 104, in bind_port
2026-07-01 08:46:23.427 9 ERROR neutron.plugins.ml2.managers subnets = self.get_subnets_from_fixed_ips(context)
2026-07-01 08:46:23.427 9 ERROR neutron.plugins.ml2.managers
File "/var/lib/openstack/lib/python3.10/site-packages/neutron/plugins/ml2/drivers/mech_agent.py", line 149, in get_subnets_from_fixed_ips
2026-07-01 08:46:23.427 9 ERROR neutron.plugins.ml2.managers subnets.append(context._plugin.get_subnet(
2026-07-01 08:46:23.427 9 ERROR neutron.plugins.ml2.managers
File "/var/lib/openstack/lib/python3.10/site-packages/neutron_lib/db/api.py", line 223, in wrapped
2026-07-01 08:46:23.427 9 ERROR neutron.plugins.ml2.managers return f_with_retry(*args, **kwargs,
2026-07-01 08:46:23.427 9 ERROR neutron.plugins.ml2.managers
File "/var/lib/openstack/lib/python3.10/site-packages/neutron_lib/db/api.py", line 137, in wrapped
2026-07-01 08:46:23.427 9 ERROR neutron.plugins.ml2.managers with excutils.save_and_reraise_exception():
2026-07-01 08:46:23.427 9 ERROR neutron.plugins.ml2.managers
File "/var/lib/openstack/lib/python3.10/site-packages/oslo_utils/excutils.py", line 227, in __exit__
2026-07-01 08:46:23.427 9 ERROR neutron.plugins.ml2.managers self.force_reraise()
2026-07-01 08:46:23.427 9 ERROR neutron.plugins.ml2.managers
File "/var/lib/openstack/lib/python3.10/site-packages/oslo_utils/excutils.py", line 200, in force_reraise
2026-07-01 08:46:23.427 9 ERROR neutron.plugins.ml2.managers raise self.value
2026-07-01 08:46:23.427 9 ERROR neutron.plugins.ml2.managers
File "/var/lib/openstack/lib/python3.10/site-packages/neutron_lib/db/api.py", line 135, in wrapped
2026-07-01 08:46:23.427 9 ERROR neutron.plugins.ml2.managers return f(*args, **kwargs)
2026-07-01 08:46:23.427 9 ERROR neutron.plugins.ml2.managers
File "/var/lib/openstack/lib/python3.10/site-packages/oslo_db/api.py", line 144, in wrapper
2026-07-01 08:46:23.427 9 ERROR neutron.plugins.ml2.managers with excutils.save_and_reraise_exception() as ectxt:
2026-07-01 08:46:23.427 9 ERROR neutron.plugins.ml2.managers
File "/var/lib/openstack/lib/python3.10/site-packages/oslo_utils/excutils.py", line 227, in __exit__
2026-07-01 08:46:23.427 9 ERROR neutron.plugins.ml2.managers self.force_reraise()
2026-07-01 08:46:23.427 9 ERROR neutron.plugins.ml2.managers
File "/var/lib/openstack/lib/python3.10/site-packages/oslo_utils/excutils.py", line 200, in force_reraise
2026-07-01 08:46:23.427 9 ERROR neutron.plugins.ml2.managers raise self.value
2026-07-01 08:46:23.427 9 ERROR neutron.plugins.ml2.managers
File "/var/lib/openstack/lib/python3.10/site-packages/oslo_db/api.py", line 142, in wrapper
2026-07-01 08:46:23.427 9 ERROR neutron.plugins.ml2.managers return f(*args, **kwargs)
2026-07-01 08:46:23.427 9 ERROR neutron.plugins.ml2.managers
File "/var/lib/openstack/lib/python3.10/site-packages/neutron_lib/db/api.py", line 183, in wrapped
2026-07-01 08:46:23.427 9 ERROR neutron.plugins.ml2.managers with excutils.save_and_reraise_exception():
2026-07-01 08:46:23.427 9 ERROR neutron.plugins.ml2.managers
File "/var/lib/openstack/lib/python3.10/site-packages/oslo_utils/excutils.py", line 227, in __exit__
2026-07-01 08:46:23.427 9 ERROR neutron.plugins.ml2.managers self.force_reraise()
2026-07-01 08:46:23.427 9 ERROR neutron.plugins.ml2.managers
File "/var/lib/openstack/lib/python3.10/site-packages/oslo_utils/excutils.py", line 200, in force_reraise
2026-07-01 08:46:23.427 9 ERROR neutron.plugins.ml2.managers raise self.value
2026-07-01 08:46:23.427 9 ERROR neutron.plugins.ml2.managers
File "/var/lib/openstack/lib/python3.10/site-packages/neutron_lib/db/api.py", line 181, in wrapped
2026-07-01 08:46:23.427 9 ERROR neutron.plugins.ml2.managers return f(*dup_args, **dup_kwargs)
2026-07-01 08:46:23.427 9 ERROR neutron.plugins.ml2.managers
File "/var/lib/openstack/lib/python3.10/site-packages/neutron/db/db_base_plugin_v2.py", line 1233, in get_subnet
2026-07-01 08:46:23.427 9 ERROR neutron.plugins.ml2.managers subnet_obj = self._get_subnet_object(context, id)
2026-07-01 08:46:23.427 9 ERROR neutron.plugins.ml2.managers
File "/var/lib/openstack/lib/python3.10/site-packages/neutron/db/db_base_plugin_common.py", line 282, in _get_subnet_object
2026-07-01 08:46:23.427 9 ERROR neutron.plugins.ml2.managers raise exceptions.SubnetNotFound(subnet_id=id)
2026-07-01 08:46:23.427 9 ERROR neutron.plugins.ml2.managers neutron_lib.exceptions.SubnetNotFound: Subnet b0afad61-c3ce-458c-9a04-968d8a0586a6 could not be found.
2026-07-01 08:46:23.427 9 ERROR neutron.plugins.ml2.managers 
2026-07-01 08:46:23.428 9 ERROR neutron.plugins.ml2.managers [None req-d7a49df7-de7b-476e-946a-04188430dfe5 - - - - - -] Failed to bind port cc9827c5-9261-4f71-b4fb-d0b72b0ae08f on host instance for vnic_type normal using segments [{'id': '4bd22713-bbba-4b67-8920-3202ed25fe5d', 'network_type': 'vxlan', 'physical_network': None, 'segmentation_id': 274, 'network_id': '4c2e51b4-0c79-4d55-a13e-74ef49ebc7a9'}]
2026-07-01 08:46:23.428 9 INFO neutron.plugins.ml2.plugin [None req-d7a49df7-de7b-476e-946a-04188430dfe5 - - - - - -] Attempt 5 to bind port cc9827c5-9261-4f71-b4fb-d0b72b0ae08f
2026-07-01 08:46:23.451 9 ERROR neutron.plugins.ml2.managers [None req-d7a49df7-de7b-476e-946a-04188430dfe5 - - - - - -] Mechanism driver openvswitch failed in bind_port: neutron_lib.exceptions.SubnetNotFound: Subnet b0afad61-c3ce-458c-9a04-968d8a0586a6 could not be found.
2026-07-01 08:46:23.451 9 ERROR neutron.plugins.ml2.managers
Traceback (most recent call last):
2026-07-01 08:46:23.451 9 ERROR neutron.plugins.ml2.managers
File "/var/lib/openstack/lib/python3.10/site-packages/neutron/plugins/ml2/managers.py", line 850, in _bind_port_level
2026-07-01 08:46:23.451 9 ERROR neutron.plugins.ml2.managers driver.obj.bind_port(context)
2026-07-01 08:46:23.451 9 ERROR neutron.plugins.ml2.managers
File "/var/lib/openstack/lib/python3.10/site-packages/neutron/plugins/ml2/drivers/openvswitch/mech_driver/mech_openvswitch.py", line 133, in bind_port
2026-07-01 08:46:23.451 9 ERROR neutron.plugins.ml2.managers super(OpenvswitchMechanismDriver, self).bind_port(context)
2026-07-01 08:46:23.451 9 ERROR neutron.plugins.ml2.managers
File "/var/lib/openstack/lib/python3.10/site-packages/neutron/plugins/ml2/drivers/mech_agent.py", line 104, in bind_port
2026-07-01 08:46:23.451 9 ERROR neutron.plugins.ml2.managers subnets = self.get_subnets_from_fixed_ips(context)
2026-07-01 08:46:23.451 9 ERROR neutron.plugins.ml2.managers
File "/var/lib/openstack/lib/python3.10/site-packages/neutron/plugins/ml2/drivers/mech_agent.py", line 149, in get_subnets_from_fixed_ips
2026-07-01 08:46:23.451 9 ERROR neutron.plugins.ml2.managers subnets.append(context._plugin.get_subnet(
2026-07-01 08:46:23.451 9 ERROR neutron.plugins.ml2.managers
File "/var/lib/openstack/lib/python3.10/site-packages/neutron_lib/db/api.py", line 223, in wrapped
2026-07-01 08:46:23.451 9 ERROR neutron.plugins.ml2.managers return f_with_retry(*args, **kwargs,
2026-07-01 08:46:23.451 9 ERROR neutron.plugins.ml2.managers
File "/var/lib/openstack/lib/python3.10/site-packages/neutron_lib/db/api.py", line 137, in wrapped
2026-07-01 08:46:23.451 9 ERROR neutron.plugins.ml2.managers with excutils.save_and_reraise_exception():
2026-07-01 08:46:23.451 9 ERROR neutron.plugins.ml2.managers
File "/var/lib/openstack/lib/python3.10/site-packages/oslo_utils/excutils.py", line 227, in __exit__
2026-07-01 08:46:23.451 9 ERROR neutron.plugins.ml2.managers self.force_reraise()
2026-07-01 08:46:23.451 9 ERROR neutron.plugins.ml2.managers
File "/var/lib/openstack/lib/python3.10/site-packages/oslo_utils/excutils.py", line 200, in force_reraise
2026-07-01 08:46:23.451 9 ERROR neutron.plugins.ml2.managers raise self.value
2026-07-01 08:46:23.451 9 ERROR neutron.plugins.ml2.managers
File "/var/lib/openstack/lib/python3.10/site-packages/neutron_lib/db/api.py", line 135, in wrapped
2026-07-01 08:46:23.451 9 ERROR neutron.plugins.ml2.managers return f(*args, **kwargs)
2026-07-01 08:46:23.451 9 ERROR neutron.plugins.ml2.managers
File "/var/lib/openstack/lib/python3.10/site-packages/oslo_db/api.py", line 144, in wrapper
2026-07-01 08:46:23.451 9 ERROR neutron.plugins.ml2.managers with excutils.save_and_reraise_exception() as ectxt:
2026-07-01 08:46:23.451 9 ERROR neutron.plugins.ml2.managers
File "/var/lib/openstack/lib/python3.10/site-packages/oslo_utils/excutils.py", line 227, in __exit__
2026-07-01 08:46:23.451 9 ERROR neutron.plugins.ml2.managers self.force_reraise()
2026-07-01 08:46:23.451 9 ERROR neutron.plugins.ml2.managers
File "/var/lib/openstack/lib/python3.10/site-packages/oslo_utils/excutils.py", line 200, in force_reraise
2026-07-01 08:46:23.451 9 ERROR neutron.plugins.ml2.managers raise self.value
2026-07-01 08:46:23.451 9 ERROR neutron.plugins.ml2.managers
File "/var/lib/openstack/lib/python3.10/site-packages/oslo_db/api.py", line 142, in wrapper
2026-07-01 08:46:23.451 9 ERROR neutron.plugins.ml2.managers return f(*args, **kwargs)
2026-07-01 08:46:23.451 9 ERROR neutron.plugins.ml2.managers
File "/var/lib/openstack/lib/python3.10/site-packages/neutron_lib/db/api.py", line 183, in wrapped
2026-07-01 08:46:23.451 9 ERROR neutron.plugins.ml2.managers with excutils.save_and_reraise_exception():
2026-07-01 08:46:23.451 9 ERROR neutron.plugins.ml2.managers
