2026-03-04 02:27:38.952 10 INFO neutron.wsgi [None req-7745b7bd-448b-4454-8524-54f3f0795b3d 2e9c84efc45143c7be5c3528d47a8353 188a8dd7f5284638b79840c5839ead85 - - default default] 10.0.0.30 "POST /v2.0/subnets HTTP/1.1" status: 201 len: 860 time: 1.3314199 /var/lib/openstack/lib/python3.10/site-packages/pycadf/identifier.py:71: UserWarning: Invalid uuid: neutron. To ensure interoperability, identifiers should be a valid uuid. warnings.warn(('Invalid uuid: %s. To ensure interoperability, '
2026-03-04 02:27:39.212 10 INFO neutron.db.ovn_revision_numbers_db [None req-2b8aa2fe-696b-4ec6-ac46-7ea87d215906 fc9f534318724fd3beba35a70ad9c7f7 730c8956e3354c10bac6027548043af9 - - default default] Successfully bumped revision number for resource f683bfe8-1a8c-46b3-ac3d-59f69976d0cb (type: floatingips) to 2
2026-03-04 02:27:39.247 10 INFO neutron.wsgi [None req-2b8aa2fe-696b-4ec6-ac46-7ea87d215906 fc9f534318724fd3beba35a70ad9c7f7 730c8956e3354c10bac6027548043af9 - - default default] 10.0.0.30 "PUT /v2.0/floatingips/f683bfe8-1a8c-46b3-ac3d-59f69976d0cb HTTP/1.1" status: 200 len: 1050 time: 1.0162942
2026-03-04 02:27:39.282 10 INFO neutron.notifiers.nova [-] Nova event matching ['req-ab843d1c-1322-45c8-bd47-48cf4ebdac91'] response: {'server_uuid': '570899c1-db97-4286-8c51-18d3c5d83cba', 'name': 'network-vif-plugged', 'status': 'completed', 'tag': 'f43b8004-5669-40f2-b922-d72d3640844c', 'code': 200}
2026-03-04 02:27:39.405 10 INFO neutron.db.ovn_revision_numbers_db [None req-575fdd68-b365-41c0-9928-8a1fdfa9f95e - - - - - -] Successfully bumped revision number for resource f43b8004-5669-40f2-b922-d72d3640844c (type: ports) to 4
2026-03-04 02:27:39.446 9 INFO neutron.notifiers.nova [-] Nova event matching ['req-2e74dd83-83c7-45b2-a37f-37865b35c8cd'] response: {'server_uuid': 'f1dda32d-0bf8-479f-bc36-a05099f15979', 'name': 'network-vif-plugged', 'status': 'completed', 'tag': '701f422e-23b5-4cd3-853f-d8ded20a1297', 'code': 200} /var/lib/openstack/lib/python3.10/site-packages/pycadf/identifier.py:71: UserWarning: Invalid uuid: neutron. To ensure interoperability, identifiers should be a valid uuid. warnings.warn(('Invalid uuid: %s. To ensure interoperability, '
2026-03-04 02:27:39.624 9 INFO neutron.db.ovn_revision_numbers_db [None req-8459e8bb-5912-4a5c-9870-be18d558ecb3 2e9c84efc45143c7be5c3528d47a8353 188a8dd7f5284638b79840c5839ead85 - - default default] Successfully bumped revision number for resource 5fcdefdd-7d4d-492e-a7a0-7e4d63232322 (type: ports) to 2
2026-03-04 02:27:39.630 9 WARNING neutron.scheduler.dhcp_agent_scheduler [None req-c1f84e30-ba1e-4b73-b3e7-f64993e09ed5 2e9c84efc45143c7be5c3528d47a8353 188a8dd7f5284638b79840c5839ead85 - - default default] No more DHCP agents
2026-03-04 02:27:39.632 9 WARNING neutron.api.rpc.agentnotifiers.dhcp_rpc_agent_api [None req-c1f84e30-ba1e-4b73-b3e7-f64993e09ed5 2e9c84efc45143c7be5c3528d47a8353 188a8dd7f5284638b79840c5839ead85 - - default default] Unable to schedule network a1d31c68-8dc4-46b4-b8ed-cdcc896b677f: no agents available; will retry on subsequent port and subnet creation events.
2026-03-04 02:27:39.669 9 INFO neutron.db.ovn_revision_numbers_db [None req-8459e8bb-5912-4a5c-9870-be18d558ecb3 2e9c84efc45143c7be5c3528d47a8353 188a8dd7f5284638b79840c5839ead85 - - default default] Successfully bumped revision number for resource 39de4daf-ed29-4e17-a6a6-dd2cc900f219 (type: subnets) to 0
2026-03-04 02:27:39.682 10 INFO neutron.wsgi [req-7b3e8c05-cdc7-4db3-9d87-4ea11d66bf0b req-17719ece-8cf9-4344-bd88-09730a447484 b9282489d4d0443e820aba8b28fd953c fc84e5944653434b834c3c6a1ece1af8 - - default default] 10.0.0.129 "GET /v2.0/ports?device_id=570899c1-db97-4286-8c51-18d3c5d83cba HTTP/1.1" status: 200 len: 1170 time: 0.0792680
2026-03-04 02:27:39.684 9 INFO neutron.wsgi [None req-8459e8bb-5912-4a5c-9870-be18d558ecb3 2e9c84efc45143c7be5c3528d47a8353 188a8dd7f5284638b79840c5839ead85 - - default default] 10.0.0.30 "POST /v2.0/subnets HTTP/1.1" status: 201 len: 874 time: 1.0469062
2026-03-04 02:27:39.728 10 INFO neutron.wsgi [req-7b3e8c05-cdc7-4db3-9d87-4ea11d66bf0b req-32028013-c3fd-4664-a818-abbed0084a56 b9282489d4d0443e820aba8b28fd953c fc84e5944653434b834c3c6a1ece1af8 - - default default] 10.0.0.129 "GET /v2.0/security-groups?id=2bd6c5d1-6388-4024-8c67-9bef2411b60b&fields=id&fields=name HTTP/1.1" status: 200 len: 313 time: 0.0371997
2026-03-04 02:27:40.006 9 INFO neutron.wsgi [req-6e2179f0-a9eb-4f2b-b735-d48c6abecbe5 req-e95c69a3-d3f2-4819-8e29-f879d0fb5b28 b9282489d4d0443e820aba8b28fd953c fc84e5944653434b834c3c6a1ece1af8 - - default default] 10.0.0.129 "GET /v2.0/ports?device_id=570899c1-db97-4286-8c51-18d3c5d83cba HTTP/1.1" status: 200 len: 1170 time: 0.1822577
2026-03-04 02:27:40.016 9 INFO neutron.db.ovn_revision_numbers_db [None req-c1f84e30-ba1e-4b73-b3e7-f64993e09ed5 2e9c84efc45143c7be5c3528d47a8353 188a8dd7f5284638b79840c5839ead85 - - default default] Successfully bumped revision number for resource baff30ed-8a2a-4959-a55c-29e993a9fb94 (type: ports) to 1
2026-03-04 02:27:40.266 10 INFO neutron.db.l3_db [None req-27035642-7c5d-49c9-adc7-1040a33c1686 b9282489d4d0443e820aba8b28fd953c fc84e5944653434b834c3c6a1ece1af8 - - default default] Floating IP 1e47823b-a344-4c16-b2c0-56cc7ac6a338 associated. External IP: 10.96.250.215, port: f43b8004-5669-40f2-b922-d72d3640844c.
2026-03-04 02:27:40.460 10 INFO neutron.db.ovn_revision_numbers_db [None req-27035642-7c5d-49c9-adc7-1040a33c1686 b9282489d4d0443e820aba8b28fd953c fc84e5944653434b834c3c6a1ece1af8 - - default default] Successfully bumped revision number for resource 1e47823b-a344-4c16-b2c0-56cc7ac6a338 (type: floatingips) to 1
2026-03-04 02:27:40.464 9 WARNING neutron.scheduler.dhcp_agent_scheduler [None req-4fb57076-75c5-48ca-b240-89f8bcc08c72 2e9c84efc45143c7be5c3528d47a8353 188a8dd7f5284638b79840c5839ead85 - - default default] No more DHCP agents
2026-03-04 02:27:40.475 9 WARNING neutron.api.rpc.agentnotifiers.dhcp_rpc_agent_api [None req-4fb57076-75c5-48ca-b240-89f8bcc08c72 2e9c84efc45143c7be5c3528d47a8353 188a8dd7f5284638b79840c5839ead85 - - default default] Unable to schedule network a1d31c68-8dc4-46b4-b8ed-cdcc896b677f: no agents available; will retry on subsequent port and subnet creation events.
2026-03-04 02:27:40.575 10 INFO neutron.db.ovn_revision_numbers_db [None req-27035642-7c5d-49c9-adc7-1040a33c1686 b9282489d4d0443e820aba8b28fd953c fc84e5944653434b834c3c6a1ece1af8 - - default default] Successfully bumped revision number for resource 1e47823b-a344-4c16-b2c0-56cc7ac6a338 (type: floatingips) to 2
2026-03-04 02:27:40.601 10 INFO neutron.wsgi [None req-27035642-7c5d-49c9-adc7-1040a33c1686 b9282489d4d0443e820aba8b28fd953c fc84e5944653434b834c3c6a1ece1af8 - - default default] 10.0.0.30 "PUT /v2.0/floatingips/1e47823b-a344-4c16-b2c0-56cc7ac6a338 HTTP/1.1" status: 200 len: 1049 time: 0.5798459
2026-03-04 02:27:40.659 9 INFO neutron.db.ovn_revision_numbers_db [None req-4fb57076-75c5-48ca-b240-89f8bcc08c72 2e9c84efc45143c7be5c3528d47a8353 188a8dd7f5284638b79840c5839ead85 - - default default] Successfully bumped revision number for resource a12da9d0-5899-42c0-bc54-d57bf7e2393a (type: ports) to 1
2026-03-04 02:27:40.687 10 INFO neutron.wsgi [req-df08203c-7bf8-4c1d-8142-4d6a84960a12 req-cc9325a7-4073-48de-a49e-916fd4dbf93e b9282489d4d0443e820aba8b28fd953c fc84e5944653434b834c3c6a1ece1af8 - - default default] 10.0.0.129 "GET /v2.0/ports?device_id=570899c1-db97-4286-8c51-18d3c5d83cba HTTP/1.1" status: 200 len: 1170 time: 0.0362737
2026-03-04 02:27:40.731 10 INFO neutron.wsgi [req-df08203c-7bf8-4c1d-8142-4d6a84960a12 req-521f6558-ee4e-4f24-aa55-b8789c020d51 b9282489d4d0443e820aba8b28fd953c fc84e5944653434b834c3c6a1ece1af8 - - default default] 10.0.0.129 "GET /v2.0/security-groups?id=2bd6c5d1-6388-4024-8c67-9bef2411b60b&fields=id&fields=name HTTP/1.1" status: 200 len: 313 time: 0.0335639
2026-03-04 02:27:40.814 9 INFO neutron.plugins.ml2.drivers.ovn.mech_driver.mech_driver [None req-92c0e464-e21e-437f-bb49-1cdcdc62b54c - - - - - -] OVN reports status up for port: baff30ed-8a2a-4959-a55c-29e993a9fb94
2026-03-04 02:27:40.821 10 INFO neutron.plugins.ml2.drivers.ovn.mech_driver.ovsdb.ovsdb_monitor [None req-4faf7542-1da9-4287-a13a-4b63ed87f7fe - - - - - -] Router 420e2260-8e03-412e-a24d-2d6163dcacaf is bound to host instance
2026-03-04 02:27:40.839 9 INFO neutron.plugins.ml2.plugin [None req-92c0e464-e21e-437f-bb49-1cdcdc62b54c - - - - - -] Attempt 1 to provision port baff30ed-8a2a-4959-a55c-29e993a9fb94
2026-03-04 02:27:40.857 9 INFO neutron.db.ovn_revision_numbers_db [None req-c1f84e30-ba1e-4b73-b3e7-f64993e09ed5 2e9c84efc45143c7be5c3528d47a8353 188a8dd7f5284638b79840c5839ead85 - - default default] Successfully bumped revision number for resource baff30ed-8a2a-4959-a55c-29e993a9fb94 (type: router_ports) to 1 /var/lib/openstack/lib/python3.10/site-packages/pycadf/identifier.py:71: UserWarning: Invalid uuid: neutron. To ensure interoperability, identifiers should be a valid uuid. warnings.warn(('Invalid uuid: %s. To ensure interoperability, '
2026-03-04 02:27:41.094 9 INFO neutron.db.ovn_revision_numbers_db [None req-c1f84e30-ba1e-4b73-b3e7-f64993e09ed5 2e9c84efc45143c7be5c3528d47a8353 188a8dd7f5284638b79840c5839ead85 - - default default] Successfully bumped revision number for resource 420e2260-8e03-412e-a24d-2d6163dcacaf (type: routers) to 2
2026-03-04 02:27:41.115 9 INFO neutron.wsgi [None req-c1f84e30-ba1e-4b73-b3e7-f64993e09ed5 2e9c84efc45143c7be5c3528d47a8353 188a8dd7f5284638b79840c5839ead85 - - default default] 10.0.0.30 "POST /v2.0/routers HTTP/1.1" status: 201 len: 871 time: 2.1579871
2026-03-04 02:27:41.121 9 INFO neutron.wsgi [req-3f80d75c-954d-43ba-9503-9180fc309c3b req-3572346f-31b1-4326-993c-5b38bd06ff11 b9282489d4d0443e820aba8b28fd953c fc84e5944653434b834c3c6a1ece1af8 - - default default] 10.0.0.129 "GET /v2.0/ports?device_id=570899c1-db97-4286-8c51-18d3c5d83cba HTTP/1.1" status: 200 len: 1170 time: 0.0450747
2026-03-04 02:27:41.123 10 INFO neutron.plugins.ml2.drivers.ovn.mech_driver.mech_driver [None req-575fdd68-b365-41c0-9928-8a1fdfa9f95e - - - - - -] OVN reports status down for port: f43b8004-5669-40f2-b922-d72d3640844c
2026-03-04 02:27:41.204 9 INFO neutron.wsgi [req-3f80d75c-954d-43ba-9503-9180fc309c3b req-f518aafb-141f-4646-aa0e-3fdf8627d572 b9282489d4d0443e820aba8b28fd953c fc84e5944653434b834c3c6a1ece1af8 - - default default] 10.0.0.129 "GET /v2.0/security-groups?id=2bd6c5d1-6388-4024-8c67-9bef2411b60b&fields=id&fields=name HTTP/1.1" status: 200 len: 313 time: 0.0736496
2026-03-04 02:27:41.338 10 INFO neutron.notifiers.nova [-] Nova event matching ['req-06426cbe-af84-49c5-b69c-ee70ec6e6445'] response: {'name': 'network-changed', 'server_uuid': 'f1dda32d-0bf8-479f-bc36-a05099f15979', 'tag': '701f422e-23b5-4cd3-853f-d8ded20a1297', 'status': 'completed', 'code': 200}
2026-03-04 02:27:41.338 10 INFO neutron.notifiers.nova [-] Nova event matching ['req-06426cbe-af84-49c5-b69c-ee70ec6e6445'] response: {'server_uuid': '570899c1-db97-4286-8c51-18d3c5d83cba', 'name': 'network-vif-plugged', 'status': 'completed', 'tag': 'f43b8004-5669-40f2-b922-d72d3640844c', 'code': 200}
2026-03-04 02:27:41.338 10 INFO neutron.notifiers.nova [-] Nova event matching ['req-06426cbe-af84-49c5-b69c-ee70ec6e6445'] response: {'name': 'network-changed', 'server_uuid': '570899c1-db97-4286-8c51-18d3c5d83cba', 'tag': 'f43b8004-5669-40f2-b922-d72d3640844c', 'status': 'completed', 'code': 200}
2026-03-04 02:27:41.338 10 INFO neutron.notifiers.nova [-] Nova event matching ['req-06426cbe-af84-49c5-b69c-ee70ec6e6445'] response: {'server_uuid': '570899c1-db97-4286-8c51-18d3c5d83cba', 'name': 'network-vif-unplugged', 'status': 'completed', 'tag': 'f43b8004-5669-40f2-b922-d72d3640844c', 'code': 200}
2026-03-04 02:27:41.426 10 INFO neutron.wsgi [req-42d5b767-3c71-48bd-b477-cf0d02e69c71 req-e8f704c9-6e1c-46d8-997a-6645bda3a9b9 0bb682022b2b47e4bae5c462e7477c95 3123c77e5de547d99dc5e2d39129b10d - - 116f49a716c34af294a835be3080f3ba 116f49a716c34af294a835be3080f3ba] 162.253.55.52 "GET /v2.0/ports?tenant_id=730c8956e3354c10bac6027548043af9&device_id=f1dda32d-0bf8-479f-bc36-a05099f15979 HTTP/1.1" status: 200 len: 1413 time: 0.0635929
2026-03-04 02:27:41.462 9 INFO neutron.wsgi [req-6ecb7154-e601-492f-93d3-9f71f752d6e8 req-72b17de7-140c-4f56-8f19-67528810d932 b9282489d4d0443e820aba8b28fd953c fc84e5944653434b834c3c6a1ece1af8 - - default default] 162.253.55.52 "GET /v2.0/ports?device_id=570899c1-db97-4286-8c51-18d3c5d83cba HTTP/1.1" status: 200 len: 1168 time: 0.0494268
2026-03-04 02:27:41.539 10 INFO neutron.wsgi [req-42d5b767-3c71-48bd-b477-cf0d02e69c71 req-63d3b193-140a-4260-8fec-31d096a4562f 0bb682022b2b47e4bae5c462e7477c95 3123c77e5de547d99dc5e2d39129b10d - - 116f49a716c34af294a835be3080f3ba 116f49a716c34af294a835be3080f3ba] 162.253.55.52 "GET /v2.0/networks?id=2698ebc3-3606-4b23-9eb5-95b0b966bbef HTTP/1.1" status: 200 len: 973 time: 0.1079514
2026-03-04 02:27:41.590 10 INFO neutron.db.ovn_revision_numbers_db [None req-4faf7542-1da9-4287-a13a-4b63ed87f7fe - - - - - -] Successfully bumped revision number for resource baff30ed-8a2a-4959-a55c-29e993a9fb94 (type: ports) to 1
2026-03-04 02:27:41.609 10 INFO neutron.db.ovn_revision_numbers_db [None req-575fdd68-b365-41c0-9928-8a1fdfa9f95e - - - - - -] Successfully bumped revision number for resource f43b8004-5669-40f2-b922-d72d3640844c (type: ports) to 5
2026-03-04 02:27:41.621 10 INFO neutron.wsgi [req-42d5b767-3c71-48bd-b477-cf0d02e69c71 req-8a9a9c90-fc93-4f8e-a9c6-39c4ac8fb1dd 0bb682022b2b47e4bae5c462e7477c95 3123c77e5de547d99dc5e2d39129b10d - - 116f49a716c34af294a835be3080f3ba 116f49a716c34af294a835be3080f3ba] 162.253.55.52 "GET /v2.0/floatingips?fixed_ip_address=10.100.0.12&port_id=701f422e-23b5-4cd3-853f-d8ded20a1297 HTTP/1.1" status: 200 len: 1060 time: 0.0695157
2026-03-04 02:27:41.648 10 INFO neutron.plugins.ml2.drivers.ovn.mech_driver.mech_driver [None req-575fdd68-b365-41c0-9928-8a1fdfa9f95e - - - - - -] OVN reports status up for port: a12da9d0-5899-42c0-bc54-d57bf7e2393a
2026-03-04 02:27:41.666 9 INFO neutron.db.ovn_revision_numbers_db [None req-4fb57076-75c5-48ca-b240-89f8bcc08c72 2e9c84efc45143c7be5c3528d47a8353 188a8dd7f5284638b79840c5839ead85 - - default default] Successfully bumped revision number for resource a12da9d0-5899-42c0-bc54-d57bf7e2393a (type: router_ports) to 1
2026-03-04 02:27:41.670 10 INFO neutron.plugins.ml2.plugin [None req-575fdd68-b365-41c0-9928-8a1fdfa9f95e - - - - - -] Attempt 1 to provision port a12da9d0-5899-42c0-bc54-d57bf7e2393a
2026-03-04 02:27:41.690 10 INFO neutron.wsgi [req-42d5b767-3c71-48bd-b477-cf0d02e69c71 req-e815a8ac-f382-4c0c-a633-2cfe586c08c1 0bb682022b2b47e4bae5c462e7477c95 3123c77e5de547d99dc5e2d39129b10d - - 116f49a716c34af294a835be3080f3ba 116f49a716c34af294a835be3080f3ba] 162.253.55.52 "GET /v2.0/subnets?id=15465460-f790-46f3-a2f0-633e784dcbf3 HTTP/1.1" status: 200 len: 868 time: 0.0639908 /var/lib/openstack/lib/python3.10/site-packages/pycadf/identifier.py:71: UserWarning: Invalid uuid: neutron. To ensure interoperability, identifiers should be a valid uuid. warnings.warn(('Invalid uuid: %s. To ensure interoperability, '
2026-03-04 02:27:41.723 10 INFO neutron.wsgi [req-42d5b767-3c71-48bd-b477-cf0d02e69c71 req-ffc7953b-a148-4deb-9f30-89446334513a 0bb682022b2b47e4bae5c462e7477c95 3123c77e5de547d99dc5e2d39129b10d - - 116f49a716c34af294a835be3080f3ba 116f49a716c34af294a835be3080f3ba] 162.253.55.52 "GET /v2.0/ports?network_id=2698ebc3-3606-4b23-9eb5-95b0b966bbef&device_owner=network%3Adhcp HTTP/1.1" status: 200 len: 210 time: 0.0228086
2026-03-04 02:27:41.907 9 INFO neutron.db.ovn_revision_numbers_db [None req-4fb57076-75c5-48ca-b240-89f8bcc08c72 2e9c84efc45143c7be5c3528d47a8353 188a8dd7f5284638b79840c5839ead85 - - default default] Successfully bumped revision number for resource e20c6761-1af4-4f18-a1d2-e5818680440e (type: routers) to 2
2026-03-04 02:27:41.957 9 INFO neutron.wsgi [None req-4fb57076-75c5-48ca-b240-89f8bcc08c72 2e9c84efc45143c7be5c3528d47a8353 188a8dd7f5284638b79840c5839ead85 - - default default] 10.0.0.30 "POST /v2.0/routers HTTP/1.1" status: 201 len: 885 time: 2.2687514
2026-03-04 02:27:41.959 9 WARNING neutron.scheduler.dhcp_agent_scheduler [None req-a49d3977-4feb-4a05-9f80-16d135df0236 2e9c84efc45143c7be5c3528d47a8353 188a8dd7f5284638b79840c5839ead85 - - default default] No more DHCP agents
2026-03-04 02:27:41.964 9 WARNING neutron.api.rpc.agentnotifiers.dhcp_rpc_agent_api [None req-a49d3977-4feb-4a05-9f80-16d135df0236 2e9c84efc45143c7be5c3528d47a8353 188a8dd7f5284638b79840c5839ead85 - - default default] Unable to schedule network 75591b8e-dada-4d91-9e0e-920a99913ff0: no agents available; will retry on subsequent port and subnet creation events.
2026-03-04 02:27:41.980 10 INFO neutron.wsgi [req-42d5b767-3c71-48bd-b477-cf0d02e69c71 req-b85c7492-f926-4d5b-8496-16ab0648e909 0bb682022b2b47e4bae5c462e7477c95 3123c77e5de547d99dc5e2d39129b10d - - 116f49a716c34af294a835be3080f3ba 116f49a716c34af294a835be3080f3ba] 162.253.55.52 "GET /v2.0/networks/2698ebc3-3606-4b23-9eb5-95b0b966bbef?fields=segments HTTP/1.1" status: 200 len: 212 time: 0.2476323
2026-03-04 02:27:42.056 10 INFO neutron.wsgi [req-42d5b767-3c71-48bd-b477-cf0d02e69c71 req-015fce91-6ba8-4986-a650-5c4a0d664879 0bb682022b2b47e4bae5c462e7477c95 3123c77e5de547d99dc5e2d39129b10d - - 116f49a716c34af294a835be3080f3ba 116f49a716c34af294a835be3080f3ba] 162.253.55.52 "GET /v2.0/networks/2698ebc3-3606-4b23-9eb5-95b0b966bbef?fields=provider%3Aphysical_network&fields=provider%3Anetwork_type HTTP/1.1" status: 200 len: 277 time: 0.0694318
2026-03-04 02:27:42.135 10 INFO neutron.wsgi [req-42d5b767-3c71-48bd-b477-cf0d02e69c71 req-4ed022b6-d623-42e7-b625-617e69c6e27f 0bb682022b2b47e4bae5c462e7477c95 3123c77e5de547d99dc5e2d39129b10d - - 116f49a716c34af294a835be3080f3ba 116f49a716c34af294a835be3080f3ba] 162.253.55.52 "GET /v2.0/ports?tenant_id=fc84e5944653434b834c3c6a1ece1af8&device_id=570899c1-db97-4286-8c51-18d3c5d83cba HTTP/1.1" status: 200 len: 1407 time: 0.0351288
2026-03-04 02:27:42.158 9 INFO neutron.db.l3_db [req-6ecb7154-e601-492f-93d3-9f71f752d6e8 req-c2b2cd72-9b98-400c-98b3-9f8f22c0f047 b9282489d4d0443e820aba8b28fd953c fc84e5944653434b834c3c6a1ece1af8 - - default default] Floating IP 1e47823b-a344-4c16-b2c0-56cc7ac6a338 disassociated. External IP: 10.96.250.215, port: f43b8004-5669-40f2-b922-d72d3640844c.
2026-03-04 02:27:42.177 10 INFO neutron.db.ovn_revision_numbers_db [None req-4faf7542-1da9-4287-a13a-4b63ed87f7fe - - - - - -] Successfully bumped revision number for resource baff30ed-8a2a-4959-a55c-29e993a9fb94 (type: router_ports) to 3
2026-03-04 02:27:42.201 10 INFO neutron.wsgi [req-42d5b767-3c71-48bd-b477-cf0d02e69c71 req-a5e08d25-56be-4f42-8965-58972a7a0249 0bb682022b2b47e4bae5c462e7477c95 3123c77e5de547d99dc5e2d39129b10d - - 116f49a716c34af294a835be3080f3ba 116f49a716c34af294a835be3080f3ba] 162.253.55.52 "GET /v2.0/networks?id=4cf94b4c-c01a-437b-886f-b4de80d75f03 HTTP/1.1" status: 200 len: 976 time: 0.0567312
2026-03-04 02:27:42.267 10 INFO neutron.wsgi [req-42d5b767-3c71-48bd-b477-cf0d02e69c71 req-b5c7f399-8743-4b86-ac6d-d73ba4523f7e 0bb682022b2b47e4bae5c462e7477c95 3123c77e5de547d99dc5e2d39129b10d - - 116f49a716c34af294a835be3080f3ba 116f49a716c34af294a835be3080f3ba] 162.253.55.52 "GET /v2.0/floatingips?fixed_ip_address=10.100.0.8&port_id=f43b8004-5669-40f2-b922-d72d3640844c HTTP/1.1" status: 200 len: 1057 time: 0.0543499
2026-03-04 02:27:42.315 10 INFO neutron.wsgi [req-42d5b767-3c71-48bd-b477-cf0d02e69c71 req-955241de-8300-404e-b13a-33f6ca3b675c 0bb682022b2b47e4bae5c462e7477c95 3123c77e5de547d99dc5e2d39129b10d - - 116f49a716c34af294a835be3080f3ba 116f49a716c34af294a835be3080f3ba] 162.253.55.52 "GET /v2.0/subnets?id=fcf83340-0662-44e9-b9a5-3a418609dca0 HTTP/1.1" status: 200 len: 871 time: 0.0408864
2026-03-04 02:27:42.325 9 INFO neutron.db.ovn_revision_numbers_db [None req-a49d3977-4feb-4a05-9f80-16d135df0236 2e9c84efc45143c7be5c3528d47a8353 188a8dd7f5284638b79840c5839ead85 - - default default] Successfully bumped revision number for resource 073b036c-a34f-44d9-84e7-366cbcd6e76c (type: ports) to 1
2026-03-04 02:27:42.348 10 INFO neutron.wsgi [req-42d5b767-3c71-48bd-b477-cf0d02e69c71 req-fda08515-7d9d-43a6-bcaa-4cf874685c54 0bb682022b2b47e4bae5c462e7477c95 3123c77e5de547d99dc5e2d39129b10d - - 116f49a716c34af294a835be3080f3ba 116f49a716c34af294a835be3080f3ba] 162.253.55.52 "GET /v2.0/ports?network_id=4cf94b4c-c01a-437b-886f-b4de80d75f03&device_owner=network%3Adhcp HTTP/1.1" status: 200 len: 210 time: 0.0256429
2026-03-04 02:27:42.368 10 INFO neutron.db.ovn_revision_numbers_db [None req-4faf7542-1da9-4287-a13a-4b63ed87f7fe - - - - - -] Successfully bumped revision number for resource baff30ed-8a2a-4959-a55c-29e993a9fb94 (type: ports) to 2
2026-03-04 02:27:42.416 10 INFO neutron.wsgi [req-42d5b767-3c71-48bd-b477-cf0d02e69c71 req-56177736-365d-4b7c-8b64-190ad66b927e 0bb682022b2b47e4bae5c462e7477c95 3123c77e5de547d99dc5e2d39129b10d - - 116f49a716c34af294a835be3080f3ba 116f49a716c34af294a835be3080f3ba] 162.253.55.52 "GET /v2.0/networks/4cf94b4c-c01a-437b-886f-b4de80d75f03?fields=segments HTTP/1.1" status: 200 len: 212 time: 0.0606720
2026-03-04 02:27:42.448 9 INFO neutron.wsgi [req-debe6077-c3cb-4395-9268-1621edd440d4 req-09ac9bfc-cf06-4323-b47c-b14dd3c05885 b9282489d4d0443e820aba8b28fd953c fc84e5944653434b834c3c6a1ece1af8 - - default default] 10.0.0.129 "GET /v2.0/ports?device_id=570899c1-db97-4286-8c51-18d3c5d83cba HTTP/1.1" status: 200 len: 1168 time: 0.1720386
2026-03-04 02:27:42.494 10 INFO neutron.wsgi [req-42d5b767-3c71-48bd-b477-cf0d02e69c71 req-4e905005-59f5-4386-acf4-8685d21aaa19 0bb682022b2b47e4bae5c462e7477c95 3123c77e5de547d99dc5e2d39129b10d - - 116f49a716c34af294a835be3080f3ba 116f49a716c34af294a835be3080f3ba] 162.253.55.52 "GET /v2.0/networks/4cf94b4c-c01a-437b-886f-b4de80d75f03?fields=provider%3Aphysical_network&fields=provider%3Anetwork_type HTTP/1.1" status: 200 len: 277 time: 0.0675170
2026-03-04 02:27:42.639 10 INFO neutron.db.ovn_revision_numbers_db [None req-4faf7542-1da9-4287-a13a-4b63ed87f7fe - - - - - -] Successfully bumped revision number for resource baff30ed-8a2a-4959-a55c-29e993a9fb94 (type: ports) to 4
2026-03-04 02:27:42.695 9 INFO neutron.wsgi [req-debe6077-c3cb-4395-9268-1621edd440d4 req-e4326b28-1046-4cde-8838-f3ceb88bc674 b9282489d4d0443e820aba8b28fd953c fc84e5944653434b834c3c6a1ece1af8 - - default default] 10.0.0.129 "GET /v2.0/security-groups?id=2bd6c5d1-6388-4024-8c67-9bef2411b60b&fields=id&fields=name HTTP/1.1" status: 200 len: 313 time: 0.2375112
2026-03-04 02:27:42.717 9 INFO neutron.wsgi [req-6ecb7154-e601-492f-93d3-9f71f752d6e8 req-c2b2cd72-9b98-400c-98b3-9f8f22c0f047 b9282489d4d0443e820aba8b28fd953c fc84e5944653434b834c3c6a1ece1af8 - - default default] 162.253.55.52 "DELETE /v2.0/ports/f43b8004-5669-40f2-b922-d72d3640844c HTTP/1.1" status: 204 len: 173 time: 1.2444527
2026-03-04 02:27:42.758 9 INFO neutron.notifiers.nova [-] Nova event matching ['req-89c30531-e26b-425d-8357-4fa228a4eba7'] response: {'server_uuid': '570899c1-db97-4286-8c51-18d3c5d83cba', 'name': 'network-vif-deleted', 'tag': 'f43b8004-5669-40f2-b922-d72d3640844c', 'status': 'completed', 'code': 200}
2026-03-04 02:27:42.890 9 WARNING neutron.scheduler.dhcp_agent_scheduler [None req-5cde28a8-9070-41b2-b732-eb1ad617c27a 2e9c84efc45143c7be5c3528d47a8353 188a8dd7f5284638b79840c5839ead85 - - default default] No more DHCP agents
2026-03-04 02:27:42.894 9 WARNING neutron.api.rpc.agentnotifiers.dhcp_rpc_agent_api [None req-5cde28a8-9070-41b2-b732-eb1ad617c27a 2e9c84efc45143c7be5c3528d47a8353 188a8dd7f5284638b79840c5839ead85 - - default default] Unable to schedule network 7f5552ff-4fd7-4e2a-983b-fec2b7bf0310: no agents available; will retry on subsequent port and subnet creation events.
2026-03-04 02:27:42.907 10 INFO neutron.db.ovn_revision_numbers_db [None req-4faf7542-1da9-4287-a13a-4b63ed87f7fe - - - - - -] Successfully bumped revision number for resource baff30ed-8a2a-4959-a55c-29e993a9fb94 (type: router_ports) to 4
2026-03-04 02:27:42.949 10 INFO neutron.plugins.ml2.drivers.ovn.mech_driver.ovsdb.ovsdb_monitor [None req-4faf7542-1da9-4287-a13a-4b63ed87f7fe - - - - - -] Router e20c6761-1af4-4f18-a1d2-e5818680440e is bound to host instance
2026-03-04 02:27:43.138 9 INFO neutron.db.ovn_revision_numbers_db [None req-5cde28a8-9070-41b2-b732-eb1ad617c27a 2e9c84efc45143c7be5c3528d47a8353 188a8dd7f5284638b79840c5839ead85 - - default default] Successfully bumped revision number for resource c4a0b88a-b2be-4f99-9076-2581e395cb28 (type: ports) to 1
2026-03-04 02:27:43.161 9 INFO neutron.db.ovn_revision_numbers_db [None req-a49d3977-4feb-4a05-9f80-16d135df0236 2e9c84efc45143c7be5c3528d47a8353 188a8dd7f5284638b79840c5839ead85 - - default default] Successfully bumped revision number for resource 073b036c-a34f-44d9-84e7-366cbcd6e76c (type: router_ports) to 1
2026-03-04 02:27:43.376 9 INFO neutron.db.ovn_revision_numbers_db [None req-a49d3977-4feb-4a05-9f80-16d135df0236 2e9c84efc45143c7be5c3528d47a8353 188a8dd7f5284638b79840c5839ead85 - - default default] Successfully bumped revision number for resource 073b036c-a34f-44d9-84e7-366cbcd6e76c (type: ports) to 1
2026-03-04 02:27:43.379 10 INFO neutron.notifiers.nova [-] Nova event matching ['req-25214f84-8569-4b85-95a7-fd178d4b6e0f'] response: {'server_uuid': '570899c1-db97-4286-8c51-18d3c5d83cba', 'name': 'network-vif-plugged', 'status': 'completed', 'tag': 'f43b8004-5669-40f2-b922-d72d3640844c', 'code': 200}
2026-03-04 02:27:43.488 9 WARNING neutron.scheduler.dhcp_agent_scheduler [None req-a49d3977-4feb-4a05-9f80-16d135df0236 2e9c84efc45143c7be5c3528d47a8353 188a8dd7f5284638b79840c5839ead85 - - default default] No more DHCP agents
2026-03-04 02:27:43.492 9 WARNING neutron.api.rpc.agentnotifiers.dhcp_rpc_agent_api [None req-a49d3977-4feb-4a05-9f80-16d135df0236 2e9c84efc45143c7be5c3528d47a8353 188a8dd7f5284638b79840c5839ead85 - - default default] Unable to schedule network 75591b8e-dada-4d91-9e0e-920a99913ff0: no agents available; will retry on subsequent port and subnet creation events.
2026-03-04 02:27:43.543 10 INFO neutron.db.ovn_revision_numbers_db [None req-4faf7542-1da9-4287-a13a-4b63ed87f7fe - - - - - -] Successfully bumped revision number for resource a12da9d0-5899-42c0-bc54-d57bf7e2393a (type: ports) to 1
2026-03-04 02:27:43.697 9 INFO neutron.db.ovn_revision_numbers_db [None req-5cde28a8-9070-41b2-b732-eb1ad617c27a 2e9c84efc45143c7be5c3528d47a8353 188a8dd7f5284638b79840c5839ead85 - - default default] Successfully bumped revision number for resource c4a0b88a-b2be-4f99-9076-2581e395cb28 (type: router_ports) to 1
2026-03-04 02:27:43.832 10 INFO neutron.db.ovn_revision_numbers_db [None req-4faf7542-1da9-4287-a13a-4b63ed87f7fe - - - - - -] Successfully bumped revision number for resource a12da9d0-5899-42c0-bc54-d57bf7e2393a (type: router_ports) to 3
2026-03-04 02:27:43.884 9 INFO neutron.db.ovn_revision_numbers_db [None req-5cde28a8-9070-41b2-b732-eb1ad617c27a 2e9c84efc45143c7be5c3528d47a8353 188a8dd7f5284638b79840c5839ead85 - - default default] Successfully bumped revision number for resource c4a0b88a-b2be-4f99-9076-2581e395cb28 (type: ports) to 1
2026-03-04 02:27:43.939 10 INFO neutron.wsgi [None req-a2f6abe7-10cb-4d95-9254-d416ce421ccb b9282489d4d0443e820aba8b28fd953c fc84e5944653434b834c3c6a1ece1af8 - - default default] 10.0.0.30 "DELETE /v2.0/security-groups/2bd6c5d1-6388-4024-8c67-9bef2411b60b HTTP/1.1" status: 204 len: 168 time: 0.1529853
2026-03-04 02:27:43.978 9 INFO neutron.api.v2.resource [None req-ec206642-b111-47b3-bae2-344f017e4226 b9282489d4d0443e820aba8b28fd953c fc84e5944653434b834c3c6a1ece1af8 - - default default] show failed (client error): The resource could not be found.
2026-03-04 02:27:43.980 9 INFO neutron.wsgi [None req-ec206642-b111-47b3-bae2-344f017e4226 b9282489d4d0443e820aba8b28fd953c fc84e5944653434b834c3c6a1ece1af8 - - default default] 10.0.0.30 "GET /v2.0/security-groups/2bd6c5d1-6388-4024-8c67-9bef2411b60b HTTP/1.1" status: 404 len: 347 time: 0.0335038
2026-03-04 02:27:44.004 10 INFO neutron.db.ovn_revision_numbers_db [None req-4faf7542-1da9-4287-a13a-4b63ed87f7fe - - - - - -] Successfully bumped revision number for resource a12da9d0-5899-42c0-bc54-d57bf7e2393a (type: ports) to 2
2026-03-04 02:27:44.030 9 WARNING neutron.scheduler.dhcp_agent_scheduler [None req-5cde28a8-9070-41b2-b732-eb1ad617c27a 2e9c84efc45143c7be5c3528d47a8353 188a8dd7f5284638b79840c5839ead85 - - default default] No more DHCP agents
2026-03-04 02:27:44.031 9 INFO neutron.plugins.ml2.drivers.ovn.mech_driver.mech_driver [None req-92c0e464-e21e-437f-bb49-1cdcdc62b54c - - - - - -] OVN reports status up for port: 073b036c-a34f-44d9-84e7-366cbcd6e76c
2026-03-04 02:27:44.035 9 WARNING neutron.api.rpc.agentnotifiers.dhcp_rpc_agent_api [None req-5cde28a8-9070-41b2-b732-eb1ad617c27a 2e9c84efc45143c7be5c3528d47a8353 188a8dd7f5284638b79840c5839ead85 - - default default] Unable to schedule network 7f5552ff-4fd7-4e2a-983b-fec2b7bf0310: no agents available; will retry on subsequent port and subnet creation events.
2026-03-04 02:27:44.204 9 INFO neutron.plugins.ml2.plugin [None req-92c0e464-e21e-437f-bb49-1cdcdc62b54c - - - - - -] Attempt 1 to provision port 073b036c-a34f-44d9-84e7-366cbcd6e76c
2026-03-04 02:27:44.325 10 INFO neutron.db.ovn_revision_numbers_db [None req-4faf7542-1da9-4287-a13a-4b63ed87f7fe - - - - - -] Successfully bumped revision number for resource a12da9d0-5899-42c0-bc54-d57bf7e2393a (type: ports) to 4
2026-03-04 02:27:44.393 10 INFO neutron.wsgi [None req-800dbe93-878d-4223-9a2f-1b3404b10131 b9282489d4d0443e820aba8b28fd953c fc84e5944653434b834c3c6a1ece1af8 - - default default] 10.0.0.30 "DELETE /v2.0/floatingips/1e47823b-a344-4c16-b2c0-56cc7ac6a338 HTTP/1.1" status: 204 len: 168 time: 0.4081748 /var/lib/openstack/lib/python3.10/site-packages/pycadf/identifier.py:71: UserWarning: Invalid uuid: neutron. To ensure interoperability, identifiers should be a valid uuid. warnings.warn(('Invalid uuid: %s. To ensure interoperability, '
2026-03-04 02:27:44.751 10 INFO neutron.db.ovn_revision_numbers_db [None req-4faf7542-1da9-4287-a13a-4b63ed87f7fe - - - - - -] Successfully bumped revision number for resource a12da9d0-5899-42c0-bc54-d57bf7e2393a (type: router_ports) to 4
2026-03-04 02:27:44.754 10 INFO neutron.plugins.ml2.drivers.ovn.mech_driver.mech_driver [None req-575fdd68-b365-41c0-9928-8a1fdfa9f95e - - - - - -] OVN reports status up for port: c4a0b88a-b2be-4f99-9076-2581e395cb28
2026-03-04 02:27:44.766 10 INFO neutron.plugins.ml2.plugin [None req-575fdd68-b365-41c0-9928-8a1fdfa9f95e - - - - - -] Attempt 1 to provision port c4a0b88a-b2be-4f99-9076-2581e395cb28
2026-03-04 02:27:44.826 9 INFO neutron.db.ovn_revision_numbers_db [None req-92c0e464-e21e-437f-bb49-1cdcdc62b54c - - - - - -] Successfully bumped revision number for resource 073b036c-a34f-44d9-84e7-366cbcd6e76c (type: ports) to 2
2026-03-04 02:27:44.997 10 INFO neutron.db.ovn_revision_numbers_db [None req-575fdd68-b365-41c0-9928-8a1fdfa9f95e - - - - - -] Successfully bumped revision number for resource c4a0b88a-b2be-4f99-9076-2581e395cb28 (type: ports) to 2
2026-03-04 02:27:45.110 9 INFO neutron.db.ovn_revision_numbers_db [None req-a49d3977-4feb-4a05-9f80-16d135df0236 2e9c84efc45143c7be5c3528d47a8353 188a8dd7f5284638b79840c5839ead85 - - default default] Successfully bumped revision number for resource 073b036c-a34f-44d9-84e7-366cbcd6e76c (type: router_ports) to 1
2026-03-04 02:27:45.112 10 INFO neutron.db.ovn_revision_numbers_db [None req-575fdd68-b365-41c0-9928-8a1fdfa9f95e - - - - - -] Successfully bumped revision number for resource c4a0b88a-b2be-4f99-9076-2581e395cb28 (type: router_ports) to 2
2026-03-04 02:27:45.112 9 INFO neutron.wsgi [None req-a49d3977-4feb-4a05-9f80-16d135df0236 2e9c84efc45143c7be5c3528d47a8353 188a8dd7f5284638b79840c5839ead85 - - default default] 10.0.0.30 "PUT /v2.0/routers/420e2260-8e03-412e-a24d-2d6163dcacaf/add_router_interface HTTP/1.1" status: 200 len: 503 time: 3.9885168
2026-03-04 02:27:45.221 9 INFO neutron.db.ovn_revision_numbers_db [None req-92c0e464-e21e-437f-bb49-1cdcdc62b54c - - - - - -] Successfully bumped revision number for resource 073b036c-a34f-44d9-84e7-366cbcd6e76c (type: router_ports) to 2
2026-03-04 02:27:45.680 9 INFO neutron.wsgi [None req-5cde28a8-9070-41b2-b732-eb1ad617c27a 2e9c84efc45143c7be5c3528d47a8353 188a8dd7f5284638b79840c5839ead85 - - default default] 10.0.0.30 "PUT /v2.0/routers/e20c6761-1af4-4f18-a1d2-e5818680440e/add_router_interface HTTP/1.1" status: 200 len: 503 time: 3.7149324
2026-03-04 02:27:45.734 10 INFO neutron.db.ovn_revision_numbers_db [None req-86aed239-5cc8-4857-8726-d592d77f7a18 ba613c2d970541d39b7ce7ae00f31b54 395ebadafccc495d89bacfe3d11e2299 - - default default] Successfully bumped revision number for resource 6a99fff3-fe6c-4b1f-aadc-5115518545b4 (type: security_groups) to 1
2026-03-04 02:27:45.749 10 INFO neutron.db.ovn_revision_numbers_db [None req-86aed239-5cc8-4857-8726-d592d77f7a18 ba613c2d970541d39b7ce7ae00f31b54 395ebadafccc495d89bacfe3d11e2299 - - default default] Successfully bumped revision number for resource 1ca8b084-1478-4588-b9b9-548909cee7b0 (type: security_group_rules) to 0
2026-03-04 02:27:45.762 10 INFO neutron.db.ovn_revision_numbers_db [None req-86aed239-5cc8-4857-8726-d592d77f7a18 ba613c2d970541d39b7ce7ae00f31b54 395ebadafccc495d89bacfe3d11e2299 - - default default] Successfully bumped revision number for resource 4d3da4ba-51fc-4988-837a-2f8520617fe3 (type: security_group_rules) to 0
2026-03-04 02:27:45.781 10 INFO neutron.wsgi [None req-86aed239-5cc8-4857-8726-d592d77f7a18 ba613c2d970541d39b7ce7ae00f31b54 395ebadafccc495d89bacfe3d11e2299 - - default default] 10.0.0.30 "POST /v2.0/security-groups HTTP/1.1" status: 201 len: 1797 time: 0.1826417
2026-03-04 02:27:45.894 10 INFO neutron.db.ovn_revision_numbers_db [None req-461aac0e-6a70-488e-ba7d-fd72c96259e1 ba613c2d970541d39b7ce7ae00f31b54 395ebadafccc495d89bacfe3d11e2299 - - default default] Successfully bumped revision number for resource 17008719-2de5-45a0-b3d9-a4c2b45673a5 (type: security_group_rules) to 0
2026-03-04 02:27:45.919 10 INFO neutron.wsgi [None req-461aac0e-6a70-488e-ba7d-fd72c96259e1 ba613c2d970541d39b7ce7ae00f31b54 395ebadafccc495d89bacfe3d11e2299 - - default default] 10.0.0.30 "POST /v2.0/security-group-rules HTTP/1.1" status: 201 len: 764 time: 0.1322715
2026-03-04 02:27:46.023 10 INFO neutron.db.ovn_revision_numbers_db [None req-836e9e98-549f-49a9-a78a-71183ae8409f ba613c2d970541d39b7ce7ae00f31b54 395ebadafccc495d89bacfe3d11e2299 - - default default] Successfully bumped revision number for resource ae89a16e-cd4b-45c0-a590-b7d4d4d8c642 (type: security_group_rules) to 0
2026-03-04 02:27:46.050 10 INFO neutron.wsgi [None req-836e9e98-549f-49a9-a78a-71183ae8409f ba613c2d970541d39b7ce7ae00f31b54 395ebadafccc495d89bacfe3d11e2299 - - default default] 10.0.0.30 "POST /v2.0/security-group-rules HTTP/1.1" status: 201 len: 769 time: 0.1273606
2026-03-04 02:27:46.179 9 INFO neutron.wsgi [None req-67dc6585-9ee2-4353-bed1-cd9b85ffa26a 2e9c84efc45143c7be5c3528d47a8353 188a8dd7f5284638b79840c5839ead85 - - default default] 10.0.0.30 "PUT /v2.0/routers/48c870db-9b47-4710-b15a-a1f80d584546/remove_router_interface HTTP/1.1" status: 200 len: 503 time: 1.7787361 /var/lib/openstack/lib/python3.10/site-packages/pycadf/identifier.py:71: UserWarning: Invalid uuid: neutron. To ensure interoperability, identifiers should be a valid uuid. warnings.warn(('Invalid uuid: %s. To ensure interoperability, '
2026-03-04 02:27:46.296 10 INFO neutron.db.ovn_revision_numbers_db [None req-e227c705-aa35-4492-9905-fb1bb2cbd988 49870926996d4ef6809c07b52d79cfe3 091977e5ddf64c1d86817f50a0b7fa87 - - default default] Successfully bumped revision number for resource 46962922-a278-4359-ae38-09a0b854014d (type: security_groups) to 1
2026-03-04 02:27:46.324 10 INFO neutron.db.ovn_revision_numbers_db [None req-e227c705-aa35-4492-9905-fb1bb2cbd988 49870926996d4ef6809c07b52d79cfe3 091977e5ddf64c1d86817f50a0b7fa87 - - default default] Successfully bumped revision number for resource 8a080a11-c6c5-483d-8d30-4783ac18c347 (type: security_group_rules) to 0
2026-03-04 02:27:46.327 10 WARNING neutron.scheduler.dhcp_agent_scheduler [None req-3797f4ed-517a-41c0-8017-456ca4507613 ba613c2d970541d39b7ce7ae00f31b54 395ebadafccc495d89bacfe3d11e2299 - - default default] No more DHCP agents
2026-03-04 02:27:46.330 10 WARNING neutron.api.rpc.agentnotifiers.dhcp_rpc_agent_api [None req-3797f4ed-517a-41c0-8017-456ca4507613 ba613c2d970541d39b7ce7ae00f31b54 395ebadafccc495d89bacfe3d11e2299 - - default default] Unable to schedule network a1d31c68-8dc4-46b4-b8ed-cdcc896b677f: no agents available; will retry on subsequent port and subnet creation events.
2026-03-04 02:27:46.347 10 INFO neutron.db.ovn_revision_numbers_db [None req-e227c705-aa35-4492-9905-fb1bb2cbd988 49870926996d4ef6809c07b52d79cfe3 091977e5ddf64c1d86817f50a0b7fa87 - - default default] Successfully bumped revision number for resource fdaf0581-bfb7-4f1e-b25d-fd46f0fb5673 (type: security_group_rules) to 0
2026-03-04 02:27:46.373 10 INFO neutron.wsgi [None req-e227c705-aa35-4492-9905-fb1bb2cbd988 49870926996d4ef6809c07b52d79cfe3 091977e5ddf64c1d86817f50a0b7fa87 - - default default] 10.0.0.30 "POST /v2.0/security-groups HTTP/1.1" status: 201 len: 1795 time: 0.2213888
2026-03-04 02:27:46.544 10 INFO neutron.db.ovn_revision_numbers_db [None req-37d22c8c-d0e5-4e95-98f8-31562c31439f 49870926996d4ef6809c07b52d79cfe3 091977e5ddf64c1d86817f50a0b7fa87 - - default default] Successfully bumped revision number for resource fa89cba9-0adf-4217-93bf-90185233866f (type: security_group_rules) to 0
2026-03-04 02:27:46.574 10 INFO neutron.wsgi [None req-37d22c8c-d0e5-4e95-98f8-31562c31439f 49870926996d4ef6809c07b52d79cfe3 091977e5ddf64c1d86817f50a0b7fa87 - - default default] 10.0.0.30 "POST /v2.0/security-group-rules HTTP/1.1" status: 201 len: 764 time: 0.1965802
2026-03-04 02:27:46.705 10 INFO neutron.db.ovn_revision_numbers_db [None req-3797f4ed-517a-41c0-8017-456ca4507613 ba613c2d970541d39b7ce7ae00f31b54 395ebadafccc495d89bacfe3d11e2299 - - default default] Successfully bumped revision number for resource f7b15d59-ea17-4cae-8786-44c06df272b1 (type: floatingips) to 0
2026-03-04 02:27:46.726 10 INFO neutron.wsgi [None req-3797f4ed-517a-41c0-8017-456ca4507613 ba613c2d970541d39b7ce7ae00f31b54 395ebadafccc495d89bacfe3d11e2299 - - default default] 10.0.0.30 "POST /v2.0/floatingips HTTP/1.1" status: 201 len: 751 time: 0.6704783
2026-03-04 02:27:46.752 10 INFO neutron.db.ovn_revision_numbers_db [None req-a01478a7-e599-4e47-b026-fe2d09672ebf 49870926996d4ef6809c07b52d79cfe3 091977e5ddf64c1d86817f50a0b7fa87 - - default default] Successfully bumped revision number for resource f0ace21e-2ded-48ef-ab25-9d64746fb4f0 (type: security_group_rules) to 0
2026-03-04 02:27:46.774 10 INFO neutron.wsgi [None req-a01478a7-e599-4e47-b026-fe2d09672ebf 49870926996d4ef6809c07b52d79cfe3 091977e5ddf64c1d86817f50a0b7fa87 - - default default] 10.0.0.30 "POST /v2.0/security-group-rules HTTP/1.1" status: 201 len: 769 time: 0.1952569
2026-03-04 02:27:46.912 9 INFO neutron.wsgi [None req-dbd6900b-019c-4465-9c8c-41b93b8f888c 2e9c84efc45143c7be5c3528d47a8353 188a8dd7f5284638b79840c5839ead85 - - default default] 10.0.0.30 "DELETE /v2.0/routers/48c870db-9b47-4710-b15a-a1f80d584546 HTTP/1.1" status: 204 len: 168 time: 0.7282901
2026-03-04 02:27:47.110 10 WARNING neutron.scheduler.dhcp_agent_scheduler [None req-e294c12a-f99c-4fb7-b7d4-d789522c9417 49870926996d4ef6809c07b52d79cfe3 091977e5ddf64c1d86817f50a0b7fa87 - - default default] No more DHCP agents
2026-03-04 02:27:47.114 10 WARNING neutron.api.rpc.agentnotifiers.dhcp_rpc_agent_api [None req-e294c12a-f99c-4fb7-b7d4-d789522c9417 49870926996d4ef6809c07b52d79cfe3 091977e5ddf64c1d86817f50a0b7fa87 - - default default] Unable to schedule network a1d31c68-8dc4-46b4-b8ed-cdcc896b677f: no agents available; will retry on subsequent port and subnet creation events.
2026-03-04 02:27:47.150 9 INFO neutron.wsgi [req-9916dbd6-d8f7-4239-ac0d-bbaa92b49249 req-1e4e17c9-7f52-4dd5-be25-69f32a9e99de ba613c2d970541d39b7ce7ae00f31b54 395ebadafccc495d89bacfe3d11e2299 - - default default] 10.0.0.129 "GET /v2.0/security-groups?name=tempest-securitygroup--1774703489&fields=id&tenant_id=395ebadafccc495d89bacfe3d11e2299 HTTP/1.1" status: 200 len: 267 time: 0.0412705
2026-03-04 02:27:47.189 10 INFO neutron.wsgi [None req-2e3284d2-7655-4613-a894-6c9c74b3dd22 2e9c84efc45143c7be5c3528d47a8353 188a8dd7f5284638b79840c5839ead85 - - default default] 10.0.0.30 "DELETE /v2.0/subnets/fcf83340-0662-44e9-b9a5-3a418609dca0 HTTP/1.1" status: 204 len: 168 time: 0.2719810
2026-03-04 02:27:47.241 9 INFO neutron.wsgi [-] 10.0.0.114 "GET / HTTP/1.1" status: 200 len: 246 time: 0.0014577
2026-03-04 02:27:47.242 9 INFO neutron.wsgi [-] 10.0.0.114 "GET / HTTP/1.1" status: 200 len: 246 time: 0.0010822
2026-03-04 02:27:47.247 9 INFO neutron.wsgi [req-9916dbd6-d8f7-4239-ac0d-bbaa92b49249 req-d27142b1-3a4a-4d88-8887-927e0c4cb561 ba613c2d970541d39b7ce7ae00f31b54 395ebadafccc495d89bacfe3d11e2299 - - default default] 10.0.0.129 "GET /v2.0/networks?id=75591b8e-dada-4d91-9e0e-920a99913ff0 HTTP/1.1" status: 200 len: 869 time: 0.0893445
2026-03-04 02:27:47.262 9 INFO neutron.wsgi [req-9916dbd6-d8f7-4239-ac0d-bbaa92b49249 req-040307b9-678d-4277-a310-3f688b784e63 ba613c2d970541d39b7ce7ae00f31b54 395ebadafccc495d89bacfe3d11e2299 - - default default] 10.0.0.129 "GET /v2.0/quotas/395ebadafccc495d89bacfe3d11e2299 HTTP/1.1" status: 200 len: 386 time: 0.0077949
2026-03-04 02:27:47.360 9 INFO neutron.wsgi [req-9916dbd6-d8f7-4239-ac0d-bbaa92b49249 req-71d6e59e-2116-4a00-ace4-4d080e1cd805 ba613c2d970541d39b7ce7ae00f31b54 395ebadafccc495d89bacfe3d11e2299 - - default default] 10.0.0.129 "GET /v2.0/ports?tenant_id=395ebadafccc495d89bacfe3d11e2299&fields=id HTTP/1.1" status: 200 len: 302 time: 0.0936327
2026-03-04 02:27:47.481 10 INFO neutron.db.ovn_revision_numbers_db [None req-e294c12a-f99c-4fb7-b7d4-d789522c9417 49870926996d4ef6809c07b52d79cfe3 091977e5ddf64c1d86817f50a0b7fa87 - - default default] Successfully bumped revision number for resource d834ef40-2aaf-4243-b70b-271f41b8984e (type: floatingips) to 0
2026-03-04 02:27:47.499 10 INFO neutron.wsgi [None req-e294c12a-f99c-4fb7-b7d4-d789522c9417 49870926996d4ef6809c07b52d79cfe3 091977e5ddf64c1d86817f50a0b7fa87 - - default default] 10.0.0.30 "POST /v2.0/floatingips HTTP/1.1" status: 201 len: 751 time: 0.7210522
2026-03-04 02:27:47.594 10 INFO neutron.services.segments.plugin [-] Segment 4a882a8e-63d7-4da4-b3cf-e63a1ad03de0 resource provider aggregate not found
2026-03-04 02:27:47.601 10 INFO neutron.services.segments.plugin [-] Segment 4a882a8e-63d7-4da4-b3cf-e63a1ad03de0 resource provider aggregate not found
2026-03-04 02:27:47.617 10 INFO neutron.services.segments.plugin [-] Segment 4a882a8e-63d7-4da4-b3cf-e63a1ad03de0 resource provider not found; error: Placement Client Error (4xx): {"errors": [{"status": 404, "title": "Not Found", "detail": "The resource could not be found.\n\n No resource provider with uuid 4a882a8e-63d7-4da4-b3cf-e63a1ad03de0 found for delete ", "request_id": "req-dbd1eecd-8a29-4e2d-903b-5a2a957a3acf"}]}
2026-03-04 02:27:47.629 10 INFO neutron.services.segments.plugin [-] Segment 4a882a8e-63d7-4da4-b3cf-e63a1ad03de0 resource provider not found; error: Placement Client Error (4xx): {"errors": [{"status": 404, "title": "Not Found", "detail": "The resource could not be found.\n\n No resource provider with uuid 4a882a8e-63d7-4da4-b3cf-e63a1ad03de0 found for delete ", "request_id": "req-2fb55f05-9e48-4482-bd75-a361b7fd7d9e"}]}
2026-03-04 02:27:47.641 10 INFO neutron.wsgi [None req-62d64981-aae9-44b9-8c58-f551e8383d5d 2e9c84efc45143c7be5c3528d47a8353 188a8dd7f5284638b79840c5839ead85 - - default default] 10.0.0.30 "DELETE /v2.0/networks/4cf94b4c-c01a-437b-886f-b4de80d75f03 HTTP/1.1" status: 204 len: 168 time: 0.4459057
2026-03-04 02:27:47.769 9 INFO neutron.wsgi [None req-e93cceab-0dec-4cbe-bbda-da0026170061 2e9c84efc45143c7be5c3528d47a8353 188a8dd7f5284638b79840c5839ead85 - - default default] 10.0.0.30 "GET /v2.0/security-groups?tenant_id=fc84e5944653434b834c3c6a1ece1af8&name=default HTTP/1.1" status: 200 len: 2992 time: 0.0349731
2026-03-04 02:27:47.864 9 INFO neutron.wsgi [req-9916dbd6-d8f7-4239-ac0d-bbaa92b49249 req-d95c488d-dcc3-4a19-a81d-601be9826752 0bb682022b2b47e4bae5c462e7477c95 3123c77e5de547d99dc5e2d39129b10d - - 116f49a716c34af294a835be3080f3ba 116f49a716c34af294a835be3080f3ba] 10.0.0.129 "GET /v2.0/extensions HTTP/1.1" status: 200 len: 16525 time: 0.0909770
2026-03-04 02:27:47.940 9 INFO neutron.wsgi [req-9916dbd6-d8f7-4239-ac0d-bbaa92b49249 req-303f885d-c811-4a53-b337-85c2113796aa 0bb682022b2b47e4bae5c462e7477c95 3123c77e5de547d99dc5e2d39129b10d - - 116f49a716c34af294a835be3080f3ba 116f49a716c34af294a835be3080f3ba] 10.0.0.129 "GET /v2.0/networks/75591b8e-dada-4d91-9e0e-920a99913ff0?fields=segments HTTP/1.1" status: 200 len: 212 time: 0.0674033
2026-03-04 02:27:47.975 10 INFO neutron.wsgi [None req-0a502e39-b2c7-4bec-8a5a-3ab588f74fa2 2e9c84efc45143c7be5c3528d47a8353 188a8dd7f5284638b79840c5839ead85 - - default default] 10.0.0.30 "DELETE /v2.0/security-groups/9ef4a624-84b7-4de7-821f-ca0f255d0070 HTTP/1.1" status: 204 len: 168 time: 0.2008288
2026-03-04 02:27:47.999 10 INFO neutron.wsgi [req-5ac68f97-dd46-4155-a009-9367feb1821c req-a1ecbc8e-af8a-4cad-90fb-1be9cfca3d3e 49870926996d4ef6809c07b52d79cfe3 091977e5ddf64c1d86817f50a0b7fa87 - - default default] 10.0.0.129 "GET /v2.0/security-groups?name=tempest-securitygroup--191688905&fields=id&tenant_id=091977e5ddf64c1d86817f50a0b7fa87 HTTP/1.1" status: 200 len: 267 time: 0.0427294
2026-03-04 02:27:48.000 9 INFO neutron.wsgi [req-9916dbd6-d8f7-4239-ac0d-bbaa92b49249 req-74adfd3d-e928-42d3-9e4f-7174df8ae422 0bb682022b2b47e4bae5c462e7477c95 3123c77e5de547d99dc5e2d39129b10d - - 116f49a716c34af294a835be3080f3ba 116f49a716c34af294a835be3080f3ba] 10.0.0.129 "GET /v2.0/networks/75591b8e-dada-4d91-9e0e-920a99913ff0?fields=provider%3Aphysical_network&fields=provider%3Anetwork_type HTTP/1.1" status: 200 len: 277 time: 0.0545363
2026-03-04 02:27:48.072 10 INFO neutron.wsgi [req-5ac68f97-dd46-4155-a009-9367feb1821c req-0c363287-aa91-4303-abc2-99ed5ea23d36 49870926996d4ef6809c07b52d79cfe3 091977e5ddf64c1d86817f50a0b7fa87 - - default default] 10.0.0.129 "GET /v2.0/networks?id=7f5552ff-4fd7-4e2a-983b-fec2b7bf0310 HTTP/1.1" status: 200 len: 883 time: 0.0674269
2026-03-04 02:27:48.089 10 INFO neutron.wsgi [req-5ac68f97-dd46-4155-a009-9367feb1821c req-23e92812-392c-4e29-a5cf-8d6cc0fe5fdb 49870926996d4ef6809c07b52d79cfe3 091977e5ddf64c1d86817f50a0b7fa87 - - default default] 10.0.0.129 "GET /v2.0/quotas/091977e5ddf64c1d86817f50a0b7fa87 HTTP/1.1" status: 200 len: 386 time: 0.0096955
2026-03-04 02:27:48.158 9 INFO neutron.wsgi [req-396c0690-207c-4eda-b2a2-a8c095d20e5b req-6ed61d75-a982-468d-a7c5-a76890534c41 ba613c2d970541d39b7ce7ae00f31b54 395ebadafccc495d89bacfe3d11e2299 - - default default] 10.0.0.129 "GET /v2.0/ports?device_id=73995f9e-6aaf-4a68-b0a9-10e27d3f4195 HTTP/1.1" status: 200 len: 210 time: 0.0212240
2026-03-04 02:27:48.181 10 INFO neutron.wsgi [req-5ac68f97-dd46-4155-a009-9367feb1821c req-c884de74-52d8-4996-a96c-1bfe61138ad1 49870926996d4ef6809c07b52d79cfe3 091977e5ddf64c1d86817f50a0b7fa87 - - default default] 10.0.0.129 "GET /v2.0/ports?tenant_id=091977e5ddf64c1d86817f50a0b7fa87&fields=id HTTP/1.1" status: 200 len: 302 time: 0.0858614
2026-03-04 02:27:48.256 10 INFO neutron.wsgi [req-5ac68f97-dd46-4155-a009-9367feb1821c req-e18c7578-d7f1-4bf8-af1e-80922e68b102 0bb682022b2b47e4bae5c462e7477c95 3123c77e5de547d99dc5e2d39129b10d - - 116f49a716c34af294a835be3080f3ba 116f49a716c34af294a835be3080f3ba] 10.0.0.129 "GET /v2.0/networks/7f5552ff-4fd7-4e2a-983b-fec2b7bf0310?fields=segments HTTP/1.1" status: 200 len: 212 time: 0.0613210
2026-03-04 02:27:48.317 10 INFO neutron.wsgi [req-5ac68f97-dd46-4155-a009-9367feb1821c req-a9b1905e-3cca-420f-986d-0c635f6bb60d 0bb682022b2b47e4bae5c462e7477c95 3123c77e5de547d99dc5e2d39129b10d - - 116f49a716c34af294a835be3080f3ba 116f49a716c34af294a835be3080f3ba] 10.0.0.129 "GET /v2.0/networks/7f5552ff-4fd7-4e2a-983b-fec2b7bf0310?fields=provider%3Aphysical_network&fields=provider%3Anetwork_type HTTP/1.1" status: 200 len: 277 time: 0.0543509
2026-03-04 02:27:48.447 9 INFO neutron.wsgi [req-07c0a45a-6d23-4bf4-bcfa-e87ca6e34a14 req-cc1ccab4-11f5-4177-a19f-956b3829ae80 49870926996d4ef6809c07b52d79cfe3 091977e5ddf64c1d86817f50a0b7fa87 - - default default] 10.0.0.129 "GET /v2.0/ports?device_id=65d11724-7cef-4633-9d68-7c01fe2c1c34 HTTP/1.1" status: 200 len: 210 time: 0.0231051
2026-03-04 02:27:48.895 9 INFO neutron.wsgi [req-9916dbd6-d8f7-4239-ac0d-bbaa92b49249 req-d63bf99a-016a-486a-950c-7d89236d7dce ba613c2d970541d39b7ce7ae00f31b54 395ebadafccc495d89bacfe3d11e2299 - - default default] 162.253.55.52 "GET /v2.0/networks?id=75591b8e-dada-4d91-9e0e-920a99913ff0 HTTP/1.1" status: 200 len: 869 time: 0.0526471
2026-03-04 02:27:48.940 9 INFO neutron.wsgi [req-9916dbd6-d8f7-4239-ac0d-bbaa92b49249 req-c7f7de80-86dc-46b1-b1fb-728e1e4b3d87 ba613c2d970541d39b7ce7ae00f31b54 395ebadafccc495d89bacfe3d11e2299 - - default default] 162.253.55.52 "GET /v2.0/security-groups?fields=id&fields=name&tenant_id=395ebadafccc495d89bacfe3d11e2299 HTTP/1.1" status: 200 len: 380 time: 0.0404367
2026-03-04 02:27:49.257 10 INFO neutron.wsgi [req-7463eb9f-da4d-4c27-b6f9-c27c73a25a7d req-932c8dc4-56cb-4c78-ad98-2b105f70724a ba613c2d970541d39b7ce7ae00f31b54 395ebadafccc495d89bacfe3d11e2299 - - default default] 10.0.0.129 "GET /v2.0/ports?device_id=73995f9e-6aaf-4a68-b0a9-10e27d3f4195 HTTP/1.1" status: 200 len: 210 time: 0.0286720
2026-03-04 02:27:49.280 9 WARNING neutron.scheduler.dhcp_agent_scheduler [req-9916dbd6-d8f7-4239-ac0d-bbaa92b49249 req-d658689a-d6b5-4425-91f1-5920a9268bfa ba613c2d970541d39b7ce7ae00f31b54 395ebadafccc495d89bacfe3d11e2299 - - default default] No more DHCP agents
