2026-03-04 02:29:39.445 9 INFO neutron.wsgi [None req-0219dd36-84c2-4889-a741-0b6e5536e8b2 70b1d3f4fa394de8a17f36aac201529b f50c4b2bb81e4fa8a88baeff8f533325 - - default default] 10.0.0.30 "POST /v2.0/networks HTTP/1.1" status: 201 len: 831 time: 1.0622036
2026-03-04 02:29:39.546 10 INFO neutron.db.ovn_revision_numbers_db [None req-575fdd68-b365-41c0-9928-8a1fdfa9f95e - - - - - -] Successfully bumped revision number for resource d00c29e3-07f4-4ffb-92ab-b88bceb84c6c (type: router_ports) to 3 /var/lib/openstack/lib/python3.10/site-packages/pycadf/identifier.py:71: UserWarning: Invalid uuid: neutron. To ensure interoperability, identifiers should be a valid uuid. warnings.warn(('Invalid uuid: %s. To ensure interoperability, '
2026-03-04 02:29:39.816 9 WARNING neutron.scheduler.dhcp_agent_scheduler [None req-cdcaa8a4-07b7-408e-afd7-0d473c72c6d4 70b1d3f4fa394de8a17f36aac201529b f50c4b2bb81e4fa8a88baeff8f533325 - - default default] No more DHCP agents
2026-03-04 02:29:39.820 9 WARNING neutron.api.rpc.agentnotifiers.dhcp_rpc_agent_api [None req-cdcaa8a4-07b7-408e-afd7-0d473c72c6d4 70b1d3f4fa394de8a17f36aac201529b f50c4b2bb81e4fa8a88baeff8f533325 - - default default] Unable to schedule network 3189ae67-7277-40ad-b666-791344f7eba6: no agents available; will retry on subsequent port and subnet creation events.
2026-03-04 02:29:39.841 9 INFO neutron.wsgi [req-f569fcc3-5ae2-40dc-bec6-feba94185031 req-ce7db2b6-b950-4940-ab69-05b182ab9281 af07cf6747ae4af1be86c241eb04b3d1 643f84bf10524ae18e0b937914ebcd89 - - default default] 10.0.0.129 "GET /v2.0/ports?device_id=e58a5c46-22f4-4a3a-8a6e-accb41194f41 HTTP/1.1" status: 200 len: 1174 time: 0.0496550 /var/lib/openstack/lib/python3.10/site-packages/pycadf/identifier.py:71: UserWarning: Invalid uuid: neutron. To ensure interoperability, identifiers should be a valid uuid. warnings.warn(('Invalid uuid: %s. To ensure interoperability, '
2026-03-04 02:29:39.927 9 INFO neutron.wsgi [req-f569fcc3-5ae2-40dc-bec6-feba94185031 req-58b54469-cea9-4415-b88d-68371bb90969 af07cf6747ae4af1be86c241eb04b3d1 643f84bf10524ae18e0b937914ebcd89 - - default default] 10.0.0.129 "GET /v2.0/security-groups?id=08d50e05-ecbf-4736-abd3-a364daede6c4&fields=id&fields=name HTTP/1.1" status: 200 len: 286 time: 0.0778277
2026-03-04 02:29:39.967 9 INFO neutron.db.ovn_revision_numbers_db [None req-cdcaa8a4-07b7-408e-afd7-0d473c72c6d4 70b1d3f4fa394de8a17f36aac201529b f50c4b2bb81e4fa8a88baeff8f533325 - - default default] Successfully bumped revision number for resource f50a3433-47c2-4578-bdb5-cb3aef67fe58 (type: ports) to 1
2026-03-04 02:29:39.998 9 INFO neutron.wsgi [None req-cdcaa8a4-07b7-408e-afd7-0d473c72c6d4 70b1d3f4fa394de8a17f36aac201529b f50c4b2bb81e4fa8a88baeff8f533325 - - default default] 10.0.0.30 "POST /v2.0/ports HTTP/1.1" status: 201 len: 942 time: 0.5468032 /var/lib/openstack/lib/python3.10/site-packages/pycadf/identifier.py:71: UserWarning: Invalid uuid: neutron. To ensure interoperability, identifiers should be a valid uuid. warnings.warn(('Invalid uuid: %s. To ensure interoperability, '
2026-03-04 02:29:40.138 9 INFO neutron.db.segments_db [None req-a35e9a38-8a38-4c12-9b55-1dbcc1b8c2b5 70b1d3f4fa394de8a17f36aac201529b f50c4b2bb81e4fa8a88baeff8f533325 - - default default] Added segment 3edf1f4b-0c03-4c0f-a93e-47e09bcd2dfc of type geneve for network f324c61c-8bbf-4734-9949-9dc8f303d6e1
2026-03-04 02:29:40.176 9 INFO neutron.wsgi [req-c7b38255-ad34-4028-a798-2d6b489f0478 req-c5404ad5-c5f2-4b19-88b7-a5529bb1d036 af07cf6747ae4af1be86c241eb04b3d1 643f84bf10524ae18e0b937914ebcd89 - - default default] 162.253.55.52 "GET /v2.0/ports?device_id=e58a5c46-22f4-4a3a-8a6e-accb41194f41 HTTP/1.1" status: 200 len: 1174 time: 0.0519793
2026-03-04 02:29:40.251 9 INFO neutron.db.ovn_revision_numbers_db [None req-a52acfb0-cdca-4a18-b3ce-977ff0af87a3 4f41dd0dbc044fd28c12605e87fbddaf 60068899f4024a1caa71d7d4b61161fa - - default default] Successfully bumped revision number for resource d00c29e3-07f4-4ffb-92ab-b88bceb84c6c (type: ports) to 3
2026-03-04 02:29:40.441 10 INFO neutron.notifiers.nova [-] Nova event matching ['req-43c58b25-f856-4d7a-9bf3-5dbdd1e79e12'] response: {'server_uuid': 'e58a5c46-22f4-4a3a-8a6e-accb41194f41', 'name': 'network-vif-plugged', 'status': 'completed', 'tag': '5ed0923a-69aa-47ed-ad79-ce4a4af33553', 'code': 200}
2026-03-04 02:29:40.597 9 INFO neutron.db.ovn_revision_numbers_db [None req-a35e9a38-8a38-4c12-9b55-1dbcc1b8c2b5 70b1d3f4fa394de8a17f36aac201529b f50c4b2bb81e4fa8a88baeff8f533325 - - default default] Successfully bumped revision number for resource f324c61c-8bbf-4734-9949-9dc8f303d6e1 (type: networks) to 1
2026-03-04 02:29:40.623 9 WARNING neutron.scheduler.dhcp_agent_scheduler [None req-a52acfb0-cdca-4a18-b3ce-977ff0af87a3 4f41dd0dbc044fd28c12605e87fbddaf 60068899f4024a1caa71d7d4b61161fa - - default default] No more DHCP agents
2026-03-04 02:29:40.628 9 WARNING neutron.api.rpc.agentnotifiers.dhcp_rpc_agent_api [None req-a52acfb0-cdca-4a18-b3ce-977ff0af87a3 4f41dd0dbc044fd28c12605e87fbddaf 60068899f4024a1caa71d7d4b61161fa - - default default] Unable to schedule network 89e559b8-f823-412d-aa6b-0b894b688af9: no agents available; will retry on subsequent port and subnet creation events.
2026-03-04 02:29:40.931 9 WARNING neutron.scheduler.dhcp_agent_scheduler [None req-a35e9a38-8a38-4c12-9b55-1dbcc1b8c2b5 70b1d3f4fa394de8a17f36aac201529b f50c4b2bb81e4fa8a88baeff8f533325 - - default default] No more DHCP agents
2026-03-04 02:29:40.936 9 WARNING neutron.api.rpc.agentnotifiers.dhcp_rpc_agent_api [None req-a35e9a38-8a38-4c12-9b55-1dbcc1b8c2b5 70b1d3f4fa394de8a17f36aac201529b f50c4b2bb81e4fa8a88baeff8f533325 - - default default] Unable to schedule network f324c61c-8bbf-4734-9949-9dc8f303d6e1: no agents available; will retry on subsequent port and subnet creation events.
2026-03-04 02:29:40.950 9 INFO neutron.wsgi [req-c7b38255-ad34-4028-a798-2d6b489f0478 req-8f0afdf5-a29b-45fd-b71d-a0c03ee8b2bf af07cf6747ae4af1be86c241eb04b3d1 643f84bf10524ae18e0b937914ebcd89 - - default default] 162.253.55.52 "DELETE /v2.0/ports/5ed0923a-69aa-47ed-ad79-ce4a4af33553 HTTP/1.1" status: 204 len: 173 time: 0.7705557
2026-03-04 02:29:40.951 9 INFO neutron.db.ovn_revision_numbers_db [None req-a52acfb0-cdca-4a18-b3ce-977ff0af87a3 4f41dd0dbc044fd28c12605e87fbddaf 60068899f4024a1caa71d7d4b61161fa - - default default] Successfully bumped revision number for resource d00c29e3-07f4-4ffb-92ab-b88bceb84c6c (type: router_ports) to 3
2026-03-04 02:29:40.953 9 INFO neutron.wsgi [None req-a52acfb0-cdca-4a18-b3ce-977ff0af87a3 4f41dd0dbc044fd28c12605e87fbddaf 60068899f4024a1caa71d7d4b61161fa - - default default] 10.0.0.30 "PUT /v2.0/routers/0d74714a-3ee9-45bf-a911-d6b6eb2a0913/add_router_interface HTTP/1.1" status: 200 len: 503 time: 2.3128285 /var/lib/openstack/lib/python3.10/site-packages/pycadf/identifier.py:71: UserWarning: Invalid uuid: neutron. To ensure interoperability, identifiers should be a valid uuid. warnings.warn(('Invalid uuid: %s. To ensure interoperability, '
2026-03-04 02:29:40.998 9 INFO neutron.notifiers.nova [-] Nova event matching ['req-a3063487-b1f6-4400-9052-8d6c2856552d'] response: {'server_uuid': 'e58a5c46-22f4-4a3a-8a6e-accb41194f41', 'name': 'network-vif-deleted', 'tag': '5ed0923a-69aa-47ed-ad79-ce4a4af33553', 'status': 'completed', 'code': 200}
2026-03-04 02:29:41.032 9 INFO neutron.wsgi [req-66dcd510-852a-44af-bcb0-5a7d9c18b07a req-e6f4b53b-9866-456d-9d20-aa84c4a91b99 af07cf6747ae4af1be86c241eb04b3d1 643f84bf10524ae18e0b937914ebcd89 - - default default] 10.0.0.129 "GET /v2.0/ports?device_id=e58a5c46-22f4-4a3a-8a6e-accb41194f41 HTTP/1.1" status: 200 len: 210 time: 0.0329418
2026-03-04 02:29:41.064 10 INFO neutron.wsgi [None req-ae05df9a-d1aa-4fbe-af97-02e0ec69f93c 4f41dd0dbc044fd28c12605e87fbddaf 60068899f4024a1caa71d7d4b61161fa - - default default] 10.0.0.30 "GET /v2.0/ports/d00c29e3-07f4-4ffb-92ab-b88bceb84c6c HTTP/1.1" status: 200 len: 1217 time: 0.1032333
2026-03-04 02:29:41.080 9 INFO neutron.db.ovn_revision_numbers_db [None req-a35e9a38-8a38-4c12-9b55-1dbcc1b8c2b5 70b1d3f4fa394de8a17f36aac201529b f50c4b2bb81e4fa8a88baeff8f533325 - - default default] Successfully bumped revision number for resource aecf0a7a-3a33-4657-b07b-8bd5f7b2120d (type: ports) to 1
2026-03-04 02:29:41.103 9 INFO neutron.wsgi [None req-a35e9a38-8a38-4c12-9b55-1dbcc1b8c2b5 70b1d3f4fa394de8a17f36aac201529b f50c4b2bb81e4fa8a88baeff8f533325 - - default default] 10.0.0.30 "POST /v2.0/networks HTTP/1.1" status: 201 len: 831 time: 1.1004143
2026-03-04 02:29:41.318 9 INFO neutron.wsgi [None req-4a5f47a6-c7e7-4f64-bc80-66dcac7fdae0 6efac214cbdb4ad289f123f521199408 1f5738d602184ad4a599543fada04453 - - default default] 10.0.0.30 "POST /v2.0/subnetpools HTTP/1.1" status: 201 len: 748 time: 0.2413323 /var/lib/openstack/lib/python3.10/site-packages/pycadf/identifier.py:71: UserWarning: Invalid uuid: neutron. To ensure interoperability, identifiers should be a valid uuid. warnings.warn(('Invalid uuid: %s. To ensure interoperability, '
2026-03-04 02:29:41.357 9 WARNING neutron.scheduler.dhcp_agent_scheduler [None req-6e22effa-3e6e-4540-9ccf-d0751f7abf54 70b1d3f4fa394de8a17f36aac201529b f50c4b2bb81e4fa8a88baeff8f533325 - - default default] No more DHCP agents
2026-03-04 02:29:41.358 10 INFO neutron.wsgi [None req-4398eccf-a66b-4080-8f04-f8569a86eb59 6efac214cbdb4ad289f123f521199408 1f5738d602184ad4a599543fada04453 - - default default] 10.0.0.30 "GET /v2.0/subnetpools/69116660-1ddd-41e7-9225-67e272caf24c HTTP/1.1" status: 200 len: 743 time: 0.0339339
2026-03-04 02:29:41.361 9 WARNING neutron.api.rpc.agentnotifiers.dhcp_rpc_agent_api [None req-6e22effa-3e6e-4540-9ccf-d0751f7abf54 70b1d3f4fa394de8a17f36aac201529b f50c4b2bb81e4fa8a88baeff8f533325 - - default default] Unable to schedule network f324c61c-8bbf-4734-9949-9dc8f303d6e1: no agents available; will retry on subsequent port and subnet creation events.
2026-03-04 02:29:41.433 9 INFO neutron.db.ovn_revision_numbers_db [None req-6e22effa-3e6e-4540-9ccf-d0751f7abf54 70b1d3f4fa394de8a17f36aac201529b f50c4b2bb81e4fa8a88baeff8f533325 - - default default] Successfully bumped revision number for resource 27b64cdb-e87f-4bce-8921-7c9920683887 (type: ports) to 1
2026-03-04 02:29:41.455 10 INFO neutron.wsgi [None req-1d0f6bae-5b55-414c-9fba-bb2ececdb0fb 6efac214cbdb4ad289f123f521199408 1f5738d602184ad4a599543fada04453 - - default default] 10.0.0.30 "PUT /v2.0/subnetpools/69116660-1ddd-41e7-9225-67e272caf24c HTTP/1.1" status: 200 len: 694 time: 0.0904951
2026-03-04 02:29:41.457 9 INFO neutron.wsgi [None req-6e22effa-3e6e-4540-9ccf-d0751f7abf54 70b1d3f4fa394de8a17f36aac201529b f50c4b2bb81e4fa8a88baeff8f533325 - - default default] 10.0.0.30 "POST /v2.0/ports HTTP/1.1" status: 201 len: 942 time: 0.3481119 /var/lib/openstack/lib/python3.10/site-packages/pycadf/identifier.py:71: UserWarning: Invalid uuid: neutron. To ensure interoperability, identifiers should be a valid uuid. warnings.warn(('Invalid uuid: %s. To ensure interoperability, '
2026-03-04 02:29:41.523 9 INFO neutron.wsgi [None req-b6763724-bda3-48bd-8def-928f291fa146 6efac214cbdb4ad289f123f521199408 1f5738d602184ad4a599543fada04453 - - default default] 10.0.0.30 "DELETE /v2.0/subnetpools/69116660-1ddd-41e7-9225-67e272caf24c HTTP/1.1" status: 204 len: 168 time: 0.0622370
2026-03-04 02:29:41.540 9 INFO neutron.api.v2.resource [None req-d0ed2d8e-4b55-47f9-98f5-0a5ef9c2cdfb 6efac214cbdb4ad289f123f521199408 1f5738d602184ad4a599543fada04453 - - default default] show failed (client error): The resource could not be found.
2026-03-04 02:29:41.542 9 INFO neutron.wsgi [None req-d0ed2d8e-4b55-47f9-98f5-0a5ef9c2cdfb 6efac214cbdb4ad289f123f521199408 1f5738d602184ad4a599543fada04453 - - default default] 10.0.0.30 "GET /v2.0/subnetpools/69116660-1ddd-41e7-9225-67e272caf24c HTTP/1.1" status: 404 len: 346 time: 0.0131197
2026-03-04 02:29:41.555 9 INFO neutron.api.v2.resource [None req-526781c2-0bc0-4315-9496-8b15bcbd7444 6efac214cbdb4ad289f123f521199408 1f5738d602184ad4a599543fada04453 - - default default] delete failed (client error): The resource could not be found.
2026-03-04 02:29:41.557 9 INFO neutron.wsgi [None req-526781c2-0bc0-4315-9496-8b15bcbd7444 6efac214cbdb4ad289f123f521199408 1f5738d602184ad4a599543fada04453 - - default default] 10.0.0.30 "DELETE /v2.0/subnetpools/69116660-1ddd-41e7-9225-67e272caf24c HTTP/1.1" status: 404 len: 346 time: 0.0108664
2026-03-04 02:29:41.780 10 INFO neutron.db.segments_db [None req-d3129b3e-b7ef-4077-8583-ed990c547886 70b1d3f4fa394de8a17f36aac201529b f50c4b2bb81e4fa8a88baeff8f533325 - - default default] Added segment 829a7373-9c50-43f9-8c8e-a7fd6396b3c3 of type geneve for network a21f3d49-3290-46df-a6cf-edf9183b661e
2026-03-04 02:29:41.843 10 INFO neutron.wsgi [None req-b8a3d721-a4e8-4e21-ae3e-fed08c75dbfa 4f41dd0dbc044fd28c12605e87fbddaf 60068899f4024a1caa71d7d4b61161fa - - default default] 10.0.0.30 "PUT /v2.0/routers/0d74714a-3ee9-45bf-a911-d6b6eb2a0913/remove_router_interface HTTP/1.1" status: 200 len: 503 time: 0.7738271
2026-03-04 02:29:41.905 9 INFO neutron.api.v2.resource [None req-3fede818-5cbf-4c0f-a6ac-70e6b1f344a5 4f41dd0dbc044fd28c12605e87fbddaf 60068899f4024a1caa71d7d4b61161fa - - default default] remove_router_interface failed (client error): The resource could not be found.
2026-03-04 02:29:41.907 9 INFO neutron.wsgi [None req-3fede818-5cbf-4c0f-a6ac-70e6b1f344a5 4f41dd0dbc044fd28c12605e87fbddaf 60068899f4024a1caa71d7d4b61161fa - - default default] 10.0.0.30 "PUT /v2.0/routers/0d74714a-3ee9-45bf-a911-d6b6eb2a0913/remove_router_interface HTTP/1.1" status: 404 len: 398 time: 0.0574512
2026-03-04 02:29:41.929 9 INFO neutron.wsgi [None req-a9d0a801-f3bc-444c-81d4-bdd18d248d23 4f41dd0dbc044fd28c12605e87fbddaf 60068899f4024a1caa71d7d4b61161fa - - default default] 10.0.0.30 "GET /v2.0/ports?device_id=0d74714a-3ee9-45bf-a911-d6b6eb2a0913 HTTP/1.1" status: 200 len: 205 time: 0.0174770
2026-03-04 02:29:41.953 10 INFO neutron.db.ovn_revision_numbers_db [None req-d3129b3e-b7ef-4077-8583-ed990c547886 70b1d3f4fa394de8a17f36aac201529b f50c4b2bb81e4fa8a88baeff8f533325 - - default default] Successfully bumped revision number for resource a21f3d49-3290-46df-a6cf-edf9183b661e (type: networks) to 1
2026-03-04 02:29:42.115 10 WARNING neutron.scheduler.dhcp_agent_scheduler [None req-d3129b3e-b7ef-4077-8583-ed990c547886 70b1d3f4fa394de8a17f36aac201529b f50c4b2bb81e4fa8a88baeff8f533325 - - default default] No more DHCP agents
2026-03-04 02:29:42.118 10 WARNING neutron.api.rpc.agentnotifiers.dhcp_rpc_agent_api [None req-d3129b3e-b7ef-4077-8583-ed990c547886 70b1d3f4fa394de8a17f36aac201529b f50c4b2bb81e4fa8a88baeff8f533325 - - default default] Unable to schedule network a21f3d49-3290-46df-a6cf-edf9183b661e: no agents available; will retry on subsequent port and subnet creation events.
2026-03-04 02:29:42.139 9 INFO neutron.wsgi [None req-9d42b633-b309-47de-99b6-c2e433fab752 4f41dd0dbc044fd28c12605e87fbddaf 60068899f4024a1caa71d7d4b61161fa - - default default] 10.0.0.30 "DELETE /v2.0/routers/0d74714a-3ee9-45bf-a911-d6b6eb2a0913 HTTP/1.1" status: 204 len: 168 time: 0.2046223 /var/lib/openstack/lib/python3.10/site-packages/pycadf/identifier.py:71: UserWarning: Invalid uuid: neutron. To ensure interoperability, identifiers should be a valid uuid. warnings.warn(('Invalid uuid: %s. To ensure interoperability, '
2026-03-04 02:29:42.233 10 INFO neutron.db.ovn_revision_numbers_db [None req-d3129b3e-b7ef-4077-8583-ed990c547886 70b1d3f4fa394de8a17f36aac201529b f50c4b2bb81e4fa8a88baeff8f533325 - - default default] Successfully bumped revision number for resource 11dd0245-5526-40d4-a514-1a31a1a47518 (type: ports) to 1
2026-03-04 02:29:42.261 10 INFO neutron.wsgi [None req-d3129b3e-b7ef-4077-8583-ed990c547886 70b1d3f4fa394de8a17f36aac201529b f50c4b2bb81e4fa8a88baeff8f533325 - - default default] 10.0.0.30 "POST /v2.0/networks HTTP/1.1" status: 201 len: 831 time: 0.7988999
2026-03-04 02:29:42.323 10 INFO neutron.db.ovn_revision_numbers_db [None req-8493ada6-051c-47e9-9dd7-94f88da61b3b 2e9c84efc45143c7be5c3528d47a8353 188a8dd7f5284638b79840c5839ead85 - - default default] Successfully bumped revision number for resource 74283707-d3b8-4cf3-ba47-a17c62a325dc (type: security_groups) to 1
2026-03-04 02:29:42.342 10 INFO neutron.db.ovn_revision_numbers_db [None req-8493ada6-051c-47e9-9dd7-94f88da61b3b 2e9c84efc45143c7be5c3528d47a8353 188a8dd7f5284638b79840c5839ead85 - - default default] Successfully bumped revision number for resource 2cfa4f4c-a53e-4783-8960-d9318fa1db56 (type: security_group_rules) to 0
2026-03-04 02:29:42.360 10 INFO neutron.db.ovn_revision_numbers_db [None req-8493ada6-051c-47e9-9dd7-94f88da61b3b 2e9c84efc45143c7be5c3528d47a8353 188a8dd7f5284638b79840c5839ead85 - - default default] Successfully bumped revision number for resource 6966cc9c-6ad5-4e8a-9bae-fb54a90bcd47 (type: security_group_rules) to 0
2026-03-04 02:29:42.377 10 INFO neutron.db.ovn_revision_numbers_db [None req-8493ada6-051c-47e9-9dd7-94f88da61b3b 2e9c84efc45143c7be5c3528d47a8353 188a8dd7f5284638b79840c5839ead85 - - default default] Successfully bumped revision number for resource 82c524aa-4d12-46a1-8958-c29d57a4e7a1 (type: security_group_rules) to 0
2026-03-04 02:29:42.383 9 INFO neutron.wsgi [None req-86129ef8-cbb7-44eb-8d99-13a2dfb2add3 4f41dd0dbc044fd28c12605e87fbddaf 60068899f4024a1caa71d7d4b61161fa - - default default] 10.0.0.30 "DELETE /v2.0/subnets/ec3ae1d3-0eff-4333-bc00-6fdd988f9a99 HTTP/1.1" status: 204 len: 168 time: 0.2385781
2026-03-04 02:29:42.397 10 INFO neutron.db.ovn_revision_numbers_db [None req-8493ada6-051c-47e9-9dd7-94f88da61b3b 2e9c84efc45143c7be5c3528d47a8353 188a8dd7f5284638b79840c5839ead85 - - default default] Successfully bumped revision number for resource f6abcbea-3aa6-4066-b4d9-6ac9c3e27a51 (type: security_group_rules) to 0
2026-03-04 02:29:42.423 10 INFO neutron.wsgi [None req-8493ada6-051c-47e9-9dd7-94f88da61b3b 2e9c84efc45143c7be5c3528d47a8353 188a8dd7f5284638b79840c5839ead85 - - default default] 10.0.0.30 "GET /v2.0/security-groups?tenant_id=1f5738d602184ad4a599543fada04453&name=default HTTP/1.1" status: 200 len: 2996 time: 0.3392830
2026-03-04 02:29:42.542 9 WARNING neutron.scheduler.dhcp_agent_scheduler [None req-90147fa3-91f0-4514-a43b-7dc83cbc50a4 70b1d3f4fa394de8a17f36aac201529b f50c4b2bb81e4fa8a88baeff8f533325 - - default default] No more DHCP agents
2026-03-04 02:29:42.546 9 WARNING neutron.api.rpc.agentnotifiers.dhcp_rpc_agent_api [None req-90147fa3-91f0-4514-a43b-7dc83cbc50a4 70b1d3f4fa394de8a17f36aac201529b f50c4b2bb81e4fa8a88baeff8f533325 - - default default] Unable to schedule network a21f3d49-3290-46df-a6cf-edf9183b661e: no agents available; will retry on subsequent port and subnet creation events.
2026-03-04 02:29:42.616 10 INFO neutron.wsgi [None req-23bb65b9-d5c3-4f55-a6a7-17e5e5ae54b9 2e9c84efc45143c7be5c3528d47a8353 188a8dd7f5284638b79840c5839ead85 - - default default] 10.0.0.30 "DELETE /v2.0/security-groups/74283707-d3b8-4cf3-ba47-a17c62a325dc HTTP/1.1" status: 204 len: 168 time: 0.1873698
2026-03-04 02:29:42.656 9 INFO neutron.db.ovn_revision_numbers_db [None req-90147fa3-91f0-4514-a43b-7dc83cbc50a4 70b1d3f4fa394de8a17f36aac201529b f50c4b2bb81e4fa8a88baeff8f533325 - - default default] Successfully bumped revision number for resource 81cb9baa-db1d-4a46-8cd7-e0a008a6eae7 (type: ports) to 1
2026-03-04 02:29:42.688 9 INFO neutron.wsgi [None req-90147fa3-91f0-4514-a43b-7dc83cbc50a4 70b1d3f4fa394de8a17f36aac201529b f50c4b2bb81e4fa8a88baeff8f533325 - - default default] 10.0.0.30 "POST /v2.0/ports HTTP/1.1" status: 201 len: 942 time: 0.4232538
2026-03-04 02:29:42.769 10 INFO neutron.db.segments_db [None req-dd7290c7-72a2-4931-985e-be10e1c3a4a1 70b1d3f4fa394de8a17f36aac201529b f50c4b2bb81e4fa8a88baeff8f533325 - - default default] Added segment c8456e8b-4b0c-4f06-95f4-c6081ea09136 of type geneve for network 3dae57ba-496b-4b5f-a9d6-6a6c6c355d40
2026-03-04 02:29:42.812 9 INFO neutron.services.segments.plugin [-] Segment 48a6ac35-bcd2-4b3f-9395-e919e5651b0f resource provider aggregate not found
2026-03-04 02:29:42.816 9 INFO neutron.services.segments.plugin [-] Segment 48a6ac35-bcd2-4b3f-9395-e919e5651b0f resource provider aggregate not found
2026-03-04 02:29:42.833 9 INFO neutron.services.segments.plugin [-] Segment 48a6ac35-bcd2-4b3f-9395-e919e5651b0f resource provider not found; error: Placement Client Error (4xx): {"errors": [{"status": 404, "title": "Not Found", "detail": "The resource could not be found.\n\n No resource provider with uuid 48a6ac35-bcd2-4b3f-9395-e919e5651b0f found for delete ", "request_id": "req-2305b391-b327-437b-a849-22f8d7de2056"}]}
2026-03-04 02:29:42.839 9 INFO neutron.services.segments.plugin [-] Segment 48a6ac35-bcd2-4b3f-9395-e919e5651b0f resource provider not found; error: Placement Client Error (4xx): {"errors": [{"status": 404, "title": "Not Found", "detail": "The resource could not be found.\n\n No resource provider with uuid 48a6ac35-bcd2-4b3f-9395-e919e5651b0f found for delete ", "request_id": "req-f8ad1f91-dbc6-47d9-9b91-ae4b8322176e"}]}
2026-03-04 02:29:42.858 9 INFO neutron.wsgi [None req-0a9b6ce6-8148-4651-8df7-a8e6527e106e 4f41dd0dbc044fd28c12605e87fbddaf 60068899f4024a1caa71d7d4b61161fa - - default default] 10.0.0.30 "DELETE /v2.0/networks/89e559b8-f823-412d-aa6b-0b894b688af9 HTTP/1.1" status: 204 len: 168 time: 0.4691243
2026-03-04 02:29:42.897 10 INFO neutron.db.ovn_revision_numbers_db [None req-dd7290c7-72a2-4931-985e-be10e1c3a4a1 70b1d3f4fa394de8a17f36aac201529b f50c4b2bb81e4fa8a88baeff8f533325 - - default default] Successfully bumped revision number for resource 3dae57ba-496b-4b5f-a9d6-6a6c6c355d40 (type: networks) to 1
2026-03-04 02:29:42.982 10 INFO neutron.db.segments_db [None req-ff0692da-23fd-40c4-ac02-a262496bb972 4f41dd0dbc044fd28c12605e87fbddaf 60068899f4024a1caa71d7d4b61161fa - - default default] Added segment a59dbdd2-f45b-4dbf-b613-a34d37912ebe of type geneve for network 463b4936-9a99-456b-b5f0-c3acf64becdc
2026-03-04 02:29:43.146 10 WARNING neutron.scheduler.dhcp_agent_scheduler [None req-dd7290c7-72a2-4931-985e-be10e1c3a4a1 70b1d3f4fa394de8a17f36aac201529b f50c4b2bb81e4fa8a88baeff8f533325 - - default default] No more DHCP agents
2026-03-04 02:29:43.150 10 WARNING neutron.api.rpc.agentnotifiers.dhcp_rpc_agent_api [None req-dd7290c7-72a2-4931-985e-be10e1c3a4a1 70b1d3f4fa394de8a17f36aac201529b f50c4b2bb81e4fa8a88baeff8f533325 - - default default] Unable to schedule network 3dae57ba-496b-4b5f-a9d6-6a6c6c355d40: no agents available; will retry on subsequent port and subnet creation events.
2026-03-04 02:29:43.198 10 INFO neutron.db.ovn_revision_numbers_db [None req-ff0692da-23fd-40c4-ac02-a262496bb972 4f41dd0dbc044fd28c12605e87fbddaf 60068899f4024a1caa71d7d4b61161fa - - default default] Successfully bumped revision number for resource 463b4936-9a99-456b-b5f0-c3acf64becdc (type: networks) to 1
2026-03-04 02:29:43.257 10 INFO neutron.db.ovn_revision_numbers_db [None req-dd7290c7-72a2-4931-985e-be10e1c3a4a1 70b1d3f4fa394de8a17f36aac201529b f50c4b2bb81e4fa8a88baeff8f533325 - - default default] Successfully bumped revision number for resource 8791127f-4fbe-4b56-bd20-aef763798504 (type: ports) to 1 /var/lib/openstack/lib/python3.10/site-packages/pycadf/identifier.py:71: UserWarning: Invalid uuid: neutron. To ensure interoperability, identifiers should be a valid uuid. warnings.warn(('Invalid uuid: %s. To ensure interoperability, '
2026-03-04 02:29:43.302 10 INFO neutron.wsgi [None req-dd7290c7-72a2-4931-985e-be10e1c3a4a1 70b1d3f4fa394de8a17f36aac201529b f50c4b2bb81e4fa8a88baeff8f533325 - - default default] 10.0.0.30 "POST /v2.0/networks HTTP/1.1" status: 201 len: 831 time: 0.6082473
2026-03-04 02:29:43.389 10 WARNING neutron.scheduler.dhcp_agent_scheduler [None req-ff0692da-23fd-40c4-ac02-a262496bb972 4f41dd0dbc044fd28c12605e87fbddaf 60068899f4024a1caa71d7d4b61161fa - - default default] No more DHCP agents
2026-03-04 02:29:43.392 10 WARNING neutron.api.rpc.agentnotifiers.dhcp_rpc_agent_api [None req-ff0692da-23fd-40c4-ac02-a262496bb972 4f41dd0dbc044fd28c12605e87fbddaf 60068899f4024a1caa71d7d4b61161fa - - default default] Unable to schedule network 463b4936-9a99-456b-b5f0-c3acf64becdc: no agents available; will retry on subsequent port and subnet creation events.
2026-03-04 02:29:43.464 10 INFO neutron.db.ovn_revision_numbers_db [None req-ff0692da-23fd-40c4-ac02-a262496bb972 4f41dd0dbc044fd28c12605e87fbddaf 60068899f4024a1caa71d7d4b61161fa - - default default] Successfully bumped revision number for resource a2d1cd6a-c84b-4fb7-9784-34e26dd59891 (type: ports) to 1
2026-03-04 02:29:43.485 10 INFO neutron.wsgi [None req-ff0692da-23fd-40c4-ac02-a262496bb972 4f41dd0dbc044fd28c12605e87fbddaf 60068899f4024a1caa71d7d4b61161fa - - default default] 10.0.0.30 "POST /v2.0/networks HTTP/1.1" status: 201 len: 831 time: 0.6183765
2026-03-04 02:29:43.594 9 WARNING neutron.scheduler.dhcp_agent_scheduler [None req-d1b64edb-227e-44c2-8bbe-ac85900edfb3 70b1d3f4fa394de8a17f36aac201529b f50c4b2bb81e4fa8a88baeff8f533325 - - default default] No more DHCP agents
2026-03-04 02:29:43.597 9 WARNING neutron.api.rpc.agentnotifiers.dhcp_rpc_agent_api [None req-d1b64edb-227e-44c2-8bbe-ac85900edfb3 70b1d3f4fa394de8a17f36aac201529b f50c4b2bb81e4fa8a88baeff8f533325 - - default default] Unable to schedule network 3dae57ba-496b-4b5f-a9d6-6a6c6c355d40: no agents available; will retry on subsequent port and subnet creation events.
2026-03-04 02:29:43.691 9 INFO neutron.db.ovn_revision_numbers_db [None req-d1b64edb-227e-44c2-8bbe-ac85900edfb3 70b1d3f4fa394de8a17f36aac201529b f50c4b2bb81e4fa8a88baeff8f533325 - - default default] Successfully bumped revision number for resource 396da269-ef3f-42c9-8224-2d9a95a1088c (type: ports) to 1
2026-03-04 02:29:43.720 10 WARNING neutron.scheduler.dhcp_agent_scheduler [None req-4b9e97bc-56e2-4a8f-9fce-45135534f7a8 4f41dd0dbc044fd28c12605e87fbddaf 60068899f4024a1caa71d7d4b61161fa - - default default] No more DHCP agents
2026-03-04 02:29:43.728 10 WARNING neutron.api.rpc.agentnotifiers.dhcp_rpc_agent_api [None req-4b9e97bc-56e2-4a8f-9fce-45135534f7a8 4f41dd0dbc044fd28c12605e87fbddaf 60068899f4024a1caa71d7d4b61161fa - - default default] Unable to schedule network 463b4936-9a99-456b-b5f0-c3acf64becdc: no agents available; will retry on subsequent port and subnet creation events.
2026-03-04 02:29:43.759 10 INFO neutron.db.ovn_revision_numbers_db [None req-4b9e97bc-56e2-4a8f-9fce-45135534f7a8 4f41dd0dbc044fd28c12605e87fbddaf 60068899f4024a1caa71d7d4b61161fa - - default default] Successfully bumped revision number for resource b15b4c4e-1255-4266-bbc5-b3396ec7c8d1 (type: subnets) to 0
2026-03-04 02:29:43.772 10 INFO neutron.wsgi [None req-4b9e97bc-56e2-4a8f-9fce-45135534f7a8 4f41dd0dbc044fd28c12605e87fbddaf 60068899f4024a1caa71d7d4b61161fa - - default default] 10.0.0.30 "POST /v2.0/subnets HTTP/1.1" status: 201 len: 821 time: 0.2824142
2026-03-04 02:29:43.944 10 INFO neutron.db.ovn_revision_numbers_db [None req-6edec767-0229-4b7a-85c3-52f8642b95ce 4f41dd0dbc044fd28c12605e87fbddaf 60068899f4024a1caa71d7d4b61161fa - - default default] Successfully bumped revision number for resource 8721fcb8-4bbd-4950-9e0c-9ccb3c436fd8 (type: routers) to 1
2026-03-04 02:29:43.947 9 INFO neutron.wsgi [None req-d1b64edb-227e-44c2-8bbe-ac85900edfb3 70b1d3f4fa394de8a17f36aac201529b f50c4b2bb81e4fa8a88baeff8f533325 - - default default] 10.0.0.30 "POST /v2.0/ports HTTP/1.1" status: 201 len: 942 time: 0.6407430
2026-03-04 02:29:43.968 10 INFO neutron.wsgi [None req-6edec767-0229-4b7a-85c3-52f8642b95ce 4f41dd0dbc044fd28c12605e87fbddaf 60068899f4024a1caa71d7d4b61161fa - - default default] 10.0.0.30 "POST /v2.0/routers HTTP/1.1" status: 201 len: 689 time: 0.1908946 /var/lib/openstack/lib/python3.10/site-packages/pycadf/identifier.py:71: UserWarning: Invalid uuid: neutron. To ensure interoperability, identifiers should be a valid uuid. warnings.warn(('Invalid uuid: %s. To ensure interoperability, '
2026-03-04 02:29:44.039 10 INFO neutron.db.segments_db [None req-0e0ecf7c-dd6f-4e09-b836-602f8077402c 70b1d3f4fa394de8a17f36aac201529b f50c4b2bb81e4fa8a88baeff8f533325 - - default default] Added segment 7f97d945-e879-487a-ab7b-9ec25fa6d168 of type geneve for network 10a7c7dc-1bee-4f3d-b7a7-a56bb9285b79
2026-03-04 02:29:44.185 10 INFO neutron.db.ovn_revision_numbers_db [None req-0e0ecf7c-dd6f-4e09-b836-602f8077402c 70b1d3f4fa394de8a17f36aac201529b f50c4b2bb81e4fa8a88baeff8f533325 - - default default] Successfully bumped revision number for resource 10a7c7dc-1bee-4f3d-b7a7-a56bb9285b79 (type: networks) to 1
2026-03-04 02:29:44.336 10 WARNING neutron.scheduler.dhcp_agent_scheduler [None req-0e0ecf7c-dd6f-4e09-b836-602f8077402c 70b1d3f4fa394de8a17f36aac201529b f50c4b2bb81e4fa8a88baeff8f533325 - - default default] No more DHCP agents
2026-03-04 02:29:44.338 10 WARNING neutron.api.rpc.agentnotifiers.dhcp_rpc_agent_api [None req-0e0ecf7c-dd6f-4e09-b836-602f8077402c 70b1d3f4fa394de8a17f36aac201529b f50c4b2bb81e4fa8a88baeff8f533325 - - default default] Unable to schedule network 10a7c7dc-1bee-4f3d-b7a7-a56bb9285b79: no agents available; will retry on subsequent port and subnet creation events.
2026-03-04 02:29:44.410 10 INFO neutron.db.ovn_revision_numbers_db [None req-0e0ecf7c-dd6f-4e09-b836-602f8077402c 70b1d3f4fa394de8a17f36aac201529b f50c4b2bb81e4fa8a88baeff8f533325 - - default default] Successfully bumped revision number for resource ee51dcf1-3ed4-4653-9626-052afb7c1aaf (type: ports) to 1
2026-03-04 02:29:44.427 10 INFO neutron.wsgi [None req-0e0ecf7c-dd6f-4e09-b836-602f8077402c 70b1d3f4fa394de8a17f36aac201529b f50c4b2bb81e4fa8a88baeff8f533325 - - default default] 10.0.0.30 "POST /v2.0/networks HTTP/1.1" status: 201 len: 830 time: 0.4756789
2026-03-04 02:29:44.458 9 WARNING neutron.scheduler.dhcp_agent_scheduler [None req-71d8f0c6-e48f-4086-91ad-457c47b7a461 4f41dd0dbc044fd28c12605e87fbddaf 60068899f4024a1caa71d7d4b61161fa - - default default] No more DHCP agents
2026-03-04 02:29:44.465 9 WARNING neutron.api.rpc.agentnotifiers.dhcp_rpc_agent_api [None req-71d8f0c6-e48f-4086-91ad-457c47b7a461 4f41dd0dbc044fd28c12605e87fbddaf 60068899f4024a1caa71d7d4b61161fa - - default default] Unable to schedule network 463b4936-9a99-456b-b5f0-c3acf64becdc: no agents available; will retry on subsequent port and subnet creation events.
2026-03-04 02:29:44.568 9 INFO neutron.wsgi [None req-3eb0f8ad-d49b-4144-b6f1-6dc4ec74f8cd 2e9c84efc45143c7be5c3528d47a8353 188a8dd7f5284638b79840c5839ead85 - - default default] 10.0.0.30 "PUT /v2.0/routers/c6edb605-eef7-41c3-9234-d5c2d2eb9d2a/remove_router_interface HTTP/1.1" status: 200 len: 503 time: 1.2793114 /var/lib/openstack/lib/python3.10/site-packages/pycadf/identifier.py:71: UserWarning: Invalid uuid: neutron. To ensure interoperability, identifiers should be a valid uuid. warnings.warn(('Invalid uuid: %s. To ensure interoperability, '
2026-03-04 02:29:44.622 9 INFO neutron.db.ovn_revision_numbers_db [None req-71d8f0c6-e48f-4086-91ad-457c47b7a461 4f41dd0dbc044fd28c12605e87fbddaf 60068899f4024a1caa71d7d4b61161fa - - default default] Successfully bumped revision number for resource e5d51415-8cdd-4b9c-ab93-1676e2035622 (type: ports) to 1
2026-03-04 02:29:44.639 10 WARNING neutron.scheduler.dhcp_agent_scheduler [None req-c0ebfa44-16ca-4120-9a30-7f10f5cda266 70b1d3f4fa394de8a17f36aac201529b f50c4b2bb81e4fa8a88baeff8f533325 - - default default] No more DHCP agents
2026-03-04 02:29:44.642 10 WARNING neutron.api.rpc.agentnotifiers.dhcp_rpc_agent_api [None req-c0ebfa44-16ca-4120-9a30-7f10f5cda266 70b1d3f4fa394de8a17f36aac201529b f50c4b2bb81e4fa8a88baeff8f533325 - - default default] Unable to schedule network 10a7c7dc-1bee-4f3d-b7a7-a56bb9285b79: no agents available; will retry on subsequent port and subnet creation events.
2026-03-04 02:29:44.720 10 INFO neutron.db.ovn_revision_numbers_db [None req-c0ebfa44-16ca-4120-9a30-7f10f5cda266 70b1d3f4fa394de8a17f36aac201529b f50c4b2bb81e4fa8a88baeff8f533325 - - default default] Successfully bumped revision number for resource b013fa75-97b9-47eb-aba0-ea35e68d7369 (type: ports) to 1
2026-03-04 02:29:44.742 10 INFO neutron.wsgi [None req-c0ebfa44-16ca-4120-9a30-7f10f5cda266 70b1d3f4fa394de8a17f36aac201529b f50c4b2bb81e4fa8a88baeff8f533325 - - default default] 10.0.0.30 "POST /v2.0/ports HTTP/1.1" status: 201 len: 942 time: 0.3093982 /var/lib/openstack/lib/python3.10/site-packages/pycadf/identifier.py:71: UserWarning: Invalid uuid: neutron. To ensure interoperability, identifiers should be a valid uuid. warnings.warn(('Invalid uuid: %s. To ensure interoperability, '
2026-03-04 02:29:44.781 10 INFO neutron.wsgi [None req-7ad892dd-acc9-421c-8f03-fee4efa352b9 70b1d3f4fa394de8a17f36aac201529b f50c4b2bb81e4fa8a88baeff8f533325 - - default default] 10.0.0.30 "PUT /v2.0/ports/f50a3433-47c2-4578-bdb5-cb3aef67fe58/tags HTTP/1.1" status: 200 len: 210 time: 0.0337348
2026-03-04 02:29:44.827 10 INFO neutron.wsgi [None req-0bc3243d-9942-435c-97b4-801d20706d58 70b1d3f4fa394de8a17f36aac201529b f50c4b2bb81e4fa8a88baeff8f533325 - - default default] 10.0.0.30 "PUT /v2.0/ports/27b64cdb-e87f-4bce-8921-7c9920683887/tags HTTP/1.1" status: 200 len: 218 time: 0.0412819
2026-03-04 02:29:44.869 10 INFO neutron.wsgi [None req-c8f3fa23-2283-49bb-beda-990af28eb621 70b1d3f4fa394de8a17f36aac201529b f50c4b2bb81e4fa8a88baeff8f533325 - - default default] 10.0.0.30 "PUT /v2.0/ports/81cb9baa-db1d-4a46-8cd7-e0a008a6eae7/tags HTTP/1.1" status: 200 len: 227 time: 0.0380671
2026-03-04 02:29:44.907 10 INFO neutron.wsgi [None req-d63f19b5-3180-41b6-8ce8-56b88764feba 70b1d3f4fa394de8a17f36aac201529b f50c4b2bb81e4fa8a88baeff8f533325 - - default default] 10.0.0.30 "PUT /v2.0/ports/396da269-ef3f-42c9-8224-2d9a95a1088c/tags HTTP/1.1" status: 200 len: 212 time: 0.0324616
2026-03-04 02:29:45.074 10 INFO neutron.wsgi [None req-b93329e4-bbf6-43a8-8d37-1ec20c30533e 70b1d3f4fa394de8a17f36aac201529b f50c4b2bb81e4fa8a88baeff8f533325 - - default default] 10.0.0.30 "GET /v2.0/ports?tags=red HTTP/1.1" status: 200 len: 2448 time: 0.1617644
2026-03-04 02:29:45.076 9 INFO neutron.plugins.ml2.drivers.ovn.mech_driver.mech_driver [None req-92c0e464-e21e-437f-bb49-1cdcdc62b54c - - - - - -] OVN reports status up for port: e5d51415-8cdd-4b9c-ab93-1676e2035622
2026-03-04 02:29:45.100 9 INFO neutron.plugins.ml2.plugin [None req-92c0e464-e21e-437f-bb49-1cdcdc62b54c - - - - - -] Attempt 1 to provision port e5d51415-8cdd-4b9c-ab93-1676e2035622
2026-03-04 02:29:45.128 9 INFO neutron.db.ovn_revision_numbers_db [None req-71d8f0c6-e48f-4086-91ad-457c47b7a461 4f41dd0dbc044fd28c12605e87fbddaf 60068899f4024a1caa71d7d4b61161fa - - default default] Successfully bumped revision number for resource e5d51415-8cdd-4b9c-ab93-1676e2035622 (type: router_ports) to 1
2026-03-04 02:29:45.139 10 WARNING neutron.plugins.ml2.drivers.ovn.mech_driver.ovsdb.ovn_client [None req-575fdd68-b365-41c0-9928-8a1fdfa9f95e - - - - - -] No port found with ID d00c29e3-07f4-4ffb-92ab-b88bceb84c6c: RuntimeError: No port found with ID d00c29e3-07f4-4ffb-92ab-b88bceb84c6c
2026-03-04 02:29:45.139 10 INFO neutron.plugins.ml2.drivers.ovn.mech_driver.mech_driver [None req-575fdd68-b365-41c0-9928-8a1fdfa9f95e - - - - - -] OVN reports status down for port: 5ed0923a-69aa-47ed-ad79-ce4a4af33553
2026-03-04 02:29:45.157 10 INFO neutron.wsgi [None req-c3cf7a4a-080f-46d6-b617-216a420a2ee4 70b1d3f4fa394de8a17f36aac201529b f50c4b2bb81e4fa8a88baeff8f533325 - - default default] 10.0.0.30 "GET /v2.0/ports?tags=red%2Cblue HTTP/1.1" status: 200 len: 1708 time: 0.0779471
2026-03-04 02:29:45.215 10 INFO neutron.wsgi [None req-98458ddc-b608-4650-af59-27e68b1e607e 70b1d3f4fa394de8a17f36aac201529b f50c4b2bb81e4fa8a88baeff8f533325 - - default default] 10.0.0.30 "GET /v2.0/ports?tags-any=blue HTTP/1.1" status: 200 len: 1708 time: 0.0537348
2026-03-04 02:29:45.270 10 INFO neutron.wsgi [None req-940ce041-e733-486f-9aaf-7cc3a079259a 70b1d3f4fa394de8a17f36aac201529b f50c4b2bb81e4fa8a88baeff8f533325 - - default default] 10.0.0.30 "GET /v2.0/ports?tags-any=red%2Cblue HTTP/1.1" status: 200 len: 2448 time: 0.0490808
2026-03-04 02:29:45.409 10 INFO neutron.wsgi [None req-fc8e1d74-f202-4863-bd30-ae23e358d08f 70b1d3f4fa394de8a17f36aac201529b f50c4b2bb81e4fa8a88baeff8f533325 - - default default] 10.0.0.30 "GET /v2.0/ports?not-tags=red HTTP/1.1" status: 200 len: 5463 time: 0.1343863
2026-03-04 02:29:45.485 10 INFO neutron.wsgi [None req-c7b00de3-9247-4327-84ea-f4ed5cd0acbd 70b1d3f4fa394de8a17f36aac201529b f50c4b2bb81e4fa8a88baeff8f533325 - - default default] 10.0.0.30 "GET /v2.0/ports?not-tags=red%2Cblue HTTP/1.1" status: 200 len: 6203 time: 0.0706632
2026-03-04 02:29:45.531 9 INFO neutron.db.ovn_revision_numbers_db [None req-71d8f0c6-e48f-4086-91ad-457c47b7a461 4f41dd0dbc044fd28c12605e87fbddaf 60068899f4024a1caa71d7d4b61161fa - - default default] Successfully bumped revision number for resource e5d51415-8cdd-4b9c-ab93-1676e2035622 (type: ports) to 1
2026-03-04 02:29:45.557 10 INFO neutron.wsgi [None req-fa658b68-e5a9-4b77-88ba-649c5d726984 70b1d3f4fa394de8a17f36aac201529b f50c4b2bb81e4fa8a88baeff8f533325 - - default default] 10.0.0.30 "GET /v2.0/ports?not-tags-any=blue HTTP/1.1" status: 200 len: 6203 time: 0.0678184
2026-03-04 02:29:45.596 9 INFO neutron.wsgi [None req-56980465-fd3d-41e4-a564-911410723e04 2e9c84efc45143c7be5c3528d47a8353 188a8dd7f5284638b79840c5839ead85 - - default default] 10.0.0.30 "DELETE /v2.0/routers/c6edb605-eef7-41c3-9234-d5c2d2eb9d2a HTTP/1.1" status: 204 len: 168 time: 1.0209422
2026-03-04 02:29:45.616 10 INFO neutron.wsgi [None req-5b0860b2-7bc2-4769-8d64-0266acbb6fdd 70b1d3f4fa394de8a17f36aac201529b f50c4b2bb81e4fa8a88baeff8f533325 - - default default] 10.0.0.30 "GET /v2.0/ports?not-tags-any=red%2Cblue HTTP/1.1" status: 200 len: 5463 time: 0.0535111
2026-03-04 02:29:45.659 9 WARNING neutron.scheduler.dhcp_agent_scheduler [None req-71d8f0c6-e48f-4086-91ad-457c47b7a461 4f41dd0dbc044fd28c12605e87fbddaf 60068899f4024a1caa71d7d4b61161fa - - default default] No more DHCP agents
2026-03-04 02:29:45.670 9 WARNING neutron.api.rpc.agentnotifiers.dhcp_rpc_agent_api [None req-71d8f0c6-e48f-4086-91ad-457c47b7a461 4f41dd0dbc044fd28c12605e87fbddaf 60068899f4024a1caa71d7d4b61161fa - - default default] Unable to schedule network 463b4936-9a99-456b-b5f0-c3acf64becdc: no agents available; will retry on subsequent port and subnet creation events.
2026-03-04 02:29:45.817 9 INFO neutron.db.ovn_revision_numbers_db [None req-92c0e464-e21e-437f-bb49-1cdcdc62b54c - - - - - -] Successfully bumped revision number for resource e5d51415-8cdd-4b9c-ab93-1676e2035622 (type: ports) to 2
2026-03-04 02:29:45.866 10 INFO neutron.wsgi [None req-39254307-667a-4a8a-8630-88b58adcf35e 70b1d3f4fa394de8a17f36aac201529b f50c4b2bb81e4fa8a88baeff8f533325 - - default default] 10.0.0.30 "DELETE /v2.0/ports/f50a3433-47c2-4578-bdb5-cb3aef67fe58 HTTP/1.1" status: 204 len: 168 time: 0.2408762
2026-03-04 02:29:45.973 9 INFO neutron.wsgi [None req-46070b8d-e578-4012-b133-c04d04076e95 2e9c84efc45143c7be5c3528d47a8353 188a8dd7f5284638b79840c5839ead85 - - default default] 10.0.0.30 "DELETE /v2.0/subnets/2daaf78c-277f-423d-84a4-4cbe2b6f4256 HTTP/1.1" status: 204 len: 168 time: 0.3679512
2026-03-04 02:29:45.990 9 INFO neutron.db.ovn_revision_numbers_db [None req-71d8f0c6-e48f-4086-91ad-457c47b7a461 4f41dd0dbc044fd28c12605e87fbddaf 60068899f4024a1caa71d7d4b61161fa - - default default] Successfully bumped revision number for resource e5d51415-8cdd-4b9c-ab93-1676e2035622 (type: router_ports) to 2
2026-03-04 02:29:45.992 9 INFO neutron.wsgi [None req-71d8f0c6-e48f-4086-91ad-457c47b7a461 4f41dd0dbc044fd28c12605e87fbddaf 60068899f4024a1caa71d7d4b61161fa - - default default] 10.0.0.30 "PUT /v2.0/routers/8721fcb8-4bbd-4950-9e0c-9ccb3c436fd8/add_router_interface HTTP/1.1" status: 200 len: 503 time: 2.0186760
2026-03-04 02:29:46.080 10 INFO neutron.wsgi [None req-7f788778-1c48-4c5d-901b-6ec9ac0e7dc1 4f41dd0dbc044fd28c12605e87fbddaf 60068899f4024a1caa71d7d4b61161fa - - default default] 10.0.0.30 "GET /v2.0/ports/e5d51415-8cdd-4b9c-ab93-1676e2035622 HTTP/1.1" status: 200 len: 1141 time: 0.0776052
2026-03-04 02:29:46.185 9 INFO neutron.wsgi [None req-d454f054-d762-48aa-91f4-2a3f01e4bdc2 4f41dd0dbc044fd28c12605e87fbddaf 60068899f4024a1caa71d7d4b61161fa - - default default] 10.0.0.30 "GET /v2.0/ports/e5d51415-8cdd-4b9c-ab93-1676e2035622 HTTP/1.1" status: 200 len: 1141 time: 0.0984178
2026-03-04 02:29:46.450 10 INFO neutron.wsgi [None req-a43f8607-d038-494e-9b14-4236fdedf871 70b1d3f4fa394de8a17f36aac201529b f50c4b2bb81e4fa8a88baeff8f533325 - - default default] 10.0.0.30 "DELETE /v2.0/ports/27b64cdb-e87f-4bce-8921-7c9920683887 HTTP/1.1" status: 204 len: 168 time: 0.5781956
2026-03-04 02:29:46.765 10 INFO neutron.services.segments.plugin [-] Segment 7c0bfb7f-e17d-4b2b-ad09-77c806dfe8f9 resource provider aggregate not found
2026-03-04 02:29:46.771 10 INFO neutron.services.segments.plugin [-] Segment 7c0bfb7f-e17d-4b2b-ad09-77c806dfe8f9 resource provider aggregate not found
2026-03-04 02:29:46.796 10 INFO neutron.services.segments.plugin [-] Segment 7c0bfb7f-e17d-4b2b-ad09-77c806dfe8f9 resource provider not found; error: Placement Client Error (4xx): {"errors": [{"status": 404, "title": "Not Found", "detail": "The resource could not be found.\n\n No resource provider with uuid 7c0bfb7f-e17d-4b2b-ad09-77c806dfe8f9 found for delete ", "request_id": "req-df93f8b5-2289-40ed-a619-890615f17fca"}]}
2026-03-04 02:29:46.799 10 INFO neutron.services.segments.plugin [-] Segment 7c0bfb7f-e17d-4b2b-ad09-77c806dfe8f9 resource provider not found; error: Placement Client Error (4xx): {"errors": [{"status": 404, "title": "Not Found", "detail": "The resource could not be found.\n\n No resource provider with uuid 7c0bfb7f-e17d-4b2b-ad09-77c806dfe8f9 found for delete ", "request_id": "req-a1455ae0-f645-4c26-a164-5f062cbe2560"}]}
2026-03-04 02:29:46.815 9 INFO neutron.wsgi [None req-dd4979cb-9b37-4015-9479-f6bfb1dfaef0 4f41dd0dbc044fd28c12605e87fbddaf 60068899f4024a1caa71d7d4b61161fa - - default default] 10.0.0.30 "PUT /v2.0/routers/8721fcb8-4bbd-4950-9e0c-9ccb3c436fd8/remove_router_interface HTTP/1.1" status: 200 len: 503 time: 0.6252651
2026-03-04 02:29:46.817 10 INFO neutron.wsgi [None req-4f23b23a-fa4b-4b0f-9b1e-31e77c46c5c5 70b1d3f4fa394de8a17f36aac201529b f50c4b2bb81e4fa8a88baeff8f533325 - - default default] 10.0.0.30 "DELETE /v2.0/ports/81cb9baa-db1d-4a46-8cd7-e0a008a6eae7 HTTP/1.1" status: 204 len: 168 time: 0.3616898 /var/lib/openstack/lib/python3.10/site-packages/pycadf/identifier.py:71: UserWarning: Invalid uuid: neutron. To ensure interoperability, identifiers should be a valid uuid. warnings.warn(('Invalid uuid: %s. To ensure interoperability, '
2026-03-04 02:29:46.827 10 INFO neutron.wsgi [None req-f46f51c5-b9f6-4a5b-b7df-06b84905535d 2e9c84efc45143c7be5c3528d47a8353 188a8dd7f5284638b79840c5839ead85 - - default default] 10.0.0.30 "DELETE /v2.0/networks/fbd31dc7-f6b3-4d30-b8c8-5fe91dcd063e HTTP/1.1" status: 204 len: 168 time: 0.8495872
2026-03-04 02:29:46.861 9 INFO neutron.wsgi [None req-720f497e-726b-4b3f-ac78-0901744f43a4 4f41dd0dbc044fd28c12605e87fbddaf 60068899f4024a1caa71d7d4b61161fa - - default default] 10.0.0.30 "GET /v2.0/ports?device_id=8721fcb8-4bbd-4950-9e0c-9ccb3c436fd8 HTTP/1.1" status: 200 len: 205 time: 0.0396678
2026-03-04 02:29:47.059 9 INFO neutron.wsgi [None req-4d1c33a2-3e5f-4a64-bb73-a5cb8d083ad2 2e9c84efc45143c7be5c3528d47a8353 188a8dd7f5284638b79840c5839ead85 - - default default] 10.0.0.30 "GET /v2.0/security-groups?tenant_id=643f84bf10524ae18e0b937914ebcd89&name=default HTTP/1.1" status: 200 len: 2996 time: 0.0440769
2026-03-04 02:29:47.088 10 INFO neutron.wsgi [None req-e1cae83a-08b3-42d3-9a80-e5133fcfa2a3 4f41dd0dbc044fd28c12605e87fbddaf 60068899f4024a1caa71d7d4b61161fa - - default default] 10.0.0.30 "DELETE /v2.0/routers/8721fcb8-4bbd-4950-9e0c-9ccb3c436fd8 HTTP/1.1" status: 204 len: 168 time: 0.2208354
2026-03-04 02:29:47.127 9 INFO neutron.wsgi [None req-9ca516d7-82c4-4172-bf58-6e062155a821 70b1d3f4fa394de8a17f36aac201529b f50c4b2bb81e4fa8a88baeff8f533325 - - default default] 10.0.0.30 "DELETE /v2.0/ports/396da269-ef3f-42c9-8224-2d9a95a1088c HTTP/1.1" status: 204 len: 168 time: 0.3053234
2026-03-04 02:29:47.243 9 INFO neutron.wsgi [-] 10.0.0.114 "GET / HTTP/1.1" status: 200 len: 246 time: 0.0018780
2026-03-04 02:29:47.244 9 INFO neutron.wsgi [-] 10.0.0.114 "GET / HTTP/1.1" status: 200 len: 246 time: 0.0009804
2026-03-04 02:29:47.316 10 INFO neutron.wsgi [None req-a7021c19-bbb2-4ec4-be76-e8890925d55e 4f41dd0dbc044fd28c12605e87fbddaf 60068899f4024a1caa71d7d4b61161fa - - default default] 10.0.0.30 "DELETE /v2.0/subnets/b15b4c4e-1255-4266-bbc5-b3396ec7c8d1 HTTP/1.1" status: 204 len: 168 time: 0.2233114
2026-03-04 02:29:47.414 9 INFO neutron.wsgi [None req-7bef5301-d048-459b-8d87-d1bd401e2d7a 2e9c84efc45143c7be5c3528d47a8353 188a8dd7f5284638b79840c5839ead85 - - default default] 10.0.0.30 "DELETE /v2.0/security-groups/08d50e05-ecbf-4736-abd3-a364daede6c4 HTTP/1.1" status: 204 len: 168 time: 0.3512540
2026-03-04 02:29:47.449 9 INFO neutron.wsgi [None req-300791dd-dcd3-432d-8f49-e8a34d6be00c 70b1d3f4fa394de8a17f36aac201529b f50c4b2bb81e4fa8a88baeff8f533325 - - default default] 10.0.0.30 "DELETE /v2.0/ports/b013fa75-97b9-47eb-aba0-ea35e68d7369 HTTP/1.1" status: 204 len: 168 time: 0.3149335
2026-03-04 02:29:47.450 9 INFO neutron.db.ovn_revision_numbers_db [None req-20d1d185-18f5-4242-9813-52fc3395377c 2e9c84efc45143c7be5c3528d47a8353 188a8dd7f5284638b79840c5839ead85 - - default default] Successfully bumped revision number for resource 9fdf18ac-16c1-410b-a299-2966c066c2d3 (type: security_groups) to 1
2026-03-04 02:29:47.474 9 INFO neutron.db.ovn_revision_numbers_db [None req-20d1d185-18f5-4242-9813-52fc3395377c 2e9c84efc45143c7be5c3528d47a8353 188a8dd7f5284638b79840c5839ead85 - - default default] Successfully bumped revision number for resource 8c76178e-2a19-4f7e-95c5-39b0637e3e7e (type: security_group_rules) to 0
2026-03-04 02:29:47.501 9 INFO neutron.db.ovn_revision_numbers_db [None req-20d1d185-18f5-4242-9813-52fc3395377c 2e9c84efc45143c7be5c3528d47a8353 188a8dd7f5284638b79840c5839ead85 - - default default] Successfully bumped revision number for resource 97bc0fba-9802-4f4c-9d63-2ca0e4caeac0 (type: security_group_rules) to 0
2026-03-04 02:29:47.530 9 INFO neutron.db.ovn_revision_numbers_db [None req-20d1d185-18f5-4242-9813-52fc3395377c 2e9c84efc45143c7be5c3528d47a8353 188a8dd7f5284638b79840c5839ead85 - - default default] Successfully bumped revision number for resource bba95a55-1804-4c26-a758-9653dd20dde9 (type: security_group_rules) to 0
2026-03-04 02:29:47.551 9 INFO neutron.db.ovn_revision_numbers_db [None req-20d1d185-18f5-4242-9813-52fc3395377c 2e9c84efc45143c7be5c3528d47a8353 188a8dd7f5284638b79840c5839ead85 - - default default] Successfully bumped revision number for resource e5095eab-e712-4fb6-a5c5-0dc1119e0dcf (type: security_group_rules) to 0
2026-03-04 02:29:47.597 9 INFO neutron.wsgi [None req-20d1d185-18f5-4242-9813-52fc3395377c 2e9c84efc45143c7be5c3528d47a8353 188a8dd7f5284638b79840c5839ead85 - - default default] 10.0.0.30 "GET /v2.0/security-groups?tenant_id=6016d5c9f42c41ad9ae53fc83d92addc&name=default HTTP/1.1" status: 200 len: 2996 time: 0.6068754
2026-03-04 02:29:47.740 10 INFO neutron.wsgi [None req-756d8ec4-239c-47a4-9a98-0ea3e78470b6 4f41dd0dbc044fd28c12605e87fbddaf 60068899f4024a1caa71d7d4b61161fa - - default default] 10.0.0.30 "DELETE /v2.0/networks/463b4936-9a99-456b-b5f0-c3acf64becdc HTTP/1.1" status: 204 len: 168 time: 0.4181199
2026-03-04 02:29:47.855 9 INFO neutron.services.segments.plugin [-] Segment 78286e5e-a367-43c3-bb98-59d45efdddc5 resource provider aggregate not found
2026-03-04 02:29:47.872 9 INFO neutron.services.segments.plugin [-] Segment 78286e5e-a367-43c3-bb98-59d45efdddc5 resource provider aggregate not found
2026-03-04 02:29:47.893 9 INFO neutron.services.segments.plugin [-] Segment 78286e5e-a367-43c3-bb98-59d45efdddc5 resource provider not found; error: Placement Client Error (4xx): {"errors": [{"status": 404, "title": "Not Found", "detail": "The resource could not be found.\n\n No resource provider with uuid 78286e5e-a367-43c3-bb98-59d45efdddc5 found for delete ", "request_id": "req-16b39e48-558f-4dcf-8a9e-c2c54e3ad8c7"}]}
2026-03-04 02:29:47.907 9 INFO neutron.services.segments.plugin [-] Segment 78286e5e-a367-43c3-bb98-59d45efdddc5 resource provider not found; error: Placement Client Error (4xx): {"errors": [{"status": 404, "title": "Not Found", "detail": "The resource could not be found.\n\n No resource provider with uuid 78286e5e-a367-43c3-bb98-59d45efdddc5 found for delete ", "request_id": "req-d1671f4b-caab-4371-861c-8fd675ff4601"}]}
2026-03-04 02:29:47.920 9 INFO neutron.wsgi [None req-d64ce540-ed4f-41e2-be3e-62e8ed5b092c 70b1d3f4fa394de8a17f36aac201529b f50c4b2bb81e4fa8a88baeff8f533325 - - default default] 10.0.0.30 "DELETE /v2.0/networks/3189ae67-7277-40ad-b666-791344f7eba6 HTTP/1.1" status: 204 len: 168 time: 0.4655375
2026-03-04 02:29:47.987 9 INFO neutron.wsgi [None req-f533cc7b-8bf9-4366-af69-94eff7f6d598 2e9c84efc45143c7be5c3528d47a8353 188a8dd7f5284638b79840c5839ead85 - - default default] 10.0.0.30 "DELETE /v2.0/security-groups/9fdf18ac-16c1-410b-a299-2966c066c2d3 HTTP/1.1" status: 204 len: 168 time: 0.3832729
2026-03-04 02:29:48.333 10 WARNING neutron.scheduler.dhcp_agent_scheduler [None req-0ed3afac-0d7d-4c98-83f5-351f4ec199a2 4f41dd0dbc044fd28c12605e87fbddaf 60068899f4024a1caa71d7d4b61161fa - - default default] No more DHCP agents
2026-03-04 02:29:48.339 10 WARNING neutron.api.rpc.agentnotifiers.dhcp_rpc_agent_api [None req-0ed3afac-0d7d-4c98-83f5-351f4ec199a2 4f41dd0dbc044fd28c12605e87fbddaf 60068899f4024a1caa71d7d4b61161fa - - default default] Unable to schedule network a1d31c68-8dc4-46b4-b8ed-cdcc896b677f: no agents available; will retry on subsequent port and subnet creation events.
2026-03-04 02:29:48.353 9 INFO neutron.wsgi [None req-331415e0-7950-4f1b-bf03-79685de8f3d8 70b1d3f4fa394de8a17f36aac201529b f50c4b2bb81e4fa8a88baeff8f533325 - - default default] 10.0.0.30 "DELETE /v2.0/networks/f324c61c-8bbf-4734-9949-9dc8f303d6e1 HTTP/1.1" status: 204 len: 168 time: 0.4252701
