2026-03-04 02:27:56.180 9 INFO neutron.notifiers.nova [-] Nova event matching ['req-9b5b712f-1591-4fb5-83b0-660e2cf9f997'] response: {'server_uuid': '73995f9e-6aaf-4a68-b0a9-10e27d3f4195', 'name': 'network-vif-deleted', 'tag': '1c184e51-4552-4132-98bb-c7f0cfdd8276', 'status': 'completed', 'code': 200}
2026-03-04 02:27:56.231 10 INFO neutron.wsgi [req-a482bc88-4ce1-4722-bd78-9855a7876ed7 req-020aaede-bd6e-4e73-bddd-e3b91d9b948f 0bb682022b2b47e4bae5c462e7477c95 3123c77e5de547d99dc5e2d39129b10d - - 116f49a716c34af294a835be3080f3ba 116f49a716c34af294a835be3080f3ba] 162.253.55.52 "GET /v2.0/networks/2698ebc3-3606-4b23-9eb5-95b0b966bbef?fields=provider%3Aphysical_network&fields=provider%3Anetwork_type HTTP/1.1" status: 200 len: 277 time: 0.1290798
2026-03-04 02:27:56.450 9 INFO neutron.plugins.ml2.drivers.ovn.mech_driver.mech_driver [None req-92c0e464-e21e-437f-bb49-1cdcdc62b54c - - - - - -] OVN reports status down for port: 701f422e-23b5-4cd3-853f-d8ded20a1297 /var/lib/openstack/lib/python3.10/site-packages/pycadf/identifier.py:71: UserWarning: Invalid uuid: neutron. To ensure interoperability, identifiers should be a valid uuid. warnings.warn(('Invalid uuid: %s. To ensure interoperability, '
2026-03-04 02:27:56.713 10 INFO neutron.wsgi [req-f3c90e76-b025-45b0-bc5e-c98078c27ea5 req-2306ead7-df27-4513-a4f7-921984d29a37 fc9f534318724fd3beba35a70ad9c7f7 730c8956e3354c10bac6027548043af9 - - default default] 10.0.0.129 "GET /v2.0/ports?device_id=f1dda32d-0bf8-479f-bc36-a05099f15979 HTTP/1.1" status: 200 len: 1172 time: 0.1023798
2026-03-04 02:27:56.773 10 INFO neutron.wsgi [req-f3c90e76-b025-45b0-bc5e-c98078c27ea5 req-a29c0d79-dcbd-4288-ae64-8c1c650c26cb fc9f534318724fd3beba35a70ad9c7f7 730c8956e3354c10bac6027548043af9 - - default default] 10.0.0.129 "GET /v2.0/security-groups?id=85f37663-f795-41c9-a702-3e6ce8dcbb19&fields=id&fields=name HTTP/1.1" status: 200 len: 312 time: 0.0532744
2026-03-04 02:27:56.775 9 INFO neutron.db.ovn_revision_numbers_db [None req-92c0e464-e21e-437f-bb49-1cdcdc62b54c - - - - - -] Successfully bumped revision number for resource 701f422e-23b5-4cd3-853f-d8ded20a1297 (type: ports) to 5
2026-03-04 02:27:56.840 10 INFO neutron.notifiers.nova [-] Nova event matching ['req-bf87597f-bd4a-4dae-8a55-bffda6f734a1'] response: {'name': 'network-changed', 'server_uuid': '73995f9e-6aaf-4a68-b0a9-10e27d3f4195', 'tag': '1c184e51-4552-4132-98bb-c7f0cfdd8276', 'status': 'completed', 'code': 200}
2026-03-04 02:27:56.840 10 INFO neutron.notifiers.nova [-] Nova event matching ['req-bf87597f-bd4a-4dae-8a55-bffda6f734a1'] response: {'server_uuid': '73995f9e-6aaf-4a68-b0a9-10e27d3f4195', 'name': 'network-vif-unplugged', 'status': 'completed', 'tag': '1c184e51-4552-4132-98bb-c7f0cfdd8276', 'code': 200}
2026-03-04 02:27:56.840 10 INFO neutron.notifiers.nova [-] Nova event matching ['req-bf87597f-bd4a-4dae-8a55-bffda6f734a1'] response: {'server_uuid': '73995f9e-6aaf-4a68-b0a9-10e27d3f4195', 'name': 'network-vif-plugged', 'status': 'completed', 'tag': '1c184e51-4552-4132-98bb-c7f0cfdd8276', 'code': 200} /var/lib/openstack/lib/python3.10/site-packages/pycadf/identifier.py:71: UserWarning: Invalid uuid: neutron. To ensure interoperability, identifiers should be a valid uuid. warnings.warn(('Invalid uuid: %s. To ensure interoperability, '
2026-03-04 02:27:56.870 10 INFO neutron.db.ovn_revision_numbers_db [None req-f760980c-76fb-48e1-97dd-4897336c4c12 2e9c84efc45143c7be5c3528d47a8353 188a8dd7f5284638b79840c5839ead85 - - default default] Successfully bumped revision number for resource 84e30755-8b4d-4c63-8fa4-1d3494683a08 (type: security_groups) to 1
2026-03-04 02:27:56.892 10 INFO neutron.wsgi [req-85acce56-b580-4ddf-bd23-c9e70884dcf0 req-4c0ce8cc-6c0e-4050-95b4-7cf47b9a1965 0bb682022b2b47e4bae5c462e7477c95 3123c77e5de547d99dc5e2d39129b10d - - 116f49a716c34af294a835be3080f3ba 116f49a716c34af294a835be3080f3ba] 162.253.55.52 "GET /v2.0/ports?tenant_id=395ebadafccc495d89bacfe3d11e2299&device_id=73995f9e-6aaf-4a68-b0a9-10e27d3f4195 HTTP/1.1" status: 200 len: 210 time: 0.0255632
2026-03-04 02:27:56.912 10 INFO neutron.db.ovn_revision_numbers_db [None req-f760980c-76fb-48e1-97dd-4897336c4c12 2e9c84efc45143c7be5c3528d47a8353 188a8dd7f5284638b79840c5839ead85 - - default default] Successfully bumped revision number for resource 044fb692-b450-4804-9bbc-e2d2cf0fa106 (type: security_group_rules) to 0
2026-03-04 02:27:56.961 9 INFO neutron.wsgi [None req-4bd1d4cf-860b-47ec-a90f-d089a81f5898 ba613c2d970541d39b7ce7ae00f31b54 395ebadafccc495d89bacfe3d11e2299 - - default default] 10.0.0.30 "DELETE /v2.0/security-groups/6a99fff3-fe6c-4b1f-aadc-5115518545b4 HTTP/1.1" status: 204 len: 168 time: 0.1224563
2026-03-04 02:27:56.967 10 INFO neutron.db.ovn_revision_numbers_db [None req-f760980c-76fb-48e1-97dd-4897336c4c12 2e9c84efc45143c7be5c3528d47a8353 188a8dd7f5284638b79840c5839ead85 - - default default] Successfully bumped revision number for resource 381873dd-c05d-4101-b673-f09ccbbcd21c (type: security_group_rules) to 0
2026-03-04 02:27:56.980 9 INFO neutron.api.v2.resource [None req-fdc6b14a-aeb0-4b2b-b996-508ff4c44a60 ba613c2d970541d39b7ce7ae00f31b54 395ebadafccc495d89bacfe3d11e2299 - - default default] show failed (client error): The resource could not be found.
2026-03-04 02:27:56.981 9 INFO neutron.wsgi [None req-fdc6b14a-aeb0-4b2b-b996-508ff4c44a60 ba613c2d970541d39b7ce7ae00f31b54 395ebadafccc495d89bacfe3d11e2299 - - default default] 10.0.0.30 "GET /v2.0/security-groups/6a99fff3-fe6c-4b1f-aadc-5115518545b4 HTTP/1.1" status: 404 len: 347 time: 0.0106854
2026-03-04 02:27:57.008 10 INFO neutron.db.ovn_revision_numbers_db [None req-f760980c-76fb-48e1-97dd-4897336c4c12 2e9c84efc45143c7be5c3528d47a8353 188a8dd7f5284638b79840c5839ead85 - - default default] Successfully bumped revision number for resource 7cec98ff-2499-438c-abb4-e01aba99a268 (type: security_group_rules) to 0
2026-03-04 02:27:57.031 10 INFO neutron.db.ovn_revision_numbers_db [None req-f760980c-76fb-48e1-97dd-4897336c4c12 2e9c84efc45143c7be5c3528d47a8353 188a8dd7f5284638b79840c5839ead85 - - default default] Successfully bumped revision number for resource 9aedd1e2-7850-4f9a-9926-d38a24424d52 (type: security_group_rules) to 0
2026-03-04 02:27:57.051 10 INFO neutron.wsgi [req-85acce56-b580-4ddf-bd23-c9e70884dcf0 req-8d25b503-90fd-4210-a12c-6726c11fc022 0bb682022b2b47e4bae5c462e7477c95 3123c77e5de547d99dc5e2d39129b10d - - 116f49a716c34af294a835be3080f3ba 116f49a716c34af294a835be3080f3ba] 162.253.55.52 "GET /v2.0/networks?tenant_id=395ebadafccc495d89bacfe3d11e2299&shared=False HTTP/1.1" status: 200 len: 968 time: 0.1347620
2026-03-04 02:27:57.065 9 INFO neutron.plugins.ml2.drivers.ovn.mech_driver.mech_driver [None req-92c0e464-e21e-437f-bb49-1cdcdc62b54c - - - - - -] OVN reports status up for port: 701f422e-23b5-4cd3-853f-d8ded20a1297
2026-03-04 02:27:57.074 10 INFO neutron.wsgi [None req-f760980c-76fb-48e1-97dd-4897336c4c12 2e9c84efc45143c7be5c3528d47a8353 188a8dd7f5284638b79840c5839ead85 - - default default] 10.0.0.30 "GET /v2.0/security-groups?tenant_id=12329417534d4af0bf891c7f33b68f93&name=default HTTP/1.1" status: 200 len: 2996 time: 0.5214627
2026-03-04 02:27:57.101 9 INFO neutron.plugins.ml2.plugin [None req-92c0e464-e21e-437f-bb49-1cdcdc62b54c - - - - - -] Attempt 1 to provision port 701f422e-23b5-4cd3-853f-d8ded20a1297
2026-03-04 02:27:57.200 10 INFO neutron.wsgi [req-85acce56-b580-4ddf-bd23-c9e70884dcf0 req-ac4fb69c-4349-46a4-84c8-23566419bf3b 0bb682022b2b47e4bae5c462e7477c95 3123c77e5de547d99dc5e2d39129b10d - - 116f49a716c34af294a835be3080f3ba 116f49a716c34af294a835be3080f3ba] 162.253.55.52 "GET /v2.0/networks?shared=True HTTP/1.1" status: 200 len: 952 time: 0.1383469
2026-03-04 02:27:57.528 9 INFO neutron.wsgi [None req-4306f3ba-73bc-441d-8e33-1c5a8913702e 2e9c84efc45143c7be5c3528d47a8353 188a8dd7f5284638b79840c5839ead85 - - default default] 10.0.0.30 "DELETE /v2.0/security-groups/84e30755-8b4d-4c63-8fa4-1d3494683a08 HTTP/1.1" status: 204 len: 168 time: 0.4474084
2026-03-04 02:27:57.557 9 INFO neutron.wsgi [None req-add73df8-aab9-4ea2-9661-bb8668a2f240 ba613c2d970541d39b7ce7ae00f31b54 395ebadafccc495d89bacfe3d11e2299 - - default default] 10.0.0.30 "DELETE /v2.0/floatingips/f7b15d59-ea17-4cae-8786-44c06df272b1 HTTP/1.1" status: 204 len: 168 time: 0.5722411
2026-03-04 02:27:57.558 9 INFO neutron.db.ovn_revision_numbers_db [None req-92c0e464-e21e-437f-bb49-1cdcdc62b54c - - - - - -] Successfully bumped revision number for resource 701f422e-23b5-4cd3-853f-d8ded20a1297 (type: ports) to 6
2026-03-04 02:27:57.832 10 INFO neutron.db.ovn_revision_numbers_db [None req-12499154-4545-4b56-a360-7cbcca93b0d6 2e9c84efc45143c7be5c3528d47a8353 188a8dd7f5284638b79840c5839ead85 - - default default] Successfully bumped revision number for resource 34e950a3-818a-4ffc-8833-fcf2311b8b51 (type: security_groups) to 1
2026-03-04 02:27:57.854 10 INFO neutron.db.ovn_revision_numbers_db [None req-12499154-4545-4b56-a360-7cbcca93b0d6 2e9c84efc45143c7be5c3528d47a8353 188a8dd7f5284638b79840c5839ead85 - - default default] Successfully bumped revision number for resource 01266d1d-97ee-4a30-8e70-fff10a214bd8 (type: security_group_rules) to 0 /var/lib/openstack/lib/python3.10/site-packages/pycadf/identifier.py:71: UserWarning: Invalid uuid: neutron. To ensure interoperability, identifiers should be a valid uuid. warnings.warn(('Invalid uuid: %s. To ensure interoperability, '
2026-03-04 02:27:57.874 10 INFO neutron.db.ovn_revision_numbers_db [None req-12499154-4545-4b56-a360-7cbcca93b0d6 2e9c84efc45143c7be5c3528d47a8353 188a8dd7f5284638b79840c5839ead85 - - default default] Successfully bumped revision number for resource 2d7f9bab-15c7-4c00-b466-2873b0ca02a8 (type: security_group_rules) to 0
2026-03-04 02:27:57.892 10 INFO neutron.db.ovn_revision_numbers_db [None req-12499154-4545-4b56-a360-7cbcca93b0d6 2e9c84efc45143c7be5c3528d47a8353 188a8dd7f5284638b79840c5839ead85 - - default default] Successfully bumped revision number for resource 39585a97-062e-434e-8866-c449f8297774 (type: security_group_rules) to 0
2026-03-04 02:27:57.899 9 INFO neutron.wsgi [req-5b04b52d-e467-4e20-8efa-5a4617dbfb85 req-2d8eef47-2556-4fda-a72f-335f36323c29 fc9f534318724fd3beba35a70ad9c7f7 730c8956e3354c10bac6027548043af9 - - default default] 10.0.0.129 "GET /v2.0/ports?device_id=f1dda32d-0bf8-479f-bc36-a05099f15979 HTTP/1.1" status: 200 len: 1174 time: 0.0449941
2026-03-04 02:27:57.909 10 INFO neutron.db.ovn_revision_numbers_db [None req-12499154-4545-4b56-a360-7cbcca93b0d6 2e9c84efc45143c7be5c3528d47a8353 188a8dd7f5284638b79840c5839ead85 - - default default] Successfully bumped revision number for resource 409cab35-19b8-4c94-b005-87ffabd03244 (type: security_group_rules) to 0
2026-03-04 02:27:57.936 10 INFO neutron.wsgi [None req-12499154-4545-4b56-a360-7cbcca93b0d6 2e9c84efc45143c7be5c3528d47a8353 188a8dd7f5284638b79840c5839ead85 - - default default] 10.0.0.30 "GET /v2.0/security-groups?tenant_id=8fcada8b47da47e3945ad97d8809fb9c&name=default HTTP/1.1" status: 200 len: 2996 time: 0.2957404
2026-03-04 02:27:57.953 9 INFO neutron.wsgi [req-5b04b52d-e467-4e20-8efa-5a4617dbfb85 req-7aa9dd85-4103-4317-a3e2-d2224ba84c97 fc9f534318724fd3beba35a70ad9c7f7 730c8956e3354c10bac6027548043af9 - - default default] 10.0.0.129 "GET /v2.0/security-groups?id=85f37663-f795-41c9-a702-3e6ce8dcbb19&fields=id&fields=name HTTP/1.1" status: 200 len: 312 time: 0.0487287
2026-03-04 02:27:58.134 10 INFO neutron.wsgi [None req-04eb2d66-d17e-4373-b5f8-bca684822f3b 2e9c84efc45143c7be5c3528d47a8353 188a8dd7f5284638b79840c5839ead85 - - default default] 10.0.0.30 "DELETE /v2.0/security-groups/34e950a3-818a-4ffc-8833-fcf2311b8b51 HTTP/1.1" status: 204 len: 168 time: 0.1923091
2026-03-04 02:27:58.234 9 INFO neutron.notifiers.nova [-] Nova event matching ['req-3a9567a7-0f1e-4a5a-91fd-88d13cbaba09'] response: {'server_uuid': 'f1dda32d-0bf8-479f-bc36-a05099f15979', 'name': 'network-vif-unplugged', 'status': 'completed', 'tag': '701f422e-23b5-4cd3-853f-d8ded20a1297', 'code': 200}
2026-03-04 02:27:58.235 9 INFO neutron.notifiers.nova [-] Nova event matching ['req-3a9567a7-0f1e-4a5a-91fd-88d13cbaba09'] response: {'server_uuid': 'f1dda32d-0bf8-479f-bc36-a05099f15979', 'name': 'network-vif-plugged', 'status': 'completed', 'tag': '701f422e-23b5-4cd3-853f-d8ded20a1297', 'code': 200}
2026-03-04 02:27:58.235 9 INFO neutron.notifiers.nova [-] Nova event matching ['req-3a9567a7-0f1e-4a5a-91fd-88d13cbaba09'] response: {'server_uuid': 'f1dda32d-0bf8-479f-bc36-a05099f15979', 'name': 'network-vif-plugged', 'status': 'completed', 'tag': '701f422e-23b5-4cd3-853f-d8ded20a1297', 'code': 200}
2026-03-04 02:27:58.235 9 INFO neutron.notifiers.nova [-] Nova event matching ['req-3a9567a7-0f1e-4a5a-91fd-88d13cbaba09'] response: {'server_uuid': 'f1dda32d-0bf8-479f-bc36-a05099f15979', 'name': 'network-vif-plugged', 'status': 'completed', 'tag': '701f422e-23b5-4cd3-853f-d8ded20a1297', 'code': 200}
2026-03-04 02:27:58.929 9 INFO neutron.wsgi [None req-0576b04a-e702-46f2-b89f-32926646cde5 2e9c84efc45143c7be5c3528d47a8353 188a8dd7f5284638b79840c5839ead85 - - default default] 10.0.0.30 "PUT /v2.0/routers/420e2260-8e03-412e-a24d-2d6163dcacaf/remove_router_interface HTTP/1.1" status: 200 len: 503 time: 1.3662865
2026-03-04 02:27:59.561 10 INFO neutron.wsgi [None req-d93227d6-ec80-48ad-9e2c-44be8f9d0e10 2e9c84efc45143c7be5c3528d47a8353 188a8dd7f5284638b79840c5839ead85 - - default default] 10.0.0.30 "DELETE /v2.0/routers/420e2260-8e03-412e-a24d-2d6163dcacaf HTTP/1.1" status: 204 len: 168 time: 0.6233277
2026-03-04 02:27:59.790 10 INFO neutron.wsgi [None req-0eab57de-fcb2-4760-8b35-aa20ad066766 2e9c84efc45143c7be5c3528d47a8353 188a8dd7f5284638b79840c5839ead85 - - default default] 10.0.0.30 "DELETE /v2.0/subnets/0c04c588-b546-4057-b392-e90ecddf8d5d HTTP/1.1" status: 204 len: 168 time: 0.2246673
2026-03-04 02:28:00.272 10 INFO neutron.services.segments.plugin [-] Segment 02530ace-2c95-4962-b1ef-1e521103777c resource provider aggregate not found
2026-03-04 02:28:00.290 10 INFO neutron.services.segments.plugin [-] Segment 02530ace-2c95-4962-b1ef-1e521103777c resource provider aggregate not found
2026-03-04 02:28:00.301 10 INFO neutron.services.segments.plugin [-] Segment 02530ace-2c95-4962-b1ef-1e521103777c resource provider not found; error: Placement Client Error (4xx): {"errors": [{"status": 404, "title": "Not Found", "detail": "The resource could not be found.\n\n No resource provider with uuid 02530ace-2c95-4962-b1ef-1e521103777c found for delete ", "request_id": "req-44ada44f-c760-45fc-8366-f41811bc40d0"}]}
2026-03-04 02:28:00.307 10 INFO neutron.services.segments.plugin [-] Segment 02530ace-2c95-4962-b1ef-1e521103777c resource provider not found; error: Placement Client Error (4xx): {"errors": [{"status": 404, "title": "Not Found", "detail": "The resource could not be found.\n\n No resource provider with uuid 02530ace-2c95-4962-b1ef-1e521103777c found for delete ", "request_id": "req-fe17d725-24af-4c70-aea5-a2bf35e49285"}]}
2026-03-04 02:28:00.327 10 INFO neutron.wsgi [None req-e9ef7f81-441b-4b66-b093-27352dc13c3f 2e9c84efc45143c7be5c3528d47a8353 188a8dd7f5284638b79840c5839ead85 - - default default] 10.0.0.30 "DELETE /v2.0/networks/75591b8e-dada-4d91-9e0e-920a99913ff0 HTTP/1.1" status: 204 len: 168 time: 0.5310977
2026-03-04 02:28:00.480 10 INFO neutron.wsgi [None req-1c5b2ea2-11de-45ae-b2f3-75fd5e34d3fd 2e9c84efc45143c7be5c3528d47a8353 188a8dd7f5284638b79840c5839ead85 - - default default] 10.0.0.30 "GET /v2.0/security-groups?tenant_id=395ebadafccc495d89bacfe3d11e2299&name=default HTTP/1.1" status: 200 len: 2996 time: 0.0254993
2026-03-04 02:28:00.647 10 INFO neutron.wsgi [None req-5331de75-301d-4fed-95f4-196331c240d7 2e9c84efc45143c7be5c3528d47a8353 188a8dd7f5284638b79840c5839ead85 - - default default] 10.0.0.30 "DELETE /v2.0/security-groups/3f70755f-d080-4bb9-b1f7-52a929a417a0 HTTP/1.1" status: 204 len: 168 time: 0.1619339
2026-03-04 02:28:02.241 9 INFO neutron.wsgi [-] 10.0.0.114 "GET / HTTP/1.1" status: 200 len: 246 time: 0.0018439
2026-03-04 02:28:02.243 10 INFO neutron.wsgi [-] 10.0.0.114 "GET / HTTP/1.1" status: 200 len: 246 time: 0.0035214 /var/lib/openstack/lib/python3.10/site-packages/pycadf/identifier.py:71: UserWarning: Invalid uuid: neutron. To ensure interoperability, identifiers should be a valid uuid. warnings.warn(('Invalid uuid: %s. To ensure interoperability, '
2026-03-04 02:28:02.470 9 INFO neutron.db.ovn_revision_numbers_db [None req-b097798f-6e5b-4d13-9b19-77060daadaa7 2e9c84efc45143c7be5c3528d47a8353 188a8dd7f5284638b79840c5839ead85 - - default default] Successfully bumped revision number for resource f2e7886c-7bbd-4f9a-9a23-7d4db2811509 (type: security_groups) to 1
2026-03-04 02:28:02.484 9 INFO neutron.db.ovn_revision_numbers_db [None req-b097798f-6e5b-4d13-9b19-77060daadaa7 2e9c84efc45143c7be5c3528d47a8353 188a8dd7f5284638b79840c5839ead85 - - default default] Successfully bumped revision number for resource 24d741ee-5718-4437-a612-bb9f8f381944 (type: security_group_rules) to 0
2026-03-04 02:28:02.497 9 INFO neutron.db.ovn_revision_numbers_db [None req-b097798f-6e5b-4d13-9b19-77060daadaa7 2e9c84efc45143c7be5c3528d47a8353 188a8dd7f5284638b79840c5839ead85 - - default default] Successfully bumped revision number for resource 42b98c0d-d6cc-4cce-b07c-0d37cc4ec9e6 (type: security_group_rules) to 0
2026-03-04 02:28:02.515 9 INFO neutron.db.ovn_revision_numbers_db [None req-b097798f-6e5b-4d13-9b19-77060daadaa7 2e9c84efc45143c7be5c3528d47a8353 188a8dd7f5284638b79840c5839ead85 - - default default] Successfully bumped revision number for resource 66a43edb-1c26-413c-9b90-904c04365cd1 (type: security_group_rules) to 0
2026-03-04 02:28:02.527 9 INFO neutron.db.ovn_revision_numbers_db [None req-b097798f-6e5b-4d13-9b19-77060daadaa7 2e9c84efc45143c7be5c3528d47a8353 188a8dd7f5284638b79840c5839ead85 - - default default] Successfully bumped revision number for resource b7d334f7-d128-4da2-9880-79e1df114bd0 (type: security_group_rules) to 0
2026-03-04 02:28:02.548 9 INFO neutron.wsgi [None req-b097798f-6e5b-4d13-9b19-77060daadaa7 2e9c84efc45143c7be5c3528d47a8353 188a8dd7f5284638b79840c5839ead85 - - default default] 10.0.0.30 "GET /v2.0/security-groups?tenant_id=43b95f4c18e4488286a88bdb8c849b7b&name=default HTTP/1.1" status: 200 len: 2996 time: 0.4289780
2026-03-04 02:28:02.681 10 INFO neutron.db.ovn_revision_numbers_db [None req-ec1d8b94-0def-46d1-986f-0470f9f7f82a 2e9c84efc45143c7be5c3528d47a8353 188a8dd7f5284638b79840c5839ead85 - - default default] Successfully bumped revision number for resource 77599633-fb05-4767-967a-8792379a2d3a (type: security_groups) to 1
2026-03-04 02:28:02.693 10 INFO neutron.db.ovn_revision_numbers_db [None req-ec1d8b94-0def-46d1-986f-0470f9f7f82a 2e9c84efc45143c7be5c3528d47a8353 188a8dd7f5284638b79840c5839ead85 - - default default] Successfully bumped revision number for resource 0df078c9-c5ec-4843-bf27-41ea67305f64 (type: security_group_rules) to 0
2026-03-04 02:28:02.706 10 INFO neutron.db.ovn_revision_numbers_db [None req-ec1d8b94-0def-46d1-986f-0470f9f7f82a 2e9c84efc45143c7be5c3528d47a8353 188a8dd7f5284638b79840c5839ead85 - - default default] Successfully bumped revision number for resource 41b8b63e-4750-496f-ba99-e5af4d7d4ca4 (type: security_group_rules) to 0
2026-03-04 02:28:02.724 10 INFO neutron.db.ovn_revision_numbers_db [None req-ec1d8b94-0def-46d1-986f-0470f9f7f82a 2e9c84efc45143c7be5c3528d47a8353 188a8dd7f5284638b79840c5839ead85 - - default default] Successfully bumped revision number for resource 4aeb848a-cd4d-45c7-af55-becf6441e195 (type: security_group_rules) to 0
2026-03-04 02:28:02.738 9 INFO neutron.wsgi [None req-6d6491c0-925d-4dc6-a64c-df172cd0912e 2e9c84efc45143c7be5c3528d47a8353 188a8dd7f5284638b79840c5839ead85 - - default default] 10.0.0.30 "DELETE /v2.0/security-groups/f2e7886c-7bbd-4f9a-9a23-7d4db2811509 HTTP/1.1" status: 204 len: 168 time: 0.1845903
2026-03-04 02:28:02.739 10 INFO neutron.db.ovn_revision_numbers_db [None req-ec1d8b94-0def-46d1-986f-0470f9f7f82a 2e9c84efc45143c7be5c3528d47a8353 188a8dd7f5284638b79840c5839ead85 - - default default] Successfully bumped revision number for resource d4f889a4-16be-4a7d-92d0-6b18f0422635 (type: security_group_rules) to 0
2026-03-04 02:28:02.794 10 INFO neutron.db.segments_db [None req-ec1d8b94-0def-46d1-986f-0470f9f7f82a 2e9c84efc45143c7be5c3528d47a8353 188a8dd7f5284638b79840c5839ead85 - - default default] Added segment 0225675b-b527-428e-b3c2-35eeb6242b43 of type geneve for network 6fca8f55-f0ca-4938-acd1-0eef77122350
2026-03-04 02:28:02.901 9 INFO neutron.wsgi [req-337525b9-23db-49a1-8680-4b70e241fff0 req-6d3609fa-e6b7-4456-bf15-5a7e7f44150c 0bb682022b2b47e4bae5c462e7477c95 3123c77e5de547d99dc5e2d39129b10d - - 116f49a716c34af294a835be3080f3ba 116f49a716c34af294a835be3080f3ba] 10.0.0.29 "GET /v2.0/ports?device_id=65d11724-7cef-4633-9d68-7c01fe2c1c34 HTTP/1.1" status: 200 len: 1409 time: 0.0320978
2026-03-04 02:28:02.935 10 INFO neutron.db.ovn_revision_numbers_db [None req-ec1d8b94-0def-46d1-986f-0470f9f7f82a 2e9c84efc45143c7be5c3528d47a8353 188a8dd7f5284638b79840c5839ead85 - - default default] Successfully bumped revision number for resource 6fca8f55-f0ca-4938-acd1-0eef77122350 (type: networks) to 1
2026-03-04 02:28:02.955 9 INFO neutron.wsgi [req-337525b9-23db-49a1-8680-4b70e241fff0 req-a39b06e1-a1be-4aa9-9234-47bc6957b4d6 0bb682022b2b47e4bae5c462e7477c95 3123c77e5de547d99dc5e2d39129b10d - - 116f49a716c34af294a835be3080f3ba 116f49a716c34af294a835be3080f3ba] 10.0.0.29 "GET /v2.0/security-groups?id=46962922-a278-4359-ae38-09a0b854014d&fields=id&fields=name HTTP/1.1" status: 200 len: 312 time: 0.0476437
2026-03-04 02:28:02.968 9 INFO neutron.db.ovn_revision_numbers_db [None req-d0a64cb3-831f-4641-b645-3199a32bd674 2e9c84efc45143c7be5c3528d47a8353 188a8dd7f5284638b79840c5839ead85 - - default default] Successfully bumped revision number for resource 528c6b36-ca51-4e2c-ba2e-2c1a2b08fd0d (type: security_groups) to 1
2026-03-04 02:28:02.982 9 INFO neutron.db.ovn_revision_numbers_db [None req-d0a64cb3-831f-4641-b645-3199a32bd674 2e9c84efc45143c7be5c3528d47a8353 188a8dd7f5284638b79840c5839ead85 - - default default] Successfully bumped revision number for resource 334a47ce-9bee-4474-8b9e-2e10edb73456 (type: security_group_rules) to 0
2026-03-04 02:28:03.005 9 INFO neutron.db.ovn_revision_numbers_db [None req-d0a64cb3-831f-4641-b645-3199a32bd674 2e9c84efc45143c7be5c3528d47a8353 188a8dd7f5284638b79840c5839ead85 - - default default] Successfully bumped revision number for resource 659711d9-c1a5-449e-a2f1-580e5bc50fb2 (type: security_group_rules) to 0
2026-03-04 02:28:03.020 9 INFO neutron.db.ovn_revision_numbers_db [None req-d0a64cb3-831f-4641-b645-3199a32bd674 2e9c84efc45143c7be5c3528d47a8353 188a8dd7f5284638b79840c5839ead85 - - default default] Successfully bumped revision number for resource 9161f561-093e-4382-a332-fd90a8fd3c05 (type: security_group_rules) to 0
2026-03-04 02:28:03.034 9 INFO neutron.db.ovn_revision_numbers_db [None req-d0a64cb3-831f-4641-b645-3199a32bd674 2e9c84efc45143c7be5c3528d47a8353 188a8dd7f5284638b79840c5839ead85 - - default default] Successfully bumped revision number for resource fd5ba9cf-43ff-4460-a609-19ba2384a188 (type: security_group_rules) to 0
2026-03-04 02:28:03.056 9 INFO neutron.wsgi [None req-d0a64cb3-831f-4641-b645-3199a32bd674 2e9c84efc45143c7be5c3528d47a8353 188a8dd7f5284638b79840c5839ead85 - - default default] 10.0.0.30 "GET /v2.0/security-groups?tenant_id=2048f3640d4742b5a0f874bba170bdcf&name=default HTTP/1.1" status: 200 len: 2996 time: 0.2084737
2026-03-04 02:28:03.129 10 WARNING neutron.scheduler.dhcp_agent_scheduler [None req-ec1d8b94-0def-46d1-986f-0470f9f7f82a 2e9c84efc45143c7be5c3528d47a8353 188a8dd7f5284638b79840c5839ead85 - - default default] No more DHCP agents
2026-03-04 02:28:03.131 10 WARNING neutron.api.rpc.agentnotifiers.dhcp_rpc_agent_api [None req-ec1d8b94-0def-46d1-986f-0470f9f7f82a 2e9c84efc45143c7be5c3528d47a8353 188a8dd7f5284638b79840c5839ead85 - - default default] Unable to schedule network 6fca8f55-f0ca-4938-acd1-0eef77122350: no agents available; will retry on subsequent port and subnet creation events.
2026-03-04 02:28:03.211 10 INFO neutron.db.ovn_revision_numbers_db [None req-ec1d8b94-0def-46d1-986f-0470f9f7f82a 2e9c84efc45143c7be5c3528d47a8353 188a8dd7f5284638b79840c5839ead85 - - default default] Successfully bumped revision number for resource fdc0d146-3ac9-43ee-b1f9-adb20b91e0c4 (type: ports) to 1
2026-03-04 02:28:03.233 10 INFO neutron.wsgi [None req-ec1d8b94-0def-46d1-986f-0470f9f7f82a 2e9c84efc45143c7be5c3528d47a8353 188a8dd7f5284638b79840c5839ead85 - - default default] 10.0.0.30 "POST /v2.0/networks HTTP/1.1" status: 201 len: 946 time: 0.7300944
2026-03-04 02:28:03.244 9 INFO neutron.wsgi [None req-4c8bf820-4713-48c4-98b9-76efc098561e 2e9c84efc45143c7be5c3528d47a8353 188a8dd7f5284638b79840c5839ead85 - - default default] 10.0.0.30 "DELETE /v2.0/security-groups/528c6b36-ca51-4e2c-ba2e-2c1a2b08fd0d HTTP/1.1" status: 204 len: 168 time: 0.1840415
2026-03-04 02:28:03.380 10 WARNING neutron.scheduler.dhcp_agent_scheduler [None req-a862aa1b-f951-4b53-b4c3-85366134b129 2e9c84efc45143c7be5c3528d47a8353 188a8dd7f5284638b79840c5839ead85 - - default default] No more DHCP agents
2026-03-04 02:28:03.383 10 WARNING neutron.api.rpc.agentnotifiers.dhcp_rpc_agent_api [None req-a862aa1b-f951-4b53-b4c3-85366134b129 2e9c84efc45143c7be5c3528d47a8353 188a8dd7f5284638b79840c5839ead85 - - default default] Unable to schedule network 6fca8f55-f0ca-4938-acd1-0eef77122350: no agents available; will retry on subsequent port and subnet creation events.
2026-03-04 02:28:03.831 10 INFO neutron.db.ovn_revision_numbers_db [None req-a862aa1b-f951-4b53-b4c3-85366134b129 2e9c84efc45143c7be5c3528d47a8353 188a8dd7f5284638b79840c5839ead85 - - default default] Successfully bumped revision number for resource fdc0d146-3ac9-43ee-b1f9-adb20b91e0c4 (type: ports) to 2
2026-03-04 02:28:03.861 10 INFO neutron.db.ovn_revision_numbers_db [None req-a862aa1b-f951-4b53-b4c3-85366134b129 2e9c84efc45143c7be5c3528d47a8353 188a8dd7f5284638b79840c5839ead85 - - default default] Successfully bumped revision number for resource 5e0f3d46-3038-40d0-bfd5-e6b64577fd42 (type: subnets) to 0
2026-03-04 02:28:03.881 10 INFO neutron.wsgi [None req-a862aa1b-f951-4b53-b4c3-85366134b129 2e9c84efc45143c7be5c3528d47a8353 188a8dd7f5284638b79840c5839ead85 - - default default] 10.0.0.30 "POST /v2.0/subnets HTTP/1.1" status: 201 len: 866 time: 0.6426685
2026-03-04 02:28:04.312 10 WARNING neutron.scheduler.dhcp_agent_scheduler [None req-a826fef9-0a36-4117-958b-b3fdd616c529 2e9c84efc45143c7be5c3528d47a8353 188a8dd7f5284638b79840c5839ead85 - - default default] No more DHCP agents
2026-03-04 02:28:04.314 10 WARNING neutron.api.rpc.agentnotifiers.dhcp_rpc_agent_api [None req-a826fef9-0a36-4117-958b-b3fdd616c529 2e9c84efc45143c7be5c3528d47a8353 188a8dd7f5284638b79840c5839ead85 - - default default] Unable to schedule network a1d31c68-8dc4-46b4-b8ed-cdcc896b677f: no agents available; will retry on subsequent port and subnet creation events.
2026-03-04 02:28:04.462 10 INFO neutron.db.ovn_revision_numbers_db [None req-a826fef9-0a36-4117-958b-b3fdd616c529 2e9c84efc45143c7be5c3528d47a8353 188a8dd7f5284638b79840c5839ead85 - - default default] Successfully bumped revision number for resource b954f0fd-57df-4336-a94a-deca6b8abac7 (type: ports) to 1
2026-03-04 02:28:05.052 9 INFO neutron.plugins.ml2.drivers.ovn.mech_driver.mech_driver [None req-92c0e464-e21e-437f-bb49-1cdcdc62b54c - - - - - -] OVN reports status up for port: b954f0fd-57df-4336-a94a-deca6b8abac7
2026-03-04 02:28:05.053 9 INFO neutron.plugins.ml2.drivers.ovn.mech_driver.ovsdb.ovsdb_monitor [None req-8feed29a-4fe5-4f0a-b02d-f74796502d7e - - - - - -] Router 9f1b9e33-b4d9-4ab0-9490-1079fe15f4fe is bound to host instance
2026-03-04 02:28:05.061 10 INFO neutron.db.ovn_revision_numbers_db [None req-a826fef9-0a36-4117-958b-b3fdd616c529 2e9c84efc45143c7be5c3528d47a8353 188a8dd7f5284638b79840c5839ead85 - - default default] Successfully bumped revision number for resource b954f0fd-57df-4336-a94a-deca6b8abac7 (type: router_ports) to 1
2026-03-04 02:28:05.067 9 INFO neutron.plugins.ml2.plugin [None req-92c0e464-e21e-437f-bb49-1cdcdc62b54c - - - - - -] Attempt 1 to provision port b954f0fd-57df-4336-a94a-deca6b8abac7
2026-03-04 02:28:05.120 10 INFO neutron.db.ovn_revision_numbers_db [None req-a826fef9-0a36-4117-958b-b3fdd616c529 2e9c84efc45143c7be5c3528d47a8353 188a8dd7f5284638b79840c5839ead85 - - default default] Successfully bumped revision number for resource 9f1b9e33-b4d9-4ab0-9490-1079fe15f4fe (type: routers) to 2
2026-03-04 02:28:05.134 10 INFO neutron.wsgi [None req-a826fef9-0a36-4117-958b-b3fdd616c529 2e9c84efc45143c7be5c3528d47a8353 188a8dd7f5284638b79840c5839ead85 - - default default] 10.0.0.30 "POST /v2.0/routers HTTP/1.1" status: 201 len: 877 time: 1.2488480
2026-03-04 02:28:05.550 10 WARNING neutron.scheduler.dhcp_agent_scheduler [None req-d431108f-e442-4612-b38a-995afe6bb2d2 2e9c84efc45143c7be5c3528d47a8353 188a8dd7f5284638b79840c5839ead85 - - default default] No more DHCP agents
2026-03-04 02:28:05.551 10 WARNING neutron.api.rpc.agentnotifiers.dhcp_rpc_agent_api [None req-d431108f-e442-4612-b38a-995afe6bb2d2 2e9c84efc45143c7be5c3528d47a8353 188a8dd7f5284638b79840c5839ead85 - - default default] Unable to schedule network 6fca8f55-f0ca-4938-acd1-0eef77122350: no agents available; will retry on subsequent port and subnet creation events.
2026-03-04 02:28:05.581 9 INFO neutron.db.ovn_revision_numbers_db [None req-8feed29a-4fe5-4f0a-b02d-f74796502d7e - - - - - -] Successfully bumped revision number for resource b954f0fd-57df-4336-a94a-deca6b8abac7 (type: ports) to 1
2026-03-04 02:28:05.680 10 INFO neutron.db.ovn_revision_numbers_db [None req-d431108f-e442-4612-b38a-995afe6bb2d2 2e9c84efc45143c7be5c3528d47a8353 188a8dd7f5284638b79840c5839ead85 - - default default] Successfully bumped revision number for resource 0160ac6d-b536-4948-82d3-1e694b301bb2 (type: ports) to 1
2026-03-04 02:28:05.848 9 INFO neutron.db.ovn_revision_numbers_db [None req-8feed29a-4fe5-4f0a-b02d-f74796502d7e - - - - - -] Successfully bumped revision number for resource b954f0fd-57df-4336-a94a-deca6b8abac7 (type: router_ports) to 3
2026-03-04 02:28:05.976 9 INFO neutron.db.ovn_revision_numbers_db [None req-8feed29a-4fe5-4f0a-b02d-f74796502d7e - - - - - -] Successfully bumped revision number for resource b954f0fd-57df-4336-a94a-deca6b8abac7 (type: ports) to 2
2026-03-04 02:28:06.016 10 INFO neutron.plugins.ml2.drivers.ovn.mech_driver.mech_driver [None req-575fdd68-b365-41c0-9928-8a1fdfa9f95e - - - - - -] OVN reports status up for port: 0160ac6d-b536-4948-82d3-1e694b301bb2
2026-03-04 02:28:06.025 10 INFO neutron.plugins.ml2.plugin [None req-575fdd68-b365-41c0-9928-8a1fdfa9f95e - - - - - -] Attempt 1 to provision port 0160ac6d-b536-4948-82d3-1e694b301bb2
2026-03-04 02:28:06.036 10 INFO neutron.db.ovn_revision_numbers_db [None req-d431108f-e442-4612-b38a-995afe6bb2d2 2e9c84efc45143c7be5c3528d47a8353 188a8dd7f5284638b79840c5839ead85 - - default default] Successfully bumped revision number for resource 0160ac6d-b536-4948-82d3-1e694b301bb2 (type: router_ports) to 1
2026-03-04 02:28:06.197 10 INFO neutron.db.ovn_revision_numbers_db [None req-d431108f-e442-4612-b38a-995afe6bb2d2 2e9c84efc45143c7be5c3528d47a8353 188a8dd7f5284638b79840c5839ead85 - - default default] Successfully bumped revision number for resource 0160ac6d-b536-4948-82d3-1e694b301bb2 (type: ports) to 1
2026-03-04 02:28:06.219 9 INFO neutron.db.ovn_revision_numbers_db [None req-8feed29a-4fe5-4f0a-b02d-f74796502d7e - - - - - -] Successfully bumped revision number for resource b954f0fd-57df-4336-a94a-deca6b8abac7 (type: ports) to 4
2026-03-04 02:28:06.450 10 WARNING neutron.scheduler.dhcp_agent_scheduler [None req-d431108f-e442-4612-b38a-995afe6bb2d2 2e9c84efc45143c7be5c3528d47a8353 188a8dd7f5284638b79840c5839ead85 - - default default] No more DHCP agents
2026-03-04 02:28:06.452 10 WARNING neutron.api.rpc.agentnotifiers.dhcp_rpc_agent_api [None req-d431108f-e442-4612-b38a-995afe6bb2d2 2e9c84efc45143c7be5c3528d47a8353 188a8dd7f5284638b79840c5839ead85 - - default default] Unable to schedule network 6fca8f55-f0ca-4938-acd1-0eef77122350: no agents available; will retry on subsequent port and subnet creation events.
2026-03-04 02:28:06.471 9 INFO neutron.db.ovn_revision_numbers_db [None req-8feed29a-4fe5-4f0a-b02d-f74796502d7e - - - - - -] Successfully bumped revision number for resource b954f0fd-57df-4336-a94a-deca6b8abac7 (type: router_ports) to 4
2026-03-04 02:28:06.532 10 INFO neutron.db.ovn_revision_numbers_db [None req-575fdd68-b365-41c0-9928-8a1fdfa9f95e - - - - - -] Successfully bumped revision number for resource 0160ac6d-b536-4948-82d3-1e694b301bb2 (type: ports) to 2
2026-03-04 02:28:06.737 10 INFO neutron.db.ovn_revision_numbers_db [None req-575fdd68-b365-41c0-9928-8a1fdfa9f95e - - - - - -] Successfully bumped revision number for resource 0160ac6d-b536-4948-82d3-1e694b301bb2 (type: router_ports) to 2
2026-03-04 02:28:07.235 10 INFO neutron.db.ovn_revision_numbers_db [None req-d431108f-e442-4612-b38a-995afe6bb2d2 2e9c84efc45143c7be5c3528d47a8353 188a8dd7f5284638b79840c5839ead85 - - default default] Successfully bumped revision number for resource 0160ac6d-b536-4948-82d3-1e694b301bb2 (type: router_ports) to 2
2026-03-04 02:28:07.238 10 INFO neutron.wsgi [None req-d431108f-e442-4612-b38a-995afe6bb2d2 2e9c84efc45143c7be5c3528d47a8353 188a8dd7f5284638b79840c5839ead85 - - default default] 10.0.0.30 "PUT /v2.0/routers/9f1b9e33-b4d9-4ab0-9490-1079fe15f4fe/add_router_interface HTTP/1.1" status: 200 len: 503 time: 2.0986428
2026-03-04 02:28:07.409 9 INFO neutron.wsgi [req-b4d6ac5e-5d33-4fa2-999d-3ff26f8716db req-b091b07c-0a9e-40e8-8af9-852b41281546 0bb682022b2b47e4bae5c462e7477c95 3123c77e5de547d99dc5e2d39129b10d - - 116f49a716c34af294a835be3080f3ba 116f49a716c34af294a835be3080f3ba] 10.0.0.29 "GET /v2.0/ports?device_id=f1dda32d-0bf8-479f-bc36-a05099f15979 HTTP/1.1" status: 200 len: 1413 time: 0.0367510
2026-03-04 02:28:07.480 9 INFO neutron.wsgi [req-b4d6ac5e-5d33-4fa2-999d-3ff26f8716db req-f751e9c2-970b-4bfe-bb84-a0f465398cbe 0bb682022b2b47e4bae5c462e7477c95 3123c77e5de547d99dc5e2d39129b10d - - 116f49a716c34af294a835be3080f3ba 116f49a716c34af294a835be3080f3ba] 10.0.0.29 "GET /v2.0/security-groups?id=85f37663-f795-41c9-a702-3e6ce8dcbb19&fields=id&fields=name HTTP/1.1" status: 200 len: 312 time: 0.0658698
2026-03-04 02:28:08.071 9 INFO neutron.db.ovn_revision_numbers_db [None req-cc37c621-b695-496b-a4c8-6407d6bbd7b6 be6f40f945534f0886486ba3c894382a 45e68ab3e4d74f0f861254cbf3c5b49f - - default default] Successfully bumped revision number for resource 7505e0f7-a0f6-449a-88ee-10c7189c1386 (type: security_groups) to 1
2026-03-04 02:28:08.086 9 INFO neutron.db.ovn_revision_numbers_db [None req-cc37c621-b695-496b-a4c8-6407d6bbd7b6 be6f40f945534f0886486ba3c894382a 45e68ab3e4d74f0f861254cbf3c5b49f - - default default] Successfully bumped revision number for resource cd2c0b32-4474-4b47-ba16-0446dc782d3c (type: security_group_rules) to 0
2026-03-04 02:28:08.106 9 INFO neutron.db.ovn_revision_numbers_db [None req-cc37c621-b695-496b-a4c8-6407d6bbd7b6 be6f40f945534f0886486ba3c894382a 45e68ab3e4d74f0f861254cbf3c5b49f - - default default] Successfully bumped revision number for resource d1e909c3-9106-4656-8e36-69e12219f31d (type: security_group_rules) to 0
2026-03-04 02:28:08.131 9 INFO neutron.wsgi [None req-cc37c621-b695-496b-a4c8-6407d6bbd7b6 be6f40f945534f0886486ba3c894382a 45e68ab3e4d74f0f861254cbf3c5b49f - - default default] 10.0.0.30 "POST /v2.0/security-groups HTTP/1.1" status: 201 len: 1796 time: 0.1764879
2026-03-04 02:28:08.156 10 INFO neutron.wsgi [req-8a8808a0-01b7-4e7a-9bc3-ae29a6922c6d req-ccbee227-4e8b-481e-a612-9c6035fd3cc7 0bb682022b2b47e4bae5c462e7477c95 3123c77e5de547d99dc5e2d39129b10d - - 116f49a716c34af294a835be3080f3ba 116f49a716c34af294a835be3080f3ba] 162.253.55.52 "GET /v2.0/ports?device_id=f1dda32d-0bf8-479f-bc36-a05099f15979&fields=binding%3Ahost_id&fields=binding%3Avif_type HTTP/1.1" status: 200 len: 265 time: 0.0434494
2026-03-04 02:28:08.229 10 INFO neutron.wsgi [req-8a8808a0-01b7-4e7a-9bc3-ae29a6922c6d req-8cd17728-9a43-4d1b-a28b-d3d42d801c82 0bb682022b2b47e4bae5c462e7477c95 3123c77e5de547d99dc5e2d39129b10d - - 116f49a716c34af294a835be3080f3ba 116f49a716c34af294a835be3080f3ba] 162.253.55.52 "GET /v2.0/ports?tenant_id=730c8956e3354c10bac6027548043af9&device_id=f1dda32d-0bf8-479f-bc36-a05099f15979 HTTP/1.1" status: 200 len: 1413 time: 0.0351622
2026-03-04 02:28:08.263 9 INFO neutron.db.ovn_revision_numbers_db [None req-b9a20494-18a9-459e-885a-b406e52cfd2c be6f40f945534f0886486ba3c894382a 45e68ab3e4d74f0f861254cbf3c5b49f - - default default] Successfully bumped revision number for resource 02eaf6a1-4c2d-4a78-9301-8a93f97c5a19 (type: security_group_rules) to 0
2026-03-04 02:28:08.288 9 INFO neutron.wsgi [None req-b9a20494-18a9-459e-885a-b406e52cfd2c be6f40f945534f0886486ba3c894382a 45e68ab3e4d74f0f861254cbf3c5b49f - - default default] 10.0.0.30 "POST /v2.0/security-group-rules HTTP/1.1" status: 201 len: 764 time: 0.1500585
2026-03-04 02:28:08.333 10 INFO neutron.wsgi [req-8a8808a0-01b7-4e7a-9bc3-ae29a6922c6d req-54ef82db-512e-48f3-b0be-c2e7345c8627 0bb682022b2b47e4bae5c462e7477c95 3123c77e5de547d99dc5e2d39129b10d - - 116f49a716c34af294a835be3080f3ba 116f49a716c34af294a835be3080f3ba] 162.253.55.52 "GET /v2.0/networks?id=2698ebc3-3606-4b23-9eb5-95b0b966bbef HTTP/1.1" status: 200 len: 973 time: 0.0880742
2026-03-04 02:28:08.385 10 INFO neutron.wsgi [req-8a8808a0-01b7-4e7a-9bc3-ae29a6922c6d req-d3009072-7c58-462a-81a2-6e48c94fa90d 0bb682022b2b47e4bae5c462e7477c95 3123c77e5de547d99dc5e2d39129b10d - - 116f49a716c34af294a835be3080f3ba 116f49a716c34af294a835be3080f3ba] 162.253.55.52 "GET /v2.0/floatingips?fixed_ip_address=10.100.0.12&port_id=701f422e-23b5-4cd3-853f-d8ded20a1297 HTTP/1.1" status: 200 len: 1060 time: 0.0433209
2026-03-04 02:28:08.420 9 INFO neutron.db.ovn_revision_numbers_db [None req-2581f132-068f-4cc7-a02b-6cd270343994 be6f40f945534f0886486ba3c894382a 45e68ab3e4d74f0f861254cbf3c5b49f - - default default] Successfully bumped revision number for resource e2899ff8-24a8-4d4e-b09d-1b215def62eb (type: security_group_rules) to 0
2026-03-04 02:28:08.421 10 INFO neutron.wsgi [req-8a8808a0-01b7-4e7a-9bc3-ae29a6922c6d req-cfbdd796-ba58-4f52-95a7-c1ce18e54da9 0bb682022b2b47e4bae5c462e7477c95 3123c77e5de547d99dc5e2d39129b10d - - 116f49a716c34af294a835be3080f3ba 116f49a716c34af294a835be3080f3ba] 162.253.55.52 "GET /v2.0/subnets?id=15465460-f790-46f3-a2f0-633e784dcbf3 HTTP/1.1" status: 200 len: 868 time: 0.0288768
2026-03-04 02:28:08.447 9 INFO neutron.wsgi [None req-2581f132-068f-4cc7-a02b-6cd270343994 be6f40f945534f0886486ba3c894382a 45e68ab3e4d74f0f861254cbf3c5b49f - - default default] 10.0.0.30 "POST /v2.0/security-group-rules HTTP/1.1" status: 201 len: 769 time: 0.1487300
2026-03-04 02:28:08.450 10 INFO neutron.wsgi [req-8a8808a0-01b7-4e7a-9bc3-ae29a6922c6d req-1d57672b-669e-4471-b218-ce9fef367af8 0bb682022b2b47e4bae5c462e7477c95 3123c77e5de547d99dc5e2d39129b10d - - 116f49a716c34af294a835be3080f3ba 116f49a716c34af294a835be3080f3ba] 162.253.55.52 "GET /v2.0/ports?network_id=2698ebc3-3606-4b23-9eb5-95b0b966bbef&device_owner=network%3Adhcp HTTP/1.1" status: 200 len: 210 time: 0.0238245
2026-03-04 02:28:08.534 10 INFO neutron.wsgi [req-8a8808a0-01b7-4e7a-9bc3-ae29a6922c6d req-31dfa6c4-541f-43ce-8e2b-0bfe9b192a24 0bb682022b2b47e4bae5c462e7477c95 3123c77e5de547d99dc5e2d39129b10d - - 116f49a716c34af294a835be3080f3ba 116f49a716c34af294a835be3080f3ba] 162.253.55.52 "GET /v2.0/networks/2698ebc3-3606-4b23-9eb5-95b0b966bbef?fields=segments HTTP/1.1" status: 200 len: 212 time: 0.0754611
2026-03-04 02:28:08.613 10 INFO neutron.wsgi [req-8a8808a0-01b7-4e7a-9bc3-ae29a6922c6d req-58fe6fa6-1d57-4137-ae4d-577599f5c75e 0bb682022b2b47e4bae5c462e7477c95 3123c77e5de547d99dc5e2d39129b10d - - 116f49a716c34af294a835be3080f3ba 116f49a716c34af294a835be3080f3ba] 162.253.55.52 "GET /v2.0/networks/2698ebc3-3606-4b23-9eb5-95b0b966bbef?fields=provider%3Aphysical_network&fields=provider%3Anetwork_type HTTP/1.1" status: 200 len: 277 time: 0.0711272
2026-03-04 02:28:08.734 10 WARNING neutron.scheduler.dhcp_agent_scheduler [None req-189db9d5-68d5-4535-9e43-0e9bed863923 be6f40f945534f0886486ba3c894382a 45e68ab3e4d74f0f861254cbf3c5b49f - - default default] No more DHCP agents
2026-03-04 02:28:08.736 10 WARNING neutron.api.rpc.agentnotifiers.dhcp_rpc_agent_api [None req-189db9d5-68d5-4535-9e43-0e9bed863923 be6f40f945534f0886486ba3c894382a 45e68ab3e4d74f0f861254cbf3c5b49f - - default default] Unable to schedule network a1d31c68-8dc4-46b4-b8ed-cdcc896b677f: no agents available; will retry on subsequent port and subnet creation events.
2026-03-04 02:28:09.023 10 INFO neutron.db.ovn_revision_numbers_db [None req-189db9d5-68d5-4535-9e43-0e9bed863923 be6f40f945534f0886486ba3c894382a 45e68ab3e4d74f0f861254cbf3c5b49f - - default default] Successfully bumped revision number for resource 01c1dd05-4beb-41d7-83ca-f7a84e2d64bc (type: floatingips) to 0
2026-03-04 02:28:09.035 10 INFO neutron.wsgi [None req-189db9d5-68d5-4535-9e43-0e9bed863923 be6f40f945534f0886486ba3c894382a 45e68ab3e4d74f0f861254cbf3c5b49f - - default default] 10.0.0.30 "POST /v2.0/floatingips HTTP/1.1" status: 201 len: 751 time: 0.5834951
2026-03-04 02:28:09.175 9 INFO neutron.db.ovn_revision_numbers_db [None req-350150fc-e168-45e0-b394-21171f3371f5 2e9c84efc45143c7be5c3528d47a8353 188a8dd7f5284638b79840c5839ead85 - - default default] Successfully bumped revision number for resource 3d4d9b36-3624-4517-9180-3c091493b314 (type: security_groups) to 1
2026-03-04 02:28:09.187 9 INFO neutron.db.ovn_revision_numbers_db [None req-350150fc-e168-45e0-b394-21171f3371f5 2e9c84efc45143c7be5c3528d47a8353 188a8dd7f5284638b79840c5839ead85 - - default default] Successfully bumped revision number for resource 35718989-3262-451b-8e02-dcda2301d780 (type: security_group_rules) to 0
2026-03-04 02:28:09.199 9 INFO neutron.db.ovn_revision_numbers_db [None req-350150fc-e168-45e0-b394-21171f3371f5 2e9c84efc45143c7be5c3528d47a8353 188a8dd7f5284638b79840c5839ead85 - - default default] Successfully bumped revision number for resource 482a7fe4-16e2-452a-aafc-77b9c7be8c6a (type: security_group_rules) to 0
2026-03-04 02:28:09.211 9 INFO neutron.db.ovn_revision_numbers_db [None req-350150fc-e168-45e0-b394-21171f3371f5 2e9c84efc45143c7be5c3528d47a8353 188a8dd7f5284638b79840c5839ead85 - - default default] Successfully bumped revision number for resource c9d6e0ed-9e41-46c8-bbb9-a3347f303bba (type: security_group_rules) to 0
2026-03-04 02:28:09.225 9 INFO neutron.db.ovn_revision_numbers_db [None req-350150fc-e168-45e0-b394-21171f3371f5 2e9c84efc45143c7be5c3528d47a8353 188a8dd7f5284638b79840c5839ead85 - - default default] Successfully bumped revision number for resource e5a7cbe5-6e9f-4897-a7b6-628cce24f7d8 (type: security_group_rules) to 0
2026-03-04 02:28:09.248 9 INFO neutron.wsgi [None req-350150fc-e168-45e0-b394-21171f3371f5 2e9c84efc45143c7be5c3528d47a8353 188a8dd7f5284638b79840c5839ead85 - - default default] 10.0.0.30 "GET /v2.0/security-groups?tenant_id=92e796f033794c88bd5d1168e8162a5b&name=default HTTP/1.1" status: 200 len: 2996 time: 0.3251488
2026-03-04 02:28:09.423 9 INFO neutron.wsgi [None req-f3a5e915-86f1-450b-8719-c20bf18bac07 2e9c84efc45143c7be5c3528d47a8353 188a8dd7f5284638b79840c5839ead85 - - default default] 10.0.0.30 "DELETE /v2.0/security-groups/3d4d9b36-3624-4517-9180-3c091493b314 HTTP/1.1" status: 204 len: 168 time: 0.1699333
2026-03-04 02:28:09.504 10 INFO neutron.wsgi [req-d2c3fc9b-e1a9-49a6-a249-6398fbc87db6 req-ad90d1d2-0d1b-428e-bdff-502a41c30732 be6f40f945534f0886486ba3c894382a 45e68ab3e4d74f0f861254cbf3c5b49f - - default default] 10.0.0.129 "GET /v2.0/security-groups?name=tempest-securitygroup--720746347&fields=id&tenant_id=45e68ab3e4d74f0f861254cbf3c5b49f HTTP/1.1" status: 200 len: 267 time: 0.0317180
2026-03-04 02:28:09.592 10 INFO neutron.wsgi [req-d2c3fc9b-e1a9-49a6-a249-6398fbc87db6 req-cecf4a81-0e34-4a41-ab4e-0d0c45070eed be6f40f945534f0886486ba3c894382a 45e68ab3e4d74f0f861254cbf3c5b49f - - default default] 10.0.0.129 "GET /v2.0/networks?id=6fca8f55-f0ca-4938-acd1-0eef77122350 HTTP/1.1" status: 200 len: 875 time: 0.0807729
2026-03-04 02:28:09.617 10 INFO neutron.wsgi [req-d2c3fc9b-e1a9-49a6-a249-6398fbc87db6 req-996911f6-8c2b-4b05-965c-94e163b8817d be6f40f945534f0886486ba3c894382a 45e68ab3e4d74f0f861254cbf3c5b49f - - default default] 10.0.0.129 "GET /v2.0/quotas/45e68ab3e4d74f0f861254cbf3c5b49f HTTP/1.1" status: 200 len: 386 time: 0.0150297
2026-03-04 02:28:09.651 9 INFO neutron.wsgi [req-b01f9a44-3ab1-4fb3-8b35-2d3bccfcc7fa req-d07d5bbd-7dc3-4f86-a1dd-11a8fb43da22 49870926996d4ef6809c07b52d79cfe3 091977e5ddf64c1d86817f50a0b7fa87 - - default default] 10.0.0.129 "GET /v2.0/ports?device_id=65d11724-7cef-4633-9d68-7c01fe2c1c34 HTTP/1.1" status: 200 len: 1170 time: 0.0863619
2026-03-04 02:28:09.677 10 INFO neutron.db.ovn_revision_numbers_db [None req-52f5f2e2-3d6b-48e4-8f00-7e6ff40ae736 2e9c84efc45143c7be5c3528d47a8353 188a8dd7f5284638b79840c5839ead85 - - default default] Successfully bumped revision number for resource 4e049bf3-1ee6-4a64-b7a2-ae2d018d3a81 (type: security_groups) to 1
2026-03-04 02:28:09.697 10 INFO neutron.db.ovn_revision_numbers_db [None req-52f5f2e2-3d6b-48e4-8f00-7e6ff40ae736 2e9c84efc45143c7be5c3528d47a8353 188a8dd7f5284638b79840c5839ead85 - - default default] Successfully bumped revision number for resource 8ccc6e5f-e1c0-4c03-a1f0-b87e7e95e69d (type: security_group_rules) to 0
2026-03-04 02:28:09.719 10 INFO neutron.wsgi [req-d2c3fc9b-e1a9-49a6-a249-6398fbc87db6 req-ef1c51a7-97af-455d-b2d9-c5edca9ab120 be6f40f945534f0886486ba3c894382a 45e68ab3e4d74f0f861254cbf3c5b49f - - default default] 10.0.0.129 "GET /v2.0/ports?tenant_id=45e68ab3e4d74f0f861254cbf3c5b49f&fields=id HTTP/1.1" status: 200 len: 302 time: 0.0928588
2026-03-04 02:28:09.725 10 INFO neutron.db.ovn_revision_numbers_db [None req-52f5f2e2-3d6b-48e4-8f00-7e6ff40ae736 2e9c84efc45143c7be5c3528d47a8353 188a8dd7f5284638b79840c5839ead85 - - default default] Successfully bumped revision number for resource a3133274-31c0-4ff4-a9ea-8bf24e5906cb (type: security_group_rules) to 0
2026-03-04 02:28:09.726 9 INFO neutron.wsgi [req-ca10e804-4184-4f78-bc48-a01150d65983 req-9cd482ca-1874-4b86-ab97-380a4f2b4743 49870926996d4ef6809c07b52d79cfe3 091977e5ddf64c1d86817f50a0b7fa87 - - default default] 10.0.0.129 "GET /v2.0/ports/2b05155a-1500-476d-b189-0c99a233154c HTTP/1.1" status: 200 len: 1167 time: 0.0289192
2026-03-04 02:28:09.743 10 INFO neutron.db.ovn_revision_numbers_db [None req-52f5f2e2-3d6b-48e4-8f00-7e6ff40ae736 2e9c84efc45143c7be5c3528d47a8353 188a8dd7f5284638b79840c5839ead85 - - default default] Successfully bumped revision number for resource fbe84489-a5ef-4a20-8847-59c6ee16daba (type: security_group_rules) to 0
2026-03-04 02:28:09.772 10 INFO neutron.db.ovn_revision_numbers_db [None req-52f5f2e2-3d6b-48e4-8f00-7e6ff40ae736 2e9c84efc45143c7be5c3528d47a8353 188a8dd7f5284638b79840c5839ead85 - - default default] Successfully bumped revision number for resource fe7cd9f2-c388-4096-b8c7-0b7a0da37d9a (type: security_group_rules) to 0
2026-03-04 02:28:09.802 10 INFO neutron.wsgi [req-d2c3fc9b-e1a9-49a6-a249-6398fbc87db6 req-5928cf0a-1d3b-4eeb-b965-73a1a494bedf 0bb682022b2b47e4bae5c462e7477c95 3123c77e5de547d99dc5e2d39129b10d - - 116f49a716c34af294a835be3080f3ba 116f49a716c34af294a835be3080f3ba] 10.0.0.129 "GET /v2.0/networks/6fca8f55-f0ca-4938-acd1-0eef77122350?fields=segments HTTP/1.1" status: 200 len: 212 time: 0.0681226
2026-03-04 02:28:09.804 10 INFO neutron.wsgi [None req-52f5f2e2-3d6b-48e4-8f00-7e6ff40ae736 2e9c84efc45143c7be5c3528d47a8353 188a8dd7f5284638b79840c5839ead85 - - default default] 10.0.0.30 "GET /v2.0/security-groups?tenant_id=c2238f84a74747c1897fc4ef17ef5d61&name=default HTTP/1.1" status: 200 len: 2996 time: 0.2823243
2026-03-04 02:28:09.893 10 INFO neutron.wsgi [req-d1a37173-04cc-44f1-a939-d18c81535e61 req-4f86868c-0936-4e96-833b-8b4f00f752be 49870926996d4ef6809c07b52d79cfe3 091977e5ddf64c1d86817f50a0b7fa87 - - default default] 162.253.55.52 "GET /v2.0/subnets?network_id=7f5552ff-4fd7-4e2a-983b-fec2b7bf0310 HTTP/1.1" status: 200 len: 859 time: 0.0541162
2026-03-04 02:28:09.895 10 INFO neutron.wsgi [req-d2c3fc9b-e1a9-49a6-a249-6398fbc87db6 req-34012209-569a-4462-86f6-3c4b70e0b735 0bb682022b2b47e4bae5c462e7477c95 3123c77e5de547d99dc5e2d39129b10d - - 116f49a716c34af294a835be3080f3ba 116f49a716c34af294a835be3080f3ba] 10.0.0.129 "GET /v2.0/networks/6fca8f55-f0ca-4938-acd1-0eef77122350?fields=provider%3Aphysical_network&fields=provider%3Anetwork_type HTTP/1.1" status: 200 len: 277 time: 0.0872955
2026-03-04 02:28:09.979 10 INFO neutron.wsgi [req-d1a37173-04cc-44f1-a939-d18c81535e61 req-27902ce1-2232-40bc-afaa-3d8df02b094f 49870926996d4ef6809c07b52d79cfe3 091977e5ddf64c1d86817f50a0b7fa87 - - default default] 162.253.55.52 "GET /v2.0/ports?device_id=65d11724-7cef-4633-9d68-7c01fe2c1c34&device_owner=compute%3Anova&network_id=7f5552ff-4fd7-4e2a-983b-fec2b7bf0310 HTTP/1.1" status: 200 len: 1170 time: 0.0821683
2026-03-04 02:28:10.010 9 INFO neutron.wsgi [None req-2b1305f5-da5d-4f7c-88fb-9a6e2ec6329f 2e9c84efc45143c7be5c3528d47a8353 188a8dd7f5284638b79840c5839ead85 - - default default] 10.0.0.30 "DELETE /v2.0/security-groups/4e049bf3-1ee6-4a64-b7a2-ae2d018d3a81 HTTP/1.1" status: 204 len: 168 time: 0.2012343
2026-03-04 02:28:10.230 9 INFO neutron.wsgi [req-b8d53427-a8e5-4c8d-9664-b4d3dcce042a req-4266b47e-d0b5-47f4-8cbc-0445426f1204 be6f40f945534f0886486ba3c894382a 45e68ab3e4d74f0f861254cbf3c5b49f - - default default] 10.0.0.129 "GET /v2.0/ports?device_id=e09383cc-d641-483e-8787-8369570599c1 HTTP/1.1" status: 200 len: 210 time: 0.1885445
2026-03-04 02:28:10.537 10 INFO neutron.db.ovn_revision_numbers_db [req-d1a37173-04cc-44f1-a939-d18c81535e61 req-a8c35931-456f-4732-a621-93523d0b5707 49870926996d4ef6809c07b52d79cfe3 091977e5ddf64c1d86817f50a0b7fa87 - - default default] Successfully bumped revision number for resource 2b05155a-1500-476d-b189-0c99a233154c (type: ports) to 5
