2026-03-04 02:29:48.577 10 INFO neutron.db.ovn_revision_numbers_db [None req-0ed3afac-0d7d-4c98-83f5-351f4ec199a2 4f41dd0dbc044fd28c12605e87fbddaf 60068899f4024a1caa71d7d4b61161fa - - default default] Successfully bumped revision number for resource d048d665-23f5-414f-ae7f-7bae44091a5a (type: ports) to 1
2026-03-04 02:29:48.825 10 INFO neutron.services.segments.plugin [-] Segment a59dbdd2-f45b-4dbf-b613-a34d37912ebe resource provider aggregate not found
2026-03-04 02:29:48.829 10 INFO neutron.services.segments.plugin [-] Segment a59dbdd2-f45b-4dbf-b613-a34d37912ebe resource provider aggregate not found
2026-03-04 02:29:48.852 10 INFO neutron.services.segments.plugin [-] Segment a59dbdd2-f45b-4dbf-b613-a34d37912ebe resource provider not found; error: Placement Client Error (4xx): {"errors": [{"status": 404, "title": "Not Found", "detail": "The resource could not be found.\n\n No resource provider with uuid a59dbdd2-f45b-4dbf-b613-a34d37912ebe found for delete ", "request_id": "req-41e8cb05-ee04-4bba-a632-d9cb0d1dc3d0"}]}
2026-03-04 02:29:48.860 10 INFO neutron.services.segments.plugin [-] Segment a59dbdd2-f45b-4dbf-b613-a34d37912ebe resource provider not found; error: Placement Client Error (4xx): {"errors": [{"status": 404, "title": "Not Found", "detail": "The resource could not be found.\n\n No resource provider with uuid a59dbdd2-f45b-4dbf-b613-a34d37912ebe found for delete ", "request_id": "req-0c45900b-08bf-4888-bfeb-7bbcfb1dcf70"}]}
2026-03-04 02:29:48.910 10 INFO neutron.wsgi [None req-9b479833-e924-4b98-85f5-2e1a721bd68c 70b1d3f4fa394de8a17f36aac201529b f50c4b2bb81e4fa8a88baeff8f533325 - - default default] 10.0.0.30 "DELETE /v2.0/networks/a21f3d49-3290-46df-a6cf-edf9183b661e HTTP/1.1" status: 204 len: 168 time: 0.5498788
2026-03-04 02:29:49.212 10 INFO neutron.db.ovn_revision_numbers_db [None req-0ed3afac-0d7d-4c98-83f5-351f4ec199a2 4f41dd0dbc044fd28c12605e87fbddaf 60068899f4024a1caa71d7d4b61161fa - - default default] Successfully bumped revision number for resource d048d665-23f5-414f-ae7f-7bae44091a5a (type: router_ports) to 1
2026-03-04 02:29:49.242 9 INFO neutron.wsgi [None req-a2ff85be-6357-4797-9b2f-fe5700cda11d 70b1d3f4fa394de8a17f36aac201529b f50c4b2bb81e4fa8a88baeff8f533325 - - default default] 10.0.0.30 "DELETE /v2.0/networks/3dae57ba-496b-4b5f-a9d6-6a6c6c355d40 HTTP/1.1" status: 204 len: 168 time: 0.3261178
2026-03-04 02:29:49.290 10 INFO neutron.db.ovn_revision_numbers_db [None req-0ed3afac-0d7d-4c98-83f5-351f4ec199a2 4f41dd0dbc044fd28c12605e87fbddaf 60068899f4024a1caa71d7d4b61161fa - - default default] Successfully bumped revision number for resource 30ad65f2-74cc-4326-9b15-b04b8ceba7af (type: routers) to 2
2026-03-04 02:29:49.304 10 INFO neutron.wsgi [None req-0ed3afac-0d7d-4c98-83f5-351f4ec199a2 4f41dd0dbc044fd28c12605e87fbddaf 60068899f4024a1caa71d7d4b61161fa - - default default] 10.0.0.30 "POST /v2.0/routers HTTP/1.1" status: 201 len: 872 time: 1.5540977
2026-03-04 02:29:49.369 10 INFO neutron.wsgi [None req-65e2aa37-e381-4b51-8b2b-f0c5fcfc8cc2 4f41dd0dbc044fd28c12605e87fbddaf 60068899f4024a1caa71d7d4b61161fa - - default default] 10.0.0.30 "GET /v2.0/routers/30ad65f2-74cc-4326-9b15-b04b8ceba7af HTTP/1.1" status: 200 len: 873 time: 0.0616400
2026-03-04 02:29:49.467 10 INFO neutron.wsgi [None req-cf2e7802-ddc5-4df1-b117-ca5ec4d34606 4f41dd0dbc044fd28c12605e87fbddaf 60068899f4024a1caa71d7d4b61161fa - - default default] 10.0.0.30 "GET /v2.0/routers HTTP/1.1" status: 200 len: 876 time: 0.0940869
2026-03-04 02:29:49.578 9 INFO neutron.wsgi [None req-a055ed90-e089-4eaf-bf0b-5e9997514200 70b1d3f4fa394de8a17f36aac201529b f50c4b2bb81e4fa8a88baeff8f533325 - - default default] 10.0.0.30 "DELETE /v2.0/networks/10a7c7dc-1bee-4f3d-b7a7-a56bb9285b79 HTTP/1.1" status: 204 len: 168 time: 0.3287771
2026-03-04 02:29:49.918 9 INFO neutron.services.segments.plugin [-] Segment 3edf1f4b-0c03-4c0f-a93e-47e09bcd2dfc resource provider aggregate not found
2026-03-04 02:29:49.924 9 INFO neutron.services.segments.plugin [-] Segment 3edf1f4b-0c03-4c0f-a93e-47e09bcd2dfc resource provider aggregate not found
2026-03-04 02:29:49.932 9 INFO neutron.services.segments.plugin [-] Segment 3edf1f4b-0c03-4c0f-a93e-47e09bcd2dfc resource provider not found; error: Placement Client Error (4xx): {"errors": [{"status": 404, "title": "Not Found", "detail": "The resource could not be found.\n\n No resource provider with uuid 3edf1f4b-0c03-4c0f-a93e-47e09bcd2dfc found for delete ", "request_id": "req-170de515-c9c9-4566-ae63-157813503a3a"}]}
2026-03-04 02:29:49.940 9 INFO neutron.services.segments.plugin [-] Segment 3edf1f4b-0c03-4c0f-a93e-47e09bcd2dfc resource provider not found; error: Placement Client Error (4xx): {"errors": [{"status": 404, "title": "Not Found", "detail": "The resource could not be found.\n\n No resource provider with uuid 3edf1f4b-0c03-4c0f-a93e-47e09bcd2dfc found for delete ", "request_id": "req-a93ba58b-5c18-461f-9260-31913c0ae769"}]}
2026-03-04 02:29:49.946 9 INFO neutron.services.segments.plugin [-] Segment c8456e8b-4b0c-4f06-95f4-c6081ea09136 resource provider aggregate not found
2026-03-04 02:29:49.953 9 INFO neutron.services.segments.plugin [-] Segment c8456e8b-4b0c-4f06-95f4-c6081ea09136 resource provider aggregate not found
2026-03-04 02:29:49.959 9 INFO neutron.services.segments.plugin [-] Segment c8456e8b-4b0c-4f06-95f4-c6081ea09136 resource provider not found; error: Placement Client Error (4xx): {"errors": [{"status": 404, "title": "Not Found", "detail": "The resource could not be found.\n\n No resource provider with uuid c8456e8b-4b0c-4f06-95f4-c6081ea09136 found for delete ", "request_id": "req-9033eaac-7937-4e52-b17a-f9ca3e1f1806"}]}
2026-03-04 02:29:49.966 9 INFO neutron.services.segments.plugin [-] Segment c8456e8b-4b0c-4f06-95f4-c6081ea09136 resource provider not found; error: Placement Client Error (4xx): {"errors": [{"status": 404, "title": "Not Found", "detail": "The resource could not be found.\n\n No resource provider with uuid c8456e8b-4b0c-4f06-95f4-c6081ea09136 found for delete ", "request_id": "req-134241da-3cac-43e6-a17f-0bb95b493951"}]}
2026-03-04 02:29:49.982 9 INFO neutron.services.segments.plugin [-] Segment 7f97d945-e879-487a-ab7b-9ec25fa6d168 resource provider aggregate not found
2026-03-04 02:29:50.004 9 INFO neutron.services.segments.plugin [-] Segment 7f97d945-e879-487a-ab7b-9ec25fa6d168 resource provider not found; error: Placement Client Error (4xx): {"errors": [{"status": 404, "title": "Not Found", "detail": "The resource could not be found.\n\n No resource provider with uuid 7f97d945-e879-487a-ab7b-9ec25fa6d168 found for delete ", "request_id": "req-f914123f-24ae-4adb-9d39-b12cc05ffd10"}]}
2026-03-04 02:29:50.007 9 INFO neutron.services.segments.plugin [-] Segment 7f97d945-e879-487a-ab7b-9ec25fa6d168 resource provider aggregate not found
2026-03-04 02:29:50.036 9 INFO neutron.services.segments.plugin [-] Segment 7f97d945-e879-487a-ab7b-9ec25fa6d168 resource provider not found; error: Placement Client Error (4xx): {"errors": [{"status": 404, "title": "Not Found", "detail": "The resource could not be found.\n\n No resource provider with uuid 7f97d945-e879-487a-ab7b-9ec25fa6d168 found for delete ", "request_id": "req-914aa725-3234-44c3-b5dc-035de8d855aa"}]}
2026-03-04 02:29:50.175 10 INFO neutron.db.ovn_revision_numbers_db [None req-9178ffd4-d3c3-46e6-b48d-c9829af2c6fc 4f41dd0dbc044fd28c12605e87fbddaf 60068899f4024a1caa71d7d4b61161fa - - default default] Successfully bumped revision number for resource 30ad65f2-74cc-4326-9b15-b04b8ceba7af (type: routers) to 3
2026-03-04 02:29:50.181 10 INFO neutron.wsgi [None req-9178ffd4-d3c3-46e6-b48d-c9829af2c6fc 4f41dd0dbc044fd28c12605e87fbddaf 60068899f4024a1caa71d7d4b61161fa - - default default] 10.0.0.30 "PUT /v2.0/routers/30ad65f2-74cc-4326-9b15-b04b8ceba7af HTTP/1.1" status: 200 len: 880 time: 0.7079294
2026-03-04 02:29:50.257 10 INFO neutron.wsgi [None req-043c692b-9999-4e6e-9b97-631ad32ad071 4f41dd0dbc044fd28c12605e87fbddaf 60068899f4024a1caa71d7d4b61161fa - - default default] 10.0.0.30 "GET /v2.0/routers/30ad65f2-74cc-4326-9b15-b04b8ceba7af HTTP/1.1" status: 200 len: 880 time: 0.0729716
2026-03-04 02:29:50.279 10 INFO neutron.wsgi [None req-0d2c25ee-d270-410d-9e91-61e73abbdcbc 4f41dd0dbc044fd28c12605e87fbddaf 60068899f4024a1caa71d7d4b61161fa - - default default] 10.0.0.30 "GET /v2.0/ports?device_id=30ad65f2-74cc-4326-9b15-b04b8ceba7af HTTP/1.1" status: 200 len: 205 time: 0.0165668
2026-03-04 02:29:50.710 9 WARNING neutron.plugins.ml2.drivers.ovn.mech_driver.ovsdb.ovn_client [None req-92c0e464-e21e-437f-bb49-1cdcdc62b54c - - - - - -] No port found with ID e5d51415-8cdd-4b9c-ab93-1676e2035622: RuntimeError: No port found with ID e5d51415-8cdd-4b9c-ab93-1676e2035622
2026-03-04 02:29:50.710 9 INFO neutron.plugins.ml2.drivers.ovn.mech_driver.mech_driver [None req-92c0e464-e21e-437f-bb49-1cdcdc62b54c - - - - - -] OVN reports status up for port: d048d665-23f5-414f-ae7f-7bae44091a5a
2026-03-04 02:29:50.724 9 INFO neutron.plugins.ml2.plugin [None req-92c0e464-e21e-437f-bb49-1cdcdc62b54c - - - - - -] Attempt 1 to provision port d048d665-23f5-414f-ae7f-7bae44091a5a
2026-03-04 02:29:50.758 10 INFO neutron.db.ovn_revision_numbers_db [None req-1cf944ac-dd12-4eb1-8ec6-030a2c5cd2ee 2e9c84efc45143c7be5c3528d47a8353 188a8dd7f5284638b79840c5839ead85 - - default default] Successfully bumped revision number for resource 3644a0d3-8f74-4ea9-9591-836648ac229f (type: security_groups) to 1
2026-03-04 02:29:50.777 10 INFO neutron.db.ovn_revision_numbers_db [None req-1cf944ac-dd12-4eb1-8ec6-030a2c5cd2ee 2e9c84efc45143c7be5c3528d47a8353 188a8dd7f5284638b79840c5839ead85 - - default default] Successfully bumped revision number for resource 51a65bcf-2f92-4b17-9556-6b34f80a6a7e (type: security_group_rules) to 0
2026-03-04 02:29:50.795 10 INFO neutron.db.ovn_revision_numbers_db [None req-1cf944ac-dd12-4eb1-8ec6-030a2c5cd2ee 2e9c84efc45143c7be5c3528d47a8353 188a8dd7f5284638b79840c5839ead85 - - default default] Successfully bumped revision number for resource 892b664e-34ad-4a18-8adb-a46f8d4ea2af (type: security_group_rules) to 0
2026-03-04 02:29:50.812 10 INFO neutron.db.ovn_revision_numbers_db [None req-1cf944ac-dd12-4eb1-8ec6-030a2c5cd2ee 2e9c84efc45143c7be5c3528d47a8353 188a8dd7f5284638b79840c5839ead85 - - default default] Successfully bumped revision number for resource abcf6104-d32d-4dd4-a70c-6e9242e8612a (type: security_group_rules) to 0
2026-03-04 02:29:50.828 10 INFO neutron.db.ovn_revision_numbers_db [None req-1cf944ac-dd12-4eb1-8ec6-030a2c5cd2ee 2e9c84efc45143c7be5c3528d47a8353 188a8dd7f5284638b79840c5839ead85 - - default default] Successfully bumped revision number for resource c0bddaaf-b7ea-4380-bd5f-0aba4274791d (type: security_group_rules) to 0
2026-03-04 02:29:50.867 10 INFO neutron.wsgi [None req-1cf944ac-dd12-4eb1-8ec6-030a2c5cd2ee 2e9c84efc45143c7be5c3528d47a8353 188a8dd7f5284638b79840c5839ead85 - - default default] 10.0.0.30 "GET /v2.0/security-groups?tenant_id=92556a2881c943129ce7c146d9876156&name=default HTTP/1.1" status: 200 len: 2996 time: 0.4281523
2026-03-04 02:29:50.869 10 INFO neutron.services.segments.plugin [-] Segment 829a7373-9c50-43f9-8c8e-a7fd6396b3c3 resource provider aggregate not found
2026-03-04 02:29:50.885 10 INFO neutron.services.segments.plugin [-] Segment 829a7373-9c50-43f9-8c8e-a7fd6396b3c3 resource provider not found; error: Placement Client Error (4xx): {"errors": [{"status": 404, "title": "Not Found", "detail": "The resource could not be found.\n\n No resource provider with uuid 829a7373-9c50-43f9-8c8e-a7fd6396b3c3 found for delete ", "request_id": "req-d4516e8d-ed8b-4e9b-8ae1-4517597578cc"}]}
2026-03-04 02:29:50.886 10 INFO neutron.services.segments.plugin [-] Segment 829a7373-9c50-43f9-8c8e-a7fd6396b3c3 resource provider aggregate not found
2026-03-04 02:29:50.908 10 INFO neutron.services.segments.plugin [-] Segment 829a7373-9c50-43f9-8c8e-a7fd6396b3c3 resource provider not found; error: Placement Client Error (4xx): {"errors": [{"status": 404, "title": "Not Found", "detail": "The resource could not be found.\n\n No resource provider with uuid 829a7373-9c50-43f9-8c8e-a7fd6396b3c3 found for delete ", "request_id": "req-c1de17dd-960f-4bac-a3b0-604ef42b17be"}]}
2026-03-04 02:29:51.151 9 INFO neutron.wsgi [None req-e1269be7-3721-46df-a32a-e5316c908809 2e9c84efc45143c7be5c3528d47a8353 188a8dd7f5284638b79840c5839ead85 - - default default] 10.0.0.30 "DELETE /v2.0/security-groups/3644a0d3-8f74-4ea9-9591-836648ac229f HTTP/1.1" status: 204 len: 168 time: 0.2793219
2026-03-04 02:29:51.171 9 INFO neutron.wsgi [None req-be537796-063f-49ce-8278-f18adff957d3 4f41dd0dbc044fd28c12605e87fbddaf 60068899f4024a1caa71d7d4b61161fa - - default default] 10.0.0.30 "DELETE /v2.0/routers/30ad65f2-74cc-4326-9b15-b04b8ceba7af HTTP/1.1" status: 204 len: 168 time: 0.8849757
2026-03-04 02:29:51.199 9 INFO neutron.wsgi [None req-69555baa-969a-4a7d-b2c6-9240a5e0a199 4f41dd0dbc044fd28c12605e87fbddaf 60068899f4024a1caa71d7d4b61161fa - - default default] 10.0.0.30 "GET /v2.0/ports?device_id=30ad65f2-74cc-4326-9b15-b04b8ceba7af HTTP/1.1" status: 200 len: 205 time: 0.0216134
2026-03-04 02:29:51.221 9 INFO neutron.api.v2.resource [None req-5ede1598-30a6-4db7-b1bb-73b1ba0e89a0 4f41dd0dbc044fd28c12605e87fbddaf 60068899f4024a1caa71d7d4b61161fa - - default default] delete failed (client error): The resource could not be found.
2026-03-04 02:29:51.222 9 INFO neutron.wsgi [None req-5ede1598-30a6-4db7-b1bb-73b1ba0e89a0 4f41dd0dbc044fd28c12605e87fbddaf 60068899f4024a1caa71d7d4b61161fa - - default default] 10.0.0.30 "DELETE /v2.0/routers/30ad65f2-74cc-4326-9b15-b04b8ceba7af HTTP/1.1" status: 404 len: 336 time: 0.0185432
2026-03-04 02:29:51.243 9 INFO neutron.wsgi [None req-3cc876aa-bb1d-47e4-8103-a3e38db7356f 4f41dd0dbc044fd28c12605e87fbddaf 60068899f4024a1caa71d7d4b61161fa - - default default] 10.0.0.30 "GET /v2.0/ports?device_id=8721fcb8-4bbd-4950-9e0c-9ccb3c436fd8 HTTP/1.1" status: 200 len: 205 time: 0.0176289
2026-03-04 02:29:51.267 9 INFO neutron.api.v2.resource [None req-0e96b057-32f6-48a5-90bb-9358c91bb606 4f41dd0dbc044fd28c12605e87fbddaf 60068899f4024a1caa71d7d4b61161fa - - default default] delete failed (client error): The resource could not be found.
2026-03-04 02:29:51.268 9 INFO neutron.wsgi [None req-0e96b057-32f6-48a5-90bb-9358c91bb606 4f41dd0dbc044fd28c12605e87fbddaf 60068899f4024a1caa71d7d4b61161fa - - default default] 10.0.0.30 "DELETE /v2.0/routers/8721fcb8-4bbd-4950-9e0c-9ccb3c436fd8 HTTP/1.1" status: 404 len: 336 time: 0.0201545
2026-03-04 02:29:51.294 9 INFO neutron.pecan_wsgi.hooks.translation [None req-3ebbb39e-ebdc-4555-a1d8-d9bbc6610472 4f41dd0dbc044fd28c12605e87fbddaf 60068899f4024a1caa71d7d4b61161fa - - default default] DELETE failed (client error): The resource could not be found.
2026-03-04 02:29:51.296 9 INFO neutron.wsgi [None req-3ebbb39e-ebdc-4555-a1d8-d9bbc6610472 4f41dd0dbc044fd28c12605e87fbddaf 60068899f4024a1caa71d7d4b61161fa - - default default] 10.0.0.30 "DELETE /v2.0/subnets/b15b4c4e-1255-4266-bbc5-b3396ec7c8d1 HTTP/1.1" status: 404 len: 337 time: 0.0245225
2026-03-04 02:29:51.323 9 INFO neutron.wsgi [None req-43a9c34d-5c10-4db3-a1fb-ee4896a9f1ba 4f41dd0dbc044fd28c12605e87fbddaf 60068899f4024a1caa71d7d4b61161fa - - default default] 10.0.0.30 "GET /v2.0/ports?device_id=0d74714a-3ee9-45bf-a911-d6b6eb2a0913 HTTP/1.1" status: 200 len: 205 time: 0.0198922
2026-03-04 02:29:51.349 9 INFO neutron.api.v2.resource [None req-3fa37ef1-0578-4de8-acf9-fc7ab12eacf8 4f41dd0dbc044fd28c12605e87fbddaf 60068899f4024a1caa71d7d4b61161fa - - default default] delete failed (client error): The resource could not be found.
2026-03-04 02:29:51.350 9 INFO neutron.wsgi [None req-3fa37ef1-0578-4de8-acf9-fc7ab12eacf8 4f41dd0dbc044fd28c12605e87fbddaf 60068899f4024a1caa71d7d4b61161fa - - default default] 10.0.0.30 "DELETE /v2.0/routers/0d74714a-3ee9-45bf-a911-d6b6eb2a0913 HTTP/1.1" status: 404 len: 336 time: 0.0228498
2026-03-04 02:29:51.366 9 INFO neutron.pecan_wsgi.hooks.translation [None req-5b8355a0-1569-4c2b-a2eb-48cab139dc87 4f41dd0dbc044fd28c12605e87fbddaf 60068899f4024a1caa71d7d4b61161fa - - default default] DELETE failed (client error): The resource could not be found.
2026-03-04 02:29:51.369 9 INFO neutron.wsgi [None req-5b8355a0-1569-4c2b-a2eb-48cab139dc87 4f41dd0dbc044fd28c12605e87fbddaf 60068899f4024a1caa71d7d4b61161fa - - default default] 10.0.0.30 "DELETE /v2.0/subnets/ec3ae1d3-0eff-4333-bc00-6fdd988f9a99 HTTP/1.1" status: 404 len: 337 time: 0.0158825
2026-03-04 02:29:51.394 10 INFO neutron.wsgi [None req-d6a0cda2-3072-4ff6-b0ed-d64178a6e4ee 4f41dd0dbc044fd28c12605e87fbddaf 60068899f4024a1caa71d7d4b61161fa - - default default] 10.0.0.30 "GET /v2.0/ports?device_id=b181186f-d8e7-434d-a36a-c9a6d11e9704 HTTP/1.1" status: 200 len: 205 time: 0.0213239
2026-03-04 02:29:51.422 9 INFO neutron.api.v2.resource [None req-e809001b-a3f7-4664-98d1-07a47622aad6 4f41dd0dbc044fd28c12605e87fbddaf 60068899f4024a1caa71d7d4b61161fa - - default default] delete failed (client error): The resource could not be found.
2026-03-04 02:29:51.423 9 INFO neutron.wsgi [None req-e809001b-a3f7-4664-98d1-07a47622aad6 4f41dd0dbc044fd28c12605e87fbddaf 60068899f4024a1caa71d7d4b61161fa - - default default] 10.0.0.30 "DELETE /v2.0/routers/b181186f-d8e7-434d-a36a-c9a6d11e9704 HTTP/1.1" status: 404 len: 336 time: 0.0243540
2026-03-04 02:29:51.442 9 INFO neutron.pecan_wsgi.hooks.translation [None req-00caf223-3cb4-430e-bb13-bfac0957fde0 4f41dd0dbc044fd28c12605e87fbddaf 60068899f4024a1caa71d7d4b61161fa - - default default] DELETE failed (client error): The resource could not be found.
2026-03-04 02:29:51.445 9 INFO neutron.wsgi [None req-00caf223-3cb4-430e-bb13-bfac0957fde0 4f41dd0dbc044fd28c12605e87fbddaf 60068899f4024a1caa71d7d4b61161fa - - default default] 10.0.0.30 "DELETE /v2.0/subnets/809bb19b-a19d-47d4-b36d-fb17615210dc HTTP/1.1" status: 404 len: 337 time: 0.0168560
2026-03-04 02:29:51.470 10 INFO neutron.pecan_wsgi.hooks.translation [None req-cb0d188c-aac8-4ae2-bc71-fcb75bc257a9 4f41dd0dbc044fd28c12605e87fbddaf 60068899f4024a1caa71d7d4b61161fa - - default default] DELETE failed (client error): The resource could not be found.
2026-03-04 02:29:51.473 10 INFO neutron.wsgi [None req-cb0d188c-aac8-4ae2-bc71-fcb75bc257a9 4f41dd0dbc044fd28c12605e87fbddaf 60068899f4024a1caa71d7d4b61161fa - - default default] 10.0.0.30 "DELETE /v2.0/subnets/b008d716-9115-47a8-81c0-e38fd45c9654 HTTP/1.1" status: 404 len: 337 time: 0.0227044
2026-03-04 02:29:51.481 10 INFO neutron.db.ovn_revision_numbers_db [None req-2f3e13bb-f6b9-4f6d-b614-4dc44b558e43 2e9c84efc45143c7be5c3528d47a8353 188a8dd7f5284638b79840c5839ead85 - - default default] Successfully bumped revision number for resource 766efc4e-f458-4acd-af7b-c4ce9d5fe775 (type: security_groups) to 1
2026-03-04 02:29:51.491 10 INFO neutron.db.ovn_revision_numbers_db [None req-2f3e13bb-f6b9-4f6d-b614-4dc44b558e43 2e9c84efc45143c7be5c3528d47a8353 188a8dd7f5284638b79840c5839ead85 - - default default] Successfully bumped revision number for resource 11b2741e-e26a-4ebf-9296-fb1f2049515a (type: security_group_rules) to 0
2026-03-04 02:29:51.503 10 INFO neutron.db.ovn_revision_numbers_db [None req-2f3e13bb-f6b9-4f6d-b614-4dc44b558e43 2e9c84efc45143c7be5c3528d47a8353 188a8dd7f5284638b79840c5839ead85 - - default default] Successfully bumped revision number for resource d0d89a1e-be96-4484-8e99-b177e0e85674 (type: security_group_rules) to 0
2026-03-04 02:29:51.517 10 INFO neutron.db.ovn_revision_numbers_db [None req-2f3e13bb-f6b9-4f6d-b614-4dc44b558e43 2e9c84efc45143c7be5c3528d47a8353 188a8dd7f5284638b79840c5839ead85 - - default default] Successfully bumped revision number for resource f1f345b9-ae60-42d9-9ad8-31e51e1b4984 (type: security_group_rules) to 0
2026-03-04 02:29:51.528 10 INFO neutron.db.ovn_revision_numbers_db [None req-2f3e13bb-f6b9-4f6d-b614-4dc44b558e43 2e9c84efc45143c7be5c3528d47a8353 188a8dd7f5284638b79840c5839ead85 - - default default] Successfully bumped revision number for resource f60c0f0c-7984-41fb-bf37-404d251bec46 (type: security_group_rules) to 0
2026-03-04 02:29:51.536 9 INFO neutron.db.ovn_revision_numbers_db [None req-f681d932-2c39-4b24-9d1a-b66bd61c944d 2e9c84efc45143c7be5c3528d47a8353 188a8dd7f5284638b79840c5839ead85 - - default default] Successfully bumped revision number for resource 8c0fb332-7659-427d-9902-7512360a65d6 (type: security_groups) to 1
2026-03-04 02:29:51.546 10 INFO neutron.wsgi [None req-2f3e13bb-f6b9-4f6d-b614-4dc44b558e43 2e9c84efc45143c7be5c3528d47a8353 188a8dd7f5284638b79840c5839ead85 - - default default] 10.0.0.30 "GET /v2.0/security-groups?tenant_id=1bf8490748a344f09c238eed7b4a4819&name=default HTTP/1.1" status: 200 len: 2996 time: 0.1982272
2026-03-04 02:29:51.548 9 INFO neutron.db.ovn_revision_numbers_db [None req-f681d932-2c39-4b24-9d1a-b66bd61c944d 2e9c84efc45143c7be5c3528d47a8353 188a8dd7f5284638b79840c5839ead85 - - default default] Successfully bumped revision number for resource 1f1ec4ad-388d-4f22-aa3a-b9ee0a445723 (type: security_group_rules) to 0
2026-03-04 02:29:51.566 9 INFO neutron.db.ovn_revision_numbers_db [None req-f681d932-2c39-4b24-9d1a-b66bd61c944d 2e9c84efc45143c7be5c3528d47a8353 188a8dd7f5284638b79840c5839ead85 - - default default] Successfully bumped revision number for resource 580f642b-93e4-4a68-aea4-181eb55793c2 (type: security_group_rules) to 0
2026-03-04 02:29:51.585 9 INFO neutron.db.ovn_revision_numbers_db [None req-f681d932-2c39-4b24-9d1a-b66bd61c944d 2e9c84efc45143c7be5c3528d47a8353 188a8dd7f5284638b79840c5839ead85 - - default default] Successfully bumped revision number for resource 89a90356-ea48-4105-b366-28d71072e3b1 (type: security_group_rules) to 0
2026-03-04 02:29:51.599 9 INFO neutron.db.ovn_revision_numbers_db [None req-f681d932-2c39-4b24-9d1a-b66bd61c944d 2e9c84efc45143c7be5c3528d47a8353 188a8dd7f5284638b79840c5839ead85 - - default default] Successfully bumped revision number for resource f9212e06-4e52-4866-8985-5dae966a2c34 (type: security_group_rules) to 0
2026-03-04 02:29:51.620 9 INFO neutron.wsgi [None req-f681d932-2c39-4b24-9d1a-b66bd61c944d 2e9c84efc45143c7be5c3528d47a8353 188a8dd7f5284638b79840c5839ead85 - - default default] 10.0.0.30 "GET /v2.0/security-groups?tenant_id=9e2b7b45d0ab4d268fc4f1a3cfc5bd8a&name=default HTTP/1.1" status: 200 len: 2996 time: 0.3287857
2026-03-04 02:29:51.731 10 INFO neutron.wsgi [None req-d59c70a3-87e1-4727-8cd2-d42fd6bd51e1 2e9c84efc45143c7be5c3528d47a8353 188a8dd7f5284638b79840c5839ead85 - - default default] 10.0.0.30 "DELETE /v2.0/security-groups/766efc4e-f458-4acd-af7b-c4ce9d5fe775 HTTP/1.1" status: 204 len: 168 time: 0.1801791
2026-03-04 02:29:51.831 9 INFO neutron.wsgi [None req-7ace968c-2bcf-4cd1-b630-68a74b677780 2e9c84efc45143c7be5c3528d47a8353 188a8dd7f5284638b79840c5839ead85 - - default default] 10.0.0.30 "DELETE /v2.0/security-groups/8c0fb332-7659-427d-9902-7512360a65d6 HTTP/1.1" status: 204 len: 168 time: 0.2016635
2026-03-04 02:29:51.937 9 INFO neutron.wsgi [None req-aaea9d71-27be-4a21-866a-a7b0c2025536 2e9c84efc45143c7be5c3528d47a8353 188a8dd7f5284638b79840c5839ead85 - - default default] 10.0.0.30 "GET /v2.0/security-groups?tenant_id=f50c4b2bb81e4fa8a88baeff8f533325&name=default HTTP/1.1" status: 200 len: 2996 time: 0.0320487
2026-03-04 02:29:52.131 9 INFO neutron.wsgi [None req-d0661034-e78f-4535-ac55-c0912359aa51 2e9c84efc45143c7be5c3528d47a8353 188a8dd7f5284638b79840c5839ead85 - - default default] 10.0.0.30 "DELETE /v2.0/security-groups/439a3097-9dac-4015-9f90-26e123057883 HTTP/1.1" status: 204 len: 168 time: 0.1891761
2026-03-04 02:29:52.223 9 INFO neutron.wsgi [None req-b4493346-73b9-403b-bc96-6a6db94eae20 2e9c84efc45143c7be5c3528d47a8353 188a8dd7f5284638b79840c5839ead85 - - default default] 10.0.0.30 "GET /v2.0/security-groups?tenant_id=60068899f4024a1caa71d7d4b61161fa&name=default HTTP/1.1" status: 200 len: 2996 time: 0.2585318
2026-03-04 02:29:52.412 9 INFO neutron.wsgi [None req-9f2f8e5a-256f-4329-aa10-4fddbd93f750 2e9c84efc45143c7be5c3528d47a8353 188a8dd7f5284638b79840c5839ead85 - - default default] 10.0.0.30 "DELETE /v2.0/security-groups/bd56a701-8f21-437f-b7d0-552800a73fbb HTTP/1.1" status: 204 len: 168 time: 0.1846828
2026-03-04 02:29:53.997 10 INFO neutron.wsgi [-] 10.0.0.30 "GET / HTTP/1.1" status: 200 len: 279 time: 0.0028055
2026-03-04 02:29:54.152 10 INFO neutron.wsgi [None req-65d5cf18-539f-4295-8d64-16534aca40b9 46380eb7fb7c4117a8df4b0048f0d900 85eba490dec04e93913b4f77e0a72831 - - default default] 10.0.0.30 "GET /v2.0/ HTTP/1.1" status: 200 len: 826 time: 0.1476126
2026-03-04 02:29:54.779 10 INFO neutron.db.ovn_revision_numbers_db [None req-f51102ed-011e-451a-b7b3-d0607cee9b2a 2e9c84efc45143c7be5c3528d47a8353 188a8dd7f5284638b79840c5839ead85 - - default default] Successfully bumped revision number for resource 96691cfd-b1d5-48ca-8651-366d163949cf (type: security_groups) to 1
2026-03-04 02:29:54.798 10 INFO neutron.db.ovn_revision_numbers_db [None req-f51102ed-011e-451a-b7b3-d0607cee9b2a 2e9c84efc45143c7be5c3528d47a8353 188a8dd7f5284638b79840c5839ead85 - - default default] Successfully bumped revision number for resource 72133b4f-600d-4384-b981-958c6c12e3ae (type: security_group_rules) to 0
2026-03-04 02:29:54.812 10 INFO neutron.db.ovn_revision_numbers_db [None req-f51102ed-011e-451a-b7b3-d0607cee9b2a 2e9c84efc45143c7be5c3528d47a8353 188a8dd7f5284638b79840c5839ead85 - - default default] Successfully bumped revision number for resource 7e009320-1b11-4bce-bd2a-9ff5a20591d8 (type: security_group_rules) to 0
2026-03-04 02:29:54.829 10 INFO neutron.db.ovn_revision_numbers_db [None req-f51102ed-011e-451a-b7b3-d0607cee9b2a 2e9c84efc45143c7be5c3528d47a8353 188a8dd7f5284638b79840c5839ead85 - - default default] Successfully bumped revision number for resource ebabc9b1-a5d1-4f63-b98a-265c15ffba9a (type: security_group_rules) to 0
2026-03-04 02:29:54.848 10 INFO neutron.db.ovn_revision_numbers_db [None req-f51102ed-011e-451a-b7b3-d0607cee9b2a 2e9c84efc45143c7be5c3528d47a8353 188a8dd7f5284638b79840c5839ead85 - - default default] Successfully bumped revision number for resource f2d678fd-1f41-46ba-b37b-7c17ed1301c9 (type: security_group_rules) to 0
2026-03-04 02:29:54.877 10 INFO neutron.wsgi [None req-f51102ed-011e-451a-b7b3-d0607cee9b2a 2e9c84efc45143c7be5c3528d47a8353 188a8dd7f5284638b79840c5839ead85 - - default default] 10.0.0.30 "GET /v2.0/security-groups?tenant_id=85eba490dec04e93913b4f77e0a72831&name=default HTTP/1.1" status: 200 len: 2996 time: 0.2889502
2026-03-04 02:29:55.062 10 INFO neutron.wsgi [None req-dbbd7480-c6e0-4e9d-8e54-e19c3237e7ec 2e9c84efc45143c7be5c3528d47a8353 188a8dd7f5284638b79840c5839ead85 - - default default] 10.0.0.30 "DELETE /v2.0/security-groups/96691cfd-b1d5-48ca-8651-366d163949cf HTTP/1.1" status: 204 len: 168 time: 0.1789093
2026-03-04 02:29:56.487 10 INFO neutron.db.ovn_revision_numbers_db [None req-6526d17d-53d9-4f87-8eab-e49bfc1e3ac0 96aaf86ed4814fd68f13c5d02428d2a4 c4fafbd2d71047a5b866a4aa930e55a8 - - default default] Successfully bumped revision number for resource 199a5445-e2b7-4b9d-aac8-bd07c663d477 (type: routers) to 1
2026-03-04 02:29:56.508 10 INFO neutron.wsgi [None req-6526d17d-53d9-4f87-8eab-e49bfc1e3ac0 96aaf86ed4814fd68f13c5d02428d2a4 c4fafbd2d71047a5b866a4aa930e55a8 - - default default] 10.0.0.30 "POST /v2.0/routers HTTP/1.1" status: 201 len: 654 time: 0.3134305
2026-03-04 02:29:56.675 9 INFO neutron.db.ovn_revision_numbers_db [None req-eac4686c-ae87-43ec-916c-e43d5f4110d3 96aaf86ed4814fd68f13c5d02428d2a4 c4fafbd2d71047a5b866a4aa930e55a8 - - default default] Successfully bumped revision number for resource 39e7228f-6d90-48e4-88c2-36e28d464cf8 (type: routers) to 1
2026-03-04 02:29:56.690 9 INFO neutron.wsgi [None req-eac4686c-ae87-43ec-916c-e43d5f4110d3 96aaf86ed4814fd68f13c5d02428d2a4 c4fafbd2d71047a5b866a4aa930e55a8 - - default default] 10.0.0.30 "POST /v2.0/routers HTTP/1.1" status: 201 len: 654 time: 0.1782866
2026-03-04 02:29:56.767 9 WARNING neutron.plugins.ml2.drivers.ovn.mech_driver.ovsdb.ovn_client [None req-92c0e464-e21e-437f-bb49-1cdcdc62b54c - - - - - -] No port found with ID d048d665-23f5-414f-ae7f-7bae44091a5a: RuntimeError: No port found with ID d048d665-23f5-414f-ae7f-7bae44091a5a
2026-03-04 02:29:56.847 9 INFO neutron.db.ovn_revision_numbers_db [None req-6ba50b60-f19f-4b7a-b3bb-c5de00260787 96aaf86ed4814fd68f13c5d02428d2a4 c4fafbd2d71047a5b866a4aa930e55a8 - - default default] Successfully bumped revision number for resource 7236c9d4-0320-44fc-af17-df381f77c21c (type: routers) to 1
2026-03-04 02:29:56.860 9 INFO neutron.wsgi [None req-6ba50b60-f19f-4b7a-b3bb-c5de00260787 96aaf86ed4814fd68f13c5d02428d2a4 c4fafbd2d71047a5b866a4aa930e55a8 - - default default] 10.0.0.30 "POST /v2.0/routers HTTP/1.1" status: 201 len: 654 time: 0.1648502
2026-03-04 02:29:57.009 10 INFO neutron.db.ovn_revision_numbers_db [None req-72b06cae-a46f-4df6-b898-b3222390400e 2e9c84efc45143c7be5c3528d47a8353 188a8dd7f5284638b79840c5839ead85 - - default default] Successfully bumped revision number for resource d8a0b59c-ac72-407a-b76f-24d23ced1bb8 (type: security_groups) to 1
2026-03-04 02:29:57.035 10 INFO neutron.db.ovn_revision_numbers_db [None req-b87c74f7-cdc5-44fd-af4f-90aa05daa7c9 1b4f2c5ed4614f95aa6a87b3e1aa3ba6 3d2b5db0d0214cca9a4973eb852d8754 - - default default] Successfully bumped revision number for resource 5fbf9a21-4a83-4f96-9f57-7cdaab83e82e (type: security_groups) to 1
2026-03-04 02:29:57.037 10 INFO neutron.db.ovn_revision_numbers_db [None req-72b06cae-a46f-4df6-b898-b3222390400e 2e9c84efc45143c7be5c3528d47a8353 188a8dd7f5284638b79840c5839ead85 - - default default] Successfully bumped revision number for resource 2da9a03c-61cf-457e-8c6a-f35920ff03af (type: security_group_rules) to 0
2026-03-04 02:29:57.038 9 INFO neutron.db.ovn_revision_numbers_db [None req-81bd3332-88e7-42af-a8d4-b39e97ab8c57 96aaf86ed4814fd68f13c5d02428d2a4 c4fafbd2d71047a5b866a4aa930e55a8 - - default default] Successfully bumped revision number for resource 06b542c4-dfd4-4419-8ffe-4845cc41fd1a (type: routers) to 1
2026-03-04 02:29:57.051 10 INFO neutron.db.ovn_revision_numbers_db [None req-b87c74f7-cdc5-44fd-af4f-90aa05daa7c9 1b4f2c5ed4614f95aa6a87b3e1aa3ba6 3d2b5db0d0214cca9a4973eb852d8754 - - default default] Successfully bumped revision number for resource 294f863d-b25c-4838-87d2-321f271af4b5 (type: security_group_rules) to 0
2026-03-04 02:29:57.055 10 INFO neutron.db.ovn_revision_numbers_db [None req-72b06cae-a46f-4df6-b898-b3222390400e 2e9c84efc45143c7be5c3528d47a8353 188a8dd7f5284638b79840c5839ead85 - - default default] Successfully bumped revision number for resource 2f2bdf14-4719-4091-bb16-9c998ba9cc85 (type: security_group_rules) to 0
2026-03-04 02:29:57.061 9 INFO neutron.wsgi [None req-81bd3332-88e7-42af-a8d4-b39e97ab8c57 96aaf86ed4814fd68f13c5d02428d2a4 c4fafbd2d71047a5b866a4aa930e55a8 - - default default] 10.0.0.30 "POST /v2.0/routers HTTP/1.1" status: 201 len: 654 time: 0.1959896
2026-03-04 02:29:57.069 10 INFO neutron.db.ovn_revision_numbers_db [None req-b87c74f7-cdc5-44fd-af4f-90aa05daa7c9 1b4f2c5ed4614f95aa6a87b3e1aa3ba6 3d2b5db0d0214cca9a4973eb852d8754 - - default default] Successfully bumped revision number for resource 6389475f-6a68-4f04-a8a7-ac79765ad98a (type: security_group_rules) to 0
2026-03-04 02:29:57.071 10 INFO neutron.db.ovn_revision_numbers_db [None req-72b06cae-a46f-4df6-b898-b3222390400e 2e9c84efc45143c7be5c3528d47a8353 188a8dd7f5284638b79840c5839ead85 - - default default] Successfully bumped revision number for resource 3a89cdd8-3aa9-4e1b-a10e-c51de72267ac (type: security_group_rules) to 0
2026-03-04 02:29:57.098 10 INFO neutron.db.ovn_revision_numbers_db [None req-b87c74f7-cdc5-44fd-af4f-90aa05daa7c9 1b4f2c5ed4614f95aa6a87b3e1aa3ba6 3d2b5db0d0214cca9a4973eb852d8754 - - default default] Successfully bumped revision number for resource 71b3aa97-cc01-4c70-b30a-e8425fb6d77f (type: security_group_rules) to 0
2026-03-04 02:29:57.104 10 INFO neutron.db.ovn_revision_numbers_db [None req-72b06cae-a46f-4df6-b898-b3222390400e 2e9c84efc45143c7be5c3528d47a8353 188a8dd7f5284638b79840c5839ead85 - - default default] Successfully bumped revision number for resource f14042d1-e17b-4485-a332-f3dcb8240821 (type: security_group_rules) to 0
2026-03-04 02:29:57.116 10 INFO neutron.db.ovn_revision_numbers_db [None req-b87c74f7-cdc5-44fd-af4f-90aa05daa7c9 1b4f2c5ed4614f95aa6a87b3e1aa3ba6 3d2b5db0d0214cca9a4973eb852d8754 - - default default] Successfully bumped revision number for resource e381b602-c47c-44be-b18d-79f287697da6 (type: security_group_rules) to 0
2026-03-04 02:29:57.159 10 INFO neutron.db.segments_db [None req-72b06cae-a46f-4df6-b898-b3222390400e 2e9c84efc45143c7be5c3528d47a8353 188a8dd7f5284638b79840c5839ead85 - - default default] Added segment f59449cb-2604-47f9-b631-f61c0a6306dd of type geneve for network b42d4304-300f-4418-9c58-9344623d94eb
2026-03-04 02:29:57.184 10 INFO neutron.db.segments_db [None req-b87c74f7-cdc5-44fd-af4f-90aa05daa7c9 1b4f2c5ed4614f95aa6a87b3e1aa3ba6 3d2b5db0d0214cca9a4973eb852d8754 - - default default] Added segment 256217fe-fc44-4c37-a8f7-3d356b356c95 of type geneve for network 4b21c498-7351-4ac7-90db-94a7ebb8dc32
2026-03-04 02:29:57.268 9 INFO neutron.db.ovn_revision_numbers_db [None req-9f65de32-9a2a-4117-b77c-8ade2fa37095 96aaf86ed4814fd68f13c5d02428d2a4 c4fafbd2d71047a5b866a4aa930e55a8 - - default default] Successfully bumped revision number for resource 8fa3ce54-7168-4d04-823e-23b5191a6e18 (type: routers) to 1
2026-03-04 02:29:57.283 9 INFO neutron.wsgi [None req-9f65de32-9a2a-4117-b77c-8ade2fa37095 96aaf86ed4814fd68f13c5d02428d2a4 c4fafbd2d71047a5b866a4aa930e55a8 - - default default] 10.0.0.30 "POST /v2.0/routers HTTP/1.1" status: 201 len: 654 time: 0.2173944
2026-03-04 02:29:57.360 9 INFO neutron.wsgi [None req-fe127645-5d89-4293-be3c-2737014535bb 96aaf86ed4814fd68f13c5d02428d2a4 c4fafbd2d71047a5b866a4aa930e55a8 - - default default] 10.0.0.30 "PUT /v2.0/routers/199a5445-e2b7-4b9d-aac8-bd07c663d477/tags HTTP/1.1" status: 200 len: 210 time: 0.0731263
2026-03-04 02:29:57.365 10 INFO neutron.db.ovn_revision_numbers_db [None req-72b06cae-a46f-4df6-b898-b3222390400e 2e9c84efc45143c7be5c3528d47a8353 188a8dd7f5284638b79840c5839ead85 - - default default] Successfully bumped revision number for resource b42d4304-300f-4418-9c58-9344623d94eb (type: networks) to 1
2026-03-04 02:29:57.401 10 INFO neutron.db.ovn_revision_numbers_db [None req-b87c74f7-cdc5-44fd-af4f-90aa05daa7c9 1b4f2c5ed4614f95aa6a87b3e1aa3ba6 3d2b5db0d0214cca9a4973eb852d8754 - - default default] Successfully bumped revision number for resource 4b21c498-7351-4ac7-90db-94a7ebb8dc32 (type: networks) to 1
2026-03-04 02:29:57.410 9 INFO neutron.wsgi [None req-1ea03c02-09cc-4881-a299-b3140466e16b 96aaf86ed4814fd68f13c5d02428d2a4 c4fafbd2d71047a5b866a4aa930e55a8 - - default default] 10.0.0.30 "PUT /v2.0/routers/39e7228f-6d90-48e4-88c2-36e28d464cf8/tags HTTP/1.1" status: 200 len: 218 time: 0.0441790
2026-03-04 02:29:57.461 9 INFO neutron.wsgi [None req-87a38536-89fb-4cc0-ab35-66bec6d56724 96aaf86ed4814fd68f13c5d02428d2a4 c4fafbd2d71047a5b866a4aa930e55a8 - - default default] 10.0.0.30 "PUT /v2.0/routers/7236c9d4-0320-44fc-af17-df381f77c21c/tags HTTP/1.1" status: 200 len: 227 time: 0.0456526
2026-03-04 02:29:57.510 9 INFO neutron.wsgi [None req-4d3ab688-22f3-42e4-81f4-8c0f1887c80f 96aaf86ed4814fd68f13c5d02428d2a4 c4fafbd2d71047a5b866a4aa930e55a8 - - default default] 10.0.0.30 "PUT /v2.0/routers/06b542c4-dfd4-4419-8ffe-4845cc41fd1a/tags HTTP/1.1" status: 200 len: 212 time: 0.0438662
2026-03-04 02:29:57.580 10 WARNING neutron.scheduler.dhcp_agent_scheduler [None req-72b06cae-a46f-4df6-b898-b3222390400e 2e9c84efc45143c7be5c3528d47a8353 188a8dd7f5284638b79840c5839ead85 - - default default] No more DHCP agents
2026-03-04 02:29:57.583 10 WARNING neutron.api.rpc.agentnotifiers.dhcp_rpc_agent_api [None req-72b06cae-a46f-4df6-b898-b3222390400e 2e9c84efc45143c7be5c3528d47a8353 188a8dd7f5284638b79840c5839ead85 - - default default] Unable to schedule network b42d4304-300f-4418-9c58-9344623d94eb: no agents available; will retry on subsequent port and subnet creation events.
2026-03-04 02:29:57.591 10 WARNING neutron.scheduler.dhcp_agent_scheduler [None req-b87c74f7-cdc5-44fd-af4f-90aa05daa7c9 1b4f2c5ed4614f95aa6a87b3e1aa3ba6 3d2b5db0d0214cca9a4973eb852d8754 - - default default] No more DHCP agents
2026-03-04 02:29:57.593 10 WARNING neutron.api.rpc.agentnotifiers.dhcp_rpc_agent_api [None req-b87c74f7-cdc5-44fd-af4f-90aa05daa7c9 1b4f2c5ed4614f95aa6a87b3e1aa3ba6 3d2b5db0d0214cca9a4973eb852d8754 - - default default] Unable to schedule network 4b21c498-7351-4ac7-90db-94a7ebb8dc32: no agents available; will retry on subsequent port and subnet creation events.
2026-03-04 02:29:57.602 9 INFO neutron.wsgi [None req-d7609134-3869-445b-9892-49ef66382e8a 96aaf86ed4814fd68f13c5d02428d2a4 c4fafbd2d71047a5b866a4aa930e55a8 - - default default] 10.0.0.30 "GET /v2.0/routers?tags=red HTTP/1.1" status: 200 len: 1601 time: 0.0862563
2026-03-04 02:29:57.681 9 INFO neutron.wsgi [None req-2dac5d97-1d32-4ce7-8a9c-8d173e087dc6 96aaf86ed4814fd68f13c5d02428d2a4 c4fafbd2d71047a5b866a4aa930e55a8 - - default default] 10.0.0.30 "GET /v2.0/routers?tags=red%2Cblue HTTP/1.1" status: 200 len: 1144 time: 0.0699651
2026-03-04 02:29:57.695 10 INFO neutron.db.ovn_revision_numbers_db [None req-72b06cae-a46f-4df6-b898-b3222390400e 2e9c84efc45143c7be5c3528d47a8353 188a8dd7f5284638b79840c5839ead85 - - default default] Successfully bumped revision number for resource 6f790002-fbb6-4b8a-bfbb-37755a312700 (type: ports) to 1
2026-03-04 02:29:57.704 10 INFO neutron.db.ovn_revision_numbers_db [None req-b87c74f7-cdc5-44fd-af4f-90aa05daa7c9 1b4f2c5ed4614f95aa6a87b3e1aa3ba6 3d2b5db0d0214cca9a4973eb852d8754 - - default default] Successfully bumped revision number for resource 30bfe10c-4860-474e-b6d0-f084f116141a (type: ports) to 1
2026-03-04 02:29:57.714 10 INFO neutron.wsgi [None req-72b06cae-a46f-4df6-b898-b3222390400e 2e9c84efc45143c7be5c3528d47a8353 188a8dd7f5284638b79840c5839ead85 - - default default] 10.0.0.30 "POST /v2.0/networks HTTP/1.1" status: 201 len: 943 time: 0.8845558
2026-03-04 02:29:57.734 10 INFO neutron.wsgi [None req-b87c74f7-cdc5-44fd-af4f-90aa05daa7c9 1b4f2c5ed4614f95aa6a87b3e1aa3ba6 3d2b5db0d0214cca9a4973eb852d8754 - - default default] 10.0.0.30 "POST /v2.0/networks HTTP/1.1" status: 201 len: 838 time: 0.9952626
2026-03-04 02:29:57.754 9 INFO neutron.wsgi [None req-49874d88-8b0d-4bc3-852a-523154f8d35a 96aaf86ed4814fd68f13c5d02428d2a4 c4fafbd2d71047a5b866a4aa930e55a8 - - default default] 10.0.0.30 "GET /v2.0/routers?tags-any=blue HTTP/1.1" status: 200 len: 1144 time: 0.0684412
2026-03-04 02:29:57.799 9 INFO neutron.wsgi [None req-1ef5304f-1782-4f84-813e-71fa58868bae 96aaf86ed4814fd68f13c5d02428d2a4 c4fafbd2d71047a5b866a4aa930e55a8 - - default default] 10.0.0.30 "GET /v2.0/routers?tags-any=red%2Cblue HTTP/1.1" status: 200 len: 1601 time: 0.0394511
2026-03-04 02:29:57.874 9 INFO neutron.wsgi [None req-3ce35146-8453-4996-a0df-159e39fa5381 96aaf86ed4814fd68f13c5d02428d2a4 c4fafbd2d71047a5b866a4aa930e55a8 - - default default] 10.0.0.30 "GET /v2.0/routers?not-tags=red HTTP/1.1" status: 200 len: 1116 time: 0.0710249
2026-03-04 02:29:57.930 10 WARNING neutron.scheduler.dhcp_agent_scheduler [None req-0a18b77b-94f4-446d-8f06-2061319627a1 2e9c84efc45143c7be5c3528d47a8353 188a8dd7f5284638b79840c5839ead85 - - default default] No more DHCP agents
2026-03-04 02:29:57.933 10 WARNING neutron.api.rpc.agentnotifiers.dhcp_rpc_agent_api [None req-0a18b77b-94f4-446d-8f06-2061319627a1 2e9c84efc45143c7be5c3528d47a8353 188a8dd7f5284638b79840c5839ead85 - - default default] Unable to schedule network b42d4304-300f-4418-9c58-9344623d94eb: no agents available; will retry on subsequent port and subnet creation events.
2026-03-04 02:29:58.040 10 WARNING neutron.scheduler.dhcp_agent_scheduler [None req-2e1c0ae1-2c0d-45f4-925f-42b0121cb199 1b4f2c5ed4614f95aa6a87b3e1aa3ba6 3d2b5db0d0214cca9a4973eb852d8754 - - default default] No more DHCP agents
2026-03-04 02:29:58.043 10 WARNING neutron.api.rpc.agentnotifiers.dhcp_rpc_agent_api [None req-2e1c0ae1-2c0d-45f4-925f-42b0121cb199 1b4f2c5ed4614f95aa6a87b3e1aa3ba6 3d2b5db0d0214cca9a4973eb852d8754 - - default default] Unable to schedule network 4b21c498-7351-4ac7-90db-94a7ebb8dc32: no agents available; will retry on subsequent port and subnet creation events.
2026-03-04 02:29:58.167 9 INFO neutron.wsgi [None req-6c00f7d0-89fe-497d-adbc-c450443197a9 96aaf86ed4814fd68f13c5d02428d2a4 c4fafbd2d71047a5b866a4aa930e55a8 - - default default] 10.0.0.30 "GET /v2.0/routers?not-tags=red%2Cblue HTTP/1.1" status: 200 len: 1573 time: 0.2852960
2026-03-04 02:29:58.238 9 INFO neutron.wsgi [None req-ee65efca-b415-4557-90df-7c52934c9b0f 96aaf86ed4814fd68f13c5d02428d2a4 c4fafbd2d71047a5b866a4aa930e55a8 - - default default] 10.0.0.30 "GET /v2.0/routers?not-tags-any=blue HTTP/1.1" status: 200 len: 1573 time: 0.0662899
2026-03-04 02:29:58.294 9 INFO neutron.wsgi [None req-054d2862-a1df-49cc-be58-b9bfe4b08c05 96aaf86ed4814fd68f13c5d02428d2a4 c4fafbd2d71047a5b866a4aa930e55a8 - - default default] 10.0.0.30 "GET /v2.0/routers?not-tags-any=red%2Cblue HTTP/1.1" status: 200 len: 1116 time: 0.0458648
2026-03-04 02:29:58.340 9 INFO neutron.wsgi [None req-72e0174e-c0c2-48b8-a76b-e9e94223aa60 96aaf86ed4814fd68f13c5d02428d2a4 c4fafbd2d71047a5b866a4aa930e55a8 - - default default] 10.0.0.30 "GET /v2.0/routers/199a5445-e2b7-4b9d-aac8-bd07c663d477 HTTP/1.1" status: 200 len: 660 time: 0.0400696
2026-03-04 02:29:58.538 10 INFO neutron.db.ovn_revision_numbers_db [None req-0a18b77b-94f4-446d-8f06-2061319627a1 2e9c84efc45143c7be5c3528d47a8353 188a8dd7f5284638b79840c5839ead85 - - default default] Successfully bumped revision number for resource 6f790002-fbb6-4b8a-bfbb-37755a312700 (type: ports) to 2
2026-03-04 02:29:58.580 10 INFO neutron.db.ovn_revision_numbers_db [None req-0a18b77b-94f4-446d-8f06-2061319627a1 2e9c84efc45143c7be5c3528d47a8353 188a8dd7f5284638b79840c5839ead85 - - default default] Successfully bumped revision number for resource 2d2edff3-3883-46c4-bb69-99f60fda711d (type: subnets) to 0
2026-03-04 02:29:58.594 10 INFO neutron.wsgi [None req-0a18b77b-94f4-446d-8f06-2061319627a1 2e9c84efc45143c7be5c3528d47a8353 188a8dd7f5284638b79840c5839ead85 - - default default] 10.0.0.30 "POST /v2.0/subnets HTTP/1.1" status: 201 len: 863 time: 0.8743978
2026-03-04 02:29:58.676 10 INFO neutron.db.ovn_revision_numbers_db [None req-2e1c0ae1-2c0d-45f4-925f-42b0121cb199 1b4f2c5ed4614f95aa6a87b3e1aa3ba6 3d2b5db0d0214cca9a4973eb852d8754 - - default default] Successfully bumped revision number for resource 30bfe10c-4860-474e-b6d0-f084f116141a (type: ports) to 2
2026-03-04 02:29:58.740 9 INFO neutron.db.ovn_revision_numbers_db [None req-5d24fa8a-ed9d-4f28-a384-57961d9ae6a1 96aaf86ed4814fd68f13c5d02428d2a4 c4fafbd2d71047a5b866a4aa930e55a8 - - default default] Successfully bumped revision number for resource 199a5445-e2b7-4b9d-aac8-bd07c663d477 (type: routers) to 2
2026-03-04 02:29:58.745 9 INFO neutron.wsgi [None req-5d24fa8a-ed9d-4f28-a384-57961d9ae6a1 96aaf86ed4814fd68f13c5d02428d2a4 c4fafbd2d71047a5b866a4aa930e55a8 - - default default] 10.0.0.30 "PUT /v2.0/routers/199a5445-e2b7-4b9d-aac8-bd07c663d477 HTTP/1.1" status: 200 len: 660 time: 0.4011004
2026-03-04 02:29:58.771 9 INFO neutron.wsgi [None req-09b798dc-0e20-4e3a-b886-1e394d00c307 96aaf86ed4814fd68f13c5d02428d2a4 c4fafbd2d71047a5b866a4aa930e55a8 - - default default] 10.0.0.30 "GET /v2.0/ports?device_id=199a5445-e2b7-4b9d-aac8-bd07c663d477 HTTP/1.1" status: 200 len: 205 time: 0.0214996
2026-03-04 02:29:58.957 9 INFO neutron.wsgi [None req-d85cec67-5674-4553-af09-2915aff614d7 96aaf86ed4814fd68f13c5d02428d2a4 c4fafbd2d71047a5b866a4aa930e55a8 - - default default] 10.0.0.30 "DELETE /v2.0/routers/199a5445-e2b7-4b9d-aac8-bd07c663d477 HTTP/1.1" status: 204 len: 168 time: 0.1808217
2026-03-04 02:29:58.958 10 INFO neutron.db.ovn_revision_numbers_db [None req-2e1c0ae1-2c0d-45f4-925f-42b0121cb199 1b4f2c5ed4614f95aa6a87b3e1aa3ba6 3d2b5db0d0214cca9a4973eb852d8754 - - default default] Successfully bumped revision number for resource ea331164-793b-4557-9dd1-cca86d4484b7 (type: subnets) to 0
2026-03-04 02:29:58.984 10 INFO neutron.wsgi [None req-2e1c0ae1-2c0d-45f4-925f-42b0121cb199 1b4f2c5ed4614f95aa6a87b3e1aa3ba6 3d2b5db0d0214cca9a4973eb852d8754 - - default default] 10.0.0.30 "POST /v2.0/subnets HTTP/1.1" status: 201 len: 833 time: 1.2450514
2026-03-04 02:29:59.003 9 INFO neutron.wsgi [None req-9ad28904-4763-4123-bcdf-5d955ab900ae 96aaf86ed4814fd68f13c5d02428d2a4 c4fafbd2d71047a5b866a4aa930e55a8 - - default default] 10.0.0.30 "GET /v2.0/routers/39e7228f-6d90-48e4-88c2-36e28d464cf8 HTTP/1.1" status: 200 len: 668 time: 0.0407293
2026-03-04 02:29:59.048 10 INFO neutron.wsgi [None req-3a63154a-340c-4aa3-bdbb-54aad57e8459 6671e806606242c98abdb14f38cd37a5 2ac8055c21624b0095b10b2ce9e31dd8 - - default default] 10.0.0.30 "GET /v2.0/subnetpools?name=shared-default-subnetpool-v6 HTTP/1.1" status: 200 len: 212 time: 0.0582254
2026-03-04 02:29:59.373 9 WARNING neutron.scheduler.dhcp_agent_scheduler [None req-e3032b5e-af31-44fe-88f9-5764c207360f 1b4f2c5ed4614f95aa6a87b3e1aa3ba6 3d2b5db0d0214cca9a4973eb852d8754 - - default default] No more DHCP agents
2026-03-04 02:29:59.375 9 WARNING neutron.api.rpc.agentnotifiers.dhcp_rpc_agent_api [None req-e3032b5e-af31-44fe-88f9-5764c207360f 1b4f2c5ed4614f95aa6a87b3e1aa3ba6 3d2b5db0d0214cca9a4973eb852d8754 - - default default] Unable to schedule network 4b21c498-7351-4ac7-90db-94a7ebb8dc32: no agents available; will retry on subsequent port and subnet creation events.
2026-03-04 02:29:59.415 9 INFO neutron.db.ovn_revision_numbers_db [None req-e3032b5e-af31-44fe-88f9-5764c207360f 1b4f2c5ed4614f95aa6a87b3e1aa3ba6 3d2b5db0d0214cca9a4973eb852d8754 - - default default] Successfully bumped revision number for resource 4c58c4a7-5c40-4369-855d-d0f7fc9214d9 (type: subnets) to 0
2026-03-04 02:29:59.428 9 INFO neutron.wsgi [None req-e3032b5e-af31-44fe-88f9-5764c207360f 1b4f2c5ed4614f95aa6a87b3e1aa3ba6 3d2b5db0d0214cca9a4973eb852d8754 - - default default] 10.0.0.30 "POST /v2.0/subnets HTTP/1.1" status: 201 len: 906 time: 0.3742795
2026-03-04 02:29:59.525 10 INFO neutron.db.ovn_revision_numbers_db [None req-a9284db9-c3de-40d8-a560-857efd7dbc64 96aaf86ed4814fd68f13c5d02428d2a4 c4fafbd2d71047a5b866a4aa930e55a8 - - default default] Successfully bumped revision number for resource 39e7228f-6d90-48e4-88c2-36e28d464cf8 (type: routers) to 2
2026-03-04 02:29:59.528 10 INFO neutron.wsgi [None req-a9284db9-c3de-40d8-a560-857efd7dbc64 96aaf86ed4814fd68f13c5d02428d2a4 c4fafbd2d71047a5b866a4aa930e55a8 - - default default] 10.0.0.30 "PUT /v2.0/routers/39e7228f-6d90-48e4-88c2-36e28d464cf8 HTTP/1.1" status: 200 len: 668 time: 0.5205586
2026-03-04 02:29:59.542 10 WARNING neutron.scheduler.dhcp_agent_scheduler [None req-e25f6601-6220-47ab-8f0e-d5affb87e237 2e9c84efc45143c7be5c3528d47a8353 188a8dd7f5284638b79840c5839ead85 - - default default] No more DHCP agents
2026-03-04 02:29:59.545 10 WARNING neutron.api.rpc.agentnotifiers.dhcp_rpc_agent_api [None req-e25f6601-6220-47ab-8f0e-d5affb87e237 2e9c84efc45143c7be5c3528d47a8353 188a8dd7f5284638b79840c5839ead85 - - default default] Unable to schedule network a1d31c68-8dc4-46b4-b8ed-cdcc896b677f: no agents available; will retry on subsequent port and subnet creation events.
2026-03-04 02:29:59.553 9 INFO neutron.wsgi [None req-719d5662-22ef-46e0-980d-5f04c3fecb90 96aaf86ed4814fd68f13c5d02428d2a4 c4fafbd2d71047a5b866a4aa930e55a8 - - default default] 10.0.0.30 "GET /v2.0/ports?device_id=39e7228f-6d90-48e4-88c2-36e28d464cf8 HTTP/1.1" status: 200 len: 205 time: 0.0157313
2026-03-04 02:29:59.564 10 INFO neutron.db.segments_db [None req-1e35f1c6-e400-49b2-8262-4c0fd5de0b16 1b4f2c5ed4614f95aa6a87b3e1aa3ba6 3d2b5db0d0214cca9a4973eb852d8754 - - default default] Added segment 58576b1d-e965-4aaa-b2e9-0bc0fd9e49ce of type geneve for network 940a1585-1fab-4b6d-b21f-a9d5852dc72e
2026-03-04 02:29:59.733 10 INFO neutron.db.ovn_revision_numbers_db [None req-1e35f1c6-e400-49b2-8262-4c0fd5de0b16 1b4f2c5ed4614f95aa6a87b3e1aa3ba6 3d2b5db0d0214cca9a4973eb852d8754 - - default default] Successfully bumped revision number for resource 940a1585-1fab-4b6d-b21f-a9d5852dc72e (type: networks) to 1
2026-03-04 02:29:59.748 9 INFO neutron.wsgi [None req-06b980e5-3a16-4b4e-bee8-4fc5a7d13a82 96aaf86ed4814fd68f13c5d02428d2a4 c4fafbd2d71047a5b866a4aa930e55a8 - - default default] 10.0.0.30 "DELETE /v2.0/routers/39e7228f-6d90-48e4-88c2-36e28d464cf8 HTTP/1.1" status: 204 len: 168 time: 0.1916487
2026-03-04 02:29:59.763 10 INFO neutron.db.ovn_revision_numbers_db [None req-e25f6601-6220-47ab-8f0e-d5affb87e237 2e9c84efc45143c7be5c3528d47a8353 188a8dd7f5284638b79840c5839ead85 - - default default] Successfully bumped revision number for resource f7646a81-593b-4837-9185-3e65c3f4da9c (type: ports) to 1
2026-03-04 02:29:59.793 9 INFO neutron.wsgi [None req-38aaa1e7-d282-484c-bf78-19d7eaf920bf 96aaf86ed4814fd68f13c5d02428d2a4 c4fafbd2d71047a5b866a4aa930e55a8 - - default default] 10.0.0.30 "GET /v2.0/routers/7236c9d4-0320-44fc-af17-df381f77c21c HTTP/1.1" status: 200 len: 677 time: 0.0403550
2026-03-04 02:29:59.954 10 WARNING neutron.scheduler.dhcp_agent_scheduler [None req-1e35f1c6-e400-49b2-8262-4c0fd5de0b16 1b4f2c5ed4614f95aa6a87b3e1aa3ba6 3d2b5db0d0214cca9a4973eb852d8754 - - default default] No more DHCP agents
2026-03-04 02:29:59.957 10 WARNING neutron.api.rpc.agentnotifiers.dhcp_rpc_agent_api [None req-1e35f1c6-e400-49b2-8262-4c0fd5de0b16 1b4f2c5ed4614f95aa6a87b3e1aa3ba6 3d2b5db0d0214cca9a4973eb852d8754 - - default default] Unable to schedule network 940a1585-1fab-4b6d-b21f-a9d5852dc72e: no agents available; will retry on subsequent port and subnet creation events.
2026-03-04 02:30:00.284 10 INFO neutron.db.ovn_revision_numbers_db [None req-1e35f1c6-e400-49b2-8262-4c0fd5de0b16 1b4f2c5ed4614f95aa6a87b3e1aa3ba6 3d2b5db0d0214cca9a4973eb852d8754 - - default default] Successfully bumped revision number for resource 6b1d3975-f7f8-41a5-a335-5d174e101f62 (type: ports) to 1
