2026-03-04 02:24:23.505 10 INFO neutron.wsgi [None req-7818412d-e1a4-4290-8cd7-075081514a5e 2e9c84efc45143c7be5c3528d47a8353 188a8dd7f5284638b79840c5839ead85 - - default default] 162.253.55.52,10.0.0.114 "GET /v2.0/security-groups HTTP/1.1" status: 200 len: 16803 time: 0.0932524
2026-03-04 02:24:23.551 10 INFO neutron.wsgi [None req-685999be-55d4-42db-bf23-69260c52aa54 2e9c84efc45143c7be5c3528d47a8353 188a8dd7f5284638b79840c5839ead85 - - default default] 162.253.55.52,10.0.0.114 "GET /v2.0/ports HTTP/1.1" status: 200 len: 5351 time: 0.0360353
2026-03-04 02:24:29.569 10 INFO neutron.pecan_wsgi.hooks.translation [None req-25b715bf-fe24-4c1b-8afb-7936039a10bc 2e9c84efc45143c7be5c3528d47a8353 188a8dd7f5284638b79840c5839ead85 - - default default] GET failed (client error): The resource could not be found.
2026-03-04 02:24:29.570 10 INFO neutron.wsgi [None req-25b715bf-fe24-4c1b-8afb-7936039a10bc 2e9c84efc45143c7be5c3528d47a8353 188a8dd7f5284638b79840c5839ead85 - - default default] 162.253.55.52,10.0.0.114 "GET /v2.0/ports/octavia-health-manager-port-instance HTTP/1.1" status: 404 len: 314 time: 0.0532355
2026-03-04 02:24:29.606 10 INFO neutron.wsgi [None req-438dc60c-2834-49e7-b7fa-590ac6dc0a74 2e9c84efc45143c7be5c3528d47a8353 188a8dd7f5284638b79840c5839ead85 - - default default] 162.253.55.52,10.0.0.114 "GET /v2.0/ports?name=octavia-health-manager-port-instance HTTP/1.1" status: 200 len: 1399 time: 0.0298128
2026-03-04 02:24:30.916 10 INFO neutron.wsgi [None req-bf6b5fd8-512e-40c7-957b-8d1ac86654ab 2e9c84efc45143c7be5c3528d47a8353 188a8dd7f5284638b79840c5839ead85 - - default default] 162.253.55.52,10.0.0.114 "GET /v2.0/ports HTTP/1.1" status: 200 len: 5351 time: 0.0769415
2026-03-04 02:24:31.901 10 INFO neutron.wsgi [None req-34b9580f-c4dd-4c89-824e-c4cb0fd1d9a3 2e9c84efc45143c7be5c3528d47a8353 188a8dd7f5284638b79840c5839ead85 - - default default] 162.253.55.52,10.0.0.114 "GET /v2.0/security-groups?tenant_id=188a8dd7f5284638b79840c5839ead85 HTTP/1.1" status: 200 len: 10161 time: 0.0892258
2026-03-04 02:24:32.243 9 INFO neutron.wsgi [-] 10.0.0.114 "GET / HTTP/1.1" status: 200 len: 246 time: 0.0024161
2026-03-04 02:24:32.243 10 INFO neutron.wsgi [-] 10.0.0.114 "GET / HTTP/1.1" status: 200 len: 246 time: 0.0024700
2026-03-04 02:24:32.831 10 INFO neutron.wsgi [None req-5d20d10e-138c-419d-9f51-dc111230b611 2e9c84efc45143c7be5c3528d47a8353 188a8dd7f5284638b79840c5839ead85 - - default default] 162.253.55.52,10.0.0.114 "GET /v2.0/security-groups?tenant_id=188a8dd7f5284638b79840c5839ead85 HTTP/1.1" status: 200 len: 10161 time: 0.0847735
2026-03-04 02:24:33.697 10 INFO neutron.wsgi [None req-5fe0236f-b0e7-43ef-9456-14bc208362c9 2e9c84efc45143c7be5c3528d47a8353 188a8dd7f5284638b79840c5839ead85 - - default default] 162.253.55.52,10.0.0.114 "GET /v2.0/security-groups?tenant_id=188a8dd7f5284638b79840c5839ead85 HTTP/1.1" status: 200 len: 10161 time: 0.1040773
2026-03-04 02:24:34.987 9 INFO neutron.wsgi [None req-927729e7-b78a-4a11-9ddc-465774093c8a 2e9c84efc45143c7be5c3528d47a8353 188a8dd7f5284638b79840c5839ead85 - - default default] 10.0.0.231 "GET /v2.0/floatingips HTTP/1.1" status: 200 len: 193 time: 0.0707891
2026-03-04 02:24:35.070 9 INFO neutron.wsgi [None req-e2181d9b-b3ad-45db-8fea-4aaba3ef98a8 2e9c84efc45143c7be5c3528d47a8353 188a8dd7f5284638b79840c5839ead85 - - default default] 10.0.0.231 "GET /v2.0/networks HTTP/1.1" status: 200 len: 2350 time: 0.0827484
2026-03-04 02:24:35.120 9 INFO neutron.wsgi [None req-b78302c1-ef80-44d9-9b50-8ac758cc3539 2e9c84efc45143c7be5c3528d47a8353 188a8dd7f5284638b79840c5839ead85 - - default default] 10.0.0.231 "GET /v2.0/security-groups HTTP/1.1" status: 200 len: 16803 time: 0.0468481
2026-03-04 02:24:35.155 9 INFO neutron.wsgi [None req-1d58ec07-f4b1-4724-af33-5eb1ad3e658c 2e9c84efc45143c7be5c3528d47a8353 188a8dd7f5284638b79840c5839ead85 - - default default] 10.0.0.231 "GET /v2.0/ports HTTP/1.1" status: 200 len: 5351 time: 0.0285230
2026-03-04 02:24:35.168 9 INFO neutron.wsgi [None req-edda054f-eef3-48f0-9c6f-01c4fb1f7d2b 2e9c84efc45143c7be5c3528d47a8353 188a8dd7f5284638b79840c5839ead85 - - default default] 10.0.0.231 "GET /v2.0/network-ip-availabilities HTTP/1.1" status: 200 len: 1280 time: 0.0093694
2026-03-04 02:24:35.203 9 INFO neutron.wsgi [None req-b448b1bf-3dde-4ddf-8350-a2ce1a00b3eb 2e9c84efc45143c7be5c3528d47a8353 188a8dd7f5284638b79840c5839ead85 - - default default] 10.0.0.231 "GET /v2.0/subnets HTTP/1.1" status: 200 len: 1437 time: 0.0307522
2026-03-04 02:24:35.214 9 INFO neutron.wsgi [None req-9cb8f117-9d09-46aa-82e5-647e4f80ac4d 2e9c84efc45143c7be5c3528d47a8353 188a8dd7f5284638b79840c5839ead85 - - default default] 10.0.0.231 "GET /v2.0/subnetpools HTTP/1.1" status: 200 len: 193 time: 0.0099401
2026-03-04 02:24:35.234 9 INFO neutron.wsgi [None req-4ebe68fa-97f4-4530-8e53-3a6bf8f1170a 2e9c84efc45143c7be5c3528d47a8353 188a8dd7f5284638b79840c5839ead85 - - default default] 10.0.0.231 "GET /v2.0/routers HTTP/1.1" status: 200 len: 189 time: 0.0188065
2026-03-04 02:24:35.268 9 INFO neutron.wsgi [None req-b331375f-e8cd-4db6-8285-c9c5de412671 2e9c84efc45143c7be5c3528d47a8353 188a8dd7f5284638b79840c5839ead85 - - default default] 10.0.0.231 "GET /v2.0/agents?binary=ovn-controller HTTP/1.1" status: 200 len: 591 time: 0.0337830
2026-03-04 02:24:35.281 9 INFO neutron.wsgi [None req-84f2cffd-9689-4b3e-8cc9-85ad9e160cde 2e9c84efc45143c7be5c3528d47a8353 188a8dd7f5284638b79840c5839ead85 - - default default] 10.0.0.231 "GET /v2.0/agents HTTP/1.1" status: 200 len: 997 time: 0.0122075
2026-03-04 02:24:35.310 9 INFO neutron.wsgi [None req-db861f66-bf81-4067-bb44-afb3c6eb0eed 2e9c84efc45143c7be5c3528d47a8353 188a8dd7f5284638b79840c5839ead85 - - default default] 10.0.0.231 "GET /v2.0/subnets HTTP/1.1" status: 200 len: 1437 time: 0.0277796
2026-03-04 02:24:44.363 10 INFO neutron.wsgi [None req-1548baae-b0fd-40c7-a4ee-28037f86896c 2e9c84efc45143c7be5c3528d47a8353 188a8dd7f5284638b79840c5839ead85 - - default default] 162.253.55.52,10.0.0.114 "GET /v2.0/quotas/188a8dd7f5284638b79840c5839ead85 HTTP/1.1" status: 200 len: 361 time: 0.0145726
2026-03-04 02:24:47.242 9 INFO neutron.wsgi [-] 10.0.0.114 "GET / HTTP/1.1" status: 200 len: 246 time: 0.0026407
2026-03-04 02:24:47.245 10 INFO neutron.wsgi [-] 10.0.0.114 "GET / HTTP/1.1" status: 200 len: 246 time: 0.0048456
2026-03-04 02:25:02.243 10 INFO neutron.wsgi [-] 10.0.0.114 "GET / HTTP/1.1" status: 200 len: 246 time: 0.0023942
2026-03-04 02:25:02.243 9 INFO neutron.wsgi [-] 10.0.0.114 "GET / HTTP/1.1" status: 200 len: 246 time: 0.0022388
2026-03-04 02:25:17.245 10 INFO neutron.wsgi [-] 10.0.0.114 "GET / HTTP/1.1" status: 200 len: 246 time: 0.0051532
2026-03-04 02:25:17.246 9 INFO neutron.wsgi [-] 10.0.0.114 "GET / HTTP/1.1" status: 200 len: 246 time: 0.0062394
2026-03-04 02:25:32.243 10 INFO neutron.wsgi [-] 10.0.0.114 "GET / HTTP/1.1" status: 200 len: 246 time: 0.0024598
2026-03-04 02:25:32.246 10 INFO neutron.wsgi [-] 10.0.0.114 "GET / HTTP/1.1" status: 200 len: 246 time: 0.0019596
2026-03-04 02:25:32.566 10 INFO neutron.wsgi [None req-4817a5ab-ece5-41e1-bc8d-7736af07b163 2e9c84efc45143c7be5c3528d47a8353 188a8dd7f5284638b79840c5839ead85 - - default default] 162.253.55.52,10.0.0.114 "GET /v2.0/security-groups?tenant_id=3123c77e5de547d99dc5e2d39129b10d HTTP/1.1" status: 200 len: 6838 time: 0.0792654
2026-03-04 02:25:33.471 10 INFO neutron.wsgi [None req-44942500-515e-46d5-8ee0-a8153f71825c 2e9c84efc45143c7be5c3528d47a8353 188a8dd7f5284638b79840c5839ead85 - - default default] 162.253.55.52,10.0.0.114 "GET /v2.0/security-groups?tenant_id=3123c77e5de547d99dc5e2d39129b10d HTTP/1.1" status: 200 len: 6838 time: 0.0709479
2026-03-04 02:25:34.360 10 INFO neutron.wsgi [None req-95ce3ceb-9315-4433-a67b-626d69574e7e 2e9c84efc45143c7be5c3528d47a8353 188a8dd7f5284638b79840c5839ead85 - - default default] 162.253.55.52,10.0.0.114 "GET /v2.0/security-groups?tenant_id=3123c77e5de547d99dc5e2d39129b10d HTTP/1.1" status: 200 len: 6838 time: 0.0813758
2026-03-04 02:25:35.010 9 INFO neutron.wsgi [None req-7ef7f9c2-48a0-48b1-b19a-17024e9ffbe5 2e9c84efc45143c7be5c3528d47a8353 188a8dd7f5284638b79840c5839ead85 - - default default] 10.0.0.231 "GET /v2.0/networks HTTP/1.1" status: 200 len: 2350 time: 0.1354582
2026-03-04 02:25:35.048 9 INFO neutron.wsgi [None req-40486cbf-6c33-4b3c-b0ed-8234840b0217 2e9c84efc45143c7be5c3528d47a8353 188a8dd7f5284638b79840c5839ead85 - - default default] 10.0.0.231 "GET /v2.0/routers HTTP/1.1" status: 200 len: 189 time: 0.0358088
2026-03-04 02:25:35.077 9 INFO neutron.wsgi [None req-906aa192-f08e-48e7-aeff-3c5e50cb621c 2e9c84efc45143c7be5c3528d47a8353 188a8dd7f5284638b79840c5839ead85 - - default default] 10.0.0.231 "GET /v2.0/agents?binary=ovn-controller HTTP/1.1" status: 200 len: 591 time: 0.0290582
2026-03-04 02:25:35.088 9 INFO neutron.wsgi [None req-9b56e1c4-cf03-4886-b0e6-0b70c9e58ddd 2e9c84efc45143c7be5c3528d47a8353 188a8dd7f5284638b79840c5839ead85 - - default default] 10.0.0.231 "GET /v2.0/agents HTTP/1.1" status: 200 len: 997 time: 0.0101078
2026-03-04 02:25:35.100 9 INFO neutron.wsgi [None req-6f2569ee-bfdf-4a3d-bb05-9f12d8db6aaf 2e9c84efc45143c7be5c3528d47a8353 188a8dd7f5284638b79840c5839ead85 - - default default] 10.0.0.231 "GET /v2.0/network-ip-availabilities HTTP/1.1" status: 200 len: 1280 time: 0.0102255
2026-03-04 02:25:35.145 9 INFO neutron.wsgi [None req-7c3dd53e-76f3-44ea-8fe9-8b7c48552954 2e9c84efc45143c7be5c3528d47a8353 188a8dd7f5284638b79840c5839ead85 - - default default] 10.0.0.231 "GET /v2.0/security-groups HTTP/1.1" status: 200 len: 16803 time: 0.0443470
2026-03-04 02:25:35.182 9 INFO neutron.wsgi [None req-9d72c305-a701-4c8e-906d-3de9665aeb88 2e9c84efc45143c7be5c3528d47a8353 188a8dd7f5284638b79840c5839ead85 - - default default] 10.0.0.231 "GET /v2.0/ports HTTP/1.1" status: 200 len: 5351 time: 0.0325451
2026-03-04 02:25:35.217 9 INFO neutron.wsgi [None req-fbf1439f-603c-4641-906f-568a2c623650 2e9c84efc45143c7be5c3528d47a8353 188a8dd7f5284638b79840c5839ead85 - - default default] 10.0.0.231 "GET /v2.0/subnets HTTP/1.1" status: 200 len: 1437 time: 0.0289190
2026-03-04 02:25:35.223 10 INFO neutron.wsgi [None req-d66a8ee1-e932-420f-a77c-169d9ba8c66c 2e9c84efc45143c7be5c3528d47a8353 188a8dd7f5284638b79840c5839ead85 - - default default] 162.253.55.52,10.0.0.114 "GET /v2.0/security-groups?tenant_id=3123c77e5de547d99dc5e2d39129b10d HTTP/1.1" status: 200 len: 6838 time: 0.0787914
2026-03-04 02:25:35.226 9 INFO neutron.wsgi [None req-d30bdb34-b377-4606-af5a-445d58b5d0b2 2e9c84efc45143c7be5c3528d47a8353 188a8dd7f5284638b79840c5839ead85 - - default default] 10.0.0.231 "GET /v2.0/subnetpools HTTP/1.1" status: 200 len: 193 time: 0.0081391
2026-03-04 02:25:35.249 9 INFO neutron.wsgi [None req-86e4596b-8d5e-4460-828b-5dd401dc2cd2 2e9c84efc45143c7be5c3528d47a8353 188a8dd7f5284638b79840c5839ead85 - - default default] 10.0.0.231 "GET /v2.0/floatingips HTTP/1.1" status: 200 len: 193 time: 0.0226462
2026-03-04 02:25:35.294 9 INFO neutron.wsgi [None req-7ff94d8c-ee57-45ed-b175-65f82a54176e 2e9c84efc45143c7be5c3528d47a8353 188a8dd7f5284638b79840c5839ead85 - - default default] 10.0.0.231 "GET /v2.0/subnets HTTP/1.1" status: 200 len: 1437 time: 0.0447361
2026-03-04 02:25:36.166 10 INFO neutron.wsgi [None req-01a195a0-feb3-447c-a661-5332f88e4fc2 2e9c84efc45143c7be5c3528d47a8353 188a8dd7f5284638b79840c5839ead85 - - default default] 162.253.55.52,10.0.0.114 "GET /v2.0/security-groups?tenant_id=3123c77e5de547d99dc5e2d39129b10d HTTP/1.1" status: 200 len: 6838 time: 0.0774186
2026-03-04 02:25:43.122 10 INFO neutron.wsgi [None req-0e8135ac-ab43-44bb-a6bd-cab8a95c5afb 2e9c84efc45143c7be5c3528d47a8353 188a8dd7f5284638b79840c5839ead85 - - default default] 162.253.55.52,10.0.0.114 "GET /v2.0/quotas/3123c77e5de547d99dc5e2d39129b10d HTTP/1.1" status: 200 len: 361 time: 0.0184572
2026-03-04 02:25:47.242 10 INFO neutron.wsgi [-] 10.0.0.114 "GET / HTTP/1.1" status: 200 len: 246 time: 0.0017560
2026-03-04 02:25:47.252 10 INFO neutron.wsgi [-] 10.0.0.114 "GET / HTTP/1.1" status: 200 len: 246 time: 0.0012436
2026-03-04 02:26:02.248 10 INFO neutron.wsgi [-] 10.0.0.114 "GET / HTTP/1.1" status: 200 len: 246 time: 0.0031781
2026-03-04 02:26:02.248 9 INFO neutron.wsgi [-] 10.0.0.114 "GET / HTTP/1.1" status: 200 len: 246 time: 0.0073848
2026-03-04 02:26:17.243 10 INFO neutron.wsgi [-] 10.0.0.114 "GET / HTTP/1.1" status: 200 len: 246 time: 0.0025787
2026-03-04 02:26:17.248 10 INFO neutron.wsgi [-] 10.0.0.114 "GET / HTTP/1.1" status: 200 len: 246 time: 0.0023596
2026-03-04 02:26:27.913 10 INFO neutron.wsgi [None req-452341cd-d83d-4787-b068-edc5991961b0 2e9c84efc45143c7be5c3528d47a8353 188a8dd7f5284638b79840c5839ead85 - - default default] 162.253.55.52,10.0.0.114 "GET /v2.0/networks HTTP/1.1" status: 200 len: 2350 time: 0.1026404
2026-03-04 02:26:32.243 9 INFO neutron.wsgi [-] 10.0.0.114 "GET / HTTP/1.1" status: 200 len: 246 time: 0.0023320
2026-03-04 02:26:32.247 9 INFO neutron.wsgi [-] 10.0.0.114 "GET / HTTP/1.1" status: 200 len: 246 time: 0.0026371
2026-03-04 02:26:34.907 9 INFO neutron.wsgi [None req-106fa211-5112-4631-8036-c45ae18d13ae 2e9c84efc45143c7be5c3528d47a8353 188a8dd7f5284638b79840c5839ead85 - - default default] 10.0.0.231 "GET /v2.0/subnets HTTP/1.1" status: 200 len: 1437 time: 0.0981798
2026-03-04 02:26:34.942 9 INFO neutron.wsgi [None req-496565a8-ad22-4c13-aa06-5462cfe944fc 2e9c84efc45143c7be5c3528d47a8353 188a8dd7f5284638b79840c5839ead85 - - default default] 10.0.0.231 "GET /v2.0/subnets HTTP/1.1" status: 200 len: 1437 time: 0.0316324
2026-03-04 02:26:34.962 9 INFO neutron.wsgi [None req-de4228a9-b4b1-41ae-8eaa-13b6c2eae2e4 2e9c84efc45143c7be5c3528d47a8353 188a8dd7f5284638b79840c5839ead85 - - default default] 10.0.0.231 "GET /v2.0/subnetpools HTTP/1.1" status: 200 len: 193 time: 0.0188189
2026-03-04 02:26:35.047 9 INFO neutron.wsgi [None req-52fb74b8-9b83-4cfd-a4ea-f8ac87a3d26b 2e9c84efc45143c7be5c3528d47a8353 188a8dd7f5284638b79840c5839ead85 - - default default] 10.0.0.231 "GET /v2.0/security-groups HTTP/1.1" status: 200 len: 16803 time: 0.0849948
2026-03-04 02:26:35.088 9 INFO neutron.wsgi [None req-4907b518-011d-492b-ac75-a6157a627b22 2e9c84efc45143c7be5c3528d47a8353 188a8dd7f5284638b79840c5839ead85 - - default default] 10.0.0.231 "GET /v2.0/ports HTTP/1.1" status: 200 len: 5351 time: 0.0335159
2026-03-04 02:26:35.118 9 INFO neutron.wsgi [None req-63dc0e4f-53f6-4987-bf30-ce244ffbe84d 2e9c84efc45143c7be5c3528d47a8353 188a8dd7f5284638b79840c5839ead85 - - default default] 10.0.0.231 "GET /v2.0/agents HTTP/1.1" status: 200 len: 997 time: 0.0248036
2026-03-04 02:26:35.129 9 INFO neutron.wsgi [None req-2de3f218-36ec-4bcf-afda-9570cb0f10a3 2e9c84efc45143c7be5c3528d47a8353 188a8dd7f5284638b79840c5839ead85 - - default default] 10.0.0.231 "GET /v2.0/network-ip-availabilities HTTP/1.1" status: 200 len: 1280 time: 0.0096700
2026-03-04 02:26:35.145 9 INFO neutron.wsgi [None req-03b501a2-5dee-471c-b154-1e0d5ca748f2 2e9c84efc45143c7be5c3528d47a8353 188a8dd7f5284638b79840c5839ead85 - - default default] 10.0.0.231 "GET /v2.0/routers HTTP/1.1" status: 200 len: 189 time: 0.0155997
2026-03-04 02:26:35.176 9 INFO neutron.wsgi [None req-9ccfdd7b-6887-44b3-8e03-3bf687c6f793 2e9c84efc45143c7be5c3528d47a8353 188a8dd7f5284638b79840c5839ead85 - - default default] 10.0.0.231 "GET /v2.0/agents?binary=ovn-controller HTTP/1.1" status: 200 len: 591 time: 0.0269179
2026-03-04 02:26:35.199 9 INFO neutron.wsgi [None req-0ba99cda-f3e5-4859-bac5-779c15d5b52c 2e9c84efc45143c7be5c3528d47a8353 188a8dd7f5284638b79840c5839ead85 - - default default] 10.0.0.231 "GET /v2.0/floatingips HTTP/1.1" status: 200 len: 193 time: 0.0208645
2026-03-04 02:26:35.253 9 INFO neutron.wsgi [None req-df85388a-d9db-49fb-b08d-a97c9006dcff 2e9c84efc45143c7be5c3528d47a8353 188a8dd7f5284638b79840c5839ead85 - - default default] 10.0.0.231 "GET /v2.0/networks HTTP/1.1" status: 200 len: 2350 time: 0.0539169
2026-03-04 02:26:47.245 10 INFO neutron.wsgi [-] 10.0.0.114 "GET / HTTP/1.1" status: 200 len: 246 time: 0.0052445
2026-03-04 02:26:47.245 9 INFO neutron.wsgi [-] 10.0.0.114 "GET / HTTP/1.1" status: 200 len: 246 time: 0.0043738
2026-03-04 02:27:02.243 10 INFO neutron.wsgi [-] 10.0.0.114 "GET / HTTP/1.1" status: 200 len: 246 time: 0.0025041
2026-03-04 02:27:02.247 10 INFO neutron.wsgi [-] 10.0.0.114 "GET / HTTP/1.1" status: 200 len: 246 time: 0.0021572
2026-03-04 02:27:06.894 9 INFO neutron.wsgi [None req-57db09ba-8152-47d5-a90a-e0e4bb214648 2e9c84efc45143c7be5c3528d47a8353 188a8dd7f5284638b79840c5839ead85 - - default default] 10.0.0.30 "GET /v2.0/networks HTTP/1.1" status: 200 len: 2369 time: 0.2090404
2026-03-04 02:27:08.027 9 INFO neutron.wsgi [None req-2e78237e-8f79-4755-b5e0-41d510afae31 2e9c84efc45143c7be5c3528d47a8353 188a8dd7f5284638b79840c5839ead85 - - default default] 10.0.0.30 "GET /v2.0/floatingips HTTP/1.1" status: 200 len: 212 time: 0.0162835
2026-03-04 02:27:08.047 9 INFO neutron.wsgi [None req-8d5aaef9-c046-421e-b0aa-09fa282f01f7 2e9c84efc45143c7be5c3528d47a8353 188a8dd7f5284638b79840c5839ead85 - - default default] 10.0.0.30 "GET /v2.0/routers HTTP/1.1" status: 200 len: 208 time: 0.0161970
2026-03-04 02:27:08.078 9 INFO neutron.wsgi [None req-54e71aed-0ddf-4bbf-8115-0e5a5bf62286 2e9c84efc45143c7be5c3528d47a8353 188a8dd7f5284638b79840c5839ead85 - - default default] 10.0.0.30 "GET /v2.0/ports HTTP/1.1" status: 200 len: 5370 time: 0.0257790
2026-03-04 02:27:08.105 9 INFO neutron.wsgi [None req-92e794a6-0ef2-44d0-a955-d585ceb00463 2e9c84efc45143c7be5c3528d47a8353 188a8dd7f5284638b79840c5839ead85 - - default default] 10.0.0.30 "GET /v2.0/subnets HTTP/1.1" status: 200 len: 1456 time: 0.0225565
2026-03-04 02:27:08.155 9 INFO neutron.wsgi [None req-439f9e27-ea26-4e9d-a6e3-0cea47a02bed 2e9c84efc45143c7be5c3528d47a8353 188a8dd7f5284638b79840c5839ead85 - - default default] 10.0.0.30 "GET /v2.0/networks HTTP/1.1" status: 200 len: 2369 time: 0.0449872
2026-03-04 02:27:08.196 9 INFO neutron.wsgi [None req-907de612-d621-4b44-be9c-cc4af6e84cb3 2e9c84efc45143c7be5c3528d47a8353 188a8dd7f5284638b79840c5839ead85 - - default default] 10.0.0.30 "GET /v2.0/security-groups HTTP/1.1" status: 200 len: 16822 time: 0.0361521
2026-03-04 02:27:08.208 9 INFO neutron.wsgi [None req-6530859c-bd7e-4cf7-88e7-cddf10246787 2e9c84efc45143c7be5c3528d47a8353 188a8dd7f5284638b79840c5839ead85 - - default default] 10.0.0.30 "GET /v2.0/subnetpools HTTP/1.1" status: 200 len: 212 time: 0.0070572
2026-03-04 02:27:17.242 9 INFO neutron.wsgi [-] 10.0.0.114 "GET / HTTP/1.1" status: 200 len: 246 time: 0.0014558
2026-03-04 02:27:17.243 10 INFO neutron.wsgi [-] 10.0.0.114 "GET / HTTP/1.1" status: 200 len: 246 time: 0.0029445 /var/lib/openstack/lib/python3.10/site-packages/pycadf/identifier.py:71: UserWarning: Invalid uuid: neutron. To ensure interoperability, identifiers should be a valid uuid. warnings.warn(('Invalid uuid: %s. To ensure interoperability, '
2026-03-04 02:27:18.600 10 INFO neutron.db.ovn_revision_numbers_db [None req-541a2b66-23a2-41ae-9930-45e925116a5e 2e9c84efc45143c7be5c3528d47a8353 188a8dd7f5284638b79840c5839ead85 - - default default] Successfully bumped revision number for resource 62c4ef25-db35-413b-b6a0-a41d83fed7c6 (type: security_groups) to 1
2026-03-04 02:27:18.620 10 INFO neutron.db.ovn_revision_numbers_db [None req-541a2b66-23a2-41ae-9930-45e925116a5e 2e9c84efc45143c7be5c3528d47a8353 188a8dd7f5284638b79840c5839ead85 - - default default] Successfully bumped revision number for resource 0b38f9f3-1590-41cc-a582-9fc342e8749e (type: security_group_rules) to 0
2026-03-04 02:27:18.623 9 INFO neutron.db.ovn_revision_numbers_db [None req-1754bce9-a748-4b60-8a76-29609d0256da 2e9c84efc45143c7be5c3528d47a8353 188a8dd7f5284638b79840c5839ead85 - - default default] Successfully bumped revision number for resource af0a8a18-ac33-412b-8c04-d1c647d83cd7 (type: security_groups) to 1
2026-03-04 02:27:18.639 10 INFO neutron.db.ovn_revision_numbers_db [None req-541a2b66-23a2-41ae-9930-45e925116a5e 2e9c84efc45143c7be5c3528d47a8353 188a8dd7f5284638b79840c5839ead85 - - default default] Successfully bumped revision number for resource 35e4519d-4a05-4d80-8cd4-d6e158e7cecf (type: security_group_rules) to 0
2026-03-04 02:27:18.640 9 INFO neutron.db.ovn_revision_numbers_db [None req-1754bce9-a748-4b60-8a76-29609d0256da 2e9c84efc45143c7be5c3528d47a8353 188a8dd7f5284638b79840c5839ead85 - - default default] Successfully bumped revision number for resource 00a43787-dace-4f14-8a8a-4ba9f9935325 (type: security_group_rules) to 0
2026-03-04 02:27:18.654 10 INFO neutron.db.ovn_revision_numbers_db [None req-541a2b66-23a2-41ae-9930-45e925116a5e 2e9c84efc45143c7be5c3528d47a8353 188a8dd7f5284638b79840c5839ead85 - - default default] Successfully bumped revision number for resource 4a133266-8853-4b49-b59a-ae81191fef86 (type: security_group_rules) to 0
2026-03-04 02:27:18.657 9 INFO neutron.db.ovn_revision_numbers_db [None req-1754bce9-a748-4b60-8a76-29609d0256da 2e9c84efc45143c7be5c3528d47a8353 188a8dd7f5284638b79840c5839ead85 - - default default] Successfully bumped revision number for resource 151cf200-db7c-47d8-8877-d5be0b35cf56 (type: security_group_rules) to 0
2026-03-04 02:27:18.669 10 INFO neutron.db.ovn_revision_numbers_db [None req-541a2b66-23a2-41ae-9930-45e925116a5e 2e9c84efc45143c7be5c3528d47a8353 188a8dd7f5284638b79840c5839ead85 - - default default] Successfully bumped revision number for resource bd086fb2-a35f-402c-beae-70c218780705 (type: security_group_rules) to 0
2026-03-04 02:27:18.674 9 INFO neutron.db.ovn_revision_numbers_db [None req-1754bce9-a748-4b60-8a76-29609d0256da 2e9c84efc45143c7be5c3528d47a8353 188a8dd7f5284638b79840c5839ead85 - - default default] Successfully bumped revision number for resource 556bc94c-3c1c-4cd3-ade3-fe153ef2925f (type: security_group_rules) to 0
2026-03-04 02:27:18.702 9 INFO neutron.db.ovn_revision_numbers_db [None req-1754bce9-a748-4b60-8a76-29609d0256da 2e9c84efc45143c7be5c3528d47a8353 188a8dd7f5284638b79840c5839ead85 - - default default] Successfully bumped revision number for resource d8f50be1-247c-4d2d-83c3-95aa175e0fc8 (type: security_group_rules) to 0
2026-03-04 02:27:18.716 10 INFO neutron.db.segments_db [None req-541a2b66-23a2-41ae-9930-45e925116a5e 2e9c84efc45143c7be5c3528d47a8353 188a8dd7f5284638b79840c5839ead85 - - default default] Added segment 631da9d7-60fd-41a6-a737-b40cbcbb5a57 of type geneve for network 693f01b6-ea5c-4ede-ae7d-8534499493cd
2026-03-04 02:27:18.740 10 INFO neutron.db.ovn_revision_numbers_db [None req-2a2b661a-d310-46e3-bd34-1e4b422ce110 2e9c84efc45143c7be5c3528d47a8353 188a8dd7f5284638b79840c5839ead85 - - default default] Successfully bumped revision number for resource 9ef4a624-84b7-4de7-821f-ca0f255d0070 (type: security_groups) to 1
2026-03-04 02:27:18.764 10 INFO neutron.db.ovn_revision_numbers_db [None req-2a2b661a-d310-46e3-bd34-1e4b422ce110 2e9c84efc45143c7be5c3528d47a8353 188a8dd7f5284638b79840c5839ead85 - - default default] Successfully bumped revision number for resource 6572fd16-b875-474e-adb5-f7efebaad72b (type: security_group_rules) to 0
2026-03-04 02:27:18.770 9 INFO neutron.db.segments_db [None req-1754bce9-a748-4b60-8a76-29609d0256da 2e9c84efc45143c7be5c3528d47a8353 188a8dd7f5284638b79840c5839ead85 - - default default] Added segment d3a67431-77d9-4f84-a67b-56000573cd3b of type geneve for network 2698ebc3-3606-4b23-9eb5-95b0b966bbef
2026-03-04 02:27:18.792 10 INFO neutron.db.ovn_revision_numbers_db [None req-2a2b661a-d310-46e3-bd34-1e4b422ce110 2e9c84efc45143c7be5c3528d47a8353 188a8dd7f5284638b79840c5839ead85 - - default default] Successfully bumped revision number for resource a973ce2d-32c3-4846-8493-5ee0188bd249 (type: security_group_rules) to 0
2026-03-04 02:27:18.817 10 INFO neutron.db.ovn_revision_numbers_db [None req-2a2b661a-d310-46e3-bd34-1e4b422ce110 2e9c84efc45143c7be5c3528d47a8353 188a8dd7f5284638b79840c5839ead85 - - default default] Successfully bumped revision number for resource c486e2fd-91a9-470d-8e52-557ff05ecab2 (type: security_group_rules) to 0
2026-03-04 02:27:18.854 10 INFO neutron.db.ovn_revision_numbers_db [None req-2a2b661a-d310-46e3-bd34-1e4b422ce110 2e9c84efc45143c7be5c3528d47a8353 188a8dd7f5284638b79840c5839ead85 - - default default] Successfully bumped revision number for resource c9d22140-ffbe-4795-a7cb-3caf57d91c05 (type: security_group_rules) to 0
2026-03-04 02:27:18.893 10 INFO neutron.db.ovn_revision_numbers_db [None req-541a2b66-23a2-41ae-9930-45e925116a5e 2e9c84efc45143c7be5c3528d47a8353 188a8dd7f5284638b79840c5839ead85 - - default default] Successfully bumped revision number for resource 693f01b6-ea5c-4ede-ae7d-8534499493cd (type: networks) to 1
2026-03-04 02:27:18.913 9 INFO neutron.db.ovn_revision_numbers_db [None req-1754bce9-a748-4b60-8a76-29609d0256da 2e9c84efc45143c7be5c3528d47a8353 188a8dd7f5284638b79840c5839ead85 - - default default] Successfully bumped revision number for resource 2698ebc3-3606-4b23-9eb5-95b0b966bbef (type: networks) to 1
2026-03-04 02:27:18.923 10 INFO neutron.db.segments_db [None req-2a2b661a-d310-46e3-bd34-1e4b422ce110 2e9c84efc45143c7be5c3528d47a8353 188a8dd7f5284638b79840c5839ead85 - - default default] Added segment 4a882a8e-63d7-4da4-b3cf-e63a1ad03de0 of type geneve for network 4cf94b4c-c01a-437b-886f-b4de80d75f03
2026-03-04 02:27:19.090 9 WARNING neutron.scheduler.dhcp_agent_scheduler [None req-1754bce9-a748-4b60-8a76-29609d0256da 2e9c84efc45143c7be5c3528d47a8353 188a8dd7f5284638b79840c5839ead85 - - default default] No more DHCP agents
2026-03-04 02:27:19.092 9 WARNING neutron.api.rpc.agentnotifiers.dhcp_rpc_agent_api [None req-1754bce9-a748-4b60-8a76-29609d0256da 2e9c84efc45143c7be5c3528d47a8353 188a8dd7f5284638b79840c5839ead85 - - default default] Unable to schedule network 2698ebc3-3606-4b23-9eb5-95b0b966bbef: no agents available; will retry on subsequent port and subnet creation events.
2026-03-04 02:27:19.112 10 INFO neutron.db.ovn_revision_numbers_db [None req-2a2b661a-d310-46e3-bd34-1e4b422ce110 2e9c84efc45143c7be5c3528d47a8353 188a8dd7f5284638b79840c5839ead85 - - default default] Successfully bumped revision number for resource 4cf94b4c-c01a-437b-886f-b4de80d75f03 (type: networks) to 1
2026-03-04 02:27:19.123 10 WARNING neutron.scheduler.dhcp_agent_scheduler [None req-541a2b66-23a2-41ae-9930-45e925116a5e 2e9c84efc45143c7be5c3528d47a8353 188a8dd7f5284638b79840c5839ead85 - - default default] No more DHCP agents
2026-03-04 02:27:19.124 10 WARNING neutron.api.rpc.agentnotifiers.dhcp_rpc_agent_api [None req-541a2b66-23a2-41ae-9930-45e925116a5e 2e9c84efc45143c7be5c3528d47a8353 188a8dd7f5284638b79840c5839ead85 - - default default] Unable to schedule network 693f01b6-ea5c-4ede-ae7d-8534499493cd: no agents available; will retry on subsequent port and subnet creation events.
2026-03-04 02:27:19.195 9 INFO neutron.db.ovn_revision_numbers_db [None req-1754bce9-a748-4b60-8a76-29609d0256da 2e9c84efc45143c7be5c3528d47a8353 188a8dd7f5284638b79840c5839ead85 - - default default] Successfully bumped revision number for resource 145ec87e-ddab-4dc2-b719-07d5befd121c (type: ports) to 1
2026-03-04 02:27:19.216 9 INFO neutron.wsgi [None req-1754bce9-a748-4b60-8a76-29609d0256da 2e9c84efc45143c7be5c3528d47a8353 188a8dd7f5284638b79840c5839ead85 - - default default] 10.0.0.30 "POST /v2.0/networks HTTP/1.1" status: 201 len: 945 time: 0.7658601
2026-03-04 02:27:19.294 10 INFO neutron.db.ovn_revision_numbers_db [None req-541a2b66-23a2-41ae-9930-45e925116a5e 2e9c84efc45143c7be5c3528d47a8353 188a8dd7f5284638b79840c5839ead85 - - default default] Successfully bumped revision number for resource 4fb8d88a-4504-4459-9f12-99b4cf7e89b4 (type: ports) to 1
2026-03-04 02:27:19.321 10 INFO neutron.wsgi [None req-541a2b66-23a2-41ae-9930-45e925116a5e 2e9c84efc45143c7be5c3528d47a8353 188a8dd7f5284638b79840c5839ead85 - - default default] 10.0.0.30 "POST /v2.0/networks HTTP/1.1" status: 201 len: 950 time: 0.9962187
2026-03-04 02:27:19.350 10 WARNING neutron.scheduler.dhcp_agent_scheduler [None req-2a2b661a-d310-46e3-bd34-1e4b422ce110 2e9c84efc45143c7be5c3528d47a8353 188a8dd7f5284638b79840c5839ead85 - - default default] No more DHCP agents
2026-03-04 02:27:19.352 10 WARNING neutron.api.rpc.agentnotifiers.dhcp_rpc_agent_api [None req-2a2b661a-d310-46e3-bd34-1e4b422ce110 2e9c84efc45143c7be5c3528d47a8353 188a8dd7f5284638b79840c5839ead85 - - default default] Unable to schedule network 4cf94b4c-c01a-437b-886f-b4de80d75f03: no agents available; will retry on subsequent port and subnet creation events.
2026-03-04 02:27:19.420 10 INFO neutron.db.ovn_revision_numbers_db [None req-2a2b661a-d310-46e3-bd34-1e4b422ce110 2e9c84efc45143c7be5c3528d47a8353 188a8dd7f5284638b79840c5839ead85 - - default default] Successfully bumped revision number for resource 339a3f1b-609c-42c2-88cb-485a7ed6bb8e (type: ports) to 1
2026-03-04 02:27:19.432 9 WARNING neutron.scheduler.dhcp_agent_scheduler [None req-b5a573d6-7ac3-4d7b-97fa-f9bdf70a3c7f 2e9c84efc45143c7be5c3528d47a8353 188a8dd7f5284638b79840c5839ead85 - - default default] No more DHCP agents
2026-03-04 02:27:19.434 9 WARNING neutron.api.rpc.agentnotifiers.dhcp_rpc_agent_api [None req-b5a573d6-7ac3-4d7b-97fa-f9bdf70a3c7f 2e9c84efc45143c7be5c3528d47a8353 188a8dd7f5284638b79840c5839ead85 - - default default] Unable to schedule network 2698ebc3-3606-4b23-9eb5-95b0b966bbef: no agents available; will retry on subsequent port and subnet creation events.
2026-03-04 02:27:19.441 10 INFO neutron.wsgi [None req-2a2b661a-d310-46e3-bd34-1e4b422ce110 2e9c84efc45143c7be5c3528d47a8353 188a8dd7f5284638b79840c5839ead85 - - default default] 10.0.0.30 "POST /v2.0/networks HTTP/1.1" status: 201 len: 948 time: 0.8851256
2026-03-04 02:27:19.566 10 INFO neutron.db.ovn_revision_numbers_db [None req-5e600fa7-09c3-45dd-9d5e-4f4d7efaa69b 2e9c84efc45143c7be5c3528d47a8353 188a8dd7f5284638b79840c5839ead85 - - default default] Successfully bumped revision number for resource 142d27ec-2abb-4e14-b00b-8afa7ac8d344 (type: security_groups) to 1
2026-03-04 02:27:19.588 10 INFO neutron.db.ovn_revision_numbers_db [None req-5e600fa7-09c3-45dd-9d5e-4f4d7efaa69b 2e9c84efc45143c7be5c3528d47a8353 188a8dd7f5284638b79840c5839ead85 - - default default] Successfully bumped revision number for resource 06dbd30c-2fa1-4d8c-be77-f7b34fd7ed0b (type: security_group_rules) to 0
2026-03-04 02:27:19.606 10 INFO neutron.db.ovn_revision_numbers_db [None req-5e600fa7-09c3-45dd-9d5e-4f4d7efaa69b 2e9c84efc45143c7be5c3528d47a8353 188a8dd7f5284638b79840c5839ead85 - - default default] Successfully bumped revision number for resource 2cbcaf7b-dd2b-4136-8a9c-6bf9f96c4669 (type: security_group_rules) to 0
2026-03-04 02:27:19.606 9 WARNING neutron.scheduler.dhcp_agent_scheduler [None req-882dfbc0-1448-463a-a49a-c382f8ebbf9b 2e9c84efc45143c7be5c3528d47a8353 188a8dd7f5284638b79840c5839ead85 - - default default] No more DHCP agents
2026-03-04 02:27:19.613 9 WARNING neutron.api.rpc.agentnotifiers.dhcp_rpc_agent_api [None req-882dfbc0-1448-463a-a49a-c382f8ebbf9b 2e9c84efc45143c7be5c3528d47a8353 188a8dd7f5284638b79840c5839ead85 - - default default] Unable to schedule network 693f01b6-ea5c-4ede-ae7d-8534499493cd: no agents available; will retry on subsequent port and subnet creation events.
2026-03-04 02:27:19.617 10 WARNING neutron.scheduler.dhcp_agent_scheduler [None req-7efe3c0a-0534-4b8e-9899-90be88bf630c 2e9c84efc45143c7be5c3528d47a8353 188a8dd7f5284638b79840c5839ead85 - - default default] No more DHCP agents
2026-03-04 02:27:19.620 10 WARNING neutron.api.rpc.agentnotifiers.dhcp_rpc_agent_api [None req-7efe3c0a-0534-4b8e-9899-90be88bf630c 2e9c84efc45143c7be5c3528d47a8353 188a8dd7f5284638b79840c5839ead85 - - default default] Unable to schedule network 4cf94b4c-c01a-437b-886f-b4de80d75f03: no agents available; will retry on subsequent port and subnet creation events.
2026-03-04 02:27:19.625 10 INFO neutron.db.ovn_revision_numbers_db [None req-5e600fa7-09c3-45dd-9d5e-4f4d7efaa69b 2e9c84efc45143c7be5c3528d47a8353 188a8dd7f5284638b79840c5839ead85 - - default default] Successfully bumped revision number for resource a8bd68e1-1ba4-47e1-803b-e74a5f3f386b (type: security_group_rules) to 0
2026-03-04 02:27:19.646 10 INFO neutron.db.ovn_revision_numbers_db [None req-5e600fa7-09c3-45dd-9d5e-4f4d7efaa69b 2e9c84efc45143c7be5c3528d47a8353 188a8dd7f5284638b79840c5839ead85 - - default default] Successfully bumped revision number for resource ddbc5c9f-7f36-4991-8f6c-27bf1cda7a22 (type: security_group_rules) to 0
2026-03-04 02:27:19.680 10 INFO neutron.wsgi [None req-5e600fa7-09c3-45dd-9d5e-4f4d7efaa69b 2e9c84efc45143c7be5c3528d47a8353 188a8dd7f5284638b79840c5839ead85 - - default default] 10.0.0.30 "GET /v2.0/security-groups?tenant_id=7a163b253a444059872b9a90b92eca14&name=default HTTP/1.1" status: 200 len: 2992 time: 0.3438289
2026-03-04 02:27:19.967 10 INFO neutron.wsgi [None req-a4250e20-bbf8-45a2-bca3-0d3dafa54837 2e9c84efc45143c7be5c3528d47a8353 188a8dd7f5284638b79840c5839ead85 - - default default] 10.0.0.30 "DELETE /v2.0/security-groups/142d27ec-2abb-4e14-b00b-8afa7ac8d344 HTTP/1.1" status: 204 len: 168 time: 0.2812953
2026-03-04 02:27:20.117 10 INFO neutron.db.ovn_revision_numbers_db [None req-7efe3c0a-0534-4b8e-9899-90be88bf630c 2e9c84efc45143c7be5c3528d47a8353 188a8dd7f5284638b79840c5839ead85 - - default default] Successfully bumped revision number for resource 339a3f1b-609c-42c2-88cb-485a7ed6bb8e (type: ports) to 2
2026-03-04 02:27:20.159 10 INFO neutron.db.ovn_revision_numbers_db [None req-7efe3c0a-0534-4b8e-9899-90be88bf630c 2e9c84efc45143c7be5c3528d47a8353 188a8dd7f5284638b79840c5839ead85 - - default default] Successfully bumped revision number for resource fcf83340-0662-44e9-b9a5-3a418609dca0 (type: subnets) to 0
2026-03-04 02:27:20.174 10 INFO neutron.wsgi [None req-7efe3c0a-0534-4b8e-9899-90be88bf630c 2e9c84efc45143c7be5c3528d47a8353 188a8dd7f5284638b79840c5839ead85 - - default default] 10.0.0.30 "POST /v2.0/subnets HTTP/1.1" status: 201 len: 868 time: 0.7272210
2026-03-04 02:27:20.174 9 INFO neutron.db.ovn_revision_numbers_db [None req-b5a573d6-7ac3-4d7b-97fa-f9bdf70a3c7f 2e9c84efc45143c7be5c3528d47a8353 188a8dd7f5284638b79840c5839ead85 - - default default] Successfully bumped revision number for resource 145ec87e-ddab-4dc2-b719-07d5befd121c (type: ports) to 2
2026-03-04 02:27:20.237 9 INFO neutron.db.ovn_revision_numbers_db [None req-b5a573d6-7ac3-4d7b-97fa-f9bdf70a3c7f 2e9c84efc45143c7be5c3528d47a8353 188a8dd7f5284638b79840c5839ead85 - - default default] Successfully bumped revision number for resource 15465460-f790-46f3-a2f0-633e784dcbf3 (type: subnets) to 0
2026-03-04 02:27:20.255 9 INFO neutron.wsgi [None req-b5a573d6-7ac3-4d7b-97fa-f9bdf70a3c7f 2e9c84efc45143c7be5c3528d47a8353 188a8dd7f5284638b79840c5839ead85 - - default default] 10.0.0.30 "POST /v2.0/subnets HTTP/1.1" status: 201 len: 865 time: 1.0331140
2026-03-04 02:27:20.265 9 INFO neutron.db.ovn_revision_numbers_db [None req-882dfbc0-1448-463a-a49a-c382f8ebbf9b 2e9c84efc45143c7be5c3528d47a8353 188a8dd7f5284638b79840c5839ead85 - - default default] Successfully bumped revision number for resource 4fb8d88a-4504-4459-9f12-99b4cf7e89b4 (type: ports) to 2
2026-03-04 02:27:20.318 9 INFO neutron.db.ovn_revision_numbers_db [None req-882dfbc0-1448-463a-a49a-c382f8ebbf9b 2e9c84efc45143c7be5c3528d47a8353 188a8dd7f5284638b79840c5839ead85 - - default default] Successfully bumped revision number for resource 97269eaa-df7f-48a6-9200-f790a84140de (type: subnets) to 0
2026-03-04 02:27:20.351 9 INFO neutron.wsgi [None req-882dfbc0-1448-463a-a49a-c382f8ebbf9b 2e9c84efc45143c7be5c3528d47a8353 188a8dd7f5284638b79840c5839ead85 - - default default] 10.0.0.30 "POST /v2.0/subnets HTTP/1.1" status: 201 len: 870 time: 1.0242186
2026-03-04 02:27:20.808 10 WARNING neutron.scheduler.dhcp_agent_scheduler [None req-3c090c5e-7059-4e5b-8841-0408574821d4 2e9c84efc45143c7be5c3528d47a8353 188a8dd7f5284638b79840c5839ead85 - - default default] No more DHCP agents
2026-03-04 02:27:20.811 10 WARNING neutron.api.rpc.agentnotifiers.dhcp_rpc_agent_api [None req-3c090c5e-7059-4e5b-8841-0408574821d4 2e9c84efc45143c7be5c3528d47a8353 188a8dd7f5284638b79840c5839ead85 - - default default] Unable to schedule network a1d31c68-8dc4-46b4-b8ed-cdcc896b677f: no agents available; will retry on subsequent port and subnet creation events.
2026-03-04 02:27:20.944 10 WARNING neutron.scheduler.dhcp_agent_scheduler [None req-ddef7618-07d1-407a-a629-dba7d1bf6717 2e9c84efc45143c7be5c3528d47a8353 188a8dd7f5284638b79840c5839ead85 - - default default] No more DHCP agents
2026-03-04 02:27:20.947 10 WARNING neutron.api.rpc.agentnotifiers.dhcp_rpc_agent_api [None req-ddef7618-07d1-407a-a629-dba7d1bf6717 2e9c84efc45143c7be5c3528d47a8353 188a8dd7f5284638b79840c5839ead85 - - default default] Unable to schedule network a1d31c68-8dc4-46b4-b8ed-cdcc896b677f: no agents available; will retry on subsequent port and subnet creation events.
2026-03-04 02:27:20.986 10 INFO neutron.db.ovn_revision_numbers_db [None req-3c090c5e-7059-4e5b-8841-0408574821d4 2e9c84efc45143c7be5c3528d47a8353 188a8dd7f5284638b79840c5839ead85 - - default default] Successfully bumped revision number for resource b1d86eec-7b8e-43e0-82d2-273b416ae47b (type: ports) to 1
2026-03-04 02:27:21.154 10 INFO neutron.db.ovn_revision_numbers_db [None req-ddef7618-07d1-407a-a629-dba7d1bf6717 2e9c84efc45143c7be5c3528d47a8353 188a8dd7f5284638b79840c5839ead85 - - default default] Successfully bumped revision number for resource 2a9c4f2b-3bd5-48b5-9c47-f457b6cf52b7 (type: ports) to 1
2026-03-04 02:27:21.395 10 INFO neutron.plugins.ml2.drivers.ovn.mech_driver.ovsdb.extensions.qos [None req-3c090c5e-7059-4e5b-8841-0408574821d4 2e9c84efc45143c7be5c3528d47a8353 188a8dd7f5284638b79840c5839ead85 - - default default] Starting OVNClientQosExtension
2026-03-04 02:27:21.494 9 WARNING neutron.scheduler.dhcp_agent_scheduler [None req-120f4f14-01ca-4386-ab96-f3d8788e6589 2e9c84efc45143c7be5c3528d47a8353 188a8dd7f5284638b79840c5839ead85 - - default default] No more DHCP agents
2026-03-04 02:27:21.496 9 WARNING neutron.api.rpc.agentnotifiers.dhcp_rpc_agent_api [None req-120f4f14-01ca-4386-ab96-f3d8788e6589 2e9c84efc45143c7be5c3528d47a8353 188a8dd7f5284638b79840c5839ead85 - - default default] Unable to schedule network a1d31c68-8dc4-46b4-b8ed-cdcc896b677f: no agents available; will retry on subsequent port and subnet creation events.
2026-03-04 02:27:21.636 9 INFO neutron.db.ovn_revision_numbers_db [None req-120f4f14-01ca-4386-ab96-f3d8788e6589 2e9c84efc45143c7be5c3528d47a8353 188a8dd7f5284638b79840c5839ead85 - - default default] Successfully bumped revision number for resource e7a28215-f344-4f69-a3bb-6401472d8cf8 (type: ports) to 1
2026-03-04 02:27:21.796 10 INFO neutron.plugins.ml2.drivers.ovn.mech_driver.mech_driver [None req-575fdd68-b365-41c0-9928-8a1fdfa9f95e - - - - - -] OVN reports status up for port: b1d86eec-7b8e-43e0-82d2-273b416ae47b
2026-03-04 02:27:21.812 9 INFO neutron.plugins.ml2.drivers.ovn.mech_driver.ovsdb.ovsdb_monitor [-] Router 48c870db-9b47-4710-b15a-a1f80d584546 is bound to host instance
2026-03-04 02:27:21.839 10 INFO neutron.plugins.ml2.plugin [None req-575fdd68-b365-41c0-9928-8a1fdfa9f95e - - - - - -] Attempt 1 to provision port b1d86eec-7b8e-43e0-82d2-273b416ae47b
2026-03-04 02:27:21.874 10 INFO neutron.db.ovn_revision_numbers_db [None req-3c090c5e-7059-4e5b-8841-0408574821d4 2e9c84efc45143c7be5c3528d47a8353 188a8dd7f5284638b79840c5839ead85 - - default default] Successfully bumped revision number for resource b1d86eec-7b8e-43e0-82d2-273b416ae47b (type: router_ports) to 1
2026-03-04 02:27:21.939 9 INFO neutron.plugins.ml2.drivers.ovn.mech_driver.ovsdb.extensions.qos [None req-120f4f14-01ca-4386-ab96-f3d8788e6589 2e9c84efc45143c7be5c3528d47a8353 188a8dd7f5284638b79840c5839ead85 - - default default] Starting OVNClientQosExtension
2026-03-04 02:27:22.085 10 INFO neutron.db.ovn_revision_numbers_db [None req-3c090c5e-7059-4e5b-8841-0408574821d4 2e9c84efc45143c7be5c3528d47a8353 188a8dd7f5284638b79840c5839ead85 - - default default] Successfully bumped revision number for resource 48c870db-9b47-4710-b15a-a1f80d584546 (type: routers) to 2
2026-03-04 02:27:22.105 10 INFO neutron.wsgi [None req-3c090c5e-7059-4e5b-8841-0408574821d4 2e9c84efc45143c7be5c3528d47a8353 188a8dd7f5284638b79840c5839ead85 - - default default] 10.0.0.30 "POST /v2.0/routers HTTP/1.1" status: 201 len: 879 time: 1.9247146
2026-03-04 02:27:22.116 9 INFO neutron.plugins.ml2.drivers.ovn.mech_driver.mech_driver [None req-92c0e464-e21e-437f-bb49-1cdcdc62b54c - - - - - -] OVN reports status up for port: 2a9c4f2b-3bd5-48b5-9c47-f457b6cf52b7
2026-03-04 02:27:22.135 9 INFO neutron.plugins.ml2.plugin [None req-92c0e464-e21e-437f-bb49-1cdcdc62b54c - - - - - -] Attempt 1 to provision port 2a9c4f2b-3bd5-48b5-9c47-f457b6cf52b7
2026-03-04 02:27:22.147 10 INFO neutron.plugins.ml2.drivers.ovn.mech_driver.ovsdb.ovsdb_monitor [-] Router 185143e4-4124-4f88-b6a4-59a09a2c5356 is bound to host instance
2026-03-04 02:27:22.161 10 INFO neutron.db.ovn_revision_numbers_db [None req-3f16d0c8-cb99-4502-827e-4ba657ee3bdf 2e9c84efc45143c7be5c3528d47a8353 188a8dd7f5284638b79840c5839ead85 - - default default] Successfully bumped revision number for resource 7e96e93e-b5e6-447e-a344-3ae5a44d8b2d (type: security_groups) to 1
2026-03-04 02:27:22.191 10 INFO neutron.db.ovn_revision_numbers_db [None req-ddef7618-07d1-407a-a629-dba7d1bf6717 2e9c84efc45143c7be5c3528d47a8353 188a8dd7f5284638b79840c5839ead85 - - default default] Successfully bumped revision number for resource 2a9c4f2b-3bd5-48b5-9c47-f457b6cf52b7 (type: router_ports) to 1
2026-03-04 02:27:22.225 10 INFO neutron.db.ovn_revision_numbers_db [None req-3f16d0c8-cb99-4502-827e-4ba657ee3bdf 2e9c84efc45143c7be5c3528d47a8353 188a8dd7f5284638b79840c5839ead85 - - default default] Successfully bumped revision number for resource 10c4d012-19f8-4977-8c81-75cdc73d4387 (type: security_group_rules) to 0
2026-03-04 02:27:22.265 10 INFO neutron.db.ovn_revision_numbers_db [None req-3f16d0c8-cb99-4502-827e-4ba657ee3bdf 2e9c84efc45143c7be5c3528d47a8353 188a8dd7f5284638b79840c5839ead85 - - default default] Successfully bumped revision number for resource 5a779dfe-75a1-428a-b808-8a9ba72317a8 (type: security_group_rules) to 0
2026-03-04 02:27:22.299 10 INFO neutron.db.ovn_revision_numbers_db [None req-ddef7618-07d1-407a-a629-dba7d1bf6717 2e9c84efc45143c7be5c3528d47a8353 188a8dd7f5284638b79840c5839ead85 - - default default] Successfully bumped revision number for resource 185143e4-4124-4f88-b6a4-59a09a2c5356 (type: routers) to 2
2026-03-04 02:27:22.316 10 INFO neutron.db.ovn_revision_numbers_db [None req-3f16d0c8-cb99-4502-827e-4ba657ee3bdf 2e9c84efc45143c7be5c3528d47a8353 188a8dd7f5284638b79840c5839ead85 - - default default] Successfully bumped revision number for resource 91acb98c-3cb3-4642-84d6-08f7b457064e (type: security_group_rules) to 0
2026-03-04 02:27:22.340 10 INFO neutron.wsgi [None req-ddef7618-07d1-407a-a629-dba7d1bf6717 2e9c84efc45143c7be5c3528d47a8353 188a8dd7f5284638b79840c5839ead85 - - default default] 10.0.0.30 "POST /v2.0/routers HTTP/1.1" status: 201 len: 881 time: 1.9787154
2026-03-04 02:27:22.360 10 INFO neutron.db.ovn_revision_numbers_db [None req-3f16d0c8-cb99-4502-827e-4ba657ee3bdf 2e9c84efc45143c7be5c3528d47a8353 188a8dd7f5284638b79840c5839ead85 - - default default] Successfully bumped revision number for resource cdda3516-86c6-4b58-af91-0a7a877194c8 (type: security_group_rules) to 0
2026-03-04 02:27:22.448 10 INFO neutron.db.segments_db [None req-3f16d0c8-cb99-4502-827e-4ba657ee3bdf 2e9c84efc45143c7be5c3528d47a8353 188a8dd7f5284638b79840c5839ead85 - - default default] Added segment b050f348-2dc8-464e-99fc-6499539a42ce of type geneve for network 0ed0e47d-442c-4fcb-9492-5134cc8ef01b
2026-03-04 02:27:22.523 9 INFO neutron.db.ovn_revision_numbers_db [None req-120f4f14-01ca-4386-ab96-f3d8788e6589 2e9c84efc45143c7be5c3528d47a8353 188a8dd7f5284638b79840c5839ead85 - - default default] Successfully bumped revision number for resource e7a28215-f344-4f69-a3bb-6401472d8cf8 (type: router_ports) to 1
2026-03-04 02:27:22.607 9 INFO neutron.db.ovn_revision_numbers_db [None req-8feed29a-4fe5-4f0a-b02d-f74796502d7e - - - - - -] Successfully bumped revision number for resource b1d86eec-7b8e-43e0-82d2-273b416ae47b (type: ports) to 1
2026-03-04 02:27:22.608 9 INFO neutron.db.ovn_revision_numbers_db [None req-120f4f14-01ca-4386-ab96-f3d8788e6589 2e9c84efc45143c7be5c3528d47a8353 188a8dd7f5284638b79840c5839ead85 - - default default] Successfully bumped revision number for resource f01463c8-71d2-4207-8163-fa56d4dafdda (type: routers) to 2
2026-03-04 02:27:22.619 9 INFO neutron.wsgi [None req-120f4f14-01ca-4386-ab96-f3d8788e6589 2e9c84efc45143c7be5c3528d47a8353 188a8dd7f5284638b79840c5839ead85 - - default default] 10.0.0.30 "POST /v2.0/routers HTTP/1.1" status: 201 len: 876 time: 2.3597443
2026-03-04 02:27:22.822 10 INFO neutron.db.ovn_revision_numbers_db [None req-3f16d0c8-cb99-4502-827e-4ba657ee3bdf 2e9c84efc45143c7be5c3528d47a8353 188a8dd7f5284638b79840c5839ead85 - - default default] Successfully bumped revision number for resource 0ed0e47d-442c-4fcb-9492-5134cc8ef01b (type: networks) to 1
2026-03-04 02:27:22.997 9 INFO neutron.db.ovn_revision_numbers_db [None req-8feed29a-4fe5-4f0a-b02d-f74796502d7e - - - - - -] Successfully bumped revision number for resource b1d86eec-7b8e-43e0-82d2-273b416ae47b (type: router_ports) to 3
2026-03-04 02:27:23.157 9 INFO neutron.db.ovn_revision_numbers_db [None req-8feed29a-4fe5-4f0a-b02d-f74796502d7e - - - - - -] Successfully bumped revision number for resource b1d86eec-7b8e-43e0-82d2-273b416ae47b (type: ports) to 2
2026-03-04 02:27:23.207 9 WARNING neutron.scheduler.dhcp_agent_scheduler [None req-e83fddee-ecad-4108-9c49-b282fc13ba5f 2e9c84efc45143c7be5c3528d47a8353 188a8dd7f5284638b79840c5839ead85 - - default default] No more DHCP agents
2026-03-04 02:27:23.211 9 WARNING neutron.api.rpc.agentnotifiers.dhcp_rpc_agent_api [None req-e83fddee-ecad-4108-9c49-b282fc13ba5f 2e9c84efc45143c7be5c3528d47a8353 188a8dd7f5284638b79840c5839ead85 - - default default] Unable to schedule network 2698ebc3-3606-4b23-9eb5-95b0b966bbef: no agents available; will retry on subsequent port and subnet creation events.
2026-03-04 02:27:23.295 10 WARNING neutron.scheduler.dhcp_agent_scheduler [None req-3f16d0c8-cb99-4502-827e-4ba657ee3bdf 2e9c84efc45143c7be5c3528d47a8353 188a8dd7f5284638b79840c5839ead85 - - default default] No more DHCP agents
2026-03-04 02:27:23.305 10 WARNING neutron.api.rpc.agentnotifiers.dhcp_rpc_agent_api [None req-3f16d0c8-cb99-4502-827e-4ba657ee3bdf 2e9c84efc45143c7be5c3528d47a8353 188a8dd7f5284638b79840c5839ead85 - - default default] Unable to schedule network 0ed0e47d-442c-4fcb-9492-5134cc8ef01b: no agents available; will retry on subsequent port and subnet creation events.
2026-03-04 02:27:23.324 10 WARNING neutron.scheduler.dhcp_agent_scheduler [None req-9b5a2651-cb48-4907-8124-69f97375fc63 2e9c84efc45143c7be5c3528d47a8353 188a8dd7f5284638b79840c5839ead85 - - default default] No more DHCP agents
2026-03-04 02:27:23.332 10 WARNING neutron.api.rpc.agentnotifiers.dhcp_rpc_agent_api [None req-9b5a2651-cb48-4907-8124-69f97375fc63 2e9c84efc45143c7be5c3528d47a8353 188a8dd7f5284638b79840c5839ead85 - - default default] Unable to schedule network 4cf94b4c-c01a-437b-886f-b4de80d75f03: no agents available; will retry on subsequent port and subnet creation events.
2026-03-04 02:27:23.394 9 INFO neutron.db.ovn_revision_numbers_db [None req-e83fddee-ecad-4108-9c49-b282fc13ba5f 2e9c84efc45143c7be5c3528d47a8353 188a8dd7f5284638b79840c5839ead85 - - default default] Successfully bumped revision number for resource cfac8d2f-8a91-4671-a7dd-b1d4b22cd840 (type: ports) to 1
2026-03-04 02:27:23.466 10 INFO neutron.db.ovn_revision_numbers_db [None req-4faf7542-1da9-4287-a13a-4b63ed87f7fe - - - - - -] Successfully bumped revision number for resource 2a9c4f2b-3bd5-48b5-9c47-f457b6cf52b7 (type: ports) to 1
2026-03-04 02:27:23.488 10 WARNING neutron.scheduler.dhcp_agent_scheduler [None req-70e6f747-53e9-476f-9e20-8fcb9895a805 2e9c84efc45143c7be5c3528d47a8353 188a8dd7f5284638b79840c5839ead85 - - default default] No more DHCP agents
2026-03-04 02:27:23.492 9 INFO neutron.db.ovn_revision_numbers_db [None req-8feed29a-4fe5-4f0a-b02d-f74796502d7e - - - - - -] Successfully bumped revision number for resource b1d86eec-7b8e-43e0-82d2-273b416ae47b (type: ports) to 4
2026-03-04 02:27:23.494 10 WARNING neutron.api.rpc.agentnotifiers.dhcp_rpc_agent_api [None req-70e6f747-53e9-476f-9e20-8fcb9895a805 2e9c84efc45143c7be5c3528d47a8353 188a8dd7f5284638b79840c5839ead85 - - default default] Unable to schedule network 693f01b6-ea5c-4ede-ae7d-8534499493cd: no agents available; will retry on subsequent port and subnet creation events.
2026-03-04 02:27:23.505 10 INFO neutron.db.ovn_revision_numbers_db [None req-3f16d0c8-cb99-4502-827e-4ba657ee3bdf 2e9c84efc45143c7be5c3528d47a8353 188a8dd7f5284638b79840c5839ead85 - - default default] Successfully bumped revision number for resource 21c3e4c6-8afe-458f-8460-85e953805f37 (type: ports) to 1
2026-03-04 02:27:23.550 10 INFO neutron.wsgi [None req-3f16d0c8-cb99-4502-827e-4ba657ee3bdf 2e9c84efc45143c7be5c3528d47a8353 188a8dd7f5284638b79840c5839ead85 - - default default] 10.0.0.30 "POST /v2.0/networks HTTP/1.1" status: 201 len: 945 time: 1.9778183
2026-03-04 02:27:23.614 10 INFO neutron.db.ovn_revision_numbers_db [None req-9b5a2651-cb48-4907-8124-69f97375fc63 2e9c84efc45143c7be5c3528d47a8353 188a8dd7f5284638b79840c5839ead85 - - default default] Successfully bumped revision number for resource 1fdd1d34-3b01-40c2-becf-501650220aac (type: ports) to 1
2026-03-04 02:27:23.729 9 INFO neutron.db.ovn_revision_numbers_db [None req-8feed29a-4fe5-4f0a-b02d-f74796502d7e - - - - - -] Successfully bumped revision number for resource b1d86eec-7b8e-43e0-82d2-273b416ae47b (type: router_ports) to 4
2026-03-04 02:27:23.940 10 INFO neutron.db.ovn_revision_numbers_db [None req-70e6f747-53e9-476f-9e20-8fcb9895a805 2e9c84efc45143c7be5c3528d47a8353 188a8dd7f5284638b79840c5839ead85 - - default default] Successfully bumped revision number for resource 15e1eeb0-46a9-4cd3-99d6-8f089b3d90ba (type: ports) to 1
