2026-03-04 02:30:18.821 9 INFO neutron.wsgi [req-0d9e4411-1ad9-4c7d-b484-f8e1a9ddc9e2 req-df5bd149-efca-4bd5-9d53-b531d6c6934a 0bb682022b2b47e4bae5c462e7477c95 3123c77e5de547d99dc5e2d39129b10d - - 116f49a716c34af294a835be3080f3ba 116f49a716c34af294a835be3080f3ba] 162.253.55.52 "GET /v2.0/floatingips?fixed_ip_address=fd7b%3Af9f7%3Afff%3A4eca%3A%3A5c&port_id=c941e4d2-e162-4db0-a50a-ee0ea859bbbe HTTP/1.1" status: 200 len: 217 time: 0.0206366
2026-03-04 02:30:18.863 9 INFO neutron.wsgi [req-0d9e4411-1ad9-4c7d-b484-f8e1a9ddc9e2 req-749f3afa-19e9-4e61-b077-81d75c313d0f 0bb682022b2b47e4bae5c462e7477c95 3123c77e5de547d99dc5e2d39129b10d - - 116f49a716c34af294a835be3080f3ba 116f49a716c34af294a835be3080f3ba] 162.253.55.52 "GET /v2.0/subnets?id=ee1ff03a-d281-408f-aef3-b05373c5976b&id=1a74f7ba-6842-4766-87ed-ac229be63457 HTTP/1.1" status: 200 len: 1563 time: 0.0349276
2026-03-04 02:30:18.895 9 INFO neutron.wsgi [req-0d9e4411-1ad9-4c7d-b484-f8e1a9ddc9e2 req-2a40b04c-0c3c-45bd-a815-83590020b390 0bb682022b2b47e4bae5c462e7477c95 3123c77e5de547d99dc5e2d39129b10d - - 116f49a716c34af294a835be3080f3ba 116f49a716c34af294a835be3080f3ba] 162.253.55.52 "GET /v2.0/ports?network_id=940a1585-1fab-4b6d-b21f-a9d5852dc72e&device_owner=network%3Adhcp HTTP/1.1" status: 200 len: 210 time: 0.0244601
2026-03-04 02:30:18.922 9 INFO neutron.wsgi [req-0d9e4411-1ad9-4c7d-b484-f8e1a9ddc9e2 req-b6e9582f-17bb-43eb-ab58-e28e7b85f2f2 0bb682022b2b47e4bae5c462e7477c95 3123c77e5de547d99dc5e2d39129b10d - - 116f49a716c34af294a835be3080f3ba 116f49a716c34af294a835be3080f3ba] 162.253.55.52 "GET /v2.0/ports?network_id=940a1585-1fab-4b6d-b21f-a9d5852dc72e&device_owner=network%3Adhcp HTTP/1.1" status: 200 len: 210 time: 0.0205574
2026-03-04 02:30:18.988 9 INFO neutron.wsgi [req-0d9e4411-1ad9-4c7d-b484-f8e1a9ddc9e2 req-7be62f65-48e2-45b6-acaa-951548782ac0 0bb682022b2b47e4bae5c462e7477c95 3123c77e5de547d99dc5e2d39129b10d - - 116f49a716c34af294a835be3080f3ba 116f49a716c34af294a835be3080f3ba] 162.253.55.52 "GET /v2.0/networks/940a1585-1fab-4b6d-b21f-a9d5852dc72e?fields=segments HTTP/1.1" status: 200 len: 212 time: 0.0594215
2026-03-04 02:30:19.055 9 INFO neutron.wsgi [req-0d9e4411-1ad9-4c7d-b484-f8e1a9ddc9e2 req-609c95f1-7681-4082-8472-e035b9bc976b 0bb682022b2b47e4bae5c462e7477c95 3123c77e5de547d99dc5e2d39129b10d - - 116f49a716c34af294a835be3080f3ba 116f49a716c34af294a835be3080f3ba] 162.253.55.52 "GET /v2.0/networks/940a1585-1fab-4b6d-b21f-a9d5852dc72e?fields=provider%3Aphysical_network&fields=provider%3Anetwork_type HTTP/1.1" status: 200 len: 277 time: 0.0594597
2026-03-04 02:30:19.065 10 INFO neutron.db.ovn_revision_numbers_db [req-e11def2e-89a0-4902-9b57-8de6c46c21af req-565275dc-455e-43b7-a1f7-9bfa88feb370 0bb682022b2b47e4bae5c462e7477c95 3123c77e5de547d99dc5e2d39129b10d - - 116f49a716c34af294a835be3080f3ba 116f49a716c34af294a835be3080f3ba] Successfully bumped revision number for resource 860b7d27-8105-4f8b-a49a-968ff5ee2b41 (type: ports) to 2
2026-03-04 02:30:19.121 9 INFO neutron.wsgi [req-666c73c0-2da7-4770-923d-34736ec1fc50 req-2ac21022-8b07-4b77-9903-e92a97a24814 0bb682022b2b47e4bae5c462e7477c95 3123c77e5de547d99dc5e2d39129b10d - - 116f49a716c34af294a835be3080f3ba 116f49a716c34af294a835be3080f3ba] 162.253.55.52 "GET /v2.0/ports?tenant_id=3d2b5db0d0214cca9a4973eb852d8754&device_id=c696c3f6-215e-4f3b-b23c-7b19e384f3fd HTTP/1.1" status: 200 len: 1632 time: 0.0285087
2026-03-04 02:30:19.182 9 INFO neutron.wsgi [req-666c73c0-2da7-4770-923d-34736ec1fc50 req-1924da93-1338-480f-a1cf-e8815ddd84b1 0bb682022b2b47e4bae5c462e7477c95 3123c77e5de547d99dc5e2d39129b10d - - 116f49a716c34af294a835be3080f3ba 116f49a716c34af294a835be3080f3ba] 162.253.55.52 "GET /v2.0/networks?id=940a1585-1fab-4b6d-b21f-a9d5852dc72e HTTP/1.1" status: 200 len: 1003 time: 0.0534956
2026-03-04 02:30:19.216 9 INFO neutron.wsgi [req-666c73c0-2da7-4770-923d-34736ec1fc50 req-e6eb0e92-d88a-48db-a5eb-8b509ff920e5 0bb682022b2b47e4bae5c462e7477c95 3123c77e5de547d99dc5e2d39129b10d - - 116f49a716c34af294a835be3080f3ba 116f49a716c34af294a835be3080f3ba] 162.253.55.52 "GET /v2.0/floatingips?fixed_ip_address=10.2.1.103&port_id=c941e4d2-e162-4db0-a50a-ee0ea859bbbe HTTP/1.1" status: 200 len: 217 time: 0.0260704
2026-03-04 02:30:19.254 9 INFO neutron.wsgi [req-666c73c0-2da7-4770-923d-34736ec1fc50 req-89c3ee27-1763-4d21-90d1-a3c8df794b69 0bb682022b2b47e4bae5c462e7477c95 3123c77e5de547d99dc5e2d39129b10d - - 116f49a716c34af294a835be3080f3ba 116f49a716c34af294a835be3080f3ba] 162.253.55.52 "GET /v2.0/floatingips?fixed_ip_address=fd7b%3Af9f7%3Afff%3A4eca%3A%3A5c&port_id=c941e4d2-e162-4db0-a50a-ee0ea859bbbe HTTP/1.1" status: 200 len: 217 time: 0.0310004
2026-03-04 02:30:19.294 10 INFO neutron.db.ovn_revision_numbers_db [req-e11def2e-89a0-4902-9b57-8de6c46c21af req-565275dc-455e-43b7-a1f7-9bfa88feb370 0bb682022b2b47e4bae5c462e7477c95 3123c77e5de547d99dc5e2d39129b10d - - 116f49a716c34af294a835be3080f3ba 116f49a716c34af294a835be3080f3ba] Successfully bumped revision number for resource 860b7d27-8105-4f8b-a49a-968ff5ee2b41 (type: ports) to 2
2026-03-04 02:30:19.297 9 INFO neutron.wsgi [req-666c73c0-2da7-4770-923d-34736ec1fc50 req-01eab08b-06db-40cc-acd0-c0733ed338bf 0bb682022b2b47e4bae5c462e7477c95 3123c77e5de547d99dc5e2d39129b10d - - 116f49a716c34af294a835be3080f3ba 116f49a716c34af294a835be3080f3ba] 162.253.55.52 "GET /v2.0/subnets?id=ee1ff03a-d281-408f-aef3-b05373c5976b&id=1a74f7ba-6842-4766-87ed-ac229be63457 HTTP/1.1" status: 200 len: 1563 time: 0.0334868
2026-03-04 02:30:19.312 10 INFO neutron.wsgi [req-e11def2e-89a0-4902-9b57-8de6c46c21af req-565275dc-455e-43b7-a1f7-9bfa88feb370 0bb682022b2b47e4bae5c462e7477c95 3123c77e5de547d99dc5e2d39129b10d - - 116f49a716c34af294a835be3080f3ba 116f49a716c34af294a835be3080f3ba] 162.253.55.52 "PUT /v2.0/ports/860b7d27-8105-4f8b-a49a-968ff5ee2b41 HTTP/1.1" status: 200 len: 1415 time: 0.6292648
2026-03-04 02:30:19.339 9 INFO neutron.wsgi [req-666c73c0-2da7-4770-923d-34736ec1fc50 req-8f1c6519-aae6-4599-9e5a-716df8ab2598 0bb682022b2b47e4bae5c462e7477c95 3123c77e5de547d99dc5e2d39129b10d - - 116f49a716c34af294a835be3080f3ba 116f49a716c34af294a835be3080f3ba] 162.253.55.52 "GET /v2.0/ports?network_id=940a1585-1fab-4b6d-b21f-a9d5852dc72e&device_owner=network%3Adhcp HTTP/1.1" status: 200 len: 210 time: 0.0276523
2026-03-04 02:30:19.348 10 INFO neutron.notifiers.nova [-] Nova event matching ['req-048ef106-bdfc-42ae-af81-71755973ceaf'] response: {'name': 'network-changed', 'server_uuid': '819833ac-6715-4cb8-b07e-706b07ba7843', 'tag': '860b7d27-8105-4f8b-a49a-968ff5ee2b41', 'status': 'completed', 'code': 200} /var/lib/openstack/lib/python3.10/site-packages/pycadf/identifier.py:71: UserWarning: Invalid uuid: neutron. To ensure interoperability, identifiers should be a valid uuid. warnings.warn(('Invalid uuid: %s. To ensure interoperability, '
2026-03-04 02:30:19.369 9 INFO neutron.wsgi [req-666c73c0-2da7-4770-923d-34736ec1fc50 req-78cb874f-72a3-45ae-a96b-1e7832521666 0bb682022b2b47e4bae5c462e7477c95 3123c77e5de547d99dc5e2d39129b10d - - 116f49a716c34af294a835be3080f3ba 116f49a716c34af294a835be3080f3ba] 162.253.55.52 "GET /v2.0/ports?network_id=940a1585-1fab-4b6d-b21f-a9d5852dc72e&device_owner=network%3Adhcp HTTP/1.1" status: 200 len: 210 time: 0.0227492
2026-03-04 02:30:19.409 10 INFO neutron.wsgi [req-e11def2e-89a0-4902-9b57-8de6c46c21af req-4c4be730-54e2-488a-b2e0-d482f9f0b481 0bb682022b2b47e4bae5c462e7477c95 3123c77e5de547d99dc5e2d39129b10d - - 116f49a716c34af294a835be3080f3ba 116f49a716c34af294a835be3080f3ba] 162.253.55.52 "GET /v2.0/ports?tenant_id=780063d5e7ed41b7823ac253fb679517&device_id=819833ac-6715-4cb8-b07e-706b07ba7843 HTTP/1.1" status: 200 len: 1446 time: 0.0543945
2026-03-04 02:30:19.455 10 INFO neutron.wsgi [req-e11def2e-89a0-4902-9b57-8de6c46c21af req-f315923a-a76e-4354-b9dd-dfb6a0c7698e 0bb682022b2b47e4bae5c462e7477c95 3123c77e5de547d99dc5e2d39129b10d - - 116f49a716c34af294a835be3080f3ba 116f49a716c34af294a835be3080f3ba] 162.253.55.52 "GET /v2.0/floatingips?fixed_ip_address=10.100.0.9&port_id=860b7d27-8105-4f8b-a49a-968ff5ee2b41 HTTP/1.1" status: 200 len: 217 time: 0.0365746
2026-03-04 02:30:19.474 9 INFO neutron.wsgi [req-666c73c0-2da7-4770-923d-34736ec1fc50 req-dba4d180-7ccc-413d-a69a-faab2378fa3a 0bb682022b2b47e4bae5c462e7477c95 3123c77e5de547d99dc5e2d39129b10d - - 116f49a716c34af294a835be3080f3ba 116f49a716c34af294a835be3080f3ba] 162.253.55.52 "GET /v2.0/networks/940a1585-1fab-4b6d-b21f-a9d5852dc72e?fields=segments HTTP/1.1" status: 200 len: 212 time: 0.0982981
2026-03-04 02:30:19.492 9 INFO neutron.wsgi [req-ffcfb79e-940d-4daa-bd7b-6eabd9eb5d1a req-5419fe6c-cb7e-4678-96ca-4bb58853d53f 785e80025bae47c2ae676f5894fd59cd 780063d5e7ed41b7823ac253fb679517 - - default default] 10.0.0.129 "GET /v2.0/ports?device_id=819833ac-6715-4cb8-b07e-706b07ba7843 HTTP/1.1" status: 200 len: 1208 time: 0.1099405
2026-03-04 02:30:19.506 10 INFO neutron.wsgi [req-e11def2e-89a0-4902-9b57-8de6c46c21af req-ce098208-5d71-4e84-8e5c-1056d5e2096e 0bb682022b2b47e4bae5c462e7477c95 3123c77e5de547d99dc5e2d39129b10d - - 116f49a716c34af294a835be3080f3ba 116f49a716c34af294a835be3080f3ba] 162.253.55.52 "GET /v2.0/subnets?id=2d2edff3-3883-46c4-bb69-99f60fda711d HTTP/1.1" status: 200 len: 866 time: 0.0435317
2026-03-04 02:30:19.556 10 INFO neutron.wsgi [req-e11def2e-89a0-4902-9b57-8de6c46c21af req-e50454ce-493d-476c-9e36-640522bfdb11 0bb682022b2b47e4bae5c462e7477c95 3123c77e5de547d99dc5e2d39129b10d - - 116f49a716c34af294a835be3080f3ba 116f49a716c34af294a835be3080f3ba] 162.253.55.52 "GET /v2.0/ports?network_id=b42d4304-300f-4418-9c58-9344623d94eb&device_owner=network%3Adhcp HTTP/1.1" status: 200 len: 210 time: 0.0403452
2026-03-04 02:30:19.559 9 INFO neutron.wsgi [req-ffcfb79e-940d-4daa-bd7b-6eabd9eb5d1a req-7c691b25-9fc3-4fd7-9998-0afed08c75c0 785e80025bae47c2ae676f5894fd59cd 780063d5e7ed41b7823ac253fb679517 - - default default] 10.0.0.129 "GET /v2.0/security-groups?id=02989c0b-59cd-4965-aea0-24c0c70caa21&id=7891f9b0-b71e-4b94-ab75-bac91f79071d&fields=id&fields=name HTTP/1.1" status: 200 len: 405 time: 0.0597513
2026-03-04 02:30:19.566 9 INFO neutron.wsgi [req-666c73c0-2da7-4770-923d-34736ec1fc50 req-23d42ce4-09e4-459d-9da9-3ce09935d20e 0bb682022b2b47e4bae5c462e7477c95 3123c77e5de547d99dc5e2d39129b10d - - 116f49a716c34af294a835be3080f3ba 116f49a716c34af294a835be3080f3ba] 162.253.55.52 "GET /v2.0/networks/940a1585-1fab-4b6d-b21f-a9d5852dc72e?fields=provider%3Aphysical_network&fields=provider%3Anetwork_type HTTP/1.1" status: 200 len: 277 time: 0.0855474
2026-03-04 02:30:19.624 10 INFO neutron.wsgi [req-e11def2e-89a0-4902-9b57-8de6c46c21af req-ddb66cdd-b538-4fa3-9c8b-44e51c40c768 0bb682022b2b47e4bae5c462e7477c95 3123c77e5de547d99dc5e2d39129b10d - - 116f49a716c34af294a835be3080f3ba 116f49a716c34af294a835be3080f3ba] 162.253.55.52 "GET /v2.0/networks/b42d4304-300f-4418-9c58-9344623d94eb?fields=segments HTTP/1.1" status: 200 len: 212 time: 0.0623145
2026-03-04 02:30:19.684 10 INFO neutron.wsgi [req-e11def2e-89a0-4902-9b57-8de6c46c21af req-b4788d71-de26-437f-8f38-0abccb96e4f9 0bb682022b2b47e4bae5c462e7477c95 3123c77e5de547d99dc5e2d39129b10d - - 116f49a716c34af294a835be3080f3ba 116f49a716c34af294a835be3080f3ba] 162.253.55.52 "GET /v2.0/networks/b42d4304-300f-4418-9c58-9344623d94eb?fields=provider%3Aphysical_network&fields=provider%3Anetwork_type HTTP/1.1" status: 200 len: 277 time: 0.0556746
2026-03-04 02:30:19.745 10 INFO neutron.wsgi [req-29c0d7f2-ccaa-49e7-9d96-330b1c102c89 req-0b8ffd42-ca57-462e-98fb-41d53a9a514a 0bb682022b2b47e4bae5c462e7477c95 3123c77e5de547d99dc5e2d39129b10d - - 116f49a716c34af294a835be3080f3ba 116f49a716c34af294a835be3080f3ba] 162.253.55.52 "GET /v2.0/ports?tenant_id=780063d5e7ed41b7823ac253fb679517&device_id=819833ac-6715-4cb8-b07e-706b07ba7843 HTTP/1.1" status: 200 len: 1446 time: 0.0272269
2026-03-04 02:30:19.804 10 INFO neutron.wsgi [req-29c0d7f2-ccaa-49e7-9d96-330b1c102c89 req-bd624ec1-a269-4e7e-b02a-60c1b6b72188 0bb682022b2b47e4bae5c462e7477c95 3123c77e5de547d99dc5e2d39129b10d - - 116f49a716c34af294a835be3080f3ba 116f49a716c34af294a835be3080f3ba] 162.253.55.52 "GET /v2.0/networks?id=b42d4304-300f-4418-9c58-9344623d94eb HTTP/1.1" status: 200 len: 971 time: 0.0538659
2026-03-04 02:30:19.834 10 INFO neutron.wsgi [req-29c0d7f2-ccaa-49e7-9d96-330b1c102c89 req-825bea46-15bc-417d-9c74-8b7e3a8cc324 0bb682022b2b47e4bae5c462e7477c95 3123c77e5de547d99dc5e2d39129b10d - - 116f49a716c34af294a835be3080f3ba 116f49a716c34af294a835be3080f3ba] 162.253.55.52 "GET /v2.0/floatingips?fixed_ip_address=10.100.0.9&port_id=860b7d27-8105-4f8b-a49a-968ff5ee2b41 HTTP/1.1" status: 200 len: 217 time: 0.0239928
2026-03-04 02:30:19.870 9 INFO neutron.wsgi [req-24ea8dbf-4ef5-4fd8-a63d-282bff094b1c req-2c71919f-b3cd-44bb-870b-29d2f03d38cc 0bb682022b2b47e4bae5c462e7477c95 3123c77e5de547d99dc5e2d39129b10d - - 116f49a716c34af294a835be3080f3ba 116f49a716c34af294a835be3080f3ba] 162.253.55.52 "GET /v2.0/ports?device_id=819833ac-6715-4cb8-b07e-706b07ba7843 HTTP/1.1" status: 200 len: 1446 time: 0.0429549
2026-03-04 02:30:19.871 10 INFO neutron.wsgi [req-29c0d7f2-ccaa-49e7-9d96-330b1c102c89 req-224ca25d-4008-43e8-8190-5220f86e4382 0bb682022b2b47e4bae5c462e7477c95 3123c77e5de547d99dc5e2d39129b10d - - 116f49a716c34af294a835be3080f3ba 116f49a716c34af294a835be3080f3ba] 162.253.55.52 "GET /v2.0/subnets?id=2d2edff3-3883-46c4-bb69-99f60fda711d HTTP/1.1" status: 200 len: 866 time: 0.0310624
2026-03-04 02:30:19.901 10 INFO neutron.wsgi [req-29c0d7f2-ccaa-49e7-9d96-330b1c102c89 req-deab519e-2b82-4bc0-996e-7db90f981e8e 0bb682022b2b47e4bae5c462e7477c95 3123c77e5de547d99dc5e2d39129b10d - - 116f49a716c34af294a835be3080f3ba 116f49a716c34af294a835be3080f3ba] 162.253.55.52 "GET /v2.0/ports?network_id=b42d4304-300f-4418-9c58-9344623d94eb&device_owner=network%3Adhcp HTTP/1.1" status: 200 len: 210 time: 0.0213692
2026-03-04 02:30:19.921 9 INFO neutron.wsgi [req-24ea8dbf-4ef5-4fd8-a63d-282bff094b1c req-fe6c0097-c881-4555-8235-4d3fb910fb5f 0bb682022b2b47e4bae5c462e7477c95 3123c77e5de547d99dc5e2d39129b10d - - 116f49a716c34af294a835be3080f3ba 116f49a716c34af294a835be3080f3ba] 162.253.55.52 "GET /v2.0/security-groups?id=7891f9b0-b71e-4b94-ab75-bac91f79071d&id=02989c0b-59cd-4965-aea0-24c0c70caa21&fields=id&fields=name HTTP/1.1" status: 200 len: 405 time: 0.0421209
2026-03-04 02:30:19.976 10 INFO neutron.wsgi [req-29c0d7f2-ccaa-49e7-9d96-330b1c102c89 req-8ba6e1b1-4865-4bc7-b680-1a308525d396 0bb682022b2b47e4bae5c462e7477c95 3123c77e5de547d99dc5e2d39129b10d - - 116f49a716c34af294a835be3080f3ba 116f49a716c34af294a835be3080f3ba] 162.253.55.52 "GET /v2.0/networks/b42d4304-300f-4418-9c58-9344623d94eb?fields=segments HTTP/1.1" status: 200 len: 212 time: 0.0661647
2026-03-04 02:30:20.075 10 INFO neutron.wsgi [req-29c0d7f2-ccaa-49e7-9d96-330b1c102c89 req-55cbb6f0-9a8e-4565-af49-e6b5bbd28d9d 0bb682022b2b47e4bae5c462e7477c95 3123c77e5de547d99dc5e2d39129b10d - - 116f49a716c34af294a835be3080f3ba 116f49a716c34af294a835be3080f3ba] 162.253.55.52 "GET /v2.0/networks/b42d4304-300f-4418-9c58-9344623d94eb?fields=provider%3Aphysical_network&fields=provider%3Anetwork_type HTTP/1.1" status: 200 len: 277 time: 0.0934904
2026-03-04 02:30:20.409 9 INFO neutron.db.ovn_revision_numbers_db [None req-3b8670ee-1dd7-4413-b093-3bc706f4bd0e f28aea73a63a436a90c4f3da5fb273bc 509bf5eb981d4be5aa6b2344ba9e6d7c - - default default] Successfully bumped revision number for resource 2c4a915b-b41c-414d-9be2-a7be0b00b91a (type: security_groups) to 1
2026-03-04 02:30:20.422 9 INFO neutron.db.ovn_revision_numbers_db [None req-3b8670ee-1dd7-4413-b093-3bc706f4bd0e f28aea73a63a436a90c4f3da5fb273bc 509bf5eb981d4be5aa6b2344ba9e6d7c - - default default] Successfully bumped revision number for resource 06a378a4-06f6-4196-ae2b-1cb7ce31f2c9 (type: security_group_rules) to 0
2026-03-04 02:30:20.435 9 INFO neutron.db.ovn_revision_numbers_db [None req-3b8670ee-1dd7-4413-b093-3bc706f4bd0e f28aea73a63a436a90c4f3da5fb273bc 509bf5eb981d4be5aa6b2344ba9e6d7c - - default default] Successfully bumped revision number for resource 15fd1eb5-c930-43d2-b629-4dbe428805cf (type: security_group_rules) to 0
2026-03-04 02:30:20.458 9 INFO neutron.db.ovn_revision_numbers_db [None req-3b8670ee-1dd7-4413-b093-3bc706f4bd0e f28aea73a63a436a90c4f3da5fb273bc 509bf5eb981d4be5aa6b2344ba9e6d7c - - default default] Successfully bumped revision number for resource a0f91dfa-841a-4842-b987-1b8da56e7fa8 (type: security_group_rules) to 0
2026-03-04 02:30:20.471 9 INFO neutron.db.ovn_revision_numbers_db [None req-3b8670ee-1dd7-4413-b093-3bc706f4bd0e f28aea73a63a436a90c4f3da5fb273bc 509bf5eb981d4be5aa6b2344ba9e6d7c - - default default] Successfully bumped revision number for resource e4011893-92ad-46dc-bcf0-65438c979afe (type: security_group_rules) to 0
2026-03-04 02:30:20.522 9 INFO neutron.db.segments_db [None req-3b8670ee-1dd7-4413-b093-3bc706f4bd0e f28aea73a63a436a90c4f3da5fb273bc 509bf5eb981d4be5aa6b2344ba9e6d7c - - default default] Added segment bff935c0-5c4f-469e-adad-848f9dd6d69a of type geneve for network 5d9809c3-dd7e-499f-bf65-3d7197e101bf
2026-03-04 02:30:20.663 10 INFO neutron.wsgi [req-0f6bbc35-b8e6-407d-a1a7-82f3bbd2c6a5 req-a70b825c-46a0-4a4d-ab73-9bfadd7305dd 785e80025bae47c2ae676f5894fd59cd 780063d5e7ed41b7823ac253fb679517 - - default default] 10.0.0.129 "GET /v2.0/ports?device_id=819833ac-6715-4cb8-b07e-706b07ba7843 HTTP/1.1" status: 200 len: 1208 time: 0.0424762
2026-03-04 02:30:20.663 9 INFO neutron.db.ovn_revision_numbers_db [None req-3b8670ee-1dd7-4413-b093-3bc706f4bd0e f28aea73a63a436a90c4f3da5fb273bc 509bf5eb981d4be5aa6b2344ba9e6d7c - - default default] Successfully bumped revision number for resource 5d9809c3-dd7e-499f-bf65-3d7197e101bf (type: networks) to 1
2026-03-04 02:30:20.707 10 INFO neutron.wsgi [req-0f6bbc35-b8e6-407d-a1a7-82f3bbd2c6a5 req-a405c550-c8cf-4f15-bf03-bb3017c1a560 785e80025bae47c2ae676f5894fd59cd 780063d5e7ed41b7823ac253fb679517 - - default default] 10.0.0.129 "GET /v2.0/security-groups?id=02989c0b-59cd-4965-aea0-24c0c70caa21&id=7891f9b0-b71e-4b94-ab75-bac91f79071d&fields=id&fields=name HTTP/1.1" status: 200 len: 405 time: 0.0376503
2026-03-04 02:30:20.843 9 WARNING neutron.scheduler.dhcp_agent_scheduler [None req-3b8670ee-1dd7-4413-b093-3bc706f4bd0e f28aea73a63a436a90c4f3da5fb273bc 509bf5eb981d4be5aa6b2344ba9e6d7c - - default default] No more DHCP agents
2026-03-04 02:30:20.846 9 WARNING neutron.api.rpc.agentnotifiers.dhcp_rpc_agent_api [None req-3b8670ee-1dd7-4413-b093-3bc706f4bd0e f28aea73a63a436a90c4f3da5fb273bc 509bf5eb981d4be5aa6b2344ba9e6d7c - - default default] Unable to schedule network 5d9809c3-dd7e-499f-bf65-3d7197e101bf: no agents available; will retry on subsequent port and subnet creation events.
2026-03-04 02:30:20.934 9 INFO neutron.db.ovn_revision_numbers_db [None req-3b8670ee-1dd7-4413-b093-3bc706f4bd0e f28aea73a63a436a90c4f3da5fb273bc 509bf5eb981d4be5aa6b2344ba9e6d7c - - default default] Successfully bumped revision number for resource 0c8b33b6-333e-495d-bb89-9bef47111c51 (type: ports) to 1
2026-03-04 02:30:20.963 9 INFO neutron.wsgi [None req-3b8670ee-1dd7-4413-b093-3bc706f4bd0e f28aea73a63a436a90c4f3da5fb273bc 509bf5eb981d4be5aa6b2344ba9e6d7c - - default default] 10.0.0.30 "POST /v2.0/networks HTTP/1.1" status: 201 len: 832 time: 0.8896136
2026-03-04 02:30:21.437 9 WARNING neutron.scheduler.dhcp_agent_scheduler [None req-b85b42c7-f8cd-49c3-a46b-cb902bc8bb1f f28aea73a63a436a90c4f3da5fb273bc 509bf5eb981d4be5aa6b2344ba9e6d7c - - default default] No more DHCP agents
2026-03-04 02:30:21.440 9 WARNING neutron.api.rpc.agentnotifiers.dhcp_rpc_agent_api [None req-b85b42c7-f8cd-49c3-a46b-cb902bc8bb1f f28aea73a63a436a90c4f3da5fb273bc 509bf5eb981d4be5aa6b2344ba9e6d7c - - default default] Unable to schedule network a1d31c68-8dc4-46b4-b8ed-cdcc896b677f: no agents available; will retry on subsequent port and subnet creation events.
2026-03-04 02:30:21.597 9 INFO neutron.db.ovn_revision_numbers_db [None req-b85b42c7-f8cd-49c3-a46b-cb902bc8bb1f f28aea73a63a436a90c4f3da5fb273bc 509bf5eb981d4be5aa6b2344ba9e6d7c - - default default] Successfully bumped revision number for resource ec13b43e-f3ab-476c-acb2-11b8993fb34e (type: ports) to 1
2026-03-04 02:30:21.825 9 INFO neutron.wsgi [req-75bd18d1-7bd8-4c50-b51b-1374f7aa8417 req-308f6380-1569-492c-a340-6752814bbca5 785e80025bae47c2ae676f5894fd59cd 780063d5e7ed41b7823ac253fb679517 - - default default] 10.0.0.129 "GET /v2.0/ports?device_id=819833ac-6715-4cb8-b07e-706b07ba7843 HTTP/1.1" status: 200 len: 1208 time: 0.0454826
2026-03-04 02:30:21.960 10 INFO neutron.wsgi [req-13e68eff-fe6e-4c40-8514-da2935a95c2d req-5a7feda6-bbfb-4838-a2d0-4102bad202db 1b4f2c5ed4614f95aa6a87b3e1aa3ba6 3d2b5db0d0214cca9a4973eb852d8754 - - default default] 10.0.0.129 "GET /v2.0/ports?device_id=c696c3f6-215e-4f3b-b23c-7b19e384f3fd HTTP/1.1" status: 200 len: 1394 time: 0.0817311
2026-03-04 02:30:22.008 10 INFO neutron.wsgi [req-13e68eff-fe6e-4c40-8514-da2935a95c2d req-a953a1da-5929-46b1-9831-a971c3bc0666 1b4f2c5ed4614f95aa6a87b3e1aa3ba6 3d2b5db0d0214cca9a4973eb852d8754 - - default default] 10.0.0.129 "GET /v2.0/security-groups?id=f78d0be7-fc47-4ce8-8762-ab1c1dfd8980&fields=id&fields=name HTTP/1.1" status: 200 len: 311 time: 0.0412922
2026-03-04 02:30:22.102 9 WARNING neutron.plugins.ml2.drivers.ovn.mech_driver.ovsdb.ovn_client [None req-92c0e464-e21e-437f-bb49-1cdcdc62b54c - - - - - -] No hosting information found for port 1ba74ccc-4962-4c22-8ace-bb8f0c826505: RuntimeError: No hosting information found for port 1ba74ccc-4962-4c22-8ace-bb8f0c826505
2026-03-04 02:30:22.102 9 INFO neutron.plugins.ml2.drivers.ovn.mech_driver.mech_driver [None req-92c0e464-e21e-437f-bb49-1cdcdc62b54c - - - - - -] OVN reports status up for port: 860b7d27-8105-4f8b-a49a-968ff5ee2b41
2026-03-04 02:30:22.112 9 INFO neutron.wsgi [req-75bd18d1-7bd8-4c50-b51b-1374f7aa8417 req-3bafc3a7-85e1-439e-9150-1168634af552 785e80025bae47c2ae676f5894fd59cd 780063d5e7ed41b7823ac253fb679517 - - default default] 10.0.0.129 "GET /v2.0/security-groups?id=02989c0b-59cd-4965-aea0-24c0c70caa21&id=7891f9b0-b71e-4b94-ab75-bac91f79071d&fields=id&fields=name HTTP/1.1" status: 200 len: 405 time: 0.2789896
2026-03-04 02:30:22.129 9 INFO neutron.plugins.ml2.plugin [None req-92c0e464-e21e-437f-bb49-1cdcdc62b54c - - - - - -] Attempt 1 to provision port 860b7d27-8105-4f8b-a49a-968ff5ee2b41
2026-03-04 02:30:22.258 9 INFO neutron.notifiers.nova [-] Nova event matching ['req-6808a58a-2b37-4fbf-87a3-10df33a5c2ee'] response: {'server_uuid': '819833ac-6715-4cb8-b07e-706b07ba7843', 'name': 'network-vif-plugged', 'status': 'completed', 'tag': '860b7d27-8105-4f8b-a49a-968ff5ee2b41', 'code': 200}
2026-03-04 02:30:22.492 9 INFO neutron.plugins.ml2.drivers.ovn.mech_driver.ovsdb.ovsdb_monitor [None req-8feed29a-4fe5-4f0a-b02d-f74796502d7e - - - - - -] Router 72a9d352-9483-4bc8-89a0-405d031e2e6e is bound to host instance
2026-03-04 02:30:22.508 9 INFO neutron.db.ovn_revision_numbers_db [None req-92c0e464-e21e-437f-bb49-1cdcdc62b54c - - - - - -] Successfully bumped revision number for resource 860b7d27-8105-4f8b-a49a-968ff5ee2b41 (type: ports) to 4
2026-03-04 02:30:22.520 9 INFO neutron.db.ovn_revision_numbers_db [None req-b85b42c7-f8cd-49c3-a46b-cb902bc8bb1f f28aea73a63a436a90c4f3da5fb273bc 509bf5eb981d4be5aa6b2344ba9e6d7c - - default default] Successfully bumped revision number for resource ec13b43e-f3ab-476c-acb2-11b8993fb34e (type: router_ports) to 1
2026-03-04 02:30:22.591 9 INFO neutron.plugins.ml2.drivers.ovn.mech_driver.mech_driver [None req-92c0e464-e21e-437f-bb49-1cdcdc62b54c - - - - - -] OVN reports status up for port: ec13b43e-f3ab-476c-acb2-11b8993fb34e
2026-03-04 02:30:22.612 9 INFO neutron.plugins.ml2.plugin [None req-92c0e464-e21e-437f-bb49-1cdcdc62b54c - - - - - -] Attempt 1 to provision port ec13b43e-f3ab-476c-acb2-11b8993fb34e
2026-03-04 02:30:22.639 9 INFO neutron.db.ovn_revision_numbers_db [None req-b85b42c7-f8cd-49c3-a46b-cb902bc8bb1f f28aea73a63a436a90c4f3da5fb273bc 509bf5eb981d4be5aa6b2344ba9e6d7c - - default default] Successfully bumped revision number for resource 72a9d352-9483-4bc8-89a0-405d031e2e6e (type: routers) to 2
2026-03-04 02:30:22.665 9 INFO neutron.wsgi [None req-b85b42c7-f8cd-49c3-a46b-cb902bc8bb1f f28aea73a63a436a90c4f3da5fb273bc 509bf5eb981d4be5aa6b2344ba9e6d7c - - default default] 10.0.0.30 "POST /v2.0/routers HTTP/1.1" status: 201 len: 875 time: 1.6963151
2026-03-04 02:30:22.737 10 INFO neutron.wsgi [None req-117e0051-396d-4383-bdac-c3d403493f95 5b9f49563d254cdf8ba7c09864a9139a 6365783ed8824a3db381655459fee9df - - default default] 10.0.0.30 "GET /v2.0/subnets?project_id=509bf5eb981d4be5aa6b2344ba9e6d7c&cidr=10.100.0.0%2F28 HTTP/1.1" status: 200 len: 207 time: 0.0651333
2026-03-04 02:30:23.091 9 INFO neutron.db.ovn_revision_numbers_db [None req-8feed29a-4fe5-4f0a-b02d-f74796502d7e - - - - - -] Successfully bumped revision number for resource ec13b43e-f3ab-476c-acb2-11b8993fb34e (type: ports) to 1
2026-03-04 02:30:23.097 10 INFO neutron.wsgi [None req-ee6d773c-c46a-4ef0-868d-db3a1714aaf1 5b9f49563d254cdf8ba7c09864a9139a 6365783ed8824a3db381655459fee9df - - default default] 10.0.0.30 "GET /v2.0/networks?router%3Aexternal=True HTTP/1.1" status: 200 len: 947 time: 0.3540449
2026-03-04 02:30:23.100 10 WARNING neutron.plugins.ml2.drivers.ovn.mech_driver.ovsdb.ovn_client [None req-575fdd68-b365-41c0-9928-8a1fdfa9f95e - - - - - -] No hosting information found for port 853ad26a-e017-4de7-ab12-8c564c85fe2e: RuntimeError: No hosting information found for port 853ad26a-e017-4de7-ab12-8c564c85fe2e
2026-03-04 02:30:23.100 10 INFO neutron.plugins.ml2.drivers.ovn.mech_driver.mech_driver [None req-575fdd68-b365-41c0-9928-8a1fdfa9f95e - - - - - -] OVN reports status up for port: c941e4d2-e162-4db0-a50a-ee0ea859bbbe
2026-03-04 02:30:23.108 10 INFO neutron.plugins.ml2.plugin [None req-575fdd68-b365-41c0-9928-8a1fdfa9f95e - - - - - -] Attempt 1 to provision port c941e4d2-e162-4db0-a50a-ee0ea859bbbe /var/lib/openstack/lib/python3.10/site-packages/pycadf/identifier.py:71: UserWarning: Invalid uuid: neutron. To ensure interoperability, identifiers should be a valid uuid. warnings.warn(('Invalid uuid: %s. To ensure interoperability, '
2026-03-04 02:30:23.131 9 INFO neutron.wsgi [None req-aea85507-c836-42cb-9245-2865e885b072 5b9f49563d254cdf8ba7c09864a9139a 6365783ed8824a3db381655459fee9df - - default default] 10.0.0.30 "GET /v2.0/subnets?network_id=a1d31c68-8dc4-46b4-b8ed-cdcc896b677f&cidr=10.100.0.0%2F28 HTTP/1.1" status: 200 len: 207 time: 0.0220027
2026-03-04 02:30:23.249 10 INFO neutron.notifiers.nova [-] Nova event matching ['req-a5dda0aa-3698-4c58-a196-c0fc9bd05a50'] response: {'server_uuid': 'c696c3f6-215e-4f3b-b23c-7b19e384f3fd', 'name': 'network-vif-plugged', 'status': 'completed', 'tag': 'c941e4d2-e162-4db0-a50a-ee0ea859bbbe', 'code': 200}
2026-03-04 02:30:23.251 9 INFO neutron.wsgi [req-eb9345a6-a950-48b1-94cf-b84fe9480c33 req-b0c16400-5167-43bf-9696-bd877bbf53f1 785e80025bae47c2ae676f5894fd59cd 780063d5e7ed41b7823ac253fb679517 - - default default] 10.0.0.129 "GET /v2.0/ports?device_id=819833ac-6715-4cb8-b07e-706b07ba7843 HTTP/1.1" status: 200 len: 1210 time: 0.0421495
2026-03-04 02:30:23.323 9 INFO neutron.wsgi [req-eb9345a6-a950-48b1-94cf-b84fe9480c33 req-13100d3f-7b9c-4220-8b0c-dc0c8b573c8a 785e80025bae47c2ae676f5894fd59cd 780063d5e7ed41b7823ac253fb679517 - - default default] 10.0.0.129 "GET /v2.0/security-groups?id=02989c0b-59cd-4965-aea0-24c0c70caa21&id=7891f9b0-b71e-4b94-ab75-bac91f79071d&fields=id&fields=name HTTP/1.1" status: 200 len: 405 time: 0.0673356
2026-03-04 02:30:23.370 9 INFO neutron.db.ovn_revision_numbers_db [None req-8feed29a-4fe5-4f0a-b02d-f74796502d7e - - - - - -] Successfully bumped revision number for resource ec13b43e-f3ab-476c-acb2-11b8993fb34e (type: router_ports) to 3
2026-03-04 02:30:23.451 10 WARNING neutron.scheduler.dhcp_agent_scheduler [None req-4f52afa9-42a5-4e00-ba30-16be7ffaf0c4 f28aea73a63a436a90c4f3da5fb273bc 509bf5eb981d4be5aa6b2344ba9e6d7c - - default default] No more DHCP agents
2026-03-04 02:30:23.458 10 WARNING neutron.api.rpc.agentnotifiers.dhcp_rpc_agent_api [None req-4f52afa9-42a5-4e00-ba30-16be7ffaf0c4 f28aea73a63a436a90c4f3da5fb273bc 509bf5eb981d4be5aa6b2344ba9e6d7c - - default default] Unable to schedule network 5d9809c3-dd7e-499f-bf65-3d7197e101bf: no agents available; will retry on subsequent port and subnet creation events.
2026-03-04 02:30:23.461 10 INFO neutron.db.ovn_revision_numbers_db [None req-575fdd68-b365-41c0-9928-8a1fdfa9f95e - - - - - -] Successfully bumped revision number for resource c941e4d2-e162-4db0-a50a-ee0ea859bbbe (type: ports) to 4
2026-03-04 02:30:23.529 9 INFO neutron.db.ovn_revision_numbers_db [None req-8feed29a-4fe5-4f0a-b02d-f74796502d7e - - - - - -] Successfully bumped revision number for resource ec13b43e-f3ab-476c-acb2-11b8993fb34e (type: ports) to 2
2026-03-04 02:30:23.564 10 INFO neutron.wsgi [req-a59b8dbb-1af0-40cf-934b-c3d5b16d0ece req-8b04369b-7c33-4b66-817e-0f551ac40a18 785e80025bae47c2ae676f5894fd59cd 780063d5e7ed41b7823ac253fb679517 - - default default] 10.0.0.129 "GET /v2.0/ports?device_id=819833ac-6715-4cb8-b07e-706b07ba7843 HTTP/1.1" status: 200 len: 1210 time: 0.1689124
2026-03-04 02:30:23.870 9 INFO neutron.db.l3_db [None req-c259730f-ac2c-4ff1-9882-532b5e9bbba6 785e80025bae47c2ae676f5894fd59cd 780063d5e7ed41b7823ac253fb679517 - - default default] Floating IP da0ff736-a82b-4601-ba5c-26b01b5d584a associated. External IP: 10.96.250.203, port: 860b7d27-8105-4f8b-a49a-968ff5ee2b41.
2026-03-04 02:30:23.886 9 INFO neutron.db.ovn_revision_numbers_db [None req-8feed29a-4fe5-4f0a-b02d-f74796502d7e - - - - - -] Successfully bumped revision number for resource ec13b43e-f3ab-476c-acb2-11b8993fb34e (type: ports) to 4
2026-03-04 02:30:23.978 10 INFO neutron.db.ovn_revision_numbers_db [None req-4f52afa9-42a5-4e00-ba30-16be7ffaf0c4 f28aea73a63a436a90c4f3da5fb273bc 509bf5eb981d4be5aa6b2344ba9e6d7c - - default default] Successfully bumped revision number for resource 0c8b33b6-333e-495d-bb89-9bef47111c51 (type: ports) to 2
2026-03-04 02:30:24.010 10 INFO neutron.db.ovn_revision_numbers_db [None req-4f52afa9-42a5-4e00-ba30-16be7ffaf0c4 f28aea73a63a436a90c4f3da5fb273bc 509bf5eb981d4be5aa6b2344ba9e6d7c - - default default] Successfully bumped revision number for resource d7515a72-788f-49de-94d2-2a41e1b17ac4 (type: subnets) to 0
2026-03-04 02:30:24.026 10 INFO neutron.wsgi [None req-4f52afa9-42a5-4e00-ba30-16be7ffaf0c4 f28aea73a63a436a90c4f3da5fb273bc 509bf5eb981d4be5aa6b2344ba9e6d7c - - default default] 10.0.0.30 "POST /v2.0/subnets HTTP/1.1" status: 201 len: 832 time: 0.8910279 /var/lib/openstack/lib/python3.10/site-packages/pycadf/identifier.py:71: UserWarning: Invalid uuid: neutron. To ensure interoperability, identifiers should be a valid uuid. warnings.warn(('Invalid uuid: %s. To ensure interoperability, '
2026-03-04 02:30:24.335 9 INFO neutron.notifiers.nova [-] Nova event matching ['req-1194801f-04c6-460c-bbff-230768c45363'] response: {'server_uuid': '819833ac-6715-4cb8-b07e-706b07ba7843', 'name': 'network-vif-plugged', 'status': 'completed', 'tag': '860b7d27-8105-4f8b-a49a-968ff5ee2b41', 'code': 200}
2026-03-04 02:30:24.422 9 INFO neutron.db.ovn_revision_numbers_db [None req-c259730f-ac2c-4ff1-9882-532b5e9bbba6 785e80025bae47c2ae676f5894fd59cd 780063d5e7ed41b7823ac253fb679517 - - default default] Successfully bumped revision number for resource da0ff736-a82b-4601-ba5c-26b01b5d584a (type: floatingips) to 1
2026-03-04 02:30:24.426 9 INFO neutron.db.ovn_revision_numbers_db [None req-8feed29a-4fe5-4f0a-b02d-f74796502d7e - - - - - -] Successfully bumped revision number for resource ec13b43e-f3ab-476c-acb2-11b8993fb34e (type: router_ports) to 4
2026-03-04 02:30:24.449 10 WARNING neutron.scheduler.dhcp_agent_scheduler [None req-0de4b7f5-e2b6-4c92-8818-d9e19c827308 f28aea73a63a436a90c4f3da5fb273bc 509bf5eb981d4be5aa6b2344ba9e6d7c - - default default] No more DHCP agents
2026-03-04 02:30:24.453 10 WARNING neutron.api.rpc.agentnotifiers.dhcp_rpc_agent_api [None req-0de4b7f5-e2b6-4c92-8818-d9e19c827308 f28aea73a63a436a90c4f3da5fb273bc 509bf5eb981d4be5aa6b2344ba9e6d7c - - default default] Unable to schedule network 5d9809c3-dd7e-499f-bf65-3d7197e101bf: no agents available; will retry on subsequent port and subnet creation events.
2026-03-04 02:30:24.552 9 INFO neutron.db.ovn_revision_numbers_db [None req-c259730f-ac2c-4ff1-9882-532b5e9bbba6 785e80025bae47c2ae676f5894fd59cd 780063d5e7ed41b7823ac253fb679517 - - default default] Successfully bumped revision number for resource da0ff736-a82b-4601-ba5c-26b01b5d584a (type: floatingips) to 2
2026-03-04 02:30:24.574 9 INFO neutron.wsgi [None req-c259730f-ac2c-4ff1-9882-532b5e9bbba6 785e80025bae47c2ae676f5894fd59cd 780063d5e7ed41b7823ac253fb679517 - - default default] 10.0.0.30 "PUT /v2.0/floatingips/da0ff736-a82b-4601-ba5c-26b01b5d584a HTTP/1.1" status: 200 len: 1049 time: 0.9932823
2026-03-04 02:30:24.616 10 INFO neutron.db.ovn_revision_numbers_db [None req-0de4b7f5-e2b6-4c92-8818-d9e19c827308 f28aea73a63a436a90c4f3da5fb273bc 509bf5eb981d4be5aa6b2344ba9e6d7c - - default default] Successfully bumped revision number for resource e5e1f116-5e93-4f7b-b11f-feb4bbf1a090 (type: ports) to 1
2026-03-04 02:30:25.035 10 INFO neutron.db.ovn_revision_numbers_db [None req-0de4b7f5-e2b6-4c92-8818-d9e19c827308 f28aea73a63a436a90c4f3da5fb273bc 509bf5eb981d4be5aa6b2344ba9e6d7c - - default default] Successfully bumped revision number for resource e5e1f116-5e93-4f7b-b11f-feb4bbf1a090 (type: router_ports) to 1
2026-03-04 02:30:25.127 9 INFO neutron.plugins.ml2.drivers.ovn.mech_driver.mech_driver [None req-92c0e464-e21e-437f-bb49-1cdcdc62b54c - - - - - -] OVN reports status up for port: e5e1f116-5e93-4f7b-b11f-feb4bbf1a090
2026-03-04 02:30:25.139 9 INFO neutron.plugins.ml2.plugin [None req-92c0e464-e21e-437f-bb49-1cdcdc62b54c - - - - - -] Attempt 1 to provision port e5e1f116-5e93-4f7b-b11f-feb4bbf1a090
2026-03-04 02:30:25.193 10 INFO neutron.db.ovn_revision_numbers_db [None req-0de4b7f5-e2b6-4c92-8818-d9e19c827308 f28aea73a63a436a90c4f3da5fb273bc 509bf5eb981d4be5aa6b2344ba9e6d7c - - default default] Successfully bumped revision number for resource e5e1f116-5e93-4f7b-b11f-feb4bbf1a090 (type: ports) to 1
2026-03-04 02:30:25.257 10 WARNING neutron.scheduler.dhcp_agent_scheduler [None req-0de4b7f5-e2b6-4c92-8818-d9e19c827308 f28aea73a63a436a90c4f3da5fb273bc 509bf5eb981d4be5aa6b2344ba9e6d7c - - default default] No more DHCP agents
2026-03-04 02:30:25.258 10 WARNING neutron.api.rpc.agentnotifiers.dhcp_rpc_agent_api [None req-0de4b7f5-e2b6-4c92-8818-d9e19c827308 f28aea73a63a436a90c4f3da5fb273bc 509bf5eb981d4be5aa6b2344ba9e6d7c - - default default] Unable to schedule network 5d9809c3-dd7e-499f-bf65-3d7197e101bf: no agents available; will retry on subsequent port and subnet creation events.
2026-03-04 02:30:25.283 10 INFO neutron.notifiers.nova [-] Nova event matching ['req-8f362836-a9a1-4b9f-97b4-f9d781e97479'] response: {'server_uuid': 'c696c3f6-215e-4f3b-b23c-7b19e384f3fd', 'name': 'network-vif-plugged', 'status': 'completed', 'tag': 'c941e4d2-e162-4db0-a50a-ee0ea859bbbe', 'code': 200}
2026-03-04 02:30:25.410 9 INFO neutron.db.ovn_revision_numbers_db [None req-92c0e464-e21e-437f-bb49-1cdcdc62b54c - - - - - -] Successfully bumped revision number for resource e5e1f116-5e93-4f7b-b11f-feb4bbf1a090 (type: ports) to 2
2026-03-04 02:30:25.534 9 INFO neutron.db.ovn_revision_numbers_db [None req-92c0e464-e21e-437f-bb49-1cdcdc62b54c - - - - - -] Successfully bumped revision number for resource e5e1f116-5e93-4f7b-b11f-feb4bbf1a090 (type: router_ports) to 2
2026-03-04 02:30:25.567 10 INFO neutron.db.ovn_revision_numbers_db [None req-0de4b7f5-e2b6-4c92-8818-d9e19c827308 f28aea73a63a436a90c4f3da5fb273bc 509bf5eb981d4be5aa6b2344ba9e6d7c - - default default] Successfully bumped revision number for resource e5e1f116-5e93-4f7b-b11f-feb4bbf1a090 (type: router_ports) to 2
2026-03-04 02:30:25.569 10 INFO neutron.wsgi [None req-0de4b7f5-e2b6-4c92-8818-d9e19c827308 f28aea73a63a436a90c4f3da5fb273bc 509bf5eb981d4be5aa6b2344ba9e6d7c - - default default] 10.0.0.30 "PUT /v2.0/routers/72a9d352-9483-4bc8-89a0-405d031e2e6e/add_router_interface HTTP/1.1" status: 200 len: 503 time: 1.5378768
2026-03-04 02:30:25.670 10 INFO neutron.wsgi [None req-12fe8326-cbb3-44aa-bfd0-e2abf3dea8e9 5b9f49563d254cdf8ba7c09864a9139a 6365783ed8824a3db381655459fee9df - - default default] 10.0.0.30 "GET /v2.0/networks HTTP/1.1" status: 200 len: 7002 time: 0.0961351
2026-03-04 02:30:25.725 10 INFO neutron.wsgi [None req-7823ac53-3e8c-4955-9a94-83f962dd1da6 5b9f49563d254cdf8ba7c09864a9139a 6365783ed8824a3db381655459fee9df - - default default] 10.0.0.30 "GET /v2.0/subnets HTTP/1.1" status: 200 len: 7465 time: 0.0497861
2026-03-04 02:30:25.864 10 INFO neutron.wsgi [None req-287e8576-9f3e-4691-a79b-f00f6d5080ff 5b9f49563d254cdf8ba7c09864a9139a 6365783ed8824a3db381655459fee9df - - default default] 10.0.0.30 "GET /v2.0/routers HTTP/1.1" status: 200 len: 2883 time: 0.1340427
2026-03-04 02:30:26.040 10 INFO neutron.db.ovn_revision_numbers_db [None req-20b0adfb-b4ac-459a-88e7-e8bfd2d4c34c f28aea73a63a436a90c4f3da5fb273bc 509bf5eb981d4be5aa6b2344ba9e6d7c - - default default] Successfully bumped revision number for resource 3909d26a-f6bd-42a1-813f-66aff2c57946 (type: security_groups) to 1
2026-03-04 02:30:26.063 10 INFO neutron.db.ovn_revision_numbers_db [None req-20b0adfb-b4ac-459a-88e7-e8bfd2d4c34c f28aea73a63a436a90c4f3da5fb273bc 509bf5eb981d4be5aa6b2344ba9e6d7c - - default default] Successfully bumped revision number for resource 6d5f02f6-a242-4014-989c-cc7a20dbb1a5 (type: security_group_rules) to 0
2026-03-04 02:30:26.081 10 INFO neutron.db.ovn_revision_numbers_db [None req-20b0adfb-b4ac-459a-88e7-e8bfd2d4c34c f28aea73a63a436a90c4f3da5fb273bc 509bf5eb981d4be5aa6b2344ba9e6d7c - - default default] Successfully bumped revision number for resource c9fe2056-28ef-42e1-8c84-19e8ecc0872f (type: security_group_rules) to 0
2026-03-04 02:30:26.101 10 INFO neutron.wsgi [None req-20b0adfb-b4ac-459a-88e7-e8bfd2d4c34c f28aea73a63a436a90c4f3da5fb273bc 509bf5eb981d4be5aa6b2344ba9e6d7c - - default default] 10.0.0.30 "POST /v2.0/security-groups HTTP/1.1" status: 201 len: 1811 time: 0.1700373
2026-03-04 02:30:26.234 10 INFO neutron.db.ovn_revision_numbers_db [None req-af1e2008-0dda-4a1a-8e8b-1b1cf80bb7a0 f28aea73a63a436a90c4f3da5fb273bc 509bf5eb981d4be5aa6b2344ba9e6d7c - - default default] Successfully bumped revision number for resource f81f54cd-e085-4810-b96c-37e3bcce5172 (type: security_group_rules) to 0
2026-03-04 02:30:26.258 10 INFO neutron.wsgi [None req-af1e2008-0dda-4a1a-8e8b-1b1cf80bb7a0 f28aea73a63a436a90c4f3da5fb273bc 509bf5eb981d4be5aa6b2344ba9e6d7c - - default default] 10.0.0.30 "POST /v2.0/security-group-rules HTTP/1.1" status: 201 len: 764 time: 0.1518044
2026-03-04 02:30:26.380 9 INFO neutron.notifiers.nova [-] Nova event matching ['req-c142ece1-b19b-4b94-bc9c-38bd1418ff3d'] response: {'name': 'network-changed', 'server_uuid': '819833ac-6715-4cb8-b07e-706b07ba7843', 'tag': '860b7d27-8105-4f8b-a49a-968ff5ee2b41', 'status': 'completed', 'code': 200}
2026-03-04 02:30:26.383 10 INFO neutron.db.ovn_revision_numbers_db [None req-5df636af-23b7-4f3b-9249-5a5f332de44f f28aea73a63a436a90c4f3da5fb273bc 509bf5eb981d4be5aa6b2344ba9e6d7c - - default default] Successfully bumped revision number for resource 3bf3bba6-9056-4411-ab68-a23861febe3d (type: security_group_rules) to 0
2026-03-04 02:30:26.425 10 INFO neutron.wsgi [None req-5df636af-23b7-4f3b-9249-5a5f332de44f f28aea73a63a436a90c4f3da5fb273bc 509bf5eb981d4be5aa6b2344ba9e6d7c - - default default] 10.0.0.30 "POST /v2.0/security-group-rules HTTP/1.1" status: 201 len: 763 time: 0.1616759
2026-03-04 02:30:26.430 10 INFO neutron.wsgi [req-afb4075e-6cbc-4a0f-8ca5-2b3a0fb2e787 req-459bcb34-3e84-4604-8f99-772474f8112f 0bb682022b2b47e4bae5c462e7477c95 3123c77e5de547d99dc5e2d39129b10d - - 116f49a716c34af294a835be3080f3ba 116f49a716c34af294a835be3080f3ba] 162.253.55.52 "GET /v2.0/ports?tenant_id=780063d5e7ed41b7823ac253fb679517&device_id=819833ac-6715-4cb8-b07e-706b07ba7843 HTTP/1.1" status: 200 len: 1448 time: 0.0386961 /var/lib/openstack/lib/python3.10/site-packages/pycadf/identifier.py:71: UserWarning: Invalid uuid: neutron. To ensure interoperability, identifiers should be a valid uuid. warnings.warn(('Invalid uuid: %s. To ensure interoperability, '
2026-03-04 02:30:26.502 10 INFO neutron.wsgi [req-afb4075e-6cbc-4a0f-8ca5-2b3a0fb2e787 req-88295369-9cd9-414f-9cd5-b68c6ea1a963 0bb682022b2b47e4bae5c462e7477c95 3123c77e5de547d99dc5e2d39129b10d - - 116f49a716c34af294a835be3080f3ba 116f49a716c34af294a835be3080f3ba] 162.253.55.52 "GET /v2.0/networks?id=b42d4304-300f-4418-9c58-9344623d94eb HTTP/1.1" status: 200 len: 971 time: 0.0660589
2026-03-04 02:30:26.557 10 INFO neutron.wsgi [req-afb4075e-6cbc-4a0f-8ca5-2b3a0fb2e787 req-3dfd3300-515c-40e1-8126-6f7bbdfcb4b7 0bb682022b2b47e4bae5c462e7477c95 3123c77e5de547d99dc5e2d39129b10d - - 116f49a716c34af294a835be3080f3ba 116f49a716c34af294a835be3080f3ba] 162.253.55.52 "GET /v2.0/floatingips?fixed_ip_address=10.100.0.9&port_id=860b7d27-8105-4f8b-a49a-968ff5ee2b41 HTTP/1.1" status: 200 len: 1059 time: 0.0474548
2026-03-04 02:30:26.560 9 INFO neutron.db.ovn_revision_numbers_db [None req-f26d9397-12a8-4129-93a8-864542e2245d f28aea73a63a436a90c4f3da5fb273bc 509bf5eb981d4be5aa6b2344ba9e6d7c - - default default] Successfully bumped revision number for resource b596bd12-ca2a-4ed2-a746-61fea1d588a4 (type: security_group_rules) to 0
2026-03-04 02:30:26.591 9 INFO neutron.wsgi [None req-f26d9397-12a8-4129-93a8-864542e2245d f28aea73a63a436a90c4f3da5fb273bc 509bf5eb981d4be5aa6b2344ba9e6d7c - - default default] 10.0.0.30 "POST /v2.0/security-group-rules HTTP/1.1" status: 201 len: 769 time: 0.1595984
2026-03-04 02:30:26.613 10 INFO neutron.wsgi [req-afb4075e-6cbc-4a0f-8ca5-2b3a0fb2e787 req-e4510eb7-787c-4838-8f14-2bbdf0c1d0b8 0bb682022b2b47e4bae5c462e7477c95 3123c77e5de547d99dc5e2d39129b10d - - 116f49a716c34af294a835be3080f3ba 116f49a716c34af294a835be3080f3ba] 162.253.55.52 "GET /v2.0/subnets?id=2d2edff3-3883-46c4-bb69-99f60fda711d HTTP/1.1" status: 200 len: 866 time: 0.0490139
2026-03-04 02:30:26.639 10 INFO neutron.wsgi [req-afb4075e-6cbc-4a0f-8ca5-2b3a0fb2e787 req-2ebfbbf0-84fa-475d-944a-37a8094d887e 0bb682022b2b47e4bae5c462e7477c95 3123c77e5de547d99dc5e2d39129b10d - - 116f49a716c34af294a835be3080f3ba 116f49a716c34af294a835be3080f3ba] 162.253.55.52 "GET /v2.0/ports?network_id=b42d4304-300f-4418-9c58-9344623d94eb&device_owner=network%3Adhcp HTTP/1.1" status: 200 len: 210 time: 0.0188863
2026-03-04 02:30:26.702 10 INFO neutron.wsgi [req-afb4075e-6cbc-4a0f-8ca5-2b3a0fb2e787 req-21ee5a4a-e6fd-498b-9585-c6f552713a89 0bb682022b2b47e4bae5c462e7477c95 3123c77e5de547d99dc5e2d39129b10d - - 116f49a716c34af294a835be3080f3ba 116f49a716c34af294a835be3080f3ba] 162.253.55.52 "GET /v2.0/networks/b42d4304-300f-4418-9c58-9344623d94eb?fields=segments HTTP/1.1" status: 200 len: 212 time: 0.0574203
2026-03-04 02:30:26.708 9 INFO neutron.db.ovn_revision_numbers_db [None req-4181daa3-cdbd-41a4-862f-47f036d51ff9 f28aea73a63a436a90c4f3da5fb273bc 509bf5eb981d4be5aa6b2344ba9e6d7c - - default default] Successfully bumped revision number for resource 32dd197e-3a0e-45db-a811-997a95b1cbd8 (type: security_group_rules) to 0
2026-03-04 02:30:26.730 9 INFO neutron.wsgi [None req-4181daa3-cdbd-41a4-862f-47f036d51ff9 f28aea73a63a436a90c4f3da5fb273bc 509bf5eb981d4be5aa6b2344ba9e6d7c - - default default] 10.0.0.30 "POST /v2.0/security-group-rules HTTP/1.1" status: 201 len: 768 time: 0.1344206
2026-03-04 02:30:27.042 10 INFO neutron.db.securitygroups_db [None req-ac1bd2dd-fdf3-411b-b991-8a02fa9048d7 f28aea73a63a436a90c4f3da5fb273bc 509bf5eb981d4be5aa6b2344ba9e6d7c - - default default] Project 509bf5eb981d4be5aa6b2344ba9e6d7c added a security group rule with legacy IPv6 ICMP protocol name icmp, ipv6-icmp should be used instead. It was automatically converted.
2026-03-04 02:30:27.054 10 INFO neutron.wsgi [req-afb4075e-6cbc-4a0f-8ca5-2b3a0fb2e787 req-f879272a-2df4-42f8-9a89-a1e624f2c718 0bb682022b2b47e4bae5c462e7477c95 3123c77e5de547d99dc5e2d39129b10d - - 116f49a716c34af294a835be3080f3ba 116f49a716c34af294a835be3080f3ba] 162.253.55.52 "GET /v2.0/networks/b42d4304-300f-4418-9c58-9344623d94eb?fields=provider%3Aphysical_network&fields=provider%3Anetwork_type HTTP/1.1" status: 200 len: 277 time: 0.3431373
2026-03-04 02:30:27.149 10 INFO neutron.db.ovn_revision_numbers_db [None req-ac1bd2dd-fdf3-411b-b991-8a02fa9048d7 f28aea73a63a436a90c4f3da5fb273bc 509bf5eb981d4be5aa6b2344ba9e6d7c - - default default] Successfully bumped revision number for resource eaee77bb-c359-40ab-95f3-789599e08250 (type: security_group_rules) to 0
2026-03-04 02:30:27.182 9 INFO neutron.wsgi [req-f2025dfe-4da4-4679-95be-15e878b19067 req-6aadd52e-1761-45c2-b3c6-d40a2a9a6a60 1b4f2c5ed4614f95aa6a87b3e1aa3ba6 3d2b5db0d0214cca9a4973eb852d8754 - - default default] 10.0.0.129 "GET /v2.0/ports?device_id=c696c3f6-215e-4f3b-b23c-7b19e384f3fd HTTP/1.1" status: 200 len: 1396 time: 0.1036541
2026-03-04 02:30:27.182 10 INFO neutron.wsgi [None req-ac1bd2dd-fdf3-411b-b991-8a02fa9048d7 f28aea73a63a436a90c4f3da5fb273bc 509bf5eb981d4be5aa6b2344ba9e6d7c - - default default] 10.0.0.30 "POST /v2.0/security-group-rules HTTP/1.1" status: 201 len: 774 time: 0.4467282
2026-03-04 02:30:27.225 9 INFO neutron.db.securitygroups_db [None req-94af13f4-ed29-444d-affc-b51fb5e62694 f28aea73a63a436a90c4f3da5fb273bc 509bf5eb981d4be5aa6b2344ba9e6d7c - - default default] Project 509bf5eb981d4be5aa6b2344ba9e6d7c added a security group rule with legacy IPv6 ICMP protocol name icmp, ipv6-icmp should be used instead. It was automatically converted.
2026-03-04 02:30:27.239 9 INFO neutron.wsgi [req-f2025dfe-4da4-4679-95be-15e878b19067 req-b036d8fc-496f-4a55-ba61-9391a0af85e7 1b4f2c5ed4614f95aa6a87b3e1aa3ba6 3d2b5db0d0214cca9a4973eb852d8754 - - default default] 10.0.0.129 "GET /v2.0/security-groups?id=f78d0be7-fc47-4ce8-8762-ab1c1dfd8980&fields=id&fields=name HTTP/1.1" status: 200 len: 311 time: 0.0432291
2026-03-04 02:30:27.351 9 INFO neutron.wsgi [None req-17adc368-a685-4dbb-831a-06bb1be16496 1b4f2c5ed4614f95aa6a87b3e1aa3ba6 3d2b5db0d0214cca9a4973eb852d8754 - - default default] 10.0.0.30 "GET /v2.0/ports?network_id=940a1585-1fab-4b6d-b21f-a9d5852dc72e&mac_address=fa%3A16%3A3e%3A35%3Af1%3Aba HTTP/1.1" status: 200 len: 1391 time: 0.0842087
2026-03-04 02:30:27.421 9 INFO neutron.db.ovn_revision_numbers_db [None req-94af13f4-ed29-444d-affc-b51fb5e62694 f28aea73a63a436a90c4f3da5fb273bc 509bf5eb981d4be5aa6b2344ba9e6d7c - - default default] Successfully bumped revision number for resource e205007d-a5c5-4f76-9def-2cc023603cdd (type: security_group_rules) to 0
2026-03-04 02:30:27.447 9 INFO neutron.wsgi [None req-94af13f4-ed29-444d-affc-b51fb5e62694 f28aea73a63a436a90c4f3da5fb273bc 509bf5eb981d4be5aa6b2344ba9e6d7c - - default default] 10.0.0.30 "POST /v2.0/security-group-rules HTTP/1.1" status: 201 len: 773 time: 0.2597775
2026-03-04 02:30:27.668 10 WARNING neutron.scheduler.dhcp_agent_scheduler [None req-203f633f-05a3-4044-a0d3-b34228de226f 1b4f2c5ed4614f95aa6a87b3e1aa3ba6 3d2b5db0d0214cca9a4973eb852d8754 - - default default] No more DHCP agents
2026-03-04 02:30:27.669 10 WARNING neutron.api.rpc.agentnotifiers.dhcp_rpc_agent_api [None req-203f633f-05a3-4044-a0d3-b34228de226f 1b4f2c5ed4614f95aa6a87b3e1aa3ba6 3d2b5db0d0214cca9a4973eb852d8754 - - default default] Unable to schedule network a1d31c68-8dc4-46b4-b8ed-cdcc896b677f: no agents available; will retry on subsequent port and subnet creation events.
2026-03-04 02:30:27.918 9 INFO neutron.wsgi [None req-00b5cea7-b586-4f3d-9846-78d8aeb83a5f f28aea73a63a436a90c4f3da5fb273bc 509bf5eb981d4be5aa6b2344ba9e6d7c - - default default] 10.0.0.30 "GET /v2.0/networks HTTP/1.1" status: 200 len: 1493 time: 0.1467869
2026-03-04 02:30:28.050 10 INFO neutron.wsgi [req-b5867464-0d91-467e-ac33-c0a0f61d4aa5 req-0b5863e6-93e1-4b54-bceb-2722c68084a1 f28aea73a63a436a90c4f3da5fb273bc 509bf5eb981d4be5aa6b2344ba9e6d7c - - default default] 10.0.0.129 "GET /v2.0/security-groups?name=tempest-secgroup-smoke-1196605627&fields=id&tenant_id=509bf5eb981d4be5aa6b2344ba9e6d7c HTTP/1.1" status: 200 len: 267 time: 0.0472968
2026-03-04 02:30:28.136 10 INFO neutron.wsgi [req-b5867464-0d91-467e-ac33-c0a0f61d4aa5 req-c17ca431-6861-46eb-a6bc-c04e018bb70e f28aea73a63a436a90c4f3da5fb273bc 509bf5eb981d4be5aa6b2344ba9e6d7c - - default default] 10.0.0.129 "GET /v2.0/networks?id=5d9809c3-dd7e-499f-bf65-3d7197e101bf HTTP/1.1" status: 200 len: 860 time: 0.0788779
2026-03-04 02:30:28.163 10 INFO neutron.wsgi [req-b5867464-0d91-467e-ac33-c0a0f61d4aa5 req-80bfc4db-88f5-4066-81e4-483e6cf11ba4 f28aea73a63a436a90c4f3da5fb273bc 509bf5eb981d4be5aa6b2344ba9e6d7c - - default default] 10.0.0.129 "GET /v2.0/quotas/509bf5eb981d4be5aa6b2344ba9e6d7c HTTP/1.1" status: 200 len: 386 time: 0.0201612
2026-03-04 02:30:28.188 10 INFO neutron.db.l3_db [None req-203f633f-05a3-4044-a0d3-b34228de226f 1b4f2c5ed4614f95aa6a87b3e1aa3ba6 3d2b5db0d0214cca9a4973eb852d8754 - - default default] Floating IP b39ddae2-70bb-4237-9ff0-4965744a72c0 associated. External IP: 10.96.250.201, port: c941e4d2-e162-4db0-a50a-ee0ea859bbbe.
2026-03-04 02:30:28.223 10 INFO neutron.wsgi [req-b5867464-0d91-467e-ac33-c0a0f61d4aa5 req-424cdd1a-2b8d-4853-a4c5-783b9b55dd09 f28aea73a63a436a90c4f3da5fb273bc 509bf5eb981d4be5aa6b2344ba9e6d7c - - default default] 10.0.0.129 "GET /v2.0/ports?tenant_id=509bf5eb981d4be5aa6b2344ba9e6d7c&fields=id HTTP/1.1" status: 200 len: 302 time: 0.0535438
2026-03-04 02:30:28.314 10 INFO neutron.wsgi [req-b5867464-0d91-467e-ac33-c0a0f61d4aa5 req-95dac875-9e64-4689-a2cf-0f319f4ddf76 0bb682022b2b47e4bae5c462e7477c95 3123c77e5de547d99dc5e2d39129b10d - - 116f49a716c34af294a835be3080f3ba 116f49a716c34af294a835be3080f3ba] 10.0.0.129 "GET /v2.0/networks/5d9809c3-dd7e-499f-bf65-3d7197e101bf?fields=segments HTTP/1.1" status: 200 len: 212 time: 0.0762582
