2026-03-04 02:30:28.433 10 INFO neutron.wsgi [req-b5867464-0d91-467e-ac33-c0a0f61d4aa5 req-32c5f635-6b2c-4073-a8d9-7de2cc9e689f 0bb682022b2b47e4bae5c462e7477c95 3123c77e5de547d99dc5e2d39129b10d - - 116f49a716c34af294a835be3080f3ba 116f49a716c34af294a835be3080f3ba] 10.0.0.129 "GET /v2.0/networks/5d9809c3-dd7e-499f-bf65-3d7197e101bf?fields=provider%3Aphysical_network&fields=provider%3Anetwork_type HTTP/1.1" status: 200 len: 277 time: 0.1109204
2026-03-04 02:30:28.452 10 INFO neutron.db.ovn_revision_numbers_db [None req-203f633f-05a3-4044-a0d3-b34228de226f 1b4f2c5ed4614f95aa6a87b3e1aa3ba6 3d2b5db0d0214cca9a4973eb852d8754 - - default default] Successfully bumped revision number for resource b39ddae2-70bb-4237-9ff0-4965744a72c0 (type: floatingips) to 0
2026-03-04 02:30:28.558 10 INFO neutron.db.ovn_revision_numbers_db [None req-203f633f-05a3-4044-a0d3-b34228de226f 1b4f2c5ed4614f95aa6a87b3e1aa3ba6 3d2b5db0d0214cca9a4973eb852d8754 - - default default] Successfully bumped revision number for resource b39ddae2-70bb-4237-9ff0-4965744a72c0 (type: floatingips) to 1
2026-03-04 02:30:28.568 9 INFO neutron.wsgi [req-c9338ea9-934a-4827-af17-c561769415fd req-2bf351a6-630e-47bd-b393-b0e4e376ebe8 f28aea73a63a436a90c4f3da5fb273bc 509bf5eb981d4be5aa6b2344ba9e6d7c - - default default] 10.0.0.129 "GET /v2.0/ports?device_id=95ae6f38-0232-4014-92e2-f22a7c7c1bc7 HTTP/1.1" status: 200 len: 210 time: 0.0219584
2026-03-04 02:30:28.601 10 INFO neutron.wsgi [None req-203f633f-05a3-4044-a0d3-b34228de226f 1b4f2c5ed4614f95aa6a87b3e1aa3ba6 3d2b5db0d0214cca9a4973eb852d8754 - - default default] 10.0.0.30 "POST /v2.0/floatingips HTTP/1.1" status: 201 len: 1054 time: 1.2264719
2026-03-04 02:30:28.645 10 INFO neutron.notifiers.nova [-] Nova event matching ['req-ee1efded-0ca5-48e3-ae51-bb911665c2b2'] response: {'name': 'network-changed', 'server_uuid': 'c696c3f6-215e-4f3b-b23c-7b19e384f3fd', 'tag': 'c941e4d2-e162-4db0-a50a-ee0ea859bbbe', 'status': 'completed', 'code': 200} /var/lib/openstack/lib/python3.10/site-packages/pycadf/identifier.py:71: UserWarning: Invalid uuid: neutron. To ensure interoperability, identifiers should be a valid uuid. warnings.warn(('Invalid uuid: %s. To ensure interoperability, '
2026-03-04 02:30:28.702 10 INFO neutron.wsgi [req-f610582a-00df-4c75-80b2-0207f566e07e req-d062b2dd-1acb-4f4a-a69f-afa36f7b6c39 0bb682022b2b47e4bae5c462e7477c95 3123c77e5de547d99dc5e2d39129b10d - - 116f49a716c34af294a835be3080f3ba 116f49a716c34af294a835be3080f3ba] 162.253.55.52 "GET /v2.0/ports?tenant_id=3d2b5db0d0214cca9a4973eb852d8754&device_id=c696c3f6-215e-4f3b-b23c-7b19e384f3fd HTTP/1.1" status: 200 len: 1634 time: 0.0383203
2026-03-04 02:30:28.714 9 INFO neutron.wsgi [req-0f20c604-63d9-4594-adcf-7c387f3952e3 req-f4a872e2-0146-409e-b8b8-4d531886ecd3 1b4f2c5ed4614f95aa6a87b3e1aa3ba6 3d2b5db0d0214cca9a4973eb852d8754 - - default default] 10.0.0.129 "GET /v2.0/security-groups?name=tempest-lb_member_SG-1075928888&fields=id&tenant_id=3d2b5db0d0214cca9a4973eb852d8754 HTTP/1.1" status: 200 len: 267 time: 0.0400915
2026-03-04 02:30:28.766 10 INFO neutron.wsgi [req-f610582a-00df-4c75-80b2-0207f566e07e req-a2ef704e-a25e-484e-aef3-dbf9a75ba0e7 0bb682022b2b47e4bae5c462e7477c95 3123c77e5de547d99dc5e2d39129b10d - - 116f49a716c34af294a835be3080f3ba 116f49a716c34af294a835be3080f3ba] 162.253.55.52 "GET /v2.0/networks?id=940a1585-1fab-4b6d-b21f-a9d5852dc72e HTTP/1.1" status: 200 len: 1003 time: 0.0576308
2026-03-04 02:30:28.789 9 INFO neutron.wsgi [req-0f20c604-63d9-4594-adcf-7c387f3952e3 req-0b7929b7-232c-4a91-a58e-40aa31311959 1b4f2c5ed4614f95aa6a87b3e1aa3ba6 3d2b5db0d0214cca9a4973eb852d8754 - - default default] 10.0.0.129 "GET /v2.0/networks?id=c0373024-846d-46b1-83c2-0660169f4e6d HTTP/1.1" status: 200 len: 904 time: 0.0657623
2026-03-04 02:30:28.809 9 INFO neutron.wsgi [req-0f20c604-63d9-4594-adcf-7c387f3952e3 req-e58592da-cf56-4f0b-aced-0fe699603560 1b4f2c5ed4614f95aa6a87b3e1aa3ba6 3d2b5db0d0214cca9a4973eb852d8754 - - default default] 10.0.0.129 "GET /v2.0/quotas/3d2b5db0d0214cca9a4973eb852d8754 HTTP/1.1" status: 200 len: 386 time: 0.0134971
2026-03-04 02:30:28.817 10 INFO neutron.wsgi [req-f610582a-00df-4c75-80b2-0207f566e07e req-8a5056e8-0602-48d5-86ac-d3afa4f47a50 0bb682022b2b47e4bae5c462e7477c95 3123c77e5de547d99dc5e2d39129b10d - - 116f49a716c34af294a835be3080f3ba 116f49a716c34af294a835be3080f3ba] 162.253.55.52 "GET /v2.0/floatingips?fixed_ip_address=10.2.1.103&port_id=c941e4d2-e162-4db0-a50a-ee0ea859bbbe HTTP/1.1" status: 200 len: 1059 time: 0.0433908
2026-03-04 02:30:28.847 10 INFO neutron.wsgi [req-f610582a-00df-4c75-80b2-0207f566e07e req-dddcc253-a3f0-4c24-b362-7a0bbfd18483 0bb682022b2b47e4bae5c462e7477c95 3123c77e5de547d99dc5e2d39129b10d - - 116f49a716c34af294a835be3080f3ba 116f49a716c34af294a835be3080f3ba] 162.253.55.52 "GET /v2.0/floatingips?fixed_ip_address=fd7b%3Af9f7%3Afff%3A4eca%3A%3A5c&port_id=c941e4d2-e162-4db0-a50a-ee0ea859bbbe HTTP/1.1" status: 200 len: 217 time: 0.0225914
2026-03-04 02:30:28.886 10 INFO neutron.wsgi [req-f610582a-00df-4c75-80b2-0207f566e07e req-d1563ffb-8cb4-421e-afeb-76179fa73d49 0bb682022b2b47e4bae5c462e7477c95 3123c77e5de547d99dc5e2d39129b10d - - 116f49a716c34af294a835be3080f3ba 116f49a716c34af294a835be3080f3ba] 162.253.55.52 "GET /v2.0/subnets?id=ee1ff03a-d281-408f-aef3-b05373c5976b&id=1a74f7ba-6842-4766-87ed-ac229be63457 HTTP/1.1" status: 200 len: 1563 time: 0.0330637
2026-03-04 02:30:28.913 10 INFO neutron.wsgi [req-f610582a-00df-4c75-80b2-0207f566e07e req-52d1bdc4-a064-4216-8e04-d04f387cc7e1 0bb682022b2b47e4bae5c462e7477c95 3123c77e5de547d99dc5e2d39129b10d - - 116f49a716c34af294a835be3080f3ba 116f49a716c34af294a835be3080f3ba] 162.253.55.52 "GET /v2.0/ports?network_id=940a1585-1fab-4b6d-b21f-a9d5852dc72e&device_owner=network%3Adhcp HTTP/1.1" status: 200 len: 210 time: 0.0206954
2026-03-04 02:30:28.939 10 INFO neutron.wsgi [req-f610582a-00df-4c75-80b2-0207f566e07e req-fad3dc47-b495-4d4c-87f5-65ecce82eedf 0bb682022b2b47e4bae5c462e7477c95 3123c77e5de547d99dc5e2d39129b10d - - 116f49a716c34af294a835be3080f3ba 116f49a716c34af294a835be3080f3ba] 162.253.55.52 "GET /v2.0/ports?network_id=940a1585-1fab-4b6d-b21f-a9d5852dc72e&device_owner=network%3Adhcp HTTP/1.1" status: 200 len: 210 time: 0.0180132
2026-03-04 02:30:28.955 9 INFO neutron.wsgi [req-0f20c604-63d9-4594-adcf-7c387f3952e3 req-dd2a2314-e9a8-4222-bfd9-2e3c91254765 1b4f2c5ed4614f95aa6a87b3e1aa3ba6 3d2b5db0d0214cca9a4973eb852d8754 - - default default] 10.0.0.129 "GET /v2.0/ports?tenant_id=3d2b5db0d0214cca9a4973eb852d8754&fields=id HTTP/1.1" status: 200 len: 532 time: 0.1385655
2026-03-04 02:30:29.007 10 INFO neutron.wsgi [req-f610582a-00df-4c75-80b2-0207f566e07e req-1c2942a8-1d76-474e-bfec-55cd459337f8 0bb682022b2b47e4bae5c462e7477c95 3123c77e5de547d99dc5e2d39129b10d - - 116f49a716c34af294a835be3080f3ba 116f49a716c34af294a835be3080f3ba] 162.253.55.52 "GET /v2.0/networks/940a1585-1fab-4b6d-b21f-a9d5852dc72e?fields=segments HTTP/1.1" status: 200 len: 212 time: 0.0570555
2026-03-04 02:30:29.033 9 INFO neutron.wsgi [req-0f20c604-63d9-4594-adcf-7c387f3952e3 req-813164f6-ee72-4332-9dc5-de4c8dfc19c8 0bb682022b2b47e4bae5c462e7477c95 3123c77e5de547d99dc5e2d39129b10d - - 116f49a716c34af294a835be3080f3ba 116f49a716c34af294a835be3080f3ba] 10.0.0.129 "GET /v2.0/networks/c0373024-846d-46b1-83c2-0660169f4e6d?fields=segments HTTP/1.1" status: 200 len: 212 time: 0.0664542
2026-03-04 02:30:29.083 10 INFO neutron.wsgi [req-f610582a-00df-4c75-80b2-0207f566e07e req-f3c993ba-c6a4-4271-bacd-ba746086c651 0bb682022b2b47e4bae5c462e7477c95 3123c77e5de547d99dc5e2d39129b10d - - 116f49a716c34af294a835be3080f3ba 116f49a716c34af294a835be3080f3ba] 162.253.55.52 "GET /v2.0/networks/940a1585-1fab-4b6d-b21f-a9d5852dc72e?fields=provider%3Aphysical_network&fields=provider%3Anetwork_type HTTP/1.1" status: 200 len: 277 time: 0.0669374
2026-03-04 02:30:29.105 9 INFO neutron.wsgi [req-0f20c604-63d9-4594-adcf-7c387f3952e3 req-b8079995-28b1-4515-b402-7a27132fa04c 0bb682022b2b47e4bae5c462e7477c95 3123c77e5de547d99dc5e2d39129b10d - - 116f49a716c34af294a835be3080f3ba 116f49a716c34af294a835be3080f3ba] 10.0.0.129 "GET /v2.0/networks/c0373024-846d-46b1-83c2-0660169f4e6d?fields=provider%3Aphysical_network&fields=provider%3Anetwork_type HTTP/1.1" status: 200 len: 277 time: 0.0633333
2026-03-04 02:30:29.244 10 INFO neutron.wsgi [req-df798cf2-b7c6-434a-8a7f-a1b8e08f9cb1 req-410fd8ce-b65c-47f7-8f8a-fa3f98d50267 1b4f2c5ed4614f95aa6a87b3e1aa3ba6 3d2b5db0d0214cca9a4973eb852d8754 - - default default] 10.0.0.129 "GET /v2.0/ports?device_id=7609573a-bde2-45e2-aea8-a3119050d26a HTTP/1.1" status: 200 len: 210 time: 0.0264010
2026-03-04 02:30:29.295 10 INFO neutron.wsgi [req-b5867464-0d91-467e-ac33-c0a0f61d4aa5 req-10094770-8dc5-466d-bd72-d0aeb4aad1a6 f28aea73a63a436a90c4f3da5fb273bc 509bf5eb981d4be5aa6b2344ba9e6d7c - - default default] 162.253.55.52 "GET /v2.0/networks?id=5d9809c3-dd7e-499f-bf65-3d7197e101bf HTTP/1.1" status: 200 len: 860 time: 0.0678475
2026-03-04 02:30:29.342 10 INFO neutron.wsgi [req-b5867464-0d91-467e-ac33-c0a0f61d4aa5 req-bd5fa92f-4c55-4244-a421-3b5ce1a88b7c f28aea73a63a436a90c4f3da5fb273bc 509bf5eb981d4be5aa6b2344ba9e6d7c - - default default] 162.253.55.52 "GET /v2.0/security-groups?fields=id&fields=name&tenant_id=509bf5eb981d4be5aa6b2344ba9e6d7c HTTP/1.1" status: 200 len: 380 time: 0.0401590
2026-03-04 02:30:29.659 9 INFO neutron.wsgi [req-3cd2fee9-05dc-41ef-ab3b-cc507cf88c47 req-9d992b21-b123-4d66-a77a-9464570b02b9 f28aea73a63a436a90c4f3da5fb273bc 509bf5eb981d4be5aa6b2344ba9e6d7c - - default default] 10.0.0.129 "GET /v2.0/ports?device_id=95ae6f38-0232-4014-92e2-f22a7c7c1bc7 HTTP/1.1" status: 200 len: 210 time: 0.0218577
2026-03-04 02:30:29.872 10 WARNING neutron.scheduler.dhcp_agent_scheduler [req-b5867464-0d91-467e-ac33-c0a0f61d4aa5 req-157c372f-1c9e-4b08-bdcb-86d6e6f89874 f28aea73a63a436a90c4f3da5fb273bc 509bf5eb981d4be5aa6b2344ba9e6d7c - - default default] No more DHCP agents
2026-03-04 02:30:29.874 10 WARNING neutron.api.rpc.agentnotifiers.dhcp_rpc_agent_api [req-b5867464-0d91-467e-ac33-c0a0f61d4aa5 req-157c372f-1c9e-4b08-bdcb-86d6e6f89874 f28aea73a63a436a90c4f3da5fb273bc 509bf5eb981d4be5aa6b2344ba9e6d7c - - default default] Unable to schedule network 5d9809c3-dd7e-499f-bf65-3d7197e101bf: no agents available; will retry on subsequent port and subnet creation events.
2026-03-04 02:30:29.940 9 INFO neutron.wsgi [req-0f20c604-63d9-4594-adcf-7c387f3952e3 req-c4d59635-c499-4337-bf47-42e7891a96ec 1b4f2c5ed4614f95aa6a87b3e1aa3ba6 3d2b5db0d0214cca9a4973eb852d8754 - - default default] 162.253.55.52 "GET /v2.0/networks?id=c0373024-846d-46b1-83c2-0660169f4e6d HTTP/1.1" status: 200 len: 904 time: 0.0654144
2026-03-04 02:30:29.987 9 INFO neutron.wsgi [req-0f20c604-63d9-4594-adcf-7c387f3952e3 req-48c0f0a6-a16c-4844-bb0b-52cb6972e797 1b4f2c5ed4614f95aa6a87b3e1aa3ba6 3d2b5db0d0214cca9a4973eb852d8754 - - default default] 162.253.55.52 "GET /v2.0/security-groups?fields=id&fields=name&tenant_id=3d2b5db0d0214cca9a4973eb852d8754 HTTP/1.1" status: 200 len: 378 time: 0.0421698
2026-03-04 02:30:30.036 10 INFO neutron.db.ovn_revision_numbers_db [req-b5867464-0d91-467e-ac33-c0a0f61d4aa5 req-157c372f-1c9e-4b08-bdcb-86d6e6f89874 f28aea73a63a436a90c4f3da5fb273bc 509bf5eb981d4be5aa6b2344ba9e6d7c - - default default] Successfully bumped revision number for resource 5cf7c3c7-157b-4589-9e94-66972a1c831d (type: ports) to 1
2026-03-04 02:30:30.059 10 INFO neutron.wsgi [req-b5867464-0d91-467e-ac33-c0a0f61d4aa5 req-157c372f-1c9e-4b08-bdcb-86d6e6f89874 f28aea73a63a436a90c4f3da5fb273bc 509bf5eb981d4be5aa6b2344ba9e6d7c - - default default] 162.253.55.52 "POST /v2.0/ports HTTP/1.1" status: 201 len: 1158 time: 0.7130966 /var/lib/openstack/lib/python3.10/site-packages/pycadf/identifier.py:71: UserWarning: Invalid uuid: neutron. To ensure interoperability, identifiers should be a valid uuid. warnings.warn(('Invalid uuid: %s. To ensure interoperability, '
2026-03-04 02:30:30.348 9 WARNING neutron.scheduler.dhcp_agent_scheduler [req-0f20c604-63d9-4594-adcf-7c387f3952e3 req-f39b07c4-fcc4-4db1-8c96-7e84a14c6704 1b4f2c5ed4614f95aa6a87b3e1aa3ba6 3d2b5db0d0214cca9a4973eb852d8754 - - default default] No more DHCP agents
2026-03-04 02:30:30.350 9 WARNING neutron.api.rpc.agentnotifiers.dhcp_rpc_agent_api [req-0f20c604-63d9-4594-adcf-7c387f3952e3 req-f39b07c4-fcc4-4db1-8c96-7e84a14c6704 1b4f2c5ed4614f95aa6a87b3e1aa3ba6 3d2b5db0d0214cca9a4973eb852d8754 - - default default] Unable to schedule network c0373024-846d-46b1-83c2-0660169f4e6d: no agents available; will retry on subsequent port and subnet creation events.
2026-03-04 02:30:30.450 10 INFO neutron.db.ovn_revision_numbers_db [req-b5867464-0d91-467e-ac33-c0a0f61d4aa5 req-e49f5b77-6f2d-4181-9afe-aa424cbfed19 0bb682022b2b47e4bae5c462e7477c95 3123c77e5de547d99dc5e2d39129b10d - - 116f49a716c34af294a835be3080f3ba 116f49a716c34af294a835be3080f3ba] Successfully bumped revision number for resource 5cf7c3c7-157b-4589-9e94-66972a1c831d (type: ports) to 2
2026-03-04 02:30:30.512 9 INFO neutron.db.ovn_revision_numbers_db [req-0f20c604-63d9-4594-adcf-7c387f3952e3 req-f39b07c4-fcc4-4db1-8c96-7e84a14c6704 1b4f2c5ed4614f95aa6a87b3e1aa3ba6 3d2b5db0d0214cca9a4973eb852d8754 - - default default] Successfully bumped revision number for resource c320108c-91e6-46d2-b1db-157fc77a4b26 (type: ports) to 1
2026-03-04 02:30:30.533 9 INFO neutron.wsgi [req-0f20c604-63d9-4594-adcf-7c387f3952e3 req-f39b07c4-fcc4-4db1-8c96-7e84a14c6704 1b4f2c5ed4614f95aa6a87b3e1aa3ba6 3d2b5db0d0214cca9a4973eb852d8754 - - default default] 162.253.55.52 "POST /v2.0/ports HTTP/1.1" status: 201 len: 1392 time: 0.5426915 /var/lib/openstack/lib/python3.10/site-packages/pycadf/identifier.py:71: UserWarning: Invalid uuid: neutron. To ensure interoperability, identifiers should be a valid uuid. warnings.warn(('Invalid uuid: %s. To ensure interoperability, '
2026-03-04 02:30:30.645 10 INFO neutron.db.ovn_revision_numbers_db [req-b5867464-0d91-467e-ac33-c0a0f61d4aa5 req-e49f5b77-6f2d-4181-9afe-aa424cbfed19 0bb682022b2b47e4bae5c462e7477c95 3123c77e5de547d99dc5e2d39129b10d - - 116f49a716c34af294a835be3080f3ba 116f49a716c34af294a835be3080f3ba] Successfully bumped revision number for resource 5cf7c3c7-157b-4589-9e94-66972a1c831d (type: ports) to 2
2026-03-04 02:30:30.658 10 INFO neutron.wsgi [req-b5867464-0d91-467e-ac33-c0a0f61d4aa5 req-e49f5b77-6f2d-4181-9afe-aa424cbfed19 0bb682022b2b47e4bae5c462e7477c95 3123c77e5de547d99dc5e2d39129b10d - - 116f49a716c34af294a835be3080f3ba 116f49a716c34af294a835be3080f3ba] 162.253.55.52 "PUT /v2.0/ports/5cf7c3c7-157b-4589-9e94-66972a1c831d HTTP/1.1" status: 200 len: 1376 time: 0.5892866
2026-03-04 02:30:30.691 10 INFO neutron.notifiers.nova [-] Nova event matching ['req-27c2f14c-f01c-441d-a25d-58c981a6f872'] response: {'name': 'network-changed', 'server_uuid': '95ae6f38-0232-4014-92e2-f22a7c7c1bc7', 'tag': '5cf7c3c7-157b-4589-9e94-66972a1c831d', 'status': 'completed', 'code': 200}
2026-03-04 02:30:30.695 9 WARNING neutron.plugins.ml2.drivers.ovn.mech_driver.ovsdb.ovn_client [None req-92c0e464-e21e-437f-bb49-1cdcdc62b54c - - - - - -] No hosting information found for port e5e1f116-5e93-4f7b-b11f-feb4bbf1a090: RuntimeError: No hosting information found for port e5e1f116-5e93-4f7b-b11f-feb4bbf1a090 /var/lib/openstack/lib/python3.10/site-packages/pycadf/identifier.py:71: UserWarning: Invalid uuid: neutron. To ensure interoperability, identifiers should be a valid uuid. warnings.warn(('Invalid uuid: %s. To ensure interoperability, '
2026-03-04 02:30:30.743 10 INFO neutron.wsgi [req-b5867464-0d91-467e-ac33-c0a0f61d4aa5 req-8da80cb7-baf3-4da8-a377-e62e2f8358cb 0bb682022b2b47e4bae5c462e7477c95 3123c77e5de547d99dc5e2d39129b10d - - 116f49a716c34af294a835be3080f3ba 116f49a716c34af294a835be3080f3ba] 162.253.55.52 "GET /v2.0/ports?tenant_id=509bf5eb981d4be5aa6b2344ba9e6d7c&device_id=95ae6f38-0232-4014-92e2-f22a7c7c1bc7 HTTP/1.1" status: 200 len: 1407 time: 0.0483639
2026-03-04 02:30:30.775 10 INFO neutron.wsgi [req-b5867464-0d91-467e-ac33-c0a0f61d4aa5 req-bdc7d6e7-9b8b-4731-afa8-a368da374b50 0bb682022b2b47e4bae5c462e7477c95 3123c77e5de547d99dc5e2d39129b10d - - 116f49a716c34af294a835be3080f3ba 116f49a716c34af294a835be3080f3ba] 162.253.55.52 "GET /v2.0/floatingips?fixed_ip_address=10.100.0.6&port_id=5cf7c3c7-157b-4589-9e94-66972a1c831d HTTP/1.1" status: 200 len: 217 time: 0.0234227
2026-03-04 02:30:30.815 10 INFO neutron.wsgi [req-b5867464-0d91-467e-ac33-c0a0f61d4aa5 req-066f41f0-e230-4263-88aa-0833c5041c88 0bb682022b2b47e4bae5c462e7477c95 3123c77e5de547d99dc5e2d39129b10d - - 116f49a716c34af294a835be3080f3ba 116f49a716c34af294a835be3080f3ba] 162.253.55.52 "GET /v2.0/subnets?id=d7515a72-788f-49de-94d2-2a41e1b17ac4 HTTP/1.1" status: 200 len: 853 time: 0.0322831
2026-03-04 02:30:30.836 10 INFO neutron.wsgi [req-b5867464-0d91-467e-ac33-c0a0f61d4aa5 req-852aa93f-71ab-4608-816b-219f67866dac 0bb682022b2b47e4bae5c462e7477c95 3123c77e5de547d99dc5e2d39129b10d - - 116f49a716c34af294a835be3080f3ba 116f49a716c34af294a835be3080f3ba] 162.253.55.52 "GET /v2.0/ports?network_id=5d9809c3-dd7e-499f-bf65-3d7197e101bf&device_owner=network%3Adhcp HTTP/1.1" status: 200 len: 210 time: 0.0154495
2026-03-04 02:30:30.903 10 INFO neutron.wsgi [req-b5867464-0d91-467e-ac33-c0a0f61d4aa5 req-85161d49-9155-4a97-bd48-7487415937e0 0bb682022b2b47e4bae5c462e7477c95 3123c77e5de547d99dc5e2d39129b10d - - 116f49a716c34af294a835be3080f3ba 116f49a716c34af294a835be3080f3ba] 162.253.55.52 "GET /v2.0/networks/5d9809c3-dd7e-499f-bf65-3d7197e101bf?fields=segments HTTP/1.1" status: 200 len: 212 time: 0.0595078
2026-03-04 02:30:30.979 10 INFO neutron.wsgi [req-b5867464-0d91-467e-ac33-c0a0f61d4aa5 req-1ad9b8b0-7729-4a9b-80ca-751cb1797cbb 0bb682022b2b47e4bae5c462e7477c95 3123c77e5de547d99dc5e2d39129b10d - - 116f49a716c34af294a835be3080f3ba 116f49a716c34af294a835be3080f3ba] 162.253.55.52 "GET /v2.0/networks/5d9809c3-dd7e-499f-bf65-3d7197e101bf?fields=provider%3Aphysical_network&fields=provider%3Anetwork_type HTTP/1.1" status: 200 len: 277 time: 0.0708437
2026-03-04 02:30:31.052 9 INFO neutron.wsgi [req-fffb5a02-34b4-4547-b716-ffd51d1de488 req-5ccc76e3-7100-4516-82bb-0e322b4caf7e f28aea73a63a436a90c4f3da5fb273bc 509bf5eb981d4be5aa6b2344ba9e6d7c - - default default] 10.0.0.129 "GET /v2.0/ports?device_id=95ae6f38-0232-4014-92e2-f22a7c7c1bc7 HTTP/1.1" status: 200 len: 1168 time: 0.3170280 /var/lib/openstack/lib/python3.10/site-packages/pycadf/identifier.py:71: UserWarning: Invalid uuid: neutron. To ensure interoperability, identifiers should be a valid uuid. warnings.warn(('Invalid uuid: %s. To ensure interoperability, '
2026-03-04 02:30:31.074 10 INFO neutron.wsgi [req-04ce3948-5a53-48ac-819e-a68030886e1c req-a8209d27-4050-450a-8bb0-910634c1eeea 0bb682022b2b47e4bae5c462e7477c95 3123c77e5de547d99dc5e2d39129b10d - - 116f49a716c34af294a835be3080f3ba 116f49a716c34af294a835be3080f3ba] 162.253.55.52 "GET /v2.0/ports?tenant_id=509bf5eb981d4be5aa6b2344ba9e6d7c&device_id=95ae6f38-0232-4014-92e2-f22a7c7c1bc7 HTTP/1.1" status: 200 len: 1407 time: 0.0539272
2026-03-04 02:30:31.113 9 INFO neutron.wsgi [req-fffb5a02-34b4-4547-b716-ffd51d1de488 req-ff17d541-5019-4e58-8598-efe949facfbd f28aea73a63a436a90c4f3da5fb273bc 509bf5eb981d4be5aa6b2344ba9e6d7c - - default default] 10.0.0.129 "GET /v2.0/security-groups?id=3909d26a-f6bd-42a1-813f-66aff2c57946&fields=id&fields=name HTTP/1.1" status: 200 len: 313 time: 0.0454440
2026-03-04 02:30:31.141 10 INFO neutron.wsgi [req-04ce3948-5a53-48ac-819e-a68030886e1c req-6978fa96-045d-4ba2-898a-a8232e4c9a49 0bb682022b2b47e4bae5c462e7477c95 3123c77e5de547d99dc5e2d39129b10d - - 116f49a716c34af294a835be3080f3ba 116f49a716c34af294a835be3080f3ba] 162.253.55.52 "GET /v2.0/networks?id=5d9809c3-dd7e-499f-bf65-3d7197e101bf HTTP/1.1" status: 200 len: 959 time: 0.0613749
2026-03-04 02:30:31.177 10 INFO neutron.wsgi [req-04ce3948-5a53-48ac-819e-a68030886e1c req-b2cad103-85d9-47b6-af63-64ec35e9ffa1 0bb682022b2b47e4bae5c462e7477c95 3123c77e5de547d99dc5e2d39129b10d - - 116f49a716c34af294a835be3080f3ba 116f49a716c34af294a835be3080f3ba] 162.253.55.52 "GET /v2.0/floatingips?fixed_ip_address=10.100.0.6&port_id=5cf7c3c7-157b-4589-9e94-66972a1c831d HTTP/1.1" status: 200 len: 217 time: 0.0286024
2026-03-04 02:30:31.212 10 INFO neutron.plugins.ml2.drivers.ovn.mech_driver.mech_driver [None req-575fdd68-b365-41c0-9928-8a1fdfa9f95e - - - - - -] OVN reports status up for port: 5cf7c3c7-157b-4589-9e94-66972a1c831d
2026-03-04 02:30:31.216 9 INFO neutron.db.ovn_revision_numbers_db [req-0f20c604-63d9-4594-adcf-7c387f3952e3 req-60b530bc-a15a-4c95-8c7c-8aa92b462738 0bb682022b2b47e4bae5c462e7477c95 3123c77e5de547d99dc5e2d39129b10d - - 116f49a716c34af294a835be3080f3ba 116f49a716c34af294a835be3080f3ba] Successfully bumped revision number for resource c320108c-91e6-46d2-b1db-157fc77a4b26 (type: ports) to 2
2026-03-04 02:30:31.226 10 INFO neutron.wsgi [req-04ce3948-5a53-48ac-819e-a68030886e1c req-58fbf8f0-1b5f-489b-bf82-ce28656742bb 0bb682022b2b47e4bae5c462e7477c95 3123c77e5de547d99dc5e2d39129b10d - - 116f49a716c34af294a835be3080f3ba 116f49a716c34af294a835be3080f3ba] 162.253.55.52 "GET /v2.0/subnets?id=d7515a72-788f-49de-94d2-2a41e1b17ac4 HTTP/1.1" status: 200 len: 853 time: 0.0435257
2026-03-04 02:30:31.226 10 INFO neutron.plugins.ml2.plugin [None req-575fdd68-b365-41c0-9928-8a1fdfa9f95e - - - - - -] Attempt 1 to provision port 5cf7c3c7-157b-4589-9e94-66972a1c831d
2026-03-04 02:30:31.268 10 INFO neutron.wsgi [req-04ce3948-5a53-48ac-819e-a68030886e1c req-dce7343f-e5bd-43b7-93bc-b0963ccb97c5 0bb682022b2b47e4bae5c462e7477c95 3123c77e5de547d99dc5e2d39129b10d - - 116f49a716c34af294a835be3080f3ba 116f49a716c34af294a835be3080f3ba] 162.253.55.52 "GET /v2.0/ports?network_id=5d9809c3-dd7e-499f-bf65-3d7197e101bf&device_owner=network%3Adhcp HTTP/1.1" status: 200 len: 210 time: 0.0330229
2026-03-04 02:30:31.336 10 INFO neutron.wsgi [req-04ce3948-5a53-48ac-819e-a68030886e1c req-0ed10dab-cf15-413d-a7b8-0f7f0fdc2030 0bb682022b2b47e4bae5c462e7477c95 3123c77e5de547d99dc5e2d39129b10d - - 116f49a716c34af294a835be3080f3ba 116f49a716c34af294a835be3080f3ba] 162.253.55.52 "GET /v2.0/networks/5d9809c3-dd7e-499f-bf65-3d7197e101bf?fields=segments HTTP/1.1" status: 200 len: 212 time: 0.0635509
2026-03-04 02:30:31.422 10 INFO neutron.wsgi [req-04ce3948-5a53-48ac-819e-a68030886e1c req-8f45cc24-3598-4767-a0be-5058494d325c 0bb682022b2b47e4bae5c462e7477c95 3123c77e5de547d99dc5e2d39129b10d - - 116f49a716c34af294a835be3080f3ba 116f49a716c34af294a835be3080f3ba] 162.253.55.52 "GET /v2.0/networks/5d9809c3-dd7e-499f-bf65-3d7197e101bf?fields=provider%3Aphysical_network&fields=provider%3Anetwork_type HTTP/1.1" status: 200 len: 277 time: 0.0811057
2026-03-04 02:30:31.433 9 INFO neutron.db.ovn_revision_numbers_db [req-0f20c604-63d9-4594-adcf-7c387f3952e3 req-60b530bc-a15a-4c95-8c7c-8aa92b462738 0bb682022b2b47e4bae5c462e7477c95 3123c77e5de547d99dc5e2d39129b10d - - 116f49a716c34af294a835be3080f3ba 116f49a716c34af294a835be3080f3ba] Successfully bumped revision number for resource c320108c-91e6-46d2-b1db-157fc77a4b26 (type: ports) to 2
2026-03-04 02:30:31.449 9 INFO neutron.wsgi [req-0f20c604-63d9-4594-adcf-7c387f3952e3 req-60b530bc-a15a-4c95-8c7c-8aa92b462738 0bb682022b2b47e4bae5c462e7477c95 3123c77e5de547d99dc5e2d39129b10d - - 116f49a716c34af294a835be3080f3ba 116f49a716c34af294a835be3080f3ba] 162.253.55.52 "PUT /v2.0/ports/c320108c-91e6-46d2-b1db-157fc77a4b26 HTTP/1.1" status: 200 len: 1609 time: 0.9069619
2026-03-04 02:30:31.484 9 INFO neutron.notifiers.nova [-] Nova event matching ['req-77957d26-63fa-4235-bba7-8d60d4fc77e1'] response: {'name': 'network-changed', 'server_uuid': '7609573a-bde2-45e2-aea8-a3119050d26a', 'tag': 'c320108c-91e6-46d2-b1db-157fc77a4b26', 'status': 'completed', 'code': 200} /var/lib/openstack/lib/python3.10/site-packages/pycadf/identifier.py:71: UserWarning: Invalid uuid: neutron. To ensure interoperability, identifiers should be a valid uuid. warnings.warn(('Invalid uuid: %s. To ensure interoperability, '
2026-03-04 02:30:31.538 9 INFO neutron.wsgi [req-0f20c604-63d9-4594-adcf-7c387f3952e3 req-2940e83d-728b-4285-8af1-eaa7804a743a 0bb682022b2b47e4bae5c462e7477c95 3123c77e5de547d99dc5e2d39129b10d - - 116f49a716c34af294a835be3080f3ba 116f49a716c34af294a835be3080f3ba] 162.253.55.52 "GET /v2.0/ports?tenant_id=3d2b5db0d0214cca9a4973eb852d8754&device_id=7609573a-bde2-45e2-aea8-a3119050d26a HTTP/1.1" status: 200 len: 1640 time: 0.0580442
2026-03-04 02:30:31.564 10 INFO neutron.db.ovn_revision_numbers_db [None req-575fdd68-b365-41c0-9928-8a1fdfa9f95e - - - - - -] Successfully bumped revision number for resource 5cf7c3c7-157b-4589-9e94-66972a1c831d (type: ports) to 4
2026-03-04 02:30:31.567 9 INFO neutron.wsgi [req-0f20c604-63d9-4594-adcf-7c387f3952e3 req-8806b78f-c10d-426a-8a95-2bb795cc896c 0bb682022b2b47e4bae5c462e7477c95 3123c77e5de547d99dc5e2d39129b10d - - 116f49a716c34af294a835be3080f3ba 116f49a716c34af294a835be3080f3ba] 162.253.55.52 "GET /v2.0/floatingips?fixed_ip_address=10.2.2.106&port_id=c320108c-91e6-46d2-b1db-157fc77a4b26 HTTP/1.1" status: 200 len: 217 time: 0.0233715
2026-03-04 02:30:31.602 9 INFO neutron.wsgi [req-0f20c604-63d9-4594-adcf-7c387f3952e3 req-bd5b826b-c9e6-49fe-b53b-6c2a8059cfde 0bb682022b2b47e4bae5c462e7477c95 3123c77e5de547d99dc5e2d39129b10d - - 116f49a716c34af294a835be3080f3ba 116f49a716c34af294a835be3080f3ba] 162.253.55.52 "GET /v2.0/floatingips?fixed_ip_address=fd77%3A1457%3A4cf0%3A26a8%3A%3A25c&port_id=c320108c-91e6-46d2-b1db-157fc77a4b26 HTTP/1.1" status: 200 len: 217 time: 0.0271151
2026-03-04 02:30:31.635 9 INFO neutron.wsgi [req-0f20c604-63d9-4594-adcf-7c387f3952e3 req-2a3f127a-34fb-4e7e-ab2a-48017ca79ddc 0bb682022b2b47e4bae5c462e7477c95 3123c77e5de547d99dc5e2d39129b10d - - 116f49a716c34af294a835be3080f3ba 116f49a716c34af294a835be3080f3ba] 162.253.55.52 "GET /v2.0/subnets?id=b9383cd1-43c6-4636-ae95-893d2598b50d&id=e9b58217-fbeb-4846-87b6-e2ebbca729eb HTTP/1.1" status: 200 len: 1566 time: 0.0268674
2026-03-04 02:30:31.661 9 INFO neutron.wsgi [req-0f20c604-63d9-4594-adcf-7c387f3952e3 req-94931b42-1e71-439e-9bb7-abc0aded2d79 0bb682022b2b47e4bae5c462e7477c95 3123c77e5de547d99dc5e2d39129b10d - - 116f49a716c34af294a835be3080f3ba 116f49a716c34af294a835be3080f3ba] 162.253.55.52 "GET /v2.0/ports?network_id=c0373024-846d-46b1-83c2-0660169f4e6d&device_owner=network%3Adhcp HTTP/1.1" status: 200 len: 210 time: 0.0192676
2026-03-04 02:30:31.684 9 INFO neutron.wsgi [req-0f20c604-63d9-4594-adcf-7c387f3952e3 req-d12b813f-70d5-4c06-bf6e-cf1a1851ffdb 0bb682022b2b47e4bae5c462e7477c95 3123c77e5de547d99dc5e2d39129b10d - - 116f49a716c34af294a835be3080f3ba 116f49a716c34af294a835be3080f3ba] 162.253.55.52 "GET /v2.0/ports?network_id=c0373024-846d-46b1-83c2-0660169f4e6d&device_owner=network%3Adhcp HTTP/1.1" status: 200 len: 210 time: 0.0170102
2026-03-04 02:30:31.745 9 INFO neutron.wsgi [req-0f20c604-63d9-4594-adcf-7c387f3952e3 req-7570c030-2adf-442c-aad4-bf22122a0732 0bb682022b2b47e4bae5c462e7477c95 3123c77e5de547d99dc5e2d39129b10d - - 116f49a716c34af294a835be3080f3ba 116f49a716c34af294a835be3080f3ba] 162.253.55.52 "GET /v2.0/networks/c0373024-846d-46b1-83c2-0660169f4e6d?fields=segments HTTP/1.1" status: 200 len: 212 time: 0.0548260
2026-03-04 02:30:31.804 9 INFO neutron.wsgi [req-0f20c604-63d9-4594-adcf-7c387f3952e3 req-41a75f30-5735-4154-b312-277400f180cf 0bb682022b2b47e4bae5c462e7477c95 3123c77e5de547d99dc5e2d39129b10d - - 116f49a716c34af294a835be3080f3ba 116f49a716c34af294a835be3080f3ba] 162.253.55.52 "GET /v2.0/networks/c0373024-846d-46b1-83c2-0660169f4e6d?fields=provider%3Aphysical_network&fields=provider%3Anetwork_type HTTP/1.1" status: 200 len: 277 time: 0.0536377
2026-03-04 02:30:31.872 9 INFO neutron.wsgi [req-d5c099a9-0cfc-4bad-bcff-4b7d0b29202e req-c2e97457-9363-4937-a761-ca42a8afbb2a 0bb682022b2b47e4bae5c462e7477c95 3123c77e5de547d99dc5e2d39129b10d - - 116f49a716c34af294a835be3080f3ba 116f49a716c34af294a835be3080f3ba] 162.253.55.52 "GET /v2.0/ports?tenant_id=3d2b5db0d0214cca9a4973eb852d8754&device_id=7609573a-bde2-45e2-aea8-a3119050d26a HTTP/1.1" status: 200 len: 1640 time: 0.0311420
2026-03-04 02:30:31.945 9 INFO neutron.wsgi [req-d5c099a9-0cfc-4bad-bcff-4b7d0b29202e req-013e92b5-70f7-4039-af87-6b49a784ffa0 0bb682022b2b47e4bae5c462e7477c95 3123c77e5de547d99dc5e2d39129b10d - - 116f49a716c34af294a835be3080f3ba 116f49a716c34af294a835be3080f3ba] 162.253.55.52 "GET /v2.0/networks?id=c0373024-846d-46b1-83c2-0660169f4e6d HTTP/1.1" status: 200 len: 1003 time: 0.0634196
2026-03-04 02:30:31.980 9 INFO neutron.wsgi [req-d5c099a9-0cfc-4bad-bcff-4b7d0b29202e req-88a7fac3-85f1-469a-8c27-6279e971b841 0bb682022b2b47e4bae5c462e7477c95 3123c77e5de547d99dc5e2d39129b10d - - 116f49a716c34af294a835be3080f3ba 116f49a716c34af294a835be3080f3ba] 162.253.55.52 "GET /v2.0/floatingips?fixed_ip_address=10.2.2.106&port_id=c320108c-91e6-46d2-b1db-157fc77a4b26 HTTP/1.1" status: 200 len: 217 time: 0.0276501
2026-03-04 02:30:31.999 9 INFO neutron.plugins.ml2.drivers.ovn.mech_driver.mech_driver [None req-92c0e464-e21e-437f-bb49-1cdcdc62b54c - - - - - -] OVN reports status up for port: c320108c-91e6-46d2-b1db-157fc77a4b26
2026-03-04 02:30:32.020 9 INFO neutron.wsgi [req-d5c099a9-0cfc-4bad-bcff-4b7d0b29202e req-8737eb1f-3010-4aba-8ba9-e73184f4ff66 0bb682022b2b47e4bae5c462e7477c95 3123c77e5de547d99dc5e2d39129b10d - - 116f49a716c34af294a835be3080f3ba 116f49a716c34af294a835be3080f3ba] 162.253.55.52 "GET /v2.0/floatingips?fixed_ip_address=fd77%3A1457%3A4cf0%3A26a8%3A%3A25c&port_id=c320108c-91e6-46d2-b1db-157fc77a4b26 HTTP/1.1" status: 200 len: 217 time: 0.0331895
2026-03-04 02:30:32.034 9 INFO neutron.plugins.ml2.plugin [None req-92c0e464-e21e-437f-bb49-1cdcdc62b54c - - - - - -] Attempt 1 to provision port c320108c-91e6-46d2-b1db-157fc77a4b26
2026-03-04 02:30:32.070 9 INFO neutron.wsgi [req-d5c099a9-0cfc-4bad-bcff-4b7d0b29202e req-a89cb43b-679e-4134-83f5-d287e888b8fe 0bb682022b2b47e4bae5c462e7477c95 3123c77e5de547d99dc5e2d39129b10d - - 116f49a716c34af294a835be3080f3ba 116f49a716c34af294a835be3080f3ba] 162.253.55.52 "GET /v2.0/subnets?id=b9383cd1-43c6-4636-ae95-893d2598b50d&id=e9b58217-fbeb-4846-87b6-e2ebbca729eb HTTP/1.1" status: 200 len: 1566 time: 0.0437963
2026-03-04 02:30:32.101 9 INFO neutron.wsgi [req-d5c099a9-0cfc-4bad-bcff-4b7d0b29202e req-f131b076-90c1-494a-a951-b42309d9398f 0bb682022b2b47e4bae5c462e7477c95 3123c77e5de547d99dc5e2d39129b10d - - 116f49a716c34af294a835be3080f3ba 116f49a716c34af294a835be3080f3ba] 162.253.55.52 "GET /v2.0/ports?network_id=c0373024-846d-46b1-83c2-0660169f4e6d&device_owner=network%3Adhcp HTTP/1.1" status: 200 len: 210 time: 0.0257566
2026-03-04 02:30:32.130 9 INFO neutron.wsgi [req-d5c099a9-0cfc-4bad-bcff-4b7d0b29202e req-4aeafa62-48c4-4466-8821-0448c5779879 0bb682022b2b47e4bae5c462e7477c95 3123c77e5de547d99dc5e2d39129b10d - - 116f49a716c34af294a835be3080f3ba 116f49a716c34af294a835be3080f3ba] 162.253.55.52 "GET /v2.0/ports?network_id=c0373024-846d-46b1-83c2-0660169f4e6d&device_owner=network%3Adhcp HTTP/1.1" status: 200 len: 210 time: 0.0211835
2026-03-04 02:30:32.234 9 INFO neutron.wsgi [req-88e06af3-cd0a-4413-857f-48cbc0e8ada8 req-7fd27c6b-cc6f-46c9-9be7-01eff8d17ce6 f28aea73a63a436a90c4f3da5fb273bc 509bf5eb981d4be5aa6b2344ba9e6d7c - - default default] 10.0.0.129 "GET /v2.0/ports?device_id=95ae6f38-0232-4014-92e2-f22a7c7c1bc7 HTTP/1.1" status: 200 len: 1170 time: 0.0508866
2026-03-04 02:30:32.237 9 INFO neutron.wsgi [req-d5c099a9-0cfc-4bad-bcff-4b7d0b29202e req-60320d99-4dd2-4342-ad15-3f39cb69dcfa 0bb682022b2b47e4bae5c462e7477c95 3123c77e5de547d99dc5e2d39129b10d - - 116f49a716c34af294a835be3080f3ba 116f49a716c34af294a835be3080f3ba] 162.253.55.52 "GET /v2.0/networks/c0373024-846d-46b1-83c2-0660169f4e6d?fields=segments HTTP/1.1" status: 200 len: 212 time: 0.1001966
2026-03-04 02:30:32.241 10 INFO neutron.wsgi [-] 10.0.0.114 "GET / HTTP/1.1" status: 200 len: 246 time: 0.0018928
2026-03-04 02:30:32.244 10 INFO neutron.wsgi [-] 10.0.0.114 "GET / HTTP/1.1" status: 200 len: 246 time: 0.0015693
2026-03-04 02:30:32.321 9 INFO neutron.wsgi [req-88e06af3-cd0a-4413-857f-48cbc0e8ada8 req-77b06d51-ea7a-4098-868a-504b74fa12cf f28aea73a63a436a90c4f3da5fb273bc 509bf5eb981d4be5aa6b2344ba9e6d7c - - default default] 10.0.0.129 "GET /v2.0/security-groups?id=3909d26a-f6bd-42a1-813f-66aff2c57946&fields=id&fields=name HTTP/1.1" status: 200 len: 313 time: 0.0804081
2026-03-04 02:30:32.339 9 INFO neutron.wsgi [req-d5c099a9-0cfc-4bad-bcff-4b7d0b29202e req-7a266215-7333-4526-8be5-5968c1871114 0bb682022b2b47e4bae5c462e7477c95 3123c77e5de547d99dc5e2d39129b10d - - 116f49a716c34af294a835be3080f3ba 116f49a716c34af294a835be3080f3ba] 162.253.55.52 "GET /v2.0/networks/c0373024-846d-46b1-83c2-0660169f4e6d?fields=provider%3Aphysical_network&fields=provider%3Anetwork_type HTTP/1.1" status: 200 len: 277 time: 0.0910008
2026-03-04 02:30:32.433 9 INFO neutron.db.ovn_revision_numbers_db [None req-92c0e464-e21e-437f-bb49-1cdcdc62b54c - - - - - -] Successfully bumped revision number for resource c320108c-91e6-46d2-b1db-157fc77a4b26 (type: ports) to 4
2026-03-04 02:30:32.726 10 INFO neutron.notifiers.nova [-] Nova event matching ['req-04670e90-10b0-4d96-9d32-84eac8371648'] response: {'server_uuid': '95ae6f38-0232-4014-92e2-f22a7c7c1bc7', 'name': 'network-vif-plugged', 'status': 'completed', 'tag': '5cf7c3c7-157b-4589-9e94-66972a1c831d', 'code': 200}
2026-03-04 02:30:32.727 10 INFO neutron.notifiers.nova [-] Nova event matching ['req-04670e90-10b0-4d96-9d32-84eac8371648'] response: {'server_uuid': '95ae6f38-0232-4014-92e2-f22a7c7c1bc7', 'name': 'network-vif-plugged', 'status': 'completed', 'tag': '5cf7c3c7-157b-4589-9e94-66972a1c831d', 'code': 200} /var/lib/openstack/lib/python3.10/site-packages/pycadf/identifier.py:71: UserWarning: Invalid uuid: neutron. To ensure interoperability, identifiers should be a valid uuid. warnings.warn(('Invalid uuid: %s. To ensure interoperability, '
2026-03-04 02:30:33.426 9 INFO neutron.wsgi [req-61a48ea9-9fff-4b59-8e7a-ee03565c0417 req-9ee967e4-85c2-4941-bb85-1de44cc2e8a6 f28aea73a63a436a90c4f3da5fb273bc 509bf5eb981d4be5aa6b2344ba9e6d7c - - default default] 10.0.0.129 "GET /v2.0/ports?device_id=95ae6f38-0232-4014-92e2-f22a7c7c1bc7 HTTP/1.1" status: 200 len: 1170 time: 0.0393505
2026-03-04 02:30:33.482 9 INFO neutron.wsgi [req-61a48ea9-9fff-4b59-8e7a-ee03565c0417 req-3e200c82-9205-4823-b7cc-f422e4a63d92 f28aea73a63a436a90c4f3da5fb273bc 509bf5eb981d4be5aa6b2344ba9e6d7c - - default default] 10.0.0.129 "GET /v2.0/security-groups?id=3909d26a-f6bd-42a1-813f-66aff2c57946&fields=id&fields=name HTTP/1.1" status: 200 len: 313 time: 0.0507078
2026-03-04 02:30:33.527 9 INFO neutron.notifiers.nova [-] Nova event matching ['req-6c9843ab-c08d-4d67-9b47-9e320e242c6c'] response: {'server_uuid': '7609573a-bde2-45e2-aea8-a3119050d26a', 'name': 'network-vif-plugged', 'status': 'completed', 'tag': 'c320108c-91e6-46d2-b1db-157fc77a4b26', 'code': 200}
2026-03-04 02:30:33.527 9 INFO neutron.notifiers.nova [-] Nova event matching ['req-6c9843ab-c08d-4d67-9b47-9e320e242c6c'] response: {'server_uuid': '7609573a-bde2-45e2-aea8-a3119050d26a', 'name': 'network-vif-plugged', 'status': 'completed', 'tag': 'c320108c-91e6-46d2-b1db-157fc77a4b26', 'code': 200}
2026-03-04 02:30:33.600 9 INFO neutron.wsgi [req-ea735801-ff03-4efb-804f-6d67fe0b4466 req-1ebb9c3e-1115-4676-a02d-316e9669d387 f28aea73a63a436a90c4f3da5fb273bc 509bf5eb981d4be5aa6b2344ba9e6d7c - - default default] 10.0.0.129 "GET /v2.0/ports?device_id=95ae6f38-0232-4014-92e2-f22a7c7c1bc7 HTTP/1.1" status: 200 len: 1170 time: 0.0402586
2026-03-04 02:30:33.635 9 INFO neutron.wsgi [req-ea735801-ff03-4efb-804f-6d67fe0b4466 req-8ac5d665-137a-489f-b0ba-c976b73623f6 f28aea73a63a436a90c4f3da5fb273bc 509bf5eb981d4be5aa6b2344ba9e6d7c - - default default] 10.0.0.129 "GET /v2.0/security-groups?id=3909d26a-f6bd-42a1-813f-66aff2c57946&fields=id&fields=name HTTP/1.1" status: 200 len: 313 time: 0.0298202
2026-03-04 02:30:33.696 9 INFO neutron.wsgi [None req-997453e4-2870-42c7-981a-4b1e189dadeb 5b9f49563d254cdf8ba7c09864a9139a 6365783ed8824a3db381655459fee9df - - default default] 10.0.0.30 "GET /v2.0/ports?device_id=95ae6f38-0232-4014-92e2-f22a7c7c1bc7 HTTP/1.1" status: 200 len: 1404 time: 0.0320277
2026-03-04 02:30:33.972 9 WARNING neutron.scheduler.dhcp_agent_scheduler [None req-6e886b90-d888-47e8-98b2-76c798a987f5 f28aea73a63a436a90c4f3da5fb273bc 509bf5eb981d4be5aa6b2344ba9e6d7c - - default default] No more DHCP agents
2026-03-04 02:30:33.982 9 WARNING neutron.api.rpc.agentnotifiers.dhcp_rpc_agent_api [None req-6e886b90-d888-47e8-98b2-76c798a987f5 f28aea73a63a436a90c4f3da5fb273bc 509bf5eb981d4be5aa6b2344ba9e6d7c - - default default] Unable to schedule network a1d31c68-8dc4-46b4-b8ed-cdcc896b677f: no agents available; will retry on subsequent port and subnet creation events. /var/lib/openstack/lib/python3.10/site-packages/pycadf/identifier.py:71: UserWarning: Invalid uuid: neutron. To ensure interoperability, identifiers should be a valid uuid. warnings.warn(('Invalid uuid: %s. To ensure interoperability, '
2026-03-04 02:30:34.377 9 INFO neutron.db.l3_db [None req-6e886b90-d888-47e8-98b2-76c798a987f5 f28aea73a63a436a90c4f3da5fb273bc 509bf5eb981d4be5aa6b2344ba9e6d7c - - default default] Floating IP 12cbf19f-fd42-43e9-8f5a-fc2ef5e26ab8 associated. External IP: 10.96.250.205, port: 5cf7c3c7-157b-4589-9e94-66972a1c831d.
2026-03-04 02:30:34.387 10 INFO neutron.wsgi [req-95027065-17b8-4c86-9c5e-aa37fb088f22 req-c603841a-f4ca-4cd9-958b-03dec4f358c4 1b4f2c5ed4614f95aa6a87b3e1aa3ba6 3d2b5db0d0214cca9a4973eb852d8754 - - default default] 10.0.0.129 "GET /v2.0/ports?device_id=7609573a-bde2-45e2-aea8-a3119050d26a HTTP/1.1" status: 200 len: 1404 time: 0.0828257
2026-03-04 02:30:34.442 10 INFO neutron.wsgi [req-95027065-17b8-4c86-9c5e-aa37fb088f22 req-8cc934e5-1646-4e4e-b1a0-adbb8c4ae978 1b4f2c5ed4614f95aa6a87b3e1aa3ba6 3d2b5db0d0214cca9a4973eb852d8754 - - default default] 10.0.0.129 "GET /v2.0/security-groups?id=f78d0be7-fc47-4ce8-8762-ab1c1dfd8980&fields=id&fields=name HTTP/1.1" status: 200 len: 311 time: 0.0496747
2026-03-04 02:30:34.546 10 INFO neutron.wsgi [None req-ea0e77d4-9af7-4a5a-ae13-f603c44e8972 1b4f2c5ed4614f95aa6a87b3e1aa3ba6 3d2b5db0d0214cca9a4973eb852d8754 - - default default] 10.0.0.30 "GET /v2.0/ports?network_id=c0373024-846d-46b1-83c2-0660169f4e6d&mac_address=fa%3A16%3A3e%3A0e%3A8a%3A8b HTTP/1.1" status: 200 len: 1399 time: 0.0736816
2026-03-04 02:30:34.574 9 INFO neutron.db.ovn_revision_numbers_db [None req-6e886b90-d888-47e8-98b2-76c798a987f5 f28aea73a63a436a90c4f3da5fb273bc 509bf5eb981d4be5aa6b2344ba9e6d7c - - default default] Successfully bumped revision number for resource 12cbf19f-fd42-43e9-8f5a-fc2ef5e26ab8 (type: floatingips) to 0
2026-03-04 02:30:34.710 9 INFO neutron.db.ovn_revision_numbers_db [None req-6e886b90-d888-47e8-98b2-76c798a987f5 f28aea73a63a436a90c4f3da5fb273bc 509bf5eb981d4be5aa6b2344ba9e6d7c - - default default] Successfully bumped revision number for resource 12cbf19f-fd42-43e9-8f5a-fc2ef5e26ab8 (type: floatingips) to 1
2026-03-04 02:30:34.757 9 INFO neutron.wsgi [None req-6e886b90-d888-47e8-98b2-76c798a987f5 f28aea73a63a436a90c4f3da5fb273bc 509bf5eb981d4be5aa6b2344ba9e6d7c - - default default] 10.0.0.30 "POST /v2.0/floatingips HTTP/1.1" status: 201 len: 1054 time: 1.0553801 /var/lib/openstack/lib/python3.10/site-packages/pycadf/identifier.py:71: UserWarning: Invalid uuid: neutron. To ensure interoperability, identifiers should be a valid uuid. warnings.warn(('Invalid uuid: %s. To ensure interoperability, '
2026-03-04 02:30:34.851 10 INFO neutron.wsgi [None req-d10739fb-2cda-4afe-8da4-bebf8cda6710 f28aea73a63a436a90c4f3da5fb273bc 509bf5eb981d4be5aa6b2344ba9e6d7c - - default default] 10.0.0.30 "GET /v2.0/floatingips/12cbf19f-fd42-43e9-8f5a-fc2ef5e26ab8 HTTP/1.1" status: 200 len: 1051 time: 0.0892322
2026-03-04 02:30:34.859 9 WARNING neutron.scheduler.dhcp_agent_scheduler [None req-ea0934a1-227c-4be4-bf21-5a0135b87ea5 1b4f2c5ed4614f95aa6a87b3e1aa3ba6 3d2b5db0d0214cca9a4973eb852d8754 - - default default] No more DHCP agents
2026-03-04 02:30:34.861 9 WARNING neutron.api.rpc.agentnotifiers.dhcp_rpc_agent_api [None req-ea0934a1-227c-4be4-bf21-5a0135b87ea5 1b4f2c5ed4614f95aa6a87b3e1aa3ba6 3d2b5db0d0214cca9a4973eb852d8754 - - default default] Unable to schedule network a1d31c68-8dc4-46b4-b8ed-cdcc896b677f: no agents available; will retry on subsequent port and subnet creation events.
2026-03-04 02:30:35.112 9 INFO neutron.wsgi [req-9cccea11-e1c9-415a-a7ef-4ac08167453a req-87058554-4a34-47b7-b1a8-44362bc4eb66 0bb682022b2b47e4bae5c462e7477c95 3123c77e5de547d99dc5e2d39129b10d - - 116f49a716c34af294a835be3080f3ba 116f49a716c34af294a835be3080f3ba] 10.0.0.29 "GET /v2.0/ports?device_id=c696c3f6-215e-4f3b-b23c-7b19e384f3fd HTTP/1.1" status: 200 len: 1634 time: 0.2892439
2026-03-04 02:30:35.194 9 INFO neutron.wsgi [req-9cccea11-e1c9-415a-a7ef-4ac08167453a req-98fadb1c-6552-41f7-a87f-d833c71ed040 0bb682022b2b47e4bae5c462e7477c95 3123c77e5de547d99dc5e2d39129b10d - - 116f49a716c34af294a835be3080f3ba 116f49a716c34af294a835be3080f3ba] 10.0.0.29 "GET /v2.0/security-groups?id=f78d0be7-fc47-4ce8-8762-ab1c1dfd8980&fields=id&fields=name HTTP/1.1" status: 200 len: 311 time: 0.0712245
2026-03-04 02:30:35.301 9 INFO neutron.wsgi [None req-6388f81f-eecf-4ed1-828a-1fbcb857670a 2e9c84efc45143c7be5c3528d47a8353 188a8dd7f5284638b79840c5839ead85 - - default default] 10.0.0.231 "GET /v2.0/security-groups HTTP/1.1" status: 200 len: 48783 time: 0.2073987
2026-03-04 02:30:35.349 9 INFO neutron.wsgi [None req-0a444217-8870-4a98-a4ff-743746815f64 2e9c84efc45143c7be5c3528d47a8353 188a8dd7f5284638b79840c5839ead85 - - default default] 10.0.0.231 "GET /v2.0/agents HTTP/1.1" status: 200 len: 997 time: 0.0300126
2026-03-04 02:30:35.420 9 INFO neutron.wsgi [None req-eb65ab9b-614c-4aed-97d3-7c110844d330 2e9c84efc45143c7be5c3528d47a8353 188a8dd7f5284638b79840c5839ead85 - - default default] 10.0.0.231 "GET /v2.0/ports HTTP/1.1" status: 200 len: 31652 time: 0.0693951
2026-03-04 02:30:35.570 9 INFO neutron.notifiers.nova [-] Nova event matching ['req-1eb7cb77-a0bd-4249-ad8f-6af094cf7400'] response: {'name': 'network-changed', 'server_uuid': '95ae6f38-0232-4014-92e2-f22a7c7c1bc7', 'tag': '5cf7c3c7-157b-4589-9e94-66972a1c831d', 'status': 'completed', 'code': 200}
2026-03-04 02:30:35.593 9 INFO neutron.wsgi [None req-fefc8c4d-d0f5-4def-a430-1e95e31a0e4d 2e9c84efc45143c7be5c3528d47a8353 188a8dd7f5284638b79840c5839ead85 - - default default] 10.0.0.231 "GET /v2.0/routers HTTP/1.1" status: 200 len: 2864 time: 0.1512558
2026-03-04 02:30:35.605 9 INFO neutron.wsgi [None req-a89de8d7-4f5b-4218-b86d-2d975dd06762 2e9c84efc45143c7be5c3528d47a8353 188a8dd7f5284638b79840c5839ead85 - - default default] 10.0.0.231 "GET /v2.0/agents?binary=ovn-controller HTTP/1.1" status: 200 len: 591 time: 0.0105722
2026-03-04 02:30:35.674 9 INFO neutron.wsgi [req-617a3763-391e-4c86-a979-730a45aee492 req-67098c3a-241d-4c41-91f2-20680637d28f 0bb682022b2b47e4bae5c462e7477c95 3123c77e5de547d99dc5e2d39129b10d - - 116f49a716c34af294a835be3080f3ba 116f49a716c34af294a835be3080f3ba] 162.253.55.52 "GET /v2.0/ports?tenant_id=509bf5eb981d4be5aa6b2344ba9e6d7c&device_id=95ae6f38-0232-4014-92e2-f22a7c7c1bc7 HTTP/1.1" status: 200 len: 1409 time: 0.0672741
2026-03-04 02:30:35.685 9 INFO neutron.wsgi [None req-e9333ffe-b355-443d-b907-9d72377810b6 2e9c84efc45143c7be5c3528d47a8353 188a8dd7f5284638b79840c5839ead85 - - default default] 10.0.0.231 "GET /v2.0/subnets HTTP/1.1" status: 200 len: 7446 time: 0.0776393
2026-03-04 02:30:35.735 9 INFO neutron.wsgi [None req-9cadb6e2-30ae-4833-b1d0-213ecc73e445 2e9c84efc45143c7be5c3528d47a8353 188a8dd7f5284638b79840c5839ead85 - - default default] 10.0.0.231 "GET /v2.0/network-ip-availabilities HTTP/1.1" status: 200 len: 4755 time: 0.0384178
2026-03-04 02:30:35.795 9 INFO neutron.db.l3_db [None req-ea0934a1-227c-4be4-bf21-5a0135b87ea5 1b4f2c5ed4614f95aa6a87b3e1aa3ba6 3d2b5db0d0214cca9a4973eb852d8754 - - default default] Floating IP 4f5b67e3-1431-4d4b-9808-ffcce507803d associated. External IP: 10.96.250.208, port: c320108c-91e6-46d2-b1db-157fc77a4b26.
2026-03-04 02:30:35.816 9 INFO neutron.wsgi [None req-d668963c-992a-4d5b-88f8-1b9952f722ef 2e9c84efc45143c7be5c3528d47a8353 188a8dd7f5284638b79840c5839ead85 - - default default] 10.0.0.231 "GET /v2.0/floatingips HTTP/1.1" status: 200 len: 3563 time: 0.0777605
2026-03-04 02:30:35.819 9 INFO neutron.wsgi [req-617a3763-391e-4c86-a979-730a45aee492 req-8f086b30-6d38-47ee-8461-24fbb93795b9 0bb682022b2b47e4bae5c462e7477c95 3123c77e5de547d99dc5e2d39129b10d - - 116f49a716c34af294a835be3080f3ba 116f49a716c34af294a835be3080f3ba] 162.253.55.52 "GET /v2.0/networks?id=5d9809c3-dd7e-499f-bf65-3d7197e101bf HTTP/1.1" status: 200 len: 959 time: 0.1334393
2026-03-04 02:30:35.924 9 INFO neutron.wsgi [req-617a3763-391e-4c86-a979-730a45aee492 req-da769821-b4d1-4063-9c84-b42c0ec9a586 0bb682022b2b47e4bae5c462e7477c95 3123c77e5de547d99dc5e2d39129b10d - - 116f49a716c34af294a835be3080f3ba 116f49a716c34af294a835be3080f3ba] 162.253.55.52 "GET /v2.0/floatingips?fixed_ip_address=10.100.0.6&port_id=5cf7c3c7-157b-4589-9e94-66972a1c831d HTTP/1.1" status: 200 len: 1059 time: 0.0930581
2026-03-04 02:30:35.966 9 INFO neutron.wsgi [None req-e12ad816-a992-4414-8bf2-69dcaa19a3d3 2e9c84efc45143c7be5c3528d47a8353 188a8dd7f5284638b79840c5839ead85 - - default default] 10.0.0.231 "GET /v2.0/networks HTTP/1.1" status: 200 len: 6983 time: 0.1445124
2026-03-04 02:30:36.164 9 INFO neutron.wsgi [req-617a3763-391e-4c86-a979-730a45aee492 req-3d0cd857-6330-4781-b4ab-1612fb468e2e 0bb682022b2b47e4bae5c462e7477c95 3123c77e5de547d99dc5e2d39129b10d - - 116f49a716c34af294a835be3080f3ba 116f49a716c34af294a835be3080f3ba] 162.253.55.52 "GET /v2.0/subnets?id=d7515a72-788f-49de-94d2-2a41e1b17ac4 HTTP/1.1" status: 200 len: 853 time: 0.2343719
2026-03-04 02:30:36.177 10 INFO neutron.wsgi [req-d552a0fc-fbcb-4c53-86bb-0173ffd68b4f req-bbe5ad6e-8d18-4450-b957-d7b8d829eb03 2e9c84efc45143c7be5c3528d47a8353 188a8dd7f5284638b79840c5839ead85 - - default default] 10.0.0.129 "GET /v2.0/ports?device_id=7609573a-bde2-45e2-aea8-a3119050d26a&device_id=95ae6f38-0232-4014-92e2-f22a7c7c1bc7&device_id=819833ac-6715-4cb8-b07e-706b07ba7843&device_id=c696c3f6-215e-4f3b-b23c-7b19e384f3fd HTTP/1.1" status: 200 len: 5500 time: 0.0719061
2026-03-04 02:30:36.204 9 INFO neutron.wsgi [req-617a3763-391e-4c86-a979-730a45aee492 req-473df8ec-0385-431f-814d-45867a4eb961 0bb682022b2b47e4bae5c462e7477c95 3123c77e5de547d99dc5e2d39129b10d - - 116f49a716c34af294a835be3080f3ba 116f49a716c34af294a835be3080f3ba] 162.253.55.52 "GET /v2.0/ports?network_id=5d9809c3-dd7e-499f-bf65-3d7197e101bf&device_owner=network%3Adhcp HTTP/1.1" status: 200 len: 210 time: 0.0284276
2026-03-04 02:30:36.208 9 INFO neutron.wsgi [None req-5e47f557-0f29-4737-9bae-9c52d1cfe015 2e9c84efc45143c7be5c3528d47a8353 188a8dd7f5284638b79840c5839ead85 - - default default] 10.0.0.231 "GET /v2.0/subnets HTTP/1.1" status: 200 len: 7446 time: 0.0564160
2026-03-04 02:30:36.233 9 INFO neutron.wsgi [None req-72cf4abf-1e76-4e50-b0f8-9c88393cec99 2e9c84efc45143c7be5c3528d47a8353 188a8dd7f5284638b79840c5839ead85 - - default default] 10.0.0.231 "GET /v2.0/subnetpools HTTP/1.1" status: 200 len: 193 time: 0.0222566
2026-03-04 02:30:36.241 10 INFO neutron.wsgi [req-d552a0fc-fbcb-4c53-86bb-0173ffd68b4f req-8a013231-0761-443c-8c43-2531ed23d760 2e9c84efc45143c7be5c3528d47a8353 188a8dd7f5284638b79840c5839ead85 - - default default] 10.0.0.129 "GET /v2.0/security-groups?id=f78d0be7-fc47-4ce8-8762-ab1c1dfd8980&id=02989c0b-59cd-4965-aea0-24c0c70caa21&id=3909d26a-f6bd-42a1-813f-66aff2c57946&id=7891f9b0-b71e-4b94-ab75-bac91f79071d&fields=id&fields=name HTTP/1.1" status: 200 len: 589 time: 0.0556448
2026-03-04 02:30:36.277 9 INFO neutron.wsgi [req-617a3763-391e-4c86-a979-730a45aee492 req-aa701052-0fad-46ca-836a-12f13c6da45c 0bb682022b2b47e4bae5c462e7477c95 3123c77e5de547d99dc5e2d39129b10d - - 116f49a716c34af294a835be3080f3ba 116f49a716c34af294a835be3080f3ba] 162.253.55.52 "GET /v2.0/networks/5d9809c3-dd7e-499f-bf65-3d7197e101bf?fields=segments HTTP/1.1" status: 200 len: 212 time: 0.0676513
2026-03-04 02:30:36.340 9 INFO neutron.db.ovn_revision_numbers_db [None req-ea0934a1-227c-4be4-bf21-5a0135b87ea5 1b4f2c5ed4614f95aa6a87b3e1aa3ba6 3d2b5db0d0214cca9a4973eb852d8754 - - default default] Successfully bumped revision number for resource 4f5b67e3-1431-4d4b-9808-ffcce507803d (type: floatingips) to 0
2026-03-04 02:30:36.364 9 INFO neutron.wsgi [req-617a3763-391e-4c86-a979-730a45aee492 req-0a3bbee0-5911-49a8-a73e-f0df7941328f 0bb682022b2b47e4bae5c462e7477c95 3123c77e5de547d99dc5e2d39129b10d - - 116f49a716c34af294a835be3080f3ba 116f49a716c34af294a835be3080f3ba] 162.253.55.52 "GET /v2.0/networks/5d9809c3-dd7e-499f-bf65-3d7197e101bf?fields=provider%3Aphysical_network&fields=provider%3Anetwork_type HTTP/1.1" status: 200 len: 277 time: 0.0811160
2026-03-04 02:30:36.475 9 INFO neutron.db.ovn_revision_numbers_db [None req-ea0934a1-227c-4be4-bf21-5a0135b87ea5 1b4f2c5ed4614f95aa6a87b3e1aa3ba6 3d2b5db0d0214cca9a4973eb852d8754 - - default default] Successfully bumped revision number for resource 4f5b67e3-1431-4d4b-9808-ffcce507803d (type: floatingips) to 1
2026-03-04 02:30:36.514 9 INFO neutron.wsgi [None req-ea0934a1-227c-4be4-bf21-5a0135b87ea5 1b4f2c5ed4614f95aa6a87b3e1aa3ba6 3d2b5db0d0214cca9a4973eb852d8754 - - default default] 10.0.0.30 "POST /v2.0/floatingips HTTP/1.1" status: 201 len: 1054 time: 1.9632676
2026-03-04 02:30:37.607 9 INFO neutron.notifiers.nova [-] Nova event matching ['req-e3cebd8a-dd93-4b1d-9b36-b6dcba1f5165'] response: {'name': 'network-changed', 'server_uuid': '7609573a-bde2-45e2-aea8-a3119050d26a', 'tag': 'c320108c-91e6-46d2-b1db-157fc77a4b26', 'status': 'completed', 'code': 200}
2026-03-04 02:30:37.683 9 INFO neutron.wsgi [req-508f1650-44b1-4ed7-a772-463da673b697 req-4cef68cf-2acb-487c-a34c-ed68d4213e38 0bb682022b2b47e4bae5c462e7477c95 3123c77e5de547d99dc5e2d39129b10d - - 116f49a716c34af294a835be3080f3ba 116f49a716c34af294a835be3080f3ba] 162.253.55.52 "GET /v2.0/ports?tenant_id=3d2b5db0d0214cca9a4973eb852d8754&device_id=7609573a-bde2-45e2-aea8-a3119050d26a HTTP/1.1" status: 200 len: 1642 time: 0.0546756
