2026-03-04 02:30:00.326 10 INFO neutron.wsgi [None req-1e35f1c6-e400-49b2-8262-4c0fd5de0b16 1b4f2c5ed4614f95aa6a87b3e1aa3ba6 3d2b5db0d0214cca9a4973eb852d8754 - - default default] 10.0.0.30 "POST /v2.0/networks HTTP/1.1" status: 201 len: 837 time: 0.8905361
2026-03-04 02:30:00.458 9 INFO neutron.db.ovn_revision_numbers_db [None req-1d8b46d8-18c5-4b0a-aeaf-4837764bb17b 96aaf86ed4814fd68f13c5d02428d2a4 c4fafbd2d71047a5b866a4aa930e55a8 - - default default] Successfully bumped revision number for resource 7236c9d4-0320-44fc-af17-df381f77c21c (type: routers) to 2
2026-03-04 02:30:00.460 9 INFO neutron.wsgi [None req-1d8b46d8-18c5-4b0a-aeaf-4837764bb17b 96aaf86ed4814fd68f13c5d02428d2a4 c4fafbd2d71047a5b866a4aa930e55a8 - - default default] 10.0.0.30 "PUT /v2.0/routers/7236c9d4-0320-44fc-af17-df381f77c21c HTTP/1.1" status: 200 len: 677 time: 0.6621499
2026-03-04 02:30:00.516 10 INFO neutron.wsgi [None req-9124ea72-c887-4a1f-82e9-f64105162b81 96aaf86ed4814fd68f13c5d02428d2a4 c4fafbd2d71047a5b866a4aa930e55a8 - - default default] 10.0.0.30 "GET /v2.0/ports?device_id=7236c9d4-0320-44fc-af17-df381f77c21c HTTP/1.1" status: 200 len: 205 time: 0.0454028
2026-03-04 02:30:00.640 9 INFO neutron.plugins.ml2.drivers.ovn.mech_driver.mech_driver [None req-92c0e464-e21e-437f-bb49-1cdcdc62b54c - - - - - -] OVN reports status up for port: f7646a81-593b-4837-9185-3e65c3f4da9c
2026-03-04 02:30:00.648 10 INFO neutron.plugins.ml2.drivers.ovn.mech_driver.ovsdb.ovsdb_monitor [None req-4faf7542-1da9-4287-a13a-4b63ed87f7fe - - - - - -] Router e42e9796-86fd-479e-b823-de46b5c7678f is bound to host instance
2026-03-04 02:30:00.677 9 INFO neutron.plugins.ml2.plugin [None req-92c0e464-e21e-437f-bb49-1cdcdc62b54c - - - - - -] Attempt 1 to provision port f7646a81-593b-4837-9185-3e65c3f4da9c
2026-03-04 02:30:00.691 10 INFO neutron.db.ovn_revision_numbers_db [None req-e25f6601-6220-47ab-8f0e-d5affb87e237 2e9c84efc45143c7be5c3528d47a8353 188a8dd7f5284638b79840c5839ead85 - - default default] Successfully bumped revision number for resource f7646a81-593b-4837-9185-3e65c3f4da9c (type: router_ports) to 1
2026-03-04 02:30:00.805 10 INFO neutron.db.ovn_revision_numbers_db [None req-e25f6601-6220-47ab-8f0e-d5affb87e237 2e9c84efc45143c7be5c3528d47a8353 188a8dd7f5284638b79840c5839ead85 - - default default] Successfully bumped revision number for resource e42e9796-86fd-479e-b823-de46b5c7678f (type: routers) to 2
2026-03-04 02:30:00.807 9 WARNING neutron.scheduler.dhcp_agent_scheduler [None req-41c96908-e43a-4dc2-bdec-b40f51654b3c 1b4f2c5ed4614f95aa6a87b3e1aa3ba6 3d2b5db0d0214cca9a4973eb852d8754 - - default default] No more DHCP agents
2026-03-04 02:30:00.810 9 WARNING neutron.api.rpc.agentnotifiers.dhcp_rpc_agent_api [None req-41c96908-e43a-4dc2-bdec-b40f51654b3c 1b4f2c5ed4614f95aa6a87b3e1aa3ba6 3d2b5db0d0214cca9a4973eb852d8754 - - default default] Unable to schedule network 940a1585-1fab-4b6d-b21f-a9d5852dc72e: no agents available; will retry on subsequent port and subnet creation events.
2026-03-04 02:30:00.820 10 INFO neutron.wsgi [None req-e25f6601-6220-47ab-8f0e-d5affb87e237 2e9c84efc45143c7be5c3528d47a8353 188a8dd7f5284638b79840c5839ead85 - - default default] 10.0.0.30 "POST /v2.0/routers HTTP/1.1" status: 201 len: 874 time: 2.2210345
2026-03-04 02:30:00.838 9 INFO neutron.wsgi [None req-c8efedb8-f3ba-4b56-9c18-c5bf25a6abd8 96aaf86ed4814fd68f13c5d02428d2a4 c4fafbd2d71047a5b866a4aa930e55a8 - - default default] 10.0.0.30 "DELETE /v2.0/routers/7236c9d4-0320-44fc-af17-df381f77c21c HTTP/1.1" status: 204 len: 168 time: 0.3170078
2026-03-04 02:30:00.888 9 INFO neutron.wsgi [None req-e42088f5-ee97-4ca5-854c-ec7e717f9ad9 96aaf86ed4814fd68f13c5d02428d2a4 c4fafbd2d71047a5b866a4aa930e55a8 - - default default] 10.0.0.30 "GET /v2.0/routers/06b542c4-dfd4-4419-8ffe-4845cc41fd1a HTTP/1.1" status: 200 len: 662 time: 0.0445094
2026-03-04 02:30:01.381 9 INFO neutron.db.ovn_revision_numbers_db [None req-41c96908-e43a-4dc2-bdec-b40f51654b3c 1b4f2c5ed4614f95aa6a87b3e1aa3ba6 3d2b5db0d0214cca9a4973eb852d8754 - - default default] Successfully bumped revision number for resource 6b1d3975-f7f8-41a5-a335-5d174e101f62 (type: ports) to 2
2026-03-04 02:30:01.417 9 INFO neutron.db.ovn_revision_numbers_db [None req-41c96908-e43a-4dc2-bdec-b40f51654b3c 1b4f2c5ed4614f95aa6a87b3e1aa3ba6 3d2b5db0d0214cca9a4973eb852d8754 - - default default] Successfully bumped revision number for resource 1a74f7ba-6842-4766-87ed-ac229be63457 (type: subnets) to 0
2026-03-04 02:30:01.432 9 INFO neutron.wsgi [None req-41c96908-e43a-4dc2-bdec-b40f51654b3c 1b4f2c5ed4614f95aa6a87b3e1aa3ba6 3d2b5db0d0214cca9a4973eb852d8754 - - default default] 10.0.0.30 "POST /v2.0/subnets HTTP/1.1" status: 201 len: 831 time: 1.0991983
2026-03-04 02:30:01.591 10 INFO neutron.db.ovn_revision_numbers_db [None req-d318d36d-dbf4-4bcc-9cbc-f896cd93695f 96aaf86ed4814fd68f13c5d02428d2a4 c4fafbd2d71047a5b866a4aa930e55a8 - - default default] Successfully bumped revision number for resource 06b542c4-dfd4-4419-8ffe-4845cc41fd1a (type: routers) to 2
2026-03-04 02:30:01.593 10 INFO neutron.wsgi [None req-d318d36d-dbf4-4bcc-9cbc-f896cd93695f 96aaf86ed4814fd68f13c5d02428d2a4 c4fafbd2d71047a5b866a4aa930e55a8 - - default default] 10.0.0.30 "PUT /v2.0/routers/06b542c4-dfd4-4419-8ffe-4845cc41fd1a HTTP/1.1" status: 200 len: 662 time: 0.6996574
2026-03-04 02:30:01.631 9 INFO neutron.wsgi [None req-180084b6-8c17-48a0-84ad-e0cfd44b1264 96aaf86ed4814fd68f13c5d02428d2a4 c4fafbd2d71047a5b866a4aa930e55a8 - - default default] 10.0.0.30 "GET /v2.0/ports?device_id=06b542c4-dfd4-4419-8ffe-4845cc41fd1a HTTP/1.1" status: 200 len: 205 time: 0.0318351
2026-03-04 02:30:01.887 9 WARNING neutron.scheduler.dhcp_agent_scheduler [None req-399122ff-86ee-4350-b1e7-91303c50efc8 1b4f2c5ed4614f95aa6a87b3e1aa3ba6 3d2b5db0d0214cca9a4973eb852d8754 - - default default] No more DHCP agents
2026-03-04 02:30:01.890 9 WARNING neutron.api.rpc.agentnotifiers.dhcp_rpc_agent_api [None req-399122ff-86ee-4350-b1e7-91303c50efc8 1b4f2c5ed4614f95aa6a87b3e1aa3ba6 3d2b5db0d0214cca9a4973eb852d8754 - - default default] Unable to schedule network 940a1585-1fab-4b6d-b21f-a9d5852dc72e: no agents available; will retry on subsequent port and subnet creation events.
2026-03-04 02:30:01.898 9 INFO neutron.wsgi [None req-7492fee7-5c4c-4d5e-8417-d4b9e68d8b43 96aaf86ed4814fd68f13c5d02428d2a4 c4fafbd2d71047a5b866a4aa930e55a8 - - default default] 10.0.0.30 "DELETE /v2.0/routers/06b542c4-dfd4-4419-8ffe-4845cc41fd1a HTTP/1.1" status: 204 len: 168 time: 0.2632449
2026-03-04 02:30:01.949 9 INFO neutron.wsgi [None req-910f27b7-fcfe-4184-9d7c-844700d0cc9d 96aaf86ed4814fd68f13c5d02428d2a4 c4fafbd2d71047a5b866a4aa930e55a8 - - default default] 10.0.0.30 "GET /v2.0/routers/8fa3ce54-7168-4d04-823e-23b5191a6e18 HTTP/1.1" status: 200 len: 655 time: 0.0423999
2026-03-04 02:30:01.951 9 INFO neutron.db.ovn_revision_numbers_db [None req-399122ff-86ee-4350-b1e7-91303c50efc8 1b4f2c5ed4614f95aa6a87b3e1aa3ba6 3d2b5db0d0214cca9a4973eb852d8754 - - default default] Successfully bumped revision number for resource ee1ff03a-d281-408f-aef3-b05373c5976b (type: subnets) to 0
2026-03-04 02:30:01.967 9 INFO neutron.wsgi [None req-399122ff-86ee-4350-b1e7-91303c50efc8 1b4f2c5ed4614f95aa6a87b3e1aa3ba6 3d2b5db0d0214cca9a4973eb852d8754 - - default default] 10.0.0.30 "POST /v2.0/subnets HTTP/1.1" status: 201 len: 901 time: 0.5288205
2026-03-04 02:30:02.057 10 INFO neutron.db.ovn_revision_numbers_db [None req-4faf7542-1da9-4287-a13a-4b63ed87f7fe - - - - - -] Successfully bumped revision number for resource f7646a81-593b-4837-9185-3e65c3f4da9c (type: ports) to 1
2026-03-04 02:30:02.066 9 INFO neutron.db.segments_db [None req-2d8dd80e-50ae-49fe-9c90-63c8fa7e12f0 1b4f2c5ed4614f95aa6a87b3e1aa3ba6 3d2b5db0d0214cca9a4973eb852d8754 - - default default] Added segment f3f444dd-31e7-4139-978e-38ca34412013 of type geneve for network c0373024-846d-46b1-83c2-0660169f4e6d
2026-03-04 02:30:02.068 10 WARNING neutron.scheduler.dhcp_agent_scheduler [None req-47dfabd2-681e-4f23-9eea-80488d0eda24 2e9c84efc45143c7be5c3528d47a8353 188a8dd7f5284638b79840c5839ead85 - - default default] No more DHCP agents
2026-03-04 02:30:02.069 10 WARNING neutron.api.rpc.agentnotifiers.dhcp_rpc_agent_api [None req-47dfabd2-681e-4f23-9eea-80488d0eda24 2e9c84efc45143c7be5c3528d47a8353 188a8dd7f5284638b79840c5839ead85 - - default default] Unable to schedule network b42d4304-300f-4418-9c58-9344623d94eb: no agents available; will retry on subsequent port and subnet creation events.
2026-03-04 02:30:02.204 9 INFO neutron.db.ovn_revision_numbers_db [None req-2d8dd80e-50ae-49fe-9c90-63c8fa7e12f0 1b4f2c5ed4614f95aa6a87b3e1aa3ba6 3d2b5db0d0214cca9a4973eb852d8754 - - default default] Successfully bumped revision number for resource c0373024-846d-46b1-83c2-0660169f4e6d (type: networks) to 1
2026-03-04 02:30:02.240 10 INFO neutron.wsgi [-] 10.0.0.114 "GET / HTTP/1.1" status: 200 len: 246 time: 0.0013504
2026-03-04 02:30:02.241 9 INFO neutron.wsgi [-] 10.0.0.114 "GET / HTTP/1.1" status: 200 len: 246 time: 0.0012062
2026-03-04 02:30:02.388 9 WARNING neutron.scheduler.dhcp_agent_scheduler [None req-2d8dd80e-50ae-49fe-9c90-63c8fa7e12f0 1b4f2c5ed4614f95aa6a87b3e1aa3ba6 3d2b5db0d0214cca9a4973eb852d8754 - - default default] No more DHCP agents
2026-03-04 02:30:02.391 9 WARNING neutron.api.rpc.agentnotifiers.dhcp_rpc_agent_api [None req-2d8dd80e-50ae-49fe-9c90-63c8fa7e12f0 1b4f2c5ed4614f95aa6a87b3e1aa3ba6 3d2b5db0d0214cca9a4973eb852d8754 - - default default] Unable to schedule network c0373024-846d-46b1-83c2-0660169f4e6d: no agents available; will retry on subsequent port and subnet creation events.
2026-03-04 02:30:02.477 9 INFO neutron.db.ovn_revision_numbers_db [None req-2d8dd80e-50ae-49fe-9c90-63c8fa7e12f0 1b4f2c5ed4614f95aa6a87b3e1aa3ba6 3d2b5db0d0214cca9a4973eb852d8754 - - default default] Successfully bumped revision number for resource 72dc9c97-b776-4b77-9acb-4de5784605dc (type: ports) to 1
2026-03-04 02:30:02.498 9 INFO neutron.wsgi [None req-2d8dd80e-50ae-49fe-9c90-63c8fa7e12f0 1b4f2c5ed4614f95aa6a87b3e1aa3ba6 3d2b5db0d0214cca9a4973eb852d8754 - - default default] 10.0.0.30 "POST /v2.0/networks HTTP/1.1" status: 201 len: 837 time: 0.5260613
2026-03-04 02:30:02.521 10 INFO neutron.db.ovn_revision_numbers_db [None req-47dfabd2-681e-4f23-9eea-80488d0eda24 2e9c84efc45143c7be5c3528d47a8353 188a8dd7f5284638b79840c5839ead85 - - default default] Successfully bumped revision number for resource 59a2f7e5-8267-4cf1-84ba-4b414ef26e29 (type: ports) to 1
2026-03-04 02:30:02.532 10 INFO neutron.wsgi [None req-0ed2812f-0d6c-4e11-a7e7-bfa494924883 96aaf86ed4814fd68f13c5d02428d2a4 c4fafbd2d71047a5b866a4aa930e55a8 - - default default] 10.0.0.30 "PUT /v2.0/routers/8fa3ce54-7168-4d04-823e-23b5191a6e18 HTTP/1.1" status: 200 len: 655 time: 0.5772715
2026-03-04 02:30:02.571 10 INFO neutron.wsgi [None req-809fd718-7920-4c18-8ee6-d51e33dfae9f 96aaf86ed4814fd68f13c5d02428d2a4 c4fafbd2d71047a5b866a4aa930e55a8 - - default default] 10.0.0.30 "GET /v2.0/ports?device_id=8fa3ce54-7168-4d04-823e-23b5191a6e18 HTTP/1.1" status: 200 len: 205 time: 0.0334580
2026-03-04 02:30:02.696 10 INFO neutron.db.ovn_revision_numbers_db [None req-4faf7542-1da9-4287-a13a-4b63ed87f7fe - - - - - -] Successfully bumped revision number for resource f7646a81-593b-4837-9185-3e65c3f4da9c (type: router_ports) to 3
2026-03-04 02:30:02.754 9 WARNING neutron.scheduler.dhcp_agent_scheduler [None req-e27b6c40-b094-49b0-bb11-ec58809f78f8 1b4f2c5ed4614f95aa6a87b3e1aa3ba6 3d2b5db0d0214cca9a4973eb852d8754 - - default default] No more DHCP agents
2026-03-04 02:30:02.757 9 WARNING neutron.api.rpc.agentnotifiers.dhcp_rpc_agent_api [None req-e27b6c40-b094-49b0-bb11-ec58809f78f8 1b4f2c5ed4614f95aa6a87b3e1aa3ba6 3d2b5db0d0214cca9a4973eb852d8754 - - default default] Unable to schedule network c0373024-846d-46b1-83c2-0660169f4e6d: no agents available; will retry on subsequent port and subnet creation events.
2026-03-04 02:30:02.886 10 INFO neutron.wsgi [None req-4eb21b11-4aa4-4fb8-9ff5-4353b09920a7 96aaf86ed4814fd68f13c5d02428d2a4 c4fafbd2d71047a5b866a4aa930e55a8 - - default default] 10.0.0.30 "DELETE /v2.0/routers/8fa3ce54-7168-4d04-823e-23b5191a6e18 HTTP/1.1" status: 204 len: 168 time: 0.3098476
2026-03-04 02:30:02.959 10 INFO neutron.db.ovn_revision_numbers_db [None req-4faf7542-1da9-4287-a13a-4b63ed87f7fe - - - - - -] Successfully bumped revision number for resource f7646a81-593b-4837-9185-3e65c3f4da9c (type: ports) to 2
2026-03-04 02:30:03.260 9 INFO neutron.db.ovn_revision_numbers_db [None req-e27b6c40-b094-49b0-bb11-ec58809f78f8 1b4f2c5ed4614f95aa6a87b3e1aa3ba6 3d2b5db0d0214cca9a4973eb852d8754 - - default default] Successfully bumped revision number for resource 72dc9c97-b776-4b77-9acb-4de5784605dc (type: ports) to 2
2026-03-04 02:30:03.296 9 INFO neutron.db.ovn_revision_numbers_db [None req-e27b6c40-b094-49b0-bb11-ec58809f78f8 1b4f2c5ed4614f95aa6a87b3e1aa3ba6 3d2b5db0d0214cca9a4973eb852d8754 - - default default] Successfully bumped revision number for resource e9b58217-fbeb-4846-87b6-e2ebbca729eb (type: subnets) to 0
2026-03-04 02:30:03.312 9 INFO neutron.wsgi [None req-e27b6c40-b094-49b0-bb11-ec58809f78f8 1b4f2c5ed4614f95aa6a87b3e1aa3ba6 3d2b5db0d0214cca9a4973eb852d8754 - - default default] 10.0.0.30 "POST /v2.0/subnets HTTP/1.1" status: 201 len: 830 time: 0.8057737
2026-03-04 02:30:03.437 9 INFO neutron.plugins.ml2.drivers.ovn.mech_driver.mech_driver [None req-92c0e464-e21e-437f-bb49-1cdcdc62b54c - - - - - -] OVN reports status up for port: 59a2f7e5-8267-4cf1-84ba-4b414ef26e29
2026-03-04 02:30:03.446 9 INFO neutron.plugins.ml2.plugin [None req-92c0e464-e21e-437f-bb49-1cdcdc62b54c - - - - - -] Attempt 1 to provision port 59a2f7e5-8267-4cf1-84ba-4b414ef26e29
2026-03-04 02:30:03.481 10 INFO neutron.db.ovn_revision_numbers_db [None req-47dfabd2-681e-4f23-9eea-80488d0eda24 2e9c84efc45143c7be5c3528d47a8353 188a8dd7f5284638b79840c5839ead85 - - default default] Successfully bumped revision number for resource 59a2f7e5-8267-4cf1-84ba-4b414ef26e29 (type: router_ports) to 1
2026-03-04 02:30:03.560 10 INFO neutron.db.ovn_revision_numbers_db [None req-4faf7542-1da9-4287-a13a-4b63ed87f7fe - - - - - -] Successfully bumped revision number for resource f7646a81-593b-4837-9185-3e65c3f4da9c (type: ports) to 4
2026-03-04 02:30:03.605 9 WARNING neutron.scheduler.dhcp_agent_scheduler [None req-991c83b8-3a33-43c8-9a25-93b7465a2342 1b4f2c5ed4614f95aa6a87b3e1aa3ba6 3d2b5db0d0214cca9a4973eb852d8754 - - default default] No more DHCP agents
2026-03-04 02:30:03.611 9 WARNING neutron.api.rpc.agentnotifiers.dhcp_rpc_agent_api [None req-991c83b8-3a33-43c8-9a25-93b7465a2342 1b4f2c5ed4614f95aa6a87b3e1aa3ba6 3d2b5db0d0214cca9a4973eb852d8754 - - default default] Unable to schedule network c0373024-846d-46b1-83c2-0660169f4e6d: no agents available; will retry on subsequent port and subnet creation events.
2026-03-04 02:30:03.657 9 INFO neutron.db.ovn_revision_numbers_db [None req-991c83b8-3a33-43c8-9a25-93b7465a2342 1b4f2c5ed4614f95aa6a87b3e1aa3ba6 3d2b5db0d0214cca9a4973eb852d8754 - - default default] Successfully bumped revision number for resource b9383cd1-43c6-4636-ae95-893d2598b50d (type: subnets) to 0
2026-03-04 02:30:03.680 9 INFO neutron.wsgi [None req-991c83b8-3a33-43c8-9a25-93b7465a2342 1b4f2c5ed4614f95aa6a87b3e1aa3ba6 3d2b5db0d0214cca9a4973eb852d8754 - - default default] 10.0.0.30 "POST /v2.0/subnets HTTP/1.1" status: 201 len: 905 time: 0.3634686
2026-03-04 02:30:03.683 10 INFO neutron.db.ovn_revision_numbers_db [None req-47dfabd2-681e-4f23-9eea-80488d0eda24 2e9c84efc45143c7be5c3528d47a8353 188a8dd7f5284638b79840c5839ead85 - - default default] Successfully bumped revision number for resource 59a2f7e5-8267-4cf1-84ba-4b414ef26e29 (type: ports) to 1
2026-03-04 02:30:03.778 10 WARNING neutron.scheduler.dhcp_agent_scheduler [None req-47dfabd2-681e-4f23-9eea-80488d0eda24 2e9c84efc45143c7be5c3528d47a8353 188a8dd7f5284638b79840c5839ead85 - - default default] No more DHCP agents
2026-03-04 02:30:03.783 10 WARNING neutron.api.rpc.agentnotifiers.dhcp_rpc_agent_api [None req-47dfabd2-681e-4f23-9eea-80488d0eda24 2e9c84efc45143c7be5c3528d47a8353 188a8dd7f5284638b79840c5839ead85 - - default default] Unable to schedule network b42d4304-300f-4418-9c58-9344623d94eb: no agents available; will retry on subsequent port and subnet creation events.
2026-03-04 02:30:03.784 9 INFO neutron.db.ovn_revision_numbers_db [None req-92c0e464-e21e-437f-bb49-1cdcdc62b54c - - - - - -] Successfully bumped revision number for resource 59a2f7e5-8267-4cf1-84ba-4b414ef26e29 (type: ports) to 2
2026-03-04 02:30:03.956 10 INFO neutron.db.ovn_revision_numbers_db [None req-4faf7542-1da9-4287-a13a-4b63ed87f7fe - - - - - -] Successfully bumped revision number for resource f7646a81-593b-4837-9185-3e65c3f4da9c (type: router_ports) to 4
2026-03-04 02:30:04.250 9 INFO neutron.db.ovn_revision_numbers_db [None req-92c0e464-e21e-437f-bb49-1cdcdc62b54c - - - - - -] Successfully bumped revision number for resource 59a2f7e5-8267-4cf1-84ba-4b414ef26e29 (type: router_ports) to 2
2026-03-04 02:30:04.311 9 INFO neutron.db.ovn_revision_numbers_db [None req-d9db223d-42d5-4116-a4b1-4d8b0056960e 2e9c84efc45143c7be5c3528d47a8353 188a8dd7f5284638b79840c5839ead85 - - default default] Successfully bumped revision number for resource ce43061a-c945-457e-8994-82fa0b5cc92e (type: security_groups) to 1
2026-03-04 02:30:04.340 9 INFO neutron.db.ovn_revision_numbers_db [None req-d9db223d-42d5-4116-a4b1-4d8b0056960e 2e9c84efc45143c7be5c3528d47a8353 188a8dd7f5284638b79840c5839ead85 - - default default] Successfully bumped revision number for resource 21e7cd55-38a2-4fb8-96dc-89c03bdf4bd3 (type: security_group_rules) to 0
2026-03-04 02:30:04.357 10 INFO neutron.db.ovn_revision_numbers_db [None req-47dfabd2-681e-4f23-9eea-80488d0eda24 2e9c84efc45143c7be5c3528d47a8353 188a8dd7f5284638b79840c5839ead85 - - default default] Successfully bumped revision number for resource 59a2f7e5-8267-4cf1-84ba-4b414ef26e29 (type: router_ports) to 2
2026-03-04 02:30:04.360 10 INFO neutron.wsgi [None req-47dfabd2-681e-4f23-9eea-80488d0eda24 2e9c84efc45143c7be5c3528d47a8353 188a8dd7f5284638b79840c5839ead85 - - default default] 10.0.0.30 "PUT /v2.0/routers/e42e9796-86fd-479e-b823-de46b5c7678f/add_router_interface HTTP/1.1" status: 200 len: 503 time: 3.5346038
2026-03-04 02:30:04.380 9 INFO neutron.db.ovn_revision_numbers_db [None req-d9db223d-42d5-4116-a4b1-4d8b0056960e 2e9c84efc45143c7be5c3528d47a8353 188a8dd7f5284638b79840c5839ead85 - - default default] Successfully bumped revision number for resource 8ba89fa1-bf0b-4c00-a670-6281f75f3c05 (type: security_group_rules) to 0
2026-03-04 02:30:04.417 9 INFO neutron.db.ovn_revision_numbers_db [None req-d9db223d-42d5-4116-a4b1-4d8b0056960e 2e9c84efc45143c7be5c3528d47a8353 188a8dd7f5284638b79840c5839ead85 - - default default] Successfully bumped revision number for resource 9fc2b943-0071-4b52-b930-1f7bd896d7e9 (type: security_group_rules) to 0
2026-03-04 02:30:04.462 9 INFO neutron.db.ovn_revision_numbers_db [None req-d9db223d-42d5-4116-a4b1-4d8b0056960e 2e9c84efc45143c7be5c3528d47a8353 188a8dd7f5284638b79840c5839ead85 - - default default] Successfully bumped revision number for resource e364100d-ec93-403d-a5ea-f231a677dcba (type: security_group_rules) to 0
2026-03-04 02:30:04.496 9 INFO neutron.wsgi [None req-d9db223d-42d5-4116-a4b1-4d8b0056960e 2e9c84efc45143c7be5c3528d47a8353 188a8dd7f5284638b79840c5839ead85 - - default default] 10.0.0.30 "GET /v2.0/security-groups?tenant_id=d6acdf31dc734182b8fd9d96d00ec198&name=default HTTP/1.1" status: 200 len: 2996 time: 0.8301518
2026-03-04 02:30:04.610 9 WARNING neutron.scheduler.dhcp_agent_scheduler [None req-543ab5d1-dcc2-4cd7-858b-76ce06d621fa 1b4f2c5ed4614f95aa6a87b3e1aa3ba6 3d2b5db0d0214cca9a4973eb852d8754 - - default default] No more DHCP agents
2026-03-04 02:30:04.616 9 WARNING neutron.api.rpc.agentnotifiers.dhcp_rpc_agent_api [None req-543ab5d1-dcc2-4cd7-858b-76ce06d621fa 1b4f2c5ed4614f95aa6a87b3e1aa3ba6 3d2b5db0d0214cca9a4973eb852d8754 - - default default] Unable to schedule network a1d31c68-8dc4-46b4-b8ed-cdcc896b677f: no agents available; will retry on subsequent port and subnet creation events.
2026-03-04 02:30:04.721 10 INFO neutron.wsgi [None req-61161273-8f18-4bd1-9f26-3686f8bcbfa8 2e9c84efc45143c7be5c3528d47a8353 188a8dd7f5284638b79840c5839ead85 - - default default] 10.0.0.30 "DELETE /v2.0/security-groups/ce43061a-c945-457e-8994-82fa0b5cc92e HTTP/1.1" status: 204 len: 168 time: 0.2210350
2026-03-04 02:30:04.799 9 INFO neutron.db.ovn_revision_numbers_db [None req-543ab5d1-dcc2-4cd7-858b-76ce06d621fa 1b4f2c5ed4614f95aa6a87b3e1aa3ba6 3d2b5db0d0214cca9a4973eb852d8754 - - default default] Successfully bumped revision number for resource 2b1a27ce-fbf6-456c-9342-dc62e3b13680 (type: ports) to 1
2026-03-04 02:30:04.957 10 INFO neutron.db.ovn_revision_numbers_db [None req-a81dbdf5-9a94-4082-b2ed-4a777e790f49 2e9c84efc45143c7be5c3528d47a8353 188a8dd7f5284638b79840c5839ead85 - - default default] Successfully bumped revision number for resource 69cbee54-b490-4217-8d65-209ccb202603 (type: security_groups) to 1
2026-03-04 02:30:04.970 10 INFO neutron.db.ovn_revision_numbers_db [None req-a81dbdf5-9a94-4082-b2ed-4a777e790f49 2e9c84efc45143c7be5c3528d47a8353 188a8dd7f5284638b79840c5839ead85 - - default default] Successfully bumped revision number for resource 3a3e7d52-18bc-4114-9af1-30b26e89b2cd (type: security_group_rules) to 0
2026-03-04 02:30:04.987 10 INFO neutron.db.ovn_revision_numbers_db [None req-a81dbdf5-9a94-4082-b2ed-4a777e790f49 2e9c84efc45143c7be5c3528d47a8353 188a8dd7f5284638b79840c5839ead85 - - default default] Successfully bumped revision number for resource 3d853c01-35b1-4524-bd80-f26c1d106fdb (type: security_group_rules) to 0
2026-03-04 02:30:05.005 10 INFO neutron.db.ovn_revision_numbers_db [None req-a81dbdf5-9a94-4082-b2ed-4a777e790f49 2e9c84efc45143c7be5c3528d47a8353 188a8dd7f5284638b79840c5839ead85 - - default default] Successfully bumped revision number for resource 9a5c64d5-5c14-472b-ba42-924f35462fe0 (type: security_group_rules) to 0
2026-03-04 02:30:05.020 10 INFO neutron.db.ovn_revision_numbers_db [None req-a81dbdf5-9a94-4082-b2ed-4a777e790f49 2e9c84efc45143c7be5c3528d47a8353 188a8dd7f5284638b79840c5839ead85 - - default default] Successfully bumped revision number for resource c7060534-08ef-4461-bd85-c9e217737c25 (type: security_group_rules) to 0
2026-03-04 02:30:05.046 10 INFO neutron.wsgi [None req-a81dbdf5-9a94-4082-b2ed-4a777e790f49 2e9c84efc45143c7be5c3528d47a8353 188a8dd7f5284638b79840c5839ead85 - - default default] 10.0.0.30 "GET /v2.0/security-groups?tenant_id=a5eac03cce9745b58827fb31ab336d24&name=default HTTP/1.1" status: 200 len: 2996 time: 0.1935666
2026-03-04 02:30:05.259 10 INFO neutron.wsgi [None req-23ef3494-a1f3-44c3-a29a-bd583fc75e07 2e9c84efc45143c7be5c3528d47a8353 188a8dd7f5284638b79840c5839ead85 - - default default] 10.0.0.30 "DELETE /v2.0/security-groups/69cbee54-b490-4217-8d65-209ccb202603 HTTP/1.1" status: 204 len: 168 time: 0.2042530
2026-03-04 02:30:05.260 9 INFO neutron.db.ovn_revision_numbers_db [None req-2b9956ea-cc2c-45ba-915f-55a3374f88da 2e9c84efc45143c7be5c3528d47a8353 188a8dd7f5284638b79840c5839ead85 - - default default] Successfully bumped revision number for resource 1e297820-3df3-4c0d-a561-ca287f2381b2 (type: security_groups) to 1
2026-03-04 02:30:05.281 9 INFO neutron.db.ovn_revision_numbers_db [None req-2b9956ea-cc2c-45ba-915f-55a3374f88da 2e9c84efc45143c7be5c3528d47a8353 188a8dd7f5284638b79840c5839ead85 - - default default] Successfully bumped revision number for resource 0ae94fb4-aae5-44df-8699-710c58dce93d (type: security_group_rules) to 0
2026-03-04 02:30:05.306 9 INFO neutron.db.ovn_revision_numbers_db [None req-2b9956ea-cc2c-45ba-915f-55a3374f88da 2e9c84efc45143c7be5c3528d47a8353 188a8dd7f5284638b79840c5839ead85 - - default default] Successfully bumped revision number for resource 5597fa94-827d-438f-a831-3646dc000920 (type: security_group_rules) to 0
2026-03-04 02:30:05.332 9 INFO neutron.db.ovn_revision_numbers_db [None req-2b9956ea-cc2c-45ba-915f-55a3374f88da 2e9c84efc45143c7be5c3528d47a8353 188a8dd7f5284638b79840c5839ead85 - - default default] Successfully bumped revision number for resource 5e4ee0d5-d722-4efd-b457-c3b65703749d (type: security_group_rules) to 0
2026-03-04 02:30:05.359 9 INFO neutron.db.ovn_revision_numbers_db [None req-2b9956ea-cc2c-45ba-915f-55a3374f88da 2e9c84efc45143c7be5c3528d47a8353 188a8dd7f5284638b79840c5839ead85 - - default default] Successfully bumped revision number for resource b00f416c-dd4f-4f30-8cc5-be06a44192cd (type: security_group_rules) to 0
2026-03-04 02:30:05.388 9 INFO neutron.wsgi [None req-2b9956ea-cc2c-45ba-915f-55a3374f88da 2e9c84efc45143c7be5c3528d47a8353 188a8dd7f5284638b79840c5839ead85 - - default default] 10.0.0.30 "GET /v2.0/security-groups?tenant_id=e3a5bc02393545cca0c57056108b0309&name=default HTTP/1.1" status: 200 len: 2996 time: 0.4061782
2026-03-04 02:30:05.457 10 INFO neutron.plugins.ml2.drivers.ovn.mech_driver.mech_driver [None req-575fdd68-b365-41c0-9928-8a1fdfa9f95e - - - - - -] OVN reports status up for port: 2b1a27ce-fbf6-456c-9342-dc62e3b13680
2026-03-04 02:30:05.469 10 INFO neutron.plugins.ml2.drivers.ovn.mech_driver.ovsdb.ovsdb_monitor [None req-4faf7542-1da9-4287-a13a-4b63ed87f7fe - - - - - -] Router ad9c7dbc-5b84-4046-8ed5-c34954617fd1 is bound to host instance
2026-03-04 02:30:05.471 9 INFO neutron.db.ovn_revision_numbers_db [None req-543ab5d1-dcc2-4cd7-858b-76ce06d621fa 1b4f2c5ed4614f95aa6a87b3e1aa3ba6 3d2b5db0d0214cca9a4973eb852d8754 - - default default] Successfully bumped revision number for resource 2b1a27ce-fbf6-456c-9342-dc62e3b13680 (type: router_ports) to 1
2026-03-04 02:30:05.488 10 INFO neutron.plugins.ml2.plugin [None req-575fdd68-b365-41c0-9928-8a1fdfa9f95e - - - - - -] Attempt 1 to provision port 2b1a27ce-fbf6-456c-9342-dc62e3b13680
2026-03-04 02:30:05.553 9 INFO neutron.db.ovn_revision_numbers_db [None req-543ab5d1-dcc2-4cd7-858b-76ce06d621fa 1b4f2c5ed4614f95aa6a87b3e1aa3ba6 3d2b5db0d0214cca9a4973eb852d8754 - - default default] Successfully bumped revision number for resource ad9c7dbc-5b84-4046-8ed5-c34954617fd1 (type: routers) to 2
2026-03-04 02:30:05.568 9 INFO neutron.wsgi [None req-543ab5d1-dcc2-4cd7-858b-76ce06d621fa 1b4f2c5ed4614f95aa6a87b3e1aa3ba6 3d2b5db0d0214cca9a4973eb852d8754 - - default default] 10.0.0.30 "POST /v2.0/routers HTTP/1.1" status: 201 len: 864 time: 1.8826993
2026-03-04 02:30:05.614 10 INFO neutron.db.ovn_revision_numbers_db [None req-c465ea12-64a5-4404-9fb3-ae678d992675 2e9c84efc45143c7be5c3528d47a8353 188a8dd7f5284638b79840c5839ead85 - - default default] Successfully bumped revision number for resource 83ab97c4-fb68-4575-a8bd-71b769eb96c6 (type: security_groups) to 1
2026-03-04 02:30:05.646 10 INFO neutron.db.ovn_revision_numbers_db [None req-c465ea12-64a5-4404-9fb3-ae678d992675 2e9c84efc45143c7be5c3528d47a8353 188a8dd7f5284638b79840c5839ead85 - - default default] Successfully bumped revision number for resource 14524715-a5ee-472e-9af7-070949c94e77 (type: security_group_rules) to 0
2026-03-04 02:30:05.669 10 INFO neutron.db.ovn_revision_numbers_db [None req-c465ea12-64a5-4404-9fb3-ae678d992675 2e9c84efc45143c7be5c3528d47a8353 188a8dd7f5284638b79840c5839ead85 - - default default] Successfully bumped revision number for resource bb3c3a6e-9f57-4c43-bccc-cdcc57e9909e (type: security_group_rules) to 0
2026-03-04 02:30:05.711 10 INFO neutron.db.ovn_revision_numbers_db [None req-c465ea12-64a5-4404-9fb3-ae678d992675 2e9c84efc45143c7be5c3528d47a8353 188a8dd7f5284638b79840c5839ead85 - - default default] Successfully bumped revision number for resource e30083b5-64ee-481c-8864-c3c6cad6985c (type: security_group_rules) to 0
2026-03-04 02:30:05.727 9 INFO neutron.db.ovn_revision_numbers_db [None req-82b0fb4d-2f22-4bbd-aeb9-7ec0dd3d4964 2e9c84efc45143c7be5c3528d47a8353 188a8dd7f5284638b79840c5839ead85 - - default default] Successfully bumped revision number for resource 69a8dd41-1f05-40a1-b508-aa7ab17ff3ea (type: security_groups) to 1
2026-03-04 02:30:05.733 10 INFO neutron.db.ovn_revision_numbers_db [None req-c465ea12-64a5-4404-9fb3-ae678d992675 2e9c84efc45143c7be5c3528d47a8353 188a8dd7f5284638b79840c5839ead85 - - default default] Successfully bumped revision number for resource ee4a8c78-cc5b-43db-ab13-8d88ed5464a6 (type: security_group_rules) to 0
2026-03-04 02:30:05.745 9 INFO neutron.db.ovn_revision_numbers_db [None req-82b0fb4d-2f22-4bbd-aeb9-7ec0dd3d4964 2e9c84efc45143c7be5c3528d47a8353 188a8dd7f5284638b79840c5839ead85 - - default default] Successfully bumped revision number for resource 31e46de6-8b43-4e46-871b-2bdaab3e7561 (type: security_group_rules) to 0
2026-03-04 02:30:05.767 9 INFO neutron.db.ovn_revision_numbers_db [None req-82b0fb4d-2f22-4bbd-aeb9-7ec0dd3d4964 2e9c84efc45143c7be5c3528d47a8353 188a8dd7f5284638b79840c5839ead85 - - default default] Successfully bumped revision number for resource 4d151a44-9d58-45b4-8352-9b1a54852020 (type: security_group_rules) to 0
2026-03-04 02:30:05.776 10 INFO neutron.wsgi [None req-c465ea12-64a5-4404-9fb3-ae678d992675 2e9c84efc45143c7be5c3528d47a8353 188a8dd7f5284638b79840c5839ead85 - - default default] 10.0.0.30 "GET /v2.0/security-groups?tenant_id=c4fafbd2d71047a5b866a4aa930e55a8&name=default HTTP/1.1" status: 200 len: 2996 time: 0.4036760
2026-03-04 02:30:05.787 9 INFO neutron.db.ovn_revision_numbers_db [None req-82b0fb4d-2f22-4bbd-aeb9-7ec0dd3d4964 2e9c84efc45143c7be5c3528d47a8353 188a8dd7f5284638b79840c5839ead85 - - default default] Successfully bumped revision number for resource 585eb548-b5b4-4b97-911c-4259c3aaf758 (type: security_group_rules) to 0
2026-03-04 02:30:05.813 9 INFO neutron.db.ovn_revision_numbers_db [None req-82b0fb4d-2f22-4bbd-aeb9-7ec0dd3d4964 2e9c84efc45143c7be5c3528d47a8353 188a8dd7f5284638b79840c5839ead85 - - default default] Successfully bumped revision number for resource 774279a3-3a72-4c64-bbd9-18f1af7963fd (type: security_group_rules) to 0
2026-03-04 02:30:05.852 10 INFO neutron.wsgi [None req-e4c455bb-e155-484d-93db-d8134b323d37 2e9c84efc45143c7be5c3528d47a8353 188a8dd7f5284638b79840c5839ead85 - - default default] 10.0.0.30 "DELETE /v2.0/security-groups/1e297820-3df3-4c0d-a561-ca287f2381b2 HTTP/1.1" status: 204 len: 168 time: 0.4599862
2026-03-04 02:30:05.875 9 INFO neutron.db.segments_db [None req-82b0fb4d-2f22-4bbd-aeb9-7ec0dd3d4964 2e9c84efc45143c7be5c3528d47a8353 188a8dd7f5284638b79840c5839ead85 - - default default] Added segment 60fced6f-0d50-49d0-9805-5af0173a6e61 of type geneve for network b3511002-61e3-40de-92e5-d146e2e5074c
2026-03-04 02:30:06.051 9 INFO neutron.db.ovn_revision_numbers_db [None req-82b0fb4d-2f22-4bbd-aeb9-7ec0dd3d4964 2e9c84efc45143c7be5c3528d47a8353 188a8dd7f5284638b79840c5839ead85 - - default default] Successfully bumped revision number for resource b3511002-61e3-40de-92e5-d146e2e5074c (type: networks) to 1
2026-03-04 02:30:06.073 10 INFO neutron.wsgi [None req-4ae9870b-8779-415c-a478-726563775280 2e9c84efc45143c7be5c3528d47a8353 188a8dd7f5284638b79840c5839ead85 - - default default] 10.0.0.30 "DELETE /v2.0/security-groups/83ab97c4-fb68-4575-a8bd-71b769eb96c6 HTTP/1.1" status: 204 len: 168 time: 0.2910745
2026-03-04 02:30:06.154 10 INFO neutron.db.ovn_revision_numbers_db [None req-4faf7542-1da9-4287-a13a-4b63ed87f7fe - - - - - -] Successfully bumped revision number for resource 2b1a27ce-fbf6-456c-9342-dc62e3b13680 (type: ports) to 1
2026-03-04 02:30:06.205 9 WARNING neutron.scheduler.dhcp_agent_scheduler [None req-7cba2b11-fd01-439c-affe-de7e4fc29ad9 1b4f2c5ed4614f95aa6a87b3e1aa3ba6 3d2b5db0d0214cca9a4973eb852d8754 - - default default] No more DHCP agents
2026-03-04 02:30:06.209 9 WARNING neutron.api.rpc.agentnotifiers.dhcp_rpc_agent_api [None req-7cba2b11-fd01-439c-affe-de7e4fc29ad9 1b4f2c5ed4614f95aa6a87b3e1aa3ba6 3d2b5db0d0214cca9a4973eb852d8754 - - default default] Unable to schedule network 4b21c498-7351-4ac7-90db-94a7ebb8dc32: no agents available; will retry on subsequent port and subnet creation events.
2026-03-04 02:30:06.284 9 WARNING neutron.scheduler.dhcp_agent_scheduler [None req-82b0fb4d-2f22-4bbd-aeb9-7ec0dd3d4964 2e9c84efc45143c7be5c3528d47a8353 188a8dd7f5284638b79840c5839ead85 - - default default] No more DHCP agents
2026-03-04 02:30:06.297 9 WARNING neutron.api.rpc.agentnotifiers.dhcp_rpc_agent_api [None req-82b0fb4d-2f22-4bbd-aeb9-7ec0dd3d4964 2e9c84efc45143c7be5c3528d47a8353 188a8dd7f5284638b79840c5839ead85 - - default default] Unable to schedule network b3511002-61e3-40de-92e5-d146e2e5074c: no agents available; will retry on subsequent port and subnet creation events.
2026-03-04 02:30:06.399 10 INFO neutron.db.ovn_revision_numbers_db [None req-4faf7542-1da9-4287-a13a-4b63ed87f7fe - - - - - -] Successfully bumped revision number for resource 2b1a27ce-fbf6-456c-9342-dc62e3b13680 (type: router_ports) to 3
2026-03-04 02:30:06.410 9 INFO neutron.db.ovn_revision_numbers_db [None req-82b0fb4d-2f22-4bbd-aeb9-7ec0dd3d4964 2e9c84efc45143c7be5c3528d47a8353 188a8dd7f5284638b79840c5839ead85 - - default default] Successfully bumped revision number for resource 8c43ef22-9d21-471f-bdf2-c6394bae67ed (type: ports) to 1
2026-03-04 02:30:06.423 9 INFO neutron.db.ovn_revision_numbers_db [None req-7cba2b11-fd01-439c-affe-de7e4fc29ad9 1b4f2c5ed4614f95aa6a87b3e1aa3ba6 3d2b5db0d0214cca9a4973eb852d8754 - - default default] Successfully bumped revision number for resource cbc4e6b6-1bbc-485d-b2f2-f079cb351631 (type: ports) to 1
2026-03-04 02:30:06.445 9 INFO neutron.wsgi [None req-82b0fb4d-2f22-4bbd-aeb9-7ec0dd3d4964 2e9c84efc45143c7be5c3528d47a8353 188a8dd7f5284638b79840c5839ead85 - - default default] 10.0.0.30 "POST /v2.0/networks HTTP/1.1" status: 201 len: 943 time: 0.9012187
2026-03-04 02:30:06.573 10 INFO neutron.db.ovn_revision_numbers_db [None req-4faf7542-1da9-4287-a13a-4b63ed87f7fe - - - - - -] Successfully bumped revision number for resource 2b1a27ce-fbf6-456c-9342-dc62e3b13680 (type: ports) to 2
2026-03-04 02:30:06.673 9 WARNING neutron.scheduler.dhcp_agent_scheduler [None req-39f385fc-e200-4d1c-bf5a-c57eeb3e7425 2e9c84efc45143c7be5c3528d47a8353 188a8dd7f5284638b79840c5839ead85 - - default default] No more DHCP agents
2026-03-04 02:30:06.678 9 WARNING neutron.api.rpc.agentnotifiers.dhcp_rpc_agent_api [None req-39f385fc-e200-4d1c-bf5a-c57eeb3e7425 2e9c84efc45143c7be5c3528d47a8353 188a8dd7f5284638b79840c5839ead85 - - default default] Unable to schedule network b3511002-61e3-40de-92e5-d146e2e5074c: no agents available; will retry on subsequent port and subnet creation events.
2026-03-04 02:30:06.853 10 INFO neutron.db.ovn_revision_numbers_db [None req-4faf7542-1da9-4287-a13a-4b63ed87f7fe - - - - - -] Successfully bumped revision number for resource 2b1a27ce-fbf6-456c-9342-dc62e3b13680 (type: ports) to 4
2026-03-04 02:30:07.126 10 INFO neutron.db.ovn_revision_numbers_db [None req-4faf7542-1da9-4287-a13a-4b63ed87f7fe - - - - - -] Successfully bumped revision number for resource 2b1a27ce-fbf6-456c-9342-dc62e3b13680 (type: router_ports) to 4
2026-03-04 02:30:07.319 9 INFO neutron.db.ovn_revision_numbers_db [None req-7cba2b11-fd01-439c-affe-de7e4fc29ad9 1b4f2c5ed4614f95aa6a87b3e1aa3ba6 3d2b5db0d0214cca9a4973eb852d8754 - - default default] Successfully bumped revision number for resource cbc4e6b6-1bbc-485d-b2f2-f079cb351631 (type: router_ports) to 1
2026-03-04 02:30:07.536 9 INFO neutron.db.ovn_revision_numbers_db [None req-7cba2b11-fd01-439c-affe-de7e4fc29ad9 1b4f2c5ed4614f95aa6a87b3e1aa3ba6 3d2b5db0d0214cca9a4973eb852d8754 - - default default] Successfully bumped revision number for resource cbc4e6b6-1bbc-485d-b2f2-f079cb351631 (type: ports) to 1
2026-03-04 02:30:07.619 9 INFO neutron.db.ovn_revision_numbers_db [None req-39f385fc-e200-4d1c-bf5a-c57eeb3e7425 2e9c84efc45143c7be5c3528d47a8353 188a8dd7f5284638b79840c5839ead85 - - default default] Successfully bumped revision number for resource 8c43ef22-9d21-471f-bdf2-c6394bae67ed (type: ports) to 2
2026-03-04 02:30:07.633 9 WARNING neutron.scheduler.dhcp_agent_scheduler [None req-7cba2b11-fd01-439c-affe-de7e4fc29ad9 1b4f2c5ed4614f95aa6a87b3e1aa3ba6 3d2b5db0d0214cca9a4973eb852d8754 - - default default] No more DHCP agents
2026-03-04 02:30:07.637 9 WARNING neutron.api.rpc.agentnotifiers.dhcp_rpc_agent_api [None req-7cba2b11-fd01-439c-affe-de7e4fc29ad9 1b4f2c5ed4614f95aa6a87b3e1aa3ba6 3d2b5db0d0214cca9a4973eb852d8754 - - default default] Unable to schedule network 4b21c498-7351-4ac7-90db-94a7ebb8dc32: no agents available; will retry on subsequent port and subnet creation events.
2026-03-04 02:30:07.661 9 INFO neutron.db.ovn_revision_numbers_db [None req-39f385fc-e200-4d1c-bf5a-c57eeb3e7425 2e9c84efc45143c7be5c3528d47a8353 188a8dd7f5284638b79840c5839ead85 - - default default] Successfully bumped revision number for resource 2139d303-6e67-4df1-9cdf-75b401a20abe (type: subnets) to 0
2026-03-04 02:30:07.688 9 INFO neutron.wsgi [None req-39f385fc-e200-4d1c-bf5a-c57eeb3e7425 2e9c84efc45143c7be5c3528d47a8353 188a8dd7f5284638b79840c5839ead85 - - default default] 10.0.0.30 "POST /v2.0/subnets HTTP/1.1" status: 201 len: 863 time: 1.2334054
2026-03-04 02:30:08.029 9 INFO neutron.db.ovn_revision_numbers_db [None req-7cba2b11-fd01-439c-affe-de7e4fc29ad9 1b4f2c5ed4614f95aa6a87b3e1aa3ba6 3d2b5db0d0214cca9a4973eb852d8754 - - default default] Successfully bumped revision number for resource cbc4e6b6-1bbc-485d-b2f2-f079cb351631 (type: router_ports) to 1
2026-03-04 02:30:08.036 9 INFO neutron.wsgi [None req-7cba2b11-fd01-439c-affe-de7e4fc29ad9 1b4f2c5ed4614f95aa6a87b3e1aa3ba6 3d2b5db0d0214cca9a4973eb852d8754 - - default default] 10.0.0.30 "PUT /v2.0/routers/ad9c7dbc-5b84-4046-8ed5-c34954617fd1/add_router_interface HTTP/1.1" status: 200 len: 503 time: 2.4607842
2026-03-04 02:30:08.466 10 WARNING neutron.scheduler.dhcp_agent_scheduler [None req-6c8e1e7d-a1b2-4708-a854-c899682c1a25 2e9c84efc45143c7be5c3528d47a8353 188a8dd7f5284638b79840c5839ead85 - - default default] No more DHCP agents
2026-03-04 02:30:08.475 10 WARNING neutron.api.rpc.agentnotifiers.dhcp_rpc_agent_api [None req-6c8e1e7d-a1b2-4708-a854-c899682c1a25 2e9c84efc45143c7be5c3528d47a8353 188a8dd7f5284638b79840c5839ead85 - - default default] Unable to schedule network a1d31c68-8dc4-46b4-b8ed-cdcc896b677f: no agents available; will retry on subsequent port and subnet creation events.
2026-03-04 02:30:08.697 10 INFO neutron.db.ovn_revision_numbers_db [None req-6c8e1e7d-a1b2-4708-a854-c899682c1a25 2e9c84efc45143c7be5c3528d47a8353 188a8dd7f5284638b79840c5839ead85 - - default default] Successfully bumped revision number for resource a9e3730e-75eb-4446-a97c-cedac92c560f (type: ports) to 1
2026-03-04 02:30:08.952 10 WARNING neutron.scheduler.dhcp_agent_scheduler [None req-03244be1-5d1a-46b7-85b3-641def079c8e 1b4f2c5ed4614f95aa6a87b3e1aa3ba6 3d2b5db0d0214cca9a4973eb852d8754 - - default default] No more DHCP agents
2026-03-04 02:30:08.956 10 WARNING neutron.api.rpc.agentnotifiers.dhcp_rpc_agent_api [None req-03244be1-5d1a-46b7-85b3-641def079c8e 1b4f2c5ed4614f95aa6a87b3e1aa3ba6 3d2b5db0d0214cca9a4973eb852d8754 - - default default] Unable to schedule network 940a1585-1fab-4b6d-b21f-a9d5852dc72e: no agents available; will retry on subsequent port and subnet creation events.
2026-03-04 02:30:09.197 10 INFO neutron.db.ovn_revision_numbers_db [None req-03244be1-5d1a-46b7-85b3-641def079c8e 1b4f2c5ed4614f95aa6a87b3e1aa3ba6 3d2b5db0d0214cca9a4973eb852d8754 - - default default] Successfully bumped revision number for resource 1ba74ccc-4962-4c22-8ace-bb8f0c826505 (type: ports) to 1
2026-03-04 02:30:09.542 10 INFO neutron.plugins.ml2.drivers.ovn.mech_driver.ovsdb.ovsdb_monitor [None req-4faf7542-1da9-4287-a13a-4b63ed87f7fe - - - - - -] Router 0bf3c453-4ab7-4037-bac9-b6dfe96c9270 is bound to host instance
2026-03-04 02:30:09.584 10 INFO neutron.db.ovn_revision_numbers_db [None req-6c8e1e7d-a1b2-4708-a854-c899682c1a25 2e9c84efc45143c7be5c3528d47a8353 188a8dd7f5284638b79840c5839ead85 - - default default] Successfully bumped revision number for resource a9e3730e-75eb-4446-a97c-cedac92c560f (type: router_ports) to 1
2026-03-04 02:30:09.697 9 INFO neutron.db.ovn_revision_numbers_db [None req-edbb854a-4829-4a52-8ff8-a349095aa1e3 425c64b5819e45adaeaff7c30ddc2629 f74edd5abbfc47f4b5a32578c4176112 - - default default] Successfully bumped revision number for resource 576dbf47-273e-4b19-abfa-f86f30d62541 (type: security_groups) to 1
2026-03-04 02:30:09.714 9 INFO neutron.db.ovn_revision_numbers_db [None req-edbb854a-4829-4a52-8ff8-a349095aa1e3 425c64b5819e45adaeaff7c30ddc2629 f74edd5abbfc47f4b5a32578c4176112 - - default default] Successfully bumped revision number for resource 0a1c2928-24a7-481a-a81c-b7b08150a821 (type: security_group_rules) to 0
2026-03-04 02:30:09.724 10 INFO neutron.db.ovn_revision_numbers_db [None req-6c8e1e7d-a1b2-4708-a854-c899682c1a25 2e9c84efc45143c7be5c3528d47a8353 188a8dd7f5284638b79840c5839ead85 - - default default] Successfully bumped revision number for resource 0bf3c453-4ab7-4037-bac9-b6dfe96c9270 (type: routers) to 2
2026-03-04 02:30:09.728 9 INFO neutron.db.ovn_revision_numbers_db [None req-edbb854a-4829-4a52-8ff8-a349095aa1e3 425c64b5819e45adaeaff7c30ddc2629 f74edd5abbfc47f4b5a32578c4176112 - - default default] Successfully bumped revision number for resource 5df602f1-8971-4f77-8cbb-4cae670a5704 (type: security_group_rules) to 0
2026-03-04 02:30:09.740 9 INFO neutron.db.ovn_revision_numbers_db [None req-edbb854a-4829-4a52-8ff8-a349095aa1e3 425c64b5819e45adaeaff7c30ddc2629 f74edd5abbfc47f4b5a32578c4176112 - - default default] Successfully bumped revision number for resource 66f0b1f1-dc45-4253-97cd-9108293c31b4 (type: security_group_rules) to 0
2026-03-04 02:30:09.750 10 INFO neutron.wsgi [None req-6c8e1e7d-a1b2-4708-a854-c899682c1a25 2e9c84efc45143c7be5c3528d47a8353 188a8dd7f5284638b79840c5839ead85 - - default default] 10.0.0.30 "POST /v2.0/routers HTTP/1.1" status: 201 len: 874 time: 2.0550902
2026-03-04 02:30:09.754 9 INFO neutron.db.ovn_revision_numbers_db [None req-edbb854a-4829-4a52-8ff8-a349095aa1e3 425c64b5819e45adaeaff7c30ddc2629 f74edd5abbfc47f4b5a32578c4176112 - - default default] Successfully bumped revision number for resource a6bf429e-05f9-48d3-9c5d-848db19e6d68 (type: security_group_rules) to 0
2026-03-04 02:30:09.822 9 INFO neutron.db.segments_db [None req-edbb854a-4829-4a52-8ff8-a349095aa1e3 425c64b5819e45adaeaff7c30ddc2629 f74edd5abbfc47f4b5a32578c4176112 - - default default] Added segment 90ce1ac7-84f3-4ceb-aa7d-f06cd084b719 of type geneve for network 0328938c-f720-40cc-969b-b32b8bdcb1dd
2026-03-04 02:30:09.999 9 INFO neutron.db.ovn_revision_numbers_db [None req-edbb854a-4829-4a52-8ff8-a349095aa1e3 425c64b5819e45adaeaff7c30ddc2629 f74edd5abbfc47f4b5a32578c4176112 - - default default] Successfully bumped revision number for resource 0328938c-f720-40cc-969b-b32b8bdcb1dd (type: networks) to 1
2026-03-04 02:30:10.028 10 INFO neutron.db.ovn_revision_numbers_db [None req-03244be1-5d1a-46b7-85b3-641def079c8e 1b4f2c5ed4614f95aa6a87b3e1aa3ba6 3d2b5db0d0214cca9a4973eb852d8754 - - default default] Successfully bumped revision number for resource 1ba74ccc-4962-4c22-8ace-bb8f0c826505 (type: router_ports) to 1
2026-03-04 02:30:10.139 9 WARNING neutron.plugins.ml2.drivers.ovn.mech_driver.ovsdb.ovn_client [None req-92c0e464-e21e-437f-bb49-1cdcdc62b54c - - - - - -] No hosting information found for port 59a2f7e5-8267-4cf1-84ba-4b414ef26e29: RuntimeError: No hosting information found for port 59a2f7e5-8267-4cf1-84ba-4b414ef26e29
2026-03-04 02:30:10.140 9 INFO neutron.plugins.ml2.drivers.ovn.mech_driver.mech_driver [None req-92c0e464-e21e-437f-bb49-1cdcdc62b54c - - - - - -] OVN reports status up for port: cbc4e6b6-1bbc-485d-b2f2-f079cb351631
2026-03-04 02:30:10.157 9 INFO neutron.plugins.ml2.plugin [None req-92c0e464-e21e-437f-bb49-1cdcdc62b54c - - - - - -] Attempt 1 to provision port cbc4e6b6-1bbc-485d-b2f2-f079cb351631
2026-03-04 02:30:10.272 9 WARNING neutron.scheduler.dhcp_agent_scheduler [None req-edbb854a-4829-4a52-8ff8-a349095aa1e3 425c64b5819e45adaeaff7c30ddc2629 f74edd5abbfc47f4b5a32578c4176112 - - default default] No more DHCP agents
2026-03-04 02:30:10.278 9 WARNING neutron.api.rpc.agentnotifiers.dhcp_rpc_agent_api [None req-edbb854a-4829-4a52-8ff8-a349095aa1e3 425c64b5819e45adaeaff7c30ddc2629 f74edd5abbfc47f4b5a32578c4176112 - - default default] Unable to schedule network 0328938c-f720-40cc-969b-b32b8bdcb1dd: no agents available; will retry on subsequent port and subnet creation events.
2026-03-04 02:30:10.420 9 INFO neutron.db.ovn_revision_numbers_db [None req-edbb854a-4829-4a52-8ff8-a349095aa1e3 425c64b5819e45adaeaff7c30ddc2629 f74edd5abbfc47f4b5a32578c4176112 - - default default] Successfully bumped revision number for resource 3f3324c3-8ad6-47bd-96cf-595d18002ba0 (type: ports) to 1
2026-03-04 02:30:10.465 9 INFO neutron.wsgi [None req-edbb854a-4829-4a52-8ff8-a349095aa1e3 425c64b5819e45adaeaff7c30ddc2629 f74edd5abbfc47f4b5a32578c4176112 - - default default] 10.0.0.30 "POST /v2.0/networks HTTP/1.1" status: 201 len: 830 time: 1.1285057
2026-03-04 02:30:10.466 9 WARNING neutron.scheduler.dhcp_agent_scheduler [None req-f6119520-a050-4d5e-b197-00659a563a01 2e9c84efc45143c7be5c3528d47a8353 188a8dd7f5284638b79840c5839ead85 - - default default] No more DHCP agents
2026-03-04 02:30:10.468 9 WARNING neutron.api.rpc.agentnotifiers.dhcp_rpc_agent_api [None req-f6119520-a050-4d5e-b197-00659a563a01 2e9c84efc45143c7be5c3528d47a8353 188a8dd7f5284638b79840c5839ead85 - - default default] Unable to schedule network b3511002-61e3-40de-92e5-d146e2e5074c: no agents available; will retry on subsequent port and subnet creation events.
2026-03-04 02:30:10.490 10 INFO neutron.db.ovn_revision_numbers_db [None req-03244be1-5d1a-46b7-85b3-641def079c8e 1b4f2c5ed4614f95aa6a87b3e1aa3ba6 3d2b5db0d0214cca9a4973eb852d8754 - - default default] Successfully bumped revision number for resource 1ba74ccc-4962-4c22-8ace-bb8f0c826505 (type: ports) to 1
2026-03-04 02:30:10.542 10 INFO neutron.db.ovn_revision_numbers_db [None req-4faf7542-1da9-4287-a13a-4b63ed87f7fe - - - - - -] Successfully bumped revision number for resource a9e3730e-75eb-4446-a97c-cedac92c560f (type: ports) to 1
2026-03-04 02:30:10.588 10 WARNING neutron.scheduler.dhcp_agent_scheduler [None req-03244be1-5d1a-46b7-85b3-641def079c8e 1b4f2c5ed4614f95aa6a87b3e1aa3ba6 3d2b5db0d0214cca9a4973eb852d8754 - - default default] No more DHCP agents
2026-03-04 02:30:10.590 10 WARNING neutron.api.rpc.agentnotifiers.dhcp_rpc_agent_api [None req-03244be1-5d1a-46b7-85b3-641def079c8e 1b4f2c5ed4614f95aa6a87b3e1aa3ba6 3d2b5db0d0214cca9a4973eb852d8754 - - default default] Unable to schedule network 940a1585-1fab-4b6d-b21f-a9d5852dc72e: no agents available; will retry on subsequent port and subnet creation events.
2026-03-04 02:30:10.601 9 INFO neutron.wsgi [None req-da887ab5-6b78-451e-bae5-0756af4b05e0 425c64b5819e45adaeaff7c30ddc2629 f74edd5abbfc47f4b5a32578c4176112 - - default default] 10.0.0.30 "PUT /v2.0/networks/0328938c-f720-40cc-969b-b32b8bdcb1dd/tags HTTP/1.1" status: 200 len: 218 time: 0.1276510
2026-03-04 02:30:10.661 9 INFO neutron.wsgi [None req-f95fa200-c089-40eb-be43-34fcb077e708 425c64b5819e45adaeaff7c30ddc2629 f74edd5abbfc47f4b5a32578c4176112 - - default default] 10.0.0.30 "GET /v2.0/networks/0328938c-f720-40cc-969b-b32b8bdcb1dd/tags HTTP/1.1" status: 200 len: 218 time: 0.0531697
2026-03-04 02:30:10.671 9 INFO neutron.db.ovn_revision_numbers_db [None req-92c0e464-e21e-437f-bb49-1cdcdc62b54c - - - - - -] Successfully bumped revision number for resource cbc4e6b6-1bbc-485d-b2f2-f079cb351631 (type: ports) to 2
2026-03-04 02:30:10.773 10 INFO neutron.wsgi [None req-c0d5f764-3034-4a41-a427-ac616594443e 425c64b5819e45adaeaff7c30ddc2629 f74edd5abbfc47f4b5a32578c4176112 - - default default] 10.0.0.30 "PUT /v2.0/networks/0328938c-f720-40cc-969b-b32b8bdcb1dd/tags/green HTTP/1.1" status: 201 len: 201 time: 0.0986173
2026-03-04 02:30:10.784 9 INFO neutron.db.ovn_revision_numbers_db [None req-f6119520-a050-4d5e-b197-00659a563a01 2e9c84efc45143c7be5c3528d47a8353 188a8dd7f5284638b79840c5839ead85 - - default default] Successfully bumped revision number for resource d7762d96-0019-408f-9650-63b764579dde (type: ports) to 1
2026-03-04 02:30:10.859 10 INFO neutron.wsgi [None req-252875f5-6fb5-4bf9-ba75-f2fd0ad799f5 425c64b5819e45adaeaff7c30ddc2629 f74edd5abbfc47f4b5a32578c4176112 - - default default] 10.0.0.30 "GET /v2.0/networks/0328938c-f720-40cc-969b-b32b8bdcb1dd/tags HTTP/1.1" status: 200 len: 227 time: 0.0781839
2026-03-04 02:30:10.893 9 INFO neutron.db.ovn_revision_numbers_db [None req-92c0e464-e21e-437f-bb49-1cdcdc62b54c - - - - - -] Successfully bumped revision number for resource cbc4e6b6-1bbc-485d-b2f2-f079cb351631 (type: router_ports) to 2
2026-03-04 02:30:10.924 10 INFO neutron.wsgi [None req-8ea0300b-2def-42d4-9e16-be662e21fd0d 425c64b5819e45adaeaff7c30ddc2629 f74edd5abbfc47f4b5a32578c4176112 - - default default] 10.0.0.30 "PUT /v2.0/networks/0328938c-f720-40cc-969b-b32b8bdcb1dd/tags/red HTTP/1.1" status: 201 len: 201 time: 0.0580018
2026-03-04 02:30:10.994 10 INFO neutron.db.ovn_revision_numbers_db [None req-4faf7542-1da9-4287-a13a-4b63ed87f7fe - - - - - -] Successfully bumped revision number for resource a9e3730e-75eb-4446-a97c-cedac92c560f (type: router_ports) to 3
2026-03-04 02:30:10.998 9 INFO neutron.wsgi [None req-c0848654-5d04-4fa3-8f8b-7733172b8930 425c64b5819e45adaeaff7c30ddc2629 f74edd5abbfc47f4b5a32578c4176112 - - default default] 10.0.0.30 "GET /v2.0/networks/0328938c-f720-40cc-969b-b32b8bdcb1dd/tags HTTP/1.1" status: 200 len: 227 time: 0.0674284
2026-03-04 02:30:11.102 10 INFO neutron.wsgi [None req-53fca627-22d2-4fc0-be86-15abbc7819c0 425c64b5819e45adaeaff7c30ddc2629 f74edd5abbfc47f4b5a32578c4176112 - - default default] 10.0.0.30 "PUT /v2.0/networks/0328938c-f720-40cc-969b-b32b8bdcb1dd/tags/black.or.white HTTP/1.1" status: 201 len: 201 time: 0.0958128
