2026-03-04 02:28:49.940 10 WARNING neutron.scheduler.dhcp_agent_scheduler [None req-2d38c640-e5ea-4cbe-a43e-1081eef4953c ee939dc6179b4108a749a27b3d43a978 87e2180b9c964d0db0039233876c182a - - default default] No more DHCP agents
2026-03-04 02:28:49.942 10 WARNING neutron.api.rpc.agentnotifiers.dhcp_rpc_agent_api [None req-2d38c640-e5ea-4cbe-a43e-1081eef4953c ee939dc6179b4108a749a27b3d43a978 87e2180b9c964d0db0039233876c182a - - default default] Unable to schedule network c5ce7f28-1e46-4b81-a47d-5d305efb837c: no agents available; will retry on subsequent port and subnet creation events.
2026-03-04 02:28:50.020 10 INFO neutron.db.ovn_revision_numbers_db [None req-2d38c640-e5ea-4cbe-a43e-1081eef4953c ee939dc6179b4108a749a27b3d43a978 87e2180b9c964d0db0039233876c182a - - default default] Successfully bumped revision number for resource ed8e1df9-f671-4a9c-bbf2-71d1f88f0c68 (type: ports) to 1
2026-03-04 02:28:50.041 10 INFO neutron.wsgi [None req-2d38c640-e5ea-4cbe-a43e-1081eef4953c ee939dc6179b4108a749a27b3d43a978 87e2180b9c964d0db0039233876c182a - - default default] 10.0.0.30 "POST /v2.0/ports HTTP/1.1" status: 201 len: 977 time: 0.3688648 /var/lib/openstack/lib/python3.10/site-packages/pycadf/identifier.py:71: UserWarning: Invalid uuid: neutron. To ensure interoperability, identifiers should be a valid uuid. warnings.warn(('Invalid uuid: %s. To ensure interoperability, '
2026-03-04 02:28:50.278 10 INFO neutron.plugins.ml2.drivers.ovn.mech_driver.mech_driver [None req-575fdd68-b365-41c0-9928-8a1fdfa9f95e - - - - - -] OVN reports status down for port: ed8e1df9-f671-4a9c-bbf2-71d1f88f0c68
2026-03-04 02:28:50.316 10 INFO neutron.db.ovn_revision_numbers_db [None req-b0aaf127-be8b-4cae-83e9-bb3d852a3529 ee939dc6179b4108a749a27b3d43a978 87e2180b9c964d0db0039233876c182a - - default default] Successfully bumped revision number for resource ed8e1df9-f671-4a9c-bbf2-71d1f88f0c68 (type: ports) to 2
2026-03-04 02:28:50.325 10 INFO neutron.wsgi [None req-b0aaf127-be8b-4cae-83e9-bb3d852a3529 ee939dc6179b4108a749a27b3d43a978 87e2180b9c964d0db0039233876c182a - - default default] 10.0.0.30 "PUT /v2.0/ports/ed8e1df9-f671-4a9c-bbf2-71d1f88f0c68 HTTP/1.1" status: 200 len: 946 time: 0.2800355
2026-03-04 02:28:50.432 9 INFO neutron.services.segments.plugin [-] Segment 4128a56d-477c-4cda-90b5-75d2272b28cd resource provider aggregate not found
2026-03-04 02:28:50.444 9 INFO neutron.services.segments.plugin [-] Segment 4128a56d-477c-4cda-90b5-75d2272b28cd resource provider aggregate not found
2026-03-04 02:28:50.450 9 INFO neutron.services.segments.plugin [-] Segment 4128a56d-477c-4cda-90b5-75d2272b28cd resource provider not found; error: Placement Client Error (4xx): {"errors": [{"status": 404, "title": "Not Found", "detail": "The resource could not be found.\n\n No resource provider with uuid 4128a56d-477c-4cda-90b5-75d2272b28cd found for delete ", "request_id": "req-7c4bbf04-0ac1-413d-a6dd-4135fe435012"}]}
2026-03-04 02:28:50.467 9 INFO neutron.services.segments.plugin [-] Segment 4128a56d-477c-4cda-90b5-75d2272b28cd resource provider not found; error: Placement Client Error (4xx): {"errors": [{"status": 404, "title": "Not Found", "detail": "The resource could not be found.\n\n No resource provider with uuid 4128a56d-477c-4cda-90b5-75d2272b28cd found for delete ", "request_id": "req-a1aa24c7-8862-430e-b4e0-b8c2466ff855"}]}
2026-03-04 02:28:50.592 9 INFO neutron.wsgi [None req-23e223a1-e274-4ea3-8b77-52ec006ffc62 ee939dc6179b4108a749a27b3d43a978 87e2180b9c964d0db0039233876c182a - - default default] 10.0.0.30 "DELETE /v2.0/ports/ed8e1df9-f671-4a9c-bbf2-71d1f88f0c68 HTTP/1.1" status: 204 len: 168 time: 0.2597878
2026-03-04 02:28:50.676 9 INFO neutron.wsgi [None req-08485b03-ce8e-4ede-adc6-df4af6e24294 ee939dc6179b4108a749a27b3d43a978 87e2180b9c964d0db0039233876c182a - - default default] 10.0.0.30 "GET /v2.0/ports HTTP/1.1" status: 200 len: 1732 time: 0.0744648
2026-03-04 02:28:50.695 9 INFO neutron.pecan_wsgi.hooks.translation [None req-e20608ae-e97a-4385-8c1e-66d014bba063 ee939dc6179b4108a749a27b3d43a978 87e2180b9c964d0db0039233876c182a - - default default] GET failed (client error): The resource could not be found.
2026-03-04 02:28:50.698 9 INFO neutron.wsgi [None req-e20608ae-e97a-4385-8c1e-66d014bba063 ee939dc6179b4108a749a27b3d43a978 87e2180b9c964d0db0039233876c182a - - default default] 10.0.0.30 "GET /v2.0/ports/ed8e1df9-f671-4a9c-bbf2-71d1f88f0c68 HTTP/1.1" status: 404 len: 333 time: 0.0169933
2026-03-04 02:28:50.746 9 INFO neutron.wsgi [None req-0a255d54-ac56-4d33-a739-9111909d4850 ee939dc6179b4108a749a27b3d43a978 87e2180b9c964d0db0039233876c182a - - default default] 10.0.0.30 "GET /v2.0/ports HTTP/1.1" status: 200 len: 1732 time: 0.0426280 /var/lib/openstack/lib/python3.10/site-packages/pycadf/identifier.py:71: UserWarning: Invalid uuid: neutron. To ensure interoperability, identifiers should be a valid uuid. warnings.warn(('Invalid uuid: %s. To ensure interoperability, '
2026-03-04 02:28:50.776 9 INFO neutron.wsgi [None req-96009c2e-0ae9-49c6-ad91-ee3696ac11ed 2e9c84efc45143c7be5c3528d47a8353 188a8dd7f5284638b79840c5839ead85 - - default default] 10.0.0.30 "GET /v2.0/security-groups?tenant_id=968f1cefc980467c9d41906d23530ff3&name=default HTTP/1.1" status: 200 len: 2996 time: 0.3083200
2026-03-04 02:28:50.831 10 INFO neutron.wsgi [None req-3bc61f49-d65a-4379-ba5c-46cc715a6e74 ee939dc6179b4108a749a27b3d43a978 87e2180b9c964d0db0039233876c182a - - default default] 10.0.0.30 "GET /v2.0/ports/33110421-fbc5-493d-855d-02520cf5c6df HTTP/1.1" status: 200 len: 972 time: 0.0775852
2026-03-04 02:28:50.867 9 INFO neutron.pecan_wsgi.hooks.translation [None req-430d7557-5e84-4226-bfbf-1b1d00830310 ee939dc6179b4108a749a27b3d43a978 87e2180b9c964d0db0039233876c182a - - default default] DELETE failed (client error): The resource could not be found.
2026-03-04 02:28:50.870 9 INFO neutron.wsgi [None req-430d7557-5e84-4226-bfbf-1b1d00830310 ee939dc6179b4108a749a27b3d43a978 87e2180b9c964d0db0039233876c182a - - default default] 10.0.0.30 "DELETE /v2.0/ports/d806a9f2-927e-4391-89ab-e5e1b9c4d347 HTTP/1.1" status: 404 len: 333 time: 0.0329463
2026-03-04 02:28:50.893 10 INFO neutron.pecan_wsgi.hooks.translation [None req-0b151d31-17a5-4f47-bf0f-688cb490dbc3 ee939dc6179b4108a749a27b3d43a978 87e2180b9c964d0db0039233876c182a - - default default] DELETE failed (client error): The resource could not be found.
2026-03-04 02:28:50.896 10 INFO neutron.wsgi [None req-0b151d31-17a5-4f47-bf0f-688cb490dbc3 ee939dc6179b4108a749a27b3d43a978 87e2180b9c964d0db0039233876c182a - - default default] 10.0.0.30 "DELETE /v2.0/subnets/2930244a-78e8-47a9-8f1f-2c11ebc8d096 HTTP/1.1" status: 404 len: 337 time: 0.0222447
2026-03-04 02:28:50.923 10 INFO neutron.pecan_wsgi.hooks.translation [None req-2d018a3e-2e83-42ca-a974-f4172bcb4067 ee939dc6179b4108a749a27b3d43a978 87e2180b9c964d0db0039233876c182a - - default default] DELETE failed (client error): The resource could not be found.
2026-03-04 02:28:50.926 10 INFO neutron.wsgi [None req-2d018a3e-2e83-42ca-a974-f4172bcb4067 ee939dc6179b4108a749a27b3d43a978 87e2180b9c964d0db0039233876c182a - - default default] 10.0.0.30 "DELETE /v2.0/subnets/7567043f-1e2c-4bf6-80be-3d43b79bc7af HTTP/1.1" status: 404 len: 337 time: 0.0232265
2026-03-04 02:28:51.038 10 INFO neutron.services.segments.plugin [-] Segment b7ad0633-f72a-4c68-9927-8abd4d18a35a resource provider aggregate not found
2026-03-04 02:28:51.047 9 INFO neutron.wsgi [None req-16b477e2-20cc-4b00-90a9-600fdb937fd6 2e9c84efc45143c7be5c3528d47a8353 188a8dd7f5284638b79840c5839ead85 - - default default] 10.0.0.30 "DELETE /v2.0/security-groups/0f8c8494-647b-403b-bff6-c1547232acab HTTP/1.1" status: 204 len: 168 time: 0.2672105
2026-03-04 02:28:51.054 10 INFO neutron.services.segments.plugin [-] Segment b7ad0633-f72a-4c68-9927-8abd4d18a35a resource provider aggregate not found
2026-03-04 02:28:51.061 10 INFO neutron.services.segments.plugin [-] Segment b7ad0633-f72a-4c68-9927-8abd4d18a35a resource provider not found; error: Placement Client Error (4xx): {"errors": [{"status": 404, "title": "Not Found", "detail": "The resource could not be found.\n\n No resource provider with uuid b7ad0633-f72a-4c68-9927-8abd4d18a35a found for delete ", "request_id": "req-4baeb37d-02ef-43ff-930f-cd2753c34d8d"}]}
2026-03-04 02:28:51.073 10 INFO neutron.services.segments.plugin [-] Segment b7ad0633-f72a-4c68-9927-8abd4d18a35a resource provider not found; error: Placement Client Error (4xx): {"errors": [{"status": 404, "title": "Not Found", "detail": "The resource could not be found.\n\n No resource provider with uuid b7ad0633-f72a-4c68-9927-8abd4d18a35a found for delete ", "request_id": "req-bf454071-2c01-45e7-ac54-a5cd5f6c6544"}]}
2026-03-04 02:28:51.082 10 INFO neutron.services.segments.plugin [-] Segment f4954f7d-4298-4a1b-b037-420029459bf9 resource provider aggregate not found
2026-03-04 02:28:51.093 10 INFO neutron.services.segments.plugin [-] Segment f4954f7d-4298-4a1b-b037-420029459bf9 resource provider aggregate not found
2026-03-04 02:28:51.099 10 INFO neutron.services.segments.plugin [-] Segment f4954f7d-4298-4a1b-b037-420029459bf9 resource provider not found; error: Placement Client Error (4xx): {"errors": [{"status": 404, "title": "Not Found", "detail": "The resource could not be found.\n\n No resource provider with uuid f4954f7d-4298-4a1b-b037-420029459bf9 found for delete ", "request_id": "req-2d53974c-50ef-4dca-b26f-cb74034370ce"}]}
2026-03-04 02:28:51.107 10 INFO neutron.services.segments.plugin [-] Segment f4954f7d-4298-4a1b-b037-420029459bf9 resource provider not found; error: Placement Client Error (4xx): {"errors": [{"status": 404, "title": "Not Found", "detail": "The resource could not be found.\n\n No resource provider with uuid f4954f7d-4298-4a1b-b037-420029459bf9 found for delete ", "request_id": "req-7b395654-0112-4e32-8699-dfadd68e2d55"}]}
2026-03-04 02:28:51.165 9 INFO neutron.wsgi [None req-9707c76a-dcde-4cc9-a893-e56657b40281 ee939dc6179b4108a749a27b3d43a978 87e2180b9c964d0db0039233876c182a - - default default] 10.0.0.30 "DELETE /v2.0/ports/33110421-fbc5-493d-855d-02520cf5c6df HTTP/1.1" status: 204 len: 168 time: 0.2347307
2026-03-04 02:28:51.571 9 INFO neutron.wsgi [None req-8dd86423-8f75-4b28-9352-a1df05606bd6 ee939dc6179b4108a749a27b3d43a978 87e2180b9c964d0db0039233876c182a - - default default] 10.0.0.30 "DELETE /v2.0/networks/c5ce7f28-1e46-4b81-a47d-5d305efb837c HTTP/1.1" status: 204 len: 168 time: 0.4021559
2026-03-04 02:28:52.040 9 INFO neutron.db.ovn_revision_numbers_db [None req-8f97f3f2-8bd5-43f5-bb9f-1c1718214fe2 2e9c84efc45143c7be5c3528d47a8353 188a8dd7f5284638b79840c5839ead85 - - default default] Successfully bumped revision number for resource 6e12f639-faf1-444b-b622-5eaab8b751f2 (type: security_groups) to 1
2026-03-04 02:28:52.056 9 INFO neutron.db.ovn_revision_numbers_db [None req-8f97f3f2-8bd5-43f5-bb9f-1c1718214fe2 2e9c84efc45143c7be5c3528d47a8353 188a8dd7f5284638b79840c5839ead85 - - default default] Successfully bumped revision number for resource 19932e23-d464-4e54-869d-0ed38d6490c2 (type: security_group_rules) to 0
2026-03-04 02:28:52.070 9 INFO neutron.db.ovn_revision_numbers_db [None req-8f97f3f2-8bd5-43f5-bb9f-1c1718214fe2 2e9c84efc45143c7be5c3528d47a8353 188a8dd7f5284638b79840c5839ead85 - - default default] Successfully bumped revision number for resource 95a3f000-de90-44e7-ae96-d954fb8b041e (type: security_group_rules) to 0
2026-03-04 02:28:52.083 9 INFO neutron.db.ovn_revision_numbers_db [None req-8f97f3f2-8bd5-43f5-bb9f-1c1718214fe2 2e9c84efc45143c7be5c3528d47a8353 188a8dd7f5284638b79840c5839ead85 - - default default] Successfully bumped revision number for resource 96c7fd14-37da-4aa9-960f-3f4bebeb055c (type: security_group_rules) to 0
2026-03-04 02:28:52.097 9 INFO neutron.db.ovn_revision_numbers_db [None req-8f97f3f2-8bd5-43f5-bb9f-1c1718214fe2 2e9c84efc45143c7be5c3528d47a8353 188a8dd7f5284638b79840c5839ead85 - - default default] Successfully bumped revision number for resource dc32c1d7-4c0e-416a-b1d6-4be162b37e1e (type: security_group_rules) to 0
2026-03-04 02:28:52.119 9 INFO neutron.wsgi [None req-8f97f3f2-8bd5-43f5-bb9f-1c1718214fe2 2e9c84efc45143c7be5c3528d47a8353 188a8dd7f5284638b79840c5839ead85 - - default default] 10.0.0.30 "GET /v2.0/security-groups?tenant_id=15c2f4e3372a41f7b6b1c86dc0d05a50&name=default HTTP/1.1" status: 200 len: 2996 time: 0.4381053
2026-03-04 02:28:52.269 10 INFO neutron.wsgi [None req-9444d43b-33c5-450d-b1f4-8349c3f30b4e 2e9c84efc45143c7be5c3528d47a8353 188a8dd7f5284638b79840c5839ead85 - - default default] 10.0.0.30 "GET /v2.0/security-groups?tenant_id=87e2180b9c964d0db0039233876c182a&name=default HTTP/1.1" status: 200 len: 2996 time: 0.1482377
2026-03-04 02:28:52.319 9 INFO neutron.wsgi [None req-d1332470-98e2-4c49-a1b1-e262cd27318e 2e9c84efc45143c7be5c3528d47a8353 188a8dd7f5284638b79840c5839ead85 - - default default] 10.0.0.30 "DELETE /v2.0/security-groups/6e12f639-faf1-444b-b622-5eaab8b751f2 HTTP/1.1" status: 204 len: 168 time: 0.1966670
2026-03-04 02:28:52.469 9 INFO neutron.wsgi [None req-0dc37ee2-7f2d-4e83-84a7-0cd3bbcb9346 2e9c84efc45143c7be5c3528d47a8353 188a8dd7f5284638b79840c5839ead85 - - default default] 10.0.0.30 "DELETE /v2.0/security-groups/351f7891-702e-4556-a5cb-68690a213e3c HTTP/1.1" status: 204 len: 168 time: 0.1951768
2026-03-04 02:28:52.475 9 INFO neutron.services.segments.plugin [-] Segment 5876a9d1-a085-47c4-8e2e-c408c324b8a7 resource provider aggregate not found
2026-03-04 02:28:52.484 9 INFO neutron.services.segments.plugin [-] Segment 5876a9d1-a085-47c4-8e2e-c408c324b8a7 resource provider aggregate not found
2026-03-04 02:28:52.490 9 INFO neutron.services.segments.plugin [-] Segment 5876a9d1-a085-47c4-8e2e-c408c324b8a7 resource provider not found; error: Placement Client Error (4xx): {"errors": [{"status": 404, "title": "Not Found", "detail": "The resource could not be found.\n\n No resource provider with uuid 5876a9d1-a085-47c4-8e2e-c408c324b8a7 found for delete ", "request_id": "req-e7d4c79c-3bd3-4269-8209-63bb35b2022f"}]}
2026-03-04 02:28:52.504 9 INFO neutron.services.segments.plugin [-] Segment 5876a9d1-a085-47c4-8e2e-c408c324b8a7 resource provider not found; error: Placement Client Error (4xx): {"errors": [{"status": 404, "title": "Not Found", "detail": "The resource could not be found.\n\n No resource provider with uuid 5876a9d1-a085-47c4-8e2e-c408c324b8a7 found for delete ", "request_id": "req-584b352e-e9b1-4eb3-bd2c-0c771a6e9873"}]}
2026-03-04 02:28:52.526 10 INFO neutron.db.ovn_revision_numbers_db [None req-b4d71bef-c6e2-4388-89f9-f0871ec2dbc9 2e9c84efc45143c7be5c3528d47a8353 188a8dd7f5284638b79840c5839ead85 - - default default] Successfully bumped revision number for resource fab97a0f-c0eb-4af5-915b-43f4405de890 (type: security_groups) to 1
2026-03-04 02:28:52.539 10 INFO neutron.db.ovn_revision_numbers_db [None req-b4d71bef-c6e2-4388-89f9-f0871ec2dbc9 2e9c84efc45143c7be5c3528d47a8353 188a8dd7f5284638b79840c5839ead85 - - default default] Successfully bumped revision number for resource 0c14a53b-fd65-4f15-8176-4646cef69651 (type: security_group_rules) to 0
2026-03-04 02:28:52.556 10 INFO neutron.db.ovn_revision_numbers_db [None req-b4d71bef-c6e2-4388-89f9-f0871ec2dbc9 2e9c84efc45143c7be5c3528d47a8353 188a8dd7f5284638b79840c5839ead85 - - default default] Successfully bumped revision number for resource 5b0f8742-c629-4e45-a449-e0f44d43d59f (type: security_group_rules) to 0
2026-03-04 02:28:52.573 10 INFO neutron.db.ovn_revision_numbers_db [None req-b4d71bef-c6e2-4388-89f9-f0871ec2dbc9 2e9c84efc45143c7be5c3528d47a8353 188a8dd7f5284638b79840c5839ead85 - - default default] Successfully bumped revision number for resource e7d7a904-17bb-411e-8803-69e5f4cd61c9 (type: security_group_rules) to 0
2026-03-04 02:28:52.589 10 INFO neutron.db.ovn_revision_numbers_db [None req-b4d71bef-c6e2-4388-89f9-f0871ec2dbc9 2e9c84efc45143c7be5c3528d47a8353 188a8dd7f5284638b79840c5839ead85 - - default default] Successfully bumped revision number for resource fed71006-ca22-4488-b742-7b58e8e39d81 (type: security_group_rules) to 0
2026-03-04 02:28:52.614 10 INFO neutron.wsgi [None req-b4d71bef-c6e2-4388-89f9-f0871ec2dbc9 2e9c84efc45143c7be5c3528d47a8353 188a8dd7f5284638b79840c5839ead85 - - default default] 10.0.0.30 "GET /v2.0/security-groups?tenant_id=3bf6461f4bad4509ab33ddb9bff57f92&name=default HTTP/1.1" status: 200 len: 2996 time: 0.1901572
2026-03-04 02:28:52.846 10 INFO neutron.wsgi [None req-5cc9e3a5-802e-4ef5-91c1-82f655fda5c2 2e9c84efc45143c7be5c3528d47a8353 188a8dd7f5284638b79840c5839ead85 - - default default] 10.0.0.30 "DELETE /v2.0/security-groups/fab97a0f-c0eb-4af5-915b-43f4405de890 HTTP/1.1" status: 204 len: 168 time: 0.2264242
2026-03-04 02:28:53.367 10 INFO neutron.db.ovn_revision_numbers_db [None req-e5a11ab7-86f2-4b09-becb-a9c47262aad3 157885b8c66d4d59b74d6afe52e83488 da2bc50e8bff4cd7aabdb2571b123f53 - - default default] Successfully bumped revision number for resource 39215ec7-6dfa-4d94-8ab2-375e49828c88 (type: security_groups) to 1
2026-03-04 02:28:53.381 10 INFO neutron.db.ovn_revision_numbers_db [None req-e5a11ab7-86f2-4b09-becb-a9c47262aad3 157885b8c66d4d59b74d6afe52e83488 da2bc50e8bff4cd7aabdb2571b123f53 - - default default] Successfully bumped revision number for resource 1becbf5d-a2f0-4d29-9c83-5d80b69e71ad (type: security_group_rules) to 0
2026-03-04 02:28:53.395 10 INFO neutron.db.ovn_revision_numbers_db [None req-e5a11ab7-86f2-4b09-becb-a9c47262aad3 157885b8c66d4d59b74d6afe52e83488 da2bc50e8bff4cd7aabdb2571b123f53 - - default default] Successfully bumped revision number for resource 918fd0dc-40b5-4a92-9948-8d1561e62724 (type: security_group_rules) to 0
2026-03-04 02:28:53.410 10 INFO neutron.db.ovn_revision_numbers_db [None req-e5a11ab7-86f2-4b09-becb-a9c47262aad3 157885b8c66d4d59b74d6afe52e83488 da2bc50e8bff4cd7aabdb2571b123f53 - - default default] Successfully bumped revision number for resource f3a597b4-e336-4e3a-99b0-7a6181fc9aa5 (type: security_group_rules) to 0
2026-03-04 02:28:53.424 10 INFO neutron.db.ovn_revision_numbers_db [None req-e5a11ab7-86f2-4b09-becb-a9c47262aad3 157885b8c66d4d59b74d6afe52e83488 da2bc50e8bff4cd7aabdb2571b123f53 - - default default] Successfully bumped revision number for resource f9583f74-192b-40b8-ab2c-9b5446bffc3a (type: security_group_rules) to 0
2026-03-04 02:28:53.475 10 INFO neutron.db.segments_db [None req-e5a11ab7-86f2-4b09-becb-a9c47262aad3 157885b8c66d4d59b74d6afe52e83488 da2bc50e8bff4cd7aabdb2571b123f53 - - default default] Added segment cb35d12f-4239-4cf3-991d-b6e9549d89f9 of type geneve for network c8912a22-ff27-4fac-98df-94ddc01e159e
2026-03-04 02:28:53.628 10 INFO neutron.db.ovn_revision_numbers_db [None req-e5a11ab7-86f2-4b09-becb-a9c47262aad3 157885b8c66d4d59b74d6afe52e83488 da2bc50e8bff4cd7aabdb2571b123f53 - - default default] Successfully bumped revision number for resource c8912a22-ff27-4fac-98df-94ddc01e159e (type: networks) to 1
2026-03-04 02:28:53.808 10 WARNING neutron.scheduler.dhcp_agent_scheduler [None req-e5a11ab7-86f2-4b09-becb-a9c47262aad3 157885b8c66d4d59b74d6afe52e83488 da2bc50e8bff4cd7aabdb2571b123f53 - - default default] No more DHCP agents
2026-03-04 02:28:53.811 10 WARNING neutron.api.rpc.agentnotifiers.dhcp_rpc_agent_api [None req-e5a11ab7-86f2-4b09-becb-a9c47262aad3 157885b8c66d4d59b74d6afe52e83488 da2bc50e8bff4cd7aabdb2571b123f53 - - default default] Unable to schedule network c8912a22-ff27-4fac-98df-94ddc01e159e: no agents available; will retry on subsequent port and subnet creation events.
2026-03-04 02:28:53.913 10 INFO neutron.db.ovn_revision_numbers_db [None req-e5a11ab7-86f2-4b09-becb-a9c47262aad3 157885b8c66d4d59b74d6afe52e83488 da2bc50e8bff4cd7aabdb2571b123f53 - - default default] Successfully bumped revision number for resource ff1a48dc-c857-4f15-962a-065cd2311434 (type: ports) to 1
2026-03-04 02:28:53.933 10 INFO neutron.wsgi [None req-e5a11ab7-86f2-4b09-becb-a9c47262aad3 157885b8c66d4d59b74d6afe52e83488 da2bc50e8bff4cd7aabdb2571b123f53 - - default default] 10.0.0.30 "POST /v2.0/networks HTTP/1.1" status: 201 len: 845 time: 0.8783419
2026-03-04 02:28:54.659 10 WARNING neutron.scheduler.dhcp_agent_scheduler [None req-a5b47d02-10cc-4886-bdaf-5c38eec98ad1 157885b8c66d4d59b74d6afe52e83488 da2bc50e8bff4cd7aabdb2571b123f53 - - default default] No more DHCP agents
2026-03-04 02:28:54.664 10 WARNING neutron.api.rpc.agentnotifiers.dhcp_rpc_agent_api [None req-a5b47d02-10cc-4886-bdaf-5c38eec98ad1 157885b8c66d4d59b74d6afe52e83488 da2bc50e8bff4cd7aabdb2571b123f53 - - default default] Unable to schedule network c8912a22-ff27-4fac-98df-94ddc01e159e: no agents available; will retry on subsequent port and subnet creation events.
2026-03-04 02:28:54.704 10 INFO neutron.db.ovn_revision_numbers_db [None req-a5b47d02-10cc-4886-bdaf-5c38eec98ad1 157885b8c66d4d59b74d6afe52e83488 da2bc50e8bff4cd7aabdb2571b123f53 - - default default] Successfully bumped revision number for resource f9d59bb2-809e-47cc-bd6b-7edd15800e5e (type: subnets) to 0
2026-03-04 02:28:54.718 10 INFO neutron.wsgi [None req-a5b47d02-10cc-4886-bdaf-5c38eec98ad1 157885b8c66d4d59b74d6afe52e83488 da2bc50e8bff4cd7aabdb2571b123f53 - - default default] 10.0.0.30 "POST /v2.0/subnets HTTP/1.1" status: 201 len: 848 time: 0.3408415
2026-03-04 02:28:54.823 10 INFO neutron.db.segments_db [None req-fd9f2a94-e14c-448b-a24a-8b96305414c9 157885b8c66d4d59b74d6afe52e83488 da2bc50e8bff4cd7aabdb2571b123f53 - - default default] Added segment 54a35f8b-b935-4585-86a6-45ccc6e78f12 of type geneve for network 67aeb83e-ad84-4be7-baa6-b78f6276a27b
2026-03-04 02:28:54.863 10 INFO neutron.db.ovn_revision_numbers_db [None req-afc57460-1df6-486c-a3b1-df45c8c71aca 7404a38a72e44a2081b1a022de78cd07 82a4b1b7ac3e479a87684e1f92961cf5 - - default default] Successfully bumped revision number for resource b6515cc5-ef8c-4ed5-a434-acbff431519e (type: security_groups) to 1
2026-03-04 02:28:54.890 10 INFO neutron.db.ovn_revision_numbers_db [None req-afc57460-1df6-486c-a3b1-df45c8c71aca 7404a38a72e44a2081b1a022de78cd07 82a4b1b7ac3e479a87684e1f92961cf5 - - default default] Successfully bumped revision number for resource 720a8de6-b931-4632-b54b-f3b377eebab0 (type: security_group_rules) to 0
2026-03-04 02:28:55.113 10 INFO neutron.db.ovn_revision_numbers_db [None req-afc57460-1df6-486c-a3b1-df45c8c71aca 7404a38a72e44a2081b1a022de78cd07 82a4b1b7ac3e479a87684e1f92961cf5 - - default default] Successfully bumped revision number for resource 92881b89-0fe7-48e3-aca9-ef103e410d48 (type: security_group_rules) to 0
2026-03-04 02:28:55.142 10 INFO neutron.db.ovn_revision_numbers_db [None req-afc57460-1df6-486c-a3b1-df45c8c71aca 7404a38a72e44a2081b1a022de78cd07 82a4b1b7ac3e479a87684e1f92961cf5 - - default default] Successfully bumped revision number for resource c49f69b5-46b6-4bc5-a90a-f568d32353ea (type: security_group_rules) to 0
2026-03-04 02:28:55.173 10 INFO neutron.db.ovn_revision_numbers_db [None req-afc57460-1df6-486c-a3b1-df45c8c71aca 7404a38a72e44a2081b1a022de78cd07 82a4b1b7ac3e479a87684e1f92961cf5 - - default default] Successfully bumped revision number for resource c94af60f-31ad-4a0b-8de4-6d49073fe9d3 (type: security_group_rules) to 0
2026-03-04 02:28:55.176 10 INFO neutron.db.ovn_revision_numbers_db [None req-fd9f2a94-e14c-448b-a24a-8b96305414c9 157885b8c66d4d59b74d6afe52e83488 da2bc50e8bff4cd7aabdb2571b123f53 - - default default] Successfully bumped revision number for resource 67aeb83e-ad84-4be7-baa6-b78f6276a27b (type: networks) to 1
2026-03-04 02:28:55.236 10 INFO neutron.db.segments_db [None req-afc57460-1df6-486c-a3b1-df45c8c71aca 7404a38a72e44a2081b1a022de78cd07 82a4b1b7ac3e479a87684e1f92961cf5 - - default default] Added segment 907ec73a-a9b6-429b-b41b-59cf71389712 of type geneve for network 8dec25d4-ae9c-4e68-b1e6-d3dac746cab4
2026-03-04 02:28:55.425 10 WARNING neutron.scheduler.dhcp_agent_scheduler [None req-fd9f2a94-e14c-448b-a24a-8b96305414c9 157885b8c66d4d59b74d6afe52e83488 da2bc50e8bff4cd7aabdb2571b123f53 - - default default] No more DHCP agents
2026-03-04 02:28:55.427 10 WARNING neutron.api.rpc.agentnotifiers.dhcp_rpc_agent_api [None req-fd9f2a94-e14c-448b-a24a-8b96305414c9 157885b8c66d4d59b74d6afe52e83488 da2bc50e8bff4cd7aabdb2571b123f53 - - default default] Unable to schedule network 67aeb83e-ad84-4be7-baa6-b78f6276a27b: no agents available; will retry on subsequent port and subnet creation events.
2026-03-04 02:28:55.435 10 INFO neutron.db.ovn_revision_numbers_db [None req-afc57460-1df6-486c-a3b1-df45c8c71aca 7404a38a72e44a2081b1a022de78cd07 82a4b1b7ac3e479a87684e1f92961cf5 - - default default] Successfully bumped revision number for resource 8dec25d4-ae9c-4e68-b1e6-d3dac746cab4 (type: networks) to 1
2026-03-04 02:28:55.532 9 INFO neutron.db.ovn_revision_numbers_db [None req-3c3c1da3-a011-4ac9-af22-c2a5e56098e1 2e9c84efc45143c7be5c3528d47a8353 188a8dd7f5284638b79840c5839ead85 - - default default] Successfully bumped revision number for resource d7daea39-612f-41bc-82b1-98136226d7e2 (type: security_groups) to 1
2026-03-04 02:28:55.536 10 INFO neutron.db.ovn_revision_numbers_db [None req-fd9f2a94-e14c-448b-a24a-8b96305414c9 157885b8c66d4d59b74d6afe52e83488 da2bc50e8bff4cd7aabdb2571b123f53 - - default default] Successfully bumped revision number for resource e6a3831d-bbc6-45b8-ac41-3567d5f0ea95 (type: ports) to 1
2026-03-04 02:28:55.545 9 INFO neutron.db.ovn_revision_numbers_db [None req-9f3999be-0163-4464-9ddf-cd9874733973 2e9c84efc45143c7be5c3528d47a8353 188a8dd7f5284638b79840c5839ead85 - - default default] Successfully bumped revision number for resource 29b3ab3f-13c7-4920-b447-57205f2df972 (type: security_groups) to 1
2026-03-04 02:28:55.547 9 INFO neutron.db.ovn_revision_numbers_db [None req-3c3c1da3-a011-4ac9-af22-c2a5e56098e1 2e9c84efc45143c7be5c3528d47a8353 188a8dd7f5284638b79840c5839ead85 - - default default] Successfully bumped revision number for resource 3f675e47-d27f-4185-b7ba-979ddab8cd43 (type: security_group_rules) to 0
2026-03-04 02:28:55.559 9 INFO neutron.db.ovn_revision_numbers_db [None req-9f3999be-0163-4464-9ddf-cd9874733973 2e9c84efc45143c7be5c3528d47a8353 188a8dd7f5284638b79840c5839ead85 - - default default] Successfully bumped revision number for resource 026930ed-fcd3-4e37-b3a3-346514d24d5a (type: security_group_rules) to 0
2026-03-04 02:28:55.560 9 INFO neutron.db.ovn_revision_numbers_db [None req-3c3c1da3-a011-4ac9-af22-c2a5e56098e1 2e9c84efc45143c7be5c3528d47a8353 188a8dd7f5284638b79840c5839ead85 - - default default] Successfully bumped revision number for resource 6045edd9-585b-4006-b8e4-d7077edd8805 (type: security_group_rules) to 0
2026-03-04 02:28:55.573 10 INFO neutron.wsgi [None req-fd9f2a94-e14c-448b-a24a-8b96305414c9 157885b8c66d4d59b74d6afe52e83488 da2bc50e8bff4cd7aabdb2571b123f53 - - default default] 10.0.0.30 "POST /v2.0/networks HTTP/1.1" status: 201 len: 847 time: 0.8490722
2026-03-04 02:28:55.575 9 INFO neutron.db.ovn_revision_numbers_db [None req-3c3c1da3-a011-4ac9-af22-c2a5e56098e1 2e9c84efc45143c7be5c3528d47a8353 188a8dd7f5284638b79840c5839ead85 - - default default] Successfully bumped revision number for resource e2a4a5f8-e591-4795-8137-da4c346c898b (type: security_group_rules) to 0
2026-03-04 02:28:55.585 9 INFO neutron.db.ovn_revision_numbers_db [None req-9f3999be-0163-4464-9ddf-cd9874733973 2e9c84efc45143c7be5c3528d47a8353 188a8dd7f5284638b79840c5839ead85 - - default default] Successfully bumped revision number for resource 0f1f5fe1-6adf-4262-b098-b33dd3140b52 (type: security_group_rules) to 0
2026-03-04 02:28:55.603 9 INFO neutron.db.ovn_revision_numbers_db [None req-3c3c1da3-a011-4ac9-af22-c2a5e56098e1 2e9c84efc45143c7be5c3528d47a8353 188a8dd7f5284638b79840c5839ead85 - - default default] Successfully bumped revision number for resource ea90ecf8-2e7e-4997-8338-8d4598a22377 (type: security_group_rules) to 0
2026-03-04 02:28:55.626 9 INFO neutron.db.ovn_revision_numbers_db [None req-9f3999be-0163-4464-9ddf-cd9874733973 2e9c84efc45143c7be5c3528d47a8353 188a8dd7f5284638b79840c5839ead85 - - default default] Successfully bumped revision number for resource 57f8dfc9-aeaa-439b-8073-4add777f79e4 (type: security_group_rules) to 0
2026-03-04 02:28:55.629 10 WARNING neutron.scheduler.dhcp_agent_scheduler [None req-afc57460-1df6-486c-a3b1-df45c8c71aca 7404a38a72e44a2081b1a022de78cd07 82a4b1b7ac3e479a87684e1f92961cf5 - - default default] No more DHCP agents
2026-03-04 02:28:55.632 10 WARNING neutron.api.rpc.agentnotifiers.dhcp_rpc_agent_api [None req-afc57460-1df6-486c-a3b1-df45c8c71aca 7404a38a72e44a2081b1a022de78cd07 82a4b1b7ac3e479a87684e1f92961cf5 - - default default] Unable to schedule network 8dec25d4-ae9c-4e68-b1e6-d3dac746cab4: no agents available; will retry on subsequent port and subnet creation events.
2026-03-04 02:28:55.651 9 INFO neutron.wsgi [None req-3c3c1da3-a011-4ac9-af22-c2a5e56098e1 2e9c84efc45143c7be5c3528d47a8353 188a8dd7f5284638b79840c5839ead85 - - default default] 10.0.0.30 "GET /v2.0/security-groups?tenant_id=75d25c917ba847619ded968792b3ec92&name=default HTTP/1.1" status: 200 len: 2996 time: 0.3753450
2026-03-04 02:28:55.664 9 INFO neutron.db.ovn_revision_numbers_db [None req-9f3999be-0163-4464-9ddf-cd9874733973 2e9c84efc45143c7be5c3528d47a8353 188a8dd7f5284638b79840c5839ead85 - - default default] Successfully bumped revision number for resource 8f3fdbeb-0f6f-4d20-bb1a-570555a92cf8 (type: security_group_rules) to 0
2026-03-04 02:28:55.693 9 INFO neutron.wsgi [None req-9f3999be-0163-4464-9ddf-cd9874733973 2e9c84efc45143c7be5c3528d47a8353 188a8dd7f5284638b79840c5839ead85 - - default default] 10.0.0.30 "GET /v2.0/security-groups?tenant_id=f1c22c132e8a4738b90db3d420925cce&name=default HTTP/1.1" status: 200 len: 2996 time: 0.4391983
2026-03-04 02:28:55.728 10 INFO neutron.db.ovn_revision_numbers_db [None req-afc57460-1df6-486c-a3b1-df45c8c71aca 7404a38a72e44a2081b1a022de78cd07 82a4b1b7ac3e479a87684e1f92961cf5 - - default default] Successfully bumped revision number for resource e0c137be-85c7-4866-ab70-87116ef26629 (type: ports) to 1
2026-03-04 02:28:55.750 10 INFO neutron.wsgi [None req-afc57460-1df6-486c-a3b1-df45c8c71aca 7404a38a72e44a2081b1a022de78cd07 82a4b1b7ac3e479a87684e1f92961cf5 - - default default] 10.0.0.30 "POST /v2.0/networks HTTP/1.1" status: 201 len: 843 time: 1.2836008
2026-03-04 02:28:55.839 9 INFO neutron.db.ovn_revision_numbers_db [None req-79e1252d-5fad-4dd8-8f76-402f2e1ebf38 157885b8c66d4d59b74d6afe52e83488 da2bc50e8bff4cd7aabdb2571b123f53 - - default default] Successfully bumped revision number for resource 67aeb83e-ad84-4be7-baa6-b78f6276a27b (type: networks) to 2
2026-03-04 02:28:55.842 9 INFO neutron.wsgi [None req-79e1252d-5fad-4dd8-8f76-402f2e1ebf38 157885b8c66d4d59b74d6afe52e83488 da2bc50e8bff4cd7aabdb2571b123f53 - - default default] 10.0.0.30 "PUT /v2.0/networks/67aeb83e-ad84-4be7-baa6-b78f6276a27b HTTP/1.1" status: 200 len: 792 time: 0.2643638
2026-03-04 02:28:55.896 10 INFO neutron.wsgi [None req-4e58a750-e90b-45fa-b9c5-33cd3aa539a6 2e9c84efc45143c7be5c3528d47a8353 188a8dd7f5284638b79840c5839ead85 - - default default] 10.0.0.30 "DELETE /v2.0/security-groups/d7daea39-612f-41bc-82b1-98136226d7e2 HTTP/1.1" status: 204 len: 168 time: 0.2399898
2026-03-04 02:28:55.991 9 INFO neutron.wsgi [None req-4c0a4557-837c-4171-a034-cb6e003e0f3d 2e9c84efc45143c7be5c3528d47a8353 188a8dd7f5284638b79840c5839ead85 - - default default] 10.0.0.30 "DELETE /v2.0/security-groups/29b3ab3f-13c7-4920-b447-57205f2df972 HTTP/1.1" status: 204 len: 168 time: 0.2882862
2026-03-04 02:28:56.028 9 WARNING neutron.scheduler.dhcp_agent_scheduler [None req-d4379e19-f1bb-4784-8c93-e3bfb2b53a5a 7404a38a72e44a2081b1a022de78cd07 82a4b1b7ac3e479a87684e1f92961cf5 - - default default] No more DHCP agents
2026-03-04 02:28:56.032 9 WARNING neutron.api.rpc.agentnotifiers.dhcp_rpc_agent_api [None req-d4379e19-f1bb-4784-8c93-e3bfb2b53a5a 7404a38a72e44a2081b1a022de78cd07 82a4b1b7ac3e479a87684e1f92961cf5 - - default default] Unable to schedule network 8dec25d4-ae9c-4e68-b1e6-d3dac746cab4: no agents available; will retry on subsequent port and subnet creation events.
2026-03-04 02:28:56.112 10 WARNING neutron.scheduler.dhcp_agent_scheduler [None req-2f93e3fc-6748-45c0-98d6-c9b295f0732b 157885b8c66d4d59b74d6afe52e83488 da2bc50e8bff4cd7aabdb2571b123f53 - - default default] No more DHCP agents
2026-03-04 02:28:56.114 10 WARNING neutron.api.rpc.agentnotifiers.dhcp_rpc_agent_api [None req-2f93e3fc-6748-45c0-98d6-c9b295f0732b 157885b8c66d4d59b74d6afe52e83488 da2bc50e8bff4cd7aabdb2571b123f53 - - default default] Unable to schedule network 67aeb83e-ad84-4be7-baa6-b78f6276a27b: no agents available; will retry on subsequent port and subnet creation events.
2026-03-04 02:28:56.116 9 INFO neutron.db.ovn_revision_numbers_db [None req-d4379e19-f1bb-4784-8c93-e3bfb2b53a5a 7404a38a72e44a2081b1a022de78cd07 82a4b1b7ac3e479a87684e1f92961cf5 - - default default] Successfully bumped revision number for resource 03ab5049-8e39-4c18-9a4d-dfb717671219 (type: ports) to 1
2026-03-04 02:28:56.136 9 INFO neutron.wsgi [None req-d4379e19-f1bb-4784-8c93-e3bfb2b53a5a 7404a38a72e44a2081b1a022de78cd07 82a4b1b7ac3e479a87684e1f92961cf5 - - default default] 10.0.0.30 "POST /v2.0/ports HTTP/1.1" status: 201 len: 973 time: 0.3794992 /var/lib/openstack/lib/python3.10/site-packages/pycadf/identifier.py:71: UserWarning: Invalid uuid: neutron. To ensure interoperability, identifiers should be a valid uuid. warnings.warn(('Invalid uuid: %s. To ensure interoperability, '
2026-03-04 02:28:56.151 10 INFO neutron.db.ovn_revision_numbers_db [None req-2f93e3fc-6748-45c0-98d6-c9b295f0732b 157885b8c66d4d59b74d6afe52e83488 da2bc50e8bff4cd7aabdb2571b123f53 - - default default] Successfully bumped revision number for resource 04d90eea-9b12-404f-9d83-58f99fc7bac7 (type: subnets) to 0
2026-03-04 02:28:56.155 10 INFO neutron.db.ovn_revision_numbers_db [None req-1ac202e6-118a-405c-85eb-58d899b26eee 2e9c84efc45143c7be5c3528d47a8353 188a8dd7f5284638b79840c5839ead85 - - default default] Successfully bumped revision number for resource 0a2a395b-c28e-45f3-b4ca-44a7428976c2 (type: security_groups) to 1
2026-03-04 02:28:56.170 10 INFO neutron.wsgi [None req-2f93e3fc-6748-45c0-98d6-c9b295f0732b 157885b8c66d4d59b74d6afe52e83488 da2bc50e8bff4cd7aabdb2571b123f53 - - default default] 10.0.0.30 "POST /v2.0/subnets HTTP/1.1" status: 201 len: 821 time: 0.3199503
2026-03-04 02:28:56.174 10 INFO neutron.db.ovn_revision_numbers_db [None req-1ac202e6-118a-405c-85eb-58d899b26eee 2e9c84efc45143c7be5c3528d47a8353 188a8dd7f5284638b79840c5839ead85 - - default default] Successfully bumped revision number for resource 3cc07ea8-b0b6-45fa-aae5-86843c71ec54 (type: security_group_rules) to 0
2026-03-04 02:28:56.200 10 INFO neutron.db.ovn_revision_numbers_db [None req-1ac202e6-118a-405c-85eb-58d899b26eee 2e9c84efc45143c7be5c3528d47a8353 188a8dd7f5284638b79840c5839ead85 - - default default] Successfully bumped revision number for resource 4dece308-bd13-4bb6-986c-290fdb775a84 (type: security_group_rules) to 0
2026-03-04 02:28:56.230 10 INFO neutron.db.ovn_revision_numbers_db [None req-1ac202e6-118a-405c-85eb-58d899b26eee 2e9c84efc45143c7be5c3528d47a8353 188a8dd7f5284638b79840c5839ead85 - - default default] Successfully bumped revision number for resource 54d7a6cd-5d50-4309-a5a8-bf7a57754a63 (type: security_group_rules) to 0
2026-03-04 02:28:56.234 9 INFO neutron.db.segments_db [None req-530eeda5-a061-4f0e-a730-2a37e99fb8d7 7404a38a72e44a2081b1a022de78cd07 82a4b1b7ac3e479a87684e1f92961cf5 - - default default] Added segment 3acd899e-d603-4e7c-9881-35e63cd4083e of type geneve for network 10486231-cb58-437b-91cd-97b40f374f71
2026-03-04 02:28:56.251 10 INFO neutron.db.ovn_revision_numbers_db [None req-1ac202e6-118a-405c-85eb-58d899b26eee 2e9c84efc45143c7be5c3528d47a8353 188a8dd7f5284638b79840c5839ead85 - - default default] Successfully bumped revision number for resource a3860f43-ec6e-4714-9f1c-32f6439bb86f (type: security_group_rules) to 0
2026-03-04 02:28:56.292 10 INFO neutron.wsgi [None req-1ac202e6-118a-405c-85eb-58d899b26eee 2e9c84efc45143c7be5c3528d47a8353 188a8dd7f5284638b79840c5839ead85 - - default default] 10.0.0.30 "GET /v2.0/security-groups?tenant_id=6340f92a59b04b0398ccc0398d161298&name=default HTTP/1.1" status: 200 len: 2996 time: 0.3090105
2026-03-04 02:28:56.608 9 INFO neutron.db.ovn_revision_numbers_db [None req-530eeda5-a061-4f0e-a730-2a37e99fb8d7 7404a38a72e44a2081b1a022de78cd07 82a4b1b7ac3e479a87684e1f92961cf5 - - default default] Successfully bumped revision number for resource 10486231-cb58-437b-91cd-97b40f374f71 (type: networks) to 1
2026-03-04 02:28:56.613 10 INFO neutron.wsgi [None req-21947215-783a-429b-ab28-300dfb0238e1 2e9c84efc45143c7be5c3528d47a8353 188a8dd7f5284638b79840c5839ead85 - - default default] 10.0.0.30 "DELETE /v2.0/security-groups/0a2a395b-c28e-45f3-b4ca-44a7428976c2 HTTP/1.1" status: 204 len: 168 time: 0.3162098
2026-03-04 02:28:56.799 9 WARNING neutron.scheduler.dhcp_agent_scheduler [None req-530eeda5-a061-4f0e-a730-2a37e99fb8d7 7404a38a72e44a2081b1a022de78cd07 82a4b1b7ac3e479a87684e1f92961cf5 - - default default] No more DHCP agents
2026-03-04 02:28:56.802 9 WARNING neutron.api.rpc.agentnotifiers.dhcp_rpc_agent_api [None req-530eeda5-a061-4f0e-a730-2a37e99fb8d7 7404a38a72e44a2081b1a022de78cd07 82a4b1b7ac3e479a87684e1f92961cf5 - - default default] Unable to schedule network 10486231-cb58-437b-91cd-97b40f374f71: no agents available; will retry on subsequent port and subnet creation events.
2026-03-04 02:28:56.886 10 INFO neutron.db.ovn_revision_numbers_db [None req-4ef2185d-6d5c-4acc-a125-522a863efa0f 157885b8c66d4d59b74d6afe52e83488 da2bc50e8bff4cd7aabdb2571b123f53 - - default default] Successfully bumped revision number for resource e6a3831d-bbc6-45b8-ac41-3567d5f0ea95 (type: ports) to 2
2026-03-04 02:28:56.891 9 INFO neutron.db.ovn_revision_numbers_db [None req-530eeda5-a061-4f0e-a730-2a37e99fb8d7 7404a38a72e44a2081b1a022de78cd07 82a4b1b7ac3e479a87684e1f92961cf5 - - default default] Successfully bumped revision number for resource 0cfe940e-754b-41dd-b30d-29edff7928b5 (type: ports) to 1
2026-03-04 02:28:56.916 9 INFO neutron.wsgi [None req-530eeda5-a061-4f0e-a730-2a37e99fb8d7 7404a38a72e44a2081b1a022de78cd07 82a4b1b7ac3e479a87684e1f92961cf5 - - default default] 10.0.0.30 "POST /v2.0/networks HTTP/1.1" status: 201 len: 830 time: 0.7728150
2026-03-04 02:28:56.949 10 INFO neutron.db.ovn_revision_numbers_db [None req-4ef2185d-6d5c-4acc-a125-522a863efa0f 157885b8c66d4d59b74d6afe52e83488 da2bc50e8bff4cd7aabdb2571b123f53 - - default default] Successfully bumped revision number for resource 04d90eea-9b12-404f-9d83-58f99fc7bac7 (type: subnets) to 1
2026-03-04 02:28:56.952 10 INFO neutron.wsgi [None req-4ef2185d-6d5c-4acc-a125-522a863efa0f 157885b8c66d4d59b74d6afe52e83488 da2bc50e8bff4cd7aabdb2571b123f53 - - default default] 10.0.0.30 "PUT /v2.0/subnets/04d90eea-9b12-404f-9d83-58f99fc7bac7 HTTP/1.1" status: 200 len: 826 time: 0.7759032
2026-03-04 02:28:57.246 10 WARNING neutron.scheduler.dhcp_agent_scheduler [None req-c96398b7-3966-4c79-ab21-50f86db32205 7404a38a72e44a2081b1a022de78cd07 82a4b1b7ac3e479a87684e1f92961cf5 - - default default] No more DHCP agents
2026-03-04 02:28:57.261 10 WARNING neutron.api.rpc.agentnotifiers.dhcp_rpc_agent_api [None req-c96398b7-3966-4c79-ab21-50f86db32205 7404a38a72e44a2081b1a022de78cd07 82a4b1b7ac3e479a87684e1f92961cf5 - - default default] Unable to schedule network 10486231-cb58-437b-91cd-97b40f374f71: no agents available; will retry on subsequent port and subnet creation events.
2026-03-04 02:28:57.691 10 INFO neutron.services.segments.plugin [-] Segment 54a35f8b-b935-4585-86a6-45ccc6e78f12 resource provider aggregate not found
2026-03-04 02:28:57.699 10 INFO neutron.services.segments.plugin [-] Segment 54a35f8b-b935-4585-86a6-45ccc6e78f12 resource provider aggregate not found
2026-03-04 02:28:57.718 10 INFO neutron.services.segments.plugin [-] Segment 54a35f8b-b935-4585-86a6-45ccc6e78f12 resource provider not found; error: Placement Client Error (4xx): {"errors": [{"status": 404, "title": "Not Found", "detail": "The resource could not be found.\n\n No resource provider with uuid 54a35f8b-b935-4585-86a6-45ccc6e78f12 found for delete ", "request_id": "req-771c4477-7f1a-42fc-a634-a5100d943cdb"}]}
2026-03-04 02:28:57.719 10 INFO neutron.services.segments.plugin [-] Segment 54a35f8b-b935-4585-86a6-45ccc6e78f12 resource provider not found; error: Placement Client Error (4xx): {"errors": [{"status": 404, "title": "Not Found", "detail": "The resource could not be found.\n\n No resource provider with uuid 54a35f8b-b935-4585-86a6-45ccc6e78f12 found for delete ", "request_id": "req-4d53303c-5f75-49b1-88a1-08eb9965ac9c"}]}
2026-03-04 02:28:57.752 10 INFO neutron.wsgi [None req-4ede9b34-4682-40da-852c-7f09e305fa90 157885b8c66d4d59b74d6afe52e83488 da2bc50e8bff4cd7aabdb2571b123f53 - - default default] 10.0.0.30 "DELETE /v2.0/networks/67aeb83e-ad84-4be7-baa6-b78f6276a27b HTTP/1.1" status: 204 len: 168 time: 0.7856426
2026-03-04 02:28:57.771 9 INFO neutron.pecan_wsgi.hooks.translation [None req-27059ee2-61ff-403b-98a4-e5b0e988d128 157885b8c66d4d59b74d6afe52e83488 da2bc50e8bff4cd7aabdb2571b123f53 - - default default] DELETE failed (client error): The resource could not be found.
2026-03-04 02:28:57.774 9 INFO neutron.wsgi [None req-27059ee2-61ff-403b-98a4-e5b0e988d128 157885b8c66d4d59b74d6afe52e83488 da2bc50e8bff4cd7aabdb2571b123f53 - - default default] 10.0.0.30 "DELETE /v2.0/networks/67aeb83e-ad84-4be7-baa6-b78f6276a27b HTTP/1.1" status: 404 len: 339 time: 0.0172639
2026-03-04 02:28:57.881 9 INFO neutron.wsgi [None req-d219ef37-e318-4268-b386-60c480d28f15 157885b8c66d4d59b74d6afe52e83488 da2bc50e8bff4cd7aabdb2571b123f53 - - default default] 10.0.0.30 "GET /v2.0/networks?router%3Aexternal=True HTTP/1.1" status: 200 len: 845 time: 0.1012478
2026-03-04 02:28:57.881 10 INFO neutron.db.ovn_revision_numbers_db [None req-c96398b7-3966-4c79-ab21-50f86db32205 7404a38a72e44a2081b1a022de78cd07 82a4b1b7ac3e479a87684e1f92961cf5 - - default default] Successfully bumped revision number for resource 0cfe940e-754b-41dd-b30d-29edff7928b5 (type: ports) to 2
2026-03-04 02:28:57.930 10 INFO neutron.wsgi [None req-6c4d4b1f-e179-4d7c-855e-a1a6b0eb0a65 157885b8c66d4d59b74d6afe52e83488 da2bc50e8bff4cd7aabdb2571b123f53 - - default default] 10.0.0.30 "GET /v2.0/subnets?network_id=a1d31c68-8dc4-46b4-b8ed-cdcc896b677f HTTP/1.1" status: 200 len: 820 time: 0.0418270
2026-03-04 02:28:57.934 10 INFO neutron.db.ovn_revision_numbers_db [None req-c96398b7-3966-4c79-ab21-50f86db32205 7404a38a72e44a2081b1a022de78cd07 82a4b1b7ac3e479a87684e1f92961cf5 - - default default] Successfully bumped revision number for resource 0e978e64-b349-4d23-b6ec-ad9e3cdfcfa2 (type: subnets) to 0
2026-03-04 02:28:57.943 9 INFO neutron.wsgi [None req-34a3cfe2-6b4e-4144-8f9c-c81a9927b004 157885b8c66d4d59b74d6afe52e83488 da2bc50e8bff4cd7aabdb2571b123f53 - - default default] 10.0.0.30 "GET /v2.0/extensions HTTP/1.1" status: 200 len: 16520 time: 0.0047460
2026-03-04 02:28:57.965 10 INFO neutron.wsgi [None req-c96398b7-3966-4c79-ab21-50f86db32205 7404a38a72e44a2081b1a022de78cd07 82a4b1b7ac3e479a87684e1f92961cf5 - - default default] 10.0.0.30 "POST /v2.0/subnets HTTP/1.1" status: 201 len: 801 time: 1.0455420
2026-03-04 02:28:58.034 10 INFO neutron.wsgi [None req-1154c445-9267-4f2e-b451-1634e991dc96 157885b8c66d4d59b74d6afe52e83488 da2bc50e8bff4cd7aabdb2571b123f53 - - default default] 10.0.0.30 "GET /v2.0/networks HTTP/1.1" status: 200 len: 1506 time: 0.0825756
2026-03-04 02:28:58.082 10 INFO neutron.wsgi [None req-927bfa02-7a18-47f0-8627-f8b30752dc33 157885b8c66d4d59b74d6afe52e83488 da2bc50e8bff4cd7aabdb2571b123f53 - - default default] 10.0.0.30 "GET /v2.0/subnets HTTP/1.1" status: 200 len: 1460 time: 0.0402400
2026-03-04 02:28:58.155 10 INFO neutron.wsgi [None req-3a7c0016-3c0e-43a9-920e-7c798f9d4101 157885b8c66d4d59b74d6afe52e83488 da2bc50e8bff4cd7aabdb2571b123f53 - - default default] 10.0.0.30 "GET /v2.0/networks/c8912a22-ff27-4fac-98df-94ddc01e159e HTTP/1.1" status: 200 len: 865 time: 0.0637398
2026-03-04 02:28:58.204 10 INFO neutron.wsgi [None req-6d0c65ef-3a63-4de3-8e22-3c0fc3e3696f 157885b8c66d4d59b74d6afe52e83488 da2bc50e8bff4cd7aabdb2571b123f53 - - default default] 10.0.0.30 "GET /v2.0/subnets/f9d59bb2-809e-47cc-bd6b-7edd15800e5e HTTP/1.1" status: 200 len: 843 time: 0.0383780
2026-03-04 02:28:58.230 10 INFO neutron.pecan_wsgi.hooks.translation [None req-c9307d66-f890-4201-8bb4-1984ff4fdd2d 157885b8c66d4d59b74d6afe52e83488 da2bc50e8bff4cd7aabdb2571b123f53 - - default default] DELETE failed (client error): The resource could not be found.
2026-03-04 02:28:58.233 10 INFO neutron.wsgi [None req-c9307d66-f890-4201-8bb4-1984ff4fdd2d 157885b8c66d4d59b74d6afe52e83488 da2bc50e8bff4cd7aabdb2571b123f53 - - default default] 10.0.0.30 "DELETE /v2.0/subnets/04d90eea-9b12-404f-9d83-58f99fc7bac7 HTTP/1.1" status: 404 len: 337 time: 0.0200005
2026-03-04 02:28:58.235 9 WARNING neutron.scheduler.dhcp_agent_scheduler [None req-0d5b759e-a445-46c2-8bed-6b18d9eb5add 7404a38a72e44a2081b1a022de78cd07 82a4b1b7ac3e479a87684e1f92961cf5 - - default default] No more DHCP agents
2026-03-04 02:28:58.237 9 WARNING neutron.api.rpc.agentnotifiers.dhcp_rpc_agent_api [None req-0d5b759e-a445-46c2-8bed-6b18d9eb5add 7404a38a72e44a2081b1a022de78cd07 82a4b1b7ac3e479a87684e1f92961cf5 - - default default] Unable to schedule network 10486231-cb58-437b-91cd-97b40f374f71: no agents available; will retry on subsequent port and subnet creation events.
2026-03-04 02:28:58.248 10 INFO neutron.pecan_wsgi.hooks.translation [None req-32492a08-21da-4138-962b-8bfed4520aa3 157885b8c66d4d59b74d6afe52e83488 da2bc50e8bff4cd7aabdb2571b123f53 - - default default] DELETE failed (client error): The resource could not be found.
2026-03-04 02:28:58.251 10 INFO neutron.wsgi [None req-32492a08-21da-4138-962b-8bfed4520aa3 157885b8c66d4d59b74d6afe52e83488 da2bc50e8bff4cd7aabdb2571b123f53 - - default default] 10.0.0.30 "DELETE /v2.0/networks/67aeb83e-ad84-4be7-baa6-b78f6276a27b HTTP/1.1" status: 404 len: 339 time: 0.0141418
2026-03-04 02:28:58.413 9 INFO neutron.db.ovn_revision_numbers_db [None req-0d5b759e-a445-46c2-8bed-6b18d9eb5add 7404a38a72e44a2081b1a022de78cd07 82a4b1b7ac3e479a87684e1f92961cf5 - - default default] Successfully bumped revision number for resource e1717426-2dfd-4dac-8f96-76f227456bc4 (type: ports) to 1
2026-03-04 02:28:58.437 9 INFO neutron.wsgi [None req-0d5b759e-a445-46c2-8bed-6b18d9eb5add 7404a38a72e44a2081b1a022de78cd07 82a4b1b7ac3e479a87684e1f92961cf5 - - default default] 10.0.0.30 "POST /v2.0/ports HTTP/1.1" status: 201 len: 1149 time: 0.4673858 /var/lib/openstack/lib/python3.10/site-packages/pycadf/identifier.py:71: UserWarning: Invalid uuid: neutron. To ensure interoperability, identifiers should be a valid uuid. warnings.warn(('Invalid uuid: %s. To ensure interoperability, '
2026-03-04 02:28:58.452 10 INFO neutron.wsgi [None req-4db22c65-1880-4fdc-bd87-ebc4f202a4ef 157885b8c66d4d59b74d6afe52e83488 da2bc50e8bff4cd7aabdb2571b123f53 - - default default] 10.0.0.30 "DELETE /v2.0/subnets/f9d59bb2-809e-47cc-bd6b-7edd15800e5e HTTP/1.1" status: 204 len: 168 time: 0.1969593
2026-03-04 02:28:58.750 9 INFO neutron.wsgi [None req-7fff4ba0-eec9-4ccb-8997-8f490d1b493e 7404a38a72e44a2081b1a022de78cd07 82a4b1b7ac3e479a87684e1f92961cf5 - - default default] 10.0.0.30 "DELETE /v2.0/ports/e1717426-2dfd-4dac-8f96-76f227456bc4 HTTP/1.1" status: 204 len: 168 time: 0.3082266
2026-03-04 02:28:58.770 9 INFO neutron.pecan_wsgi.hooks.translation [None req-a9aace43-2bf5-4b02-8748-82efcfa7ba96 7404a38a72e44a2081b1a022de78cd07 82a4b1b7ac3e479a87684e1f92961cf5 - - default default] DELETE failed (client error): The resource could not be found.
2026-03-04 02:28:58.773 9 INFO neutron.wsgi [None req-a9aace43-2bf5-4b02-8748-82efcfa7ba96 7404a38a72e44a2081b1a022de78cd07 82a4b1b7ac3e479a87684e1f92961cf5 - - default default] 10.0.0.30 "DELETE /v2.0/ports/e1717426-2dfd-4dac-8f96-76f227456bc4 HTTP/1.1" status: 404 len: 333 time: 0.0194936
2026-03-04 02:28:58.797 10 INFO neutron.pecan_wsgi.hooks.translation [None req-f8de37b0-ab27-4bb8-9ab5-af9a7de953be 7404a38a72e44a2081b1a022de78cd07 82a4b1b7ac3e479a87684e1f92961cf5 - - default default] GET failed (client error): The resource could not be found.
2026-03-04 02:28:58.798 10 INFO neutron.wsgi [None req-f8de37b0-ab27-4bb8-9ab5-af9a7de953be 7404a38a72e44a2081b1a022de78cd07 82a4b1b7ac3e479a87684e1f92961cf5 - - default default] 10.0.0.30 "GET /v2.0/ports/e1717426-2dfd-4dac-8f96-76f227456bc4 HTTP/1.1" status: 404 len: 333 time: 0.0177824
2026-03-04 02:28:58.804 10 INFO neutron.wsgi [None req-d6f60b09-5dfc-43b3-9abe-e81014ea06a4 157885b8c66d4d59b74d6afe52e83488 da2bc50e8bff4cd7aabdb2571b123f53 - - default default] 10.0.0.30 "DELETE /v2.0/networks/c8912a22-ff27-4fac-98df-94ddc01e159e HTTP/1.1" status: 204 len: 168 time: 0.3489215
2026-03-04 02:28:59.033 9 INFO neutron.wsgi [None req-ea2f0d7a-428c-4a42-b540-d5075b8b54c9 7404a38a72e44a2081b1a022de78cd07 82a4b1b7ac3e479a87684e1f92961cf5 - - default default] 10.0.0.30 "DELETE /v2.0/subnets/0e978e64-b349-4d23-b6ec-ad9e3cdfcfa2 HTTP/1.1" status: 204 len: 168 time: 0.2312799
2026-03-04 02:28:59.191 10 INFO neutron.wsgi [None req-d21e012f-8b4e-45fb-91f7-e057e049e63e 2a3e25b5aec44063912f07977b65213f 084774371dbb4d6e9ae9cefc9564202e - - default default] 10.0.0.15 "GET /v2.0/extensions HTTP/1.1" status: 200 len: 16525 time: 0.2323458
2026-03-04 02:28:59.297 10 INFO neutron.wsgi [None req-bf23bd14-dbc4-4d2b-b16a-13c2b5c34112 2a3e25b5aec44063912f07977b65213f 084774371dbb4d6e9ae9cefc9564202e - - default default] 10.0.0.15 "GET /v2.0/quotas/084774371dbb4d6e9ae9cefc9564202e/details HTTP/1.1" status: 200 len: 756 time: 0.0893514
2026-03-04 02:28:59.391 9 INFO neutron.services.segments.plugin [-] Segment 3acd899e-d603-4e7c-9881-35e63cd4083e resource provider aggregate not found
2026-03-04 02:28:59.397 9 INFO neutron.services.segments.plugin [-] Segment 3acd899e-d603-4e7c-9881-35e63cd4083e resource provider aggregate not found
