2026-03-04 02:29:31.984 10 INFO neutron.services.segments.plugin [-] Segment 75848c51-cda0-4510-84ff-4ee7e3269a62 resource provider aggregate not found
2026-03-04 02:29:31.996 10 INFO neutron.services.segments.plugin [-] Segment 75848c51-cda0-4510-84ff-4ee7e3269a62 resource provider not found; error: Placement Client Error (4xx): {"errors": [{"status": 404, "title": "Not Found", "detail": "The resource could not be found.\n\n No resource provider with uuid 75848c51-cda0-4510-84ff-4ee7e3269a62 found for delete ", "request_id": "req-094915f9-8db1-4323-b1ce-bebd2066f573"}]}
2026-03-04 02:29:32.001 10 INFO neutron.services.segments.plugin [-] Segment 75848c51-cda0-4510-84ff-4ee7e3269a62 resource provider not found; error: Placement Client Error (4xx): {"errors": [{"status": 404, "title": "Not Found", "detail": "The resource could not be found.\n\n No resource provider with uuid 75848c51-cda0-4510-84ff-4ee7e3269a62 found for delete ", "request_id": "req-b54c1735-6abb-4f8f-9b41-662140e9ea43"}]}
2026-03-04 02:29:32.014 10 INFO neutron.services.segments.plugin [-] Segment 1e70e84d-50f7-4122-9095-b7a6dbefdfa3 resource provider aggregate not found
2026-03-04 02:29:32.020 10 INFO neutron.services.segments.plugin [-] Segment 1e70e84d-50f7-4122-9095-b7a6dbefdfa3 resource provider aggregate not found
2026-03-04 02:29:32.029 10 INFO neutron.services.segments.plugin [-] Segment 1e70e84d-50f7-4122-9095-b7a6dbefdfa3 resource provider not found; error: Placement Client Error (4xx): {"errors": [{"status": 404, "title": "Not Found", "detail": "The resource could not be found.\n\n No resource provider with uuid 1e70e84d-50f7-4122-9095-b7a6dbefdfa3 found for delete ", "request_id": "req-d3ef8e55-58bd-439c-b151-a9cba5fa412c"}]}
2026-03-04 02:29:32.035 10 INFO neutron.services.segments.plugin [-] Segment 1e70e84d-50f7-4122-9095-b7a6dbefdfa3 resource provider not found; error: Placement Client Error (4xx): {"errors": [{"status": 404, "title": "Not Found", "detail": "The resource could not be found.\n\n No resource provider with uuid 1e70e84d-50f7-4122-9095-b7a6dbefdfa3 found for delete ", "request_id": "req-b914f644-51c5-40df-8d0a-c8037d7a0a61"}]}
2026-03-04 02:29:32.051 9 INFO neutron.wsgi [req-050e7b44-d3ae-4786-9b74-d9f5cf5002ef req-ec443681-baa8-4d22-82cf-0921b42843a2 af07cf6747ae4af1be86c241eb04b3d1 643f84bf10524ae18e0b937914ebcd89 - - default default] 10.0.0.129 "GET /v2.0/ports?device_id=e58a5c46-22f4-4a3a-8a6e-accb41194f41 HTTP/1.1" status: 200 len: 1172 time: 0.0379815
2026-03-04 02:29:32.086 9 INFO neutron.wsgi [req-050e7b44-d3ae-4786-9b74-d9f5cf5002ef req-c25bbb27-ed56-450f-80d3-d414ccc2fb2d af07cf6747ae4af1be86c241eb04b3d1 643f84bf10524ae18e0b937914ebcd89 - - default default] 10.0.0.129 "GET /v2.0/security-groups?id=08d50e05-ecbf-4736-abd3-a364daede6c4&fields=id&fields=name HTTP/1.1" status: 200 len: 286 time: 0.0305727
2026-03-04 02:29:32.152 10 INFO neutron.wsgi [None req-055209a3-041a-4bf9-bb13-73edab546003 4f41dd0dbc044fd28c12605e87fbddaf 60068899f4024a1caa71d7d4b61161fa - - default default] 10.0.0.30 "GET /v2.0/ports/203cdf10-a44c-4243-9c84-4e6dd903298d HTTP/1.1" status: 200 len: 1147 time: 0.0845191
2026-03-04 02:29:32.174 9 WARNING neutron.plugins.ml2.drivers.ovn.mech_driver.ovsdb.ovn_client [None req-92c0e464-e21e-437f-bb49-1cdcdc62b54c - - - - - -] No hosting information found for port b399711e-24be-4304-adda-585bc72b1350: RuntimeError: No hosting information found for port b399711e-24be-4304-adda-585bc72b1350
2026-03-04 02:29:32.174 9 INFO neutron.plugins.ml2.drivers.ovn.mech_driver.mech_driver [None req-92c0e464-e21e-437f-bb49-1cdcdc62b54c - - - - - -] OVN reports status up for port: 203cdf10-a44c-4243-9c84-4e6dd903298d
2026-03-04 02:29:32.179 9 INFO neutron.plugins.ml2.plugin [None req-92c0e464-e21e-437f-bb49-1cdcdc62b54c - - - - - -] Attempt 1 to provision port 203cdf10-a44c-4243-9c84-4e6dd903298d
2026-03-04 02:29:32.241 9 INFO neutron.wsgi [-] 10.0.0.114 "GET / HTTP/1.1" status: 200 len: 246 time: 0.0016792
2026-03-04 02:29:32.242 10 INFO neutron.wsgi [-] 10.0.0.114 "GET / HTTP/1.1" status: 200 len: 246 time: 0.0026152
2026-03-04 02:29:32.363 10 WARNING neutron.plugins.ml2.drivers.ovn.mech_driver.ovsdb.ovn_client [None req-575fdd68-b365-41c0-9928-8a1fdfa9f95e - - - - - -] No hosting information found for port e1840275-5751-4aef-8cb2-38d404139757: RuntimeError: No hosting information found for port e1840275-5751-4aef-8cb2-38d404139757
2026-03-04 02:29:32.364 10 INFO neutron.plugins.ml2.drivers.ovn.mech_driver.mech_driver [None req-575fdd68-b365-41c0-9928-8a1fdfa9f95e - - - - - -] OVN reports status up for port: 691ce207-db87-4ba1-9d30-536c8c83d33a
2026-03-04 02:29:32.370 10 INFO neutron.plugins.ml2.plugin [None req-575fdd68-b365-41c0-9928-8a1fdfa9f95e - - - - - -] Attempt 1 to provision port 691ce207-db87-4ba1-9d30-536c8c83d33a
2026-03-04 02:29:32.441 9 INFO neutron.db.ovn_revision_numbers_db [None req-92c0e464-e21e-437f-bb49-1cdcdc62b54c - - - - - -] Successfully bumped revision number for resource 203cdf10-a44c-4243-9c84-4e6dd903298d (type: ports) to 2
2026-03-04 02:29:32.564 9 INFO neutron.db.ovn_revision_numbers_db [None req-92c0e464-e21e-437f-bb49-1cdcdc62b54c - - - - - -] Successfully bumped revision number for resource 203cdf10-a44c-4243-9c84-4e6dd903298d (type: router_ports) to 2
2026-03-04 02:29:32.576 10 INFO neutron.db.ovn_revision_numbers_db [None req-864552d5-7c81-410f-96f9-d81007ac3565 2e9c84efc45143c7be5c3528d47a8353 188a8dd7f5284638b79840c5839ead85 - - default default] Successfully bumped revision number for resource 5bba99e5-022e-43f6-a29e-fafffcc9afb4 (type: security_groups) to 1
2026-03-04 02:29:32.725 9 INFO neutron.services.segments.plugin [-] Segment 41f743f6-27cc-451f-9dff-de456ebe7b7e resource provider aggregate not found
2026-03-04 02:29:32.737 9 INFO neutron.services.segments.plugin [-] Segment 41f743f6-27cc-451f-9dff-de456ebe7b7e resource provider aggregate not found
2026-03-04 02:29:32.742 9 INFO neutron.services.segments.plugin [-] Segment 41f743f6-27cc-451f-9dff-de456ebe7b7e resource provider not found; error: Placement Client Error (4xx): {"errors": [{"status": 404, "title": "Not Found", "detail": "The resource could not be found.\n\n No resource provider with uuid 41f743f6-27cc-451f-9dff-de456ebe7b7e found for delete ", "request_id": "req-addc20ae-c9c6-4802-962e-4210062c435a"}]}
2026-03-04 02:29:32.757 9 INFO neutron.services.segments.plugin [-] Segment 41f743f6-27cc-451f-9dff-de456ebe7b7e resource provider not found; error: Placement Client Error (4xx): {"errors": [{"status": 404, "title": "Not Found", "detail": "The resource could not be found.\n\n No resource provider with uuid 41f743f6-27cc-451f-9dff-de456ebe7b7e found for delete ", "request_id": "req-9945d34e-5ad4-4fe4-b8ea-45a02acec281"}]}
2026-03-04 02:29:32.800 10 INFO neutron.db.ovn_revision_numbers_db [None req-864552d5-7c81-410f-96f9-d81007ac3565 2e9c84efc45143c7be5c3528d47a8353 188a8dd7f5284638b79840c5839ead85 - - default default] Successfully bumped revision number for resource 06dc905f-0ac6-403f-b998-a5ee025bf434 (type: security_group_rules) to 0
2026-03-04 02:29:32.821 10 INFO neutron.db.ovn_revision_numbers_db [None req-864552d5-7c81-410f-96f9-d81007ac3565 2e9c84efc45143c7be5c3528d47a8353 188a8dd7f5284638b79840c5839ead85 - - default default] Successfully bumped revision number for resource 18276ccb-92a6-4755-be7c-9a08b7b30198 (type: security_group_rules) to 0
2026-03-04 02:29:32.844 9 INFO neutron.wsgi [None req-5eb15808-e304-4a31-9c3e-0c91c182c29d db22d0915de84a29a379e31d66c92458 c6bb6ff17cda44d3a4aa18f8b0089777 - - default default] 10.0.0.30 "GET /v2.0/ports/691ce207-db87-4ba1-9d30-536c8c83d33a HTTP/1.1" status: 200 len: 1137 time: 0.0417471
2026-03-04 02:29:32.856 10 INFO neutron.db.ovn_revision_numbers_db [None req-864552d5-7c81-410f-96f9-d81007ac3565 2e9c84efc45143c7be5c3528d47a8353 188a8dd7f5284638b79840c5839ead85 - - default default] Successfully bumped revision number for resource 2871a94d-0c69-484a-8d15-cdd540d811a7 (type: security_group_rules) to 0
2026-03-04 02:29:32.858 10 INFO neutron.db.ovn_revision_numbers_db [None req-575fdd68-b365-41c0-9928-8a1fdfa9f95e - - - - - -] Successfully bumped revision number for resource 691ce207-db87-4ba1-9d30-536c8c83d33a (type: ports) to 2
2026-03-04 02:29:32.908 10 INFO neutron.db.ovn_revision_numbers_db [None req-864552d5-7c81-410f-96f9-d81007ac3565 2e9c84efc45143c7be5c3528d47a8353 188a8dd7f5284638b79840c5839ead85 - - default default] Successfully bumped revision number for resource 4e6016ae-9c6c-410f-921f-73a152622499 (type: security_group_rules) to 0
2026-03-04 02:29:32.952 10 INFO neutron.wsgi [None req-864552d5-7c81-410f-96f9-d81007ac3565 2e9c84efc45143c7be5c3528d47a8353 188a8dd7f5284638b79840c5839ead85 - - default default] 10.0.0.30 "GET /v2.0/security-groups?tenant_id=b89849ad859c46eca2834b9b1801c6dd&name=default HTTP/1.1" status: 200 len: 2996 time: 0.6283154
2026-03-04 02:29:33.071 10 INFO neutron.db.ovn_revision_numbers_db [None req-575fdd68-b365-41c0-9928-8a1fdfa9f95e - - - - - -] Successfully bumped revision number for resource 691ce207-db87-4ba1-9d30-536c8c83d33a (type: router_ports) to 2
2026-03-04 02:29:33.183 9 INFO neutron.wsgi [None req-953235ae-04f2-4063-999f-f807932cb9ba 2e9c84efc45143c7be5c3528d47a8353 188a8dd7f5284638b79840c5839ead85 - - default default] 10.0.0.30 "DELETE /v2.0/security-groups/5bba99e5-022e-43f6-a29e-fafffcc9afb4 HTTP/1.1" status: 204 len: 168 time: 0.2246461
2026-03-04 02:29:33.197 9 INFO neutron.wsgi [req-f831d898-cba5-47bb-b81d-efd335f3a22e req-29b706df-817b-4c83-82bf-a12cd575ecb4 af07cf6747ae4af1be86c241eb04b3d1 643f84bf10524ae18e0b937914ebcd89 - - default default] 10.0.0.129 "GET /v2.0/ports?device_id=e58a5c46-22f4-4a3a-8a6e-accb41194f41 HTTP/1.1" status: 200 len: 1172 time: 0.0423853
2026-03-04 02:29:33.206 10 INFO neutron.wsgi [None req-892d4923-74ba-4ee5-82dd-bb62e9b021a9 4f41dd0dbc044fd28c12605e87fbddaf 60068899f4024a1caa71d7d4b61161fa - - default default] 10.0.0.30 "GET /v2.0/ports/203cdf10-a44c-4243-9c84-4e6dd903298d HTTP/1.1" status: 200 len: 1149 time: 0.0438478
2026-03-04 02:29:33.258 9 INFO neutron.wsgi [req-f831d898-cba5-47bb-b81d-efd335f3a22e req-cdb16369-a7c1-4b53-910a-c69c34a7bb98 af07cf6747ae4af1be86c241eb04b3d1 643f84bf10524ae18e0b937914ebcd89 - - default default] 10.0.0.129 "GET /v2.0/security-groups?id=08d50e05-ecbf-4736-abd3-a364daede6c4&fields=id&fields=name HTTP/1.1" status: 200 len: 286 time: 0.0512264
2026-03-04 02:29:33.430 9 INFO neutron.db.ovn_revision_numbers_db [None req-2a441064-e396-4a56-a05d-dfba890f33df 2e9c84efc45143c7be5c3528d47a8353 188a8dd7f5284638b79840c5839ead85 - - default default] Successfully bumped revision number for resource 1f7619e0-b367-427e-af0c-a9b5d5fd184e (type: security_groups) to 1
2026-03-04 02:29:33.443 9 INFO neutron.db.ovn_revision_numbers_db [None req-2a441064-e396-4a56-a05d-dfba890f33df 2e9c84efc45143c7be5c3528d47a8353 188a8dd7f5284638b79840c5839ead85 - - default default] Successfully bumped revision number for resource 0192bf0b-65c5-46eb-98f6-7a378ca83de9 (type: security_group_rules) to 0
2026-03-04 02:29:33.456 9 INFO neutron.db.ovn_revision_numbers_db [None req-2a441064-e396-4a56-a05d-dfba890f33df 2e9c84efc45143c7be5c3528d47a8353 188a8dd7f5284638b79840c5839ead85 - - default default] Successfully bumped revision number for resource 245f45a9-7f40-428d-bbeb-7d7934615f4e (type: security_group_rules) to 0
2026-03-04 02:29:33.469 9 INFO neutron.db.ovn_revision_numbers_db [None req-2a441064-e396-4a56-a05d-dfba890f33df 2e9c84efc45143c7be5c3528d47a8353 188a8dd7f5284638b79840c5839ead85 - - default default] Successfully bumped revision number for resource 426f2ebb-fd56-410f-9c93-9f9607f6c8ed (type: security_group_rules) to 0
2026-03-04 02:29:33.484 9 INFO neutron.db.ovn_revision_numbers_db [None req-2a441064-e396-4a56-a05d-dfba890f33df 2e9c84efc45143c7be5c3528d47a8353 188a8dd7f5284638b79840c5839ead85 - - default default] Successfully bumped revision number for resource ba2a4227-d82c-4620-8f84-4066a46e1fbd (type: security_group_rules) to 0
2026-03-04 02:29:33.511 9 INFO neutron.wsgi [None req-2a441064-e396-4a56-a05d-dfba890f33df 2e9c84efc45143c7be5c3528d47a8353 188a8dd7f5284638b79840c5839ead85 - - default default] 10.0.0.30 "GET /v2.0/security-groups?tenant_id=abbd31152e354f7783fe5715920c42e5&name=default HTTP/1.1" status: 200 len: 2996 time: 0.1901400
2026-03-04 02:29:33.728 9 INFO neutron.wsgi [None req-2e17c094-d3d1-4051-833e-6114711a19ee 2e9c84efc45143c7be5c3528d47a8353 188a8dd7f5284638b79840c5839ead85 - - default default] 10.0.0.30 "DELETE /v2.0/security-groups/1f7619e0-b367-427e-af0c-a9b5d5fd184e HTTP/1.1" status: 204 len: 168 time: 0.2100534
2026-03-04 02:29:33.729 10 INFO neutron.wsgi [None req-6e3c249a-b781-4be0-bdc1-420fcdc39ff6 db22d0915de84a29a379e31d66c92458 c6bb6ff17cda44d3a4aa18f8b0089777 - - default default] 10.0.0.30 "PUT /v2.0/routers/935a1a65-bc37-467e-9571-63819bcad64e/remove_router_interface HTTP/1.1" status: 200 len: 503 time: 0.8790531
2026-03-04 02:29:33.757 9 INFO neutron.wsgi [None req-3b141298-c67e-47df-b511-3ffd1b96da0e db22d0915de84a29a379e31d66c92458 c6bb6ff17cda44d3a4aa18f8b0089777 - - default default] 10.0.0.30 "GET /v2.0/ports?device_id=935a1a65-bc37-467e-9571-63819bcad64e HTTP/1.1" status: 200 len: 205 time: 0.0235801 /var/lib/openstack/lib/python3.10/site-packages/pycadf/identifier.py:71: UserWarning: Invalid uuid: neutron. To ensure interoperability, identifiers should be a valid uuid. warnings.warn(('Invalid uuid: %s. To ensure interoperability, '
2026-03-04 02:29:33.878 10 INFO neutron.wsgi [None req-dfba2856-1385-42ac-9283-32c09002a158 2e9c84efc45143c7be5c3528d47a8353 188a8dd7f5284638b79840c5839ead85 - - default default] 10.0.0.30 "GET /v2.0/security-groups?tenant_id=9fd62fe48eec4111bc12b19481c0508f&name=default HTTP/1.1" status: 200 len: 2996 time: 0.0464511
2026-03-04 02:29:33.971 9 INFO neutron.wsgi [None req-31927060-5495-4960-a4c3-9f823daddd6c db22d0915de84a29a379e31d66c92458 c6bb6ff17cda44d3a4aa18f8b0089777 - - default default] 10.0.0.30 "DELETE /v2.0/routers/935a1a65-bc37-467e-9571-63819bcad64e HTTP/1.1" status: 204 len: 168 time: 0.2081749
2026-03-04 02:29:33.997 10 INFO neutron.wsgi [None req-37fc7132-2b73-4358-8801-1e64a0187e71 4f41dd0dbc044fd28c12605e87fbddaf 60068899f4024a1caa71d7d4b61161fa - - default default] 10.0.0.30 "PUT /v2.0/routers/b181186f-d8e7-434d-a36a-c9a6d11e9704/remove_router_interface HTTP/1.1" status: 200 len: 503 time: 0.7847075 /var/lib/openstack/lib/python3.10/site-packages/pycadf/identifier.py:71: UserWarning: Invalid uuid: neutron. To ensure interoperability, identifiers should be a valid uuid. warnings.warn(('Invalid uuid: %s. To ensure interoperability, '
2026-03-04 02:29:34.123 10 INFO neutron.wsgi [None req-8f62c3c1-d232-4990-ba5f-c6df14f673c9 4f41dd0dbc044fd28c12605e87fbddaf 60068899f4024a1caa71d7d4b61161fa - - default default] 10.0.0.30 "GET /v2.0/ports/b399711e-24be-4304-adda-585bc72b1350 HTTP/1.1" status: 200 len: 1141 time: 0.1199176
2026-03-04 02:29:34.227 9 INFO neutron.wsgi [None req-900b41f2-d454-41c0-b92d-eaf4dfb892f8 db22d0915de84a29a379e31d66c92458 c6bb6ff17cda44d3a4aa18f8b0089777 - - default default] 10.0.0.30 "DELETE /v2.0/subnets/a9913875-4413-4a2f-b3a8-260c5d968443 HTTP/1.1" status: 204 len: 168 time: 0.2506537
2026-03-04 02:29:34.304 10 INFO neutron.wsgi [None req-2577eea0-ba7d-426c-b7c0-ce916e86a6f5 2e9c84efc45143c7be5c3528d47a8353 188a8dd7f5284638b79840c5839ead85 - - default default] 10.0.0.30 "DELETE /v2.0/security-groups/4334be5c-ac01-4cc2-9823-c85b457c9db2 HTTP/1.1" status: 204 len: 168 time: 0.4144974
2026-03-04 02:29:34.377 10 INFO neutron.wsgi [req-d3625efd-6dc8-455b-a364-8d8d1e176860 req-aa5e6287-7293-4c51-89d1-d2556fe8f84f af07cf6747ae4af1be86c241eb04b3d1 643f84bf10524ae18e0b937914ebcd89 - - default default] 10.0.0.129 "GET /v2.0/ports?device_id=e58a5c46-22f4-4a3a-8a6e-accb41194f41 HTTP/1.1" status: 200 len: 1172 time: 0.0464356
2026-03-04 02:29:34.427 10 INFO neutron.wsgi [req-d3625efd-6dc8-455b-a364-8d8d1e176860 req-3ea23ac0-ce6b-4417-aea1-faa51b8e2ec9 af07cf6747ae4af1be86c241eb04b3d1 643f84bf10524ae18e0b937914ebcd89 - - default default] 10.0.0.129 "GET /v2.0/security-groups?id=08d50e05-ecbf-4736-abd3-a364daede6c4&fields=id&fields=name HTTP/1.1" status: 200 len: 286 time: 0.0441103
2026-03-04 02:29:34.602 9 INFO neutron.wsgi [None req-3e121217-8c33-4fee-b62a-b86f6e0ee768 db22d0915de84a29a379e31d66c92458 c6bb6ff17cda44d3a4aa18f8b0089777 - - default default] 10.0.0.30 "DELETE /v2.0/networks/1fc934cb-3bb8-491f-9d7a-72cf4908b2a5 HTTP/1.1" status: 204 len: 168 time: 0.3656025
2026-03-04 02:29:34.769 9 INFO neutron.services.segments.plugin [-] Segment 3c17e25c-d5af-438e-9bbc-e46b635d38c2 resource provider aggregate not found
2026-03-04 02:29:34.784 9 INFO neutron.services.segments.plugin [-] Segment 3c17e25c-d5af-438e-9bbc-e46b635d38c2 resource provider not found; error: Placement Client Error (4xx): {"errors": [{"status": 404, "title": "Not Found", "detail": "The resource could not be found.\n\n No resource provider with uuid 3c17e25c-d5af-438e-9bbc-e46b635d38c2 found for delete ", "request_id": "req-78076082-ef88-4845-bdd4-3cee0d018086"}]}
2026-03-04 02:29:34.788 9 INFO neutron.services.segments.plugin [-] Segment 3c17e25c-d5af-438e-9bbc-e46b635d38c2 resource provider aggregate not found
2026-03-04 02:29:34.803 9 INFO neutron.services.segments.plugin [-] Segment 3c17e25c-d5af-438e-9bbc-e46b635d38c2 resource provider not found; error: Placement Client Error (4xx): {"errors": [{"status": 404, "title": "Not Found", "detail": "The resource could not be found.\n\n No resource provider with uuid 3c17e25c-d5af-438e-9bbc-e46b635d38c2 found for delete ", "request_id": "req-0aae07ae-2e7b-49e8-8499-74e994133091"}]}
2026-03-04 02:29:34.822 10 INFO neutron.wsgi [None req-5df32a5d-1fb6-4738-ad5e-b72c42df6d87 4f41dd0dbc044fd28c12605e87fbddaf 60068899f4024a1caa71d7d4b61161fa - - default default] 10.0.0.30 "PUT /v2.0/routers/b181186f-d8e7-434d-a36a-c9a6d11e9704/remove_router_interface HTTP/1.1" status: 200 len: 503 time: 0.6883302 /var/lib/openstack/lib/python3.10/site-packages/pycadf/identifier.py:71: UserWarning: Invalid uuid: neutron. To ensure interoperability, identifiers should be a valid uuid. warnings.warn(('Invalid uuid: %s. To ensure interoperability, '
2026-03-04 02:29:34.852 10 INFO neutron.wsgi [None req-a821cef6-6dbb-4f37-b0e7-e542713c632d 4f41dd0dbc044fd28c12605e87fbddaf 60068899f4024a1caa71d7d4b61161fa - - default default] 10.0.0.30 "GET /v2.0/ports?device_id=b181186f-d8e7-434d-a36a-c9a6d11e9704 HTTP/1.1" status: 200 len: 205 time: 0.0246158
2026-03-04 02:29:35.095 9 WARNING neutron.scheduler.dhcp_agent_scheduler [None req-346cbc41-8d21-47f7-8901-ed4a52e2b8a6 db22d0915de84a29a379e31d66c92458 c6bb6ff17cda44d3a4aa18f8b0089777 - - default default] No more DHCP agents
2026-03-04 02:29:35.097 9 WARNING neutron.api.rpc.agentnotifiers.dhcp_rpc_agent_api [None req-346cbc41-8d21-47f7-8901-ed4a52e2b8a6 db22d0915de84a29a379e31d66c92458 c6bb6ff17cda44d3a4aa18f8b0089777 - - default default] Unable to schedule network a1d31c68-8dc4-46b4-b8ed-cdcc896b677f: no agents available; will retry on subsequent port and subnet creation events.
2026-03-04 02:29:35.266 9 INFO neutron.db.ovn_revision_numbers_db [None req-346cbc41-8d21-47f7-8901-ed4a52e2b8a6 db22d0915de84a29a379e31d66c92458 c6bb6ff17cda44d3a4aa18f8b0089777 - - default default] Successfully bumped revision number for resource 418b2c75-797e-461d-ab2c-9aaf52c553f2 (type: ports) to 1
2026-03-04 02:29:35.314 10 INFO neutron.wsgi [None req-2f1ab245-53c1-48ee-8592-df66eb613604 4f41dd0dbc044fd28c12605e87fbddaf 60068899f4024a1caa71d7d4b61161fa - - default default] 10.0.0.30 "DELETE /v2.0/routers/b181186f-d8e7-434d-a36a-c9a6d11e9704 HTTP/1.1" status: 204 len: 168 time: 0.4581554
2026-03-04 02:29:35.459 9 INFO neutron.wsgi [None req-6078bd64-cbbb-43c1-8dc5-23159bd030ba 2e9c84efc45143c7be5c3528d47a8353 188a8dd7f5284638b79840c5839ead85 - - default default] 10.0.0.231 "GET /v2.0/networks HTTP/1.1" status: 200 len: 4602 time: 0.2146287
2026-03-04 02:29:35.474 9 INFO neutron.wsgi [None req-2a9748a5-0afe-4312-911e-2caf993e4c99 2e9c84efc45143c7be5c3528d47a8353 188a8dd7f5284638b79840c5839ead85 - - default default] 10.0.0.231 "GET /v2.0/agents HTTP/1.1" status: 200 len: 997 time: 0.0114396
2026-03-04 02:29:35.494 9 INFO neutron.wsgi [None req-e388caa5-d8fa-46a1-8719-151c9cb14f59 2e9c84efc45143c7be5c3528d47a8353 188a8dd7f5284638b79840c5839ead85 - - default default] 10.0.0.231 "GET /v2.0/network-ip-availabilities HTTP/1.1" status: 200 len: 2660 time: 0.0126081
2026-03-04 02:29:35.550 10 INFO neutron.wsgi [req-018fd68b-bab8-472d-8a42-f2a06571110b req-31d78536-7873-449a-8b34-b6b4803d684a af07cf6747ae4af1be86c241eb04b3d1 643f84bf10524ae18e0b937914ebcd89 - - default default] 10.0.0.129 "GET /v2.0/ports?device_id=e58a5c46-22f4-4a3a-8a6e-accb41194f41 HTTP/1.1" status: 200 len: 1172 time: 0.0597508
2026-03-04 02:29:35.581 10 INFO neutron.wsgi [None req-52f41037-0b0a-4a97-92fd-af4d7bb97414 4f41dd0dbc044fd28c12605e87fbddaf 60068899f4024a1caa71d7d4b61161fa - - default default] 10.0.0.30 "DELETE /v2.0/subnets/809bb19b-a19d-47d4-b36d-fb17615210dc HTTP/1.1" status: 204 len: 168 time: 0.2609463
2026-03-04 02:29:35.612 10 INFO neutron.wsgi [req-018fd68b-bab8-472d-8a42-f2a06571110b req-73b6abd7-1368-40df-9bc9-188abe963fc9 af07cf6747ae4af1be86c241eb04b3d1 643f84bf10524ae18e0b937914ebcd89 - - default default] 10.0.0.129 "GET /v2.0/security-groups?id=08d50e05-ecbf-4736-abd3-a364daede6c4&fields=id&fields=name HTTP/1.1" status: 200 len: 286 time: 0.0564229
2026-03-04 02:29:35.781 10 INFO neutron.wsgi [None req-f2ce5e03-eb83-4c31-b5fd-825962cdde3f 4f41dd0dbc044fd28c12605e87fbddaf 60068899f4024a1caa71d7d4b61161fa - - default default] 10.0.0.30 "DELETE /v2.0/subnets/b008d716-9115-47a8-81c0-e38fd45c9654 HTTP/1.1" status: 204 len: 168 time: 0.1938579
2026-03-04 02:29:35.803 9 INFO neutron.wsgi [req-071ee9fc-c625-47b8-8f56-a5fb37b5c90c req-6e57ed76-e575-4f93-a90d-e658a712061b 2e9c84efc45143c7be5c3528d47a8353 188a8dd7f5284638b79840c5839ead85 - - default default] 10.0.0.129 "GET /v2.0/ports?device_id=e58a5c46-22f4-4a3a-8a6e-accb41194f41 HTTP/1.1" status: 200 len: 1411 time: 0.0682695
2026-03-04 02:29:35.812 9 INFO neutron.wsgi [None req-ab4455aa-633b-4a96-9134-9265efb92453 2e9c84efc45143c7be5c3528d47a8353 188a8dd7f5284638b79840c5839ead85 - - default default] 10.0.0.231 "GET /v2.0/security-groups HTTP/1.1" status: 200 len: 25143 time: 0.3166897
2026-03-04 02:29:35.886 9 INFO neutron.wsgi [None req-21cb25cb-d671-477c-8db0-7c8e69913f2d 2e9c84efc45143c7be5c3528d47a8353 188a8dd7f5284638b79840c5839ead85 - - default default] 10.0.0.231 "GET /v2.0/subnets HTTP/1.1" status: 200 len: 2091 time: 0.0654826
2026-03-04 02:29:35.898 9 INFO neutron.wsgi [req-071ee9fc-c625-47b8-8f56-a5fb37b5c90c req-de5db089-f18c-4bf6-b0d6-d7662df902d1 2e9c84efc45143c7be5c3528d47a8353 188a8dd7f5284638b79840c5839ead85 - - default default] 10.0.0.129 "GET /v2.0/security-groups?id=08d50e05-ecbf-4736-abd3-a364daede6c4&fields=id&fields=name HTTP/1.1" status: 200 len: 286 time: 0.0848496
2026-03-04 02:29:35.993 9 INFO neutron.wsgi [None req-6e961f50-0aff-4e73-9b62-a918491d2903 2e9c84efc45143c7be5c3528d47a8353 188a8dd7f5284638b79840c5839ead85 - - default default] 10.0.0.231 "GET /v2.0/routers HTTP/1.1" status: 200 len: 1518 time: 0.1029053
2026-03-04 02:29:36.011 9 INFO neutron.wsgi [None req-096bef37-ffe4-490d-a547-cb03f646c7fd 2e9c84efc45143c7be5c3528d47a8353 188a8dd7f5284638b79840c5839ead85 - - default default] 10.0.0.231 "GET /v2.0/agents?binary=ovn-controller HTTP/1.1" status: 200 len: 591 time: 0.0172873
2026-03-04 02:29:36.049 9 INFO neutron.wsgi [None req-9549e477-d37a-467b-88d0-8bc6624e908d 2e9c84efc45143c7be5c3528d47a8353 188a8dd7f5284638b79840c5839ead85 - - default default] 10.0.0.231 "GET /v2.0/ports HTTP/1.1" status: 200 len: 11652 time: 0.0360510
2026-03-04 02:29:36.096 9 INFO neutron.wsgi [None req-88a2688b-0cda-4b81-bf40-978aebf7053a 2e9c84efc45143c7be5c3528d47a8353 188a8dd7f5284638b79840c5839ead85 - - default default] 10.0.0.231 "GET /v2.0/subnets HTTP/1.1" status: 200 len: 2091 time: 0.0336940
2026-03-04 02:29:36.117 9 INFO neutron.wsgi [None req-da49d676-bde8-4891-93a9-41807cb730f0 2e9c84efc45143c7be5c3528d47a8353 188a8dd7f5284638b79840c5839ead85 - - default default] 10.0.0.231 "GET /v2.0/subnetpools HTTP/1.1" status: 200 len: 193 time: 0.0093369
2026-03-04 02:29:36.145 9 INFO neutron.wsgi [None req-88d33a42-25ca-4bce-bf96-72f0c4cbf687 2e9c84efc45143c7be5c3528d47a8353 188a8dd7f5284638b79840c5839ead85 - - default default] 10.0.0.231 "GET /v2.0/floatingips HTTP/1.1" status: 200 len: 193 time: 0.0272114
2026-03-04 02:29:36.149 10 INFO neutron.services.segments.plugin [-] Segment 25e726a7-f6fb-48ff-8869-35f9987d11fe resource provider aggregate not found
2026-03-04 02:29:36.153 10 INFO neutron.services.segments.plugin [-] Segment 25e726a7-f6fb-48ff-8869-35f9987d11fe resource provider aggregate not found
2026-03-04 02:29:36.165 10 INFO neutron.services.segments.plugin [-] Segment 25e726a7-f6fb-48ff-8869-35f9987d11fe resource provider not found; error: Placement Client Error (4xx): {"errors": [{"status": 404, "title": "Not Found", "detail": "The resource could not be found.\n\n No resource provider with uuid 25e726a7-f6fb-48ff-8869-35f9987d11fe found for delete ", "request_id": "req-ae8f98d1-5d6a-4ee1-80d5-1a540db75723"}]}
2026-03-04 02:29:36.171 10 INFO neutron.services.segments.plugin [-] Segment 25e726a7-f6fb-48ff-8869-35f9987d11fe resource provider not found; error: Placement Client Error (4xx): {"errors": [{"status": 404, "title": "Not Found", "detail": "The resource could not be found.\n\n No resource provider with uuid 25e726a7-f6fb-48ff-8869-35f9987d11fe found for delete ", "request_id": "req-e25b0e3e-1102-48c0-bb52-ab56ab33e882"}]}
2026-03-04 02:29:36.205 10 INFO neutron.wsgi [None req-083259b4-8b68-416b-97bd-bd2c6186258f 4f41dd0dbc044fd28c12605e87fbddaf 60068899f4024a1caa71d7d4b61161fa - - default default] 10.0.0.30 "DELETE /v2.0/networks/8af1e1cc-ea91-4514-be80-f505cec1616b HTTP/1.1" status: 204 len: 168 time: 0.4180834
2026-03-04 02:29:36.261 9 INFO neutron.db.ovn_revision_numbers_db [None req-346cbc41-8d21-47f7-8901-ed4a52e2b8a6 db22d0915de84a29a379e31d66c92458 c6bb6ff17cda44d3a4aa18f8b0089777 - - default default] Successfully bumped revision number for resource 418b2c75-797e-461d-ab2c-9aaf52c553f2 (type: router_ports) to 1
2026-03-04 02:29:36.347 9 INFO neutron.db.ovn_revision_numbers_db [None req-346cbc41-8d21-47f7-8901-ed4a52e2b8a6 db22d0915de84a29a379e31d66c92458 c6bb6ff17cda44d3a4aa18f8b0089777 - - default default] Successfully bumped revision number for resource 4a51da73-b292-4b12-a7bb-a10f19ffa115 (type: routers) to 2
2026-03-04 02:29:36.367 9 INFO neutron.wsgi [None req-346cbc41-8d21-47f7-8901-ed4a52e2b8a6 db22d0915de84a29a379e31d66c92458 c6bb6ff17cda44d3a4aa18f8b0089777 - - default default] 10.0.0.30 "POST /v2.0/routers HTTP/1.1" status: 201 len: 867 time: 1.7510297
2026-03-04 02:29:36.428 9 INFO neutron.wsgi [None req-7ded3bb8-9a9a-4544-8ecb-85c391dce92b db22d0915de84a29a379e31d66c92458 c6bb6ff17cda44d3a4aa18f8b0089777 - - default default] 10.0.0.30 "GET /v2.0/routers/4a51da73-b292-4b12-a7bb-a10f19ffa115 HTTP/1.1" status: 200 len: 868 time: 0.0574656
2026-03-04 02:29:36.537 9 INFO neutron.wsgi [None req-a3bf0a08-ce0a-4b5c-8e71-a16ff074b3ed db22d0915de84a29a379e31d66c92458 c6bb6ff17cda44d3a4aa18f8b0089777 - - default default] 10.0.0.30 "GET /v2.0/routers HTTP/1.1" status: 200 len: 871 time: 0.1060624
2026-03-04 02:29:36.572 10 INFO neutron.wsgi [None req-a8ab7748-a3df-4ac3-8c3d-11d914cad34e 4f41dd0dbc044fd28c12605e87fbddaf 60068899f4024a1caa71d7d4b61161fa - - default default] 10.0.0.30 "DELETE /v2.0/networks/285fd684-283e-4325-9e3b-cc604ecdd086 HTTP/1.1" status: 204 len: 168 time: 0.3607769
2026-03-04 02:29:36.659 10 INFO neutron.db.segments_db [None req-2762f669-d2de-441a-822e-2f67b15ba301 4f41dd0dbc044fd28c12605e87fbddaf 60068899f4024a1caa71d7d4b61161fa - - default default] Added segment 48a6ac35-bcd2-4b3f-9395-e919e5651b0f of type geneve for network 89e559b8-f823-412d-aa6b-0b894b688af9
2026-03-04 02:29:36.794 10 INFO neutron.wsgi [req-e3e6435e-9f0e-41fe-be40-4bbc1c34a951 req-173af481-08b6-4f99-b7ff-c7d3889b5b53 af07cf6747ae4af1be86c241eb04b3d1 643f84bf10524ae18e0b937914ebcd89 - - default default] 10.0.0.129 "GET /v2.0/ports?device_id=e58a5c46-22f4-4a3a-8a6e-accb41194f41 HTTP/1.1" status: 200 len: 1172 time: 0.1170847
2026-03-04 02:29:36.846 10 INFO neutron.db.ovn_revision_numbers_db [None req-2762f669-d2de-441a-822e-2f67b15ba301 4f41dd0dbc044fd28c12605e87fbddaf 60068899f4024a1caa71d7d4b61161fa - - default default] Successfully bumped revision number for resource 89e559b8-f823-412d-aa6b-0b894b688af9 (type: networks) to 1
2026-03-04 02:29:36.853 10 INFO neutron.wsgi [req-e3e6435e-9f0e-41fe-be40-4bbc1c34a951 req-3be8f402-4624-4e6d-8e99-ed91f681b916 af07cf6747ae4af1be86c241eb04b3d1 643f84bf10524ae18e0b937914ebcd89 - - default default] 10.0.0.129 "GET /v2.0/security-groups?id=08d50e05-ecbf-4736-abd3-a364daede6c4&fields=id&fields=name HTTP/1.1" status: 200 len: 286 time: 0.0481353
2026-03-04 02:29:36.928 9 INFO neutron.db.ovn_revision_numbers_db [None req-c7168f4a-bd67-48db-8460-d51947cecfb9 db22d0915de84a29a379e31d66c92458 c6bb6ff17cda44d3a4aa18f8b0089777 - - default default] Successfully bumped revision number for resource 4a51da73-b292-4b12-a7bb-a10f19ffa115 (type: routers) to 3
2026-03-04 02:29:36.932 9 INFO neutron.wsgi [None req-c7168f4a-bd67-48db-8460-d51947cecfb9 db22d0915de84a29a379e31d66c92458 c6bb6ff17cda44d3a4aa18f8b0089777 - - default default] 10.0.0.30 "PUT /v2.0/routers/4a51da73-b292-4b12-a7bb-a10f19ffa115 HTTP/1.1" status: 200 len: 875 time: 0.3902535
2026-03-04 02:29:37.051 10 INFO neutron.wsgi [None req-ca1d2b1c-868a-480a-ac36-33e0b232c793 db22d0915de84a29a379e31d66c92458 c6bb6ff17cda44d3a4aa18f8b0089777 - - default default] 10.0.0.30 "GET /v2.0/routers/4a51da73-b292-4b12-a7bb-a10f19ffa115 HTTP/1.1" status: 200 len: 875 time: 0.1136951
2026-03-04 02:29:37.073 10 WARNING neutron.scheduler.dhcp_agent_scheduler [None req-2762f669-d2de-441a-822e-2f67b15ba301 4f41dd0dbc044fd28c12605e87fbddaf 60068899f4024a1caa71d7d4b61161fa - - default default] No more DHCP agents
2026-03-04 02:29:37.075 10 WARNING neutron.api.rpc.agentnotifiers.dhcp_rpc_agent_api [None req-2762f669-d2de-441a-822e-2f67b15ba301 4f41dd0dbc044fd28c12605e87fbddaf 60068899f4024a1caa71d7d4b61161fa - - default default] Unable to schedule network 89e559b8-f823-412d-aa6b-0b894b688af9: no agents available; will retry on subsequent port and subnet creation events.
2026-03-04 02:29:37.084 9 INFO neutron.wsgi [None req-43eca98d-8e1b-4184-bd4c-1d708ac07930 db22d0915de84a29a379e31d66c92458 c6bb6ff17cda44d3a4aa18f8b0089777 - - default default] 10.0.0.30 "GET /v2.0/ports?device_id=4a51da73-b292-4b12-a7bb-a10f19ffa115 HTTP/1.1" status: 200 len: 205 time: 0.0236492
2026-03-04 02:29:37.160 10 INFO neutron.db.ovn_revision_numbers_db [None req-2762f669-d2de-441a-822e-2f67b15ba301 4f41dd0dbc044fd28c12605e87fbddaf 60068899f4024a1caa71d7d4b61161fa - - default default] Successfully bumped revision number for resource dd2f70f0-2a66-4fcf-ba1c-3e15a3a4f0ac (type: ports) to 1
2026-03-04 02:29:37.194 10 INFO neutron.wsgi [None req-2762f669-d2de-441a-822e-2f67b15ba301 4f41dd0dbc044fd28c12605e87fbddaf 60068899f4024a1caa71d7d4b61161fa - - default default] 10.0.0.30 "POST /v2.0/networks HTTP/1.1" status: 201 len: 833 time: 0.6164045
2026-03-04 02:29:37.489 9 WARNING neutron.scheduler.dhcp_agent_scheduler [None req-a37a48fa-d35d-4945-be4e-eebb40d03d53 4f41dd0dbc044fd28c12605e87fbddaf 60068899f4024a1caa71d7d4b61161fa - - default default] No more DHCP agents
2026-03-04 02:29:37.499 9 WARNING neutron.api.rpc.agentnotifiers.dhcp_rpc_agent_api [None req-a37a48fa-d35d-4945-be4e-eebb40d03d53 4f41dd0dbc044fd28c12605e87fbddaf 60068899f4024a1caa71d7d4b61161fa - - default default] Unable to schedule network 89e559b8-f823-412d-aa6b-0b894b688af9: no agents available; will retry on subsequent port and subnet creation events.
2026-03-04 02:29:37.722 9 WARNING neutron.plugins.ml2.drivers.ovn.mech_driver.ovsdb.ovn_client [None req-92c0e464-e21e-437f-bb49-1cdcdc62b54c - - - - - -] No port found with ID 203cdf10-a44c-4243-9c84-4e6dd903298d: RuntimeError: No port found with ID 203cdf10-a44c-4243-9c84-4e6dd903298d
2026-03-04 02:29:37.769 9 INFO neutron.db.ovn_revision_numbers_db [None req-a37a48fa-d35d-4945-be4e-eebb40d03d53 4f41dd0dbc044fd28c12605e87fbddaf 60068899f4024a1caa71d7d4b61161fa - - default default] Successfully bumped revision number for resource ec3ae1d3-0eff-4333-bc00-6fdd988f9a99 (type: subnets) to 0
2026-03-04 02:29:37.792 9 INFO neutron.wsgi [None req-a37a48fa-d35d-4945-be4e-eebb40d03d53 4f41dd0dbc044fd28c12605e87fbddaf 60068899f4024a1caa71d7d4b61161fa - - default default] 10.0.0.30 "POST /v2.0/subnets HTTP/1.1" status: 201 len: 821 time: 0.5933330
2026-03-04 02:29:37.976 10 INFO neutron.db.ovn_revision_numbers_db [None req-50894a42-1d87-4c13-8758-2f51a3113744 4f41dd0dbc044fd28c12605e87fbddaf 60068899f4024a1caa71d7d4b61161fa - - default default] Successfully bumped revision number for resource 0d74714a-3ee9-45bf-a911-d6b6eb2a0913 (type: routers) to 1
2026-03-04 02:29:37.992 10 INFO neutron.wsgi [None req-50894a42-1d87-4c13-8758-2f51a3113744 4f41dd0dbc044fd28c12605e87fbddaf 60068899f4024a1caa71d7d4b61161fa - - default default] 10.0.0.30 "POST /v2.0/routers HTTP/1.1" status: 201 len: 691 time: 0.1941667
2026-03-04 02:29:38.034 9 INFO neutron.wsgi [None req-38ab1fa2-52b9-48d7-8317-498cac951490 db22d0915de84a29a379e31d66c92458 c6bb6ff17cda44d3a4aa18f8b0089777 - - default default] 10.0.0.30 "DELETE /v2.0/routers/4a51da73-b292-4b12-a7bb-a10f19ffa115 HTTP/1.1" status: 204 len: 168 time: 0.9443161
2026-03-04 02:29:38.045 9 INFO neutron.wsgi [req-2bf143e9-a01b-4874-b592-465708fd3bcc req-390e8af5-a715-4033-8edf-a5f386b7e773 af07cf6747ae4af1be86c241eb04b3d1 643f84bf10524ae18e0b937914ebcd89 - - default default] 10.0.0.129 "GET /v2.0/ports?device_id=e58a5c46-22f4-4a3a-8a6e-accb41194f41 HTTP/1.1" status: 200 len: 1172 time: 0.1203947
2026-03-04 02:29:38.065 9 INFO neutron.wsgi [None req-1cdbd508-da85-45c1-9e45-ad7ccdba16aa db22d0915de84a29a379e31d66c92458 c6bb6ff17cda44d3a4aa18f8b0089777 - - default default] 10.0.0.30 "GET /v2.0/ports?device_id=4a51da73-b292-4b12-a7bb-a10f19ffa115 HTTP/1.1" status: 200 len: 205 time: 0.0180502
2026-03-04 02:29:38.089 9 INFO neutron.api.v2.resource [None req-6f60d47e-7a14-4bd6-94c8-7e0a9d5bb62e db22d0915de84a29a379e31d66c92458 c6bb6ff17cda44d3a4aa18f8b0089777 - - default default] delete failed (client error): The resource could not be found.
2026-03-04 02:29:38.090 9 INFO neutron.wsgi [None req-6f60d47e-7a14-4bd6-94c8-7e0a9d5bb62e db22d0915de84a29a379e31d66c92458 c6bb6ff17cda44d3a4aa18f8b0089777 - - default default] 10.0.0.30 "DELETE /v2.0/routers/4a51da73-b292-4b12-a7bb-a10f19ffa115 HTTP/1.1" status: 404 len: 336 time: 0.0197856
2026-03-04 02:29:38.105 9 INFO neutron.wsgi [req-2bf143e9-a01b-4874-b592-465708fd3bcc req-e1f85067-686f-4923-b6dc-27aeb9eea6a8 af07cf6747ae4af1be86c241eb04b3d1 643f84bf10524ae18e0b937914ebcd89 - - default default] 10.0.0.129 "GET /v2.0/security-groups?id=08d50e05-ecbf-4736-abd3-a364daede6c4&fields=id&fields=name HTTP/1.1" status: 200 len: 286 time: 0.0522792
2026-03-04 02:29:38.121 10 INFO neutron.wsgi [None req-28c19d93-079a-422d-826c-84a66a33dd73 db22d0915de84a29a379e31d66c92458 c6bb6ff17cda44d3a4aa18f8b0089777 - - default default] 10.0.0.30 "GET /v2.0/ports?device_id=935a1a65-bc37-467e-9571-63819bcad64e HTTP/1.1" status: 200 len: 205 time: 0.0266392
2026-03-04 02:29:38.166 9 INFO neutron.api.v2.resource [None req-6f4e7ce4-b664-406a-ae45-0d439424d08c db22d0915de84a29a379e31d66c92458 c6bb6ff17cda44d3a4aa18f8b0089777 - - default default] delete failed (client error): The resource could not be found.
2026-03-04 02:29:38.168 9 INFO neutron.wsgi [None req-6f4e7ce4-b664-406a-ae45-0d439424d08c db22d0915de84a29a379e31d66c92458 c6bb6ff17cda44d3a4aa18f8b0089777 - - default default] 10.0.0.30 "DELETE /v2.0/routers/935a1a65-bc37-467e-9571-63819bcad64e HTTP/1.1" status: 404 len: 336 time: 0.0352261
2026-03-04 02:29:38.185 10 INFO neutron.services.segments.plugin [-] Segment 6e809b4c-1594-496f-bd48-05a53038a955 resource provider aggregate not found
2026-03-04 02:29:38.190 9 INFO neutron.pecan_wsgi.hooks.translation [None req-440d4a1d-116c-4288-8965-32e9dbd32d10 db22d0915de84a29a379e31d66c92458 c6bb6ff17cda44d3a4aa18f8b0089777 - - default default] DELETE failed (client error): The resource could not be found.
2026-03-04 02:29:38.196 9 INFO neutron.wsgi [None req-440d4a1d-116c-4288-8965-32e9dbd32d10 db22d0915de84a29a379e31d66c92458 c6bb6ff17cda44d3a4aa18f8b0089777 - - default default] 10.0.0.30 "DELETE /v2.0/subnets/a9913875-4413-4a2f-b3a8-260c5d968443 HTTP/1.1" status: 404 len: 337 time: 0.0221314
2026-03-04 02:29:38.207 10 INFO neutron.services.segments.plugin [-] Segment 6e809b4c-1594-496f-bd48-05a53038a955 resource provider aggregate not found
2026-03-04 02:29:38.214 10 INFO neutron.services.segments.plugin [-] Segment 6e809b4c-1594-496f-bd48-05a53038a955 resource provider not found; error: Placement Client Error (4xx): {"errors": [{"status": 404, "title": "Not Found", "detail": "The resource could not be found.\n\n No resource provider with uuid 6e809b4c-1594-496f-bd48-05a53038a955 found for delete ", "request_id": "req-b3669408-32d2-4596-9c6b-c4f24e1b5eab"}]}
2026-03-04 02:29:38.222 9 INFO neutron.wsgi [None req-e7f02512-5b08-4a55-aacc-3106ddf885c5 db22d0915de84a29a379e31d66c92458 c6bb6ff17cda44d3a4aa18f8b0089777 - - default default] 10.0.0.30 "GET /v2.0/ports?device_id=bbc00309-c31c-4f20-8a13-2de5e50635b8 HTTP/1.1" status: 200 len: 205 time: 0.0216305
2026-03-04 02:29:38.225 10 WARNING neutron.plugins.ml2.drivers.ovn.mech_driver.ovsdb.ovn_client [None req-575fdd68-b365-41c0-9928-8a1fdfa9f95e - - - - - -] No port found with ID 691ce207-db87-4ba1-9d30-536c8c83d33a: RuntimeError: No port found with ID 691ce207-db87-4ba1-9d30-536c8c83d33a
2026-03-04 02:29:38.225 10 INFO neutron.plugins.ml2.drivers.ovn.mech_driver.mech_driver [None req-575fdd68-b365-41c0-9928-8a1fdfa9f95e - - - - - -] OVN reports status up for port: 5ed0923a-69aa-47ed-ad79-ce4a4af33553
2026-03-04 02:29:38.241 10 INFO neutron.services.segments.plugin [-] Segment 6e809b4c-1594-496f-bd48-05a53038a955 resource provider not found; error: Placement Client Error (4xx): {"errors": [{"status": 404, "title": "Not Found", "detail": "The resource could not be found.\n\n No resource provider with uuid 6e809b4c-1594-496f-bd48-05a53038a955 found for delete ", "request_id": "req-e4ba6f15-b5c2-4d62-a9c9-7bf9c5346012"}]}
2026-03-04 02:29:38.247 10 INFO neutron.plugins.ml2.plugin [None req-575fdd68-b365-41c0-9928-8a1fdfa9f95e - - - - - -] Attempt 1 to provision port 5ed0923a-69aa-47ed-ad79-ce4a4af33553
2026-03-04 02:29:38.253 9 INFO neutron.api.v2.resource [None req-b6a44afd-46fa-40f2-98b4-94827d857f25 db22d0915de84a29a379e31d66c92458 c6bb6ff17cda44d3a4aa18f8b0089777 - - default default] delete failed (client error): The resource could not be found.
2026-03-04 02:29:38.254 9 INFO neutron.wsgi [None req-b6a44afd-46fa-40f2-98b4-94827d857f25 db22d0915de84a29a379e31d66c92458 c6bb6ff17cda44d3a4aa18f8b0089777 - - default default] 10.0.0.30 "DELETE /v2.0/routers/bbc00309-c31c-4f20-8a13-2de5e50635b8 HTTP/1.1" status: 404 len: 336 time: 0.0240159
2026-03-04 02:29:38.276 9 INFO neutron.pecan_wsgi.hooks.translation [None req-d18a686c-1768-4f4e-af83-a202da3b98a8 db22d0915de84a29a379e31d66c92458 c6bb6ff17cda44d3a4aa18f8b0089777 - - default default] DELETE failed (client error): The resource could not be found.
2026-03-04 02:29:38.278 9 INFO neutron.wsgi [None req-d18a686c-1768-4f4e-af83-a202da3b98a8 db22d0915de84a29a379e31d66c92458 c6bb6ff17cda44d3a4aa18f8b0089777 - - default default] 10.0.0.30 "DELETE /v2.0/subnets/2d8ba3b4-04ec-4024-9a6c-8527bbad680a HTTP/1.1" status: 404 len: 337 time: 0.0189781
2026-03-04 02:29:38.305 9 INFO neutron.wsgi [None req-521a260a-aa7a-4120-b489-096578471944 db22d0915de84a29a379e31d66c92458 c6bb6ff17cda44d3a4aa18f8b0089777 - - default default] 10.0.0.30 "GET /v2.0/ports?device_id=9e5d8fa7-94f4-410a-8cc3-34bd9b296646 HTTP/1.1" status: 200 len: 205 time: 0.0223854
2026-03-04 02:29:38.331 9 INFO neutron.api.v2.resource [None req-de3c4ba8-4458-4ccf-a518-9e2ed80842c2 db22d0915de84a29a379e31d66c92458 c6bb6ff17cda44d3a4aa18f8b0089777 - - default default] delete failed (client error): The resource could not be found.
2026-03-04 02:29:38.332 9 INFO neutron.wsgi [None req-de3c4ba8-4458-4ccf-a518-9e2ed80842c2 db22d0915de84a29a379e31d66c92458 c6bb6ff17cda44d3a4aa18f8b0089777 - - default default] 10.0.0.30 "DELETE /v2.0/routers/9e5d8fa7-94f4-410a-8cc3-34bd9b296646 HTTP/1.1" status: 404 len: 336 time: 0.0207257
2026-03-04 02:29:38.354 9 INFO neutron.pecan_wsgi.hooks.translation [None req-af4f0e1f-a0b4-410c-9917-8d0e67c27493 db22d0915de84a29a379e31d66c92458 c6bb6ff17cda44d3a4aa18f8b0089777 - - default default] DELETE failed (client error): The resource could not be found.
2026-03-04 02:29:38.357 9 INFO neutron.wsgi [None req-af4f0e1f-a0b4-410c-9917-8d0e67c27493 db22d0915de84a29a379e31d66c92458 c6bb6ff17cda44d3a4aa18f8b0089777 - - default default] 10.0.0.30 "DELETE /v2.0/subnets/3bef8b1e-3b21-4867-940d-9b74a4f86783 HTTP/1.1" status: 404 len: 337 time: 0.0198240
2026-03-04 02:29:38.377 9 INFO neutron.pecan_wsgi.hooks.translation [None req-cdaabf27-ad1b-46b1-ba3c-18d310a512c2 db22d0915de84a29a379e31d66c92458 c6bb6ff17cda44d3a4aa18f8b0089777 - - default default] DELETE failed (client error): The resource could not be found.
2026-03-04 02:29:38.380 9 INFO neutron.wsgi [None req-cdaabf27-ad1b-46b1-ba3c-18d310a512c2 db22d0915de84a29a379e31d66c92458 c6bb6ff17cda44d3a4aa18f8b0089777 - - default default] 10.0.0.30 "DELETE /v2.0/subnets/cf778473-c44d-4644-b7a1-2f9f5cba318d HTTP/1.1" status: 404 len: 337 time: 0.0166690
2026-03-04 02:29:38.401 10 INFO neutron.notifiers.nova [-] Nova event matching ['req-0e3bf686-181a-4499-b232-900f5c2b3aed'] response: {'server_uuid': 'e58a5c46-22f4-4a3a-8a6e-accb41194f41', 'name': 'network-vif-plugged', 'status': 'completed', 'tag': '5ed0923a-69aa-47ed-ad79-ce4a4af33553', 'code': 200}
2026-03-04 02:29:38.469 10 WARNING neutron.scheduler.dhcp_agent_scheduler [None req-69c0d4b6-124c-4197-8e15-29d19b247196 4f41dd0dbc044fd28c12605e87fbddaf 60068899f4024a1caa71d7d4b61161fa - - default default] No more DHCP agents
2026-03-04 02:29:38.473 10 WARNING neutron.api.rpc.agentnotifiers.dhcp_rpc_agent_api [None req-69c0d4b6-124c-4197-8e15-29d19b247196 4f41dd0dbc044fd28c12605e87fbddaf 60068899f4024a1caa71d7d4b61161fa - - default default] Unable to schedule network 89e559b8-f823-412d-aa6b-0b894b688af9: no agents available; will retry on subsequent port and subnet creation events.
2026-03-04 02:29:38.602 10 INFO neutron.db.ovn_revision_numbers_db [None req-69c0d4b6-124c-4197-8e15-29d19b247196 4f41dd0dbc044fd28c12605e87fbddaf 60068899f4024a1caa71d7d4b61161fa - - default default] Successfully bumped revision number for resource d00c29e3-07f4-4ffb-92ab-b88bceb84c6c (type: ports) to 1
2026-03-04 02:29:38.632 10 INFO neutron.wsgi [None req-69c0d4b6-124c-4197-8e15-29d19b247196 4f41dd0dbc044fd28c12605e87fbddaf 60068899f4024a1caa71d7d4b61161fa - - default default] 10.0.0.30 "POST /v2.0/ports HTTP/1.1" status: 201 len: 1159 time: 0.6363537
2026-03-04 02:29:38.638 10 INFO neutron.db.ovn_revision_numbers_db [None req-575fdd68-b365-41c0-9928-8a1fdfa9f95e - - - - - -] Successfully bumped revision number for resource 5ed0923a-69aa-47ed-ad79-ce4a4af33553 (type: ports) to 4
2026-03-04 02:29:38.646 9 INFO neutron.db.ovn_revision_numbers_db [None req-0219dd36-84c2-4889-a741-0b6e5536e8b2 70b1d3f4fa394de8a17f36aac201529b f50c4b2bb81e4fa8a88baeff8f533325 - - default default] Successfully bumped revision number for resource 439a3097-9dac-4015-9f90-26e123057883 (type: security_groups) to 1
2026-03-04 02:29:38.681 9 INFO neutron.db.ovn_revision_numbers_db [None req-0219dd36-84c2-4889-a741-0b6e5536e8b2 70b1d3f4fa394de8a17f36aac201529b f50c4b2bb81e4fa8a88baeff8f533325 - - default default] Successfully bumped revision number for resource 62ebe6fe-a525-4429-92c9-437c4d957fd5 (type: security_group_rules) to 0
2026-03-04 02:29:38.682 10 INFO neutron.plugins.ml2.drivers.ovn.mech_driver.mech_driver [None req-575fdd68-b365-41c0-9928-8a1fdfa9f95e - - - - - -] OVN reports status up for port: 418b2c75-797e-461d-ab2c-9aaf52c553f2
2026-03-04 02:29:38.708 9 INFO neutron.db.ovn_revision_numbers_db [None req-0219dd36-84c2-4889-a741-0b6e5536e8b2 70b1d3f4fa394de8a17f36aac201529b f50c4b2bb81e4fa8a88baeff8f533325 - - default default] Successfully bumped revision number for resource 7799b60a-2771-4e95-be77-d244da686fa9 (type: security_group_rules) to 0
2026-03-04 02:29:38.741 9 INFO neutron.db.ovn_revision_numbers_db [None req-0219dd36-84c2-4889-a741-0b6e5536e8b2 70b1d3f4fa394de8a17f36aac201529b f50c4b2bb81e4fa8a88baeff8f533325 - - default default] Successfully bumped revision number for resource ad49ae53-1392-4717-82fe-2478fe054019 (type: security_group_rules) to 0
2026-03-04 02:29:38.763 9 INFO neutron.db.ovn_revision_numbers_db [None req-0219dd36-84c2-4889-a741-0b6e5536e8b2 70b1d3f4fa394de8a17f36aac201529b f50c4b2bb81e4fa8a88baeff8f533325 - - default default] Successfully bumped revision number for resource be1ed3a7-c6ef-492c-a1be-02b6efc0f193 (type: security_group_rules) to 0
2026-03-04 02:29:38.821 9 INFO neutron.db.segments_db [None req-0219dd36-84c2-4889-a741-0b6e5536e8b2 70b1d3f4fa394de8a17f36aac201529b f50c4b2bb81e4fa8a88baeff8f533325 - - default default] Added segment 78286e5e-a367-43c3-bb98-59d45efdddc5 of type geneve for network 3189ae67-7277-40ad-b666-791344f7eba6
2026-03-04 02:29:39.024 9 INFO neutron.db.ovn_revision_numbers_db [None req-0219dd36-84c2-4889-a741-0b6e5536e8b2 70b1d3f4fa394de8a17f36aac201529b f50c4b2bb81e4fa8a88baeff8f533325 - - default default] Successfully bumped revision number for resource 3189ae67-7277-40ad-b666-791344f7eba6 (type: networks) to 1 /var/lib/openstack/lib/python3.10/site-packages/pycadf/identifier.py:71: UserWarning: Invalid uuid: neutron. To ensure interoperability, identifiers should be a valid uuid. warnings.warn(('Invalid uuid: %s. To ensure interoperability, '
2026-03-04 02:29:39.059 10 INFO neutron.wsgi [None req-e24151f6-8e5b-494c-a6b9-652496b547b3 2e9c84efc45143c7be5c3528d47a8353 188a8dd7f5284638b79840c5839ead85 - - default default] 10.0.0.30 "GET /v2.0/security-groups?tenant_id=c6bb6ff17cda44d3a4aa18f8b0089777&name=default HTTP/1.1" status: 200 len: 2996 time: 0.1240234
2026-03-04 02:29:39.164 10 INFO neutron.plugins.ml2.drivers.ovn.mech_driver.mech_driver [None req-575fdd68-b365-41c0-9928-8a1fdfa9f95e - - - - - -] OVN reports status up for port: d00c29e3-07f4-4ffb-92ab-b88bceb84c6c
2026-03-04 02:29:39.175 10 INFO neutron.plugins.ml2.plugin [None req-575fdd68-b365-41c0-9928-8a1fdfa9f95e - - - - - -] Attempt 1 to provision port d00c29e3-07f4-4ffb-92ab-b88bceb84c6c /var/lib/openstack/lib/python3.10/site-packages/pycadf/identifier.py:71: UserWarning: Invalid uuid: neutron. To ensure interoperability, identifiers should be a valid uuid. warnings.warn(('Invalid uuid: %s. To ensure interoperability, '
2026-03-04 02:29:39.212 9 INFO neutron.db.ovn_revision_numbers_db [None req-a52acfb0-cdca-4a18-b3ce-977ff0af87a3 4f41dd0dbc044fd28c12605e87fbddaf 60068899f4024a1caa71d7d4b61161fa - - default default] Successfully bumped revision number for resource d00c29e3-07f4-4ffb-92ab-b88bceb84c6c (type: router_ports) to 2
2026-03-04 02:29:39.234 9 INFO neutron.wsgi [req-1b008b56-6717-42ad-b4d9-89967c5d359b req-7c1275aa-ebdf-4767-abc6-42865fb08671 af07cf6747ae4af1be86c241eb04b3d1 643f84bf10524ae18e0b937914ebcd89 - - default default] 10.0.0.129 "GET /v2.0/ports?device_id=e58a5c46-22f4-4a3a-8a6e-accb41194f41 HTTP/1.1" status: 200 len: 1174 time: 0.0507364
2026-03-04 02:29:39.288 9 WARNING neutron.scheduler.dhcp_agent_scheduler [None req-0219dd36-84c2-4889-a741-0b6e5536e8b2 70b1d3f4fa394de8a17f36aac201529b f50c4b2bb81e4fa8a88baeff8f533325 - - default default] No more DHCP agents
2026-03-04 02:29:39.294 9 WARNING neutron.api.rpc.agentnotifiers.dhcp_rpc_agent_api [None req-0219dd36-84c2-4889-a741-0b6e5536e8b2 70b1d3f4fa394de8a17f36aac201529b f50c4b2bb81e4fa8a88baeff8f533325 - - default default] Unable to schedule network 3189ae67-7277-40ad-b666-791344f7eba6: no agents available; will retry on subsequent port and subnet creation events.
2026-03-04 02:29:39.317 10 INFO neutron.wsgi [None req-63dc38da-d909-4e62-9319-1f76b14484df 2e9c84efc45143c7be5c3528d47a8353 188a8dd7f5284638b79840c5839ead85 - - default default] 10.0.0.30 "DELETE /v2.0/security-groups/0401a3dc-ae39-430a-a1c4-b9ae4aba2c48 HTTP/1.1" status: 204 len: 168 time: 0.2530231
2026-03-04 02:29:39.319 9 INFO neutron.wsgi [req-1b008b56-6717-42ad-b4d9-89967c5d359b req-2e9867ac-5292-46a4-8723-d6d54f2f5d9e af07cf6747ae4af1be86c241eb04b3d1 643f84bf10524ae18e0b937914ebcd89 - - default default] 10.0.0.129 "GET /v2.0/security-groups?id=08d50e05-ecbf-4736-abd3-a364daede6c4&fields=id&fields=name HTTP/1.1" status: 200 len: 286 time: 0.0776889
2026-03-04 02:29:39.418 9 INFO neutron.db.ovn_revision_numbers_db [None req-0219dd36-84c2-4889-a741-0b6e5536e8b2 70b1d3f4fa394de8a17f36aac201529b f50c4b2bb81e4fa8a88baeff8f533325 - - default default] Successfully bumped revision number for resource ef65a8da-7b37-4245-ae0c-5312db5bfcda (type: ports) to 1
2026-03-04 02:29:39.428 9 INFO neutron.db.ovn_revision_numbers_db [None req-a52acfb0-cdca-4a18-b3ce-977ff0af87a3 4f41dd0dbc044fd28c12605e87fbddaf 60068899f4024a1caa71d7d4b61161fa - - default default] Successfully bumped revision number for resource d00c29e3-07f4-4ffb-92ab-b88bceb84c6c (type: ports) to 2
2026-03-04 02:29:39.431 10 INFO neutron.db.ovn_revision_numbers_db [None req-575fdd68-b365-41c0-9928-8a1fdfa9f95e - - - - - -] Successfully bumped revision number for resource d00c29e3-07f4-4ffb-92ab-b88bceb84c6c (type: ports) to 3
