2026-03-01 22:26:30.146 9 ERROR neutron.plugins.ml2.managers
File "/var/lib/openstack/lib/python3.10/site-packages/oslo_utils/excutils.py", line 227, in __exit__
2026-03-01 22:26:30.146 9 ERROR neutron.plugins.ml2.managers self.force_reraise()
2026-03-01 22:26:30.146 9 ERROR neutron.plugins.ml2.managers
File "/var/lib/openstack/lib/python3.10/site-packages/oslo_utils/excutils.py", line 200, in force_reraise
2026-03-01 22:26:30.146 9 ERROR neutron.plugins.ml2.managers raise self.value
2026-03-01 22:26:30.146 9 ERROR neutron.plugins.ml2.managers
File "/var/lib/openstack/lib/python3.10/site-packages/neutron_lib/db/api.py", line 184, in wrapped
2026-03-01 22:26:30.146 9 ERROR neutron.plugins.ml2.managers return f(*dup_args, **dup_kwargs)
2026-03-01 22:26:30.146 9 ERROR neutron.plugins.ml2.managers
File "/var/lib/openstack/lib/python3.10/site-packages/neutron/db/db_base_plugin_v2.py", line 1121, in get_subnet
2026-03-01 22:26:30.146 9 ERROR neutron.plugins.ml2.managers subnet_obj = self._get_subnet_object(context, id)
2026-03-01 22:26:30.146 9 ERROR neutron.plugins.ml2.managers
File "/var/lib/openstack/lib/python3.10/site-packages/neutron/db/db_base_plugin_common.py", line 279, in _get_subnet_object
2026-03-01 22:26:30.146 9 ERROR neutron.plugins.ml2.managers raise exceptions.SubnetNotFound(subnet_id=id)
2026-03-01 22:26:30.146 9 ERROR neutron.plugins.ml2.managers neutron_lib.exceptions.SubnetNotFound: Subnet 1509c1d8-99cc-4811-bd80-181356def368 could not be found.
2026-03-01 22:26:30.146 9 ERROR neutron.plugins.ml2.managers 
2026-03-01 22:26:30.147 9 ERROR neutron.plugins.ml2.managers [None req-18838748-3a88-4a69-ae13-5e6d52c4bdab - - - - - -] Failed to bind port ee723b32-3b70-45c6-bcd7-4736043fed92 on host instance for vnic_type normal using segments [{'id': 'b1bcfe06-839d-437e-a75d-a7e565a04c90', 'network_type': 'vxlan', 'physical_network': None, 'segmentation_id': 769, 'network_id': '0e7a03c5-601d-4549-91ad-489de73efef3'}]
2026-03-01 22:26:30.147 9 INFO neutron.plugins.ml2.plugin [None req-18838748-3a88-4a69-ae13-5e6d52c4bdab - - - - - -] Attempt 8 to bind port ee723b32-3b70-45c6-bcd7-4736043fed92
2026-03-01 22:26:30.177 9 ERROR neutron.plugins.ml2.managers [None req-18838748-3a88-4a69-ae13-5e6d52c4bdab - - - - - -] Mechanism driver openvswitch failed in bind_port: neutron_lib.exceptions.SubnetNotFound: Subnet 1509c1d8-99cc-4811-bd80-181356def368 could not be found.
2026-03-01 22:26:30.177 9 ERROR neutron.plugins.ml2.managers
Traceback (most recent call last):
2026-03-01 22:26:30.177 9 ERROR neutron.plugins.ml2.managers
File "/var/lib/openstack/lib/python3.10/site-packages/neutron/plugins/ml2/managers.py", line 866, in _bind_port_level
2026-03-01 22:26:30.177 9 ERROR neutron.plugins.ml2.managers driver.obj.bind_port(context)
2026-03-01 22:26:30.177 9 ERROR neutron.plugins.ml2.managers
File "/var/lib/openstack/lib/python3.10/site-packages/neutron/plugins/ml2/drivers/openvswitch/mech_driver/mech_openvswitch.py", line 133, in bind_port
2026-03-01 22:26:30.177 9 ERROR neutron.plugins.ml2.managers super(OpenvswitchMechanismDriver, self).bind_port(context)
2026-03-01 22:26:30.177 9 ERROR neutron.plugins.ml2.managers
File "/var/lib/openstack/lib/python3.10/site-packages/neutron/plugins/ml2/drivers/mech_agent.py", line 104, in bind_port
2026-03-01 22:26:30.177 9 ERROR neutron.plugins.ml2.managers subnets = self.get_subnets_from_fixed_ips(context)
2026-03-01 22:26:30.177 9 ERROR neutron.plugins.ml2.managers
File "/var/lib/openstack/lib/python3.10/site-packages/neutron/plugins/ml2/drivers/mech_agent.py", line 149, in get_subnets_from_fixed_ips
2026-03-01 22:26:30.177 9 ERROR neutron.plugins.ml2.managers subnets.append(context._plugin.get_subnet(
2026-03-01 22:26:30.177 9 ERROR neutron.plugins.ml2.managers
File "/var/lib/openstack/lib/python3.10/site-packages/neutron_lib/db/api.py", line 226, in wrapped
2026-03-01 22:26:30.177 9 ERROR neutron.plugins.ml2.managers return f_with_retry(*args, **kwargs,
2026-03-01 22:26:30.177 9 ERROR neutron.plugins.ml2.managers
File "/var/lib/openstack/lib/python3.10/site-packages/neutron_lib/db/api.py", line 140, in wrapped
2026-03-01 22:26:30.177 9 ERROR neutron.plugins.ml2.managers with excutils.save_and_reraise_exception():
2026-03-01 22:26:30.177 9 ERROR neutron.plugins.ml2.managers
File "/var/lib/openstack/lib/python3.10/site-packages/oslo_utils/excutils.py", line 227, in __exit__
2026-03-01 22:26:30.177 9 ERROR neutron.plugins.ml2.managers self.force_reraise()
2026-03-01 22:26:30.177 9 ERROR neutron.plugins.ml2.managers
File "/var/lib/openstack/lib/python3.10/site-packages/oslo_utils/excutils.py", line 200, in force_reraise
2026-03-01 22:26:30.177 9 ERROR neutron.plugins.ml2.managers raise self.value
2026-03-01 22:26:30.177 9 ERROR neutron.plugins.ml2.managers
File "/var/lib/openstack/lib/python3.10/site-packages/neutron_lib/db/api.py", line 138, in wrapped
2026-03-01 22:26:30.177 9 ERROR neutron.plugins.ml2.managers return f(*args, **kwargs)
2026-03-01 22:26:30.177 9 ERROR neutron.plugins.ml2.managers
File "/var/lib/openstack/lib/python3.10/site-packages/oslo_db/api.py", line 144, in wrapper
2026-03-01 22:26:30.177 9 ERROR neutron.plugins.ml2.managers with excutils.save_and_reraise_exception() as ectxt:
2026-03-01 22:26:30.177 9 ERROR neutron.plugins.ml2.managers
File "/var/lib/openstack/lib/python3.10/site-packages/oslo_utils/excutils.py", line 227, in __exit__
2026-03-01 22:26:30.177 9 ERROR neutron.plugins.ml2.managers self.force_reraise()
2026-03-01 22:26:30.177 9 ERROR neutron.plugins.ml2.managers
File "/var/lib/openstack/lib/python3.10/site-packages/oslo_utils/excutils.py", line 200, in force_reraise
2026-03-01 22:26:30.177 9 ERROR neutron.plugins.ml2.managers raise self.value
2026-03-01 22:26:30.177 9 ERROR neutron.plugins.ml2.managers
File "/var/lib/openstack/lib/python3.10/site-packages/oslo_db/api.py", line 142, in wrapper
2026-03-01 22:26:30.177 9 ERROR neutron.plugins.ml2.managers return f(*args, **kwargs)
2026-03-01 22:26:30.177 9 ERROR neutron.plugins.ml2.managers
File "/var/lib/openstack/lib/python3.10/site-packages/neutron_lib/db/api.py", line 186, in wrapped
2026-03-01 22:26:30.177 9 ERROR neutron.plugins.ml2.managers with excutils.save_and_reraise_exception():
2026-03-01 22:26:30.177 9 ERROR neutron.plugins.ml2.managers
File "/var/lib/openstack/lib/python3.10/site-packages/oslo_utils/excutils.py", line 227, in __exit__
2026-03-01 22:26:30.177 9 ERROR neutron.plugins.ml2.managers self.force_reraise()
2026-03-01 22:26:30.177 9 ERROR neutron.plugins.ml2.managers
File "/var/lib/openstack/lib/python3.10/site-packages/oslo_utils/excutils.py", line 200, in force_reraise
2026-03-01 22:26:30.177 9 ERROR neutron.plugins.ml2.managers raise self.value
2026-03-01 22:26:30.177 9 ERROR neutron.plugins.ml2.managers
File "/var/lib/openstack/lib/python3.10/site-packages/neutron_lib/db/api.py", line 184, in wrapped
2026-03-01 22:26:30.177 9 ERROR neutron.plugins.ml2.managers return f(*dup_args, **dup_kwargs)
2026-03-01 22:26:30.177 9 ERROR neutron.plugins.ml2.managers
File "/var/lib/openstack/lib/python3.10/site-packages/neutron/db/db_base_plugin_v2.py", line 1121, in get_subnet
2026-03-01 22:26:30.177 9 ERROR neutron.plugins.ml2.managers subnet_obj = self._get_subnet_object(context, id)
2026-03-01 22:26:30.177 9 ERROR neutron.plugins.ml2.managers
File "/var/lib/openstack/lib/python3.10/site-packages/neutron/db/db_base_plugin_common.py", line 279, in _get_subnet_object
2026-03-01 22:26:30.177 9 ERROR neutron.plugins.ml2.managers raise exceptions.SubnetNotFound(subnet_id=id)
2026-03-01 22:26:30.177 9 ERROR neutron.plugins.ml2.managers neutron_lib.exceptions.SubnetNotFound: Subnet 1509c1d8-99cc-4811-bd80-181356def368 could not be found.
2026-03-01 22:26:30.177 9 ERROR neutron.plugins.ml2.managers 
2026-03-01 22:26:30.178 9 ERROR neutron.plugins.ml2.managers [None req-18838748-3a88-4a69-ae13-5e6d52c4bdab - - - - - -] Failed to bind port ee723b32-3b70-45c6-bcd7-4736043fed92 on host instance for vnic_type normal using segments [{'id': 'b1bcfe06-839d-437e-a75d-a7e565a04c90', 'network_type': 'vxlan', 'physical_network': None, 'segmentation_id': 769, 'network_id': '0e7a03c5-601d-4549-91ad-489de73efef3'}]
2026-03-01 22:26:30.178 9 INFO neutron.plugins.ml2.plugin [None req-18838748-3a88-4a69-ae13-5e6d52c4bdab - - - - - -] Attempt 9 to bind port ee723b32-3b70-45c6-bcd7-4736043fed92
2026-03-01 22:26:30.205 9 ERROR neutron.plugins.ml2.managers [None req-18838748-3a88-4a69-ae13-5e6d52c4bdab - - - - - -] Mechanism driver openvswitch failed in bind_port: neutron_lib.exceptions.SubnetNotFound: Subnet 1509c1d8-99cc-4811-bd80-181356def368 could not be found.
2026-03-01 22:26:30.205 9 ERROR neutron.plugins.ml2.managers
Traceback (most recent call last):
2026-03-01 22:26:30.205 9 ERROR neutron.plugins.ml2.managers
File "/var/lib/openstack/lib/python3.10/site-packages/neutron/plugins/ml2/managers.py", line 866, in _bind_port_level
2026-03-01 22:26:30.205 9 ERROR neutron.plugins.ml2.managers driver.obj.bind_port(context)
2026-03-01 22:26:30.205 9 ERROR neutron.plugins.ml2.managers
File "/var/lib/openstack/lib/python3.10/site-packages/neutron/plugins/ml2/drivers/openvswitch/mech_driver/mech_openvswitch.py", line 133, in bind_port
2026-03-01 22:26:30.205 9 ERROR neutron.plugins.ml2.managers super(OpenvswitchMechanismDriver, self).bind_port(context)
2026-03-01 22:26:30.205 9 ERROR neutron.plugins.ml2.managers
File "/var/lib/openstack/lib/python3.10/site-packages/neutron/plugins/ml2/drivers/mech_agent.py", line 104, in bind_port
2026-03-01 22:26:30.205 9 ERROR neutron.plugins.ml2.managers subnets = self.get_subnets_from_fixed_ips(context)
2026-03-01 22:26:30.205 9 ERROR neutron.plugins.ml2.managers
File "/var/lib/openstack/lib/python3.10/site-packages/neutron/plugins/ml2/drivers/mech_agent.py", line 149, in get_subnets_from_fixed_ips
2026-03-01 22:26:30.205 9 ERROR neutron.plugins.ml2.managers subnets.append(context._plugin.get_subnet(
2026-03-01 22:26:30.205 9 ERROR neutron.plugins.ml2.managers
File "/var/lib/openstack/lib/python3.10/site-packages/neutron_lib/db/api.py", line 226, in wrapped
2026-03-01 22:26:30.205 9 ERROR neutron.plugins.ml2.managers return f_with_retry(*args, **kwargs,
2026-03-01 22:26:30.205 9 ERROR neutron.plugins.ml2.managers
File "/var/lib/openstack/lib/python3.10/site-packages/neutron_lib/db/api.py", line 140, in wrapped
2026-03-01 22:26:30.205 9 ERROR neutron.plugins.ml2.managers with excutils.save_and_reraise_exception():
2026-03-01 22:26:30.205 9 ERROR neutron.plugins.ml2.managers
File "/var/lib/openstack/lib/python3.10/site-packages/oslo_utils/excutils.py", line 227, in __exit__
2026-03-01 22:26:30.205 9 ERROR neutron.plugins.ml2.managers self.force_reraise()
2026-03-01 22:26:30.205 9 ERROR neutron.plugins.ml2.managers
File "/var/lib/openstack/lib/python3.10/site-packages/oslo_utils/excutils.py", line 200, in force_reraise
2026-03-01 22:26:30.205 9 ERROR neutron.plugins.ml2.managers raise self.value
2026-03-01 22:26:30.205 9 ERROR neutron.plugins.ml2.managers
File "/var/lib/openstack/lib/python3.10/site-packages/neutron_lib/db/api.py", line 138, in wrapped
2026-03-01 22:26:30.205 9 ERROR neutron.plugins.ml2.managers return f(*args, **kwargs)
2026-03-01 22:26:30.205 9 ERROR neutron.plugins.ml2.managers
File "/var/lib/openstack/lib/python3.10/site-packages/oslo_db/api.py", line 144, in wrapper
2026-03-01 22:26:30.205 9 ERROR neutron.plugins.ml2.managers with excutils.save_and_reraise_exception() as ectxt:
2026-03-01 22:26:30.205 9 ERROR neutron.plugins.ml2.managers
File "/var/lib/openstack/lib/python3.10/site-packages/oslo_utils/excutils.py", line 227, in __exit__
2026-03-01 22:26:30.205 9 ERROR neutron.plugins.ml2.managers self.force_reraise()
2026-03-01 22:26:30.205 9 ERROR neutron.plugins.ml2.managers
File "/var/lib/openstack/lib/python3.10/site-packages/oslo_utils/excutils.py", line 200, in force_reraise
2026-03-01 22:26:30.205 9 ERROR neutron.plugins.ml2.managers raise self.value
2026-03-01 22:26:30.205 9 ERROR neutron.plugins.ml2.managers
File "/var/lib/openstack/lib/python3.10/site-packages/oslo_db/api.py", line 142, in wrapper
2026-03-01 22:26:30.205 9 ERROR neutron.plugins.ml2.managers return f(*args, **kwargs)
2026-03-01 22:26:30.205 9 ERROR neutron.plugins.ml2.managers
File "/var/lib/openstack/lib/python3.10/site-packages/neutron_lib/db/api.py", line 186, in wrapped
2026-03-01 22:26:30.205 9 ERROR neutron.plugins.ml2.managers with excutils.save_and_reraise_exception():
2026-03-01 22:26:30.205 9 ERROR neutron.plugins.ml2.managers
File "/var/lib/openstack/lib/python3.10/site-packages/oslo_utils/excutils.py", line 227, in __exit__
2026-03-01 22:26:30.205 9 ERROR neutron.plugins.ml2.managers self.force_reraise()
2026-03-01 22:26:30.205 9 ERROR neutron.plugins.ml2.managers
File "/var/lib/openstack/lib/python3.10/site-packages/oslo_utils/excutils.py", line 200, in force_reraise
2026-03-01 22:26:30.205 9 ERROR neutron.plugins.ml2.managers raise self.value
2026-03-01 22:26:30.205 9 ERROR neutron.plugins.ml2.managers
File "/var/lib/openstack/lib/python3.10/site-packages/neutron_lib/db/api.py", line 184, in wrapped
2026-03-01 22:26:30.205 9 ERROR neutron.plugins.ml2.managers return f(*dup_args, **dup_kwargs)
2026-03-01 22:26:30.205 9 ERROR neutron.plugins.ml2.managers
File "/var/lib/openstack/lib/python3.10/site-packages/neutron/db/db_base_plugin_v2.py", line 1121, in get_subnet
2026-03-01 22:26:30.205 9 ERROR neutron.plugins.ml2.managers subnet_obj = self._get_subnet_object(context, id)
2026-03-01 22:26:30.205 9 ERROR neutron.plugins.ml2.managers
File "/var/lib/openstack/lib/python3.10/site-packages/neutron/db/db_base_plugin_common.py", line 279, in _get_subnet_object
2026-03-01 22:26:30.205 9 ERROR neutron.plugins.ml2.managers raise exceptions.SubnetNotFound(subnet_id=id)
2026-03-01 22:26:30.205 9 ERROR neutron.plugins.ml2.managers neutron_lib.exceptions.SubnetNotFound: Subnet 1509c1d8-99cc-4811-bd80-181356def368 could not be found.
2026-03-01 22:26:30.205 9 ERROR neutron.plugins.ml2.managers 
2026-03-01 22:26:30.206 9 ERROR neutron.plugins.ml2.managers [None req-18838748-3a88-4a69-ae13-5e6d52c4bdab - - - - - -] Failed to bind port ee723b32-3b70-45c6-bcd7-4736043fed92 on host instance for vnic_type normal using segments [{'id': 'b1bcfe06-839d-437e-a75d-a7e565a04c90', 'network_type': 'vxlan', 'physical_network': None, 'segmentation_id': 769, 'network_id': '0e7a03c5-601d-4549-91ad-489de73efef3'}]
2026-03-01 22:26:30.206 9 INFO neutron.plugins.ml2.plugin [None req-18838748-3a88-4a69-ae13-5e6d52c4bdab - - - - - -] Attempt 10 to bind port ee723b32-3b70-45c6-bcd7-4736043fed92
2026-03-01 22:26:30.230 9 ERROR neutron.plugins.ml2.managers [None req-18838748-3a88-4a69-ae13-5e6d52c4bdab - - - - - -] Mechanism driver openvswitch failed in bind_port: neutron_lib.exceptions.SubnetNotFound: Subnet 1509c1d8-99cc-4811-bd80-181356def368 could not be found.
2026-03-01 22:26:30.230 9 ERROR neutron.plugins.ml2.managers
Traceback (most recent call last):
2026-03-01 22:26:30.230 9 ERROR neutron.plugins.ml2.managers
File "/var/lib/openstack/lib/python3.10/site-packages/neutron/plugins/ml2/managers.py", line 866, in _bind_port_level
2026-03-01 22:26:30.230 9 ERROR neutron.plugins.ml2.managers driver.obj.bind_port(context)
2026-03-01 22:26:30.230 9 ERROR neutron.plugins.ml2.managers
File "/var/lib/openstack/lib/python3.10/site-packages/neutron/plugins/ml2/drivers/openvswitch/mech_driver/mech_openvswitch.py", line 133, in bind_port
2026-03-01 22:26:30.230 9 ERROR neutron.plugins.ml2.managers super(OpenvswitchMechanismDriver, self).bind_port(context)
2026-03-01 22:26:30.230 9 ERROR neutron.plugins.ml2.managers
File "/var/lib/openstack/lib/python3.10/site-packages/neutron/plugins/ml2/drivers/mech_agent.py", line 104, in bind_port
2026-03-01 22:26:30.230 9 ERROR neutron.plugins.ml2.managers subnets = self.get_subnets_from_fixed_ips(context)
2026-03-01 22:26:30.230 9 ERROR neutron.plugins.ml2.managers
File "/var/lib/openstack/lib/python3.10/site-packages/neutron/plugins/ml2/drivers/mech_agent.py", line 149, in get_subnets_from_fixed_ips
2026-03-01 22:26:30.230 9 ERROR neutron.plugins.ml2.managers subnets.append(context._plugin.get_subnet(
2026-03-01 22:26:30.230 9 ERROR neutron.plugins.ml2.managers
File "/var/lib/openstack/lib/python3.10/site-packages/neutron_lib/db/api.py", line 226, in wrapped
2026-03-01 22:26:30.230 9 ERROR neutron.plugins.ml2.managers return f_with_retry(*args, **kwargs,
2026-03-01 22:26:30.230 9 ERROR neutron.plugins.ml2.managers
File "/var/lib/openstack/lib/python3.10/site-packages/neutron_lib/db/api.py", line 140, in wrapped
2026-03-01 22:26:30.230 9 ERROR neutron.plugins.ml2.managers with excutils.save_and_reraise_exception():
2026-03-01 22:26:30.230 9 ERROR neutron.plugins.ml2.managers
File "/var/lib/openstack/lib/python3.10/site-packages/oslo_utils/excutils.py", line 227, in __exit__
2026-03-01 22:26:30.230 9 ERROR neutron.plugins.ml2.managers self.force_reraise()
2026-03-01 22:26:30.230 9 ERROR neutron.plugins.ml2.managers
File "/var/lib/openstack/lib/python3.10/site-packages/oslo_utils/excutils.py", line 200, in force_reraise
2026-03-01 22:26:30.230 9 ERROR neutron.plugins.ml2.managers raise self.value
2026-03-01 22:26:30.230 9 ERROR neutron.plugins.ml2.managers
File "/var/lib/openstack/lib/python3.10/site-packages/neutron_lib/db/api.py", line 138, in wrapped
2026-03-01 22:26:30.230 9 ERROR neutron.plugins.ml2.managers return f(*args, **kwargs)
2026-03-01 22:26:30.230 9 ERROR neutron.plugins.ml2.managers
File "/var/lib/openstack/lib/python3.10/site-packages/oslo_db/api.py", line 144, in wrapper
2026-03-01 22:26:30.230 9 ERROR neutron.plugins.ml2.managers with excutils.save_and_reraise_exception() as ectxt:
2026-03-01 22:26:30.230 9 ERROR neutron.plugins.ml2.managers
File "/var/lib/openstack/lib/python3.10/site-packages/oslo_utils/excutils.py", line 227, in __exit__
2026-03-01 22:26:30.230 9 ERROR neutron.plugins.ml2.managers self.force_reraise()
2026-03-01 22:26:30.230 9 ERROR neutron.plugins.ml2.managers
File "/var/lib/openstack/lib/python3.10/site-packages/oslo_utils/excutils.py", line 200, in force_reraise
2026-03-01 22:26:30.230 9 ERROR neutron.plugins.ml2.managers raise self.value
2026-03-01 22:26:30.230 9 ERROR neutron.plugins.ml2.managers
File "/var/lib/openstack/lib/python3.10/site-packages/oslo_db/api.py", line 142, in wrapper
2026-03-01 22:26:30.230 9 ERROR neutron.plugins.ml2.managers return f(*args, **kwargs)
2026-03-01 22:26:30.230 9 ERROR neutron.plugins.ml2.managers
File "/var/lib/openstack/lib/python3.10/site-packages/neutron_lib/db/api.py", line 186, in wrapped
2026-03-01 22:26:30.230 9 ERROR neutron.plugins.ml2.managers with excutils.save_and_reraise_exception():
2026-03-01 22:26:30.230 9 ERROR neutron.plugins.ml2.managers
File "/var/lib/openstack/lib/python3.10/site-packages/oslo_utils/excutils.py", line 227, in __exit__
2026-03-01 22:26:30.230 9 ERROR neutron.plugins.ml2.managers self.force_reraise()
2026-03-01 22:26:30.230 9 ERROR neutron.plugins.ml2.managers
File "/var/lib/openstack/lib/python3.10/site-packages/oslo_utils/excutils.py", line 200, in force_reraise
2026-03-01 22:26:30.230 9 ERROR neutron.plugins.ml2.managers raise self.value
2026-03-01 22:26:30.230 9 ERROR neutron.plugins.ml2.managers
File "/var/lib/openstack/lib/python3.10/site-packages/neutron_lib/db/api.py", line 184, in wrapped
2026-03-01 22:26:30.230 9 ERROR neutron.plugins.ml2.managers return f(*dup_args, **dup_kwargs)
2026-03-01 22:26:30.230 9 ERROR neutron.plugins.ml2.managers
File "/var/lib/openstack/lib/python3.10/site-packages/neutron/db/db_base_plugin_v2.py", line 1121, in get_subnet
2026-03-01 22:26:30.230 9 ERROR neutron.plugins.ml2.managers subnet_obj = self._get_subnet_object(context, id)
2026-03-01 22:26:30.230 9 ERROR neutron.plugins.ml2.managers
File "/var/lib/openstack/lib/python3.10/site-packages/neutron/db/db_base_plugin_common.py", line 279, in _get_subnet_object
2026-03-01 22:26:30.230 9 ERROR neutron.plugins.ml2.managers raise exceptions.SubnetNotFound(subnet_id=id)
2026-03-01 22:26:30.230 9 ERROR neutron.plugins.ml2.managers neutron_lib.exceptions.SubnetNotFound: Subnet 1509c1d8-99cc-4811-bd80-181356def368 could not be found.
2026-03-01 22:26:30.230 9 ERROR neutron.plugins.ml2.managers 
2026-03-01 22:26:30.230 9 ERROR neutron.plugins.ml2.managers [None req-18838748-3a88-4a69-ae13-5e6d52c4bdab - - - - - -] Failed to bind port ee723b32-3b70-45c6-bcd7-4736043fed92 on host instance for vnic_type normal using segments [{'id': 'b1bcfe06-839d-437e-a75d-a7e565a04c90', 'network_type': 'vxlan', 'physical_network': None, 'segmentation_id': 769, 'network_id': '0e7a03c5-601d-4549-91ad-489de73efef3'}]
2026-03-01 22:26:31.677 10 INFO neutron.plugins.ml2.plugin [None req-3b9b8172-5aa0-4ae9-ab9f-95fedd2f15a0 - - - - - -] Attempt 1 to provision port eb9b3bb6-a0f7-4987-b082-c1f1d7f594e7
2026-03-01 22:26:31.823 9 INFO neutron.plugins.ml2.plugin [None req-a8e261c6-1076-4363-a9e4-91a30f40cbdd - - - - - -] Attempt 1 to provision port eb9b3bb6-a0f7-4987-b082-c1f1d7f594e7
2026-03-01 22:26:37.863 10 INFO neutron.plugins.ml2.plugin [None req-a8e261c6-1076-4363-a9e4-91a30f40cbdd - - - - - -] Attempt 1 to provision port d5cda291-2e0d-48c8-abea-78d743aa2deb
2026-03-01 22:26:38.484 10 INFO neutron.plugins.ml2.plugin [None req-a8e261c6-1076-4363-a9e4-91a30f40cbdd - - - - - -] Attempt 1 to provision port ddb4d04d-aefc-47c1-9775-8c7dd35a233e
2026-03-01 22:26:38.845 9 INFO neutron.plugins.ml2.plugin [None req-be430c22-9551-4a4b-8863-fa91c58cbfb8 - - - - - -] Attempt 1 to provision port d5cda291-2e0d-48c8-abea-78d743aa2deb
2026-03-01 22:26:39.247 10 INFO neutron.plugins.ml2.plugin [None req-6970f9cf-cacc-45a7-a8e5-7793a80b1388 - - - - - -] Attempt 1 to provision port d5cda291-2e0d-48c8-abea-78d743aa2deb
2026-03-01 22:26:39.347 10 INFO neutron.plugins.ml2.plugin [None req-6970f9cf-cacc-45a7-a8e5-7793a80b1388 - - - - - -] Attempt 1 to provision port 9666ae03-913a-42bd-980e-f823a57bef7b
2026-03-01 22:26:39.599 10 INFO neutron.plugins.ml2.plugin [None req-c14ff190-b235-45bf-b01c-9666141d0765 - - - - - -] Attempt 1 to provision port 9666ae03-913a-42bd-980e-f823a57bef7b
2026-03-01 22:26:39.800 9 INFO neutron.plugins.ml2.plugin [None req-a8e261c6-1076-4363-a9e4-91a30f40cbdd - - - - - -] Attempt 1 to provision port d5cda291-2e0d-48c8-abea-78d743aa2deb
2026-03-01 22:26:40.058 9 INFO neutron.plugins.ml2.plugin [None req-dfadeaa2-954c-465c-9399-41fc97bb8c31 - - - - - -] Attempt 1 to provision port 9666ae03-913a-42bd-980e-f823a57bef7b
2026-03-01 22:26:40.107 9 INFO neutron.plugins.ml2.plugin [None req-dfadeaa2-954c-465c-9399-41fc97bb8c31 - - - - - -] Attempt 1 to provision port ddb4d04d-aefc-47c1-9775-8c7dd35a233e
2026-03-01 22:26:40.139 9 INFO neutron.plugins.ml2.plugin [None req-a8e261c6-1076-4363-a9e4-91a30f40cbdd - - - - - -] Attempt 1 to provision port ddb4d04d-aefc-47c1-9775-8c7dd35a233e
2026-03-01 22:26:40.296 10 INFO neutron.plugins.ml2.plugin [None req-c1597c1c-d4a2-43ca-9e08-fcdadcfb50ca - - - - - -] Attempt 1 to provision port fd44baa9-87c2-4917-8977-ccbf9cb3ed88
2026-03-01 22:26:40.583 9 INFO neutron.plugins.ml2.plugin [None req-a66c504d-a21e-4786-b99d-145e0aef0465 - - - - - -] Attempt 1 to provision port ddb4d04d-aefc-47c1-9775-8c7dd35a233e
2026-03-01 22:26:41.285 10 INFO neutron.plugins.ml2.plugin [None req-265f79cf-8d9b-465e-a6f7-01a7973d58bb - - - - - -] Attempt 1 to provision port 695b8ca3-83c6-458b-a574-1d5dd7fcce93
2026-03-01 22:26:42.034 9 INFO neutron.plugins.ml2.plugin [None req-eec98d7f-fcf0-46f2-a928-154acfbf3d33 - - - - - -] Attempt 1 to provision port 695b8ca3-83c6-458b-a574-1d5dd7fcce93
2026-03-01 22:26:43.862 10 INFO neutron.plugins.ml2.plugin [None req-a8e261c6-1076-4363-a9e4-91a30f40cbdd - - - - - -] Attempt 1 to provision port e4799173-5fbf-4285-ad32-2bb60d3d4026
2026-03-01 22:26:45.899 10 INFO neutron.plugins.ml2.plugin [None req-a8e261c6-1076-4363-a9e4-91a30f40cbdd - - - - - -] Attempt 1 to provision port 6dfc5578-7c77-4296-a3dc-9892d352cdd6
2026-03-01 22:26:45.921 9 INFO neutron.plugins.ml2.plugin [None req-260f0578-29d3-4897-ac66-9f03982c76b8 - - - - - -] Attempt 1 to provision port 6dfc5578-7c77-4296-a3dc-9892d352cdd6
2026-03-01 22:26:46.287 9 INFO neutron.plugins.ml2.plugin [None req-7cbcd796-937f-435a-bbd7-0841738422c7 - - - - - -] Attempt 1 to provision port ce96354a-280d-40fc-a6a4-b75c3bb93ee8
2026-03-01 22:26:46.333 9 INFO neutron.plugins.ml2.plugin [None req-7cbcd796-937f-435a-bbd7-0841738422c7 - - - - - -] Attempt 1 to provision port 6dfc5578-7c77-4296-a3dc-9892d352cdd6
2026-03-01 22:26:46.574 9 INFO neutron.plugins.ml2.plugin [None req-3622987c-2269-4484-80ed-61efc7768932 - - - - - -] Attempt 1 to provision port ce96354a-280d-40fc-a6a4-b75c3bb93ee8
2026-03-01 22:26:46.891 10 INFO neutron.plugins.ml2.plugin [None req-a8e261c6-1076-4363-a9e4-91a30f40cbdd - - - - - -] Attempt 1 to provision port e4799173-5fbf-4285-ad32-2bb60d3d4026
2026-03-01 22:26:46.941 9 INFO neutron.plugins.ml2.plugin [None req-4f581967-919d-4592-8515-5930d87969da - - - - - -] Attempt 1 to provision port ce96354a-280d-40fc-a6a4-b75c3bb93ee8
2026-03-01 22:26:48.065 9 INFO neutron.plugins.ml2.plugin [None req-a8e261c6-1076-4363-a9e4-91a30f40cbdd - - - - - -] Attempt 1 to provision port 6dfc5578-7c77-4296-a3dc-9892d352cdd6
2026-03-01 22:26:49.862 9 INFO neutron.plugins.ml2.plugin [None req-a8e261c6-1076-4363-a9e4-91a30f40cbdd - - - - - -] Attempt 1 to provision port e135fd8d-aae3-48c4-8f63-3cf0ea444c1b
2026-03-01 22:26:51.127 9 INFO neutron.plugins.ml2.plugin [None req-8abcc946-121e-47a7-aea5-19c0da834a06 - - - - - -] Attempt 1 to provision port 4063ef0c-029d-4e36-a619-0b71df47a1f3
2026-03-01 22:26:51.597 10 INFO neutron.plugins.ml2.plugin [None req-87e6988a-af96-4df9-a405-ed69710e1ae3 - - - - - -] Attempt 1 to provision port e135fd8d-aae3-48c4-8f63-3cf0ea444c1b
2026-03-01 22:26:51.793 9 INFO neutron.plugins.ml2.plugin [None req-a8e261c6-1076-4363-a9e4-91a30f40cbdd - - - - - -] Attempt 1 to provision port e135fd8d-aae3-48c4-8f63-3cf0ea444c1b
2026-03-01 22:26:52.107 10 INFO neutron.plugins.ml2.plugin [None req-0ce1dc10-b5c5-4315-a922-04325199179e - - - - - -] Attempt 1 to provision port f72611e5-0de2-4d87-840b-edbe340742ae
2026-03-01 22:26:52.144 10 INFO neutron.plugins.ml2.plugin [None req-0ce1dc10-b5c5-4315-a922-04325199179e - - - - - -] Attempt 1 to provision port e135fd8d-aae3-48c4-8f63-3cf0ea444c1b
2026-03-01 22:26:52.426 9 INFO neutron.plugins.ml2.plugin [None req-954cfaa0-b7eb-4fd7-85fa-c7a4beed72ae - - - - - -] Attempt 1 to provision port f72611e5-0de2-4d87-840b-edbe340742ae
2026-03-01 22:26:52.670 10 INFO neutron.plugins.ml2.plugin [None req-a58e33b3-9436-4142-be5d-4d317b0f7db7 - - - - - -] Attempt 1 to provision port f72611e5-0de2-4d87-840b-edbe340742ae
2026-03-01 22:26:53.902 10 INFO neutron.plugins.ml2.plugin [None req-a8e261c6-1076-4363-a9e4-91a30f40cbdd - - - - - -] Attempt 1 to provision port 4063ef0c-029d-4e36-a619-0b71df47a1f3
2026-03-01 22:26:54.034 10 INFO neutron.notifiers.nova [-] Nova event matching ['req-8f1bf7d2-7d87-4df9-97e0-949974f8f8b5'] response: {'server_uuid': '043c9aca-a210-48e6-b595-f8ddc8c80bb6', 'name': 'network-vif-plugged', 'status': 'completed', 'tag': '4063ef0c-029d-4e36-a619-0b71df47a1f3', 'code': 200} /var/lib/openstack/lib/python3.10/site-packages/oslo_db/sqlalchemy/enginefacade.py:676: SAWarning: DELETE statement on table 'portsecuritybindings' expected to delete 1 row(s); 0 were matched. Please set confirm_deleted_rows=False within the mapper configuration to prevent this warning. self.session.flush() /var/lib/openstack/lib/python3.10/site-packages/oslo_db/sqlalchemy/enginefacade.py:676: SAWarning: DELETE statement on table 'ml2_port_bindings' expected to delete 1 row(s); 0 were matched. Please set confirm_deleted_rows=False within the mapper configuration to prevent this warning. self.session.flush() /var/lib/openstack/lib/python3.10/site-packages/oslo_db/sqlalchemy/enginefacade.py:676: SAWarning: DELETE statement on table 'ml2_port_binding_levels' expected to delete 1 row(s); 0 were matched. Please set confirm_deleted_rows=False within the mapper configuration to prevent this warning. self.session.flush() /var/lib/openstack/lib/python3.10/site-packages/oslo_db/sqlalchemy/enginefacade.py:676: SAWarning: DELETE statement on table 'ports' expected to delete 1 row(s); 0 were matched. Please set confirm_deleted_rows=False within the mapper configuration to prevent this warning. self.session.flush()
2026-03-01 22:26:55.911 9 INFO neutron.plugins.ml2.plugin [None req-a8e261c6-1076-4363-a9e4-91a30f40cbdd - - - - - -] Attempt 1 to provision port 4063ef0c-029d-4e36-a619-0b71df47a1f3
2026-03-01 22:26:57.868 9 INFO neutron.plugins.ml2.plugin [None req-a8e261c6-1076-4363-a9e4-91a30f40cbdd - - - - - -] Attempt 1 to provision port bb4c747e-36fd-4c09-ad34-34d8dac1ee66
2026-03-01 22:26:58.969 9 INFO neutron.plugins.ml2.plugin [None req-a7c8246c-9c98-4d30-a5a8-bdbfa6d2772e - - - - - -] Attempt 1 to provision port bb4c747e-36fd-4c09-ad34-34d8dac1ee66
2026-03-01 22:26:59.283 10 INFO neutron.plugins.ml2.plugin [None req-10760ef0-4dfa-4978-b12c-b4045b5319a9 - - - - - -] Attempt 1 to provision port bb4c747e-36fd-4c09-ad34-34d8dac1ee66
2026-03-01 22:26:59.606 9 INFO neutron.plugins.ml2.plugin [None req-01732435-1a97-42fc-9bf3-758b9ed2a086 - - - - - -] Attempt 1 to provision port 7492dbba-a7e2-4eae-bbd2-cde42e8700cf
2026-03-01 22:26:59.798 9 INFO neutron.plugins.ml2.plugin [None req-a8e261c6-1076-4363-a9e4-91a30f40cbdd - - - - - -] Attempt 1 to provision port bb4c747e-36fd-4c09-ad34-34d8dac1ee66
2026-03-01 22:27:00.275 10 INFO neutron.plugins.ml2.plugin [None req-690224f9-d003-4dea-ab04-49c4e963e914 - - - - - -] Attempt 1 to provision port 7492dbba-a7e2-4eae-bbd2-cde42e8700cf
2026-03-01 22:27:01.876 9 INFO neutron.plugins.ml2.plugin [None req-a8e261c6-1076-4363-a9e4-91a30f40cbdd - - - - - -] Attempt 1 to provision port ce96354a-280d-40fc-a6a4-b75c3bb93ee8
2026-03-01 22:27:02.366 9 INFO neutron.plugins.ml2.plugin [None req-a8e261c6-1076-4363-a9e4-91a30f40cbdd - - - - - -] Attempt 1 to provision port fd44baa9-87c2-4917-8977-ccbf9cb3ed88
2026-03-01 22:27:03.819 9 INFO neutron.plugins.ml2.plugin [None req-a8e261c6-1076-4363-a9e4-91a30f40cbdd - - - - - -] Attempt 1 to provision port ce96354a-280d-40fc-a6a4-b75c3bb93ee8
2026-03-01 22:27:04.146 9 INFO neutron.plugins.ml2.plugin [None req-a8e261c6-1076-4363-a9e4-91a30f40cbdd - - - - - -] Attempt 1 to provision port fd44baa9-87c2-4917-8977-ccbf9cb3ed88
2026-03-01 22:27:04.896 9 INFO neutron.plugins.ml2.plugin [None req-bbe99daa-0c50-40c0-81aa-bf16b0763851 - - - - - -] Attempt 1 to provision port 1dfbf5fd-e722-492f-ba8b-96291f26f3c6
2026-03-01 22:27:11.836 10 INFO neutron.plugins.ml2.plugin [None req-a8e261c6-1076-4363-a9e4-91a30f40cbdd - - - - - -] Attempt 1 to provision port c44fe99a-d2c0-4991-8b46-7cb618fd34c3
2026-03-01 22:27:18.611 9 INFO neutron.plugins.ml2.plugin [None req-e19e8218-c24e-41f5-8e9d-8c1f730d3a0b - - - - - -] Attempt 1 to provision port cfd6ce83-f7ad-49a0-b8c2-f12f56ca55a0
2026-03-01 22:27:21.202 10 INFO neutron.plugins.ml2.plugin [None req-0fd2a6d7-6f22-490f-861d-0e91a4b8f79c - - - - - -] Attempt 1 to provision port 88541e47-4369-46a6-b572-c4a52e38c0ba
2026-03-01 22:27:21.906 10 INFO neutron.plugins.ml2.plugin [None req-a8e261c6-1076-4363-a9e4-91a30f40cbdd - - - - - -] Attempt 1 to provision port aebfc622-b455-4a92-97a0-85f54a09a561
2026-03-01 22:27:22.358 10 INFO neutron.plugins.ml2.plugin [None req-a8e261c6-1076-4363-a9e4-91a30f40cbdd - - - - - -] Attempt 1 to provision port cfd6ce83-f7ad-49a0-b8c2-f12f56ca55a0
2026-03-01 22:27:22.502 10 INFO neutron.notifiers.nova [-] Nova event matching ['req-66b3135f-6855-48c9-8cf3-6151613fb62d'] response: {'server_uuid': 'b1a6e248-7eb9-4388-850b-edcdb1c93610', 'name': 'network-vif-plugged', 'status': 'completed', 'tag': 'cfd6ce83-f7ad-49a0-b8c2-f12f56ca55a0', 'code': 200}
2026-03-01 22:27:22.981 10 INFO neutron.plugins.ml2.plugin [None req-f30d7795-64b8-42c5-84fb-42c809b23de9 - - - - - -] Attempt 1 to provision port aebfc622-b455-4a92-97a0-85f54a09a561
2026-03-01 22:27:23.212 9 INFO neutron.plugins.ml2.plugin [None req-30a5b6da-8130-41d6-9d33-90a95804d437 - - - - - -] Attempt 1 to provision port aebfc622-b455-4a92-97a0-85f54a09a561
2026-03-01 22:27:23.873 10 INFO neutron.plugins.ml2.plugin [None req-a8e261c6-1076-4363-a9e4-91a30f40cbdd - - - - - -] Attempt 1 to provision port aebfc622-b455-4a92-97a0-85f54a09a561
2026-03-01 22:27:24.210 9 INFO neutron.plugins.ml2.plugin [None req-6f83d45f-8cdb-4850-a0b6-3fff32c2b20c - - - - - -] Attempt 1 to provision port 0c945196-44d0-4475-8423-57d68bc883e6
2026-03-01 22:27:24.384 10 INFO neutron.plugins.ml2.plugin [None req-a8e261c6-1076-4363-a9e4-91a30f40cbdd - - - - - -] Attempt 1 to provision port cfd6ce83-f7ad-49a0-b8c2-f12f56ca55a0
2026-03-01 22:27:24.862 10 INFO neutron.plugins.ml2.plugin [None req-64e4c829-d22e-467f-b88a-1f13b276dc31 - - - - - -] Attempt 1 to provision port 0c945196-44d0-4475-8423-57d68bc883e6
2026-03-01 22:27:25.861 9 INFO neutron.plugins.ml2.plugin [None req-a8e261c6-1076-4363-a9e4-91a30f40cbdd - - - - - -] Attempt 1 to provision port c90946e5-add3-4584-a5d5-7bb82efb04ff
2026-03-01 22:27:27.966 10 INFO neutron.plugins.ml2.plugin [None req-a8e261c6-1076-4363-a9e4-91a30f40cbdd - - - - - -] Attempt 1 to provision port 22785733-63b0-4a3c-afd2-c64dcf282da6
2026-03-01 22:27:28.237 9 INFO neutron.plugins.ml2.plugin [None req-389e3390-db93-407c-9965-2bb6fb417e00 - - - - - -] Attempt 1 to provision port 9ab6f736-7480-4671-a68b-4e502082895f
2026-03-01 22:27:28.755 10 INFO neutron.plugins.ml2.plugin [None req-a8e261c6-1076-4363-a9e4-91a30f40cbdd - - - - - -] Attempt 1 to provision port c90946e5-add3-4584-a5d5-7bb82efb04ff
2026-03-01 22:27:29.875 9 INFO neutron.plugins.ml2.plugin [None req-a8e261c6-1076-4363-a9e4-91a30f40cbdd - - - - - -] Attempt 1 to provision port 22785733-63b0-4a3c-afd2-c64dcf282da6
2026-03-01 22:27:29.916 10 INFO neutron.plugins.ml2.plugin [None req-f0480581-8b33-4d1d-94e9-f8612d845676 - - - - - -] Attempt 1 to provision port 22785733-63b0-4a3c-afd2-c64dcf282da6
2026-03-01 22:27:30.239 9 INFO neutron.plugins.ml2.plugin [None req-90f76bef-1ac1-4c8c-b7f0-d8766d554745 - - - - - -] Attempt 1 to provision port 22785733-63b0-4a3c-afd2-c64dcf282da6
2026-03-01 22:27:31.353 10 INFO neutron.plugins.ml2.plugin [None req-d67873ba-0611-4a1b-aa9e-bf1dd4dc430c - - - - - -] Attempt 1 to provision port d885d1d1-4480-425f-b172-80512daa546a
2026-03-01 22:27:32.127 9 INFO neutron.plugins.ml2.plugin [None req-f5f941ed-3de7-4c60-9949-c237ad2f7eec - - - - - -] Attempt 1 to provision port d885d1d1-4480-425f-b172-80512daa546a
2026-03-01 22:27:33.846 10 INFO neutron.plugins.ml2.plugin [None req-a8e261c6-1076-4363-a9e4-91a30f40cbdd - - - - - -] Attempt 1 to provision port 59889da0-808c-4e1d-9d62-52d99f9ff879
2026-03-01 22:27:35.928 9 INFO neutron.plugins.ml2.plugin [None req-a8e261c6-1076-4363-a9e4-91a30f40cbdd - - - - - -] Attempt 1 to provision port 59889da0-808c-4e1d-9d62-52d99f9ff879
2026-03-01 22:27:37.708 10 INFO neutron.plugins.ml2.plugin [None req-3d2ef875-43e8-45ee-b4b8-c306e028d88f - - - - - -] Attempt 1 to provision port 447247c3-a25c-481d-8919-8d61bd86a55e
2026-03-01 22:27:39.948 9 INFO neutron.plugins.ml2.plugin [None req-a8e261c6-1076-4363-a9e4-91a30f40cbdd - - - - - -] Attempt 1 to provision port 447247c3-a25c-481d-8919-8d61bd86a55e
2026-03-01 22:27:40.056 9 INFO neutron.notifiers.nova [-] Nova event matching ['req-505c5f80-8b0c-4162-8ddb-9603071a8e66'] response: {'server_uuid': 'af0e0831-e648-472e-9bdf-ddee65baccfc', 'name': 'network-vif-plugged', 'status': 'completed', 'tag': '447247c3-a25c-481d-8919-8d61bd86a55e', 'code': 200}
2026-03-01 22:27:42.184 9 INFO neutron.plugins.ml2.plugin [None req-a8e261c6-1076-4363-a9e4-91a30f40cbdd - - - - - -] Attempt 1 to provision port 447247c3-a25c-481d-8919-8d61bd86a55e
2026-03-01 22:27:42.726 9 INFO neutron.plugins.ml2.plugin [None req-a8e261c6-1076-4363-a9e4-91a30f40cbdd - - - - - -] Attempt 1 to provision port 0c945196-44d0-4475-8423-57d68bc883e6
2026-03-01 22:27:43.330 9 INFO neutron.plugins.ml2.plugin [None req-a8e261c6-1076-4363-a9e4-91a30f40cbdd - - - - - -] Attempt 1 to provision port 88541e47-4369-46a6-b572-c4a52e38c0ba
2026-03-01 22:27:43.842 10 INFO neutron.plugins.ml2.plugin [None req-a8e261c6-1076-4363-a9e4-91a30f40cbdd - - - - - -] Attempt 1 to provision port 0c945196-44d0-4475-8423-57d68bc883e6
2026-03-01 22:27:44.119 10 INFO neutron.plugins.ml2.plugin [None req-a8e261c6-1076-4363-a9e4-91a30f40cbdd - - - - - -] Attempt 1 to provision port 88541e47-4369-46a6-b572-c4a52e38c0ba
2026-03-01 22:27:49.849 9 INFO neutron.plugins.ml2.plugin [None req-a8e261c6-1076-4363-a9e4-91a30f40cbdd - - - - - -] Attempt 1 to provision port d885d1d1-4480-425f-b172-80512daa546a
2026-03-01 22:27:50.344 9 INFO neutron.plugins.ml2.plugin [None req-a8e261c6-1076-4363-a9e4-91a30f40cbdd - - - - - -] Attempt 1 to provision port 9ab6f736-7480-4671-a68b-4e502082895f
2026-03-01 22:27:51.843 9 INFO neutron.plugins.ml2.plugin [None req-a8e261c6-1076-4363-a9e4-91a30f40cbdd - - - - - -] Attempt 1 to provision port d885d1d1-4480-425f-b172-80512daa546a
2026-03-01 22:27:52.145 9 INFO neutron.plugins.ml2.plugin [None req-a8e261c6-1076-4363-a9e4-91a30f40cbdd - - - - - -] Attempt 1 to provision port 9ab6f736-7480-4671-a68b-4e502082895f
2026-03-01 22:27:59.918 10 INFO neutron.plugins.ml2.plugin [None req-a8e261c6-1076-4363-a9e4-91a30f40cbdd - - - - - -] Attempt 1 to provision port 94f397a1-f0ae-47b4-b824-351578dc7cd2 /var/lib/openstack/lib/python3.10/site-packages/oslo_db/sqlalchemy/enginefacade.py:676: SAWarning: DELETE statement on table 'portsecuritybindings' expected to delete 1 row(s); 0 were matched. Please set confirm_deleted_rows=False within the mapper configuration to prevent this warning. self.session.flush() /var/lib/openstack/lib/python3.10/site-packages/oslo_db/sqlalchemy/enginefacade.py:676: SAWarning: DELETE statement on table 'ml2_port_bindings' expected to delete 1 row(s); 0 were matched. Please set confirm_deleted_rows=False within the mapper configuration to prevent this warning. self.session.flush() /var/lib/openstack/lib/python3.10/site-packages/oslo_db/sqlalchemy/enginefacade.py:676: SAWarning: DELETE statement on table 'ml2_port_binding_levels' expected to delete 1 row(s); 0 were matched. Please set confirm_deleted_rows=False within the mapper configuration to prevent this warning. self.session.flush() /var/lib/openstack/lib/python3.10/site-packages/oslo_db/sqlalchemy/enginefacade.py:676: SAWarning: DELETE statement on table 'ports' expected to delete 1 row(s); 0 were matched. Please set confirm_deleted_rows=False within the mapper configuration to prevent this warning. self.session.flush()
2026-03-01 22:28:01.344 10 INFO neutron.plugins.ml2.plugin [None req-97c0aaba-2831-4b6a-bbf4-b624e0851ff7 - - - - - -] Attempt 1 to provision port 94f397a1-f0ae-47b4-b824-351578dc7cd2
2026-03-01 22:28:01.939 10 INFO neutron.plugins.ml2.plugin [None req-a8e261c6-1076-4363-a9e4-91a30f40cbdd - - - - - -] Attempt 1 to provision port 94f397a1-f0ae-47b4-b824-351578dc7cd2
2026-03-01 22:28:01.944 9 INFO neutron.plugins.ml2.plugin [None req-8ebd3d04-e866-4754-ab8a-eb13864688b9 - - - - - -] Attempt 1 to provision port b380314e-39cc-49a9-8222-7dc381c1fa5b
2026-03-01 22:28:02.231 10 INFO neutron.plugins.ml2.plugin [None req-a8e261c6-1076-4363-a9e4-91a30f40cbdd - - - - - -] Attempt 1 to provision port ef51464e-6dd6-442c-9844-76eb443b0b92
2026-03-01 22:28:02.607 9 INFO neutron.plugins.ml2.plugin [None req-16edb309-8707-416e-a7ed-6e0064e5c9ec - - - - - -] Attempt 1 to provision port ceb9fe62-f7c0-4fcd-9df6-ab5e9f5e7ed3
2026-03-01 22:28:02.901 10 INFO neutron.plugins.ml2.plugin [None req-a8e261c6-1076-4363-a9e4-91a30f40cbdd - - - - - -] Attempt 1 to provision port ceb9fe62-f7c0-4fcd-9df6-ab5e9f5e7ed3
2026-03-01 22:28:03.211 10 INFO neutron.plugins.ml2.plugin [None req-f22c2db6-f6d3-42c2-94e6-790e3b8e7fcf - - - - - -] Attempt 1 to provision port 94f397a1-f0ae-47b4-b824-351578dc7cd2
2026-03-01 22:28:03.490 9 INFO neutron.plugins.ml2.plugin [None req-9952a716-9e55-4990-84a3-6202d86e4c16 - - - - - -] Attempt 1 to provision port 94f397a1-f0ae-47b4-b824-351578dc7cd2
2026-03-01 22:28:03.732 10 INFO neutron.plugins.ml2.plugin [None req-6523e076-8168-4f70-a1d7-f4835a0e5cdd - - - - - -] Attempt 1 to provision port ef51464e-6dd6-442c-9844-76eb443b0b92
2026-03-01 22:28:04.085 10 INFO neutron.plugins.ml2.plugin [None req-a8e261c6-1076-4363-a9e4-91a30f40cbdd - - - - - -] Attempt 1 to provision port 94f397a1-f0ae-47b4-b824-351578dc7cd2
2026-03-01 22:28:04.381 10 INFO neutron.plugins.ml2.plugin [None req-90ce38f7-fdc4-4cb6-95a3-27fe4079ebfc - - - - - -] Attempt 1 to provision port ceb9fe62-f7c0-4fcd-9df6-ab5e9f5e7ed3
2026-03-01 22:28:04.660 10 INFO neutron.plugins.ml2.plugin [None req-a8e261c6-1076-4363-a9e4-91a30f40cbdd - - - - - -] Attempt 1 to provision port ceb9fe62-f7c0-4fcd-9df6-ab5e9f5e7ed3
2026-03-01 22:28:04.923 10 INFO neutron.plugins.ml2.plugin [None req-a8e261c6-1076-4363-a9e4-91a30f40cbdd - - - - - -] Attempt 1 to provision port ef51464e-6dd6-442c-9844-76eb443b0b92
2026-03-01 22:28:05.040 9 INFO neutron.plugins.ml2.plugin [None req-8985a096-9e6d-48d7-82c2-7ebc2c839956 - - - - - -] Attempt 1 to provision port ceb9fe62-f7c0-4fcd-9df6-ab5e9f5e7ed3
2026-03-01 22:28:05.459 9 INFO neutron.plugins.ml2.plugin [None req-9c7787a8-0c8b-45d4-bbb4-572ab1de84a0 - - - - - -] Attempt 1 to provision port f340df6b-3d18-45e7-ba2e-246883d1d89e
2026-03-01 22:28:05.614 9 INFO neutron.plugins.ml2.plugin [None req-7814addb-e87c-4e2b-aba6-2a49f79cfc01 - - - - - -] Attempt 1 to provision port ef51464e-6dd6-442c-9844-76eb443b0b92
2026-03-01 22:28:05.941 10 INFO neutron.plugins.ml2.plugin [None req-a8e261c6-1076-4363-a9e4-91a30f40cbdd - - - - - -] Attempt 1 to provision port ef51464e-6dd6-442c-9844-76eb443b0b92
2026-03-01 22:28:06.097 10 INFO neutron.plugins.ml2.plugin [None req-1c072455-65b3-4e5d-aaa7-c5a95c968293 - - - - - -] Attempt 1 to provision port ef51464e-6dd6-442c-9844-76eb443b0b92
2026-03-01 22:28:06.173 10 INFO neutron.plugins.ml2.plugin [None req-1c072455-65b3-4e5d-aaa7-c5a95c968293 - - - - - -] Attempt 1 to provision port f340df6b-3d18-45e7-ba2e-246883d1d89e
2026-03-01 22:28:06.253 10 INFO neutron.plugins.ml2.plugin [None req-a8e261c6-1076-4363-a9e4-91a30f40cbdd - - - - - -] Attempt 1 to provision port e675d84d-c2cb-4513-9502-bedcca36a4a0
2026-03-01 22:28:07.224 10 INFO neutron.plugins.ml2.plugin [None req-bf2d6c9e-d308-46ea-a977-3b54c95e146a - - - - - -] Attempt 1 to provision port e8068e13-ef2d-4dad-940c-48008eb0bf09
2026-03-01 22:28:07.886 10 INFO neutron.plugins.ml2.plugin [None req-cc078e61-02b1-41d3-b0b9-895534b2daff - - - - - -] Attempt 1 to provision port e8068e13-ef2d-4dad-940c-48008eb0bf09
2026-03-01 22:28:07.900 9 INFO neutron.plugins.ml2.plugin [None req-a8e261c6-1076-4363-a9e4-91a30f40cbdd - - - - - -] Attempt 1 to provision port e675d84d-c2cb-4513-9502-bedcca36a4a0
2026-03-01 22:28:09.763 9 INFO neutron.plugins.ml2.plugin [None req-17079248-e54e-4ee5-b146-e9e6cac00608 - - - - - -] Attempt 1 to provision port 2039cfa5-77eb-4a70-ac01-576526363de0
2026-03-01 22:28:10.537 9 INFO neutron.plugins.ml2.plugin [None req-cc562eef-c149-4c51-982b-d8f83df9796a - - - - - -] Attempt 1 to provision port 2039cfa5-77eb-4a70-ac01-576526363de0
2026-03-01 22:28:15.428 9 INFO neutron.plugins.ml2.plugin [None req-d7a683e4-a955-48f9-bf3a-868d88452b75 - - - - - -] Attempt 1 to provision port 8716027f-06b6-41e8-a69c-3172d38883d0
2026-03-01 22:28:17.983 9 INFO neutron.plugins.ml2.plugin [None req-a8e261c6-1076-4363-a9e4-91a30f40cbdd - - - - - -] Attempt 1 to provision port 8716027f-06b6-41e8-a69c-3172d38883d0
2026-03-01 22:28:18.102 9 INFO neutron.notifiers.nova [-] Nova event matching ['req-02a9a6cf-3899-47dd-8ab8-d9b73c8cb6ba'] response: {'server_uuid': '1afa3a69-7de9-43eb-b106-9b5ec8f82ffc', 'name': 'network-vif-plugged', 'status': 'completed', 'tag': '8716027f-06b6-41e8-a69c-3172d38883d0', 'code': 200}
2026-03-01 22:28:19.912 10 INFO neutron.plugins.ml2.plugin [None req-a8e261c6-1076-4363-a9e4-91a30f40cbdd - - - - - -] Attempt 1 to provision port 8716027f-06b6-41e8-a69c-3172d38883d0
2026-03-01 22:28:23.225 10 INFO neutron.plugins.ml2.plugin [None req-a8b0d113-ce75-4f86-9f21-fa950e49e38f - - - - - -] Attempt 1 to provision port 30ff277f-5998-432a-a059-771baf6d155e
2026-03-01 22:28:26.072 10 INFO neutron.plugins.ml2.plugin [None req-a8e261c6-1076-4363-a9e4-91a30f40cbdd - - - - - -] Attempt 1 to provision port 30ff277f-5998-432a-a059-771baf6d155e
2026-03-01 22:28:26.209 10 INFO neutron.notifiers.nova [-] Nova event matching ['req-2adf2a81-4536-4257-a9f9-eb4d8631afb1'] response: {'server_uuid': '4953775d-914e-48d5-8231-ae2c40b6d583', 'name': 'network-vif-plugged', 'status': 'completed', 'tag': '30ff277f-5998-432a-a059-771baf6d155e', 'code': 200}
2026-03-01 22:28:26.664 10 INFO neutron.plugins.ml2.plugin [None req-a8e261c6-1076-4363-a9e4-91a30f40cbdd - - - - - -] Attempt 1 to provision port 2039cfa5-77eb-4a70-ac01-576526363de0
2026-03-01 22:28:27.013 10 INFO neutron.plugins.ml2.plugin [None req-a8e261c6-1076-4363-a9e4-91a30f40cbdd - - - - - -] Attempt 1 to provision port b380314e-39cc-49a9-8222-7dc381c1fa5b
2026-03-01 22:28:28.018 9 INFO neutron.plugins.ml2.plugin [None req-a8e261c6-1076-4363-a9e4-91a30f40cbdd - - - - - -] Attempt 1 to provision port 2039cfa5-77eb-4a70-ac01-576526363de0
2026-03-01 22:28:28.354 9 INFO neutron.plugins.ml2.plugin [None req-a8e261c6-1076-4363-a9e4-91a30f40cbdd - - - - - -] Attempt 1 to provision port 30ff277f-5998-432a-a059-771baf6d155e
2026-03-01 22:28:28.677 9 INFO neutron.plugins.ml2.plugin [None req-a8e261c6-1076-4363-a9e4-91a30f40cbdd - - - - - -] Attempt 1 to provision port f340df6b-3d18-45e7-ba2e-246883d1d89e
2026-03-01 22:28:29.047 9 INFO neutron.plugins.ml2.plugin [None req-a8e261c6-1076-4363-a9e4-91a30f40cbdd - - - - - -] Attempt 1 to provision port b380314e-39cc-49a9-8222-7dc381c1fa5b
2026-03-01 22:28:29.237 9 INFO neutron.plugins.ml2.plugin [None req-a8e261c6-1076-4363-a9e4-91a30f40cbdd - - - - - -] Attempt 1 to provision port e8068e13-ef2d-4dad-940c-48008eb0bf09
2026-03-01 22:28:29.924 10 INFO neutron.plugins.ml2.plugin [None req-a8e261c6-1076-4363-a9e4-91a30f40cbdd - - - - - -] Attempt 1 to provision port f340df6b-3d18-45e7-ba2e-246883d1d89e
2026-03-01 22:28:30.198 10 INFO neutron.plugins.ml2.plugin [None req-a8e261c6-1076-4363-a9e4-91a30f40cbdd - - - - - -] Attempt 1 to provision port e8068e13-ef2d-4dad-940c-48008eb0bf09
2026-03-01 22:28:46.176 10 INFO neutron.plugins.ml2.plugin [None req-0059c54c-eaa3-4603-b329-0fb8f13fca6c - - - - - -] Attempt 1 to provision port c5d216f5-9762-49c6-a0d3-25ae14b34079
2026-03-01 22:28:59.502 9 INFO neutron.plugins.ml2.plugin [None req-20da6ccd-a45a-4b53-b749-ded4c2113120 - - - - - -] Attempt 1 to provision port 0622c98b-e623-4790-bc29-bef39a55fe54
2026-03-01 22:29:02.012 9 INFO neutron.plugins.ml2.plugin [None req-a8e261c6-1076-4363-a9e4-91a30f40cbdd - - - - - -] Attempt 1 to provision port 0622c98b-e623-4790-bc29-bef39a55fe54
2026-03-01 22:29:02.125 9 INFO neutron.notifiers.nova [-] Nova event matching ['req-cdda63d0-d05d-4422-99ae-5fa50583e065'] response: {'server_uuid': 'a78d57c6-e03d-477e-93b7-69b27b5ca64b', 'name': 'network-vif-plugged', 'status': 'completed', 'tag': '0622c98b-e623-4790-bc29-bef39a55fe54', 'code': 200}
2026-03-01 22:29:03.997 10 INFO neutron.plugins.ml2.plugin [None req-a8e261c6-1076-4363-a9e4-91a30f40cbdd - - - - - -] Attempt 1 to provision port 0622c98b-e623-4790-bc29-bef39a55fe54
2026-03-01 22:29:45.945 9 INFO neutron.plugins.ml2.plugin [None req-1aa75e4a-c294-42f8-9547-9e12b5e9b06f - - - - - -] Attempt 1 to provision port e5ded0c2-1ebd-4ee9-b4ba-9035cb5a4cc4
2026-03-01 22:29:50.068 9 INFO neutron.plugins.ml2.plugin [None req-a8e261c6-1076-4363-a9e4-91a30f40cbdd - - - - - -] Attempt 1 to provision port e5ded0c2-1ebd-4ee9-b4ba-9035cb5a4cc4
2026-03-01 22:29:50.288 9 INFO neutron.notifiers.nova [-] Nova event matching ['req-6b5aa606-ed00-459d-adeb-5b86b16d1717'] response: {'server_uuid': 'a78d57c6-e03d-477e-93b7-69b27b5ca64b', 'name': 'network-vif-plugged', 'status': 'completed', 'tag': 'e5ded0c2-1ebd-4ee9-b4ba-9035cb5a4cc4', 'code': 200}
2026-03-01 22:29:52.003 10 INFO neutron.plugins.ml2.plugin [None req-a8e261c6-1076-4363-a9e4-91a30f40cbdd - - - - - -] Attempt 1 to provision port e5ded0c2-1ebd-4ee9-b4ba-9035cb5a4cc4
2026-03-01 22:30:16.206 10 INFO neutron.plugins.ml2.plugin [None req-a8e261c6-1076-4363-a9e4-91a30f40cbdd - - - - - -] Attempt 1 to provision port fce57eee-e1e8-441b-ba43-75c277c4ab33
2026-03-01 22:30:16.379 10 INFO neutron.notifiers.nova [-] Nova event matching ['req-ee851a94-1f1d-43b2-8a31-6a61091e6f4e'] response: {'server_uuid': 'a78d57c6-e03d-477e-93b7-69b27b5ca64b', 'name': 'network-vif-plugged', 'status': 'completed', 'tag': 'fce57eee-e1e8-441b-ba43-75c277c4ab33', 'code': 200}
2026-03-01 22:30:18.026 9 INFO neutron.plugins.ml2.plugin [None req-a8e261c6-1076-4363-a9e4-91a30f40cbdd - - - - - -] Attempt 1 to provision port fce57eee-e1e8-441b-ba43-75c277c4ab33
2026-03-01 22:30:26.404 10 INFO neutron.plugins.ml2.plugin [None req-f0a4ae69-06bd-47b6-9a49-0e0be622015a - - - - - -] Attempt 1 to provision port 44495606-26e4-448c-a5c7-215bc27ea703
2026-03-01 22:30:26.573 10 INFO neutron.notifiers.nova [-] Nova event matching ['req-21274b81-b392-4687-baf9-9e16169edb68'] response: {'server_uuid': 'a78d57c6-e03d-477e-93b7-69b27b5ca64b', 'name': 'network-vif-plugged', 'status': 'completed', 'tag': '44495606-26e4-448c-a5c7-215bc27ea703', 'code': 200}
2026-03-01 22:30:28.080 9 INFO neutron.plugins.ml2.plugin [None req-a8e261c6-1076-4363-a9e4-91a30f40cbdd - - - - - -] Attempt 1 to provision port 44495606-26e4-448c-a5c7-215bc27ea703
2026-03-01 22:30:36.728 10 INFO neutron.plugins.ml2.plugin [None req-f229c53b-7d1b-44c0-bbe3-292368f1f508 - - - - - -] Attempt 1 to provision port 44495606-26e4-448c-a5c7-215bc27ea703
