Apr 02 10:53:09.000503 np0000162876 devstack@neutron-api.service[102219]: DEBUG ovsdbapp.backend.ovs_idl [None req-f5102d1d-351e-49e3-b0d8-020238d8ec82 None None] Created lookup_table index Port_Binding.logical_port {{(pid=102219) autocreate_indices /opt/stack/data/venv/lib/python3.12/site-packages/ovsdbapp/backend/ovs_idl/__init__.py:87}}
Apr 02 10:53:09.001243 np0000162876 devstack@neutron-api.service[102219]: DEBUG ovsdbapp.backend.ovs_idl [None req-f5102d1d-351e-49e3-b0d8-020238d8ec82 None None] Created schema index Chassis_Private.name {{(pid=102219) autocreate_indices /opt/stack/data/venv/lib/python3.12/site-packages/ovsdbapp/backend/ovs_idl/__init__.py:106}}
Apr 02 10:53:09.001243 np0000162876 devstack@neutron-api.service[102219]: DEBUG ovsdbapp.backend.ovs_idl [None req-f5102d1d-351e-49e3-b0d8-020238d8ec82 None None] Created schema index Datapath_Binding.tunnel_key {{(pid=102219) autocreate_indices /opt/stack/data/venv/lib/python3.12/site-packages/ovsdbapp/backend/ovs_idl/__init__.py:106}}
Apr 02 10:53:09.002569 np0000162876 devstack@neutron-api.service[102219]: INFO ovsdbapp.backend.ovs_idl.vlog [None req-f5102d1d-351e-49e3-b0d8-020238d8ec82 None None] ssl:199.19.213.157:6642: connecting...
Apr 02 10:53:09.013325 np0000162876 devstack@neutron-api.service[102219]: INFO ovsdbapp.backend.ovs_idl.vlog [None req-f5102d1d-351e-49e3-b0d8-020238d8ec82 None None] ssl:199.19.213.157:6642: connected
Apr 02 10:53:09.027991 np0000162876 devstack@neutron-api.service[102220]: DEBUG ovsdbapp.backend.ovs_idl [None req-205cb632-1af8-45a1-966c-4d91f4cc1ca6 None None] Created lookup_table index Chassis.name {{(pid=102220) autocreate_indices /opt/stack/data/venv/lib/python3.12/site-packages/ovsdbapp/backend/ovs_idl/__init__.py:87}}
Apr 02 10:53:09.028110 np0000162876 devstack@neutron-api.service[102220]: DEBUG ovsdbapp.backend.ovs_idl [None req-205cb632-1af8-45a1-966c-4d91f4cc1ca6 None None] Created lookup_table index Port_Binding.logical_port {{(pid=102220) autocreate_indices /opt/stack/data/venv/lib/python3.12/site-packages/ovsdbapp/backend/ovs_idl/__init__.py:87}}
Apr 02 10:53:09.028196 np0000162876 devstack@neutron-api.service[102220]: DEBUG ovsdbapp.backend.ovs_idl [None req-205cb632-1af8-45a1-966c-4d91f4cc1ca6 None None] Created schema index Chassis_Private.name {{(pid=102220) autocreate_indices /opt/stack/data/venv/lib/python3.12/site-packages/ovsdbapp/backend/ovs_idl/__init__.py:106}}
Apr 02 10:53:09.028277 np0000162876 devstack@neutron-api.service[102220]: DEBUG ovsdbapp.backend.ovs_idl [None req-205cb632-1af8-45a1-966c-4d91f4cc1ca6 None None] Created schema index Datapath_Binding.tunnel_key {{(pid=102220) autocreate_indices /opt/stack/data/venv/lib/python3.12/site-packages/ovsdbapp/backend/ovs_idl/__init__.py:106}}
Apr 02 10:53:09.030449 np0000162876 devstack@neutron-api.service[102220]: INFO ovsdbapp.backend.ovs_idl.vlog [None req-205cb632-1af8-45a1-966c-4d91f4cc1ca6 None None] ssl:199.19.213.157:6642: connecting...
Apr 02 10:53:09.030498 np0000162876 devstack@neutron-api.service[102221]: DEBUG ovsdbapp.backend.ovs_idl [None req-6e0f12fc-6ecb-40a1-9d10-29c8bb920c83 None None] Created lookup_table index Chassis.name {{(pid=102221) autocreate_indices /opt/stack/data/venv/lib/python3.12/site-packages/ovsdbapp/backend/ovs_idl/__init__.py:87}}
Apr 02 10:53:09.030596 np0000162876 devstack@neutron-api.service[102221]: DEBUG ovsdbapp.backend.ovs_idl [None req-6e0f12fc-6ecb-40a1-9d10-29c8bb920c83 None None] Created lookup_table index Port_Binding.logical_port {{(pid=102221) autocreate_indices /opt/stack/data/venv/lib/python3.12/site-packages/ovsdbapp/backend/ovs_idl/__init__.py:87}}
Apr 02 10:53:09.030900 np0000162876 devstack@neutron-api.service[102221]: DEBUG ovsdbapp.backend.ovs_idl [None req-6e0f12fc-6ecb-40a1-9d10-29c8bb920c83 None None] Created schema index Chassis_Private.name {{(pid=102221) autocreate_indices /opt/stack/data/venv/lib/python3.12/site-packages/ovsdbapp/backend/ovs_idl/__init__.py:106}}
Apr 02 10:53:09.030900 np0000162876 devstack@neutron-api.service[102221]: DEBUG ovsdbapp.backend.ovs_idl [None req-6e0f12fc-6ecb-40a1-9d10-29c8bb920c83 None None] Created schema index Datapath_Binding.tunnel_key {{(pid=102221) autocreate_indices /opt/stack/data/venv/lib/python3.12/site-packages/ovsdbapp/backend/ovs_idl/__init__.py:106}}
Apr 02 10:53:09.033554 np0000162876 devstack@neutron-api.service[102221]: INFO ovsdbapp.backend.ovs_idl.vlog [None req-6e0f12fc-6ecb-40a1-9d10-29c8bb920c83 None None] ssl:199.19.213.157:6642: connecting...
Apr 02 10:53:09.035916 np0000162876 devstack@neutron-api.service[102220]: INFO ovsdbapp.backend.ovs_idl.vlog [None req-205cb632-1af8-45a1-966c-4d91f4cc1ca6 None None] ssl:199.19.213.157:6642: connected
Apr 02 10:53:09.039508 np0000162876 devstack@neutron-api.service[102221]: INFO ovsdbapp.backend.ovs_idl.vlog [None req-6e0f12fc-6ecb-40a1-9d10-29c8bb920c83 None None] ssl:199.19.213.157:6642: connected
Apr 02 10:53:09.050862 np0000162876 devstack@neutron-api.service[102219]: DEBUG neutron.common.ovn.hash_ring_manager [None req-f5102d1d-351e-49e3-b0d8-020238d8ec82 None None] Allow caching, nodes 4>=4 {{(pid=102219) _wait_startup_before_caching /opt/stack/neutron/neutron/common/ovn/hash_ring_manager.py:65}}
Apr 02 10:53:09.057627 np0000162876 devstack@neutron-api.service[102219]: DEBUG neutron.common.ovn.hash_ring_manager [None req-f5102d1d-351e-49e3-b0d8-020238d8ec82 None None] Hash Ring loaded. 4 active nodes. 0 offline nodes {{(pid=102219) _load_hash_ring /opt/stack/neutron/neutron/common/ovn/hash_ring_manager.py:102}}
Apr 02 10:53:09.057833 np0000162876 devstack@neutron-api.service[102219]: DEBUG neutron.plugins.ml2.drivers.ovn.mech_driver.ovsdb.ovsdb_monitor [None req-f5102d1d-351e-49e3-b0d8-020238d8ec82 None None] ChassisOVNAgentWriteEvent : Matched Chassis_Private, create, None None {{(pid=102219) matches /opt/stack/neutron/neutron/plugins/ml2/drivers/ovn/mech_driver/ovsdb/ovsdb_monitor.py:64}}
Apr 02 10:53:09.057961 np0000162876 devstack@neutron-api.service[102219]: DEBUG neutron.plugins.ml2.drivers.ovn.mech_driver.ovsdb.ovsdb_monitor [None req-f5102d1d-351e-49e3-b0d8-020238d8ec82 None None] ChassisAgentWriteEvent : Matched Chassis_Private, create, None None {{(pid=102219) matches /opt/stack/neutron/neutron/plugins/ml2/drivers/ovn/mech_driver/ovsdb/ovsdb_monitor.py:64}}
Apr 02 10:53:09.060221 np0000162876 devstack@neutron-api.service[102219]: INFO neutron.plugins.ml2.drivers.ovn.mech_driver.mech_driver [None req-f5102d1d-351e-49e3-b0d8-020238d8ec82 None None] WorkerService process has finished the post initialization
Apr 02 10:53:09.061381 np0000162876 devstack@neutron-api.service[102219]: WSGI app 0 (mountpoint='') ready in 8 seconds on interpreter 0x7a40214a3668 pid: 102219 (default app)
Apr 02 10:53:09.072037 np0000162876 devstack@neutron-api.service[102220]: DEBUG neutron.common.ovn.hash_ring_manager [None req-205cb632-1af8-45a1-966c-4d91f4cc1ca6 None None] Allow caching, nodes 4>=4 {{(pid=102220) _wait_startup_before_caching /opt/stack/neutron/neutron/common/ovn/hash_ring_manager.py:65}}
Apr 02 10:53:09.072267 np0000162876 devstack@neutron-api.service[102221]: DEBUG neutron.common.ovn.hash_ring_manager [None req-6e0f12fc-6ecb-40a1-9d10-29c8bb920c83 None None] Allow caching, nodes 4>=4 {{(pid=102221) _wait_startup_before_caching /opt/stack/neutron/neutron/common/ovn/hash_ring_manager.py:65}}
Apr 02 10:53:09.076375 np0000162876 devstack@neutron-api.service[102220]: DEBUG neutron.common.ovn.hash_ring_manager [None req-205cb632-1af8-45a1-966c-4d91f4cc1ca6 None None] Hash Ring loaded. 4 active nodes. 0 offline nodes {{(pid=102220) _load_hash_ring /opt/stack/neutron/neutron/common/ovn/hash_ring_manager.py:102}}
Apr 02 10:53:09.076518 np0000162876 devstack@neutron-api.service[102221]: DEBUG neutron.common.ovn.hash_ring_manager [None req-6e0f12fc-6ecb-40a1-9d10-29c8bb920c83 None None] Hash Ring loaded. 4 active nodes. 0 offline nodes {{(pid=102221) _load_hash_ring /opt/stack/neutron/neutron/common/ovn/hash_ring_manager.py:102}}
Apr 02 10:53:09.076572 np0000162876 devstack@neutron-api.service[102220]: DEBUG neutron.plugins.ml2.drivers.ovn.mech_driver.ovsdb.ovsdb_monitor [None req-205cb632-1af8-45a1-966c-4d91f4cc1ca6 None None] ChassisAgentWriteEvent : Matched Chassis_Private, create, None None {{(pid=102220) matches /opt/stack/neutron/neutron/plugins/ml2/drivers/ovn/mech_driver/ovsdb/ovsdb_monitor.py:64}}
Apr 02 10:53:09.076780 np0000162876 devstack@neutron-api.service[102221]: DEBUG neutron.plugins.ml2.drivers.ovn.mech_driver.ovsdb.ovsdb_monitor [None req-6e0f12fc-6ecb-40a1-9d10-29c8bb920c83 None None] ChassisOVNAgentWriteEvent : Matched Chassis_Private, create, None None {{(pid=102221) matches /opt/stack/neutron/neutron/plugins/ml2/drivers/ovn/mech_driver/ovsdb/ovsdb_monitor.py:64}}
Apr 02 10:53:09.076859 np0000162876 devstack@neutron-api.service[102220]: DEBUG neutron.plugins.ml2.drivers.ovn.mech_driver.ovsdb.ovsdb_monitor [None req-205cb632-1af8-45a1-966c-4d91f4cc1ca6 None None] ChassisOVNAgentWriteEvent : Matched Chassis_Private, create, None None {{(pid=102220) matches /opt/stack/neutron/neutron/plugins/ml2/drivers/ovn/mech_driver/ovsdb/ovsdb_monitor.py:64}}
Apr 02 10:53:09.076953 np0000162876 devstack@neutron-api.service[102221]: DEBUG neutron.plugins.ml2.drivers.ovn.mech_driver.ovsdb.ovsdb_monitor [None req-6e0f12fc-6ecb-40a1-9d10-29c8bb920c83 None None] ChassisAgentWriteEvent : Matched Chassis_Private, create, None None {{(pid=102221) matches /opt/stack/neutron/neutron/plugins/ml2/drivers/ovn/mech_driver/ovsdb/ovsdb_monitor.py:64}}
Apr 02 10:53:09.079414 np0000162876 devstack@neutron-api.service[102220]: INFO neutron.plugins.ml2.drivers.ovn.mech_driver.mech_driver [None req-205cb632-1af8-45a1-966c-4d91f4cc1ca6 None None] WorkerService process has finished the post initialization
Apr 02 10:53:09.079704 np0000162876 devstack@neutron-api.service[102221]: INFO neutron.plugins.ml2.drivers.ovn.mech_driver.mech_driver [None req-6e0f12fc-6ecb-40a1-9d10-29c8bb920c83 None None] WorkerService process has finished the post initialization
Apr 02 10:53:09.080895 np0000162876 devstack@neutron-api.service[102221]: WSGI app 0 (mountpoint='') ready in 8 seconds on interpreter 0x7a40214a3668 pid: 102221 (default app)
Apr 02 10:53:09.081217 np0000162876 devstack@neutron-api.service[102220]: WSGI app 0 (mountpoint='') ready in 8 seconds on interpreter 0x7a40214a3668 pid: 102220 (default app)
Apr 02 10:53:10.754303 np0000162876 devstack@neutron-api.service[102220]: DEBUG neutron.plugins.ml2.drivers.ovn.mech_driver.ovsdb.ovsdb_monitor [-] Hash Ring: Node 8ca68d46dea55f828367a61f2e8ae3a2 (host: np0000162876) handling event "update" for row 1741dcad-1231-4e44-94d8-f1bfabb43093 (table: Connection) {{(pid=102220) notify /opt/stack/neutron/neutron/plugins/ml2/drivers/ovn/mech_driver/ovsdb/ovsdb_monitor.py:912}}
Apr 02 10:53:10.759001 np0000162876 devstack@neutron-api.service[102222]: DEBUG neutron.common.ovn.hash_ring_manager [-] Allow caching, nodes 4>=4 {{(pid=102222) _wait_startup_before_caching /opt/stack/neutron/neutron/common/ovn/hash_ring_manager.py:65}}
Apr 02 10:53:10.759245 np0000162876 devstack@neutron-api.service[102222]: DEBUG neutron.plugins.ml2.drivers.ovn.mech_driver.ovsdb.ovsdb_monitor [-] Hash Ring: Node d506b407195e5204bd471c72bfc45125 (host: np0000162876) handling event "update" for row 1741dcad-1231-4e44-94d8-f1bfabb43093 (table: Connection) {{(pid=102222) notify /opt/stack/neutron/neutron/plugins/ml2/drivers/ovn/mech_driver/ovsdb/ovsdb_monitor.py:912}}
Apr 02 10:53:14.322724 np0000162876 devstack@neutron-api.service[102222]: DEBUG neutron.api.wsgi [None req-9abeca03-eb99-44e2-b69f-224f026acfc2 admin admin] Missing Content-Type {{(pid=102222) get_content_type /opt/stack/neutron/neutron/api/wsgi.py:85}}
Apr 02 10:53:14.323517 np0000162876 devstack@neutron-api.service[102222]: DEBUG neutron.api.wsgi [None req-9abeca03-eb99-44e2-b69f-224f026acfc2 admin admin] https://199.19.213.157/networking/v2.0/extensions returned with HTTP 200 {{(pid=102222) __call__ /opt/stack/neutron/neutron/api/wsgi.py:545}}
Apr 02 10:53:14.323517 np0000162876 devstack@neutron-api.service[102222]: [pid: 102222|app: 0|req: 2/2] 199.19.213.157 () {64 vars in 1323 bytes} [Thu Apr 2 10:53:14 2026] GET /networking/v2.0/extensions => generated 15208 bytes in 264 msecs (HTTP/1.1 200) 4 headers in 159 bytes (1 switches on core 0)
Apr 02 10:53:14.712230 np0000162876 devstack@neutron-api.service[102219]: DEBUG neutron.api.v2.base [None req-ff32544c-fd23-4578-a786-e5afa6f6b875 admin admin] Request body: {'subnetpool': {'prefixes': ['10.1.0.0/20'], 'is_default': True, 'name': 'shared-default-subnetpool-v4', 'shared': True, 'default_prefixlen': 26}} {{(pid=102219) prepare_request_body /opt/stack/neutron/neutron/api/v2/base.py:729}}
Apr 02 10:53:14.908884 np0000162876 devstack@neutron-api.service[102219]: DEBUG neutron.policy [None req-ff32544c-fd23-4578-a786-e5afa6f6b875 admin admin] Loaded default policies from ['neutron'] under neutron.policies entry points {{(pid=102219) register_rules /opt/stack/neutron/neutron/policy.py:65}}
Apr 02 10:53:15.058303 np0000162876 devstack@neutron-api.service[102219]: DEBUG neutron_lib.callbacks.manager [None req-ff32544c-fd23-4578-a786-e5afa6f6b875 admin admin] Publish callbacks ['neutron.objects.securitygroup.RbacNeutronDbObjectMixin.validate_rbac_policy_change-3160650829990', 'neutron.objects.address_group.RbacNeutronDbObjectMixin.validate_rbac_policy_change-3160643403573', 'neutron.objects.network.RbacNeutronDbObjectMixin.validate_rbac_policy_change-3160650870564', 'neutron.objects.qos.policy.RbacNeutronDbObjectMixin.validate_rbac_policy_change-3160650865710', 'neutron.objects.subnetpool.RbacNeutronDbObjectMixin.validate_rbac_policy_change-3160651032018', 'neutron.objects.address_scope.RbacNeutronDbObjectMixin.validate_rbac_policy_change-3160651032095', 'neutron.plugins.ml2.plugin.External_net_db_mixin._process_ext_policy_create-211868', 'neutron.plugins.ml2.plugin.NeutronDbPluginV2.validate_network_rbac_policy_change-201456'] for rbac-policy (None), before_create {{(pid=102219) _notify_loop /opt/stack/data/venv/lib/python3.12/site-packages/neutron_lib/callbacks/manager.py:184}}
Apr 02 10:53:15.119480 np0000162876 devstack@neutron-api.service[102219]: DEBUG neutron_lib.callbacks.manager [None req-ff32544c-fd23-4578-a786-e5afa6f6b875 admin admin] Publish callbacks [] for subnetpool (None), before_response {{(pid=102219) _notify_loop /opt/stack/data/venv/lib/python3.12/site-packages/neutron_lib/callbacks/manager.py:184}}
Apr 02 10:53:15.120573 np0000162876 devstack@neutron-api.service[102219]: [pid: 102219|app: 0|req: 1/3] 199.19.213.157 () {68 vars in 1367 bytes} [Thu Apr 2 10:53:14 2026] POST /networking/v2.0/subnetpools => generated 533 bytes in 516 msecs (HTTP/1.1 201) 4 headers in 162 bytes (1 switches on core 0)
Apr 02 10:53:15.434729 np0000162876 devstack@neutron-api.service[102221]: DEBUG neutron.api.v2.base [None req-547f3f0a-a340-4058-9b88-794466b510b3 admin admin] Request body: {'subnetpool': {'prefixes': ['fd26:88d7:0e19::/56'], 'is_default': True, 'name': 'shared-default-subnetpool-v6', 'shared': True, 'default_prefixlen': 64}} {{(pid=102221) prepare_request_body /opt/stack/neutron/neutron/api/v2/base.py:729}}
Apr 02 10:53:15.616636 np0000162876 devstack@neutron-api.service[102221]: DEBUG neutron.policy [None req-547f3f0a-a340-4058-9b88-794466b510b3 admin admin] Loaded default policies from ['neutron'] under neutron.policies entry points {{(pid=102221) register_rules /opt/stack/neutron/neutron/policy.py:65}}
Apr 02 10:53:15.775189 np0000162876 devstack@neutron-api.service[102221]: DEBUG neutron_lib.callbacks.manager [None req-547f3f0a-a340-4058-9b88-794466b510b3 admin admin] Publish callbacks ['neutron.objects.securitygroup.RbacNeutronDbObjectMixin.validate_rbac_policy_change-3160650835419', 'neutron.objects.address_group.RbacNeutronDbObjectMixin.validate_rbac_policy_change-3160643390674', 'neutron.objects.network.RbacNeutronDbObjectMixin.validate_rbac_policy_change-3160650866078', 'neutron.objects.qos.policy.RbacNeutronDbObjectMixin.validate_rbac_policy_change-3160650869116', 'neutron.objects.subnetpool.RbacNeutronDbObjectMixin.validate_rbac_policy_change-3160651027168', 'neutron.objects.address_scope.RbacNeutronDbObjectMixin.validate_rbac_policy_change-3160651027245', 'neutron.plugins.ml2.plugin.External_net_db_mixin._process_ext_policy_create-154423', 'neutron.plugins.ml2.plugin.NeutronDbPluginV2.validate_network_rbac_policy_change-132055'] for rbac-policy (None), before_create {{(pid=102221) _notify_loop /opt/stack/data/venv/lib/python3.12/site-packages/neutron_lib/callbacks/manager.py:184}}
Apr 02 10:53:15.821366 np0000162876 devstack@neutron-api.service[102221]: DEBUG neutron_lib.callbacks.manager [None req-547f3f0a-a340-4058-9b88-794466b510b3 admin admin] Publish callbacks [] for subnetpool (None), before_response {{(pid=102221) _notify_loop /opt/stack/data/venv/lib/python3.12/site-packages/neutron_lib/callbacks/manager.py:184}}
Apr 02 10:53:15.822075 np0000162876 devstack@neutron-api.service[102221]: [pid: 102221|app: 0|req: 1/4] 199.19.213.157 () {68 vars in 1367 bytes} [Thu Apr 2 10:53:15 2026] POST /networking/v2.0/subnetpools => generated 542 bytes in 499 msecs (HTTP/1.1 201) 4 headers in 162 bytes (1 switches on core 0)
Apr 02 10:53:16.256337 np0000162876 devstack@neutron-api.service[102220]: DEBUG neutron.api.v2.base [None req-83e507b6-4fe8-415d-806c-7fe54248ca88 admin admin] Request body: {'network': {'admin_state_up': True, 'name': 'private'}} {{(pid=102220) prepare_request_body /opt/stack/neutron/neutron/api/v2/base.py:729}}
Apr 02 10:53:16.278910 np0000162876 devstack@neutron-api.service[102220]: DEBUG neutron.pecan_wsgi.hooks.quota_enforcement [None req-83e507b6-4fe8-415d-806c-7fe54248ca88 admin admin] Made reservation on behalf of c9133d286bff40f08a92037d80bae272 for: {'network': 1} {{(pid=102220) before /opt/stack/neutron/neutron/pecan_wsgi/hooks/quota_enforcement.py:66}}
Apr 02 10:53:16.461632 np0000162876 devstack@neutron-api.service[102220]: DEBUG neutron.policy [None req-83e507b6-4fe8-415d-806c-7fe54248ca88 admin admin] Loaded default policies from ['neutron'] under neutron.policies entry points {{(pid=102220) register_rules /opt/stack/neutron/neutron/policy.py:65}}
Apr 02 10:53:16.569686 np0000162876 devstack@neutron-api.service[102220]: DEBUG neutron_lib.callbacks.manager [None req-83e507b6-4fe8-415d-806c-7fe54248ca88 admin admin] Publish callbacks ['neutron.plugins.ml2.plugin.SecurityGroupDbMixin._ensure_default_security_group_handler-1210515'] for network (None), before_create {{(pid=102220) _notify_loop /opt/stack/data/venv/lib/python3.12/site-packages/neutron_lib/callbacks/manager.py:184}}
Apr 02 10:53:16.589398 np0000162876 devstack@neutron-api.service[102220]: DEBUG neutron_lib.callbacks.manager [None req-83e507b6-4fe8-415d-806c-7fe54248ca88 admin admin] Publish callbacks [] for security_group (None), before_create {{(pid=102220) _notify_loop /opt/stack/data/venv/lib/python3.12/site-packages/neutron_lib/callbacks/manager.py:184}}
Apr 02 10:53:16.690580 np0000162876 devstack@neutron-api.service[102220]: DEBUG neutron_lib.callbacks.manager [None req-83e507b6-4fe8-415d-806c-7fe54248ca88 admin admin] Publish callbacks ['neutron.plugins.ml2.drivers.ovn.mech_driver.mech_driver.OVNMechanismDriver._create_security_group_precommit-842112'] for security_group (fa4a0836-3898-4725-b7df-87ef7cf7b6df), precommit_create {{(pid=102220) _notify_loop /opt/stack/data/venv/lib/python3.12/site-packages/neutron_lib/callbacks/manager.py:184}}
Apr 02 10:53:16.690875 np0000162876 devstack@neutron-api.service[102220]: DEBUG neutron.db.ovn_revision_numbers_db [None req-83e507b6-4fe8-415d-806c-7fe54248ca88 admin admin] create_initial_revision uuid=fa4a0836-3898-4725-b7df-87ef7cf7b6df, type=security_groups, rev=-1 {{(pid=102220) create_initial_revision /opt/stack/neutron/neutron/db/ovn_revision_numbers_db.py:98}}
Apr 02 10:53:16.692943 np0000162876 devstack@neutron-api.service[102220]: DEBUG neutron.db.ovn_revision_numbers_db [None req-83e507b6-4fe8-415d-806c-7fe54248ca88 admin admin] create_initial_revision uuid=7b7759e4-3c40-4be4-a4bf-fa6ea42003f9, type=security_group_rules, rev=-1 {{(pid=102220) create_initial_revision /opt/stack/neutron/neutron/db/ovn_revision_numbers_db.py:98}}
Apr 02 10:53:16.693950 np0000162876 devstack@neutron-api.service[102220]: DEBUG neutron.db.ovn_revision_numbers_db [None req-83e507b6-4fe8-415d-806c-7fe54248ca88 admin admin] create_initial_revision uuid=aef5c791-4f21-43fb-8b4f-715565f57a47, type=security_group_rules, rev=-1 {{(pid=102220) create_initial_revision /opt/stack/neutron/neutron/db/ovn_revision_numbers_db.py:98}}
Apr 02 10:53:16.694869 np0000162876 devstack@neutron-api.service[102220]: DEBUG neutron.db.ovn_revision_numbers_db [None req-83e507b6-4fe8-415d-806c-7fe54248ca88 admin admin] create_initial_revision uuid=c3c1e2b2-52c4-4647-bca7-b8ad6b08ba79, type=security_group_rules, rev=-1 {{(pid=102220) create_initial_revision /opt/stack/neutron/neutron/db/ovn_revision_numbers_db.py:98}}
Apr 02 10:53:16.695819 np0000162876 devstack@neutron-api.service[102220]: DEBUG neutron.db.ovn_revision_numbers_db [None req-83e507b6-4fe8-415d-806c-7fe54248ca88 admin admin] create_initial_revision uuid=e714e0ad-adc2-4a36-9f69-7e9367beb2e0, type=security_group_rules, rev=-1 {{(pid=102220) create_initial_revision /opt/stack/neutron/neutron/db/ovn_revision_numbers_db.py:98}}
Apr 02 10:53:16.702614 np0000162876 devstack@neutron-api.service[102220]: DEBUG neutron_lib.callbacks.manager [None req-83e507b6-4fe8-415d-806c-7fe54248ca88 admin admin] Publish callbacks ['neutron.plugins.ml2.drivers.ovn.mech_driver.mech_driver.OVNMechanismDriver._create_security_group-842134', 'neutron.plugins.ml2.ovo_rpc._ObjectChangeHandler.handle_event-3678996'] for security_group (fa4a0836-3898-4725-b7df-87ef7cf7b6df), after_create {{(pid=102220) _notify_loop /opt/stack/data/venv/lib/python3.12/site-packages/neutron_lib/callbacks/manager.py:184}}
Apr 02 10:53:16.702832 np0000162876 devstack@neutron-api.service[102220]: INFO neutron.plugins.ml2.drivers.ovn.mech_driver.ovsdb.extensions.qos [None req-83e507b6-4fe8-415d-806c-7fe54248ca88 admin admin] Starting OVNClientQosExtension
Apr 02 10:53:16.702970 np0000162876 devstack@neutron-api.service[102220]: INFO neutron.plugins.ml2.drivers.ovn.mech_driver.ovsdb.extensions.placement [None req-83e507b6-4fe8-415d-806c-7fe54248ca88 admin admin] Starting OVNClientPlacementExtension
Apr 02 10:53:16.704308 np0000162876 devstack@neutron-api.service[102220]: DEBUG ovsdbapp.backend.ovs_idl.transaction [-] Running txn n=1 command(idx=0): PgAddCommand(_result=None, name=pg_fa4a0836_3898_4725_b7df_87ef7cf7b6df, may_exist=False, columns={'acls': [], 'external_ids': {'neutron:security_group_id': 'fa4a0836-3898-4725-b7df-87ef7cf7b6df'}}) {{(pid=102220) do_commit /opt/stack/data/venv/lib/python3.12/site-packages/ovsdbapp/backend/ovs_idl/transaction.py:89}}
Apr 02 10:53:16.706340 np0000162876 devstack@neutron-api.service[102220]: DEBUG ovsdbapp.backend.ovs_idl.transaction [-] Running txn n=1 command(idx=1): PgAclAddCommand(_result=None, entity=pg_fa4a0836_3898_4725_b7df_87ef7cf7b6df, direction=from-lport, priority=1002, match=inport == @pg_fa4a0836_3898_4725_b7df_87ef7cf7b6df && ip6, action=allow-related, log=False, may_exist=True, severity=[], name=[], meter=[], external_ids={'neutron:security_group_rule_id': '7b7759e4-3c40-4be4-a4bf-fa6ea42003f9'}) {{(pid=102220) do_commit /opt/stack/data/venv/lib/python3.12/site-packages/ovsdbapp/backend/ovs_idl/transaction.py:89}}
Apr 02 10:53:16.706947 np0000162876 devstack@neutron-api.service[102220]: DEBUG ovsdbapp.backend.ovs_idl.transaction [-] Running txn n=1 command(idx=2): PgAclAddCommand(_result=None, entity=pg_fa4a0836_3898_4725_b7df_87ef7cf7b6df, direction=from-lport, priority=1002, match=inport == @pg_fa4a0836_3898_4725_b7df_87ef7cf7b6df && ip4, action=allow-related, log=False, may_exist=True, severity=[], name=[], meter=[], external_ids={'neutron:security_group_rule_id': 'aef5c791-4f21-43fb-8b4f-715565f57a47'}) {{(pid=102220) do_commit /opt/stack/data/venv/lib/python3.12/site-packages/ovsdbapp/backend/ovs_idl/transaction.py:89}}
Apr 02 10:53:16.707318 np0000162876 devstack@neutron-api.service[102220]: DEBUG ovsdbapp.backend.ovs_idl.transaction [-] Running txn n=1 command(idx=3): PgAclAddCommand(_result=None, entity=pg_fa4a0836_3898_4725_b7df_87ef7cf7b6df, direction=to-lport, priority=1002, match=outport == @pg_fa4a0836_3898_4725_b7df_87ef7cf7b6df && ip4 && ip4.src == $pg_fa4a0836_3898_4725_b7df_87ef7cf7b6df_ip4, action=allow-related, log=False, may_exist=True, severity=[], name=[], meter=[], external_ids={'neutron:security_group_rule_id': 'c3c1e2b2-52c4-4647-bca7-b8ad6b08ba79'}) {{(pid=102220) do_commit /opt/stack/data/venv/lib/python3.12/site-packages/ovsdbapp/backend/ovs_idl/transaction.py:89}}
Apr 02 10:53:16.707706 np0000162876 devstack@neutron-api.service[102220]: DEBUG ovsdbapp.backend.ovs_idl.transaction [-] Running txn n=1 command(idx=4): PgAclAddCommand(_result=None, entity=pg_fa4a0836_3898_4725_b7df_87ef7cf7b6df, direction=to-lport, priority=1002, match=outport == @pg_fa4a0836_3898_4725_b7df_87ef7cf7b6df && ip6 && ip6.src == $pg_fa4a0836_3898_4725_b7df_87ef7cf7b6df_ip6, action=allow-related, log=False, may_exist=True, severity=[], name=[], meter=[], external_ids={'neutron:security_group_rule_id': 'e714e0ad-adc2-4a36-9f69-7e9367beb2e0'}) {{(pid=102220) do_commit /opt/stack/data/venv/lib/python3.12/site-packages/ovsdbapp/backend/ovs_idl/transaction.py:89}}
Apr 02 10:53:16.714136 np0000162876 devstack@neutron-api.service[102222]: DEBUG neutron.plugins.ml2.drivers.ovn.mech_driver.ovsdb.ovsdb_monitor [-] Hash Ring: Node d506b407195e5204bd471c72bfc45125 (host: np0000162876) handling event "create" for row 03394c8d-c876-47ab-8306-6a0b3a4311f3 (table: ACL) {{(pid=102222) notify /opt/stack/neutron/neutron/plugins/ml2/drivers/ovn/mech_driver/ovsdb/ovsdb_monitor.py:912}}
Apr 02 10:53:16.714536 np0000162876 devstack@neutron-api.service[102222]: DEBUG neutron.plugins.ml2.drivers.ovn.mech_driver.ovsdb.ovsdb_monitor [-] Hash Ring: Node d506b407195e5204bd471c72bfc45125 (host: np0000162876) handling event "create" for row 0e3e6e61-a4a6-497a-8ace-cc41c463976d (table: ACL) {{(pid=102222) notify /opt/stack/neutron/neutron/plugins/ml2/drivers/ovn/mech_driver/ovsdb/ovsdb_monitor.py:912}}
Apr 02 10:53:16.714536 np0000162876 devstack@neutron-api.service[102222]: DEBUG neutron.plugins.ml2.drivers.ovn.mech_driver.ovsdb.ovsdb_monitor [-] Hash Ring: Node d506b407195e5204bd471c72bfc45125 (host: np0000162876) handling event "create" for row 2169d43d-5e69-4c61-8132-dca07b639ef8 (table: ACL) {{(pid=102222) notify /opt/stack/neutron/neutron/plugins/ml2/drivers/ovn/mech_driver/ovsdb/ovsdb_monitor.py:912}}
Apr 02 10:53:16.714646 np0000162876 devstack@neutron-api.service[102222]: DEBUG neutron.plugins.ml2.drivers.ovn.mech_driver.ovsdb.ovsdb_monitor [-] Hash Ring: Node d506b407195e5204bd471c72bfc45125 (host: np0000162876) handling event "create" for row c1f11d9c-05e5-4448-a566-77827c0ae05a (table: ACL) {{(pid=102222) notify /opt/stack/neutron/neutron/plugins/ml2/drivers/ovn/mech_driver/ovsdb/ovsdb_monitor.py:912}}
Apr 02 10:53:16.714837 np0000162876 devstack@neutron-api.service[102222]: DEBUG neutron.plugins.ml2.drivers.ovn.mech_driver.ovsdb.ovsdb_monitor [-] Hash Ring: Node d506b407195e5204bd471c72bfc45125 (host: np0000162876) handling event "create" for row b1778f77-5394-4c9f-ab1e-2d385b783ecd (table: Port_Group) {{(pid=102222) notify /opt/stack/neutron/neutron/plugins/ml2/drivers/ovn/mech_driver/ovsdb/ovsdb_monitor.py:912}}
Apr 02 10:53:16.715284 np0000162876 devstack@neutron-api.service[102220]: DEBUG neutron.plugins.ml2.drivers.ovn.mech_driver.ovsdb.ovsdb_monitor [-] Hash Ring: Node 8ca68d46dea55f828367a61f2e8ae3a2 (host: np0000162876) handling event "create" for row b1778f77-5394-4c9f-ab1e-2d385b783ecd (table: Port_Group) {{(pid=102220) notify /opt/stack/neutron/neutron/plugins/ml2/drivers/ovn/mech_driver/ovsdb/ovsdb_monitor.py:912}}
Apr 02 10:53:16.716130 np0000162876 devstack@neutron-api.service[102219]: DEBUG neutron.plugins.ml2.drivers.ovn.mech_driver.ovsdb.ovsdb_monitor [-] Hash Ring: Node 710f79577a6651fda76e15db9aa521b1 (host: np0000162876) handling event "create" for row 2169d43d-5e69-4c61-8132-dca07b639ef8 (table: ACL) {{(pid=102219) notify /opt/stack/neutron/neutron/plugins/ml2/drivers/ovn/mech_driver/ovsdb/ovsdb_monitor.py:912}}
Apr 02 10:53:16.719120 np0000162876 devstack@neutron-api.service[102221]: DEBUG neutron.plugins.ml2.drivers.ovn.mech_driver.ovsdb.ovsdb_monitor [-] Hash Ring: Node 43b8e6f5308a5fdb8ee0e86185899296 (host: np0000162876) handling event "create" for row 03394c8d-c876-47ab-8306-6a0b3a4311f3 (table: ACL) {{(pid=102221) notify /opt/stack/neutron/neutron/plugins/ml2/drivers/ovn/mech_driver/ovsdb/ovsdb_monitor.py:912}}
Apr 02 10:53:16.719537 np0000162876 devstack@neutron-api.service[102221]: DEBUG neutron.plugins.ml2.drivers.ovn.mech_driver.ovsdb.ovsdb_monitor [-] Hash Ring: Node 43b8e6f5308a5fdb8ee0e86185899296 (host: np0000162876) handling event "create" for row c1f11d9c-05e5-4448-a566-77827c0ae05a (table: ACL) {{(pid=102221) notify /opt/stack/neutron/neutron/plugins/ml2/drivers/ovn/mech_driver/ovsdb/ovsdb_monitor.py:912}}
Apr 02 10:53:16.750704 np0000162876 devstack@neutron-api.service[102220]: INFO neutron.db.ovn_revision_numbers_db [None req-83e507b6-4fe8-415d-806c-7fe54248ca88 admin admin] Successfully bumped revision number for resource fa4a0836-3898-4725-b7df-87ef7cf7b6df (type: security_groups) to 1
Apr 02 10:53:16.771043 np0000162876 devstack@neutron-api.service[102220]: INFO neutron.db.ovn_revision_numbers_db [None req-83e507b6-4fe8-415d-806c-7fe54248ca88 admin admin] Successfully bumped revision number for resource 7b7759e4-3c40-4be4-a4bf-fa6ea42003f9 (type: security_group_rules) to 0
Apr 02 10:53:16.786019 np0000162876 devstack@neutron-api.service[102220]: INFO neutron.db.ovn_revision_numbers_db [None req-83e507b6-4fe8-415d-806c-7fe54248ca88 admin admin] Successfully bumped revision number for resource aef5c791-4f21-43fb-8b4f-715565f57a47 (type: security_group_rules) to 0
Apr 02 10:53:16.799772 np0000162876 devstack@neutron-api.service[102220]: INFO neutron.db.ovn_revision_numbers_db [None req-83e507b6-4fe8-415d-806c-7fe54248ca88 admin admin] Successfully bumped revision number for resource c3c1e2b2-52c4-4647-bca7-b8ad6b08ba79 (type: security_group_rules) to 0
Apr 02 10:53:16.815745 np0000162876 devstack@neutron-api.service[102220]: INFO neutron.db.ovn_revision_numbers_db [None req-83e507b6-4fe8-415d-806c-7fe54248ca88 admin admin] Successfully bumped revision number for resource e714e0ad-adc2-4a36-9f69-7e9367beb2e0 (type: security_group_rules) to 0
Apr 02 10:53:16.845786 np0000162876 devstack@neutron-api.service[102220]: DEBUG neutron.api.rpc.handlers.resources_rpc [None req-83e507b6-4fe8-415d-806c-7fe54248ca88 admin admin] Pushing event updated for resources: {'SecurityGroup': ['ID=fa4a0836-3898-4725-b7df-87ef7cf7b6df,revision_number=1']} {{(pid=102220) push /opt/stack/neutron/neutron/api/rpc/handlers/resources_rpc.py:237}}
Apr 02 10:53:16.856299 np0000162876 devstack@neutron-api.service[102220]: DEBUG ovsdbapp.backend.ovs_idl.transaction [-] Running txn n=1 command(idx=0): CheckLivenessCommand(_result=None) {{(pid=102220) do_commit /opt/stack/data/venv/lib/python3.12/site-packages/ovsdbapp/backend/ovs_idl/transaction.py:89}}
Apr 02 10:53:16.860471 np0000162876 devstack@neutron-api.service[102222]: DEBUG neutron.plugins.ml2.drivers.ovn.mech_driver.ovsdb.ovsdb_monitor [-] Hash Ring: Node d506b407195e5204bd471c72bfc45125 (host: np0000162876) handling event "update" for row 59955219-957c-49bc-909e-d0a5e1ac7593 (table: NB_Global) {{(pid=102222) notify /opt/stack/neutron/neutron/plugins/ml2/drivers/ovn/mech_driver/ovsdb/ovsdb_monitor.py:912}}
Apr 02 10:53:16.861616 np0000162876 devstack@neutron-api.service[102219]: DEBUG neutron.plugins.ml2.drivers.ovn.mech_driver.ovsdb.ovsdb_monitor [-] Hash Ring: Node 710f79577a6651fda76e15db9aa521b1 (host: np0000162876) handling event "update" for row 59955219-957c-49bc-909e-d0a5e1ac7593 (table: NB_Global) {{(pid=102219) notify /opt/stack/neutron/neutron/plugins/ml2/drivers/ovn/mech_driver/ovsdb/ovsdb_monitor.py:912}}
Apr 02 10:53:16.863121 np0000162876 devstack@neutron-api.service[102222]: DEBUG neutron.plugins.ml2.drivers.ovn.mech_driver.ovsdb.ovsdb_monitor [-] Hash Ring: Node d506b407195e5204bd471c72bfc45125 (host: np0000162876) handling event "update" for row 59955219-957c-49bc-909e-d0a5e1ac7593 (table: NB_Global) {{(pid=102222) notify /opt/stack/neutron/neutron/plugins/ml2/drivers/ovn/mech_driver/ovsdb/ovsdb_monitor.py:912}}
Apr 02 10:53:16.863278 np0000162876 devstack@neutron-api.service[102219]: DEBUG neutron.plugins.ml2.drivers.ovn.mech_driver.ovsdb.ovsdb_monitor [-] Hash Ring: Node 710f79577a6651fda76e15db9aa521b1 (host: np0000162876) handling event "update" for row 59955219-957c-49bc-909e-d0a5e1ac7593 (table: NB_Global) {{(pid=102219) notify /opt/stack/neutron/neutron/plugins/ml2/drivers/ovn/mech_driver/ovsdb/ovsdb_monitor.py:912}}
Apr 02 10:53:16.863402 np0000162876 devstack@neutron-api.service[102221]: DEBUG neutron.plugins.ml2.drivers.ovn.mech_driver.ovsdb.ovsdb_monitor [-] ChassisAgentWriteEvent : Matched Chassis_Private, update, None None {{(pid=102221) matches /opt/stack/neutron/neutron/plugins/ml2/drivers/ovn/mech_driver/ovsdb/ovsdb_monitor.py:64}}
Apr 02 10:53:16.863512 np0000162876 devstack@neutron-api.service[102220]: DEBUG neutron.api.rpc.callbacks.version_manager [None req-83e507b6-4fe8-415d-806c-7fe54248ca88 admin admin] Tracked resource versions report:
Apr 02 10:53:16.863512 np0000162876 devstack@neutron-api.service[102220]: pushed versions:
Apr 02 10:53:16.863512 np0000162876 devstack@neutron-api.service[102220]: { 'AddressGroup': {'1.2'},
Apr 02 10:53:16.863512 np0000162876 devstack@neutron-api.service[102220]: 'Agent': {'1.1'},
Apr 02 10:53:16.863512 np0000162876 devstack@neutron-api.service[102220]: 'ConntrackHelper': {'1.0'},
Apr 02 10:53:16.863512 np0000162876 devstack@neutron-api.service[102220]: 'LocalIPAssociation': {'1.0'},
Apr 02 10:53:16.863512 np0000162876 devstack@neutron-api.service[102220]: 'Log': {'1.0'},
Apr 02 10:53:16.863512 np0000162876 devstack@neutron-api.service[102220]: 'NDPProxy': {'1.0'},
Apr 02 10:53:16.863512 np0000162876 devstack@neutron-api.service[102220]: 'Network': {'1.2'},
Apr 02 10:53:16.863512 np0000162876 devstack@neutron-api.service[102220]: 'Port': {'1.10'},
Apr 02 10:53:16.863512 np0000162876 devstack@neutron-api.service[102220]: 'PortForwarding': {'1.3'},
Apr 02 10:53:16.863512 np0000162876 devstack@neutron-api.service[102220]: 'QosPolicy': {'1.10'},
Apr 02 10:53:16.863512 np0000162876 devstack@neutron-api.service[102220]: 'SecurityGroup': {'1.6'},
Apr 02 10:53:16.863512 np0000162876 devstack@neutron-api.service[102220]: 'SecurityGroupRule': {'1.3'},
Apr 02 10:53:16.863512 np0000162876 devstack@neutron-api.service[102220]: 'SubPort': {'1.0'},
Apr 02 10:53:16.863512 np0000162876 devstack@neutron-api.service[102220]: 'Subnet': {'1.2'},
Apr 02 10:53:16.863512 np0000162876 devstack@neutron-api.service[102220]: 'Trunk': {'1.1'}}
Apr 02 10:53:16.863512 np0000162876 devstack@neutron-api.service[102220]: consumer versions:
Apr 02 10:53:16.863512 np0000162876 devstack@neutron-api.service[102220]: {}
Apr 02 10:53:16.863512 np0000162876 devstack@neutron-api.service[102220]: {{(pid=102220) report /opt/stack/neutron/neutron/api/rpc/callbacks/version_manager.py:183}}
Apr 02 10:53:16.865145 np0000162876 devstack@neutron-api.service[102222]: DEBUG neutron.plugins.ml2.drivers.ovn.mech_driver.ovsdb.ovsdb_monitor [-] Hash Ring: Node d506b407195e5204bd471c72bfc45125 (host: np0000162876) handling event "update" for row 59955219-957c-49bc-909e-d0a5e1ac7593 (table: NB_Global) {{(pid=102222) notify /opt/stack/neutron/neutron/plugins/ml2/drivers/ovn/mech_driver/ovsdb/ovsdb_monitor.py:912}}
Apr 02 10:53:16.865562 np0000162876 devstack@neutron-api.service[102219]: DEBUG neutron.plugins.ml2.drivers.ovn.mech_driver.ovsdb.ovsdb_monitor [-] Hash Ring: Node 710f79577a6651fda76e15db9aa521b1 (host: np0000162876) handling event "update" for row 59955219-957c-49bc-909e-d0a5e1ac7593 (table: NB_Global) {{(pid=102219) notify /opt/stack/neutron/neutron/plugins/ml2/drivers/ovn/mech_driver/ovsdb/ovsdb_monitor.py:912}}
Apr 02 10:53:16.865734 np0000162876 devstack@neutron-api.service[102222]: DEBUG neutron.plugins.ml2.drivers.ovn.mech_driver.ovsdb.ovsdb_monitor [-] ChassisAgentWriteEvent : Matched Chassis_Private, update, None None {{(pid=102222) matches /opt/stack/neutron/neutron/plugins/ml2/drivers/ovn/mech_driver/ovsdb/ovsdb_monitor.py:64}}
Apr 02 10:53:16.865897 np0000162876 devstack@neutron-api.service[102219]: DEBUG neutron.plugins.ml2.drivers.ovn.mech_driver.ovsdb.ovsdb_monitor [-] Hash Ring: Node 710f79577a6651fda76e15db9aa521b1 (host: np0000162876) handling event "update" for row 59955219-957c-49bc-909e-d0a5e1ac7593 (table: NB_Global) {{(pid=102219) notify /opt/stack/neutron/neutron/plugins/ml2/drivers/ovn/mech_driver/ovsdb/ovsdb_monitor.py:912}}
Apr 02 10:53:16.867600 np0000162876 devstack@neutron-api.service[102219]: DEBUG neutron.plugins.ml2.drivers.ovn.mech_driver.ovsdb.ovsdb_monitor [-] ChassisAgentWriteEvent : Matched Chassis_Private, update, None None {{(pid=102219) matches /opt/stack/neutron/neutron/plugins/ml2/drivers/ovn/mech_driver/ovsdb/ovsdb_monitor.py:64}}
Apr 02 10:53:16.868125 np0000162876 devstack@neutron-api.service[102222]: DEBUG neutron.plugins.ml2.drivers.ovn.mech_driver.ovsdb.ovsdb_monitor [-] Hash Ring: Node d506b407195e5204bd471c72bfc45125 (host: np0000162876) handling event "update" for row 59955219-957c-49bc-909e-d0a5e1ac7593 (table: NB_Global) {{(pid=102222) notify /opt/stack/neutron/neutron/plugins/ml2/drivers/ovn/mech_driver/ovsdb/ovsdb_monitor.py:912}}
Apr 02 10:53:16.868685 np0000162876 devstack@neutron-api.service[102221]: DEBUG neutron.plugins.ml2.drivers.ovn.mech_driver.ovsdb.ovsdb_monitor [-] ChassisOVNAgentWriteEvent : Matched Chassis_Private, update, None None {{(pid=102221) matches /opt/stack/neutron/neutron/plugins/ml2/drivers/ovn/mech_driver/ovsdb/ovsdb_monitor.py:64}}
Apr 02 10:53:16.870319 np0000162876 devstack@neutron-api.service[102222]: DEBUG neutron.common.ovn.hash_ring_manager [-] Allow caching, nodes 4>=4 {{(pid=102222) _wait_startup_before_caching /opt/stack/neutron/neutron/common/ovn/hash_ring_manager.py:65}}
Apr 02 10:53:16.870475 np0000162876 devstack@neutron-api.service[102222]: DEBUG neutron.plugins.ml2.drivers.ovn.mech_driver.ovsdb.ovsdb_monitor [-] Hash Ring: Node d506b407195e5204bd471c72bfc45125 (host: np0000162876) handling event "update" for row 794cd66d-4c02-46ac-8af7-6d9a7169867a (table: Chassis_Private) {{(pid=102222) notify /opt/stack/neutron/neutron/plugins/ml2/drivers/ovn/mech_driver/ovsdb/ovsdb_monitor.py:912}}
Apr 02 10:53:16.870697 np0000162876 devstack@neutron-api.service[102219]: DEBUG neutron.plugins.ml2.drivers.ovn.mech_driver.ovsdb.ovsdb_monitor [-] ChassisOVNAgentWriteEvent : Matched Chassis_Private, update, None None {{(pid=102219) matches /opt/stack/neutron/neutron/plugins/ml2/drivers/ovn/mech_driver/ovsdb/ovsdb_monitor.py:64}}
Apr 02 10:53:16.871777 np0000162876 devstack@neutron-api.service[102222]: DEBUG neutron.plugins.ml2.drivers.ovn.mech_driver.ovsdb.ovsdb_monitor [-] ChassisOVNAgentWriteEvent : Matched Chassis_Private, update, None None {{(pid=102222) matches /opt/stack/neutron/neutron/plugins/ml2/drivers/ovn/mech_driver/ovsdb/ovsdb_monitor.py:64}}
Apr 02 10:53:16.872313 np0000162876 devstack@neutron-api.service[102222]: DEBUG neutron.plugins.ml2.drivers.ovn.mech_driver.ovsdb.ovsdb_monitor [-] Hash Ring: Node d506b407195e5204bd471c72bfc45125 (host: np0000162876) handling event "update" for row 794cd66d-4c02-46ac-8af7-6d9a7169867a (table: Chassis_Private) {{(pid=102222) notify /opt/stack/neutron/neutron/plugins/ml2/drivers/ovn/mech_driver/ovsdb/ovsdb_monitor.py:912}}
Apr 02 10:53:16.873264 np0000162876 devstack@neutron-api.service[102220]: DEBUG neutron.plugins.ml2.drivers.ovn.mech_driver.ovsdb.ovsdb_monitor [-] ChassisAgentWriteEvent : Matched Chassis_Private, update, None None {{(pid=102220) matches /opt/stack/neutron/neutron/plugins/ml2/drivers/ovn/mech_driver/ovsdb/ovsdb_monitor.py:64}}
Apr 02 10:53:16.874947 np0000162876 devstack@neutron-api.service[102220]: DEBUG neutron.plugins.ml2.drivers.ovn.mech_driver.ovsdb.ovsdb_monitor [-] ChassisOVNAgentWriteEvent : Matched Chassis_Private, update, None None {{(pid=102220) matches /opt/stack/neutron/neutron/plugins/ml2/drivers/ovn/mech_driver/ovsdb/ovsdb_monitor.py:64}}
Apr 02 10:53:16.927517 np0000162876 devstack@neutron-api.service[102220]: DEBUG neutron.plugins.ml2.drivers.helpers [None req-83e507b6-4fe8-415d-806c-7fe54248ca88 admin admin] geneve segment allocate from pool success with {'geneve_vni': 13973} {{(pid=102220) allocate_partially_specified_segment /opt/stack/neutron/neutron/plugins/ml2/drivers/helpers.py:142}}
Apr 02 10:53:16.941049 np0000162876 devstack@neutron-api.service[102220]: DEBUG neutron_lib.callbacks.manager [None req-83e507b6-4fe8-415d-806c-7fe54248ca88 admin admin] Publish callbacks ['neutron.services.segments.db._add_segment_host_mapping_for_segment-8400984010382', 'neutron.plugins.ml2.plugin.Ml2Plugin._handle_segment_change-1473443'] for segment (11e0a9dd-7922-4e29-b97a-b4045f18dd10), precommit_create {{(pid=102220) _notify_loop /opt/stack/data/venv/lib/python3.12/site-packages/neutron_lib/callbacks/manager.py:184}}
Apr 02 10:53:16.941245 np0000162876 devstack@neutron-api.service[102220]: INFO neutron.db.segments_db [None req-83e507b6-4fe8-415d-806c-7fe54248ca88 admin admin] Added segment 11e0a9dd-7922-4e29-b97a-b4045f18dd10 of type geneve for network f29c4065-cf81-4748-a489-26b67b81927b
Apr 02 10:53:16.989650 np0000162876 devstack@neutron-api.service[102220]: DEBUG neutron_lib.callbacks.manager [None req-83e507b6-4fe8-415d-806c-7fe54248ca88 admin admin] Publish callbacks ['neutron.services.auto_allocate.db._ensure_external_network_default_value_callback-8400982379080'] for network (f29c4065-cf81-4748-a489-26b67b81927b), precommit_create {{(pid=102220) _notify_loop /opt/stack/data/venv/lib/python3.12/site-packages/neutron_lib/callbacks/manager.py:184}}
Apr 02 10:53:17.006801 np0000162876 devstack@neutron-api.service[102220]: DEBUG neutron.plugins.ml2.drivers.ovn.mech_driver.mech_driver [None req-83e507b6-4fe8-415d-806c-7fe54248ca88 admin admin] Validating network segment with type geneve, segmentation ID 13973, physical network None {{(pid=102220) _validate_network_segments /opt/stack/neutron/neutron/plugins/ml2/drivers/ovn/mech_driver/mech_driver.py:631}}
Apr 02 10:53:17.007016 np0000162876 devstack@neutron-api.service[102220]: DEBUG neutron.db.ovn_revision_numbers_db [None req-83e507b6-4fe8-415d-806c-7fe54248ca88 admin admin] create_initial_revision uuid=f29c4065-cf81-4748-a489-26b67b81927b, type=networks, rev=-1 {{(pid=102220) create_initial_revision /opt/stack/neutron/neutron/db/ovn_revision_numbers_db.py:98}}
Apr 02 10:53:17.022613 np0000162876 devstack@neutron-api.service[102220]: DEBUG neutron_lib.callbacks.manager [None req-83e507b6-4fe8-415d-806c-7fe54248ca88 admin admin] Publish callbacks ['neutron.plugins.ml2.ovo_rpc._ObjectChangeHandler.handle_event-3678999'] for network (f29c4065-cf81-4748-a489-26b67b81927b), after_create {{(pid=102220) _notify_loop /opt/stack/data/venv/lib/python3.12/site-packages/neutron_lib/callbacks/manager.py:184}}
Apr 02 10:53:17.063233 np0000162876 devstack@neutron-api.service[102220]: DEBUG neutron.api.rpc.handlers.resources_rpc [None req-83e507b6-4fe8-415d-806c-7fe54248ca88 admin admin] Pushing event updated for resources: {'Network': ['ID=f29c4065-cf81-4748-a489-26b67b81927b,revision_number=1']} {{(pid=102220) push /opt/stack/neutron/neutron/api/rpc/handlers/resources_rpc.py:237}}
Apr 02 10:53:17.070988 np0000162876 devstack@neutron-api.service[102220]: DEBUG ovsdbapp.backend.ovs_idl.transaction [-] Running txn n=1 command(idx=0): AddNetworkCommand(_result=None, network_uuid=f29c4065-cf81-4748-a489-26b67b81927b, may_exist=True, columns={'external_ids': {'neutron:network_name': 'private', 'neutron:mtu': '1372', 'neutron:revision_number': '1', 'neutron:availability_zone_hints': '', 'neutron:provnet-network-type': 'geneve'}, 'other_config': {'mcast_snoop': 'false', 'mcast_flood_unregistered': 'false', 'vlan-passthru': 'false'}}) {{(pid=102220) do_commit /opt/stack/data/venv/lib/python3.12/site-packages/ovsdbapp/backend/ovs_idl/transaction.py:89}}
Apr 02 10:53:17.071679 np0000162876 devstack@neutron-api.service[102220]: DEBUG neutron.common.ovn.utils [-] OVS persist_uuid supported=True {{(pid=102220) ovs_persist_uuid_supported /opt/stack/neutron/neutron/common/ovn/utils.py:1535}}
Apr 02 10:53:17.074409 np0000162876 devstack@neutron-api.service[102220]: DEBUG neutron.plugins.ml2.drivers.ovn.mech_driver.ovsdb.ovsdb_monitor [-] Hash Ring: Node 8ca68d46dea55f828367a61f2e8ae3a2 (host: np0000162876) handling event "create" for row f29c4065-cf81-4748-a489-26b67b81927b (table: Logical_Switch) {{(pid=102220) notify /opt/stack/neutron/neutron/plugins/ml2/drivers/ovn/mech_driver/ovsdb/ovsdb_monitor.py:912}}
Apr 02 10:53:17.076459 np0000162876 devstack@neutron-api.service[102222]: DEBUG neutron.plugins.ml2.drivers.ovn.mech_driver.ovsdb.ovsdb_monitor [-] Hash Ring: Node d506b407195e5204bd471c72bfc45125 (host: np0000162876) handling event "create" for row f29c4065-cf81-4748-a489-26b67b81927b (table: Logical_Switch) {{(pid=102222) notify /opt/stack/neutron/neutron/plugins/ml2/drivers/ovn/mech_driver/ovsdb/ovsdb_monitor.py:912}}
Apr 02 10:53:17.081789 np0000162876 devstack@neutron-api.service[102222]: DEBUG neutron.plugins.ml2.drivers.ovn.mech_driver.ovsdb.ovsdb_monitor [-] Hash Ring: Node d506b407195e5204bd471c72bfc45125 (host: np0000162876) handling event "create" for row 4c9d89e2-400d-4850-b5d9-8d8f785db500 (table: Datapath_Binding) {{(pid=102222) notify /opt/stack/neutron/neutron/plugins/ml2/drivers/ovn/mech_driver/ovsdb/ovsdb_monitor.py:912}}
Apr 02 10:53:17.082456 np0000162876 devstack@neutron-api.service[102219]: DEBUG neutron.plugins.ml2.drivers.ovn.mech_driver.ovsdb.ovsdb_monitor [-] Hash Ring: Node 710f79577a6651fda76e15db9aa521b1 (host: np0000162876) handling event "create" for row 4c9d89e2-400d-4850-b5d9-8d8f785db500 (table: Datapath_Binding) {{(pid=102219) notify /opt/stack/neutron/neutron/plugins/ml2/drivers/ovn/mech_driver/ovsdb/ovsdb_monitor.py:912}}
Apr 02 10:53:17.101355 np0000162876 devstack@neutron-api.service[102220]: INFO neutron.db.ovn_revision_numbers_db [None req-83e507b6-4fe8-415d-806c-7fe54248ca88 admin admin] Successfully bumped revision number for resource f29c4065-cf81-4748-a489-26b67b81927b (type: networks) to 1
Apr 02 10:53:17.154690 np0000162876 devstack@neutron-api.service[102220]: DEBUG neutron_lib.callbacks.manager [None req-83e507b6-4fe8-415d-806c-7fe54248ca88 admin admin] Publish callbacks ['neutron.plugins.ml2.plugin.SecurityGroupDbMixin._ensure_default_security_group_handler-1210515'] for port (None), before_create {{(pid=102220) _notify_loop /opt/stack/data/venv/lib/python3.12/site-packages/neutron_lib/callbacks/manager.py:184}}
Apr 02 10:53:17.245058 np0000162876 devstack@neutron-api.service[102220]: DEBUG neutron_lib.callbacks.manager [None req-83e507b6-4fe8-415d-806c-7fe54248ca88 admin admin] Publish callbacks ['neutron.plugins.ml2.drivers.ovn.mech_driver.mech_driver.OVNMechanismDriver._validate_allowed_address_pairs-841736'] for allowed_address_pair (44ad0696-977d-4ab1-a590-886c715f02f8), before_create {{(pid=102220) _notify_loop /opt/stack/data/venv/lib/python3.12/site-packages/neutron_lib/callbacks/manager.py:184}}
Apr 02 10:53:17.245552 np0000162876 devstack@neutron-api.service[102220]: DEBUG neutron_lib.callbacks.manager [None req-83e507b6-4fe8-415d-806c-7fe54248ca88 admin admin] Publish callbacks [] for port (44ad0696-977d-4ab1-a590-886c715f02f8), precommit_create {{(pid=102220) _notify_loop /opt/stack/data/venv/lib/python3.12/site-packages/neutron_lib/callbacks/manager.py:184}}
Apr 02 10:53:17.245718 np0000162876 devstack@neutron-api.service[102220]: DEBUG neutron.plugins.ml2.drivers.ovn.mech_driver.mech_driver [None req-83e507b6-4fe8-415d-806c-7fe54248ca88 admin admin] No provisioning block for port 44ad0696-977d-4ab1-a590-886c715f02f8 since it does not have a host {{(pid=102220) _is_port_provisioning_required /opt/stack/neutron/neutron/plugins/ml2/drivers/ovn/mech_driver/mech_driver.py:884}}
Apr 02 10:53:17.245808 np0000162876 devstack@neutron-api.service[102220]: DEBUG neutron.db.ovn_revision_numbers_db [None req-83e507b6-4fe8-415d-806c-7fe54248ca88 admin admin] create_initial_revision uuid=44ad0696-977d-4ab1-a590-886c715f02f8, type=ports, rev=-1 {{(pid=102220) create_initial_revision /opt/stack/neutron/neutron/db/ovn_revision_numbers_db.py:98}}
Apr 02 10:53:17.491898 np0000162876 devstack@neutron-api.service[102220]: DEBUG neutron_lib.callbacks.manager [None req-83e507b6-4fe8-415d-806c-7fe54248ca88 admin admin] Publish callbacks ['neutron.plugins.ml2.ovo_rpc._ObjectChangeHandler.handle_event-3678950'] for port (44ad0696-977d-4ab1-a590-886c715f02f8), after_create {{(pid=102220) _notify_loop /opt/stack/data/venv/lib/python3.12/site-packages/neutron_lib/callbacks/manager.py:184}}
Apr 02 10:53:17.555200 np0000162876 devstack@neutron-api.service[102220]: DEBUG neutron.api.rpc.handlers.resources_rpc [None req-83e507b6-4fe8-415d-806c-7fe54248ca88 admin admin] Pushing event updated for resources: {'Port': ['ID=44ad0696-977d-4ab1-a590-886c715f02f8,revision_number=1']} {{(pid=102220) push /opt/stack/neutron/neutron/api/rpc/handlers/resources_rpc.py:237}}
