2026-07-09 18:12:48.441 8 INFO neutron_taas.services.taas.tap_mirror_plugin [None req-7cd1fb23-2a42-46ce-902d-22d66215845f 9d01edada92949d9936f70e64ed60150 d22f2f675e444481872e270960aa6d51 - - default default] Tap Mirror: Handle Delete Port: 5945c4f1-8d81-443a-9d89-8c4ef453e295
2026-07-09 18:12:48.551 8 INFO neutron.plugins.ml2.drivers.ovn.mech_driver.mech_driver [None req-e65820f7-0073-425f-997c-e7fd3d88d23c - - - - - -] OVN reports status up for port: 7c810327-df93-4175-9574-60a1c76e1419
2026-07-09 18:12:48.576 8 ERROR ovsdbapp.event [None req-e65820f7-0073-425f-997c-e7fd3d88d23c - - - - - -] Unexpected exception in notify_loop: AttributeError: 'NoneType' object has no attribute 'external_ids'
2026-07-09 18:12:48.576 8 ERROR ovsdbapp.event
Traceback (most recent call last):
2026-07-09 18:12:48.576 8 ERROR ovsdbapp.event
File "/var/lib/openstack/lib/python3.12/site-packages/ovsdbapp/event.py", line 185, in notify_loop
2026-07-09 18:12:48.576 8 ERROR ovsdbapp.event match.run(event, row, updates)
2026-07-09 18:12:48.576 8 ERROR ovsdbapp.event
File "/var/lib/openstack/lib/python3.12/site-packages/neutron/services/ovn_l3/ovsdb_monitor.py", line 91, in run
2026-07-09 18:12:48.576 8 ERROR ovsdbapp.event self.l3_plugin._ovn_client.link_network_ha_chassis_group(
2026-07-09 18:12:48.576 8 ERROR ovsdbapp.event
File "/var/lib/openstack/lib/python3.12/site-packages/neutron/plugins/ml2/drivers/ovn/mech_driver/ovsdb/ovn_client.py", line 2487, in link_network_ha_chassis_group
2026-07-09 18:12:48.576 8 ERROR ovsdbapp.event hcg, _ = utils.sync_ha_chassis_group_network_unified(
2026-07-09 18:12:48.576 8 ERROR ovsdbapp.event ^^^^^^^^^^^^^^^^^^^^^^^^^^^^^^^^^^^^^^^^^^^^
2026-07-09 18:12:48.576 8 ERROR ovsdbapp.event
File "/var/lib/openstack/lib/python3.12/site-packages/neutron/common/ovn/utils.py", line 235, in wrapped
2026-07-09 18:12:48.576 8 ERROR ovsdbapp.event return f(*args, **kwargs)
2026-07-09 18:12:48.576 8 ERROR ovsdbapp.event ^^^^^^^^^^^^^^^^^^
2026-07-09 18:12:48.576 8 ERROR ovsdbapp.event
File "/var/lib/openstack/lib/python3.12/site-packages/neutron/common/ovn/utils.py", line 1366, in sync_ha_chassis_group_network_unified
2026-07-09 18:12:48.576 8 ERROR ovsdbapp.event physnet = ls.external_ids.get(constants.OVN_PHYSNET_EXT_ID_KEY)
2026-07-09 18:12:48.576 8 ERROR ovsdbapp.event ^^^^^^^^^^^^^^^
2026-07-09 18:12:48.576 8 ERROR ovsdbapp.event AttributeError: 'NoneType' object has no attribute 'external_ids'
2026-07-09 18:12:48.576 8 ERROR ovsdbapp.event
2026-07-09 18:12:48.596 8 INFO neutron.plugins.ml2.drivers.ovn.mech_driver.mech_driver [None req-e65820f7-0073-425f-997c-e7fd3d88d23c - - - - - -] OVN reports status down for port: 6a2fd4be-6fb2-4798-9372-8e404c7a94e4
2026-07-09 18:12:48.618 8 INFO neutron.plugins.ml2.drivers.ovn.mech_driver.mech_driver [None req-e65820f7-0073-425f-997c-e7fd3d88d23c - - - - - -] OVN reports status down for port: 227d2428-6fad-4fa9-b9d4-456eaf78eea3
2026-07-09 18:12:48.747 8 INFO neutron.plugins.ml2.drivers.ovn.mech_driver.mech_driver [None req-e65820f7-0073-425f-997c-e7fd3d88d23c - - - - - -] OVN reports status down for port: 5945c4f1-8d81-443a-9d89-8c4ef453e295 [pid: 8|app: 0|req: 1229/2524] 10.0.0.163 () {32 vars in 719 bytes} [Thu Jul 9 18:12:48 2026] DELETE /v2.0/ports/5945c4f1-8d81-443a-9d89-8c4ef453e295 => generated 0 bytes in 570 msecs (HTTP/1.1 204) 3 headers in 131 bytes (1 switches on core 0)
2026-07-09 18:12:48.872 8 WARNING neutron.db.securitygroups_db [None req-6a246182-c16c-4902-99c9-eae758e866b3 23422d7a98684b749f9ee19f0cfd7758 d4b81ac989b34c56a430b56e9db6c22d - - default default] project_id key not found in filters, using tenant_id instead. This support has been deprecated and will be removed in a future release.
2026-07-09 18:12:49.055 8 INFO neutron.db.ovn_revision_numbers_db [None req-6a246182-c16c-4902-99c9-eae758e866b3 23422d7a98684b749f9ee19f0cfd7758 d4b81ac989b34c56a430b56e9db6c22d - - default default] Successfully bumped revision number for resource be6f8565-e440-4e86-9cdb-c9e8ea27a717 (type: security_groups) to 1
2026-07-09 18:12:49.068 8 INFO neutron.db.ovn_revision_numbers_db [None req-6a246182-c16c-4902-99c9-eae758e866b3 23422d7a98684b749f9ee19f0cfd7758 d4b81ac989b34c56a430b56e9db6c22d - - default default] Successfully bumped revision number for resource 23c53520-92e0-456a-832d-bd7ec538f4c4 (type: security_group_rules) to 0
2026-07-09 18:12:49.083 8 INFO neutron.db.ovn_revision_numbers_db [None req-6a246182-c16c-4902-99c9-eae758e866b3 23422d7a98684b749f9ee19f0cfd7758 d4b81ac989b34c56a430b56e9db6c22d - - default default] Successfully bumped revision number for resource 9f2025ee-93cd-415e-a68f-00eb1ee791a5 (type: security_group_rules) to 0
2026-07-09 18:12:49.098 8 INFO neutron.db.ovn_revision_numbers_db [None req-6a246182-c16c-4902-99c9-eae758e866b3 23422d7a98684b749f9ee19f0cfd7758 d4b81ac989b34c56a430b56e9db6c22d - - default default] Successfully bumped revision number for resource ed3cacbe-9d63-4ffd-8e44-1e9214f5dc3f (type: security_group_rules) to 0
2026-07-09 18:12:49.109 8 INFO neutron.db.ovn_revision_numbers_db [None req-6a246182-c16c-4902-99c9-eae758e866b3 23422d7a98684b749f9ee19f0cfd7758 d4b81ac989b34c56a430b56e9db6c22d - - default default] Successfully bumped revision number for resource fe7db866-7c45-424c-8994-08fd166ea558 (type: security_group_rules) to 0 [pid: 8|app: 0|req: 1230/2525] 10.0.0.163 () {32 vars in 773 bytes} [Thu Jul 9 18:12:48 2026] GET /v2.0/security-groups?tenant_id=3506b98133e54c96978f5255de02e267&name=default => generated 2929 bytes in 375 msecs (HTTP/1.1 200) 4 headers in 158 bytes (1 switches on core 0)
2026-07-09 18:12:49.280 8 INFO neutron_taas.services.taas.taas_plugin [None req-079f59df-1c23-4942-a39f-fc9cf9cb3567 9d01edada92949d9936f70e64ed60150 d22f2f675e444481872e270960aa6d51 - - default default] TaaS: Handle Delete Port: 227d2428-6fad-4fa9-b9d4-456eaf78eea3
2026-07-09 18:12:49.280 7 INFO neutron.db.ovn_revision_numbers_db [None req-6e28a5dd-c560-46b0-b88d-3c1353ef50e4 1f221f9597f64392afff1660df3d9ca2 2c7a4b635a324313b2fe8cbd39315189 - - default default] Successfully bumped revision number for resource bc353c09-de21-44e5-a66b-dfafd2cf8c14 (type: routers) to 5
2026-07-09 18:12:49.284 8 INFO neutron_taas.services.taas.tap_mirror_plugin [None req-079f59df-1c23-4942-a39f-fc9cf9cb3567 9d01edada92949d9936f70e64ed60150 d22f2f675e444481872e270960aa6d51 - - default default] Tap Mirror: Handle Delete Port: 227d2428-6fad-4fa9-b9d4-456eaf78eea3 [pid: 7|app: 0|req: 1296/2526] 10.0.0.163 () {34 vars in 741 bytes} [Thu Jul 9 18:12:48 2026] PUT /v2.0/routers/bc353c09-de21-44e5-a66b-dfafd2cf8c14 => generated 962 bytes in 910 msecs (HTTP/1.1 200) 4 headers in 157 bytes (1 switches on core 0)
2026-07-09 18:12:49.584 8 INFO neutron.services.segments.plugin [-] Segment db1e138e-c35c-4631-8403-5af2860f1cb4 resource provider aggregate not found
2026-07-09 18:12:49.601 8 INFO neutron.services.segments.plugin [-] Segment db1e138e-c35c-4631-8403-5af2860f1cb4 resource provider aggregate not found [pid: 7|app: 0|req: 1297/2527] 10.0.0.163 () {32 vars in 739 bytes} [Thu Jul 9 18:12:49 2026] DELETE /v2.0/security-groups/be6f8565-e440-4e86-9cdb-c9e8ea27a717 => generated 0 bytes in 318 msecs (HTTP/1.1 204) 2 headers in 112 bytes (1 switches on core 0)
2026-07-09 18:12:49.618 8 INFO neutron.services.segments.plugin [-] Client error retrieving segment db1e138e-c35c-4631-8403-5af2860f1cb4 resource provider; error: Placement Client Error (4xx): {"errors": [{"status": 404, "title": "Not Found", "detail": "The resource could not be found.\n\n No resource provider with uuid db1e138e-c35c-4631-8403-5af2860f1cb4 found for delete ", "request_id": "req-5a331cd8-0880-4e9e-9218-6c09e3fee813"}]}
2026-07-09 18:12:49.629 8 INFO neutron.services.segments.plugin [-] Client error retrieving segment db1e138e-c35c-4631-8403-5af2860f1cb4 resource provider; error: Placement Client Error (4xx): {"errors": [{"status": 404, "title": "Not Found", "detail": "The resource could not be found.\n\n No resource provider with uuid db1e138e-c35c-4631-8403-5af2860f1cb4 found for delete ", "request_id": "req-fb73cf18-e72f-4a02-86f0-fb65fa1eb2ef"}]} [pid: 8|app: 0|req: 1231/2528] 10.0.0.163 () {32 vars in 725 bytes} [Thu Jul 9 18:12:49 2026] DELETE /v2.0/networks/0f8e8e51-0358-489f-84b5-cd6c5f959582 => generated 0 bytes in 525 msecs (HTTP/1.1 204) 3 headers in 131 bytes (1 switches on core 0)
2026-07-09 18:12:49.742 8 WARNING neutron.db.securitygroups_db [None req-a334ebde-84ec-4d67-929f-f7bac23406ef 23422d7a98684b749f9ee19f0cfd7758 d4b81ac989b34c56a430b56e9db6c22d - - default default] project_id key not found in filters, using tenant_id instead. This support has been deprecated and will be removed in a future release. [pid: 7|app: 0|req: 1298/2529] 10.0.0.163 () {32 vars in 735 bytes} [Thu Jul 9 18:12:49 2026] GET /v2.0/ports?device_id=bc353c09-de21-44e5-a66b-dfafd2cf8c14 => generated 946 bytes in 147 msecs (HTTP/1.1 200) 4 headers in 157 bytes (1 switches on core 0)
2026-07-09 18:12:49.925 8 INFO neutron.db.ovn_revision_numbers_db [None req-a334ebde-84ec-4d67-929f-f7bac23406ef 23422d7a98684b749f9ee19f0cfd7758 d4b81ac989b34c56a430b56e9db6c22d - - default default] Successfully bumped revision number for resource 5c053da7-bf85-4999-bce6-2d5500441e19 (type: security_groups) to 1
2026-07-09 18:12:49.937 8 INFO neutron.db.ovn_revision_numbers_db [None req-a334ebde-84ec-4d67-929f-f7bac23406ef 23422d7a98684b749f9ee19f0cfd7758 d4b81ac989b34c56a430b56e9db6c22d - - default default] Successfully bumped revision number for resource 502999a3-d3f4-432a-8758-1f9d2dd9ed67 (type: security_group_rules) to 0
2026-07-09 18:12:49.950 8 INFO neutron.db.ovn_revision_numbers_db [None req-a334ebde-84ec-4d67-929f-f7bac23406ef 23422d7a98684b749f9ee19f0cfd7758 d4b81ac989b34c56a430b56e9db6c22d - - default default] Successfully bumped revision number for resource 97ddc048-5961-4647-93f1-a21aaa52f8b0 (type: security_group_rules) to 0
2026-07-09 18:12:49.963 8 INFO neutron.db.ovn_revision_numbers_db [None req-a334ebde-84ec-4d67-929f-f7bac23406ef 23422d7a98684b749f9ee19f0cfd7758 d4b81ac989b34c56a430b56e9db6c22d - - default default] Successfully bumped revision number for resource 9fa1bfd6-0660-4697-8b0e-854b8bfcb3a2 (type: security_group_rules) to 0
2026-07-09 18:12:49.978 8 INFO neutron.db.ovn_revision_numbers_db [None req-a334ebde-84ec-4d67-929f-f7bac23406ef 23422d7a98684b749f9ee19f0cfd7758 d4b81ac989b34c56a430b56e9db6c22d - - default default] Successfully bumped revision number for resource c528371b-960e-40b8-a612-8f7739fb200e (type: security_group_rules) to 0 [pid: 8|app: 0|req: 1232/2530] 10.0.0.163 () {32 vars in 773 bytes} [Thu Jul 9 18:12:49 2026] GET /v2.0/security-groups?tenant_id=632908b13dfa4ed084903780be026aeb&name=default => generated 2929 bytes in 288 msecs (HTTP/1.1 200) 4 headers in 158 bytes (1 switches on core 0)
2026-07-09 18:12:50.191 7 INFO neutron_taas.services.taas.taas_plugin [None req-bfff2564-57a5-4a57-bb4b-4d235b3c3ba6 1f221f9597f64392afff1660df3d9ca2 2c7a4b635a324313b2fe8cbd39315189 - - default default] TaaS: Handle Delete Port: b6ccac2b-8a94-4d07-ac37-076d347ab19a
2026-07-09 18:12:50.194 7 INFO neutron_taas.services.taas.tap_mirror_plugin [None req-bfff2564-57a5-4a57-bb4b-4d235b3c3ba6 1f221f9597f64392afff1660df3d9ca2 2c7a4b635a324313b2fe8cbd39315189 - - default default] Tap Mirror: Handle Delete Port: b6ccac2b-8a94-4d07-ac37-076d347ab19a [pid: 8|app: 0|req: 1233/2531] 10.0.0.163 () {32 vars in 739 bytes} [Thu Jul 9 18:12:50 2026] DELETE /v2.0/security-groups/5c053da7-bf85-4999-bce6-2d5500441e19 => generated 0 bytes in 240 msecs (HTTP/1.1 204) 2 headers in 112 bytes (1 switches on core 0)
2026-07-09 18:12:50.650 8 WARNING neutron.db.securitygroups_db [None req-5f4e8706-4d7d-48f4-9a27-be144b8b1d9d 23422d7a98684b749f9ee19f0cfd7758 d4b81ac989b34c56a430b56e9db6c22d - - default default] project_id key not found in filters, using tenant_id instead. This support has been deprecated and will be removed in a future release.
2026-07-09 18:12:50.827 8 INFO neutron.db.ovn_revision_numbers_db [None req-5f4e8706-4d7d-48f4-9a27-be144b8b1d9d 23422d7a98684b749f9ee19f0cfd7758 d4b81ac989b34c56a430b56e9db6c22d - - default default] Successfully bumped revision number for resource 586043f7-6ef7-43fd-83da-45f895350534 (type: security_groups) to 1
2026-07-09 18:12:50.842 8 INFO neutron.db.ovn_revision_numbers_db [None req-5f4e8706-4d7d-48f4-9a27-be144b8b1d9d 23422d7a98684b749f9ee19f0cfd7758 d4b81ac989b34c56a430b56e9db6c22d - - default default] Successfully bumped revision number for resource 1cc466cd-21aa-4bf6-8e08-c4231bc839a3 (type: security_group_rules) to 0
2026-07-09 18:12:50.857 8 INFO neutron.db.ovn_revision_numbers_db [None req-5f4e8706-4d7d-48f4-9a27-be144b8b1d9d 23422d7a98684b749f9ee19f0cfd7758 d4b81ac989b34c56a430b56e9db6c22d - - default default] Successfully bumped revision number for resource ced4da2b-e8d0-4bae-b337-beaecce93984 (type: security_group_rules) to 0 [pid: 7|app: 0|req: 1299/2532] 10.0.0.163 () {34 vars in 788 bytes} [Thu Jul 9 18:12:49 2026] PUT /v2.0/routers/bc353c09-de21-44e5-a66b-dfafd2cf8c14/remove_router_interface => generated 310 bytes in 1106 msecs (HTTP/1.1 200) 4 headers in 157 bytes (1 switches on core 0)
2026-07-09 18:12:50.874 8 INFO neutron.db.ovn_revision_numbers_db [None req-5f4e8706-4d7d-48f4-9a27-be144b8b1d9d 23422d7a98684b749f9ee19f0cfd7758 d4b81ac989b34c56a430b56e9db6c22d - - default default] Successfully bumped revision number for resource d9438227-7cf2-4c67-bc4b-131e21a63a78 (type: security_group_rules) to 0 /var/lib/openstack/lib/python3.12/site-packages/pycadf/identifier.py:70: UserWarning: Invalid uuid: neutron. To ensure interoperability, identifiers should be a valid uuid. warnings.warn(('Invalid uuid: %s. To ensure interoperability, '
2026-07-09 18:12:50.895 8 INFO neutron.db.ovn_revision_numbers_db [None req-5f4e8706-4d7d-48f4-9a27-be144b8b1d9d 23422d7a98684b749f9ee19f0cfd7758 d4b81ac989b34c56a430b56e9db6c22d - - default default] Successfully bumped revision number for resource f3885912-b01c-4a3e-92c5-f4d38dd511d5 (type: security_group_rules) to 0 [pid: 8|app: 0|req: 1234/2533] 10.0.0.163 () {32 vars in 773 bytes} [Thu Jul 9 18:12:50 2026] GET /v2.0/security-groups?tenant_id=1a4e401cb6b344e39a8a008b99b9148c&name=default => generated 2929 bytes in 569 msecs (HTTP/1.1 200) 4 headers in 158 bytes (1 switches on core 0) [pid: 8|app: 0|req: 1235/2534] 10.0.0.163 () {32 vars in 739 bytes} [Thu Jul 9 18:12:50 2026] DELETE /v2.0/security-groups/586043f7-6ef7-43fd-83da-45f895350534 => generated 0 bytes in 261 msecs (HTTP/1.1 204) 2 headers in 112 bytes (1 switches on core 0)
2026-07-09 18:12:51.271 7 INFO neutron_taas.services.taas.taas_plugin [None req-88af7d90-0f46-479f-8114-5208b38ed0f5 1f221f9597f64392afff1660df3d9ca2 2c7a4b635a324313b2fe8cbd39315189 - - default default] TaaS: Handle Delete Port: 6f56a59a-a59a-4c5e-852c-0eb22f283465
2026-07-09 18:12:51.276 7 INFO neutron_taas.services.taas.tap_mirror_plugin [None req-88af7d90-0f46-479f-8114-5208b38ed0f5 1f221f9597f64392afff1660df3d9ca2 2c7a4b635a324313b2fe8cbd39315189 - - default default] Tap Mirror: Handle Delete Port: 6f56a59a-a59a-4c5e-852c-0eb22f283465
2026-07-09 18:12:51.322 8 WARNING neutron.db.securitygroups_db [None req-75b54f09-3c5c-4e45-b280-5b50cc8e3d06 23422d7a98684b749f9ee19f0cfd7758 d4b81ac989b34c56a430b56e9db6c22d - - default default] project_id key not found in filters, using tenant_id instead. This support has been deprecated and will be removed in a future release. [pid: 8|app: 0|req: 1236/2535] 10.0.0.163 () {32 vars in 773 bytes} [Thu Jul 9 18:12:51 2026] GET /v2.0/security-groups?tenant_id=d22f2f675e444481872e270960aa6d51&name=default => generated 2929 bytes in 41 msecs (HTTP/1.1 200) 4 headers in 158 bytes (1 switches on core 0) [pid: 8|app: 0|req: 1237/2536] 10.0.0.163 () {32 vars in 739 bytes} [Thu Jul 9 18:12:51 2026] DELETE /v2.0/security-groups/9cf9ace7-a3ec-492e-8f95-3d93e3370934 => generated 0 bytes in 330 msecs (HTTP/1.1 204) 2 headers in 112 bytes (1 switches on core 0) [pid: 7|app: 0|req: 1300/2537] 10.0.0.163 () {32 vars in 723 bytes} [Thu Jul 9 18:12:50 2026] DELETE /v2.0/routers/bc353c09-de21-44e5-a66b-dfafd2cf8c14 => generated 0 bytes in 1077 msecs (HTTP/1.1 204) 2 headers in 112 bytes (1 switches on core 0) [pid: 8|app: 0|req: 1238/2538] 10.0.0.163 () {32 vars in 723 bytes} [Thu Jul 9 18:12:51 2026] DELETE /v2.0/subnets/0f2f6f15-dc08-4af5-a9b7-c48a35416bd6 => generated 0 bytes in 188 msecs (HTTP/1.1 204) 3 headers in 131 bytes (1 switches on core 0)
2026-07-09 18:12:52.296 7 INFO neutron_taas.services.taas.taas_plugin [None req-8a93c884-9284-4e64-b1ec-3fb941f5cf6e 1f221f9597f64392afff1660df3d9ca2 2c7a4b635a324313b2fe8cbd39315189 - - default default] TaaS: Handle Delete Port: a2862696-51fa-46fe-9a3f-edb0d4910a31
2026-07-09 18:12:52.299 7 INFO neutron_taas.services.taas.tap_mirror_plugin [None req-8a93c884-9284-4e64-b1ec-3fb941f5cf6e 1f221f9597f64392afff1660df3d9ca2 2c7a4b635a324313b2fe8cbd39315189 - - default default] Tap Mirror: Handle Delete Port: a2862696-51fa-46fe-9a3f-edb0d4910a31
2026-07-09 18:12:52.536 7 INFO neutron.services.segments.plugin [-] Segment 826fed66-8079-4770-89c2-1c5247584d45 resource provider aggregate not found
2026-07-09 18:12:52.545 7 INFO neutron.services.segments.plugin [-] Segment 826fed66-8079-4770-89c2-1c5247584d45 resource provider aggregate not found
2026-07-09 18:12:52.570 7 INFO neutron.services.segments.plugin [-] Client error retrieving segment 826fed66-8079-4770-89c2-1c5247584d45 resource provider; error: Placement Client Error (4xx): {"errors": [{"status": 404, "title": "Not Found", "detail": "The resource could not be found.\n\n No resource provider with uuid 826fed66-8079-4770-89c2-1c5247584d45 found for delete ", "request_id": "req-ea52698d-2e5d-4a39-9251-7a8b514c5981"}]}
2026-07-09 18:12:52.574 7 INFO neutron.services.segments.plugin [-] Client error retrieving segment 826fed66-8079-4770-89c2-1c5247584d45 resource provider; error: Placement Client Error (4xx): {"errors": [{"status": 404, "title": "Not Found", "detail": "The resource could not be found.\n\n No resource provider with uuid 826fed66-8079-4770-89c2-1c5247584d45 found for delete ", "request_id": "req-cb06cef7-54e5-430f-9d65-d4bbe9021b38"}]} [pid: 7|app: 0|req: 1301/2539] 10.0.0.163 () {32 vars in 725 bytes} [Thu Jul 9 18:12:52 2026] DELETE /v2.0/networks/13fbb0e4-05a3-4241-a6ef-99b7363a79d0 => generated 0 bytes in 500 msecs (HTTP/1.1 204) 3 headers in 131 bytes (1 switches on core 0)
2026-07-09 18:12:53.469 8 WARNING neutron.db.securitygroups_db [None req-fc84e929-7587-439f-9c16-a995c77ea63f 23422d7a98684b749f9ee19f0cfd7758 d4b81ac989b34c56a430b56e9db6c22d - - default default] project_id key not found in filters, using tenant_id instead. This support has been deprecated and will be removed in a future release.
2026-07-09 18:12:53.696 8 INFO neutron.db.ovn_revision_numbers_db [None req-fc84e929-7587-439f-9c16-a995c77ea63f 23422d7a98684b749f9ee19f0cfd7758 d4b81ac989b34c56a430b56e9db6c22d - - default default] Successfully bumped revision number for resource 483c8318-a8ea-4f65-8176-a259ebd2fec5 (type: security_groups) to 1
2026-07-09 18:12:53.707 8 INFO neutron.db.ovn_revision_numbers_db [None req-fc84e929-7587-439f-9c16-a995c77ea63f 23422d7a98684b749f9ee19f0cfd7758 d4b81ac989b34c56a430b56e9db6c22d - - default default] Successfully bumped revision number for resource 1560de51-1a92-4a35-848e-147f5dc57ae1 (type: security_group_rules) to 0
2026-07-09 18:12:53.719 8 INFO neutron.db.ovn_revision_numbers_db [None req-fc84e929-7587-439f-9c16-a995c77ea63f 23422d7a98684b749f9ee19f0cfd7758 d4b81ac989b34c56a430b56e9db6c22d - - default default] Successfully bumped revision number for resource 38af086e-06af-468a-99b5-289ed19adddd (type: security_group_rules) to 0
2026-07-09 18:12:53.732 8 INFO neutron.db.ovn_revision_numbers_db [None req-fc84e929-7587-439f-9c16-a995c77ea63f 23422d7a98684b749f9ee19f0cfd7758 d4b81ac989b34c56a430b56e9db6c22d - - default default] Successfully bumped revision number for resource c1fc372a-5873-4f64-b572-96ed3be78d3a (type: security_group_rules) to 0
2026-07-09 18:12:53.745 8 INFO neutron.db.ovn_revision_numbers_db [None req-fc84e929-7587-439f-9c16-a995c77ea63f 23422d7a98684b749f9ee19f0cfd7758 d4b81ac989b34c56a430b56e9db6c22d - - default default] Successfully bumped revision number for resource e46a9af7-717d-4832-9cad-a015786f8d28 (type: security_group_rules) to 0 [pid: 8|app: 0|req: 1239/2540] 10.0.0.163 () {32 vars in 773 bytes} [Thu Jul 9 18:12:53 2026] GET /v2.0/security-groups?tenant_id=2d6d74ab28dd49c2938c49f903d34a46&name=default => generated 2929 bytes in 505 msecs (HTTP/1.1 200) 4 headers in 158 bytes (1 switches on core 0) [pid: 7|app: 0|req: 1302/2541] 10.0.0.163 () {32 vars in 739 bytes} [Thu Jul 9 18:12:53 2026] DELETE /v2.0/security-groups/483c8318-a8ea-4f65-8176-a259ebd2fec5 => generated 0 bytes in 247 msecs (HTTP/1.1 204) 2 headers in 112 bytes (1 switches on core 0)
2026-07-09 18:12:54.139 7 WARNING neutron.db.securitygroups_db [None req-4bd0d5c3-5455-4575-bd2e-e3bd2900d3c0 23422d7a98684b749f9ee19f0cfd7758 d4b81ac989b34c56a430b56e9db6c22d - - default default] project_id key not found in filters, using tenant_id instead. This support has been deprecated and will be removed in a future release. [pid: 7|app: 0|req: 1303/2542] 10.0.0.163 () {32 vars in 773 bytes} [Thu Jul 9 18:12:54 2026] GET /v2.0/security-groups?tenant_id=2c7a4b635a324313b2fe8cbd39315189&name=default => generated 2929 bytes in 48 msecs (HTTP/1.1 200) 4 headers in 158 bytes (1 switches on core 0)
2026-07-09 18:12:54.181 8 INFO neutron.db.ovn_revision_numbers_db [None req-1b12b485-ceb7-4a4f-a6d9-e0cebfe76e6f 6f3c6863040347f1ba84ace8f297e294 b5a9ddf014f047448996fd1d3c570c73 - - default default] Successfully bumped revision number for resource 158ca327-ef1c-4565-b355-873a1a703e4d (type: security_groups) to 1
2026-07-09 18:12:54.192 8 INFO neutron.db.ovn_revision_numbers_db [None req-1b12b485-ceb7-4a4f-a6d9-e0cebfe76e6f 6f3c6863040347f1ba84ace8f297e294 b5a9ddf014f047448996fd1d3c570c73 - - default default] Successfully bumped revision number for resource 0d90ed55-0056-4742-98a7-ea3d19e0ab95 (type: security_group_rules) to 0
2026-07-09 18:12:54.204 8 INFO neutron.db.ovn_revision_numbers_db [None req-1b12b485-ceb7-4a4f-a6d9-e0cebfe76e6f 6f3c6863040347f1ba84ace8f297e294 b5a9ddf014f047448996fd1d3c570c73 - - default default] Successfully bumped revision number for resource 78316a6b-5760-41ef-aa28-77d428119222 (type: security_group_rules) to 0
2026-07-09 18:12:54.217 8 INFO neutron.db.ovn_revision_numbers_db [None req-1b12b485-ceb7-4a4f-a6d9-e0cebfe76e6f 6f3c6863040347f1ba84ace8f297e294 b5a9ddf014f047448996fd1d3c570c73 - - default default] Successfully bumped revision number for resource 819802d4-062c-49ad-919f-edf3cd38766b (type: security_group_rules) to 0
2026-07-09 18:12:54.232 8 INFO neutron.db.ovn_revision_numbers_db [None req-1b12b485-ceb7-4a4f-a6d9-e0cebfe76e6f 6f3c6863040347f1ba84ace8f297e294 b5a9ddf014f047448996fd1d3c570c73 - - default default] Successfully bumped revision number for resource fe9c46da-15e8-47ff-8154-858a84f2adbc (type: security_group_rules) to 0
2026-07-09 18:12:54.396 8 INFO neutron.db.ovn_revision_numbers_db [None req-1b12b485-ceb7-4a4f-a6d9-e0cebfe76e6f 6f3c6863040347f1ba84ace8f297e294 b5a9ddf014f047448996fd1d3c570c73 - - default default] Successfully bumped revision number for resource 81280548-160c-4ac1-a101-7c3e85bcfa66 (type: security_groups) to 1
2026-07-09 18:12:54.412 8 INFO neutron.db.ovn_revision_numbers_db [None req-1b12b485-ceb7-4a4f-a6d9-e0cebfe76e6f 6f3c6863040347f1ba84ace8f297e294 b5a9ddf014f047448996fd1d3c570c73 - - default default] Successfully bumped revision number for resource abba6288-f2f1-436b-9db8-a4559daa487e (type: security_group_rules) to 0
2026-07-09 18:12:54.428 8 INFO neutron.db.ovn_revision_numbers_db [None req-1b12b485-ceb7-4a4f-a6d9-e0cebfe76e6f 6f3c6863040347f1ba84ace8f297e294 b5a9ddf014f047448996fd1d3c570c73 - - default default] Successfully bumped revision number for resource c1311720-0d71-4b06-8638-c00beb9782cc (type: security_group_rules) to 0 [pid: 7|app: 0|req: 1304/2543] 10.0.0.163 () {32 vars in 739 bytes} [Thu Jul 9 18:12:54 2026] DELETE /v2.0/security-groups/17f7f231-578c-4d0c-8169-cc3b0a11b5ee => generated 0 bytes in 266 msecs (HTTP/1.1 204) 2 headers in 112 bytes (1 switches on core 0) [pid: 8|app: 0|req: 1240/2544] 10.0.0.163 () {34 vars in 683 bytes} [Thu Jul 9 18:12:53 2026] POST /v2.0/security-groups => generated 1603 bytes in 537 msecs (HTTP/1.1 201) 4 headers in 163 bytes (1 switches on core 0)
2026-07-09 18:12:54.514 7 WARNING tagging [None req-ea2ce0e7-0970-489f-bb58-986caba2ac73 6f3c6863040347f1ba84ace8f297e294 b5a9ddf014f047448996fd1d3c570c73 - - default default] project_id key not found in request, using tenant_id instead. This support has been deprecated and will be removed in a future release. [pid: 7|app: 0|req: 1305/2545] 10.0.0.163 () {34 vars in 766 bytes} [Thu Jul 9 18:12:54 2026] PUT /v2.0/security-groups/81280548-160c-4ac1-a101-7c3e85bcfa66/tags => generated 25 bytes in 71 msecs (HTTP/1.1 200) 4 headers in 156 bytes (1 switches on core 0)
2026-07-09 18:12:54.587 8 WARNING tagging [None req-bf0cffce-1fda-4522-9278-3385a98ea980 6f3c6863040347f1ba84ace8f297e294 b5a9ddf014f047448996fd1d3c570c73 - - default default] project_id key not found in request, using tenant_id instead. This support has been deprecated and will be removed in a future release. [pid: 8|app: 0|req: 1241/2546] 10.0.0.163 () {32 vars in 746 bytes} [Thu Jul 9 18:12:54 2026] GET /v2.0/security-groups/81280548-160c-4ac1-a101-7c3e85bcfa66/tags => generated 25 bytes in 44 msecs (HTTP/1.1 200) 4 headers in 156 bytes (1 switches on core 0)
2026-07-09 18:12:54.636 7 WARNING tagging [None req-d36201b0-4be8-448f-8c1c-752cb104c1d0 6f3c6863040347f1ba84ace8f297e294 b5a9ddf014f047448996fd1d3c570c73 - - default default] project_id key not found in request, using tenant_id instead. This support has been deprecated and will be removed in a future release. [pid: 7|app: 0|req: 1306/2547] 10.0.0.163 () {34 vars in 777 bytes} [Thu Jul 9 18:12:54 2026] PUT /v2.0/security-groups/81280548-160c-4ac1-a101-7c3e85bcfa66/tags/green => generated 4 bytes in 66 msecs (HTTP/1.1 201) 4 headers in 160 bytes (1 switches on core 0)
2026-07-09 18:12:54.719 8 WARNING tagging [None req-9e402a3e-6377-4951-8448-8b2c4767c6fb 6f3c6863040347f1ba84ace8f297e294 b5a9ddf014f047448996fd1d3c570c73 - - default default] project_id key not found in request, using tenant_id instead. This support has been deprecated and will be removed in a future release. [pid: 8|app: 0|req: 1242/2548] 10.0.0.163 () {32 vars in 746 bytes} [Thu Jul 9 18:12:54 2026] GET /v2.0/security-groups/81280548-160c-4ac1-a101-7c3e85bcfa66/tags => generated 34 bytes in 53 msecs (HTTP/1.1 200) 4 headers in 156 bytes (1 switches on core 0)
2026-07-09 18:12:54.760 7 WARNING tagging [None req-c564611f-1ab7-429e-b33d-fcd9311ea4aa 6f3c6863040347f1ba84ace8f297e294 b5a9ddf014f047448996fd1d3c570c73 - - default default] project_id key not found in request, using tenant_id instead. This support has been deprecated and will be removed in a future release. [pid: 7|app: 0|req: 1307/2549] 10.0.0.163 () {34 vars in 773 bytes} [Thu Jul 9 18:12:54 2026] PUT /v2.0/security-groups/81280548-160c-4ac1-a101-7c3e85bcfa66/tags/red => generated 4 bytes in 50 msecs (HTTP/1.1 201) 4 headers in 160 bytes (1 switches on core 0)
2026-07-09 18:12:54.821 8 WARNING tagging [None req-8e634ae8-e476-45fa-9f07-7138ef6a31d3 6f3c6863040347f1ba84ace8f297e294 b5a9ddf014f047448996fd1d3c570c73 - - default default] project_id key not found in request, using tenant_id instead. This support has been deprecated and will be removed in a future release. [pid: 8|app: 0|req: 1243/2550] 10.0.0.163 () {32 vars in 746 bytes} [Thu Jul 9 18:12:54 2026] GET /v2.0/security-groups/81280548-160c-4ac1-a101-7c3e85bcfa66/tags => generated 34 bytes in 43 msecs (HTTP/1.1 200) 4 headers in 156 bytes (1 switches on core 0)
2026-07-09 18:12:54.863 7 WARNING tagging [None req-bbc9975f-a434-4327-9cdd-c78fb83bafef 6f3c6863040347f1ba84ace8f297e294 b5a9ddf014f047448996fd1d3c570c73 - - default default] project_id key not found in request, using tenant_id instead. This support has been deprecated and will be removed in a future release. [pid: 7|app: 0|req: 1308/2551] 10.0.0.163 () {34 vars in 795 bytes} [Thu Jul 9 18:12:54 2026] PUT /v2.0/security-groups/81280548-160c-4ac1-a101-7c3e85bcfa66/tags/black.or.white => generated 4 bytes in 62 msecs (HTTP/1.1 201) 4 headers in 160 bytes (1 switches on core 0)
2026-07-09 18:12:54.930 8 WARNING tagging [None req-4cb9800b-e3c5-45cc-a869-ce7b2936d2c5 6f3c6863040347f1ba84ace8f297e294 b5a9ddf014f047448996fd1d3c570c73 - - default default] project_id key not found in request, using tenant_id instead. This support has been deprecated and will be removed in a future release. [pid: 8|app: 0|req: 1244/2552] 10.0.0.163 () {32 vars in 746 bytes} [Thu Jul 9 18:12:54 2026] GET /v2.0/security-groups/81280548-160c-4ac1-a101-7c3e85bcfa66/tags => generated 52 bytes in 37 msecs (HTTP/1.1 200) 4 headers in 156 bytes (1 switches on core 0)
2026-07-09 18:12:54.973 7 WARNING tagging [None req-702a70e9-c53e-4a74-b0ba-81b9f03aa57c 6f3c6863040347f1ba84ace8f297e294 b5a9ddf014f047448996fd1d3c570c73 - - default default] project_id key not found in request, using tenant_id instead. This support has been deprecated and will be removed in a future release. [pid: 7|app: 0|req: 1309/2553] 10.0.0.163 () {34 vars in 766 bytes} [Thu Jul 9 18:12:54 2026] PUT /v2.0/security-groups/81280548-160c-4ac1-a101-7c3e85bcfa66/tags => generated 37 bytes in 56 msecs (HTTP/1.1 200) 4 headers in 156 bytes (1 switches on core 0)
2026-07-09 18:12:55.035 8 WARNING tagging [None req-ee0215b6-873f-4a95-bd70-5cd3997ee041 6f3c6863040347f1ba84ace8f297e294 b5a9ddf014f047448996fd1d3c570c73 - - default default] project_id key not found in request, using tenant_id instead. This support has been deprecated and will be removed in a future release. [pid: 8|app: 0|req: 1245/2554] 10.0.0.163 () {32 vars in 746 bytes} [Thu Jul 9 18:12:55 2026] GET /v2.0/security-groups/81280548-160c-4ac1-a101-7c3e85bcfa66/tags => generated 37 bytes in 39 msecs (HTTP/1.1 200) 4 headers in 156 bytes (1 switches on core 0)
2026-07-09 18:12:55.081 7 WARNING tagging [None req-883cfc14-232b-4c6f-b001-92c950a566fd 6f3c6863040347f1ba84ace8f297e294 b5a9ddf014f047448996fd1d3c570c73 - - default default] project_id key not found in request, using tenant_id instead. This support has been deprecated and will be removed in a future release. [pid: 7|app: 0|req: 1310/2555] 10.0.0.163 () {32 vars in 754 bytes} [Thu Jul 9 18:12:55 2026] GET /v2.0/security-groups/81280548-160c-4ac1-a101-7c3e85bcfa66/tags/red => generated 0 bytes in 44 msecs (HTTP/1.1 204) 2 headers in 112 bytes (1 switches on core 0)
2026-07-09 18:12:55.135 8 WARNING tagging [None req-b104c41d-51fb-40a1-9091-9d95295971ae 6f3c6863040347f1ba84ace8f297e294 b5a9ddf014f047448996fd1d3c570c73 - - default default] project_id key not found in request, using tenant_id instead. This support has been deprecated and will be removed in a future release.
2026-07-09 18:12:55.146 8 INFO neutron.api.v2.resource [None req-b104c41d-51fb-40a1-9091-9d95295971ae 6f3c6863040347f1ba84ace8f297e294 b5a9ddf014f047448996fd1d3c570c73 - - default default] show failed (client error): The resource could not be found. [pid: 8|app: 0|req: 1246/2556] 10.0.0.163 () {32 vars in 758 bytes} [Thu Jul 9 18:12:55 2026] GET /v2.0/security-groups/81280548-160c-4ac1-a101-7c3e85bcfa66/tags/green => generated 99 bytes in 47 msecs (HTTP/1.1 404) 4 headers in 163 bytes (1 switches on core 0)
2026-07-09 18:12:55.178 7 WARNING tagging [None req-d17ca609-0cad-4866-9e35-aced4a5f6814 6f3c6863040347f1ba84ace8f297e294 b5a9ddf014f047448996fd1d3c570c73 - - default default] project_id key not found in request, using tenant_id instead. This support has been deprecated and will be removed in a future release. [pid: 7|app: 0|req: 1311/2557] 10.0.0.163 () {32 vars in 757 bytes} [Thu Jul 9 18:12:55 2026] DELETE /v2.0/security-groups/81280548-160c-4ac1-a101-7c3e85bcfa66/tags/red => generated 0 bytes in 50 msecs (HTTP/1.1 204) 2 headers in 112 bytes (1 switches on core 0)
2026-07-09 18:12:55.232 8 WARNING tagging [None req-1e143efe-7dfe-4fc8-9e93-3c9c63a7d2ac 6f3c6863040347f1ba84ace8f297e294 b5a9ddf014f047448996fd1d3c570c73 - - default default] project_id key not found in request, using tenant_id instead. This support has been deprecated and will be removed in a future release. [pid: 8|app: 0|req: 1247/2558] 10.0.0.163 () {32 vars in 746 bytes} [Thu Jul 9 18:12:55 2026] GET /v2.0/security-groups/81280548-160c-4ac1-a101-7c3e85bcfa66/tags => generated 30 bytes in 37 msecs (HTTP/1.1 200) 4 headers in 156 bytes (1 switches on core 0)
2026-07-09 18:12:55.277 7 WARNING tagging [None req-56bf735c-4a36-4749-83cd-5e09b0ad029f 6f3c6863040347f1ba84ace8f297e294 b5a9ddf014f047448996fd1d3c570c73 - - default default] project_id key not found in request, using tenant_id instead. This support has been deprecated and will be removed in a future release.
2026-07-09 18:12:55.290 7 INFO neutron.api.v2.resource [None req-56bf735c-4a36-4749-83cd-5e09b0ad029f 6f3c6863040347f1ba84ace8f297e294 b5a9ddf014f047448996fd1d3c570c73 - - default default] delete failed (client error): The resource could not be found. [pid: 7|app: 0|req: 1312/2559] 10.0.0.163 () {32 vars in 761 bytes} [Thu Jul 9 18:12:55 2026] DELETE /v2.0/security-groups/81280548-160c-4ac1-a101-7c3e85bcfa66/tags/green => generated 99 bytes in 39 msecs (HTTP/1.1 404) 4 headers in 163 bytes (1 switches on core 0)
2026-07-09 18:12:55.326 8 WARNING tagging [None req-577b24e5-129d-4aab-8764-dc604e8adfb9 6f3c6863040347f1ba84ace8f297e294 b5a9ddf014f047448996fd1d3c570c73 - - default default] project_id key not found in request, using tenant_id instead. This support has been deprecated and will be removed in a future release. [pid: 8|app: 0|req: 1248/2560] 10.0.0.163 () {32 vars in 749 bytes} [Thu Jul 9 18:12:55 2026] DELETE /v2.0/security-groups/81280548-160c-4ac1-a101-7c3e85bcfa66/tags => generated 0 bytes in 56 msecs (HTTP/1.1 204) 2 headers in 112 bytes (1 switches on core 0)
2026-07-09 18:12:55.395 7 WARNING tagging [None req-96b9a447-97fa-4c47-86a2-a2d9a2632fe4 6f3c6863040347f1ba84ace8f297e294 b5a9ddf014f047448996fd1d3c570c73 - - default default] project_id key not found in request, using tenant_id instead. This support has been deprecated and will be removed in a future release. [pid: 7|app: 0|req: 1313/2561] 10.0.0.163 () {32 vars in 746 bytes} [Thu Jul 9 18:12:55 2026] GET /v2.0/security-groups/81280548-160c-4ac1-a101-7c3e85bcfa66/tags => generated 12 bytes in 48 msecs (HTTP/1.1 200) 4 headers in 156 bytes (1 switches on core 0) [pid: 8|app: 0|req: 1249/2562] 10.0.0.163 () {32 vars in 739 bytes} [Thu Jul 9 18:12:55 2026] DELETE /v2.0/security-groups/81280548-160c-4ac1-a101-7c3e85bcfa66 => generated 0 bytes in 167 msecs (HTTP/1.1 204) 2 headers in 112 bytes (1 switches on core 0)
2026-07-09 18:12:56.414 7 WARNING neutron.db.securitygroups_db [None req-5223116f-3f29-4e47-8fb4-c6c9ab84ec0b 23422d7a98684b749f9ee19f0cfd7758 d4b81ac989b34c56a430b56e9db6c22d - - default default] project_id key not found in filters, using tenant_id instead. This support has been deprecated and will be removed in a future release.
2026-07-09 18:12:56.616 7 INFO neutron.db.ovn_revision_numbers_db [None req-5223116f-3f29-4e47-8fb4-c6c9ab84ec0b 23422d7a98684b749f9ee19f0cfd7758 d4b81ac989b34c56a430b56e9db6c22d - - default default] Successfully bumped revision number for resource 9939d940-1ea1-4762-a6ad-db9dd9b9a160 (type: security_groups) to 1
2026-07-09 18:12:56.637 7 INFO neutron.db.ovn_revision_numbers_db [None req-5223116f-3f29-4e47-8fb4-c6c9ab84ec0b 23422d7a98684b749f9ee19f0cfd7758 d4b81ac989b34c56a430b56e9db6c22d - - default default] Successfully bumped revision number for resource 062d28d4-e5c8-40c4-9bd2-4f16ff1ce2a1 (type: security_group_rules) to 0
2026-07-09 18:12:56.655 7 INFO neutron.db.ovn_revision_numbers_db [None req-5223116f-3f29-4e47-8fb4-c6c9ab84ec0b 23422d7a98684b749f9ee19f0cfd7758 d4b81ac989b34c56a430b56e9db6c22d - - default default] Successfully bumped revision number for resource a786ee84-839a-4500-adbd-50cd16e9d53d (type: security_group_rules) to 0
2026-07-09 18:12:56.672 7 INFO neutron.db.ovn_revision_numbers_db [None req-5223116f-3f29-4e47-8fb4-c6c9ab84ec0b 23422d7a98684b749f9ee19f0cfd7758 d4b81ac989b34c56a430b56e9db6c22d - - default default] Successfully bumped revision number for resource c2e46efb-dd20-401d-b138-fa4f75e661a7 (type: security_group_rules) to 0
2026-07-09 18:12:56.687 7 INFO neutron.db.ovn_revision_numbers_db [None req-5223116f-3f29-4e47-8fb4-c6c9ab84ec0b 23422d7a98684b749f9ee19f0cfd7758 d4b81ac989b34c56a430b56e9db6c22d - - default default] Successfully bumped revision number for resource e1ec7b60-9511-424e-8940-e0e1f46cabd6 (type: security_group_rules) to 0 [pid: 7|app: 0|req: 1315/2565] 10.0.0.163 () {32 vars in 773 bytes} [Thu Jul 9 18:12:56 2026] GET /v2.0/security-groups?tenant_id=3a1bb7ea04fd4c9596e7906d5d9eedfd&name=default => generated 2929 bytes in 472 msecs (HTTP/1.1 200) 4 headers in 158 bytes (1 switches on core 0) [pid: 8|app: 0|req: 1251/2566] 10.0.0.163 () {32 vars in 739 bytes} [Thu Jul 9 18:12:56 2026] DELETE /v2.0/security-groups/9939d940-1ea1-4762-a6ad-db9dd9b9a160 => generated 0 bytes in 260 msecs (HTTP/1.1 204) 2 headers in 112 bytes (1 switches on core 0)
2026-07-09 18:12:57.094 7 WARNING neutron.db.securitygroups_db [None req-b4edfa1f-d72a-4f6b-9909-0c6046ddb7de 23422d7a98684b749f9ee19f0cfd7758 d4b81ac989b34c56a430b56e9db6c22d - - default default] project_id key not found in filters, using tenant_id instead. This support has been deprecated and will be removed in a future release. [pid: 7|app: 0|req: 1316/2567] 10.0.0.163 () {32 vars in 773 bytes} [Thu Jul 9 18:12:57 2026] GET /v2.0/security-groups?tenant_id=b5a9ddf014f047448996fd1d3c570c73&name=default => generated 2929 bytes in 33 msecs (HTTP/1.1 200) 4 headers in 158 bytes (1 switches on core 0) [pid: 8|app: 0|req: 1252/2568] 10.0.0.163 () {32 vars in 739 bytes} [Thu Jul 9 18:12:57 2026] DELETE /v2.0/security-groups/158ca327-ef1c-4565-b355-873a1a703e4d => generated 0 bytes in 238 msecs (HTTP/1.1 204) 2 headers in 112 bytes (1 switches on core 0) [pid: 7|app: 0|req: 1317/2569] 10.0.0.163 () {34 vars in 675 bytes} [Thu Jul 9 18:13:00 2026] POST /v2.0/subnetpools => generated 516 bytes in 252 msecs (HTTP/1.1 201) 4 headers in 162 bytes (1 switches on core 0) [pid: 8|app: 0|req: 1253/2570] 10.0.0.163 () {34 vars in 758 bytes} [Thu Jul 9 18:13:00 2026] PUT /v2.0/subnetpools/559090be-1f97-49bb-8c88-8394709d671f/tags => generated 25 bytes in 48 msecs (HTTP/1.1 200) 4 headers in 156 bytes (1 switches on core 0) [pid: 7|app: 0|req: 1318/2571] 10.0.0.163 () {32 vars in 738 bytes} [Thu Jul 9 18:13:00 2026] GET /v2.0/subnetpools/559090be-1f97-49bb-8c88-8394709d671f/tags => generated 25 bytes in 34 msecs (HTTP/1.1 200) 4 headers in 156 bytes (1 switches on core 0) [pid: 8|app: 0|req: 1254/2572] 10.0.0.163 () {34 vars in 769 bytes} [Thu Jul 9 18:13:00 2026] PUT /v2.0/subnetpools/559090be-1f97-49bb-8c88-8394709d671f/tags/green => generated 4 bytes in 61 msecs (HTTP/1.1 201) 4 headers in 160 bytes (1 switches on core 0) [pid: 7|app: 0|req: 1319/2573] 10.0.0.163 () {32 vars in 738 bytes} [Thu Jul 9 18:13:01 2026] GET /v2.0/subnetpools/559090be-1f97-49bb-8c88-8394709d671f/tags => generated 34 bytes in 34 msecs (HTTP/1.1 200) 4 headers in 156 bytes (1 switches on core 0) [pid: 8|app: 0|req: 1255/2574] 10.0.0.163 () {34 vars in 765 bytes} [Thu Jul 9 18:13:01 2026] PUT /v2.0/subnetpools/559090be-1f97-49bb-8c88-8394709d671f/tags/red => generated 4 bytes in 47 msecs (HTTP/1.1 201) 4 headers in 160 bytes (1 switches on core 0) [pid: 7|app: 0|req: 1320/2575] 10.0.0.163 () {32 vars in 738 bytes} [Thu Jul 9 18:13:01 2026] GET /v2.0/subnetpools/559090be-1f97-49bb-8c88-8394709d671f/tags => generated 34 bytes in 34 msecs (HTTP/1.1 200) 4 headers in 156 bytes (1 switches on core 0) [pid: 8|app: 0|req: 1256/2576] 10.0.0.163 () {34 vars in 787 bytes} [Thu Jul 9 18:13:01 2026] PUT /v2.0/subnetpools/559090be-1f97-49bb-8c88-8394709d671f/tags/black.or.white => generated 4 bytes in 56 msecs (HTTP/1.1 201) 4 headers in 160 bytes (1 switches on core 0) [pid: 7|app: 0|req: 1321/2577] 10.0.0.163 () {32 vars in 738 bytes} [Thu Jul 9 18:13:01 2026] GET /v2.0/subnetpools/559090be-1f97-49bb-8c88-8394709d671f/tags => generated 52 bytes in 26 msecs (HTTP/1.1 200) 4 headers in 156 bytes (1 switches on core 0) [pid: 8|app: 0|req: 1257/2578] 10.0.0.163 () {34 vars in 758 bytes} [Thu Jul 9 18:13:01 2026] PUT /v2.0/subnetpools/559090be-1f97-49bb-8c88-8394709d671f/tags => generated 37 bytes in 50 msecs (HTTP/1.1 200) 4 headers in 156 bytes (1 switches on core 0) [pid: 7|app: 0|req: 1322/2579] 10.0.0.163 () {32 vars in 738 bytes} [Thu Jul 9 18:13:01 2026] GET /v2.0/subnetpools/559090be-1f97-49bb-8c88-8394709d671f/tags => generated 37 bytes in 32 msecs (HTTP/1.1 200) 4 headers in 156 bytes (1 switches on core 0) [pid: 8|app: 0|req: 1258/2580] 10.0.0.163 () {32 vars in 746 bytes} [Thu Jul 9 18:13:01 2026] GET /v2.0/subnetpools/559090be-1f97-49bb-8c88-8394709d671f/tags/red => generated 0 bytes in 32 msecs (HTTP/1.1 204) 2 headers in 112 bytes (1 switches on core 0)
2026-07-09 18:13:01.435 7 INFO neutron.api.v2.resource [None req-5c18f8f0-474d-474f-8eb4-03e6297a1250 e65ac1cf0675478a9b6c7f90bf1de17c 27c61641c99b4b1fb2225a3bbfe58df4 - - default default] show failed (client error): The resource could not be found. [pid: 7|app: 0|req: 1323/2581] 10.0.0.163 () {32 vars in 750 bytes} [Thu Jul 9 18:13:01 2026] GET /v2.0/subnetpools/559090be-1f97-49bb-8c88-8394709d671f/tags/green => generated 99 bytes in 29 msecs (HTTP/1.1 404) 4 headers in 163 bytes (1 switches on core 0) [pid: 8|app: 0|req: 1259/2582] 10.0.0.163 () {32 vars in 749 bytes} [Thu Jul 9 18:13:01 2026] DELETE /v2.0/subnetpools/559090be-1f97-49bb-8c88-8394709d671f/tags/red => generated 0 bytes in 47 msecs (HTTP/1.1 204) 2 headers in 112 bytes (1 switches on core 0) [pid: 7|app: 0|req: 1324/2583] 10.0.0.163 () {32 vars in 738 bytes} [Thu Jul 9 18:13:01 2026] GET /v2.0/subnetpools/559090be-1f97-49bb-8c88-8394709d671f/tags => generated 30 bytes in 41 msecs (HTTP/1.1 200) 4 headers in 156 bytes (1 switches on core 0)
2026-07-09 18:13:01.596 8 INFO neutron.api.v2.resource [None req-e55d728f-11c0-487a-83c3-3e27a079d78b e65ac1cf0675478a9b6c7f90bf1de17c 27c61641c99b4b1fb2225a3bbfe58df4 - - default default] delete failed (client error): The resource could not be found. [pid: 8|app: 0|req: 1260/2584] 10.0.0.163 () {32 vars in 753 bytes} [Thu Jul 9 18:13:01 2026] DELETE /v2.0/subnetpools/559090be-1f97-49bb-8c88-8394709d671f/tags/green => generated 99 bytes in 58 msecs (HTTP/1.1 404) 4 headers in 163 bytes (1 switches on core 0) [pid: 7|app: 0|req: 1325/2585] 10.0.0.163 () {32 vars in 741 bytes} [Thu Jul 9 18:13:01 2026] DELETE /v2.0/subnetpools/559090be-1f97-49bb-8c88-8394709d671f/tags => generated 0 bytes in 58 msecs (HTTP/1.1 204) 2 headers in 112 bytes (1 switches on core 0) [pid: 8|app: 0|req: 1261/2586] 10.0.0.163 () {32 vars in 738 bytes} [Thu Jul 9 18:13:01 2026] GET /v2.0/subnetpools/559090be-1f97-49bb-8c88-8394709d671f/tags => generated 12 bytes in 29 msecs (HTTP/1.1 200) 4 headers in 156 bytes (1 switches on core 0) [pid: 7|app: 0|req: 1326/2587] 10.0.0.163 () {32 vars in 731 bytes} [Thu Jul 9 18:13:01 2026] DELETE /v2.0/subnetpools/559090be-1f97-49bb-8c88-8394709d671f => generated 0 bytes in 56 msecs (HTTP/1.1 204) 2 headers in 112 bytes (1 switches on core 0)
2026-07-09 18:13:02.533 8 WARNING neutron.db.securitygroups_db [None req-b870b439-3790-4e85-88f7-e131a75a1abd 23422d7a98684b749f9ee19f0cfd7758 d4b81ac989b34c56a430b56e9db6c22d - - default default] project_id key not found in filters, using tenant_id instead. This support has been deprecated and will be removed in a future release.
2026-07-09 18:13:02.726 8 INFO neutron.db.ovn_revision_numbers_db [None req-b870b439-3790-4e85-88f7-e131a75a1abd 23422d7a98684b749f9ee19f0cfd7758 d4b81ac989b34c56a430b56e9db6c22d - - default default] Successfully bumped revision number for resource 4338d83f-5ea3-4c17-b7f4-9d007c95e455 (type: security_groups) to 1
2026-07-09 18:13:02.739 8 INFO neutron.db.ovn_revision_numbers_db [None req-b870b439-3790-4e85-88f7-e131a75a1abd 23422d7a98684b749f9ee19f0cfd7758 d4b81ac989b34c56a430b56e9db6c22d - - default default] Successfully bumped revision number for resource 0235b84f-d0f1-4d89-af63-5b1f523232f3 (type: security_group_rules) to 0
2026-07-09 18:13:02.755 8 INFO neutron.db.ovn_revision_numbers_db [None req-b870b439-3790-4e85-88f7-e131a75a1abd 23422d7a98684b749f9ee19f0cfd7758 d4b81ac989b34c56a430b56e9db6c22d - - default default] Successfully bumped revision number for resource 2fe64a19-0eb0-4d16-b6c3-23ceaf661652 (type: security_group_rules) to 0
2026-07-09 18:13:02.770 8 INFO neutron.db.ovn_revision_numbers_db [None req-b870b439-3790-4e85-88f7-e131a75a1abd 23422d7a98684b749f9ee19f0cfd7758 d4b81ac989b34c56a430b56e9db6c22d - - default default] Successfully bumped revision number for resource 4524c5a1-68e9-40f2-8760-e306ae99e20f (type: security_group_rules) to 0
2026-07-09 18:13:02.787 8 INFO neutron.db.ovn_revision_numbers_db [None req-b870b439-3790-4e85-88f7-e131a75a1abd 23422d7a98684b749f9ee19f0cfd7758 d4b81ac989b34c56a430b56e9db6c22d - - default default] Successfully bumped revision number for resource c8c8dc18-1f8c-46b4-b825-274489692a60 (type: security_group_rules) to 0 [pid: 8|app: 0|req: 1262/2588] 10.0.0.163 () {32 vars in 773 bytes} [Thu Jul 9 18:13:02 2026] GET /v2.0/security-groups?tenant_id=474ffed3b0194f48b5921fb15b46e6bc&name=default => generated 2929 bytes in 406 msecs (HTTP/1.1 200) 4 headers in 158 bytes (1 switches on core 0) [pid: 7|app: 0|req: 1327/2589] 10.0.0.163 () {32 vars in 739 bytes} [Thu Jul 9 18:13:02 2026] DELETE /v2.0/security-groups/4338d83f-5ea3-4c17-b7f4-9d007c95e455 => generated 0 bytes in 237 msecs (HTTP/1.1 204) 2 headers in 112 bytes (1 switches on core 0)
2026-07-09 18:13:03.222 8 WARNING neutron.db.securitygroups_db [None req-cb436194-4238-40f5-a3a3-f34bd0763dd4 23422d7a98684b749f9ee19f0cfd7758 d4b81ac989b34c56a430b56e9db6c22d - - default default] project_id key not found in filters, using tenant_id instead. This support has been deprecated and will be removed in a future release.
2026-07-09 18:13:03.447 8 INFO neutron.db.ovn_revision_numbers_db [None req-cb436194-4238-40f5-a3a3-f34bd0763dd4 23422d7a98684b749f9ee19f0cfd7758 d4b81ac989b34c56a430b56e9db6c22d - - default default] Successfully bumped revision number for resource c08edec1-9f39-43b4-b5f7-6bd31ca9a47f (type: security_groups) to 1
2026-07-09 18:13:03.462 8 INFO neutron.db.ovn_revision_numbers_db [None req-cb436194-4238-40f5-a3a3-f34bd0763dd4 23422d7a98684b749f9ee19f0cfd7758 d4b81ac989b34c56a430b56e9db6c22d - - default default] Successfully bumped revision number for resource 305c0830-691f-44bb-85be-828f6bc8b710 (type: security_group_rules) to 0
2026-07-09 18:13:03.477 8 INFO neutron.db.ovn_revision_numbers_db [None req-cb436194-4238-40f5-a3a3-f34bd0763dd4 23422d7a98684b749f9ee19f0cfd7758 d4b81ac989b34c56a430b56e9db6c22d - - default default] Successfully bumped revision number for resource 390ebdac-9e2f-42e3-b50a-965575612e16 (type: security_group_rules) to 0
2026-07-09 18:13:03.496 8 INFO neutron.db.ovn_revision_numbers_db [None req-cb436194-4238-40f5-a3a3-f34bd0763dd4 23422d7a98684b749f9ee19f0cfd7758 d4b81ac989b34c56a430b56e9db6c22d - - default default] Successfully bumped revision number for resource 4d72b7a5-df30-47fa-92d4-530a72b38895 (type: security_group_rules) to 0
2026-07-09 18:13:03.515 8 INFO neutron.db.ovn_revision_numbers_db [None req-cb436194-4238-40f5-a3a3-f34bd0763dd4 23422d7a98684b749f9ee19f0cfd7758 d4b81ac989b34c56a430b56e9db6c22d - - default default] Successfully bumped revision number for resource cb9b4150-3a29-4727-9eb0-9f1ba75981b3 (type: security_group_rules) to 0 [pid: 8|app: 0|req: 1263/2590] 10.0.0.163 () {32 vars in 773 bytes} [Thu Jul 9 18:13:03 2026] GET /v2.0/security-groups?tenant_id=27c61641c99b4b1fb2225a3bbfe58df4&name=default => generated 2929 bytes in 359 msecs (HTTP/1.1 200) 4 headers in 158 bytes (1 switches on core 0) [pid: 7|app: 0|req: 1328/2591] 10.0.0.163 () {32 vars in 739 bytes} [Thu Jul 9 18:13:03 2026] DELETE /v2.0/security-groups/c08edec1-9f39-43b4-b5f7-6bd31ca9a47f => generated 0 bytes in 274 msecs (HTTP/1.1 204) 2 headers in 112 bytes (1 switches on core 0)
2026-07-09 18:13:13.356 7 INFO neutron.db.ovn_revision_numbers_db [None req-2f2e16f2-888a-4c44-b9a2-83f9a71af3eb 2cb69b921dae4fa89912f5fed02d6981 3b04f21a809b4c60b0f09c00b2b65170 - - default default] Successfully bumped revision number for resource 2ab6fa26-5509-4c0a-97c7-d35bb322b423 (type: security_groups) to 1
2026-07-09 18:13:13.374 7 INFO neutron.db.ovn_revision_numbers_db [None req-2f2e16f2-888a-4c44-b9a2-83f9a71af3eb 2cb69b921dae4fa89912f5fed02d6981 3b04f21a809b4c60b0f09c00b2b65170 - - default default] Successfully bumped revision number for resource 1377fedd-6ca1-4fb1-895a-fde8b2a9ef2a (type: security_group_rules) to 0
2026-07-09 18:13:13.388 7 INFO neutron.db.ovn_revision_numbers_db [None req-2f2e16f2-888a-4c44-b9a2-83f9a71af3eb 2cb69b921dae4fa89912f5fed02d6981 3b04f21a809b4c60b0f09c00b2b65170 - - default default] Successfully bumped revision number for resource 1d8cddfa-c7f8-4c91-b5bf-0a9c76ad649f (type: security_group_rules) to 0
2026-07-09 18:13:13.402 7 INFO neutron.db.ovn_revision_numbers_db [None req-2f2e16f2-888a-4c44-b9a2-83f9a71af3eb 2cb69b921dae4fa89912f5fed02d6981 3b04f21a809b4c60b0f09c00b2b65170 - - default default] Successfully bumped revision number for resource 2b3b0c49-fad8-4f5a-b771-2b099ecf06bd (type: security_group_rules) to 0
