2026-07-09 18:13:44.884 7 INFO neutron_taas.services.taas.tap_mirror_plugin [req-a982faa0-33f7-4567-a617-615a100d0d95 req-02fb40a5-75d9-4bd6-b13c-6cbe0ce37947 2cb69b921dae4fa89912f5fed02d6981 3b04f21a809b4c60b0f09c00b2b65170 - - default default] Tap Mirror: Handle Delete Port: 1090271d-e392-4fb1-a0e3-529be995a261 [pid: 7|app: 0|req: 1371/2662] 199.19.213.68 () {36 vars in 995 bytes} [Thu Jul 9 18:13:44 2026] DELETE /v2.0/ports/1090271d-e392-4fb1-a0e3-529be995a261 => generated 0 bytes in 459 msecs (HTTP/1.1 204) 3 headers in 131 bytes (1 switches on core 0)
2026-07-09 18:13:45.127 7 WARNING neutron.notifiers.nova [-] Nova event matching ['req-f475c8f3-3a93-4156-b2de-c9ac63e8ed2a']: {'server_uuid': 'd06fecb3-9066-48a5-b7db-e77c81237c09', 'name': 'network-vif-deleted', 'tag': '1090271d-e392-4fb1-a0e3-529be995a261', 'status': 'failed', 'code': 422} returned with failed status [pid: 8|app: 0|req: 1292/2663] 10.0.0.23 () {34 vars in 988 bytes} [Thu Jul 9 18:13:47 2026] GET /v2.0/ports?device_id=d06fecb3-9066-48a5-b7db-e77c81237c09 => generated 12 bytes in 81 msecs (HTTP/1.1 200) 4 headers in 156 bytes (1 switches on core 0) [pid: 7|app: 0|req: 1372/2664] 10.0.0.68 () {34 vars in 1068 bytes} [Thu Jul 9 18:13:47 2026] GET /v2.0/ports?fields=security_groups&fields=device_id&device_id=d06fecb3-9066-48a5-b7db-e77c81237c09 => generated 12 bytes in 23 msecs (HTTP/1.1 200) 4 headers in 156 bytes (1 switches on core 0) [pid: 8|app: 0|req: 1293/2665] 10.0.0.68 () {34 vars in 988 bytes} [Thu Jul 9 18:13:47 2026] GET /v2.0/ports?device_id=d06fecb3-9066-48a5-b7db-e77c81237c09 => generated 12 bytes in 28 msecs (HTTP/1.1 200) 4 headers in 156 bytes (1 switches on core 0) [pid: 7|app: 0|req: 1373/2666] 10.0.0.163 () {32 vars in 749 bytes} [Thu Jul 9 18:13:47 2026] DELETE /v2.0/security-group-rules/e17c8d83-6cd8-473d-9718-97c2cc4afc3e => generated 0 bytes in 158 msecs (HTTP/1.1 204) 2 headers in 112 bytes (1 switches on core 0)
2026-07-09 18:13:48.042 8 INFO neutron.api.v2.resource [None req-bdf0ccf0-4b24-43be-9214-3f6d807efda7 2cb69b921dae4fa89912f5fed02d6981 3b04f21a809b4c60b0f09c00b2b65170 - - default default] show failed (client error): The resource could not be found. [pid: 8|app: 0|req: 1294/2667] 10.0.0.163 () {32 vars in 746 bytes} [Thu Jul 9 18:13:48 2026] GET /v2.0/security-group-rules/e17c8d83-6cd8-473d-9718-97c2cc4afc3e => generated 155 bytes in 13 msecs (HTTP/1.1 404) 4 headers in 164 bytes (1 switches on core 0) [pid: 7|app: 0|req: 1374/2668] 10.0.0.163 () {32 vars in 749 bytes} [Thu Jul 9 18:13:48 2026] DELETE /v2.0/security-group-rules/cec85478-9933-4c7c-ad69-21724af37ec3 => generated 0 bytes in 135 msecs (HTTP/1.1 204) 2 headers in 112 bytes (1 switches on core 0)
2026-07-09 18:13:48.203 8 INFO neutron.api.v2.resource [None req-a6da9bb0-c464-4cc4-9fa3-8253ef85f672 2cb69b921dae4fa89912f5fed02d6981 3b04f21a809b4c60b0f09c00b2b65170 - - default default] show failed (client error): The resource could not be found. [pid: 8|app: 0|req: 1295/2669] 10.0.0.163 () {32 vars in 746 bytes} [Thu Jul 9 18:13:48 2026] GET /v2.0/security-group-rules/cec85478-9933-4c7c-ad69-21724af37ec3 => generated 155 bytes in 16 msecs (HTTP/1.1 404) 4 headers in 164 bytes (1 switches on core 0) [pid: 7|app: 0|req: 1375/2670] 10.0.0.163 () {32 vars in 749 bytes} [Thu Jul 9 18:13:48 2026] DELETE /v2.0/security-group-rules/486fbc8c-bc4e-41f4-b166-fdea41fc92be => generated 0 bytes in 120 msecs (HTTP/1.1 204) 2 headers in 112 bytes (1 switches on core 0)
2026-07-09 18:13:48.345 8 INFO neutron.api.v2.resource [None req-d4603992-cdb0-498b-8c27-8549197169b7 2cb69b921dae4fa89912f5fed02d6981 3b04f21a809b4c60b0f09c00b2b65170 - - default default] show failed (client error): The resource could not be found. [pid: 8|app: 0|req: 1296/2671] 10.0.0.163 () {32 vars in 746 bytes} [Thu Jul 9 18:13:48 2026] GET /v2.0/security-group-rules/486fbc8c-bc4e-41f4-b166-fdea41fc92be => generated 155 bytes in 13 msecs (HTTP/1.1 404) 4 headers in 164 bytes (1 switches on core 0) [pid: 7|app: 0|req: 1376/2672] 10.0.0.163 () {32 vars in 749 bytes} [Thu Jul 9 18:13:48 2026] DELETE /v2.0/security-group-rules/99b7d143-22b6-4c39-9516-93a05163e887 => generated 0 bytes in 121 msecs (HTTP/1.1 204) 2 headers in 112 bytes (1 switches on core 0)
2026-07-09 18:13:48.489 8 INFO neutron.api.v2.resource [None req-cb9637d1-10e5-4877-97ac-0081d3e7eb09 2cb69b921dae4fa89912f5fed02d6981 3b04f21a809b4c60b0f09c00b2b65170 - - default default] show failed (client error): The resource could not be found. [pid: 8|app: 0|req: 1297/2673] 10.0.0.163 () {32 vars in 746 bytes} [Thu Jul 9 18:13:48 2026] GET /v2.0/security-group-rules/99b7d143-22b6-4c39-9516-93a05163e887 => generated 155 bytes in 14 msecs (HTTP/1.1 404) 4 headers in 164 bytes (1 switches on core 0) [pid: 7|app: 0|req: 1377/2674] 10.0.0.163 () {32 vars in 749 bytes} [Thu Jul 9 18:13:48 2026] DELETE /v2.0/security-group-rules/c257358a-5539-4ec1-bbff-1cf22c795f16 => generated 0 bytes in 146 msecs (HTTP/1.1 204) 2 headers in 112 bytes (1 switches on core 0)
2026-07-09 18:13:48.658 8 INFO neutron.api.v2.resource [None req-4a30f27f-bed3-47b2-82ae-24a3cdc6b367 2cb69b921dae4fa89912f5fed02d6981 3b04f21a809b4c60b0f09c00b2b65170 - - default default] show failed (client error): The resource could not be found. [pid: 8|app: 0|req: 1298/2675] 10.0.0.163 () {32 vars in 746 bytes} [Thu Jul 9 18:13:48 2026] GET /v2.0/security-group-rules/c257358a-5539-4ec1-bbff-1cf22c795f16 => generated 155 bytes in 12 msecs (HTTP/1.1 404) 4 headers in 164 bytes (1 switches on core 0) [pid: 7|app: 0|req: 1378/2676] 10.0.0.163 () {32 vars in 749 bytes} [Thu Jul 9 18:13:48 2026] DELETE /v2.0/security-group-rules/00705920-f9eb-4381-807e-0af6476365cb => generated 0 bytes in 121 msecs (HTTP/1.1 204) 2 headers in 112 bytes (1 switches on core 0)
2026-07-09 18:13:48.804 8 INFO neutron.api.v2.resource [None req-7624273e-e15d-410d-bf86-4f533b92601a 2cb69b921dae4fa89912f5fed02d6981 3b04f21a809b4c60b0f09c00b2b65170 - - default default] show failed (client error): The resource could not be found. [pid: 8|app: 0|req: 1299/2677] 10.0.0.163 () {32 vars in 746 bytes} [Thu Jul 9 18:13:48 2026] GET /v2.0/security-group-rules/00705920-f9eb-4381-807e-0af6476365cb => generated 155 bytes in 13 msecs (HTTP/1.1 404) 4 headers in 164 bytes (1 switches on core 0) [pid: 7|app: 0|req: 1379/2678] 10.0.0.163 () {32 vars in 749 bytes} [Thu Jul 9 18:13:48 2026] DELETE /v2.0/security-group-rules/b5c4a8dc-3a16-4261-8b59-9b43034facf2 => generated 0 bytes in 119 msecs (HTTP/1.1 204) 2 headers in 112 bytes (1 switches on core 0)
2026-07-09 18:13:48.949 8 INFO neutron.api.v2.resource [None req-7f89e866-f9af-4e12-87b8-eaaeb905087b 2cb69b921dae4fa89912f5fed02d6981 3b04f21a809b4c60b0f09c00b2b65170 - - default default] show failed (client error): The resource could not be found. [pid: 8|app: 0|req: 1300/2679] 10.0.0.163 () {32 vars in 746 bytes} [Thu Jul 9 18:13:48 2026] GET /v2.0/security-group-rules/b5c4a8dc-3a16-4261-8b59-9b43034facf2 => generated 155 bytes in 15 msecs (HTTP/1.1 404) 4 headers in 164 bytes (1 switches on core 0) [pid: 7|app: 0|req: 1380/2680] 10.0.0.163 () {32 vars in 749 bytes} [Thu Jul 9 18:13:48 2026] DELETE /v2.0/security-group-rules/5900d9a6-bbb3-439b-afed-11f617d3f467 => generated 0 bytes in 105 msecs (HTTP/1.1 204) 2 headers in 112 bytes (1 switches on core 0)
2026-07-09 18:13:49.076 8 INFO neutron.api.v2.resource [None req-7b2d7dbc-904d-4deb-b4bc-4ca074d74691 2cb69b921dae4fa89912f5fed02d6981 3b04f21a809b4c60b0f09c00b2b65170 - - default default] show failed (client error): The resource could not be found. [pid: 8|app: 0|req: 1301/2681] 10.0.0.163 () {32 vars in 746 bytes} [Thu Jul 9 18:13:49 2026] GET /v2.0/security-group-rules/5900d9a6-bbb3-439b-afed-11f617d3f467 => generated 155 bytes in 11 msecs (HTTP/1.1 404) 4 headers in 164 bytes (1 switches on core 0) [pid: 7|app: 0|req: 1381/2682] 10.0.0.163 () {32 vars in 749 bytes} [Thu Jul 9 18:13:49 2026] DELETE /v2.0/security-group-rules/943b291a-3476-4d72-b4d7-46d33299837b => generated 0 bytes in 121 msecs (HTTP/1.1 204) 2 headers in 112 bytes (1 switches on core 0)
2026-07-09 18:13:49.221 8 INFO neutron.api.v2.resource [None req-058f8b6f-1de9-4b2d-ba03-a51217f6f9d7 2cb69b921dae4fa89912f5fed02d6981 3b04f21a809b4c60b0f09c00b2b65170 - - default default] show failed (client error): The resource could not be found. [pid: 8|app: 0|req: 1302/2683] 10.0.0.163 () {32 vars in 746 bytes} [Thu Jul 9 18:13:49 2026] GET /v2.0/security-group-rules/943b291a-3476-4d72-b4d7-46d33299837b => generated 155 bytes in 14 msecs (HTTP/1.1 404) 4 headers in 164 bytes (1 switches on core 0) [pid: 7|app: 0|req: 1382/2684] 10.0.0.163 () {32 vars in 749 bytes} [Thu Jul 9 18:13:49 2026] DELETE /v2.0/security-group-rules/f8f94086-0dfb-49af-8840-0f2a48a8a748 => generated 0 bytes in 121 msecs (HTTP/1.1 204) 2 headers in 112 bytes (1 switches on core 0)
2026-07-09 18:13:49.368 8 INFO neutron.api.v2.resource [None req-ab0b8367-bc77-4451-8e7b-07131d3c9a40 2cb69b921dae4fa89912f5fed02d6981 3b04f21a809b4c60b0f09c00b2b65170 - - default default] show failed (client error): The resource could not be found. [pid: 8|app: 0|req: 1303/2685] 10.0.0.163 () {32 vars in 746 bytes} [Thu Jul 9 18:13:49 2026] GET /v2.0/security-group-rules/f8f94086-0dfb-49af-8840-0f2a48a8a748 => generated 155 bytes in 17 msecs (HTTP/1.1 404) 4 headers in 164 bytes (1 switches on core 0) [pid: 7|app: 0|req: 1383/2686] 10.0.0.163 () {32 vars in 749 bytes} [Thu Jul 9 18:13:49 2026] DELETE /v2.0/security-group-rules/ab8cae43-fb41-447d-a087-0a010c5b5891 => generated 0 bytes in 136 msecs (HTTP/1.1 204) 2 headers in 112 bytes (1 switches on core 0)
2026-07-09 18:13:49.534 8 INFO neutron.api.v2.resource [None req-b0f437a7-27d0-4525-9abd-ad4f82e3d538 2cb69b921dae4fa89912f5fed02d6981 3b04f21a809b4c60b0f09c00b2b65170 - - default default] show failed (client error): The resource could not be found. [pid: 8|app: 0|req: 1304/2687] 10.0.0.163 () {32 vars in 746 bytes} [Thu Jul 9 18:13:49 2026] GET /v2.0/security-group-rules/ab8cae43-fb41-447d-a087-0a010c5b5891 => generated 155 bytes in 18 msecs (HTTP/1.1 404) 4 headers in 164 bytes (1 switches on core 0) [pid: 7|app: 0|req: 1384/2688] 10.0.0.163 () {32 vars in 739 bytes} [Thu Jul 9 18:13:49 2026] DELETE /v2.0/security-groups/2982b754-916f-4fb1-98cd-b4f6951188d2 => generated 0 bytes in 161 msecs (HTTP/1.1 204) 2 headers in 112 bytes (1 switches on core 0)
2026-07-09 18:13:49.719 8 INFO neutron.api.v2.resource [None req-d725cf58-f29c-40ca-9126-cd1dcb88f508 2cb69b921dae4fa89912f5fed02d6981 3b04f21a809b4c60b0f09c00b2b65170 - - default default] show failed (client error): The resource could not be found. [pid: 8|app: 0|req: 1305/2689] 10.0.0.163 () {32 vars in 736 bytes} [Thu Jul 9 18:13:49 2026] GET /v2.0/security-groups/2982b754-916f-4fb1-98cd-b4f6951188d2 => generated 146 bytes in 13 msecs (HTTP/1.1 404) 4 headers in 164 bytes (1 switches on core 0)
2026-07-09 18:13:50.126 7 INFO neutron_taas.services.taas.taas_plugin [None req-78e661fd-4021-4e05-95c8-857a29e43691 2cb69b921dae4fa89912f5fed02d6981 3b04f21a809b4c60b0f09c00b2b65170 - - default default] TaaS: Handle Delete Port: 49cf11b2-acfa-4c09-93b5-cf036e6c4cfa
2026-07-09 18:13:50.129 7 INFO neutron_taas.services.taas.tap_mirror_plugin [None req-78e661fd-4021-4e05-95c8-857a29e43691 2cb69b921dae4fa89912f5fed02d6981 3b04f21a809b4c60b0f09c00b2b65170 - - default default] Tap Mirror: Handle Delete Port: 49cf11b2-acfa-4c09-93b5-cf036e6c4cfa [pid: 7|app: 0|req: 1385/2690] 10.0.0.163 () {34 vars in 788 bytes} [Thu Jul 9 18:13:49 2026] PUT /v2.0/routers/b6d9bc3a-4dbb-4164-8a78-c24b2c43f6e7/remove_router_interface => generated 310 bytes in 912 msecs (HTTP/1.1 200) 4 headers in 157 bytes (1 switches on core 0)
2026-07-09 18:13:50.811 8 INFO neutron.api.v2.resource [None req-f52818a2-f36c-4c98-a18f-44c782622374 2cb69b921dae4fa89912f5fed02d6981 3b04f21a809b4c60b0f09c00b2b65170 - - default default] remove_router_interface failed (client error): The resource could not be found. [pid: 8|app: 0|req: 1306/2691] 10.0.0.163 () {34 vars in 788 bytes} [Thu Jul 9 18:13:50 2026] PUT /v2.0/routers/b6d9bc3a-4dbb-4164-8a78-c24b2c43f6e7/remove_router_interface => generated 198 bytes in 123 msecs (HTTP/1.1 404) 4 headers in 164 bytes (1 switches on core 0) /var/lib/openstack/lib/python3.12/site-packages/pycadf/identifier.py:70: UserWarning: Invalid uuid: neutron. To ensure interoperability, identifiers should be a valid uuid. warnings.warn(('Invalid uuid: %s. To ensure interoperability, '
2026-07-09 18:13:51.101 7 INFO neutron_taas.services.taas.taas_plugin [None req-aeefe17b-80b1-42eb-85a7-04c77e23ad3c 2cb69b921dae4fa89912f5fed02d6981 3b04f21a809b4c60b0f09c00b2b65170 - - default default] TaaS: Handle Delete Port: 46fa9fcc-266a-4fa8-9171-72e67afcdb94
2026-07-09 18:13:51.104 7 INFO neutron_taas.services.taas.tap_mirror_plugin [None req-aeefe17b-80b1-42eb-85a7-04c77e23ad3c 2cb69b921dae4fa89912f5fed02d6981 3b04f21a809b4c60b0f09c00b2b65170 - - default default] Tap Mirror: Handle Delete Port: 46fa9fcc-266a-4fa8-9171-72e67afcdb94 [pid: 7|app: 0|req: 1386/2692] 10.0.0.163 () {34 vars in 788 bytes} [Thu Jul 9 18:13:50 2026] PUT /v2.0/routers/b6d9bc3a-4dbb-4164-8a78-c24b2c43f6e7/remove_router_interface => generated 310 bytes in 835 msecs (HTTP/1.1 200) 4 headers in 157 bytes (1 switches on core 0)
2026-07-09 18:13:51.789 8 INFO neutron.api.v2.resource [None req-d874b425-0fb7-4309-a8c7-6e277903eebc 2cb69b921dae4fa89912f5fed02d6981 3b04f21a809b4c60b0f09c00b2b65170 - - default default] remove_router_interface failed (client error): The resource could not be found. [pid: 8|app: 0|req: 1307/2693] 10.0.0.163 () {34 vars in 788 bytes} [Thu Jul 9 18:13:51 2026] PUT /v2.0/routers/b6d9bc3a-4dbb-4164-8a78-c24b2c43f6e7/remove_router_interface => generated 198 bytes in 132 msecs (HTTP/1.1 404) 4 headers in 164 bytes (1 switches on core 0) /var/lib/openstack/lib/python3.12/site-packages/pycadf/identifier.py:70: UserWarning: Invalid uuid: neutron. To ensure interoperability, identifiers should be a valid uuid. warnings.warn(('Invalid uuid: %s. To ensure interoperability, '
2026-07-09 18:13:52.164 7 INFO neutron_taas.services.taas.taas_plugin [None req-b6fe6f10-31b3-49d4-ab67-1ff147c6c17d 2cb69b921dae4fa89912f5fed02d6981 3b04f21a809b4c60b0f09c00b2b65170 - - default default] TaaS: Handle Delete Port: 97604882-5d9b-484c-866a-2d95bfa584ea
2026-07-09 18:13:52.168 7 INFO neutron_taas.services.taas.tap_mirror_plugin [None req-b6fe6f10-31b3-49d4-ab67-1ff147c6c17d 2cb69b921dae4fa89912f5fed02d6981 3b04f21a809b4c60b0f09c00b2b65170 - - default default] Tap Mirror: Handle Delete Port: 97604882-5d9b-484c-866a-2d95bfa584ea [pid: 7|app: 0|req: 1387/2694] 10.0.0.163 () {34 vars in 788 bytes} [Thu Jul 9 18:13:51 2026] PUT /v2.0/routers/b6d9bc3a-4dbb-4164-8a78-c24b2c43f6e7/remove_router_interface => generated 310 bytes in 984 msecs (HTTP/1.1 200) 4 headers in 157 bytes (1 switches on core 0)
2026-07-09 18:13:52.922 8 INFO neutron.api.v2.resource [None req-c00fbd49-a522-4ccc-9395-0f74bf024c9b 2cb69b921dae4fa89912f5fed02d6981 3b04f21a809b4c60b0f09c00b2b65170 - - default default] remove_router_interface failed (client error): The resource could not be found. [pid: 8|app: 0|req: 1308/2695] 10.0.0.163 () {34 vars in 788 bytes} [Thu Jul 9 18:13:52 2026] PUT /v2.0/routers/b6d9bc3a-4dbb-4164-8a78-c24b2c43f6e7/remove_router_interface => generated 198 bytes in 137 msecs (HTTP/1.1 404) 4 headers in 164 bytes (1 switches on core 0) /var/lib/openstack/lib/python3.12/site-packages/pycadf/identifier.py:70: UserWarning: Invalid uuid: neutron. To ensure interoperability, identifiers should be a valid uuid. warnings.warn(('Invalid uuid: %s. To ensure interoperability, '
2026-07-09 18:13:53.298 7 INFO neutron_taas.services.taas.taas_plugin [None req-b395a85b-f029-4cbb-b1cc-509cc736c856 2cb69b921dae4fa89912f5fed02d6981 3b04f21a809b4c60b0f09c00b2b65170 - - default default] TaaS: Handle Delete Port: f5eab896-1297-49c6-943c-1549e15a673b
2026-07-09 18:13:53.303 7 INFO neutron_taas.services.taas.tap_mirror_plugin [None req-b395a85b-f029-4cbb-b1cc-509cc736c856 2cb69b921dae4fa89912f5fed02d6981 3b04f21a809b4c60b0f09c00b2b65170 - - default default] Tap Mirror: Handle Delete Port: f5eab896-1297-49c6-943c-1549e15a673b [pid: 7|app: 0|req: 1388/2696] 10.0.0.163 () {32 vars in 723 bytes} [Thu Jul 9 18:13:52 2026] DELETE /v2.0/routers/b6d9bc3a-4dbb-4164-8a78-c24b2c43f6e7 => generated 0 bytes in 919 msecs (HTTP/1.1 204) 2 headers in 112 bytes (1 switches on core 0)
2026-07-09 18:13:53.874 8 INFO neutron.api.v2.resource [None req-b6390f75-d362-43bd-8008-7ef4895f7c21 2cb69b921dae4fa89912f5fed02d6981 3b04f21a809b4c60b0f09c00b2b65170 - - default default] show failed (client error): The resource could not be found. [pid: 8|app: 0|req: 1309/2697] 10.0.0.163 () {32 vars in 720 bytes} [Thu Jul 9 18:13:53 2026] GET /v2.0/routers/b6d9bc3a-4dbb-4164-8a78-c24b2c43f6e7 => generated 135 bytes in 22 msecs (HTTP/1.1 404) 4 headers in 164 bytes (1 switches on core 0) [pid: 7|app: 0|req: 1389/2698] 10.0.0.163 () {32 vars in 723 bytes} [Thu Jul 9 18:13:53 2026] DELETE /v2.0/subnets/467cb0a7-4a50-45e3-9bda-1df0dc7ceeef => generated 0 bytes in 173 msecs (HTTP/1.1 204) 3 headers in 131 bytes (1 switches on core 0)
2026-07-09 18:13:54.077 8 INFO neutron.pecan_wsgi.hooks.translation [None req-540e6502-88bb-4b9b-b0f7-bc1a5f0622ac 2cb69b921dae4fa89912f5fed02d6981 3b04f21a809b4c60b0f09c00b2b65170 - - default default] GET failed (client error): The resource could not be found. [pid: 8|app: 0|req: 1310/2699] 10.0.0.163 () {32 vars in 720 bytes} [Thu Jul 9 18:13:54 2026] GET /v2.0/subnets/467cb0a7-4a50-45e3-9bda-1df0dc7ceeef => generated 136 bytes in 20 msecs (HTTP/1.1 404) 4 headers in 164 bytes (1 switches on core 0) [pid: 7|app: 0|req: 1390/2700] 10.0.0.163 () {32 vars in 723 bytes} [Thu Jul 9 18:13:54 2026] DELETE /v2.0/subnets/14618322-85f5-45d7-8f1b-8134a8c8823c => generated 0 bytes in 198 msecs (HTTP/1.1 204) 3 headers in 131 bytes (1 switches on core 0)
2026-07-09 18:13:54.310 8 INFO neutron.pecan_wsgi.hooks.translation [None req-1fe8170a-2bc2-4839-99ed-724f5c4ce19a 2cb69b921dae4fa89912f5fed02d6981 3b04f21a809b4c60b0f09c00b2b65170 - - default default] GET failed (client error): The resource could not be found. [pid: 8|app: 0|req: 1311/2701] 10.0.0.163 () {32 vars in 720 bytes} [Thu Jul 9 18:13:54 2026] GET /v2.0/subnets/14618322-85f5-45d7-8f1b-8134a8c8823c => generated 136 bytes in 24 msecs (HTTP/1.1 404) 4 headers in 164 bytes (1 switches on core 0)
2026-07-09 18:13:54.459 7 INFO neutron_taas.services.taas.taas_plugin [None req-2f97cf46-ae35-4a60-b029-db563918112f 2cb69b921dae4fa89912f5fed02d6981 3b04f21a809b4c60b0f09c00b2b65170 - - default default] TaaS: Handle Delete Port: 6f6aac4b-ddfe-4e2b-aab4-7ca903b26b92
2026-07-09 18:13:54.464 7 INFO neutron_taas.services.taas.tap_mirror_plugin [None req-2f97cf46-ae35-4a60-b029-db563918112f 2cb69b921dae4fa89912f5fed02d6981 3b04f21a809b4c60b0f09c00b2b65170 - - default default] Tap Mirror: Handle Delete Port: 6f6aac4b-ddfe-4e2b-aab4-7ca903b26b92
2026-07-09 18:13:54.768 7 INFO neutron.services.segments.plugin [-] Segment 6990a27d-b1b7-4c52-87c9-1b18b9307c87 resource provider aggregate not found
2026-07-09 18:13:54.787 7 INFO neutron.services.segments.plugin [-] Client error retrieving segment 6990a27d-b1b7-4c52-87c9-1b18b9307c87 resource provider; error: Placement Client Error (4xx): {"errors": [{"status": 404, "title": "Not Found", "detail": "The resource could not be found.\n\n No resource provider with uuid 6990a27d-b1b7-4c52-87c9-1b18b9307c87 found for delete ", "request_id": "req-cc893c35-289b-47a5-8ea5-0cf9e3a8be81"}]}
2026-07-09 18:13:54.798 7 INFO neutron.services.segments.plugin [-] Segment 6990a27d-b1b7-4c52-87c9-1b18b9307c87 resource provider aggregate not found [pid: 7|app: 0|req: 1391/2702] 10.0.0.163 () {32 vars in 725 bytes} [Thu Jul 9 18:13:54 2026] DELETE /v2.0/networks/64a0a69a-d23e-42d5-bc3f-8aad2b466259 => generated 0 bytes in 495 msecs (HTTP/1.1 204) 3 headers in 131 bytes (1 switches on core 0)
2026-07-09 18:13:54.814 7 INFO neutron.services.segments.plugin [-] Client error retrieving segment 6990a27d-b1b7-4c52-87c9-1b18b9307c87 resource provider; error: Placement Client Error (4xx): {"errors": [{"status": 404, "title": "Not Found", "detail": "The resource could not be found.\n\n No resource provider with uuid 6990a27d-b1b7-4c52-87c9-1b18b9307c87 found for delete ", "request_id": "req-2979cb3d-b415-435e-a3e3-95c100a56dbd"}]}
2026-07-09 18:13:54.829 8 INFO neutron.pecan_wsgi.hooks.translation [None req-842ac049-ea51-4d70-b1ec-e8aeddbcf590 2cb69b921dae4fa89912f5fed02d6981 3b04f21a809b4c60b0f09c00b2b65170 - - default default] GET failed (client error): The resource could not be found. [pid: 8|app: 0|req: 1312/2703] 10.0.0.163 () {32 vars in 722 bytes} [Thu Jul 9 18:13:54 2026] GET /v2.0/networks/64a0a69a-d23e-42d5-bc3f-8aad2b466259 => generated 138 bytes in 14 msecs (HTTP/1.1 404) 4 headers in 164 bytes (1 switches on core 0) [pid: 7|app: 0|req: 1392/2704] 10.0.0.163 () {32 vars in 723 bytes} [Thu Jul 9 18:13:54 2026] DELETE /v2.0/subnets/f66830cd-79d4-4b36-b17c-b4950ebc6cad => generated 0 bytes in 184 msecs (HTTP/1.1 204) 3 headers in 131 bytes (1 switches on core 0)
2026-07-09 18:13:55.040 8 INFO neutron.pecan_wsgi.hooks.translation [None req-d28b90c2-62d1-493f-a118-4600622cba9e 2cb69b921dae4fa89912f5fed02d6981 3b04f21a809b4c60b0f09c00b2b65170 - - default default] GET failed (client error): The resource could not be found. [pid: 8|app: 0|req: 1313/2705] 10.0.0.163 () {32 vars in 720 bytes} [Thu Jul 9 18:13:55 2026] GET /v2.0/subnets/f66830cd-79d4-4b36-b17c-b4950ebc6cad => generated 136 bytes in 17 msecs (HTTP/1.1 404) 4 headers in 164 bytes (1 switches on core 0) [pid: 7|app: 0|req: 1393/2706] 10.0.0.163 () {32 vars in 723 bytes} [Thu Jul 9 18:13:55 2026] DELETE /v2.0/subnets/0a9244a8-c7a7-426d-8d23-6bd540cc8421 => generated 0 bytes in 187 msecs (HTTP/1.1 204) 3 headers in 131 bytes (1 switches on core 0)
2026-07-09 18:13:55.258 8 INFO neutron.pecan_wsgi.hooks.translation [None req-aad3d422-7457-4280-bb39-32b655ab0442 2cb69b921dae4fa89912f5fed02d6981 3b04f21a809b4c60b0f09c00b2b65170 - - default default] GET failed (client error): The resource could not be found. [pid: 8|app: 0|req: 1314/2707] 10.0.0.163 () {32 vars in 720 bytes} [Thu Jul 9 18:13:55 2026] GET /v2.0/subnets/0a9244a8-c7a7-426d-8d23-6bd540cc8421 => generated 136 bytes in 17 msecs (HTTP/1.1 404) 4 headers in 164 bytes (1 switches on core 0)
2026-07-09 18:13:55.392 7 INFO neutron_taas.services.taas.taas_plugin [None req-21068183-2690-4341-abb3-47647e66c0b8 2cb69b921dae4fa89912f5fed02d6981 3b04f21a809b4c60b0f09c00b2b65170 - - default default] TaaS: Handle Delete Port: 59d81696-1651-45a4-aeb2-65742868626b
2026-07-09 18:13:55.395 7 INFO neutron_taas.services.taas.tap_mirror_plugin [None req-21068183-2690-4341-abb3-47647e66c0b8 2cb69b921dae4fa89912f5fed02d6981 3b04f21a809b4c60b0f09c00b2b65170 - - default default] Tap Mirror: Handle Delete Port: 59d81696-1651-45a4-aeb2-65742868626b [pid: 7|app: 0|req: 1394/2708] 10.0.0.163 () {32 vars in 725 bytes} [Thu Jul 9 18:13:55 2026] DELETE /v2.0/networks/8d7878c7-a5ba-4264-9e0d-8fe52d811ff4 => generated 0 bytes in 410 msecs (HTTP/1.1 204) 3 headers in 131 bytes (1 switches on core 0)
2026-07-09 18:13:55.695 8 INFO neutron.pecan_wsgi.hooks.translation [None req-46d19857-59da-44c4-9d54-6dc5afbc7571 2cb69b921dae4fa89912f5fed02d6981 3b04f21a809b4c60b0f09c00b2b65170 - - default default] GET failed (client error): The resource could not be found. [pid: 8|app: 0|req: 1315/2709] 10.0.0.163 () {32 vars in 722 bytes} [Thu Jul 9 18:13:55 2026] GET /v2.0/networks/8d7878c7-a5ba-4264-9e0d-8fe52d811ff4 => generated 138 bytes in 17 msecs (HTTP/1.1 404) 4 headers in 164 bytes (1 switches on core 0) [pid: 7|app: 0|req: 1395/2712] 10.0.0.163 () {32 vars in 723 bytes} [Thu Jul 9 18:13:55 2026] DELETE /v2.0/subnets/17a807df-6df8-4e25-b752-ace4c13d62aa => generated 0 bytes in 134 msecs (HTTP/1.1 204) 3 headers in 131 bytes (1 switches on core 0)
2026-07-09 18:13:55.863 8 INFO neutron.pecan_wsgi.hooks.translation [None req-25ad86f7-9dcf-47c0-a8ba-c1568c9f586d 2cb69b921dae4fa89912f5fed02d6981 3b04f21a809b4c60b0f09c00b2b65170 - - default default] GET failed (client error): The resource could not be found. [pid: 8|app: 0|req: 1318/2713] 10.0.0.163 () {32 vars in 720 bytes} [Thu Jul 9 18:13:55 2026] GET /v2.0/subnets/17a807df-6df8-4e25-b752-ace4c13d62aa => generated 136 bytes in 21 msecs (HTTP/1.1 404) 4 headers in 164 bytes (1 switches on core 0) [pid: 7|app: 0|req: 1396/2714] 10.0.0.163 () {32 vars in 723 bytes} [Thu Jul 9 18:13:55 2026] DELETE /v2.0/subnets/76fa9904-7848-4848-8bfc-a1a226e0035c => generated 0 bytes in 152 msecs (HTTP/1.1 204) 3 headers in 131 bytes (1 switches on core 0)
2026-07-09 18:13:56.043 8 INFO neutron.pecan_wsgi.hooks.translation [None req-6abd805e-c00d-4391-b7fb-7ea952e2e49a 2cb69b921dae4fa89912f5fed02d6981 3b04f21a809b4c60b0f09c00b2b65170 - - default default] GET failed (client error): The resource could not be found. [pid: 8|app: 0|req: 1319/2715] 10.0.0.163 () {32 vars in 720 bytes} [Thu Jul 9 18:13:56 2026] GET /v2.0/subnets/76fa9904-7848-4848-8bfc-a1a226e0035c => generated 136 bytes in 17 msecs (HTTP/1.1 404) 4 headers in 164 bytes (1 switches on core 0)
2026-07-09 18:13:56.175 7 INFO neutron_taas.services.taas.taas_plugin [None req-60ac1a02-3b1a-417a-843b-2783419df05f 2cb69b921dae4fa89912f5fed02d6981 3b04f21a809b4c60b0f09c00b2b65170 - - default default] TaaS: Handle Delete Port: 4ed9ffac-805c-4dac-a04f-7275176f9027
2026-07-09 18:13:56.178 7 INFO neutron_taas.services.taas.tap_mirror_plugin [None req-60ac1a02-3b1a-417a-843b-2783419df05f 2cb69b921dae4fa89912f5fed02d6981 3b04f21a809b4c60b0f09c00b2b65170 - - default default] Tap Mirror: Handle Delete Port: 4ed9ffac-805c-4dac-a04f-7275176f9027 [pid: 7|app: 0|req: 1397/2716] 10.0.0.163 () {32 vars in 725 bytes} [Thu Jul 9 18:13:56 2026] DELETE /v2.0/networks/02d75ca7-7dd2-4a2e-a7a1-0e0d6552de0d => generated 0 bytes in 410 msecs (HTTP/1.1 204) 3 headers in 131 bytes (1 switches on core 0)
2026-07-09 18:13:56.480 8 INFO neutron.pecan_wsgi.hooks.translation [None req-30aa7d76-f60a-4462-abb0-a04b888e92bb 2cb69b921dae4fa89912f5fed02d6981 3b04f21a809b4c60b0f09c00b2b65170 - - default default] GET failed (client error): The resource could not be found. [pid: 8|app: 0|req: 1320/2717] 10.0.0.163 () {32 vars in 722 bytes} [Thu Jul 9 18:13:56 2026] GET /v2.0/networks/02d75ca7-7dd2-4a2e-a7a1-0e0d6552de0d => generated 138 bytes in 15 msecs (HTTP/1.1 404) 4 headers in 164 bytes (1 switches on core 0)
2026-07-09 18:13:56.809 7 INFO neutron.services.segments.plugin [-] Segment 2f6f2da3-d799-4047-a242-ef1e6b020616 resource provider aggregate not found
2026-07-09 18:13:56.830 7 INFO neutron.services.segments.plugin [-] Client error retrieving segment 2f6f2da3-d799-4047-a242-ef1e6b020616 resource provider; error: Placement Client Error (4xx): {"errors": [{"status": 404, "title": "Not Found", "detail": "The resource could not be found.\n\n No resource provider with uuid 2f6f2da3-d799-4047-a242-ef1e6b020616 found for delete ", "request_id": "req-b2d966bf-56d8-435b-885c-5840e6e323a9"}]}
2026-07-09 18:13:56.835 7 INFO neutron.services.segments.plugin [-] Segment 2f6f2da3-d799-4047-a242-ef1e6b020616 resource provider aggregate not found
2026-07-09 18:13:56.849 7 INFO neutron.services.segments.plugin [-] Segment c6e51a28-c372-443d-832b-b21e742d5664 resource provider aggregate not found
2026-07-09 18:13:56.855 7 INFO neutron.services.segments.plugin [-] Client error retrieving segment 2f6f2da3-d799-4047-a242-ef1e6b020616 resource provider; error: Placement Client Error (4xx): {"errors": [{"status": 404, "title": "Not Found", "detail": "The resource could not be found.\n\n No resource provider with uuid 2f6f2da3-d799-4047-a242-ef1e6b020616 found for delete ", "request_id": "req-ee2e5efe-4c05-4dbe-bb48-163e88fb9e83"}]}
2026-07-09 18:13:56.867 7 INFO neutron.services.segments.plugin [-] Client error retrieving segment c6e51a28-c372-443d-832b-b21e742d5664 resource provider; error: Placement Client Error (4xx): {"errors": [{"status": 404, "title": "Not Found", "detail": "The resource could not be found.\n\n No resource provider with uuid c6e51a28-c372-443d-832b-b21e742d5664 found for delete ", "request_id": "req-9c732a6b-481b-4219-aa0a-4f0487221dc5"}]}
2026-07-09 18:13:56.873 7 INFO neutron.services.segments.plugin [-] Segment c6e51a28-c372-443d-832b-b21e742d5664 resource provider aggregate not found
2026-07-09 18:13:56.891 7 INFO neutron.services.segments.plugin [-] Client error retrieving segment c6e51a28-c372-443d-832b-b21e742d5664 resource provider; error: Placement Client Error (4xx): {"errors": [{"status": 404, "title": "Not Found", "detail": "The resource could not be found.\n\n No resource provider with uuid c6e51a28-c372-443d-832b-b21e742d5664 found for delete ", "request_id": "req-08675c96-9dfc-4971-aea8-be1769b82c46"}]}
2026-07-09 18:13:58.683 7 WARNING neutron.db.securitygroups_db [None req-d56507dc-7e20-4248-8431-d88eaee3b065 23422d7a98684b749f9ee19f0cfd7758 d4b81ac989b34c56a430b56e9db6c22d - - default default] project_id key not found in filters, using tenant_id instead. This support has been deprecated and will be removed in a future release.
2026-07-09 18:13:58.860 7 INFO neutron.db.ovn_revision_numbers_db [None req-d56507dc-7e20-4248-8431-d88eaee3b065 23422d7a98684b749f9ee19f0cfd7758 d4b81ac989b34c56a430b56e9db6c22d - - default default] Successfully bumped revision number for resource 74f244bb-f01c-402f-b9dd-3d97b57243a3 (type: security_groups) to 1
2026-07-09 18:13:58.873 7 INFO neutron.db.ovn_revision_numbers_db [None req-d56507dc-7e20-4248-8431-d88eaee3b065 23422d7a98684b749f9ee19f0cfd7758 d4b81ac989b34c56a430b56e9db6c22d - - default default] Successfully bumped revision number for resource 1fbddb26-88f7-4b11-8d76-45741e4e0870 (type: security_group_rules) to 0
2026-07-09 18:13:58.887 7 INFO neutron.db.ovn_revision_numbers_db [None req-d56507dc-7e20-4248-8431-d88eaee3b065 23422d7a98684b749f9ee19f0cfd7758 d4b81ac989b34c56a430b56e9db6c22d - - default default] Successfully bumped revision number for resource 80908472-d35c-4c96-8a49-f391dd29bad9 (type: security_group_rules) to 0
2026-07-09 18:13:58.899 7 INFO neutron.db.ovn_revision_numbers_db [None req-d56507dc-7e20-4248-8431-d88eaee3b065 23422d7a98684b749f9ee19f0cfd7758 d4b81ac989b34c56a430b56e9db6c22d - - default default] Successfully bumped revision number for resource 8d67ef9a-7369-440a-8f8c-f14e312edbc1 (type: security_group_rules) to 0
2026-07-09 18:13:58.913 7 INFO neutron.db.ovn_revision_numbers_db [None req-d56507dc-7e20-4248-8431-d88eaee3b065 23422d7a98684b749f9ee19f0cfd7758 d4b81ac989b34c56a430b56e9db6c22d - - default default] Successfully bumped revision number for resource efcbad51-e75b-44bb-b25e-2ceeef4b2813 (type: security_group_rules) to 0 [pid: 7|app: 0|req: 1398/2718] 10.0.0.163 () {32 vars in 773 bytes} [Thu Jul 9 18:13:58 2026] GET /v2.0/security-groups?tenant_id=de645a6dc325419b91010b7f23ff8dd1&name=default => generated 2929 bytes in 438 msecs (HTTP/1.1 200) 4 headers in 158 bytes (1 switches on core 0) [pid: 8|app: 0|req: 1321/2719] 10.0.0.163 () {32 vars in 739 bytes} [Thu Jul 9 18:13:58 2026] DELETE /v2.0/security-groups/74f244bb-f01c-402f-b9dd-3d97b57243a3 => generated 0 bytes in 368 msecs (HTTP/1.1 204) 2 headers in 112 bytes (1 switches on core 0)
2026-07-09 18:13:59.448 7 WARNING neutron.db.securitygroups_db [None req-ee17f61d-71c9-4cc4-aa38-d3c1c251af1c 23422d7a98684b749f9ee19f0cfd7758 d4b81ac989b34c56a430b56e9db6c22d - - default default] project_id key not found in filters, using tenant_id instead. This support has been deprecated and will be removed in a future release.
2026-07-09 18:13:59.703 7 INFO neutron.db.ovn_revision_numbers_db [None req-ee17f61d-71c9-4cc4-aa38-d3c1c251af1c 23422d7a98684b749f9ee19f0cfd7758 d4b81ac989b34c56a430b56e9db6c22d - - default default] Successfully bumped revision number for resource 7455def5-de9e-4fba-a323-b2d498a08394 (type: security_groups) to 1
2026-07-09 18:13:59.719 7 INFO neutron.db.ovn_revision_numbers_db [None req-ee17f61d-71c9-4cc4-aa38-d3c1c251af1c 23422d7a98684b749f9ee19f0cfd7758 d4b81ac989b34c56a430b56e9db6c22d - - default default] Successfully bumped revision number for resource 1162cf7b-9ec7-4d50-a826-1b0a8a70d871 (type: security_group_rules) to 0
2026-07-09 18:13:59.738 7 INFO neutron.db.ovn_revision_numbers_db [None req-ee17f61d-71c9-4cc4-aa38-d3c1c251af1c 23422d7a98684b749f9ee19f0cfd7758 d4b81ac989b34c56a430b56e9db6c22d - - default default] Successfully bumped revision number for resource 12b09b0f-035e-4f8b-8a09-35c3aa30ec7e (type: security_group_rules) to 0
2026-07-09 18:13:59.752 7 INFO neutron.db.ovn_revision_numbers_db [None req-ee17f61d-71c9-4cc4-aa38-d3c1c251af1c 23422d7a98684b749f9ee19f0cfd7758 d4b81ac989b34c56a430b56e9db6c22d - - default default] Successfully bumped revision number for resource 6632dfdf-622e-42c1-b57e-ee249eae39eb (type: security_group_rules) to 0
2026-07-09 18:13:59.766 7 INFO neutron.db.ovn_revision_numbers_db [None req-ee17f61d-71c9-4cc4-aa38-d3c1c251af1c 23422d7a98684b749f9ee19f0cfd7758 d4b81ac989b34c56a430b56e9db6c22d - - default default] Successfully bumped revision number for resource cd0f19d8-b632-46b4-a11d-1319473a6a28 (type: security_group_rules) to 0 [pid: 7|app: 0|req: 1399/2720] 10.0.0.163 () {32 vars in 773 bytes} [Thu Jul 9 18:13:59 2026] GET /v2.0/security-groups?tenant_id=aad35376583c490f9219ee6f9c144171&name=default => generated 2929 bytes in 370 msecs (HTTP/1.1 200) 4 headers in 158 bytes (1 switches on core 0) [pid: 8|app: 0|req: 1322/2721] 10.0.0.163 () {32 vars in 739 bytes} [Thu Jul 9 18:13:59 2026] DELETE /v2.0/security-groups/7455def5-de9e-4fba-a323-b2d498a08394 => generated 0 bytes in 279 msecs (HTTP/1.1 204) 2 headers in 112 bytes (1 switches on core 0)
2026-07-09 18:14:00.276 7 WARNING neutron.db.securitygroups_db [None req-4f20c496-1c43-4d0b-b41d-26046f1c99b7 23422d7a98684b749f9ee19f0cfd7758 d4b81ac989b34c56a430b56e9db6c22d - - default default] project_id key not found in filters, using tenant_id instead. This support has been deprecated and will be removed in a future release.
2026-07-09 18:14:00.459 7 INFO neutron.db.ovn_revision_numbers_db [None req-4f20c496-1c43-4d0b-b41d-26046f1c99b7 23422d7a98684b749f9ee19f0cfd7758 d4b81ac989b34c56a430b56e9db6c22d - - default default] Successfully bumped revision number for resource 0d18fbc2-f862-4d42-b47d-2b92a71d4ab3 (type: security_groups) to 1
2026-07-09 18:14:00.476 7 INFO neutron.db.ovn_revision_numbers_db [None req-4f20c496-1c43-4d0b-b41d-26046f1c99b7 23422d7a98684b749f9ee19f0cfd7758 d4b81ac989b34c56a430b56e9db6c22d - - default default] Successfully bumped revision number for resource 0300ec82-9cff-43ae-b124-b889391b8b39 (type: security_group_rules) to 0
2026-07-09 18:14:00.494 7 INFO neutron.db.ovn_revision_numbers_db [None req-4f20c496-1c43-4d0b-b41d-26046f1c99b7 23422d7a98684b749f9ee19f0cfd7758 d4b81ac989b34c56a430b56e9db6c22d - - default default] Successfully bumped revision number for resource 3a73af32-7191-46a7-aea0-055ff560af91 (type: security_group_rules) to 0
2026-07-09 18:14:00.513 7 INFO neutron.db.ovn_revision_numbers_db [None req-4f20c496-1c43-4d0b-b41d-26046f1c99b7 23422d7a98684b749f9ee19f0cfd7758 d4b81ac989b34c56a430b56e9db6c22d - - default default] Successfully bumped revision number for resource 97e38c80-fa9b-4e54-9f37-41cfd952fd9e (type: security_group_rules) to 0
2026-07-09 18:14:00.532 7 INFO neutron.db.ovn_revision_numbers_db [None req-4f20c496-1c43-4d0b-b41d-26046f1c99b7 23422d7a98684b749f9ee19f0cfd7758 d4b81ac989b34c56a430b56e9db6c22d - - default default] Successfully bumped revision number for resource cf53486e-c39a-48e0-85a3-ccc2900de2c3 (type: security_group_rules) to 0 [pid: 7|app: 0|req: 1400/2722] 10.0.0.163 () {32 vars in 773 bytes} [Thu Jul 9 18:14:00 2026] GET /v2.0/security-groups?tenant_id=95ea66e13241453fb6c759f1358a81d7&name=default => generated 2929 bytes in 318 msecs (HTTP/1.1 200) 4 headers in 158 bytes (1 switches on core 0) [pid: 8|app: 0|req: 1323/2723] 10.0.0.163 () {32 vars in 739 bytes} [Thu Jul 9 18:14:00 2026] DELETE /v2.0/security-groups/0d18fbc2-f862-4d42-b47d-2b92a71d4ab3 => generated 0 bytes in 265 msecs (HTTP/1.1 204) 2 headers in 112 bytes (1 switches on core 0)
2026-07-09 18:14:01.021 7 WARNING neutron.db.securitygroups_db [None req-3d5ebed7-f8d9-40fa-918f-b5d4fcc00198 23422d7a98684b749f9ee19f0cfd7758 d4b81ac989b34c56a430b56e9db6c22d - - default default] project_id key not found in filters, using tenant_id instead. This support has been deprecated and will be removed in a future release. [pid: 7|app: 0|req: 1401/2724] 10.0.0.163 () {32 vars in 773 bytes} [Thu Jul 9 18:14:01 2026] GET /v2.0/security-groups?tenant_id=3b04f21a809b4c60b0f09c00b2b65170&name=default => generated 2929 bytes in 33 msecs (HTTP/1.1 200) 4 headers in 158 bytes (1 switches on core 0) [pid: 8|app: 0|req: 1324/2725] 10.0.0.163 () {32 vars in 739 bytes} [Thu Jul 9 18:14:01 2026] DELETE /v2.0/security-groups/2ab6fa26-5509-4c0a-97c7-d35bb322b423 => generated 0 bytes in 261 msecs (HTTP/1.1 204) 2 headers in 112 bytes (1 switches on core 0)
2026-07-09 18:14:01.485 7 WARNING neutron.db.securitygroups_db [None req-569350cd-8d47-4a90-bc06-7dd10e56ab4f 23422d7a98684b749f9ee19f0cfd7758 d4b81ac989b34c56a430b56e9db6c22d - - default default] project_id key not found in filters, using tenant_id instead. This support has been deprecated and will be removed in a future release.
2026-07-09 18:14:01.688 7 INFO neutron.db.ovn_revision_numbers_db [None req-569350cd-8d47-4a90-bc06-7dd10e56ab4f 23422d7a98684b749f9ee19f0cfd7758 d4b81ac989b34c56a430b56e9db6c22d - - default default] Successfully bumped revision number for resource 0f074bb1-082b-4450-8fc3-aaa842aa7703 (type: security_groups) to 1
2026-07-09 18:14:01.702 7 INFO neutron.db.ovn_revision_numbers_db [None req-569350cd-8d47-4a90-bc06-7dd10e56ab4f 23422d7a98684b749f9ee19f0cfd7758 d4b81ac989b34c56a430b56e9db6c22d - - default default] Successfully bumped revision number for resource 28ce98eb-1481-4ad8-9f52-fa64f85223e0 (type: security_group_rules) to 0
2026-07-09 18:14:01.715 7 INFO neutron.db.ovn_revision_numbers_db [None req-569350cd-8d47-4a90-bc06-7dd10e56ab4f 23422d7a98684b749f9ee19f0cfd7758 d4b81ac989b34c56a430b56e9db6c22d - - default default] Successfully bumped revision number for resource 2c621877-2c63-46bc-b6e5-bf2ee609e144 (type: security_group_rules) to 0
2026-07-09 18:14:01.729 7 INFO neutron.db.ovn_revision_numbers_db [None req-569350cd-8d47-4a90-bc06-7dd10e56ab4f 23422d7a98684b749f9ee19f0cfd7758 d4b81ac989b34c56a430b56e9db6c22d - - default default] Successfully bumped revision number for resource 7a48a478-b55f-4e93-a6e3-696258714deb (type: security_group_rules) to 0
2026-07-09 18:14:01.744 7 INFO neutron.db.ovn_revision_numbers_db [None req-569350cd-8d47-4a90-bc06-7dd10e56ab4f 23422d7a98684b749f9ee19f0cfd7758 d4b81ac989b34c56a430b56e9db6c22d - - default default] Successfully bumped revision number for resource d9217803-198a-435a-b0a6-7cb6b1ad6352 (type: security_group_rules) to 0 [pid: 7|app: 0|req: 1402/2726] 10.0.0.163 () {32 vars in 773 bytes} [Thu Jul 9 18:14:01 2026] GET /v2.0/security-groups?tenant_id=06bff3ea55cd40359714b7fc97e6a120&name=default => generated 2929 bytes in 308 msecs (HTTP/1.1 200) 4 headers in 158 bytes (1 switches on core 0) [pid: 8|app: 0|req: 1325/2727] 10.0.0.163 () {32 vars in 739 bytes} [Thu Jul 9 18:14:01 2026] DELETE /v2.0/security-groups/0f074bb1-082b-4450-8fc3-aaa842aa7703 => generated 0 bytes in 243 msecs (HTTP/1.1 204) 2 headers in 112 bytes (1 switches on core 0)
2026-07-09 18:14:02.197 7 WARNING neutron.db.securitygroups_db [None req-44fd3915-3544-49fa-baea-5b87ea09ef4e 23422d7a98684b749f9ee19f0cfd7758 d4b81ac989b34c56a430b56e9db6c22d - - default default] project_id key not found in filters, using tenant_id instead. This support has been deprecated and will be removed in a future release.
2026-07-09 18:14:02.368 7 INFO neutron.db.ovn_revision_numbers_db [None req-44fd3915-3544-49fa-baea-5b87ea09ef4e 23422d7a98684b749f9ee19f0cfd7758 d4b81ac989b34c56a430b56e9db6c22d - - default default] Successfully bumped revision number for resource 790eab20-15ea-4099-9cec-390449f7cf41 (type: security_groups) to 1
2026-07-09 18:14:02.380 7 INFO neutron.db.ovn_revision_numbers_db [None req-44fd3915-3544-49fa-baea-5b87ea09ef4e 23422d7a98684b749f9ee19f0cfd7758 d4b81ac989b34c56a430b56e9db6c22d - - default default] Successfully bumped revision number for resource 05969d37-2103-4f6b-befd-b8dc706c04e9 (type: security_group_rules) to 0
2026-07-09 18:14:02.392 7 INFO neutron.db.ovn_revision_numbers_db [None req-44fd3915-3544-49fa-baea-5b87ea09ef4e 23422d7a98684b749f9ee19f0cfd7758 d4b81ac989b34c56a430b56e9db6c22d - - default default] Successfully bumped revision number for resource 31564d16-aedf-4d7c-b6ef-388c4f0e707b (type: security_group_rules) to 0
2026-07-09 18:14:02.406 7 INFO neutron.db.ovn_revision_numbers_db [None req-44fd3915-3544-49fa-baea-5b87ea09ef4e 23422d7a98684b749f9ee19f0cfd7758 d4b81ac989b34c56a430b56e9db6c22d - - default default] Successfully bumped revision number for resource 7c210af9-3a4b-4195-b0dd-e9bd5fdb941b (type: security_group_rules) to 0
2026-07-09 18:14:02.422 7 INFO neutron.db.ovn_revision_numbers_db [None req-44fd3915-3544-49fa-baea-5b87ea09ef4e 23422d7a98684b749f9ee19f0cfd7758 d4b81ac989b34c56a430b56e9db6c22d - - default default] Successfully bumped revision number for resource 7d8e7ad3-4f27-4328-b8df-e10fb8c34e53 (type: security_group_rules) to 0 [pid: 7|app: 0|req: 1403/2728] 10.0.0.163 () {32 vars in 773 bytes} [Thu Jul 9 18:14:02 2026] GET /v2.0/security-groups?tenant_id=b2439ce80da2467e961ef3b7794b6744&name=default => generated 2929 bytes in 272 msecs (HTTP/1.1 200) 4 headers in 158 bytes (1 switches on core 0) [pid: 8|app: 0|req: 1326/2729] 10.0.0.163 () {32 vars in 739 bytes} [Thu Jul 9 18:14:02 2026] DELETE /v2.0/security-groups/790eab20-15ea-4099-9cec-390449f7cf41 => generated 0 bytes in 261 msecs (HTTP/1.1 204) 2 headers in 112 bytes (1 switches on core 0)
2026-07-09 18:14:02.867 7 WARNING neutron.db.securitygroups_db [None req-1f3b11c0-71b7-46ab-916b-8f8f13864fac 23422d7a98684b749f9ee19f0cfd7758 d4b81ac989b34c56a430b56e9db6c22d - - default default] project_id key not found in filters, using tenant_id instead. This support has been deprecated and will be removed in a future release.
2026-07-09 18:14:03.038 7 INFO neutron.db.ovn_revision_numbers_db [None req-1f3b11c0-71b7-46ab-916b-8f8f13864fac 23422d7a98684b749f9ee19f0cfd7758 d4b81ac989b34c56a430b56e9db6c22d - - default default] Successfully bumped revision number for resource 3c510540-85ac-463e-b3f2-e73c25837d45 (type: security_groups) to 1
2026-07-09 18:14:03.066 7 INFO neutron.db.ovn_revision_numbers_db [None req-1f3b11c0-71b7-46ab-916b-8f8f13864fac 23422d7a98684b749f9ee19f0cfd7758 d4b81ac989b34c56a430b56e9db6c22d - - default default] Successfully bumped revision number for resource 28d3a1a8-71e6-4d0f-b283-5967c0f69321 (type: security_group_rules) to 0
2026-07-09 18:14:03.080 7 INFO neutron.db.ovn_revision_numbers_db [None req-1f3b11c0-71b7-46ab-916b-8f8f13864fac 23422d7a98684b749f9ee19f0cfd7758 d4b81ac989b34c56a430b56e9db6c22d - - default default] Successfully bumped revision number for resource 3ca7c711-f32e-478d-846a-25124fd7d98e (type: security_group_rules) to 0
2026-07-09 18:14:03.096 7 INFO neutron.db.ovn_revision_numbers_db [None req-1f3b11c0-71b7-46ab-916b-8f8f13864fac 23422d7a98684b749f9ee19f0cfd7758 d4b81ac989b34c56a430b56e9db6c22d - - default default] Successfully bumped revision number for resource 3ee4935d-514b-4e98-a852-01b280882abd (type: security_group_rules) to 0
