2026-07-09 18:09:02.101 7 INFO neutron.db.ovn_revision_numbers_db [None req-427bbea0-9d3b-464b-a41e-8c798dc12591 9698df4438084f45ad84295a5461cf39 f5d46c4751c74a6a97823f65b44051a9 - - default default] Successfully bumped revision number for resource bcabad2b-76b5-4594-a7a5-a204109f52fa (type: security_group_rules) to 0
2026-07-09 18:09:02.115 7 INFO neutron.db.ovn_revision_numbers_db [None req-427bbea0-9d3b-464b-a41e-8c798dc12591 9698df4438084f45ad84295a5461cf39 f5d46c4751c74a6a97823f65b44051a9 - - default default] Successfully bumped revision number for resource de3635ea-0413-4995-8d02-694d307936ea (type: security_group_rules) to 0
2026-07-09 18:09:02.130 7 INFO neutron.db.ovn_revision_numbers_db [None req-427bbea0-9d3b-464b-a41e-8c798dc12591 9698df4438084f45ad84295a5461cf39 f5d46c4751c74a6a97823f65b44051a9 - - default default] Successfully bumped revision number for resource ff66fd39-a04a-471b-87b3-1e65970a22c8 (type: security_group_rules) to 0
2026-07-09 18:09:02.224 7 INFO neutron.db.segments_db [None req-427bbea0-9d3b-464b-a41e-8c798dc12591 9698df4438084f45ad84295a5461cf39 f5d46c4751c74a6a97823f65b44051a9 - - default default] Added segment 025c0d18-5700-46c9-9b12-1b59908f5ce4 of type geneve for network 0dd22277-d22a-4f0c-a2c4-91cdc5ed23b1
2026-07-09 18:09:02.411 7 INFO neutron.db.ovn_revision_numbers_db [None req-427bbea0-9d3b-464b-a41e-8c798dc12591 9698df4438084f45ad84295a5461cf39 f5d46c4751c74a6a97823f65b44051a9 - - default default] Successfully bumped revision number for resource 0dd22277-d22a-4f0c-a2c4-91cdc5ed23b1 (type: networks) to 1
2026-07-09 18:09:02.621 7 WARNING neutron.scheduler.dhcp_agent_scheduler [None req-427bbea0-9d3b-464b-a41e-8c798dc12591 9698df4438084f45ad84295a5461cf39 f5d46c4751c74a6a97823f65b44051a9 - - default default] No more DHCP agents
2026-07-09 18:09:02.622 7 WARNING neutron.api.rpc.agentnotifiers.dhcp_rpc_agent_api [None req-427bbea0-9d3b-464b-a41e-8c798dc12591 9698df4438084f45ad84295a5461cf39 f5d46c4751c74a6a97823f65b44051a9 - - default default] Unable to schedule network 0dd22277-d22a-4f0c-a2c4-91cdc5ed23b1: no agents available; will retry on subsequent port and subnet creation events.
2026-07-09 18:09:02.766 7 INFO neutron.db.ovn_revision_numbers_db [None req-427bbea0-9d3b-464b-a41e-8c798dc12591 9698df4438084f45ad84295a5461cf39 f5d46c4751c74a6a97823f65b44051a9 - - default default] Successfully bumped revision number for resource 660d5281-6ae4-4fa6-8872-230d5a41e5ff (type: ports) to 1 [pid: 8|app: 0|req: 588/1218] 10.0.0.163 () {34 vars in 788 bytes} [Thu Jul 9 18:09:01 2026] PUT /v2.0/routers/758b9e7d-bae6-4bda-af6c-9eff8167ecbc/remove_router_interface => generated 310 bytes in 1247 msecs (HTTP/1.1 200) 4 headers in 157 bytes (1 switches on core 0) /var/lib/openstack/lib/python3.12/site-packages/pycadf/identifier.py:70: UserWarning: Invalid uuid: neutron. To ensure interoperability, identifiers should be a valid uuid. warnings.warn(('Invalid uuid: %s. To ensure interoperability, ' [pid: 7|app: 0|req: 631/1219] 10.0.0.163 () {34 vars in 669 bytes} [Thu Jul 9 18:09:01 2026] POST /v2.0/networks => generated 668 bytes in 1037 msecs (HTTP/1.1 201) 4 headers in 162 bytes (1 switches on core 0) [pid: 8|app: 0|req: 589/1220] 10.0.0.163 () {32 vars in 723 bytes} [Thu Jul 9 18:09:02 2026] DELETE /v2.0/subnets/32418580-366b-4133-8c01-08e9151e979b => generated 0 bytes in 186 msecs (HTTP/1.1 204) 3 headers in 131 bytes (1 switches on core 0)
2026-07-09 18:09:02.976 7 WARNING neutron.scheduler.dhcp_agent_scheduler [None req-0c454769-0923-48a5-96ef-9d180b52ae59 f087ab349b414cb48acf00a1d5e2c6be 7981227905df40cd8b61b5580d35afa5 - - default default] No more DHCP agents
2026-07-09 18:09:02.979 7 WARNING neutron.api.rpc.agentnotifiers.dhcp_rpc_agent_api [None req-0c454769-0923-48a5-96ef-9d180b52ae59 f087ab349b414cb48acf00a1d5e2c6be 7981227905df40cd8b61b5580d35afa5 - - default default] Unable to schedule network 5e21a4c4-7d58-45d4-b752-0ad99cfff875: no agents available; will retry on subsequent port and subnet creation events.
2026-07-09 18:09:03.004 7 INFO neutron.db.ovn_revision_numbers_db [None req-0c454769-0923-48a5-96ef-9d180b52ae59 f087ab349b414cb48acf00a1d5e2c6be 7981227905df40cd8b61b5580d35afa5 - - default default] Successfully bumped revision number for resource 04816406-8d6c-4e55-b13d-a14ec219acf2 (type: subnets) to 0 [pid: 7|app: 0|req: 632/1221] 10.0.0.163 () {34 vars in 668 bytes} [Thu Jul 9 18:09:02 2026] POST /v2.0/subnets => generated 627 bytes in 224 msecs (HTTP/1.1 201) 4 headers in 162 bytes (1 switches on core 0)
2026-07-09 18:09:03.162 7 INFO neutron.db.segments_db [None req-ca43cd1b-4025-4025-bf9d-776e0b70bf72 9698df4438084f45ad84295a5461cf39 f5d46c4751c74a6a97823f65b44051a9 - - default default] Added segment 80faadf9-88be-4de0-a680-35d51cb23326 of type geneve for network 35547bd4-5062-4e35-887c-4f933e530c10
2026-07-09 18:09:03.332 7 INFO neutron.db.ovn_revision_numbers_db [None req-ca43cd1b-4025-4025-bf9d-776e0b70bf72 9698df4438084f45ad84295a5461cf39 f5d46c4751c74a6a97823f65b44051a9 - - default default] Successfully bumped revision number for resource 35547bd4-5062-4e35-887c-4f933e530c10 (type: networks) to 1
2026-07-09 18:09:03.408 8 WARNING neutron.plugins.ml2.drivers.ovn.mech_driver.ovsdb.ovn_client [None req-da232866-6995-4c4e-a353-fe44b61a8cf4 - - - - - -] No port found with ID d16c9fd1-02e8-4df8-af18-4688bee795d6: RuntimeError: No port found with ID d16c9fd1-02e8-4df8-af18-4688bee795d6
2026-07-09 18:09:03.414 8 INFO neutron_taas.services.taas.taas_plugin [None req-586e9fa5-64e8-4593-a575-9afdbb59f539 23422d7a98684b749f9ee19f0cfd7758 d4b81ac989b34c56a430b56e9db6c22d - - default default] TaaS: Handle Delete Port: f2f9b840-36ef-465f-9d62-b6fd6438b771
2026-07-09 18:09:03.426 8 INFO neutron_taas.services.taas.tap_mirror_plugin [None req-586e9fa5-64e8-4593-a575-9afdbb59f539 23422d7a98684b749f9ee19f0cfd7758 d4b81ac989b34c56a430b56e9db6c22d - - default default] Tap Mirror: Handle Delete Port: f2f9b840-36ef-465f-9d62-b6fd6438b771
2026-07-09 18:09:03.446 8 INFO neutron.plugins.ml2.drivers.ovn.mech_driver.mech_driver [None req-da232866-6995-4c4e-a353-fe44b61a8cf4 - - - - - -] OVN reports status down for port: a82a836d-033e-405b-93dc-62d77ccdb8f2
2026-07-09 18:09:03.547 7 WARNING neutron.scheduler.dhcp_agent_scheduler [None req-ca43cd1b-4025-4025-bf9d-776e0b70bf72 9698df4438084f45ad84295a5461cf39 f5d46c4751c74a6a97823f65b44051a9 - - default default] No more DHCP agents
2026-07-09 18:09:03.551 7 WARNING neutron.api.rpc.agentnotifiers.dhcp_rpc_agent_api [None req-ca43cd1b-4025-4025-bf9d-776e0b70bf72 9698df4438084f45ad84295a5461cf39 f5d46c4751c74a6a97823f65b44051a9 - - default default] Unable to schedule network 35547bd4-5062-4e35-887c-4f933e530c10: no agents available; will retry on subsequent port and subnet creation events.
2026-07-09 18:09:03.680 7 INFO neutron.db.ovn_revision_numbers_db [None req-ca43cd1b-4025-4025-bf9d-776e0b70bf72 9698df4438084f45ad84295a5461cf39 f5d46c4751c74a6a97823f65b44051a9 - - default default] Successfully bumped revision number for resource 494ab651-2152-4ea4-9f47-28712bae1f3e (type: ports) to 1
2026-07-09 18:09:03.698 8 INFO neutron.plugins.ml2.drivers.ovn.mech_driver.mech_driver [None req-da232866-6995-4c4e-a353-fe44b61a8cf4 - - - - - -] OVN reports status down for port: 660d5281-6ae4-4fa6-8872-230d5a41e5ff [pid: 7|app: 0|req: 633/1222] 10.0.0.163 () {34 vars in 669 bytes} [Thu Jul 9 18:09:03 2026] POST /v2.0/networks => generated 668 bytes in 679 msecs (HTTP/1.1 201) 4 headers in 162 bytes (1 switches on core 0)
2026-07-09 18:09:03.874 7 INFO neutron_taas.services.taas.taas_plugin [None req-0afdf903-6063-43d8-99d5-29351ec329a4 e01856ec7c8b468faf9dbc0fe675f320 934bfd9cd7ab4080a732543d582341c4 - - default default] TaaS: Handle Delete Port: 3d808f0a-2f10-4e2c-b2c1-7f6a4740c642
2026-07-09 18:09:03.877 7 INFO neutron_taas.services.taas.tap_mirror_plugin [None req-0afdf903-6063-43d8-99d5-29351ec329a4 e01856ec7c8b468faf9dbc0fe675f320 934bfd9cd7ab4080a732543d582341c4 - - default default] Tap Mirror: Handle Delete Port: 3d808f0a-2f10-4e2c-b2c1-7f6a4740c642
2026-07-09 18:09:03.880 8 INFO neutron.plugins.ml2.drivers.ovn.mech_driver.mech_driver [None req-da232866-6995-4c4e-a353-fe44b61a8cf4 - - - - - -] OVN reports status down for port: 494ab651-2152-4ea4-9f47-28712bae1f3e
2026-07-09 18:09:04.096 7 INFO neutron.services.segments.plugin [-] Segment fa5a18d8-49d7-44a7-827f-f8478ebd3026 resource provider aggregate not found
2026-07-09 18:09:04.102 7 INFO neutron.services.segments.plugin [-] Segment fa5a18d8-49d7-44a7-827f-f8478ebd3026 resource provider aggregate not found
2026-07-09 18:09:04.122 7 INFO neutron.services.segments.plugin [-] Client error retrieving segment fa5a18d8-49d7-44a7-827f-f8478ebd3026 resource provider; error: Placement Client Error (4xx): {"errors": [{"status": 404, "title": "Not Found", "detail": "The resource could not be found.\n\n No resource provider with uuid fa5a18d8-49d7-44a7-827f-f8478ebd3026 found for delete ", "request_id": "req-c4de8119-3e40-4da1-a52f-0984ea841795"}]}
2026-07-09 18:09:04.124 7 INFO neutron.services.segments.plugin [-] Client error retrieving segment fa5a18d8-49d7-44a7-827f-f8478ebd3026 resource provider; error: Placement Client Error (4xx): {"errors": [{"status": 404, "title": "Not Found", "detail": "The resource could not be found.\n\n No resource provider with uuid fa5a18d8-49d7-44a7-827f-f8478ebd3026 found for delete ", "request_id": "req-b299813f-1f3f-4d04-a012-6d59f8e547c8"}]} [pid: 7|app: 0|req: 634/1223] 10.0.0.163 () {32 vars in 725 bytes} [Thu Jul 9 18:09:03 2026] DELETE /v2.0/networks/9b41b1a8-7a6f-42ac-8c66-927264f164bc => generated 0 bytes in 456 msecs (HTTP/1.1 204) 3 headers in 131 bytes (1 switches on core 0) [pid: 8|app: 0|req: 590/1224] 10.0.0.163 () {32 vars in 723 bytes} [Thu Jul 9 18:09:02 2026] DELETE /v2.0/routers/758b9e7d-bae6-4bda-af6c-9eff8167ecbc => generated 0 bytes in 1335 msecs (HTTP/1.1 204) 2 headers in 112 bytes (1 switches on core 0)
2026-07-09 18:09:04.470 8 WARNING neutron.scheduler.dhcp_agent_scheduler [None req-26ac9125-09c7-402f-9f44-420ad9d0a9c5 9698df4438084f45ad84295a5461cf39 f5d46c4751c74a6a97823f65b44051a9 - - default default] No more DHCP agents
2026-07-09 18:09:04.472 8 WARNING neutron.api.rpc.agentnotifiers.dhcp_rpc_agent_api [None req-26ac9125-09c7-402f-9f44-420ad9d0a9c5 9698df4438084f45ad84295a5461cf39 f5d46c4751c74a6a97823f65b44051a9 - - default default] Unable to schedule network 0dd22277-d22a-4f0c-a2c4-91cdc5ed23b1: no agents available; will retry on subsequent port and subnet creation events.
2026-07-09 18:09:04.740 7 WARNING neutron.scheduler.dhcp_agent_scheduler [None req-ec79ea14-cf5f-4c88-80d1-781651819eab f087ab349b414cb48acf00a1d5e2c6be 7981227905df40cd8b61b5580d35afa5 - - default default] No more DHCP agents
2026-07-09 18:09:04.742 7 WARNING neutron.api.rpc.agentnotifiers.dhcp_rpc_agent_api [None req-ec79ea14-cf5f-4c88-80d1-781651819eab f087ab349b414cb48acf00a1d5e2c6be 7981227905df40cd8b61b5580d35afa5 - - default default] Unable to schedule network 7d14dd9f-cdb0-4f24-bade-9cbee40ba9fe: no agents available; will retry on subsequent port and subnet creation events.
2026-07-09 18:09:04.932 8 INFO neutron.plugins.ml2.drivers.ovn.mech_driver.mech_driver [None req-da232866-6995-4c4e-a353-fe44b61a8cf4 - - - - - -] OVN reports status down for port: 4365c112-9e6e-4301-8902-8c68d28bb5d3
2026-07-09 18:09:04.935 7 INFO neutron.db.ovn_revision_numbers_db [None req-ec79ea14-cf5f-4c88-80d1-781651819eab f087ab349b414cb48acf00a1d5e2c6be 7981227905df40cd8b61b5580d35afa5 - - default default] Successfully bumped revision number for resource 4365c112-9e6e-4301-8902-8c68d28bb5d3 (type: ports) to 1
2026-07-09 18:09:05.141 8 INFO neutron.db.ovn_revision_numbers_db [None req-26ac9125-09c7-402f-9f44-420ad9d0a9c5 9698df4438084f45ad84295a5461cf39 f5d46c4751c74a6a97823f65b44051a9 - - default default] Successfully bumped revision number for resource 660d5281-6ae4-4fa6-8872-230d5a41e5ff (type: ports) to 2
2026-07-09 18:09:05.187 8 INFO neutron.db.ovn_revision_numbers_db [None req-26ac9125-09c7-402f-9f44-420ad9d0a9c5 9698df4438084f45ad84295a5461cf39 f5d46c4751c74a6a97823f65b44051a9 - - default default] Successfully bumped revision number for resource 938de8af-36cc-410d-8379-1b082ef46ce9 (type: subnets) to 0 [pid: 8|app: 0|req: 591/1225] 10.0.0.163 () {34 vars in 668 bytes} [Thu Jul 9 18:09:04 2026] POST /v2.0/subnets => generated 626 bytes in 897 msecs (HTTP/1.1 201) 4 headers in 162 bytes (1 switches on core 0)
2026-07-09 18:09:05.325 8 INFO neutron_taas.services.taas.taas_plugin [None req-ed53f501-6098-47f7-b116-5c04a60601a3 e01856ec7c8b468faf9dbc0fe675f320 934bfd9cd7ab4080a732543d582341c4 - - default default] TaaS: Handle Delete Port: 28c0fbf8-73c5-4398-8121-9920fa6ac6b4
2026-07-09 18:09:05.328 8 INFO neutron_taas.services.taas.tap_mirror_plugin [None req-ed53f501-6098-47f7-b116-5c04a60601a3 e01856ec7c8b468faf9dbc0fe675f320 934bfd9cd7ab4080a732543d582341c4 - - default default] Tap Mirror: Handle Delete Port: 28c0fbf8-73c5-4398-8121-9920fa6ac6b4
2026-07-09 18:09:05.558 8 INFO neutron.services.segments.plugin [-] Segment 2611d82f-4396-47bc-8545-a5eed5b3dd6f resource provider aggregate not found
2026-07-09 18:09:05.564 8 INFO neutron.services.segments.plugin [-] Segment 2611d82f-4396-47bc-8545-a5eed5b3dd6f resource provider aggregate not found
2026-07-09 18:09:05.591 8 INFO neutron.services.segments.plugin [-] Client error retrieving segment 2611d82f-4396-47bc-8545-a5eed5b3dd6f resource provider; error: Placement Client Error (4xx): {"errors": [{"status": 404, "title": "Not Found", "detail": "The resource could not be found.\n\n No resource provider with uuid 2611d82f-4396-47bc-8545-a5eed5b3dd6f found for delete ", "request_id": "req-7637bc76-5c58-4825-9bbb-3e357443f082"}]}
2026-07-09 18:09:05.605 8 INFO neutron.services.segments.plugin [-] Client error retrieving segment 2611d82f-4396-47bc-8545-a5eed5b3dd6f resource provider; error: Placement Client Error (4xx): {"errors": [{"status": 404, "title": "Not Found", "detail": "The resource could not be found.\n\n No resource provider with uuid 2611d82f-4396-47bc-8545-a5eed5b3dd6f found for delete ", "request_id": "req-700cb527-ce2b-4ec7-a15e-509a7e399aa5"}]}
2026-07-09 18:09:05.732 8 INFO neutron.plugins.ml2.drivers.ovn.mech_driver.mech_driver [None req-da232866-6995-4c4e-a353-fe44b61a8cf4 - - - - - -] OVN reports status up for port: 4365c112-9e6e-4301-8902-8c68d28bb5d3
2026-07-09 18:09:05.742 7 INFO neutron.db.ovn_revision_numbers_db [None req-ec79ea14-cf5f-4c88-80d1-781651819eab f087ab349b414cb48acf00a1d5e2c6be 7981227905df40cd8b61b5580d35afa5 - - default default] Successfully bumped revision number for resource 4365c112-9e6e-4301-8902-8c68d28bb5d3 (type: router_ports) to 1
2026-07-09 18:09:05.754 8 INFO neutron.plugins.ml2.plugin [None req-da232866-6995-4c4e-a353-fe44b61a8cf4 - - - - - -] Attempt 1 to provision port 4365c112-9e6e-4301-8902-8c68d28bb5d3 [pid: 8|app: 0|req: 592/1226] 10.0.0.163 () {32 vars in 725 bytes} [Thu Jul 9 18:09:05 2026] DELETE /v2.0/networks/87e02de4-43eb-42da-85aa-13738bab3864 => generated 0 bytes in 588 msecs (HTTP/1.1 204) 3 headers in 131 bytes (1 switches on core 0)
2026-07-09 18:09:05.821 7 INFO neutron.db.ovn_revision_numbers_db [None req-ec79ea14-cf5f-4c88-80d1-781651819eab f087ab349b414cb48acf00a1d5e2c6be 7981227905df40cd8b61b5580d35afa5 - - default default] Successfully bumped revision number for resource 027bdcb8-0b10-48c2-8eac-c6d59a473996 (type: routers) to 2 [pid: 7|app: 0|req: 635/1227] 10.0.0.163 () {34 vars in 668 bytes} [Thu Jul 9 18:09:04 2026] POST /v2.0/routers => generated 975 bytes in 1679 msecs (HTTP/1.1 201) 4 headers in 162 bytes (1 switches on core 0) [pid: 8|app: 0|req: 593/1228] 10.0.0.163 () {32 vars in 723 bytes} [Thu Jul 9 18:09:05 2026] DELETE /v2.0/subnets/ccdc32e1-c6a8-4aa5-bfbb-efe5e572553d => generated 0 bytes in 240 msecs (HTTP/1.1 204) 3 headers in 131 bytes (1 switches on core 0)
2026-07-09 18:09:06.063 7 WARNING neutron.scheduler.dhcp_agent_scheduler [None req-fefd132d-61a1-44c7-bf2c-13fbccb6f8be 9698df4438084f45ad84295a5461cf39 f5d46c4751c74a6a97823f65b44051a9 - - default default] No more DHCP agents
2026-07-09 18:09:06.065 7 WARNING neutron.api.rpc.agentnotifiers.dhcp_rpc_agent_api [None req-fefd132d-61a1-44c7-bf2c-13fbccb6f8be 9698df4438084f45ad84295a5461cf39 f5d46c4751c74a6a97823f65b44051a9 - - default default] Unable to schedule network 35547bd4-5062-4e35-887c-4f933e530c10: no agents available; will retry on subsequent port and subnet creation events.
2026-07-09 18:09:06.132 8 INFO neutron.db.segments_db [None req-adfc3873-6085-4a9a-959e-9be85d594754 e01856ec7c8b468faf9dbc0fe675f320 934bfd9cd7ab4080a732543d582341c4 - - default default] Added segment d847e9fc-628a-4995-8d4a-d1c2c28ee40c of type geneve for network c387ecae-cdb2-4580-b41a-ab3058dd259b
2026-07-09 18:09:06.265 8 INFO neutron.db.ovn_revision_numbers_db [None req-adfc3873-6085-4a9a-959e-9be85d594754 e01856ec7c8b468faf9dbc0fe675f320 934bfd9cd7ab4080a732543d582341c4 - - default default] Successfully bumped revision number for resource c387ecae-cdb2-4580-b41a-ab3058dd259b (type: networks) to 1
2026-07-09 18:09:06.446 8 WARNING neutron.scheduler.dhcp_agent_scheduler [None req-adfc3873-6085-4a9a-959e-9be85d594754 e01856ec7c8b468faf9dbc0fe675f320 934bfd9cd7ab4080a732543d582341c4 - - default default] No more DHCP agents
2026-07-09 18:09:06.448 8 WARNING neutron.api.rpc.agentnotifiers.dhcp_rpc_agent_api [None req-adfc3873-6085-4a9a-959e-9be85d594754 e01856ec7c8b468faf9dbc0fe675f320 934bfd9cd7ab4080a732543d582341c4 - - default default] Unable to schedule network c387ecae-cdb2-4580-b41a-ab3058dd259b: no agents available; will retry on subsequent port and subnet creation events.
2026-07-09 18:09:06.635 8 INFO neutron.db.ovn_revision_numbers_db [None req-adfc3873-6085-4a9a-959e-9be85d594754 e01856ec7c8b468faf9dbc0fe675f320 934bfd9cd7ab4080a732543d582341c4 - - default default] Successfully bumped revision number for resource ff375cd6-81be-4a58-9bd6-a72ff84109dd (type: ports) to 1
2026-07-09 18:09:06.673 7 INFO neutron.db.ovn_revision_numbers_db [None req-fefd132d-61a1-44c7-bf2c-13fbccb6f8be 9698df4438084f45ad84295a5461cf39 f5d46c4751c74a6a97823f65b44051a9 - - default default] Successfully bumped revision number for resource 494ab651-2152-4ea4-9f47-28712bae1f3e (type: ports) to 2 [pid: 8|app: 0|req: 594/1229] 10.0.0.163 () {34 vars in 669 bytes} [Thu Jul 9 18:09:06 2026] POST /v2.0/networks => generated 671 bytes in 647 msecs (HTTP/1.1 201) 4 headers in 162 bytes (1 switches on core 0)
2026-07-09 18:09:06.712 7 INFO neutron.db.ovn_revision_numbers_db [None req-fefd132d-61a1-44c7-bf2c-13fbccb6f8be 9698df4438084f45ad84295a5461cf39 f5d46c4751c74a6a97823f65b44051a9 - - default default] Successfully bumped revision number for resource ca22fc46-5daa-4baf-8571-5578e9859fe3 (type: subnets) to 0 [pid: 7|app: 0|req: 636/1230] 10.0.0.163 () {34 vars in 668 bytes} [Thu Jul 9 18:09:05 2026] POST /v2.0/subnets => generated 626 bytes in 889 msecs (HTTP/1.1 201) 4 headers in 162 bytes (1 switches on core 0)
2026-07-09 18:09:06.861 7 INFO neutron_taas.services.taas.taas_plugin [None req-d59b124e-bac1-4b3a-a394-ca3b8451aa40 23422d7a98684b749f9ee19f0cfd7758 d4b81ac989b34c56a430b56e9db6c22d - - default default] TaaS: Handle Delete Port: 0cbf0d29-463a-4b8f-9877-b29cd6dc53ea
2026-07-09 18:09:06.864 7 INFO neutron_taas.services.taas.tap_mirror_plugin [None req-d59b124e-bac1-4b3a-a394-ca3b8451aa40 23422d7a98684b749f9ee19f0cfd7758 d4b81ac989b34c56a430b56e9db6c22d - - default default] Tap Mirror: Handle Delete Port: 0cbf0d29-463a-4b8f-9877-b29cd6dc53ea
2026-07-09 18:09:07.107 7 INFO neutron.services.segments.plugin [-] Segment b9d32b09-aa1d-4245-9f82-d35774045798 resource provider aggregate not found
2026-07-09 18:09:07.122 7 INFO neutron.services.segments.plugin [-] Segment b9d32b09-aa1d-4245-9f82-d35774045798 resource provider aggregate not found
2026-07-09 18:09:07.129 7 INFO neutron.services.segments.plugin [-] Client error retrieving segment b9d32b09-aa1d-4245-9f82-d35774045798 resource provider; error: Placement Client Error (4xx): {"errors": [{"status": 404, "title": "Not Found", "detail": "The resource could not be found.\n\n No resource provider with uuid b9d32b09-aa1d-4245-9f82-d35774045798 found for delete ", "request_id": "req-fda3760c-2f1a-409d-9cd0-1395a316c224"}]}
2026-07-09 18:09:07.152 7 INFO neutron.services.segments.plugin [-] Client error retrieving segment b9d32b09-aa1d-4245-9f82-d35774045798 resource provider; error: Placement Client Error (4xx): {"errors": [{"status": 404, "title": "Not Found", "detail": "The resource could not be found.\n\n No resource provider with uuid b9d32b09-aa1d-4245-9f82-d35774045798 found for delete ", "request_id": "req-985f213e-c935-4f26-b6a1-e3f138f41f6d"}]} [pid: 7|app: 0|req: 637/1231] 10.0.0.163 () {32 vars in 725 bytes} [Thu Jul 9 18:09:06 2026] DELETE /v2.0/networks/f1d0eace-31e3-4b43-8f27-c91167839f89 => generated 0 bytes in 475 msecs (HTTP/1.1 204) 3 headers in 131 bytes (1 switches on core 0)
2026-07-09 18:09:07.343 8 WARNING neutron.scheduler.dhcp_agent_scheduler [None req-cbc23be7-ab6d-4257-aa44-135222bba180 f087ab349b414cb48acf00a1d5e2c6be 7981227905df40cd8b61b5580d35afa5 - - default default] No more DHCP agents
2026-07-09 18:09:07.344 8 WARNING neutron.api.rpc.agentnotifiers.dhcp_rpc_agent_api [None req-cbc23be7-ab6d-4257-aa44-135222bba180 f087ab349b414cb48acf00a1d5e2c6be 7981227905df40cd8b61b5580d35afa5 - - default default] Unable to schedule network 5e21a4c4-7d58-45d4-b752-0ad99cfff875: no agents available; will retry on subsequent port and subnet creation events.
2026-07-09 18:09:07.370 7 WARNING neutron.scheduler.dhcp_agent_scheduler [None req-2b4be9e8-ab8d-42d3-a4c3-07a42a53c2dc e01856ec7c8b468faf9dbc0fe675f320 934bfd9cd7ab4080a732543d582341c4 - - default default] No more DHCP agents
2026-07-09 18:09:07.371 7 WARNING neutron.api.rpc.agentnotifiers.dhcp_rpc_agent_api [None req-2b4be9e8-ab8d-42d3-a4c3-07a42a53c2dc e01856ec7c8b468faf9dbc0fe675f320 934bfd9cd7ab4080a732543d582341c4 - - default default] Unable to schedule network c387ecae-cdb2-4580-b41a-ab3058dd259b: no agents available; will retry on subsequent port and subnet creation events.
2026-07-09 18:09:07.413 7 INFO neutron.db.ovn_revision_numbers_db [None req-2b4be9e8-ab8d-42d3-a4c3-07a42a53c2dc e01856ec7c8b468faf9dbc0fe675f320 934bfd9cd7ab4080a732543d582341c4 - - default default] Successfully bumped revision number for resource d5f0d2e2-a377-4314-b8ea-882d8614c7d6 (type: subnets) to 0 [pid: 7|app: 0|req: 638/1232] 10.0.0.163 () {34 vars in 668 bytes} [Thu Jul 9 18:09:07 2026] POST /v2.0/subnets => generated 646 bytes in 223 msecs (HTTP/1.1 201) 4 headers in 162 bytes (1 switches on core 0)
2026-07-09 18:09:07.586 8 INFO neutron.db.ovn_revision_numbers_db [None req-cbc23be7-ab6d-4257-aa44-135222bba180 f087ab349b414cb48acf00a1d5e2c6be 7981227905df40cd8b61b5580d35afa5 - - default default] Successfully bumped revision number for resource e9ce0e6f-3ab3-4222-880d-f91a4b1415c2 (type: ports) to 1
2026-07-09 18:09:07.664 7 INFO neutron.db.ovn_revision_numbers_db [None req-cf5f75bc-641f-4c25-bb5c-3ec8f94c8553 9698df4438084f45ad84295a5461cf39 f5d46c4751c74a6a97823f65b44051a9 - - default default] Successfully bumped revision number for resource 60b600a3-9823-4e67-a575-80dc1a134e66 (type: routers) to 1 [pid: 7|app: 0|req: 639/1233] 10.0.0.163 () {34 vars in 668 bytes} [Thu Jul 9 18:09:07 2026] POST /v2.0/routers => generated 624 bytes in 257 msecs (HTTP/1.1 201) 4 headers in 162 bytes (1 switches on core 0)
2026-07-09 18:09:07.694 7 WARNING neutron.db.securitygroups_db [None req-50012df5-e44d-4c1e-a640-e98f42421ad7 23422d7a98684b749f9ee19f0cfd7758 d4b81ac989b34c56a430b56e9db6c22d - - default default] project_id key not found in filters, using tenant_id instead. This support has been deprecated and will be removed in a future release. [pid: 7|app: 0|req: 640/1234] 10.0.0.163 () {32 vars in 773 bytes} [Thu Jul 9 18:09:07 2026] GET /v2.0/security-groups?tenant_id=a17bd4a4b9314382a580b4e0fcce5876&name=default => generated 2925 bytes in 32 msecs (HTTP/1.1 200) 4 headers in 158 bytes (1 switches on core 0)
2026-07-09 18:09:07.844 7 INFO neutron.db.ovn_revision_numbers_db [None req-b9b959a8-7d32-431b-b640-696f12c3b3bd e01856ec7c8b468faf9dbc0fe675f320 934bfd9cd7ab4080a732543d582341c4 - - default default] Successfully bumped revision number for resource f224a37b-6c91-4f5a-aace-1ac305fff4e9 (type: routers) to 1 [pid: 7|app: 0|req: 641/1235] 10.0.0.163 () {34 vars in 668 bytes} [Thu Jul 9 18:09:07 2026] POST /v2.0/routers => generated 627 bytes in 151 msecs (HTTP/1.1 201) 4 headers in 162 bytes (1 switches on core 0)
2026-07-09 18:09:08.494 8 WARNING neutron.scheduler.dhcp_agent_scheduler [None req-cbc23be7-ab6d-4257-aa44-135222bba180 f087ab349b414cb48acf00a1d5e2c6be 7981227905df40cd8b61b5580d35afa5 - - default default] No more DHCP agents
2026-07-09 18:09:08.497 8 WARNING neutron.api.rpc.agentnotifiers.dhcp_rpc_agent_api [None req-cbc23be7-ab6d-4257-aa44-135222bba180 f087ab349b414cb48acf00a1d5e2c6be 7981227905df40cd8b61b5580d35afa5 - - default default] Unable to schedule network 5e21a4c4-7d58-45d4-b752-0ad99cfff875: no agents available; will retry on subsequent port and subnet creation events.
2026-07-09 18:09:08.770 7 WARNING neutron.scheduler.dhcp_agent_scheduler [None req-24f9b045-ef94-4f5c-8115-3e56cd896871 9698df4438084f45ad84295a5461cf39 f5d46c4751c74a6a97823f65b44051a9 - - default default] No more DHCP agents
2026-07-09 18:09:08.771 7 WARNING neutron.api.rpc.agentnotifiers.dhcp_rpc_agent_api [None req-24f9b045-ef94-4f5c-8115-3e56cd896871 9698df4438084f45ad84295a5461cf39 f5d46c4751c74a6a97823f65b44051a9 - - default default] Unable to schedule network 0dd22277-d22a-4f0c-a2c4-91cdc5ed23b1: no agents available; will retry on subsequent port and subnet creation events.
2026-07-09 18:09:09.007 7 INFO neutron.db.ovn_revision_numbers_db [None req-24f9b045-ef94-4f5c-8115-3e56cd896871 9698df4438084f45ad84295a5461cf39 f5d46c4751c74a6a97823f65b44051a9 - - default default] Successfully bumped revision number for resource 2d17640a-4e14-4806-aba1-b7fbf1c3a6ff (type: ports) to 1
2026-07-09 18:09:09.016 8 INFO neutron.db.ovn_revision_numbers_db [None req-cbc23be7-ab6d-4257-aa44-135222bba180 f087ab349b414cb48acf00a1d5e2c6be 7981227905df40cd8b61b5580d35afa5 - - default default] Successfully bumped revision number for resource e9ce0e6f-3ab3-4222-880d-f91a4b1415c2 (type: router_ports) to 1 [pid: 8|app: 0|req: 595/1236] 10.0.0.163 () {34 vars in 782 bytes} [Thu Jul 9 18:09:06 2026] PUT /v2.0/routers/027bdcb8-0b10-48c2-8eac-c6d59a473996/add_router_interface => generated 310 bytes in 2343 msecs (HTTP/1.1 200) 4 headers in 157 bytes (1 switches on core 0) [pid: 8|app: 0|req: 596/1237] 10.0.0.163 () {32 vars in 739 bytes} [Thu Jul 9 18:09:09 2026] DELETE /v2.0/security-groups/3c97619e-97e7-4256-943a-9ef5b1d9279d => generated 0 bytes in 229 msecs (HTTP/1.1 204) 2 headers in 112 bytes (1 switches on core 0)
2026-07-09 18:09:09.582 8 WARNING neutron.scheduler.dhcp_agent_scheduler [None req-01d45971-55a6-4f6b-a250-90667e58fd97 e01856ec7c8b468faf9dbc0fe675f320 934bfd9cd7ab4080a732543d582341c4 - - default default] No more DHCP agents
2026-07-09 18:09:09.584 8 WARNING neutron.api.rpc.agentnotifiers.dhcp_rpc_agent_api [None req-01d45971-55a6-4f6b-a250-90667e58fd97 e01856ec7c8b468faf9dbc0fe675f320 934bfd9cd7ab4080a732543d582341c4 - - default default] Unable to schedule network c387ecae-cdb2-4580-b41a-ab3058dd259b: no agents available; will retry on subsequent port and subnet creation events.
2026-07-09 18:09:09.725 7 WARNING neutron.scheduler.dhcp_agent_scheduler [None req-24f9b045-ef94-4f5c-8115-3e56cd896871 9698df4438084f45ad84295a5461cf39 f5d46c4751c74a6a97823f65b44051a9 - - default default] No more DHCP agents
2026-07-09 18:09:09.731 7 WARNING neutron.api.rpc.agentnotifiers.dhcp_rpc_agent_api [None req-24f9b045-ef94-4f5c-8115-3e56cd896871 9698df4438084f45ad84295a5461cf39 f5d46c4751c74a6a97823f65b44051a9 - - default default] Unable to schedule network 0dd22277-d22a-4f0c-a2c4-91cdc5ed23b1: no agents available; will retry on subsequent port and subnet creation events.
2026-07-09 18:09:09.823 8 INFO neutron.db.ovn_revision_numbers_db [None req-01d45971-55a6-4f6b-a250-90667e58fd97 e01856ec7c8b468faf9dbc0fe675f320 934bfd9cd7ab4080a732543d582341c4 - - default default] Successfully bumped revision number for resource ce32357e-7c06-46cf-b5cb-84f04c203e79 (type: ports) to 1 [pid: 8|app: 0|req: 597/1238] 10.0.0.163 () {34 vars in 664 bytes} [Thu Jul 9 18:09:09 2026] POST /v2.0/ports => generated 964 bytes in 597 msecs (HTTP/1.1 201) 4 headers in 162 bytes (1 switches on core 0) /var/lib/openstack/lib/python3.12/site-packages/pycadf/identifier.py:70: UserWarning: Invalid uuid: neutron. To ensure interoperability, identifiers should be a valid uuid. warnings.warn(('Invalid uuid: %s. To ensure interoperability, '
2026-07-09 18:09:10.044 7 INFO neutron.db.ovn_revision_numbers_db [None req-24f9b045-ef94-4f5c-8115-3e56cd896871 9698df4438084f45ad84295a5461cf39 f5d46c4751c74a6a97823f65b44051a9 - - default default] Successfully bumped revision number for resource 2d17640a-4e14-4806-aba1-b7fbf1c3a6ff (type: router_ports) to 1 [pid: 7|app: 0|req: 642/1239] 10.0.0.163 () {34 vars in 782 bytes} [Thu Jul 9 18:09:07 2026] PUT /v2.0/routers/60b600a3-9823-4e67-a575-80dc1a134e66/add_router_interface => generated 310 bytes in 2176 msecs (HTTP/1.1 200) 4 headers in 157 bytes (1 switches on core 0)
2026-07-09 18:09:10.277 8 WARNING neutron.scheduler.dhcp_agent_scheduler [None req-6e499ed6-8622-4c6e-97d1-bcbce829e57a f087ab349b414cb48acf00a1d5e2c6be 7981227905df40cd8b61b5580d35afa5 - - default default] No more DHCP agents
2026-07-09 18:09:10.279 8 WARNING neutron.api.rpc.agentnotifiers.dhcp_rpc_agent_api [None req-6e499ed6-8622-4c6e-97d1-bcbce829e57a f087ab349b414cb48acf00a1d5e2c6be 7981227905df40cd8b61b5580d35afa5 - - default default] Unable to schedule network 5e21a4c4-7d58-45d4-b752-0ad99cfff875: no agents available; will retry on subsequent port and subnet creation events.
2026-07-09 18:09:10.534 8 INFO neutron.db.ovn_revision_numbers_db [None req-6e499ed6-8622-4c6e-97d1-bcbce829e57a f087ab349b414cb48acf00a1d5e2c6be 7981227905df40cd8b61b5580d35afa5 - - default default] Successfully bumped revision number for resource f30cf536-8698-4c11-93db-6af9dd1d4011 (type: ports) to 1 [pid: 8|app: 0|req: 598/1240] 10.0.0.163 () {34 vars in 664 bytes} [Thu Jul 9 18:09:09 2026] POST /v2.0/ports => generated 955 bytes in 727 msecs (HTTP/1.1 201) 4 headers in 162 bytes (1 switches on core 0) /var/lib/openstack/lib/python3.12/site-packages/pycadf/identifier.py:70: UserWarning: Invalid uuid: neutron. To ensure interoperability, identifiers should be a valid uuid. warnings.warn(('Invalid uuid: %s. To ensure interoperability, ' [pid: 8|app: 0|req: 599/1241] 10.0.0.163 () {32 vars in 716 bytes} [Thu Jul 9 18:09:10 2026] GET /v2.0/ports/2d17640a-4e14-4806-aba1-b7fbf1c3a6ff => generated 941 bytes in 71 msecs (HTTP/1.1 200) 4 headers in 157 bytes (1 switches on core 0)
2026-07-09 18:09:10.834 7 INFO neutron.db.ovn_revision_numbers_db [None req-c9fb8ef0-ac53-4abb-b989-8969c9b19ad9 e01856ec7c8b468faf9dbc0fe675f320 934bfd9cd7ab4080a732543d582341c4 - - default default] Successfully bumped revision number for resource ce32357e-7c06-46cf-b5cb-84f04c203e79 (type: ports) to 2
2026-07-09 18:09:11.001 8 WARNING neutron.scheduler.dhcp_agent_scheduler [None req-d758631b-ed33-48ea-a3df-038e44bd3277 f087ab349b414cb48acf00a1d5e2c6be 7981227905df40cd8b61b5580d35afa5 - - default default] No more DHCP agents
2026-07-09 18:09:11.004 8 WARNING neutron.api.rpc.agentnotifiers.dhcp_rpc_agent_api [None req-d758631b-ed33-48ea-a3df-038e44bd3277 f087ab349b414cb48acf00a1d5e2c6be 7981227905df40cd8b61b5580d35afa5 - - default default] Unable to schedule network 5e21a4c4-7d58-45d4-b752-0ad99cfff875: no agents available; will retry on subsequent port and subnet creation events.
2026-07-09 18:09:11.027 8 WARNING neutron.plugins.ml2.drivers.ovn.mech_driver.ovsdb.ovn_client [None req-da232866-6995-4c4e-a353-fe44b61a8cf4 - - - - - -] No hosting information found for port 4365c112-9e6e-4301-8902-8c68d28bb5d3: RuntimeError: No hosting information found for port 4365c112-9e6e-4301-8902-8c68d28bb5d3
2026-07-09 18:09:11.028 8 INFO neutron.plugins.ml2.drivers.ovn.mech_driver.mech_driver [None req-da232866-6995-4c4e-a353-fe44b61a8cf4 - - - - - -] OVN reports status down for port: ff375cd6-81be-4a58-9bd6-a72ff84109dd
2026-07-09 18:09:11.166 8 INFO neutron.plugins.ml2.drivers.ovn.mech_driver.mech_driver [None req-da232866-6995-4c4e-a353-fe44b61a8cf4 - - - - - -] OVN reports status down for port: e9ce0e6f-3ab3-4222-880d-f91a4b1415c2
2026-07-09 18:09:11.318 8 WARNING neutron.plugins.ml2.drivers.ovn.mech_driver.ovsdb.ovn_client [None req-da232866-6995-4c4e-a353-fe44b61a8cf4 - - - - - -] Logical_Switch_Port e9ce0e6f-3ab3-4222-880d-f91a4b1415c2 host information not removed, the port state is up
2026-07-09 18:09:11.319 8 INFO neutron.plugins.ml2.drivers.ovn.mech_driver.mech_driver [None req-da232866-6995-4c4e-a353-fe44b61a8cf4 - - - - - -] OVN reports status up for port: e9ce0e6f-3ab3-4222-880d-f91a4b1415c2
2026-07-09 18:09:11.352 8 INFO neutron.plugins.ml2.plugin [None req-da232866-6995-4c4e-a353-fe44b61a8cf4 - - - - - -] Attempt 1 to provision port e9ce0e6f-3ab3-4222-880d-f91a4b1415c2
2026-07-09 18:09:11.382 8 INFO neutron.db.ovn_revision_numbers_db [None req-d758631b-ed33-48ea-a3df-038e44bd3277 f087ab349b414cb48acf00a1d5e2c6be 7981227905df40cd8b61b5580d35afa5 - - default default] Successfully bumped revision number for resource d067af0e-d25b-49c4-b1a1-f2214b36cf54 (type: ports) to 1 [pid: 8|app: 0|req: 600/1242] 10.0.0.163 () {34 vars in 664 bytes} [Thu Jul 9 18:09:10 2026] POST /v2.0/ports => generated 955 bytes in 781 msecs (HTTP/1.1 201) 4 headers in 162 bytes (1 switches on core 0) /var/lib/openstack/lib/python3.12/site-packages/pycadf/identifier.py:70: UserWarning: Invalid uuid: neutron. To ensure interoperability, identifiers should be a valid uuid. warnings.warn(('Invalid uuid: %s. To ensure interoperability, '
2026-07-09 18:09:11.536 7 WARNING neutron.scheduler.dhcp_agent_scheduler [None req-c9fb8ef0-ac53-4abb-b989-8969c9b19ad9 e01856ec7c8b468faf9dbc0fe675f320 934bfd9cd7ab4080a732543d582341c4 - - default default] No more DHCP agents
2026-07-09 18:09:11.539 7 WARNING neutron.api.rpc.agentnotifiers.dhcp_rpc_agent_api [None req-c9fb8ef0-ac53-4abb-b989-8969c9b19ad9 e01856ec7c8b468faf9dbc0fe675f320 934bfd9cd7ab4080a732543d582341c4 - - default default] Unable to schedule network c387ecae-cdb2-4580-b41a-ab3058dd259b: no agents available; will retry on subsequent port and subnet creation events.
2026-07-09 18:09:11.808 7 INFO neutron.db.ovn_revision_numbers_db [None req-c9fb8ef0-ac53-4abb-b989-8969c9b19ad9 e01856ec7c8b468faf9dbc0fe675f320 934bfd9cd7ab4080a732543d582341c4 - - default default] Successfully bumped revision number for resource ce32357e-7c06-46cf-b5cb-84f04c203e79 (type: router_ports) to 2 [pid: 7|app: 0|req: 643/1243] 10.0.0.163 () {34 vars in 782 bytes} [Thu Jul 9 18:09:10 2026] PUT /v2.0/routers/f224a37b-6c91-4f5a-aace-1ac305fff4e9/add_router_interface => generated 310 bytes in 1764 msecs (HTTP/1.1 200) 4 headers in 157 bytes (1 switches on core 0) /var/lib/openstack/lib/python3.12/site-packages/pycadf/identifier.py:70: UserWarning: Invalid uuid: neutron. To ensure interoperability, identifiers should be a valid uuid. warnings.warn(('Invalid uuid: %s. To ensure interoperability, '
2026-07-09 18:09:12.197 7 INFO neutron.db.ovn_revision_numbers_db [None req-085b7bb7-f12b-43a5-a787-d70454f857ca 23422d7a98684b749f9ee19f0cfd7758 d4b81ac989b34c56a430b56e9db6c22d - - default default] Successfully bumped revision number for resource be41d0ad-f1f4-4d67-aed3-148744e61ac0 (type: security_groups) to 1
2026-07-09 18:09:12.210 7 INFO neutron.db.ovn_revision_numbers_db [None req-085b7bb7-f12b-43a5-a787-d70454f857ca 23422d7a98684b749f9ee19f0cfd7758 d4b81ac989b34c56a430b56e9db6c22d - - default default] Successfully bumped revision number for resource 2b7cf38a-dd78-4c86-af52-81995283fc67 (type: security_group_rules) to 0
2026-07-09 18:09:12.223 7 INFO neutron.db.ovn_revision_numbers_db [None req-085b7bb7-f12b-43a5-a787-d70454f857ca 23422d7a98684b749f9ee19f0cfd7758 d4b81ac989b34c56a430b56e9db6c22d - - default default] Successfully bumped revision number for resource 522774f1-7ebe-485e-a752-b740b3d6f38d (type: security_group_rules) to 0
2026-07-09 18:09:12.237 7 INFO neutron.db.ovn_revision_numbers_db [None req-085b7bb7-f12b-43a5-a787-d70454f857ca 23422d7a98684b749f9ee19f0cfd7758 d4b81ac989b34c56a430b56e9db6c22d - - default default] Successfully bumped revision number for resource 905b76b0-3738-4024-a974-89d8529a8d51 (type: security_group_rules) to 0
2026-07-09 18:09:12.250 7 INFO neutron.db.ovn_revision_numbers_db [None req-085b7bb7-f12b-43a5-a787-d70454f857ca 23422d7a98684b749f9ee19f0cfd7758 d4b81ac989b34c56a430b56e9db6c22d - - default default] Successfully bumped revision number for resource bdabb5c5-5413-4ae8-8f29-7359b55910fa (type: security_group_rules) to 0
2026-07-09 18:09:12.328 7 INFO neutron.db.segments_db [None req-085b7bb7-f12b-43a5-a787-d70454f857ca 23422d7a98684b749f9ee19f0cfd7758 d4b81ac989b34c56a430b56e9db6c22d - - default default] Added segment d1b7bb48-f696-4390-acb5-1ae84510d6ea of type geneve for network 3f1715be-dfcf-4529-957a-92f96760c3c1
2026-07-09 18:09:12.502 7 INFO neutron.db.ovn_revision_numbers_db [None req-085b7bb7-f12b-43a5-a787-d70454f857ca 23422d7a98684b749f9ee19f0cfd7758 d4b81ac989b34c56a430b56e9db6c22d - - default default] Successfully bumped revision number for resource 3f1715be-dfcf-4529-957a-92f96760c3c1 (type: networks) to 1
2026-07-09 18:09:12.578 8 WARNING neutron.scheduler.dhcp_agent_scheduler [None req-051adbb1-6c11-427a-abae-11c4f56aceba 9698df4438084f45ad84295a5461cf39 f5d46c4751c74a6a97823f65b44051a9 - - default default] No more DHCP agents
2026-07-09 18:09:12.582 8 WARNING neutron.api.rpc.agentnotifiers.dhcp_rpc_agent_api [None req-051adbb1-6c11-427a-abae-11c4f56aceba 9698df4438084f45ad84295a5461cf39 f5d46c4751c74a6a97823f65b44051a9 - - default default] Unable to schedule network 35547bd4-5062-4e35-887c-4f933e530c10: no agents available; will retry on subsequent port and subnet creation events.
2026-07-09 18:09:12.713 7 WARNING neutron.scheduler.dhcp_agent_scheduler [None req-085b7bb7-f12b-43a5-a787-d70454f857ca 23422d7a98684b749f9ee19f0cfd7758 d4b81ac989b34c56a430b56e9db6c22d - - default default] No more DHCP agents
2026-07-09 18:09:12.715 7 WARNING neutron.api.rpc.agentnotifiers.dhcp_rpc_agent_api [None req-085b7bb7-f12b-43a5-a787-d70454f857ca 23422d7a98684b749f9ee19f0cfd7758 d4b81ac989b34c56a430b56e9db6c22d - - default default] Unable to schedule network 3f1715be-dfcf-4529-957a-92f96760c3c1: no agents available; will retry on subsequent port and subnet creation events.
2026-07-09 18:09:12.767 8 INFO neutron.db.ovn_revision_numbers_db [None req-da232866-6995-4c4e-a353-fe44b61a8cf4 - - - - - -] Successfully bumped revision number for resource e9ce0e6f-3ab3-4222-880d-f91a4b1415c2 (type: ports) to 2
2026-07-09 18:09:12.844 7 INFO neutron.db.ovn_revision_numbers_db [None req-085b7bb7-f12b-43a5-a787-d70454f857ca 23422d7a98684b749f9ee19f0cfd7758 d4b81ac989b34c56a430b56e9db6c22d - - default default] Successfully bumped revision number for resource bea536ba-48b3-4471-9ec8-5bdabbb5add9 (type: ports) to 1 [pid: 7|app: 0|req: 646/1246] 10.0.0.163 () {34 vars in 670 bytes} [Thu Jul 9 18:09:11 2026] POST /v2.0/networks => generated 778 bytes in 1054 msecs (HTTP/1.1 201) 4 headers in 162 bytes (1 switches on core 0)
2026-07-09 18:09:13.068 8 INFO neutron.db.ovn_revision_numbers_db [None req-051adbb1-6c11-427a-abae-11c4f56aceba 9698df4438084f45ad84295a5461cf39 f5d46c4751c74a6a97823f65b44051a9 - - default default] Successfully bumped revision number for resource a29a118f-cf1b-402a-b752-50a374da1743 (type: ports) to 1
2026-07-09 18:09:13.201 7 WARNING neutron.scheduler.dhcp_agent_scheduler [None req-18a7851a-7892-4b9f-b43e-64b8e1254b61 f087ab349b414cb48acf00a1d5e2c6be 7981227905df40cd8b61b5580d35afa5 - - default default] No more DHCP agents
2026-07-09 18:09:13.203 7 WARNING neutron.api.rpc.agentnotifiers.dhcp_rpc_agent_api [None req-18a7851a-7892-4b9f-b43e-64b8e1254b61 f087ab349b414cb48acf00a1d5e2c6be 7981227905df40cd8b61b5580d35afa5 - - default default] Unable to schedule network 7d14dd9f-cdb0-4f24-bade-9cbee40ba9fe: no agents available; will retry on subsequent port and subnet creation events.
2026-07-09 18:09:13.890 8 WARNING neutron.scheduler.dhcp_agent_scheduler [None req-051adbb1-6c11-427a-abae-11c4f56aceba 9698df4438084f45ad84295a5461cf39 f5d46c4751c74a6a97823f65b44051a9 - - default default] No more DHCP agents
2026-07-09 18:09:13.892 8 WARNING neutron.api.rpc.agentnotifiers.dhcp_rpc_agent_api [None req-051adbb1-6c11-427a-abae-11c4f56aceba 9698df4438084f45ad84295a5461cf39 f5d46c4751c74a6a97823f65b44051a9 - - default default] Unable to schedule network 35547bd4-5062-4e35-887c-4f933e530c10: no agents available; will retry on subsequent port and subnet creation events.
2026-07-09 18:09:14.233 8 INFO neutron.db.ovn_revision_numbers_db [None req-051adbb1-6c11-427a-abae-11c4f56aceba 9698df4438084f45ad84295a5461cf39 f5d46c4751c74a6a97823f65b44051a9 - - default default] Successfully bumped revision number for resource a29a118f-cf1b-402a-b752-50a374da1743 (type: router_ports) to 1 [pid: 8|app: 0|req: 601/1247] 10.0.0.163 () {34 vars in 782 bytes} [Thu Jul 9 18:09:11 2026] PUT /v2.0/routers/60b600a3-9823-4e67-a575-80dc1a134e66/add_router_interface => generated 310 bytes in 2810 msecs (HTTP/1.1 200) 4 headers in 157 bytes (1 switches on core 0) [pid: 8|app: 0|req: 602/1248] 10.0.0.163 () {32 vars in 716 bytes} [Thu Jul 9 18:09:14 2026] GET /v2.0/ports/ce32357e-7c06-46cf-b5cb-84f04c203e79 => generated 1024 bytes in 56 msecs (HTTP/1.1 200) 4 headers in 158 bytes (1 switches on core 0)
2026-07-09 18:09:14.319 7 INFO neutron.db.ovn_revision_numbers_db [None req-18a7851a-7892-4b9f-b43e-64b8e1254b61 f087ab349b414cb48acf00a1d5e2c6be 7981227905df40cd8b61b5580d35afa5 - - default default] Successfully bumped revision number for resource e5d54eed-6f72-439d-b10d-3a360a0945fe (type: floatingips) to 1
2026-07-09 18:09:14.320 7 INFO neutron.db.l3_db [None req-18a7851a-7892-4b9f-b43e-64b8e1254b61 f087ab349b414cb48acf00a1d5e2c6be 7981227905df40cd8b61b5580d35afa5 - - default default] Floating IP e5d54eed-6f72-439d-b10d-3a360a0945fe associated. External IP: 10.96.250.216, port: d067af0e-d25b-49c4-b1a1-f2214b36cf54. [pid: 7|app: 0|req: 647/1249] 10.0.0.163 () {34 vars in 676 bytes} [Thu Jul 9 18:09:12 2026] POST /v2.0/floatingips => generated 842 bytes in 1479 msecs (HTTP/1.1 201) 4 headers in 162 bytes (1 switches on core 0) [pid: 7|app: 0|req: 648/1250] 10.0.0.163 () {32 vars in 716 bytes} [Thu Jul 9 18:09:14 2026] GET /v2.0/ports/a29a118f-cf1b-402a-b752-50a374da1743 => generated 941 bytes in 64 msecs (HTTP/1.1 200) 4 headers in 157 bytes (1 switches on core 0)
2026-07-09 18:09:14.475 8 WARNING neutron.scheduler.dhcp_agent_scheduler [None req-1c7414e2-74e0-411c-9326-8d713f3e8607 23422d7a98684b749f9ee19f0cfd7758 d4b81ac989b34c56a430b56e9db6c22d - - default default] No more DHCP agents
2026-07-09 18:09:14.478 8 WARNING neutron.api.rpc.agentnotifiers.dhcp_rpc_agent_api [None req-1c7414e2-74e0-411c-9326-8d713f3e8607 23422d7a98684b749f9ee19f0cfd7758 d4b81ac989b34c56a430b56e9db6c22d - - default default] Unable to schedule network 3f1715be-dfcf-4529-957a-92f96760c3c1: no agents available; will retry on subsequent port and subnet creation events.
2026-07-09 18:09:14.753 7 INFO neutron_taas.services.taas.taas_plugin [None req-f850fc08-e6a8-4eb1-ac86-ac97251e4ace e01856ec7c8b468faf9dbc0fe675f320 934bfd9cd7ab4080a732543d582341c4 - - default default] TaaS: Handle Delete Port: ce32357e-7c06-46cf-b5cb-84f04c203e79
2026-07-09 18:09:14.756 7 INFO neutron_taas.services.taas.tap_mirror_plugin [None req-f850fc08-e6a8-4eb1-ac86-ac97251e4ace e01856ec7c8b468faf9dbc0fe675f320 934bfd9cd7ab4080a732543d582341c4 - - default default] Tap Mirror: Handle Delete Port: ce32357e-7c06-46cf-b5cb-84f04c203e79
2026-07-09 18:09:15.061 8 INFO neutron.db.ovn_revision_numbers_db [None req-1c7414e2-74e0-411c-9326-8d713f3e8607 23422d7a98684b749f9ee19f0cfd7758 d4b81ac989b34c56a430b56e9db6c22d - - default default] Successfully bumped revision number for resource bea536ba-48b3-4471-9ec8-5bdabbb5add9 (type: ports) to 2
2026-07-09 18:09:15.093 8 INFO neutron.db.ovn_revision_numbers_db [None req-1c7414e2-74e0-411c-9326-8d713f3e8607 23422d7a98684b749f9ee19f0cfd7758 d4b81ac989b34c56a430b56e9db6c22d - - default default] Successfully bumped revision number for resource a21eafc9-77bb-47c1-b06b-27ca8ef67a6a (type: subnets) to 0 [pid: 8|app: 0|req: 603/1251] 10.0.0.163 () {34 vars in 668 bytes} [Thu Jul 9 18:09:14 2026] POST /v2.0/subnets => generated 684 bytes in 818 msecs (HTTP/1.1 201) 4 headers in 162 bytes (1 switches on core 0) [pid: 7|app: 0|req: 649/1252] 10.0.0.163 () {34 vars in 788 bytes} [Thu Jul 9 18:09:14 2026] PUT /v2.0/routers/f224a37b-6c91-4f5a-aace-1ac305fff4e9/remove_router_interface => generated 310 bytes in 754 msecs (HTTP/1.1 200) 4 headers in 157 bytes (1 switches on core 0) /var/lib/openstack/lib/python3.12/site-packages/pycadf/identifier.py:70: UserWarning: Invalid uuid: neutron. To ensure interoperability, identifiers should be a valid uuid. warnings.warn(('Invalid uuid: %s. To ensure interoperability, ' [pid: 7|app: 0|req: 650/1253] 10.0.0.163 () {32 vars in 716 bytes} [Thu Jul 9 18:09:15 2026] GET /v2.0/ports/a29a118f-cf1b-402a-b752-50a374da1743 => generated 941 bytes in 38 msecs (HTTP/1.1 200) 4 headers in 157 bytes (1 switches on core 0)
2026-07-09 18:09:15.409 8 INFO neutron.db.l3_db [None req-2ae31e64-86d8-4173-a7ce-4fab3f058659 f087ab349b414cb48acf00a1d5e2c6be 7981227905df40cd8b61b5580d35afa5 - - default default] Floating IP e5d54eed-6f72-439d-b10d-3a360a0945fe disassociated. External IP: 10.96.250.216, port: d067af0e-d25b-49c4-b1a1-f2214b36cf54. [pid: 8|app: 0|req: 604/1254] 10.0.0.163 () {34 vars in 748 bytes} [Thu Jul 9 18:09:15 2026] PUT /v2.0/floatingips/e5d54eed-6f72-439d-b10d-3a360a0945fe => generated 554 bytes in 321 msecs (HTTP/1.1 200) 4 headers in 157 bytes (1 switches on core 0)
2026-07-09 18:09:15.525 8 INFO neutron.api.v2.resource [None req-0364b166-74a0-4e31-9495-5463d6b916a0 e01856ec7c8b468faf9dbc0fe675f320 934bfd9cd7ab4080a732543d582341c4 - - default default] remove_router_interface failed (client error): The resource could not be found. [pid: 8|app: 0|req: 605/1255] 10.0.0.163 () {34 vars in 788 bytes} [Thu Jul 9 18:09:15 2026] PUT /v2.0/routers/f224a37b-6c91-4f5a-aace-1ac305fff4e9/remove_router_interface => generated 197 bytes in 90 msecs (HTTP/1.1 404) 4 headers in 164 bytes (1 switches on core 0)
2026-07-09 18:09:15.717 8 INFO neutron_taas.services.taas.taas_plugin [None req-92e96b82-dd72-41bf-ae52-a0a5f6cd4a52 f087ab349b414cb48acf00a1d5e2c6be 7981227905df40cd8b61b5580d35afa5 - - default default] TaaS: Handle Delete Port: 41201b6b-efde-4c86-8512-215833b636d1
2026-07-09 18:09:15.720 8 INFO neutron_taas.services.taas.tap_mirror_plugin [None req-92e96b82-dd72-41bf-ae52-a0a5f6cd4a52 f087ab349b414cb48acf00a1d5e2c6be 7981227905df40cd8b61b5580d35afa5 - - default default] Tap Mirror: Handle Delete Port: 41201b6b-efde-4c86-8512-215833b636d1
2026-07-09 18:09:15.746 7 WARNING neutron.scheduler.dhcp_agent_scheduler [None req-72a7b5a1-49d4-404f-837a-4ab3aa008e12 23422d7a98684b749f9ee19f0cfd7758 d4b81ac989b34c56a430b56e9db6c22d - - default default] No more DHCP agents
2026-07-09 18:09:15.751 7 WARNING neutron.api.rpc.agentnotifiers.dhcp_rpc_agent_api [None req-72a7b5a1-49d4-404f-837a-4ab3aa008e12 23422d7a98684b749f9ee19f0cfd7758 d4b81ac989b34c56a430b56e9db6c22d - - default default] Unable to schedule network 7d14dd9f-cdb0-4f24-bade-9cbee40ba9fe: no agents available; will retry on subsequent port and subnet creation events. [pid: 8|app: 0|req: 606/1256] 10.0.0.163 () {32 vars in 731 bytes} [Thu Jul 9 18:09:15 2026] DELETE /v2.0/floatingips/e5d54eed-6f72-439d-b10d-3a360a0945fe => generated 0 bytes in 463 msecs (HTTP/1.1 204) 2 headers in 112 bytes (1 switches on core 0)
2026-07-09 18:09:15.999 7 INFO neutron.db.ovn_revision_numbers_db [None req-72a7b5a1-49d4-404f-837a-4ab3aa008e12 23422d7a98684b749f9ee19f0cfd7758 d4b81ac989b34c56a430b56e9db6c22d - - default default] Successfully bumped revision number for resource d0be52ad-ef62-4316-b6a4-5d750719574d (type: ports) to 1 [pid: 8|app: 0|req: 607/1257] 10.0.0.163 () {32 vars in 735 bytes} [Thu Jul 9 18:09:15 2026] GET /v2.0/ports?device_id=f224a37b-6c91-4f5a-aace-1ac305fff4e9 => generated 12 bytes in 18 msecs (HTTP/1.1 200) 4 headers in 156 bytes (1 switches on core 0)
2026-07-09 18:09:16.276 8 WARNING neutron.scheduler.dhcp_agent_scheduler [None req-befd1c1d-bca7-4d45-ba8d-1ca2ab732a74 f087ab349b414cb48acf00a1d5e2c6be 7981227905df40cd8b61b5580d35afa5 - - default default] No more DHCP agents
2026-07-09 18:09:16.279 8 WARNING neutron.api.rpc.agentnotifiers.dhcp_rpc_agent_api [None req-befd1c1d-bca7-4d45-ba8d-1ca2ab732a74 f087ab349b414cb48acf00a1d5e2c6be 7981227905df40cd8b61b5580d35afa5 - - default default] Unable to schedule network 7d14dd9f-cdb0-4f24-bade-9cbee40ba9fe: no agents available; will retry on subsequent port and subnet creation events.
2026-07-09 18:09:16.751 7 INFO neutron.db.ovn_revision_numbers_db [None req-72a7b5a1-49d4-404f-837a-4ab3aa008e12 23422d7a98684b749f9ee19f0cfd7758 d4b81ac989b34c56a430b56e9db6c22d - - default default] Successfully bumped revision number for resource d0be52ad-ef62-4316-b6a4-5d750719574d (type: router_ports) to 1
