2026-07-09 18:08:28.380 8 INFO neutron.db.ovn_revision_numbers_db [None req-940fe28e-9fad-4719-b4f7-add063b2baf0 23422d7a98684b749f9ee19f0cfd7758 d4b81ac989b34c56a430b56e9db6c22d - - default default] Successfully bumped revision number for resource f2f9b840-36ef-465f-9d62-b6fd6438b771 (type: router_ports) to 1 [pid: 7|app: 0|req: 504/949] 10.0.0.163 () {32 vars in 739 bytes} [Thu Jul 9 18:08:28 2026] DELETE /v2.0/security-groups/8226baba-92d6-458d-9c23-b3707b90a668 => generated 0 bytes in 239 msecs (HTTP/1.1 204) 2 headers in 112 bytes (1 switches on core 0) [pid: 7|app: 0|req: 505/950] 10.0.0.68 () {34 vars in 1038 bytes} [Thu Jul 9 18:08:28 2026] GET /v2.0/security-groups?id=8c7d6e66-eb8b-4433-b9b0-e11c9808ce8f&fields=id&fields=name => generated 113 bytes in 35 msecs (HTTP/1.1 200) 4 headers in 157 bytes (1 switches on core 0)
2026-07-09 18:08:28.609 8 INFO neutron.db.ovn_revision_numbers_db [None req-940fe28e-9fad-4719-b4f7-add063b2baf0 23422d7a98684b749f9ee19f0cfd7758 d4b81ac989b34c56a430b56e9db6c22d - - default default] Successfully bumped revision number for resource 758b9e7d-bae6-4bda-af6c-9eff8167ecbc (type: routers) to 2 [pid: 8|app: 0|req: 446/951] 10.0.0.163 () {34 vars in 668 bytes} [Thu Jul 9 18:08:26 2026] POST /v2.0/routers => generated 994 bytes in 2132 msecs (HTTP/1.1 201) 4 headers in 162 bytes (1 switches on core 0)
2026-07-09 18:08:29.150 7 WARNING neutron.scheduler.dhcp_agent_scheduler [None req-17529085-6cc4-4e7a-bb5e-13f993cbe60b 23422d7a98684b749f9ee19f0cfd7758 d4b81ac989b34c56a430b56e9db6c22d - - default default] No more DHCP agents
2026-07-09 18:08:29.151 7 WARNING neutron.api.rpc.agentnotifiers.dhcp_rpc_agent_api [None req-17529085-6cc4-4e7a-bb5e-13f993cbe60b 23422d7a98684b749f9ee19f0cfd7758 d4b81ac989b34c56a430b56e9db6c22d - - default default] Unable to schedule network f1d0eace-31e3-4b43-8f27-c91167839f89: no agents available; will retry on subsequent port and subnet creation events.
2026-07-09 18:08:29.388 7 INFO neutron.db.ovn_revision_numbers_db [None req-17529085-6cc4-4e7a-bb5e-13f993cbe60b 23422d7a98684b749f9ee19f0cfd7758 d4b81ac989b34c56a430b56e9db6c22d - - default default] Successfully bumped revision number for resource 12cd87e9-ef94-4ba8-8d57-29be30978ec3 (type: ports) to 1
2026-07-09 18:08:29.571 8 INFO neutron.plugins.ml2.drivers.ovn.mech_driver.mech_driver [None req-bf8440c0-121d-499d-af29-7b361f16586a - - - - - -] OVN reports status down for port: 12cd87e9-ef94-4ba8-8d57-29be30978ec3 [pid: 8|app: 0|req: 447/952] 10.0.0.68 () {34 vars in 1068 bytes} [Thu Jul 9 18:08:29 2026] GET /v2.0/ports?fields=security_groups&fields=device_id&device_id=2544c6df-9b3f-4953-befc-f595d63eee78 => generated 123 bytes in 199 msecs (HTTP/1.1 200) 4 headers in 157 bytes (1 switches on core 0) [pid: 8|app: 0|req: 448/953] 10.0.0.68 () {34 vars in 1038 bytes} [Thu Jul 9 18:08:29 2026] GET /v2.0/security-groups?id=8c7d6e66-eb8b-4433-b9b0-e11c9808ce8f&fields=id&fields=name => generated 113 bytes in 76 msecs (HTTP/1.1 200) 4 headers in 157 bytes (1 switches on core 0)
2026-07-09 18:08:30.042 8 INFO neutron.db.ovn_revision_numbers_db [None req-61fdabf6-115a-4316-b813-9acd8f93f359 - - - - - -] Successfully bumped revision number for resource f2f9b840-36ef-465f-9d62-b6fd6438b771 (type: ports) to 4 [pid: 8|app: 0|req: 449/954] 199.19.213.68 () {34 vars in 992 bytes} [Thu Jul 9 18:08:30 2026] GET /v2.0/ports?device_id=2544c6df-9b3f-4953-befc-f595d63eee78 => generated 969 bytes in 158 msecs (HTTP/1.1 200) 4 headers in 157 bytes (1 switches on core 0)
2026-07-09 18:08:30.401 7 WARNING neutron.scheduler.dhcp_agent_scheduler [None req-17529085-6cc4-4e7a-bb5e-13f993cbe60b 23422d7a98684b749f9ee19f0cfd7758 d4b81ac989b34c56a430b56e9db6c22d - - default default] No more DHCP agents
2026-07-09 18:08:30.401 8 INFO neutron.plugins.ml2.drivers.ovn.mech_driver.mech_driver [None req-bf8440c0-121d-499d-af29-7b361f16586a - - - - - -] OVN reports status up for port: 12cd87e9-ef94-4ba8-8d57-29be30978ec3
2026-07-09 18:08:30.403 7 WARNING neutron.api.rpc.agentnotifiers.dhcp_rpc_agent_api [None req-17529085-6cc4-4e7a-bb5e-13f993cbe60b 23422d7a98684b749f9ee19f0cfd7758 d4b81ac989b34c56a430b56e9db6c22d - - default default] Unable to schedule network f1d0eace-31e3-4b43-8f27-c91167839f89: no agents available; will retry on subsequent port and subnet creation events.
2026-07-09 18:08:30.431 8 INFO neutron.plugins.ml2.plugin [None req-bf8440c0-121d-499d-af29-7b361f16586a - - - - - -] Attempt 1 to provision port 12cd87e9-ef94-4ba8-8d57-29be30978ec3
2026-07-09 18:08:30.662 8 INFO neutron.db.ovn_revision_numbers_db [None req-61fdabf6-115a-4316-b813-9acd8f93f359 - - - - - -] Successfully bumped revision number for resource f2f9b840-36ef-465f-9d62-b6fd6438b771 (type: ports) to 5
2026-07-09 18:08:30.966 7 INFO neutron.db.ovn_revision_numbers_db [None req-17529085-6cc4-4e7a-bb5e-13f993cbe60b 23422d7a98684b749f9ee19f0cfd7758 d4b81ac989b34c56a430b56e9db6c22d - - default default] Successfully bumped revision number for resource 12cd87e9-ef94-4ba8-8d57-29be30978ec3 (type: router_ports) to 1 [pid: 7|app: 0|req: 506/955] 10.0.0.163 () {34 vars in 782 bytes} [Thu Jul 9 18:08:28 2026] PUT /v2.0/routers/758b9e7d-bae6-4bda-af6c-9eff8167ecbc/add_router_interface => generated 310 bytes in 2312 msecs (HTTP/1.1 200) 4 headers in 157 bytes (1 switches on core 0)
2026-07-09 18:08:31.113 7 INFO neutron_taas.services.taas.taas_plugin [req-65ee554f-a320-4fd6-b4b0-495bf89120ad req-59bbdbc7-bac0-4cee-9be3-a58a2bb60bba 2c2e632d381f409699e7d72280fc124b 8aa5d747d49041e684ea2d004ed0fed3 - - default default] TaaS: Handle Delete Port: 50bf8ed9-32e9-484f-a77c-17bc1adb3247
2026-07-09 18:08:31.116 7 INFO neutron_taas.services.taas.tap_mirror_plugin [req-65ee554f-a320-4fd6-b4b0-495bf89120ad req-59bbdbc7-bac0-4cee-9be3-a58a2bb60bba 2c2e632d381f409699e7d72280fc124b 8aa5d747d49041e684ea2d004ed0fed3 - - default default] Tap Mirror: Handle Delete Port: 50bf8ed9-32e9-484f-a77c-17bc1adb3247
2026-07-09 18:08:31.311 8 INFO neutron.db.ovn_revision_numbers_db [None req-418a342f-6ea7-479a-a40d-5161a7869332 c03c1c7a548f4049bf989a303bccef24 6e2a2f2df9c548cbb180407c2d22399a - - default default] Successfully bumped revision number for resource f759d0a8-7224-478b-a4f0-00983de66a6e (type: security_groups) to 1
2026-07-09 18:08:31.337 8 INFO neutron.db.ovn_revision_numbers_db [None req-418a342f-6ea7-479a-a40d-5161a7869332 c03c1c7a548f4049bf989a303bccef24 6e2a2f2df9c548cbb180407c2d22399a - - default default] Successfully bumped revision number for resource 97850fe8-dcd3-4740-9317-9c74baa7b072 (type: security_group_rules) to 0
2026-07-09 18:08:31.356 8 INFO neutron.db.ovn_revision_numbers_db [None req-418a342f-6ea7-479a-a40d-5161a7869332 c03c1c7a548f4049bf989a303bccef24 6e2a2f2df9c548cbb180407c2d22399a - - default default] Successfully bumped revision number for resource 9ae51880-b0da-4521-ab2e-b47832d9f964 (type: security_group_rules) to 0 [pid: 7|app: 0|req: 507/956] 199.19.213.68 () {36 vars in 995 bytes} [Thu Jul 9 18:08:30 2026] DELETE /v2.0/ports/50bf8ed9-32e9-484f-a77c-17bc1adb3247 => generated 0 bytes in 389 msecs (HTTP/1.1 204) 3 headers in 131 bytes (1 switches on core 0)
2026-07-09 18:08:31.381 8 INFO neutron.db.ovn_revision_numbers_db [None req-418a342f-6ea7-479a-a40d-5161a7869332 c03c1c7a548f4049bf989a303bccef24 6e2a2f2df9c548cbb180407c2d22399a - - default default] Successfully bumped revision number for resource bccc22cd-160b-4d38-9ec1-95006a1264c6 (type: security_group_rules) to 0 [pid: 7|app: 0|req: 508/957] 10.0.0.68 () {34 vars in 1068 bytes} [Thu Jul 9 18:08:31 2026] GET /v2.0/ports?fields=security_groups&fields=device_id&device_id=2544c6df-9b3f-4953-befc-f595d63eee78 => generated 12 bytes in 27 msecs (HTTP/1.1 200) 4 headers in 156 bytes (1 switches on core 0)
2026-07-09 18:08:31.390 7 WARNING neutron.notifiers.nova [-] Nova event matching ['req-85fb6336-983c-4e21-a9da-182b962aa5b8']: {'server_uuid': '2544c6df-9b3f-4953-befc-f595d63eee78', 'name': 'network-vif-deleted', 'tag': '50bf8ed9-32e9-484f-a77c-17bc1adb3247', 'status': 'failed', 'code': 422} returned with failed status
2026-07-09 18:08:31.402 8 INFO neutron.db.ovn_revision_numbers_db [None req-418a342f-6ea7-479a-a40d-5161a7869332 c03c1c7a548f4049bf989a303bccef24 6e2a2f2df9c548cbb180407c2d22399a - - default default] Successfully bumped revision number for resource f893be1e-dedd-4874-8a56-52350f8a4f7a (type: security_group_rules) to 0
2026-07-09 18:08:31.559 8 INFO neutron.db.segments_db [None req-418a342f-6ea7-479a-a40d-5161a7869332 c03c1c7a548f4049bf989a303bccef24 6e2a2f2df9c548cbb180407c2d22399a - - default default] Added segment 8e847ee1-96fc-454e-a44b-219084af1065 of type geneve for network b749744f-2ff6-431b-af5e-14cf8c50a56a
2026-07-09 18:08:31.750 8 INFO neutron.db.ovn_revision_numbers_db [None req-bf8440c0-121d-499d-af29-7b361f16586a - - - - - -] Successfully bumped revision number for resource 12cd87e9-ef94-4ba8-8d57-29be30978ec3 (type: ports) to 2
2026-07-09 18:08:31.867 8 INFO neutron.db.ovn_revision_numbers_db [None req-418a342f-6ea7-479a-a40d-5161a7869332 c03c1c7a548f4049bf989a303bccef24 6e2a2f2df9c548cbb180407c2d22399a - - default default] Successfully bumped revision number for resource b749744f-2ff6-431b-af5e-14cf8c50a56a (type: networks) to 1
2026-07-09 18:08:31.885 7 INFO neutron.db.ovn_revision_numbers_db [None req-1516a689-6649-4cdb-874f-6990c25d067b 937624da69984d88bfd9667d8ad6e253 a17bd4a4b9314382a580b4e0fcce5876 - - default default] Successfully bumped revision number for resource 9eaf701c-04b9-4a3c-b183-ddd3dd66b5ac (type: security_groups) to 1
2026-07-09 18:08:31.898 7 INFO neutron.db.ovn_revision_numbers_db [None req-1516a689-6649-4cdb-874f-6990c25d067b 937624da69984d88bfd9667d8ad6e253 a17bd4a4b9314382a580b4e0fcce5876 - - default default] Successfully bumped revision number for resource 132dc09f-f020-4d3b-9ecd-6a72d6b61591 (type: security_group_rules) to 0
2026-07-09 18:08:31.910 7 INFO neutron.db.ovn_revision_numbers_db [None req-1516a689-6649-4cdb-874f-6990c25d067b 937624da69984d88bfd9667d8ad6e253 a17bd4a4b9314382a580b4e0fcce5876 - - default default] Successfully bumped revision number for resource e27f2d30-7ed2-4678-b0bc-30b1839cd010 (type: security_group_rules) to 0 [pid: 7|app: 0|req: 509/958] 10.0.0.163 () {34 vars in 684 bytes} [Thu Jul 9 18:08:31 2026] POST /v2.0/security-groups => generated 1660 bytes in 249 msecs (HTTP/1.1 201) 4 headers in 163 bytes (1 switches on core 0)
2026-07-09 18:08:32.100 7 INFO neutron.db.ovn_revision_numbers_db [None req-22b05ce9-d64f-4a2c-85b4-c97c4bd1e9ff 937624da69984d88bfd9667d8ad6e253 a17bd4a4b9314382a580b4e0fcce5876 - - default default] Successfully bumped revision number for resource d17afa21-3891-4b09-8182-c7cea69ce8b0 (type: security_group_rules) to 0 [pid: 7|app: 0|req: 510/959] 10.0.0.163 () {34 vars in 694 bytes} [Thu Jul 9 18:08:31 2026] POST /v2.0/security-group-rules => generated 597 bytes in 176 msecs (HTTP/1.1 201) 4 headers in 162 bytes (1 switches on core 0)
2026-07-09 18:08:32.267 8 WARNING neutron.scheduler.dhcp_agent_scheduler [None req-418a342f-6ea7-479a-a40d-5161a7869332 c03c1c7a548f4049bf989a303bccef24 6e2a2f2df9c548cbb180407c2d22399a - - default default] No more DHCP agents
2026-07-09 18:08:32.268 8 WARNING neutron.api.rpc.agentnotifiers.dhcp_rpc_agent_api [None req-418a342f-6ea7-479a-a40d-5161a7869332 c03c1c7a548f4049bf989a303bccef24 6e2a2f2df9c548cbb180407c2d22399a - - default default] Unable to schedule network b749744f-2ff6-431b-af5e-14cf8c50a56a: no agents available; will retry on subsequent port and subnet creation events.
2026-07-09 18:08:32.303 7 INFO neutron.db.ovn_revision_numbers_db [None req-4d6a6d6e-7324-4760-b6bb-40487b4f73d3 937624da69984d88bfd9667d8ad6e253 a17bd4a4b9314382a580b4e0fcce5876 - - default default] Successfully bumped revision number for resource 575e8c4a-18d0-424c-9812-87c9c55520c5 (type: security_group_rules) to 0 [pid: 7|app: 0|req: 511/960] 10.0.0.163 () {34 vars in 694 bytes} [Thu Jul 9 18:08:32 2026] POST /v2.0/security-group-rules => generated 602 bytes in 238 msecs (HTTP/1.1 201) 4 headers in 162 bytes (1 switches on core 0)
2026-07-09 18:08:32.400 8 INFO neutron.db.ovn_revision_numbers_db [None req-418a342f-6ea7-479a-a40d-5161a7869332 c03c1c7a548f4049bf989a303bccef24 6e2a2f2df9c548cbb180407c2d22399a - - default default] Successfully bumped revision number for resource e165e5c2-4394-456c-be2b-b4c92a798585 (type: ports) to 1 [pid: 8|app: 0|req: 450/961] 10.0.0.163 () {34 vars in 669 bytes} [Thu Jul 9 18:08:30 2026] POST /v2.0/networks => generated 683 bytes in 2052 msecs (HTTP/1.1 201) 4 headers in 162 bytes (1 switches on core 0)
2026-07-09 18:08:32.645 7 WARNING neutron.scheduler.dhcp_agent_scheduler [None req-2552a64a-7284-4baf-946d-09f1f40d1dbf 937624da69984d88bfd9667d8ad6e253 a17bd4a4b9314382a580b4e0fcce5876 - - default default] No more DHCP agents
2026-07-09 18:08:32.646 7 WARNING neutron.api.rpc.agentnotifiers.dhcp_rpc_agent_api [None req-2552a64a-7284-4baf-946d-09f1f40d1dbf 937624da69984d88bfd9667d8ad6e253 a17bd4a4b9314382a580b4e0fcce5876 - - default default] Unable to schedule network 7d14dd9f-cdb0-4f24-bade-9cbee40ba9fe: no agents available; will retry on subsequent port and subnet creation events.
2026-07-09 18:08:32.681 8 WARNING neutron.scheduler.dhcp_agent_scheduler [None req-509acb03-9ecf-4169-91a5-8c54f2c52eb7 c03c1c7a548f4049bf989a303bccef24 6e2a2f2df9c548cbb180407c2d22399a - - default default] No more DHCP agents
2026-07-09 18:08:32.682 8 WARNING neutron.api.rpc.agentnotifiers.dhcp_rpc_agent_api [None req-509acb03-9ecf-4169-91a5-8c54f2c52eb7 c03c1c7a548f4049bf989a303bccef24 6e2a2f2df9c548cbb180407c2d22399a - - default default] Unable to schedule network b749744f-2ff6-431b-af5e-14cf8c50a56a: no agents available; will retry on subsequent port and subnet creation events.
2026-07-09 18:08:32.830 8 INFO neutron.db.ovn_revision_numbers_db [None req-509acb03-9ecf-4169-91a5-8c54f2c52eb7 c03c1c7a548f4049bf989a303bccef24 6e2a2f2df9c548cbb180407c2d22399a - - default default] Successfully bumped revision number for resource f1f6beae-819e-4ac0-aa8b-e16dc81dc361 (type: ports) to 1 [pid: 8|app: 0|req: 451/962] 10.0.0.163 () {34 vars in 664 bytes} [Thu Jul 9 18:08:32 2026] POST /v2.0/ports => generated 775 bytes in 432 msecs (HTTP/1.1 201) 4 headers in 162 bytes (1 switches on core 0) /var/lib/openstack/lib/python3.12/site-packages/pycadf/identifier.py:70: UserWarning: Invalid uuid: neutron. To ensure interoperability, identifiers should be a valid uuid. warnings.warn(('Invalid uuid: %s. To ensure interoperability, ' [pid: 8|app: 0|req: 452/963] 10.0.0.68 () {34 vars in 1068 bytes} [Thu Jul 9 18:08:32 2026] GET /v2.0/ports?fields=security_groups&fields=device_id&device_id=2544c6df-9b3f-4953-befc-f595d63eee78 => generated 12 bytes in 23 msecs (HTTP/1.1 200) 4 headers in 156 bytes (1 switches on core 0)
2026-07-09 18:08:32.996 8 INFO neutron.db.segments_db [None req-523a8756-5948-4348-bfd5-962e23a93a94 c03c1c7a548f4049bf989a303bccef24 6e2a2f2df9c548cbb180407c2d22399a - - default default] Added segment fc9b89d7-103c-4776-ae63-ad09eb29a4a1 of type geneve for network c407b390-cd81-4b80-8203-52f1d4fd8cfc [pid: 7|app: 0|req: 512/964] 10.0.0.163 () {34 vars in 675 bytes} [Thu Jul 9 18:08:32 2026] POST /v2.0/floatingips => generated 552 bytes in 646 msecs (HTTP/1.1 201) 4 headers in 162 bytes (1 switches on core 0)
2026-07-09 18:08:33.183 8 INFO neutron.db.ovn_revision_numbers_db [None req-523a8756-5948-4348-bfd5-962e23a93a94 c03c1c7a548f4049bf989a303bccef24 6e2a2f2df9c548cbb180407c2d22399a - - default default] Successfully bumped revision number for resource c407b390-cd81-4b80-8203-52f1d4fd8cfc (type: networks) to 1
2026-07-09 18:08:33.389 8 WARNING neutron.scheduler.dhcp_agent_scheduler [None req-523a8756-5948-4348-bfd5-962e23a93a94 c03c1c7a548f4049bf989a303bccef24 6e2a2f2df9c548cbb180407c2d22399a - - default default] No more DHCP agents
2026-07-09 18:08:33.390 8 WARNING neutron.api.rpc.agentnotifiers.dhcp_rpc_agent_api [None req-523a8756-5948-4348-bfd5-962e23a93a94 c03c1c7a548f4049bf989a303bccef24 6e2a2f2df9c548cbb180407c2d22399a - - default default] Unable to schedule network c407b390-cd81-4b80-8203-52f1d4fd8cfc: no agents available; will retry on subsequent port and subnet creation events. [pid: 7|app: 0|req: 513/965] 10.0.0.23 () {34 vars in 988 bytes} [Thu Jul 9 18:08:33 2026] GET /v2.0/ports?device_id=2544c6df-9b3f-4953-befc-f595d63eee78 => generated 12 bytes in 29 msecs (HTTP/1.1 200) 4 headers in 156 bytes (1 switches on core 0)
2026-07-09 18:08:33.521 8 INFO neutron.db.ovn_revision_numbers_db [None req-523a8756-5948-4348-bfd5-962e23a93a94 c03c1c7a548f4049bf989a303bccef24 6e2a2f2df9c548cbb180407c2d22399a - - default default] Successfully bumped revision number for resource 0292c167-d11f-4593-b13a-9630d016463d (type: ports) to 1 [pid: 8|app: 0|req: 453/966] 10.0.0.163 () {34 vars in 669 bytes} [Thu Jul 9 18:08:32 2026] POST /v2.0/networks => generated 669 bytes in 665 msecs (HTTP/1.1 201) 4 headers in 162 bytes (1 switches on core 0)
2026-07-09 18:08:33.744 7 WARNING neutron.scheduler.dhcp_agent_scheduler [None req-c12ccf8c-8662-4f9b-81e0-fcb3f784ae8f c03c1c7a548f4049bf989a303bccef24 6e2a2f2df9c548cbb180407c2d22399a - - default default] No more DHCP agents
2026-07-09 18:08:33.746 7 WARNING neutron.api.rpc.agentnotifiers.dhcp_rpc_agent_api [None req-c12ccf8c-8662-4f9b-81e0-fcb3f784ae8f c03c1c7a548f4049bf989a303bccef24 6e2a2f2df9c548cbb180407c2d22399a - - default default] Unable to schedule network c407b390-cd81-4b80-8203-52f1d4fd8cfc: no agents available; will retry on subsequent port and subnet creation events. [pid: 8|app: 0|req: 454/967] 10.0.0.68 () {34 vars in 1068 bytes} [Thu Jul 9 18:08:33 2026] GET /v2.0/ports?fields=security_groups&fields=device_id&device_id=2544c6df-9b3f-4953-befc-f595d63eee78 => generated 12 bytes in 24 msecs (HTTP/1.1 200) 4 headers in 156 bytes (1 switches on core 0) [pid: 8|app: 0|req: 455/968] 10.0.0.68 () {34 vars in 988 bytes} [Thu Jul 9 18:08:34 2026] GET /v2.0/ports?device_id=2544c6df-9b3f-4953-befc-f595d63eee78 => generated 12 bytes in 22 msecs (HTTP/1.1 200) 4 headers in 156 bytes (1 switches on core 0)
2026-07-09 18:08:34.261 7 INFO neutron.db.ovn_revision_numbers_db [None req-c12ccf8c-8662-4f9b-81e0-fcb3f784ae8f c03c1c7a548f4049bf989a303bccef24 6e2a2f2df9c548cbb180407c2d22399a - - default default] Successfully bumped revision number for resource 0292c167-d11f-4593-b13a-9630d016463d (type: ports) to 2
2026-07-09 18:08:34.293 7 INFO neutron.db.ovn_revision_numbers_db [None req-c12ccf8c-8662-4f9b-81e0-fcb3f784ae8f c03c1c7a548f4049bf989a303bccef24 6e2a2f2df9c548cbb180407c2d22399a - - default default] Successfully bumped revision number for resource db743c82-9b68-439b-b07c-a5a25966ff48 (type: subnets) to 0 [pid: 7|app: 0|req: 514/969] 10.0.0.163 () {34 vars in 668 bytes} [Thu Jul 9 18:08:33 2026] POST /v2.0/subnets => generated 626 bytes in 757 msecs (HTTP/1.1 201) 4 headers in 162 bytes (1 switches on core 0) [pid: 7|app: 0|req: 515/970] 10.0.0.163 () {32 vars in 739 bytes} [Thu Jul 9 18:08:34 2026] DELETE /v2.0/security-groups/8c7d6e66-eb8b-4433-b9b0-e11c9808ce8f => generated 0 bytes in 231 msecs (HTTP/1.1 204) 2 headers in 112 bytes (1 switches on core 0)
2026-07-09 18:08:34.598 7 INFO neutron.api.v2.resource [None req-417e3ce6-2ae0-414b-9408-3319fb441985 2c2e632d381f409699e7d72280fc124b 8aa5d747d49041e684ea2d004ed0fed3 - - default default] show failed (client error): The resource could not be found. [pid: 7|app: 0|req: 516/971] 10.0.0.163 () {32 vars in 736 bytes} [Thu Jul 9 18:08:34 2026] GET /v2.0/security-groups/8c7d6e66-eb8b-4433-b9b0-e11c9808ce8f => generated 146 bytes in 22 msecs (HTTP/1.1 404) 4 headers in 164 bytes (1 switches on core 0)
2026-07-09 18:08:34.731 8 WARNING neutron.scheduler.dhcp_agent_scheduler [None req-52dd4592-0620-4e09-80bb-5fd9a27f05e4 c03c1c7a548f4049bf989a303bccef24 6e2a2f2df9c548cbb180407c2d22399a - - default default] No more DHCP agents
2026-07-09 18:08:34.734 8 WARNING neutron.api.rpc.agentnotifiers.dhcp_rpc_agent_api [None req-52dd4592-0620-4e09-80bb-5fd9a27f05e4 c03c1c7a548f4049bf989a303bccef24 6e2a2f2df9c548cbb180407c2d22399a - - default default] Unable to schedule network c407b390-cd81-4b80-8203-52f1d4fd8cfc: no agents available; will retry on subsequent port and subnet creation events.
2026-07-09 18:08:34.766 7 INFO neutron_taas.services.taas.taas_plugin [None req-b1899441-484e-431c-a3f0-60cfe4e2b0a7 2c2e632d381f409699e7d72280fc124b 8aa5d747d49041e684ea2d004ed0fed3 - - default default] TaaS: Handle Delete Port: b1f82fc7-4158-41bf-884e-60e6fc4e7595
2026-07-09 18:08:34.770 7 INFO neutron_taas.services.taas.tap_mirror_plugin [None req-b1899441-484e-431c-a3f0-60cfe4e2b0a7 2c2e632d381f409699e7d72280fc124b 8aa5d747d49041e684ea2d004ed0fed3 - - default default] Tap Mirror: Handle Delete Port: b1f82fc7-4158-41bf-884e-60e6fc4e7595
2026-07-09 18:08:35.062 8 INFO neutron.db.ovn_revision_numbers_db [None req-52dd4592-0620-4e09-80bb-5fd9a27f05e4 c03c1c7a548f4049bf989a303bccef24 6e2a2f2df9c548cbb180407c2d22399a - - default default] Successfully bumped revision number for resource 110dadaa-3bd1-40c9-b524-9b3e3c24c6d0 (type: ports) to 1 [pid: 7|app: 0|req: 517/972] 10.0.0.163 () {32 vars in 731 bytes} [Thu Jul 9 18:08:34 2026] DELETE /v2.0/floatingips/039ee73f-4d39-4d48-85aa-21968483577e => generated 0 bytes in 470 msecs (HTTP/1.1 204) 2 headers in 112 bytes (1 switches on core 0) [pid: 8|app: 0|req: 456/973] 10.0.0.163 () {34 vars in 664 bytes} [Thu Jul 9 18:08:34 2026] POST /v2.0/ports => generated 949 bytes in 766 msecs (HTTP/1.1 201) 4 headers in 162 bytes (1 switches on core 0) /var/lib/openstack/lib/python3.12/site-packages/pycadf/identifier.py:70: UserWarning: Invalid uuid: neutron. To ensure interoperability, identifiers should be a valid uuid. warnings.warn(('Invalid uuid: %s. To ensure interoperability, '
2026-07-09 18:08:35.245 8 INFO neutron_taas.services.taas.taas_plugin [None req-face56bd-d9c1-4a0f-8d2f-c2bf11777b21 c03c1c7a548f4049bf989a303bccef24 6e2a2f2df9c548cbb180407c2d22399a - - default default] TaaS: Handle Delete Port: 110dadaa-3bd1-40c9-b524-9b3e3c24c6d0
2026-07-09 18:08:35.248 8 INFO neutron_taas.services.taas.tap_mirror_plugin [None req-face56bd-d9c1-4a0f-8d2f-c2bf11777b21 c03c1c7a548f4049bf989a303bccef24 6e2a2f2df9c548cbb180407c2d22399a - - default default] Tap Mirror: Handle Delete Port: 110dadaa-3bd1-40c9-b524-9b3e3c24c6d0
2026-07-09 18:08:35.433 7 INFO neutron_taas.services.taas.taas_plugin [None req-2d41e44e-8dd1-4f93-ac35-0b12a3d9ceed 23422d7a98684b749f9ee19f0cfd7758 d4b81ac989b34c56a430b56e9db6c22d - - default default] TaaS: Handle Delete Port: 6e26ea61-b438-4b8c-af47-2823b8c7f866
2026-07-09 18:08:35.444 7 INFO neutron_taas.services.taas.tap_mirror_plugin [None req-2d41e44e-8dd1-4f93-ac35-0b12a3d9ceed 23422d7a98684b749f9ee19f0cfd7758 d4b81ac989b34c56a430b56e9db6c22d - - default default] Tap Mirror: Handle Delete Port: 6e26ea61-b438-4b8c-af47-2823b8c7f866 [pid: 8|app: 0|req: 457/974] 10.0.0.163 () {32 vars in 719 bytes} [Thu Jul 9 18:08:35 2026] DELETE /v2.0/ports/110dadaa-3bd1-40c9-b524-9b3e3c24c6d0 => generated 0 bytes in 389 msecs (HTTP/1.1 204) 3 headers in 131 bytes (1 switches on core 0)
2026-07-09 18:08:35.506 8 INFO neutron.pecan_wsgi.hooks.translation [None req-65c2d758-0d65-424e-8ab4-089ec836a0e2 c03c1c7a548f4049bf989a303bccef24 6e2a2f2df9c548cbb180407c2d22399a - - default default] DELETE failed (client error): The resource could not be found. [pid: 8|app: 0|req: 458/975] 10.0.0.163 () {32 vars in 719 bytes} [Thu Jul 9 18:08:35 2026] DELETE /v2.0/ports/110dadaa-3bd1-40c9-b524-9b3e3c24c6d0 => generated 132 bytes in 25 msecs (HTTP/1.1 404) 4 headers in 164 bytes (1 switches on core 0)
2026-07-09 18:08:35.534 8 INFO neutron.pecan_wsgi.hooks.translation [None req-f062497c-a9c4-4972-bc48-32f1df0245fd c03c1c7a548f4049bf989a303bccef24 6e2a2f2df9c548cbb180407c2d22399a - - default default] GET failed (client error): The resource could not be found. [pid: 8|app: 0|req: 459/976] 10.0.0.163 () {32 vars in 716 bytes} [Thu Jul 9 18:08:35 2026] GET /v2.0/ports/110dadaa-3bd1-40c9-b524-9b3e3c24c6d0 => generated 132 bytes in 21 msecs (HTTP/1.1 404) 4 headers in 164 bytes (1 switches on core 0) [pid: 8|app: 0|req: 460/977] 10.0.0.163 () {32 vars in 723 bytes} [Thu Jul 9 18:08:35 2026] DELETE /v2.0/subnets/db743c82-9b68-439b-b07c-a5a25966ff48 => generated 0 bytes in 258 msecs (HTTP/1.1 204) 3 headers in 131 bytes (1 switches on core 0)
2026-07-09 18:08:35.955 8 INFO neutron_taas.services.taas.taas_plugin [None req-a3053a8a-f0c2-4865-bd82-70fa8d0e39fe c03c1c7a548f4049bf989a303bccef24 6e2a2f2df9c548cbb180407c2d22399a - - default default] TaaS: Handle Delete Port: 0292c167-d11f-4593-b13a-9630d016463d
2026-07-09 18:08:35.958 8 INFO neutron_taas.services.taas.tap_mirror_plugin [None req-a3053a8a-f0c2-4865-bd82-70fa8d0e39fe c03c1c7a548f4049bf989a303bccef24 6e2a2f2df9c548cbb180407c2d22399a - - default default] Tap Mirror: Handle Delete Port: 0292c167-d11f-4593-b13a-9630d016463d
2026-07-09 18:08:36.189 8 INFO neutron.services.segments.plugin [-] Segment fc9b89d7-103c-4776-ae63-ad09eb29a4a1 resource provider aggregate not found
2026-07-09 18:08:36.199 8 INFO neutron.services.segments.plugin [-] Segment fc9b89d7-103c-4776-ae63-ad09eb29a4a1 resource provider aggregate not found
2026-07-09 18:08:36.219 8 INFO neutron.services.segments.plugin [-] Client error retrieving segment fc9b89d7-103c-4776-ae63-ad09eb29a4a1 resource provider; error: Placement Client Error (4xx): {"errors": [{"status": 404, "title": "Not Found", "detail": "The resource could not be found.\n\n No resource provider with uuid fc9b89d7-103c-4776-ae63-ad09eb29a4a1 found for delete ", "request_id": "req-f6e8f422-f983-4f41-b524-5d79b3191080"}]}
2026-07-09 18:08:36.222 8 INFO neutron.services.segments.plugin [-] Client error retrieving segment fc9b89d7-103c-4776-ae63-ad09eb29a4a1 resource provider; error: Placement Client Error (4xx): {"errors": [{"status": 404, "title": "Not Found", "detail": "The resource could not be found.\n\n No resource provider with uuid fc9b89d7-103c-4776-ae63-ad09eb29a4a1 found for delete ", "request_id": "req-62c9982e-013b-4f29-a0d7-5a3cef33c135"}]} [pid: 8|app: 0|req: 461/979] 10.0.0.163 () {32 vars in 725 bytes} [Thu Jul 9 18:08:35 2026] DELETE /v2.0/networks/c407b390-cd81-4b80-8203-52f1d4fd8cfc => generated 0 bytes in 476 msecs (HTTP/1.1 204) 3 headers in 131 bytes (1 switches on core 0) [pid: 7|app: 0|req: 518/979] 10.0.0.163 () {34 vars in 788 bytes} [Thu Jul 9 18:08:35 2026] PUT /v2.0/routers/64b91316-53c4-4fef-9615-1fa32dd82cc7/remove_router_interface => generated 310 bytes in 1202 msecs (HTTP/1.1 200) 4 headers in 157 bytes (1 switches on core 0) /var/lib/openstack/lib/python3.12/site-packages/pycadf/identifier.py:70: UserWarning: Invalid uuid: neutron. To ensure interoperability, identifiers should be a valid uuid. warnings.warn(('Invalid uuid: %s. To ensure interoperability, '
2026-07-09 18:08:36.376 7 INFO neutron.db.segments_db [None req-860519b9-7f3e-4ca8-8111-e1f3d400294f c03c1c7a548f4049bf989a303bccef24 6e2a2f2df9c548cbb180407c2d22399a - - default default] Added segment dc967035-32e7-47c6-b57f-872e69e7bc1c of type geneve for network 95045227-89bf-4466-b688-5f77fff63263
2026-07-09 18:08:36.463 8 WARNING neutron.db.securitygroups_db [None req-ff29aa4b-d46c-454f-83ea-75061502f840 23422d7a98684b749f9ee19f0cfd7758 d4b81ac989b34c56a430b56e9db6c22d - - default default] project_id key not found in filters, using tenant_id instead. This support has been deprecated and will be removed in a future release.
2026-07-09 18:08:36.524 7 INFO neutron.db.ovn_revision_numbers_db [None req-860519b9-7f3e-4ca8-8111-e1f3d400294f c03c1c7a548f4049bf989a303bccef24 6e2a2f2df9c548cbb180407c2d22399a - - default default] Successfully bumped revision number for resource 95045227-89bf-4466-b688-5f77fff63263 (type: networks) to 1
2026-07-09 18:08:36.686 8 INFO neutron.db.ovn_revision_numbers_db [None req-ff29aa4b-d46c-454f-83ea-75061502f840 23422d7a98684b749f9ee19f0cfd7758 d4b81ac989b34c56a430b56e9db6c22d - - default default] Successfully bumped revision number for resource 232b52d4-8a39-4e86-9f73-68f2be443175 (type: security_groups) to 1
2026-07-09 18:08:36.701 8 INFO neutron.db.ovn_revision_numbers_db [None req-ff29aa4b-d46c-454f-83ea-75061502f840 23422d7a98684b749f9ee19f0cfd7758 d4b81ac989b34c56a430b56e9db6c22d - - default default] Successfully bumped revision number for resource 0392e82b-b908-4755-a59e-b9ab6319ba8d (type: security_group_rules) to 0
2026-07-09 18:08:36.717 8 INFO neutron.db.ovn_revision_numbers_db [None req-ff29aa4b-d46c-454f-83ea-75061502f840 23422d7a98684b749f9ee19f0cfd7758 d4b81ac989b34c56a430b56e9db6c22d - - default default] Successfully bumped revision number for resource 0d0521a2-a386-420b-8596-693b8d3ed864 (type: security_group_rules) to 0
2026-07-09 18:08:36.730 8 INFO neutron.db.ovn_revision_numbers_db [None req-ff29aa4b-d46c-454f-83ea-75061502f840 23422d7a98684b749f9ee19f0cfd7758 d4b81ac989b34c56a430b56e9db6c22d - - default default] Successfully bumped revision number for resource 5ed32839-3374-4e26-a18d-77d50a9510dd (type: security_group_rules) to 0
2026-07-09 18:08:36.741 8 INFO neutron.db.ovn_revision_numbers_db [None req-ff29aa4b-d46c-454f-83ea-75061502f840 23422d7a98684b749f9ee19f0cfd7758 d4b81ac989b34c56a430b56e9db6c22d - - default default] Successfully bumped revision number for resource 84084042-9d10-4db3-bc39-924fb27f808b (type: security_group_rules) to 0 [pid: 8|app: 0|req: 462/980] 10.0.0.163 () {32 vars in 773 bytes} [Thu Jul 9 18:08:36 2026] GET /v2.0/security-groups?tenant_id=023eb64992e74bf8832fe41dd225ccd4&name=default => generated 2925 bytes in 499 msecs (HTTP/1.1 200) 4 headers in 158 bytes (1 switches on core 0)
2026-07-09 18:08:36.809 7 WARNING neutron.scheduler.dhcp_agent_scheduler [None req-860519b9-7f3e-4ca8-8111-e1f3d400294f c03c1c7a548f4049bf989a303bccef24 6e2a2f2df9c548cbb180407c2d22399a - - default default] No more DHCP agents
2026-07-09 18:08:36.810 7 WARNING neutron.api.rpc.agentnotifiers.dhcp_rpc_agent_api [None req-860519b9-7f3e-4ca8-8111-e1f3d400294f c03c1c7a548f4049bf989a303bccef24 6e2a2f2df9c548cbb180407c2d22399a - - default default] Unable to schedule network 95045227-89bf-4466-b688-5f77fff63263: no agents available; will retry on subsequent port and subnet creation events.
2026-07-09 18:08:36.925 7 INFO neutron.db.ovn_revision_numbers_db [None req-860519b9-7f3e-4ca8-8111-e1f3d400294f c03c1c7a548f4049bf989a303bccef24 6e2a2f2df9c548cbb180407c2d22399a - - default default] Successfully bumped revision number for resource f375e17d-4cf2-4043-b7b0-13d10b305f4f (type: ports) to 1
2026-07-09 18:08:36.940 8 WARNING neutron.plugins.ml2.drivers.ovn.mech_driver.ovsdb.ovn_client [None req-cb6bcb40-66af-4b42-873e-b1c3ad7052f8 - - - - - -] No hosting information found for port 12cd87e9-ef94-4ba8-8d57-29be30978ec3: RuntimeError: No hosting information found for port 12cd87e9-ef94-4ba8-8d57-29be30978ec3 [pid: 7|app: 0|req: 519/981] 10.0.0.163 () {34 vars in 669 bytes} [Thu Jul 9 18:08:36 2026] POST /v2.0/networks => generated 670 bytes in 673 msecs (HTTP/1.1 201) 4 headers in 162 bytes (1 switches on core 0)
2026-07-09 18:08:37.051 8 INFO neutron.common.ovn.utils [None req-cb6bcb40-66af-4b42-873e-b1c3ad7052f8 - - - - - -] HA Chassis Group neutron-f1d0eace-31e3-4b43-8f27-c91167839f89 synchronized; highest priority chassis 65eac8c1-3b5d-45c7-85a4-9d72d78b6a16 [pid: 7|app: 0|req: 520/982] 10.0.0.163 () {32 vars in 739 bytes} [Thu Jul 9 18:08:36 2026] DELETE /v2.0/security-groups/232b52d4-8a39-4e86-9f73-68f2be443175 => generated 0 bytes in 251 msecs (HTTP/1.1 204) 2 headers in 112 bytes (1 switches on core 0)
2026-07-09 18:08:37.358 8 INFO neutron.db.ovn_revision_numbers_db [None req-cb6bcb40-66af-4b42-873e-b1c3ad7052f8 - - - - - -] Successfully bumped revision number for resource 12cd87e9-ef94-4ba8-8d57-29be30978ec3 (type: router_ports) to 2
2026-07-09 18:08:37.421 7 WARNING neutron.scheduler.dhcp_agent_scheduler [None req-1d6c0dbf-16fb-4e7f-aeca-626889b5506a c03c1c7a548f4049bf989a303bccef24 6e2a2f2df9c548cbb180407c2d22399a - - default default] No more DHCP agents
2026-07-09 18:08:37.423 7 WARNING neutron.api.rpc.agentnotifiers.dhcp_rpc_agent_api [None req-1d6c0dbf-16fb-4e7f-aeca-626889b5506a c03c1c7a548f4049bf989a303bccef24 6e2a2f2df9c548cbb180407c2d22399a - - default default] Unable to schedule network 95045227-89bf-4466-b688-5f77fff63263: no agents available; will retry on subsequent port and subnet creation events.
2026-07-09 18:08:37.436 8 INFO neutron_taas.services.taas.taas_plugin [None req-f8f825c4-b551-42d7-8ae6-dd14ab0a3f5e 23422d7a98684b749f9ee19f0cfd7758 d4b81ac989b34c56a430b56e9db6c22d - - default default] TaaS: Handle Delete Port: ea200f69-1328-4302-a9b3-198e3f7dd93a
2026-07-09 18:08:37.442 8 INFO neutron_taas.services.taas.tap_mirror_plugin [None req-f8f825c4-b551-42d7-8ae6-dd14ab0a3f5e 23422d7a98684b749f9ee19f0cfd7758 d4b81ac989b34c56a430b56e9db6c22d - - default default] Tap Mirror: Handle Delete Port: ea200f69-1328-4302-a9b3-198e3f7dd93a
2026-07-09 18:08:37.459 8 INFO neutron.plugins.ml2.drivers.ovn.mech_driver.mech_driver [None req-cb6bcb40-66af-4b42-873e-b1c3ad7052f8 - - - - - -] OVN reports status down for port: e165e5c2-4394-456c-be2b-b4c92a798585
2026-07-09 18:08:37.620 8 INFO neutron.plugins.ml2.drivers.ovn.mech_driver.mech_driver [None req-cb6bcb40-66af-4b42-873e-b1c3ad7052f8 - - - - - -] OVN reports status down for port: f1f6beae-819e-4ac0-aa8b-e16dc81dc361
2026-07-09 18:08:37.731 8 INFO neutron.plugins.ml2.drivers.ovn.mech_driver.mech_driver [None req-cb6bcb40-66af-4b42-873e-b1c3ad7052f8 - - - - - -] OVN reports status down for port: 0292c167-d11f-4593-b13a-9630d016463d
2026-07-09 18:08:37.745 8 INFO neutron.plugins.ml2.drivers.ovn.mech_driver.mech_driver [None req-cb6bcb40-66af-4b42-873e-b1c3ad7052f8 - - - - - -] OVN reports status down for port: 110dadaa-3bd1-40c9-b524-9b3e3c24c6d0
2026-07-09 18:08:37.786 8 INFO neutron.plugins.ml2.drivers.ovn.mech_driver.mech_driver [None req-cb6bcb40-66af-4b42-873e-b1c3ad7052f8 - - - - - -] OVN reports status down for port: f375e17d-4cf2-4043-b7b0-13d10b305f4f
2026-07-09 18:08:38.099 7 INFO neutron.db.ovn_revision_numbers_db [None req-1d6c0dbf-16fb-4e7f-aeca-626889b5506a c03c1c7a548f4049bf989a303bccef24 6e2a2f2df9c548cbb180407c2d22399a - - default default] Successfully bumped revision number for resource f375e17d-4cf2-4043-b7b0-13d10b305f4f (type: ports) to 2
2026-07-09 18:08:38.139 7 INFO neutron.db.ovn_revision_numbers_db [None req-1d6c0dbf-16fb-4e7f-aeca-626889b5506a c03c1c7a548f4049bf989a303bccef24 6e2a2f2df9c548cbb180407c2d22399a - - default default] Successfully bumped revision number for resource af887d45-af93-445a-9849-b175352221a1 (type: subnets) to 0 [pid: 7|app: 0|req: 521/983] 10.0.0.163 () {34 vars in 668 bytes} [Thu Jul 9 18:08:37 2026] POST /v2.0/subnets => generated 626 bytes in 947 msecs (HTTP/1.1 201) 4 headers in 162 bytes (1 switches on core 0)
2026-07-09 18:08:38.163 7 WARNING neutron.db.securitygroups_db [None req-9e69c024-13e5-4b23-bc3b-1929e26e2655 23422d7a98684b749f9ee19f0cfd7758 d4b81ac989b34c56a430b56e9db6c22d - - default default] project_id key not found in filters, using tenant_id instead. This support has been deprecated and will be removed in a future release. [pid: 8|app: 0|req: 463/984] 10.0.0.163 () {32 vars in 723 bytes} [Thu Jul 9 18:08:36 2026] DELETE /v2.0/routers/64b91316-53c4-4fef-9615-1fa32dd82cc7 => generated 0 bytes in 1508 msecs (HTTP/1.1 204) 2 headers in 112 bytes (1 switches on core 0)
2026-07-09 18:08:38.296 8 WARNING neutron.db.securitygroups_db [req-9cb3808d-9a6d-4909-8fd2-5935191424df req-092bcafd-0ff9-4e08-8e51-3076d98a0118 937624da69984d88bfd9667d8ad6e253 a17bd4a4b9314382a580b4e0fcce5876 - - default default] project_id key not found in filters, using tenant_id instead. This support has been deprecated and will be removed in a future release. [pid: 8|app: 0|req: 464/985] 10.0.0.68 () {34 vars in 1098 bytes} [Thu Jul 9 18:08:38 2026] GET /v2.0/security-groups?name=tempest-securitygroup--1662673251&fields=id&tenant_id=a17bd4a4b9314382a580b4e0fcce5876 => generated 69 bytes in 37 msecs (HTTP/1.1 200) 4 headers in 156 bytes (1 switches on core 0)
2026-07-09 18:08:38.429 7 INFO neutron.db.ovn_revision_numbers_db [None req-9e69c024-13e5-4b23-bc3b-1929e26e2655 23422d7a98684b749f9ee19f0cfd7758 d4b81ac989b34c56a430b56e9db6c22d - - default default] Successfully bumped revision number for resource feac8d64-ec6d-4b98-b29d-cf8f8a7d70c1 (type: security_groups) to 1
2026-07-09 18:08:38.446 7 INFO neutron.db.ovn_revision_numbers_db [None req-9e69c024-13e5-4b23-bc3b-1929e26e2655 23422d7a98684b749f9ee19f0cfd7758 d4b81ac989b34c56a430b56e9db6c22d - - default default] Successfully bumped revision number for resource 2b3a9f67-da18-4f9d-90cf-f698ebb8436e (type: security_group_rules) to 0
2026-07-09 18:08:38.459 7 INFO neutron.db.ovn_revision_numbers_db [None req-9e69c024-13e5-4b23-bc3b-1929e26e2655 23422d7a98684b749f9ee19f0cfd7758 d4b81ac989b34c56a430b56e9db6c22d - - default default] Successfully bumped revision number for resource 2f91b7be-10fd-46b3-807b-46d0664cb95a (type: security_group_rules) to 0
2026-07-09 18:08:38.472 7 INFO neutron.db.ovn_revision_numbers_db [None req-9e69c024-13e5-4b23-bc3b-1929e26e2655 23422d7a98684b749f9ee19f0cfd7758 d4b81ac989b34c56a430b56e9db6c22d - - default default] Successfully bumped revision number for resource 686c6733-182d-46b7-8ac0-8a6ccfd35dea (type: security_group_rules) to 0
2026-07-09 18:08:38.487 7 INFO neutron.db.ovn_revision_numbers_db [None req-9e69c024-13e5-4b23-bc3b-1929e26e2655 23422d7a98684b749f9ee19f0cfd7758 d4b81ac989b34c56a430b56e9db6c22d - - default default] Successfully bumped revision number for resource fd4fca6b-7036-4bf1-a1a0-25c55e4b115f (type: security_group_rules) to 0 [pid: 7|app: 0|req: 522/986] 10.0.0.163 () {32 vars in 773 bytes} [Thu Jul 9 18:08:38 2026] GET /v2.0/security-groups?tenant_id=3fee160643474b109829caf8e4d09fc1&name=default => generated 2925 bytes in 369 msecs (HTTP/1.1 200) 4 headers in 158 bytes (1 switches on core 0)
2026-07-09 18:08:38.728 8 WARNING neutron.scheduler.dhcp_agent_scheduler [None req-ea38d809-6c6b-4a61-b93a-96ae347695e4 c03c1c7a548f4049bf989a303bccef24 6e2a2f2df9c548cbb180407c2d22399a - - default default] No more DHCP agents
2026-07-09 18:08:38.730 8 WARNING neutron.api.rpc.agentnotifiers.dhcp_rpc_agent_api [None req-ea38d809-6c6b-4a61-b93a-96ae347695e4 c03c1c7a548f4049bf989a303bccef24 6e2a2f2df9c548cbb180407c2d22399a - - default default] Unable to schedule network 95045227-89bf-4466-b688-5f77fff63263: no agents available; will retry on subsequent port and subnet creation events. [pid: 7|app: 0|req: 523/987] 10.0.0.163 () {32 vars in 723 bytes} [Thu Jul 9 18:08:38 2026] DELETE /v2.0/subnets/7a4872df-4916-4e38-9ebe-7eb3fac1bd34 => generated 0 bytes in 204 msecs (HTTP/1.1 204) 3 headers in 131 bytes (1 switches on core 0) [pid: 7|app: 0|req: 524/988] 10.0.0.68 () {34 vars in 980 bytes} [Thu Jul 9 18:08:38 2026] GET /v2.0/networks?id=f1d0eace-31e3-4b43-8f27-c91167839f89 => generated 718 bytes in 51 msecs (HTTP/1.1 200) 4 headers in 157 bytes (1 switches on core 0)
2026-07-09 18:08:38.900 8 INFO neutron.plugins.ml2.drivers.ovn.mech_driver.mech_driver [None req-cb6bcb40-66af-4b42-873e-b1c3ad7052f8 - - - - - -] OVN reports status down for port: 91be6481-2aec-479a-91fc-439b1b0ef039
2026-07-09 18:08:38.991 8 INFO neutron.db.ovn_revision_numbers_db [None req-ea38d809-6c6b-4a61-b93a-96ae347695e4 c03c1c7a548f4049bf989a303bccef24 6e2a2f2df9c548cbb180407c2d22399a - - default default] Successfully bumped revision number for resource 91be6481-2aec-479a-91fc-439b1b0ef039 (type: ports) to 1 [pid: 8|app: 0|req: 465/989] 10.0.0.163 () {34 vars in 664 bytes} [Thu Jul 9 18:08:38 2026] POST /v2.0/ports => generated 911 bytes in 744 msecs (HTTP/1.1 201) 4 headers in 162 bytes (1 switches on core 0) [pid: 7|app: 0|req: 525/990] 10.0.0.163 () {32 vars in 739 bytes} [Thu Jul 9 18:08:38 2026] DELETE /v2.0/security-groups/feac8d64-ec6d-4b98-b29d-cf8f8a7d70c1 => generated 0 bytes in 348 msecs (HTTP/1.1 204) 2 headers in 112 bytes (1 switches on core 0) [pid: 7|app: 0|req: 526/991] 10.0.0.68 () {34 vars in 963 bytes} [Thu Jul 9 18:08:39 2026] GET /v2.0/quotas/a17bd4a4b9314382a580b4e0fcce5876 => generated 312 bytes in 11 msecs (HTTP/1.1 200) 4 headers in 157 bytes (1 switches on core 0)
2026-07-09 18:08:39.228 8 INFO neutron_taas.services.taas.taas_plugin [None req-3ad3deb6-621e-453b-8203-2d07e5e37f6e 23422d7a98684b749f9ee19f0cfd7758 d4b81ac989b34c56a430b56e9db6c22d - - default default] TaaS: Handle Delete Port: 61dedb55-f215-4cf5-833b-02182f55594d
2026-07-09 18:08:39.232 8 INFO neutron_taas.services.taas.tap_mirror_plugin [None req-3ad3deb6-621e-453b-8203-2d07e5e37f6e 23422d7a98684b749f9ee19f0cfd7758 d4b81ac989b34c56a430b56e9db6c22d - - default default] Tap Mirror: Handle Delete Port: 61dedb55-f215-4cf5-833b-02182f55594d
2026-07-09 18:08:39.269 7 INFO neutron_taas.services.taas.taas_plugin [None req-a9817247-e050-401f-9cb5-67a0e263dc05 c03c1c7a548f4049bf989a303bccef24 6e2a2f2df9c548cbb180407c2d22399a - - default default] TaaS: Handle Delete Port: 91be6481-2aec-479a-91fc-439b1b0ef039
2026-07-09 18:08:39.271 7 INFO neutron_taas.services.taas.tap_mirror_plugin [None req-a9817247-e050-401f-9cb5-67a0e263dc05 c03c1c7a548f4049bf989a303bccef24 6e2a2f2df9c548cbb180407c2d22399a - - default default] Tap Mirror: Handle Delete Port: 91be6481-2aec-479a-91fc-439b1b0ef039
2026-07-09 18:08:39.459 8 INFO neutron.services.segments.plugin [-] Segment 2974fb82-bba5-4afb-98da-0fadaac4f618 resource provider aggregate not found
2026-07-09 18:08:39.466 8 INFO neutron.services.segments.plugin [-] Segment 2974fb82-bba5-4afb-98da-0fadaac4f618 resource provider aggregate not found
2026-07-09 18:08:39.493 8 INFO neutron.services.segments.plugin [-] Client error retrieving segment 2974fb82-bba5-4afb-98da-0fadaac4f618 resource provider; error: Placement Client Error (4xx): {"errors": [{"status": 404, "title": "Not Found", "detail": "The resource could not be found.\n\n No resource provider with uuid 2974fb82-bba5-4afb-98da-0fadaac4f618 found for delete ", "request_id": "req-c19e49d2-6c04-40df-b6f2-22863a572a78"}]}
2026-07-09 18:08:39.495 8 INFO neutron.services.segments.plugin [-] Client error retrieving segment 2974fb82-bba5-4afb-98da-0fadaac4f618 resource provider; error: Placement Client Error (4xx): {"errors": [{"status": 404, "title": "Not Found", "detail": "The resource could not be found.\n\n No resource provider with uuid 2974fb82-bba5-4afb-98da-0fadaac4f618 found for delete ", "request_id": "req-69f8174b-5d3b-42dc-b151-da80aa53f9e2"}]} [pid: 7|app: 0|req: 527/992] 10.0.0.163 () {32 vars in 719 bytes} [Thu Jul 9 18:08:39 2026] DELETE /v2.0/ports/91be6481-2aec-479a-91fc-439b1b0ef039 => generated 0 bytes in 377 msecs (HTTP/1.1 204) 3 headers in 131 bytes (1 switches on core 0) [pid: 8|app: 0|req: 466/993] 10.0.0.163 () {32 vars in 725 bytes} [Thu Jul 9 18:08:39 2026] DELETE /v2.0/networks/676ab5fc-60da-44db-afdb-4a363f4da91e => generated 0 bytes in 520 msecs (HTTP/1.1 204) 3 headers in 131 bytes (1 switches on core 0)
2026-07-09 18:08:39.619 8 INFO neutron.pecan_wsgi.hooks.translation [None req-473009eb-98f2-4dac-bfaf-52c205f71953 c03c1c7a548f4049bf989a303bccef24 6e2a2f2df9c548cbb180407c2d22399a - - default default] GET failed (client error): The resource could not be found. [pid: 8|app: 0|req: 467/994] 10.0.0.163 () {32 vars in 716 bytes} [Thu Jul 9 18:08:39 2026] GET /v2.0/ports/91be6481-2aec-479a-91fc-439b1b0ef039 => generated 132 bytes in 29 msecs (HTTP/1.1 404) 4 headers in 164 bytes (1 switches on core 0) [pid: 7|app: 0|req: 528/995] 10.0.0.68 () {34 vars in 1000 bytes} [Thu Jul 9 18:08:39 2026] GET /v2.0/ports?tenant_id=a17bd4a4b9314382a580b4e0fcce5876&fields=id => generated 103 bytes in 135 msecs (HTTP/1.1 200) 4 headers in 157 bytes (1 switches on core 0) [pid: 7|app: 0|req: 529/996] 10.0.0.68 () {34 vars in 1006 bytes} [Thu Jul 9 18:08:39 2026] GET /v2.0/networks/f1d0eace-31e3-4b43-8f27-c91167839f89?fields=segments => generated 14 bytes in 56 msecs (HTTP/1.1 200) 4 headers in 156 bytes (1 switches on core 0) [pid: 8|app: 0|req: 468/997] 10.0.0.163 () {32 vars in 723 bytes} [Thu Jul 9 18:08:39 2026] DELETE /v2.0/subnets/af887d45-af93-445a-9849-b175352221a1 => generated 0 bytes in 192 msecs (HTTP/1.1 204) 3 headers in 131 bytes (1 switches on core 0) [pid: 7|app: 0|req: 530/998] 10.0.0.68 () {34 vars in 1106 bytes} [Thu Jul 9 18:08:39 2026] GET /v2.0/networks/f1d0eace-31e3-4b43-8f27-c91167839f89?fields=provider%3Aphysical_network&fields=provider%3Anetwork_type => generated 79 bytes in 91 msecs (HTTP/1.1 200) 4 headers in 156 bytes (1 switches on core 0)
2026-07-09 18:08:39.826 8 WARNING neutron.db.securitygroups_db [None req-27c72887-145d-4b9c-bcaa-988fd2298e1b 23422d7a98684b749f9ee19f0cfd7758 d4b81ac989b34c56a430b56e9db6c22d - - default default] project_id key not found in filters, using tenant_id instead. This support has been deprecated and will be removed in a future release. [pid: 8|app: 0|req: 469/999] 10.0.0.163 () {32 vars in 773 bytes} [Thu Jul 9 18:08:39 2026] GET /v2.0/security-groups?tenant_id=8aa5d747d49041e684ea2d004ed0fed3&name=default => generated 2925 bytes in 42 msecs (HTTP/1.1 200) 4 headers in 158 bytes (1 switches on core 0)
2026-07-09 18:08:39.969 7 INFO neutron_taas.services.taas.taas_plugin [None req-fbd40b35-a8dc-4c7b-94ff-08e2867befb2 c03c1c7a548f4049bf989a303bccef24 6e2a2f2df9c548cbb180407c2d22399a - - default default] TaaS: Handle Delete Port: f375e17d-4cf2-4043-b7b0-13d10b305f4f
2026-07-09 18:08:39.973 7 INFO neutron_taas.services.taas.tap_mirror_plugin [None req-fbd40b35-a8dc-4c7b-94ff-08e2867befb2 c03c1c7a548f4049bf989a303bccef24 6e2a2f2df9c548cbb180407c2d22399a - - default default] Tap Mirror: Handle Delete Port: f375e17d-4cf2-4043-b7b0-13d10b305f4f [pid: 8|app: 0|req: 470/1000] 10.0.0.163 () {32 vars in 739 bytes} [Thu Jul 9 18:08:39 2026] DELETE /v2.0/security-groups/07434e31-4952-499d-8b1e-e23f9726dc52 => generated 0 bytes in 378 msecs (HTTP/1.1 204) 2 headers in 112 bytes (1 switches on core 0)
2026-07-09 18:08:40.293 7 INFO neutron.services.segments.plugin [-] Segment dc967035-32e7-47c6-b57f-872e69e7bc1c resource provider aggregate not found
2026-07-09 18:08:40.299 7 INFO neutron.services.segments.plugin [-] Segment dc967035-32e7-47c6-b57f-872e69e7bc1c resource provider aggregate not found
2026-07-09 18:08:40.316 7 INFO neutron.services.segments.plugin [-] Client error retrieving segment dc967035-32e7-47c6-b57f-872e69e7bc1c resource provider; error: Placement Client Error (4xx): {"errors": [{"status": 404, "title": "Not Found", "detail": "The resource could not be found.\n\n No resource provider with uuid dc967035-32e7-47c6-b57f-872e69e7bc1c found for delete ", "request_id": "req-6f992478-7e79-4bc2-bad5-6006f5960fe6"}]}
2026-07-09 18:08:40.321 7 INFO neutron.services.segments.plugin [-] Client error retrieving segment dc967035-32e7-47c6-b57f-872e69e7bc1c resource provider; error: Placement Client Error (4xx): {"errors": [{"status": 404, "title": "Not Found", "detail": "The resource could not be found.\n\n No resource provider with uuid dc967035-32e7-47c6-b57f-872e69e7bc1c found for delete ", "request_id": "req-df908bef-9628-472f-8cbe-3e11c1e919b3"}]} [pid: 7|app: 0|req: 531/1001] 10.0.0.163 () {32 vars in 725 bytes} [Thu Jul 9 18:08:39 2026] DELETE /v2.0/networks/95045227-89bf-4466-b688-5f77fff63263 => generated 0 bytes in 548 msecs (HTTP/1.1 204) 3 headers in 131 bytes (1 switches on core 0) [pid: 8|app: 0|req: 471/1002] 10.0.0.68 () {34 vars in 1068 bytes} [Thu Jul 9 18:08:40 2026] GET /v2.0/ports?fields=security_groups&fields=device_id&device_id=98df0929-1013-448c-9d34-b987d745df26 => generated 12 bytes in 30 msecs (HTTP/1.1 200) 4 headers in 156 bytes (1 switches on core 0)
2026-07-09 18:08:40.756 7 WARNING neutron.scheduler.dhcp_agent_scheduler [None req-00aad690-4ed8-4572-a082-7236ac6588be c03c1c7a548f4049bf989a303bccef24 6e2a2f2df9c548cbb180407c2d22399a - - default default] No more DHCP agents
2026-07-09 18:08:40.757 7 WARNING neutron.api.rpc.agentnotifiers.dhcp_rpc_agent_api [None req-00aad690-4ed8-4572-a082-7236ac6588be c03c1c7a548f4049bf989a303bccef24 6e2a2f2df9c548cbb180407c2d22399a - - default default] Unable to schedule network b749744f-2ff6-431b-af5e-14cf8c50a56a: no agents available; will retry on subsequent port and subnet creation events.
2026-07-09 18:08:40.851 8 INFO neutron.plugins.ml2.drivers.ovn.mech_driver.mech_driver [None req-cb6bcb40-66af-4b42-873e-b1c3ad7052f8 - - - - - -] OVN reports status down for port: aabb666b-00ea-4856-80af-12de14902a1c
2026-07-09 18:08:40.933 7 INFO neutron.db.ovn_revision_numbers_db [None req-00aad690-4ed8-4572-a082-7236ac6588be c03c1c7a548f4049bf989a303bccef24 6e2a2f2df9c548cbb180407c2d22399a - - default default] Successfully bumped revision number for resource aabb666b-00ea-4856-80af-12de14902a1c (type: ports) to 1 [pid: 7|app: 0|req: 532/1005] 10.0.0.163 () {34 vars in 664 bytes} [Thu Jul 9 18:08:40 2026] POST /v2.0/ports => generated 774 bytes in 584 msecs (HTTP/1.1 201) 4 headers in 162 bytes (1 switches on core 0)
2026-07-09 18:08:41.230 8 INFO neutron.plugins.ml2.drivers.ovn.mech_driver.mech_driver [None req-cb6bcb40-66af-4b42-873e-b1c3ad7052f8 - - - - - -] OVN reports status down for port: aabb666b-00ea-4856-80af-12de14902a1c
