+ COMMAND=start + start + for KEYSTONE_WSGI_SCRIPT in keystone-wsgi-public ++ type -p keystone-wsgi-public + cp -a /var/lib/openstack/bin/keystone-wsgi-public /var/www/cgi-bin/keystone/ + '[' -f /etc/apache2/envvars ']' + source /etc/apache2/envvars ++ unset HOME ++ '[' '' '!=' '' ']' ++ SUFFIX= ++ export APACHE_RUN_USER=www-data ++ APACHE_RUN_USER=www-data ++ export APACHE_RUN_GROUP=www-data ++ APACHE_RUN_GROUP=www-data ++ export APACHE_PID_FILE=/var/run/apache2/apache2.pid ++ APACHE_PID_FILE=/var/run/apache2/apache2.pid ++ export APACHE_RUN_DIR=/var/run/apache2 ++ APACHE_RUN_DIR=/var/run/apache2 ++ export APACHE_LOCK_DIR=/var/lock/apache2 ++ APACHE_LOCK_DIR=/var/lock/apache2 ++ export APACHE_LOG_DIR=/var/log/apache2 ++ APACHE_LOG_DIR=/var/log/apache2 ++ export LANG=C ++ LANG=C ++ export LANG + '[' -f /var/run/apache2/apache2.pid ']' + exec apache2 -DFOREGROUND AH00558: apache2: Could not reliably determine the server's fully qualified domain name, using 10.0.0.79. Set the 'ServerName' directive globally to suppress this message AH00558: apache2: Could not reliably determine the server's fully qualified domain name, using 10.0.0.79. Set the 'ServerName' directive globally to suppress this message
[Thu Jul 09 16:56:40.299244 2026] [mpm_event:notice] [pid 1:tid 140532371154816] AH00489: Apache/2.4.58 (Ubuntu) mod_wsgi/5.0.0 Python/3.12 configured -- resuming normal operations
[Thu Jul 09 16:56:40.299426 2026] [core:notice] [pid 1:tid 140532371154816] AH00094: Command line: 'apache2 -D FOREGROUND'
[Thu Jul 09 16:57:33.829733 2026] [wsgi:error] [pid 11:tid 140531733333696] /var/lib/openstack/lib/python3.12/site-packages/oslo_utils/importutils.py:77: EventletDeprecationWarning:
[Thu Jul 09 16:57:33.829786 2026] [wsgi:error] [pid 11:tid 140531733333696] Eventlet is deprecated. It is currently being maintained in bugfix mode, and
[Thu Jul 09 16:57:33.829788 2026] [wsgi:error] [pid 11:tid 140531733333696] we strongly recommend against using it for new projects.
[Thu Jul 09 16:57:33.829790 2026] [wsgi:error] [pid 11:tid 140531733333696]
[Thu Jul 09 16:57:33.829791 2026] [wsgi:error] [pid 11:tid 140531733333696] If you are already using Eventlet, we recommend migrating to a different
[Thu Jul 09 16:57:33.829792 2026] [wsgi:error] [pid 11:tid 140531733333696] framework. For more detail see
[Thu Jul 09 16:57:33.829793 2026] [wsgi:error] [pid 11:tid 140531733333696] https://eventlet.readthedocs.io/en/latest/asyncio/migration.html
[Thu Jul 09 16:57:33.829794 2026] [wsgi:error] [pid 11:tid 140531733333696]
[Thu Jul 09 16:57:33.829795 2026] [wsgi:error] [pid 11:tid 140531733333696] __import__(import_str)
[Thu Jul 09 16:57:33.852540 2026] [wsgi:error] [pid 9:tid 140531733333696] /var/lib/openstack/lib/python3.12/site-packages/oslo_utils/importutils.py:77: EventletDeprecationWarning:
[Thu Jul 09 16:57:33.852595 2026] [wsgi:error] [pid 9:tid 140531733333696] Eventlet is deprecated. It is currently being maintained in bugfix mode, and
[Thu Jul 09 16:57:33.852597 2026] [wsgi:error] [pid 9:tid 140531733333696] we strongly recommend against using it for new projects.
[Thu Jul 09 16:57:33.852598 2026] [wsgi:error] [pid 9:tid 140531733333696]
[Thu Jul 09 16:57:33.852599 2026] [wsgi:error] [pid 9:tid 140531733333696] If you are already using Eventlet, we recommend migrating to a different
[Thu Jul 09 16:57:33.852601 2026] [wsgi:error] [pid 9:tid 140531733333696] framework. For more detail see
[Thu Jul 09 16:57:33.852602 2026] [wsgi:error] [pid 9:tid 140531733333696] https://eventlet.readthedocs.io/en/latest/asyncio/migration.html
[Thu Jul 09 16:57:33.852603 2026] [wsgi:error] [pid 9:tid 140531733333696]
[Thu Jul 09 16:57:33.852604 2026] [wsgi:error] [pid 9:tid 140531733333696] __import__(import_str) 10.0.0.67 - - [09/Jul/2026:16:57:32 +0000] "GET /v3/ HTTP/1.1" 200 249 10.0.0.67 - - [09/Jul/2026:16:57:32 +0000] "GET /v3/ HTTP/1.1" 200 249
[Thu Jul 09 16:57:39.894252 2026] [wsgi:error] [pid 12:tid 140531733333696] /var/lib/openstack/lib/python3.12/site-packages/oslo_utils/importutils.py:77: EventletDeprecationWarning:
[Thu Jul 09 16:57:39.894444 2026] [wsgi:error] [pid 12:tid 140531733333696] Eventlet is deprecated. It is currently being maintained in bugfix mode, and
[Thu Jul 09 16:57:39.894446 2026] [wsgi:error] [pid 12:tid 140531733333696] we strongly recommend against using it for new projects.
[Thu Jul 09 16:57:39.894448 2026] [wsgi:error] [pid 12:tid 140531733333696]
[Thu Jul 09 16:57:39.894450 2026] [wsgi:error] [pid 12:tid 140531733333696] If you are already using Eventlet, we recommend migrating to a different
[Thu Jul 09 16:57:39.894451 2026] [wsgi:error] [pid 12:tid 140531733333696] framework. For more detail see
[Thu Jul 09 16:57:39.894453 2026] [wsgi:error] [pid 12:tid 140531733333696] https://eventlet.readthedocs.io/en/latest/asyncio/migration.html
[Thu Jul 09 16:57:39.894455 2026] [wsgi:error] [pid 12:tid 140531733333696]
[Thu Jul 09 16:57:39.894457 2026] [wsgi:error] [pid 12:tid 140531733333696] __import__(import_str) 10.0.0.67 - - [09/Jul/2026:16:57:38 +0000] "GET /v3/ HTTP/1.1" 200 249
[Thu Jul 09 16:57:46.855131 2026] [wsgi:error] [pid 10:tid 140531733333696] /var/lib/openstack/lib/python3.12/site-packages/oslo_utils/importutils.py:77: EventletDeprecationWarning:
[Thu Jul 09 16:57:46.855183 2026] [wsgi:error] [pid 10:tid 140531733333696] Eventlet is deprecated. It is currently being maintained in bugfix mode, and
[Thu Jul 09 16:57:46.855184 2026] [wsgi:error] [pid 10:tid 140531733333696] we strongly recommend against using it for new projects.
[Thu Jul 09 16:57:46.855186 2026] [wsgi:error] [pid 10:tid 140531733333696]
[Thu Jul 09 16:57:46.855187 2026] [wsgi:error] [pid 10:tid 140531733333696] If you are already using Eventlet, we recommend migrating to a different
[Thu Jul 09 16:57:46.855188 2026] [wsgi:error] [pid 10:tid 140531733333696] framework. For more detail see
[Thu Jul 09 16:57:46.855189 2026] [wsgi:error] [pid 10:tid 140531733333696] https://eventlet.readthedocs.io/en/latest/asyncio/migration.html
[Thu Jul 09 16:57:46.855190 2026] [wsgi:error] [pid 10:tid 140531733333696]
[Thu Jul 09 16:57:46.855191 2026] [wsgi:error] [pid 10:tid 140531733333696] __import__(import_str) 10.0.0.173 - - [09/Jul/2026:16:57:45 +0000] "GET / HTTP/1.1" 300 295
[Thu Jul 09 16:57:52.049033 2026] [wsgi:error] [pid 11:tid 140531733333696] [remote 10.0.0.173:56440] 2026-07-09 16:57:52.046 11 WARNING keystone.identity.core [None req-fffd9540-ac79-4355-b19b-c1a538354d2b - - - - - -] Invalid domain name (atmosphere) found in config file name: keystone.exception.DomainNotFound: Could not find domain: atmosphere.
[Thu Jul 09 16:57:52.112155 2026] [wsgi:error] [pid 11:tid 140531733333696] [remote 10.0.0.173:56440] 2026-07-09 16:57:52.111 11 WARNING keystone.common.password_hashing [None req-fffd9540-ac79-4355-b19b-c1a538354d2b - - - - - -] Truncating password to algorithm specific maximum length 72 characters.
[Thu Jul 09 16:57:52.417649 2026] [wsgi:error] [pid 11:tid 140531733333696] [remote 10.0.0.173:56440] 2026-07-09 16:57:52.417 11 WARNING keystone.common.fernet_utils [None req-fffd9540-ac79-4355-b19b-c1a538354d2b - - - - - -] key_repository is world readable: /etc/keystone/fernet-keys/ 10.0.0.173 - - [09/Jul/2026:16:57:51 +0000] "POST /v3/auth/tokens HTTP/1.1" 201 1359
[Thu Jul 09 16:57:52.864538 2026] [wsgi:error] [pid 9:tid 140531733333696] [remote 10.0.0.173:56440] 2026-07-09 16:57:52.858 9 WARNING keystone.identity.core [None req-884350a0-16f0-44cc-b9e4-9b9ac52e3829 - - - - - -] Invalid domain name (atmosphere) found in config file name: keystone.exception.DomainNotFound: Could not find domain: atmosphere. 10.0.0.173 - - [09/Jul/2026:16:57:52 +0000] "POST /v3/domains HTTP/1.1" 201 261 10.0.0.136 - - [09/Jul/2026:16:58:06 +0000] "GET / HTTP/1.1" 300 295
[Thu Jul 09 16:58:06.672252 2026] [wsgi:error] [pid 10:tid 140531733333696] [remote 10.0.0.136:43294] 2026-07-09 16:58:06.671 10 WARNING keystone.common.password_hashing [None req-29bce3ff-fa59-4204-8026-f5d632462b37 - - - - - -] Truncating password to algorithm specific maximum length 72 characters.
[Thu Jul 09 16:58:06.955017 2026] [wsgi:error] [pid 10:tid 140531733333696] [remote 10.0.0.136:43294] 2026-07-09 16:58:06.954 10 WARNING keystone.common.fernet_utils [None req-29bce3ff-fa59-4204-8026-f5d632462b37 - - - - - -] key_repository is world readable: /etc/keystone/fernet-keys/ 10.0.0.136 - - [09/Jul/2026:16:58:06 +0000] "POST /v3/auth/tokens HTTP/1.1" 201 1359 10.0.0.136 - - [09/Jul/2026:16:58:07 +0000] "GET /v3/roles/admin HTTP/1.1" 404 83
[Thu Jul 09 16:58:07.265866 2026] [wsgi:error] [pid 9:tid 140531733333696] [remote 10.0.0.136:43294] 2026-07-09 16:58:07.265 9 WARNING keystone.common.rbac_enforcer.enforcer [None req-9b497ba9-a60b-4e79-be23-4ec47724f1cb 23422d7a98684b749f9ee19f0cfd7758 d4b81ac989b34c56a430b56e9db6c22d - - default default] Deprecated policy rules found. Use oslopolicy-policy-generator and oslopolicy-policy-upgrade to detect and resolve deprecated policies in your configuration. 10.0.0.136 - - [09/Jul/2026:16:58:07 +0000] "GET /v3/roles?name=admin HTTP/1.1" 200 389
[Thu Jul 09 16:58:07.836563 2026] [wsgi:error] [pid 12:tid 140531733333696] [remote 10.0.0.136:43294] 2026-07-09 16:58:07.836 12 WARNING keystone.common.rbac_enforcer.enforcer [None req-56d94c9f-790e-4432-9cb2-87b4d907f771 23422d7a98684b749f9ee19f0cfd7758 d4b81ac989b34c56a430b56e9db6c22d - - default default] Deprecated policy rules found. Use oslopolicy-policy-generator and oslopolicy-policy-upgrade to detect and resolve deprecated policies in your configuration. 10.0.0.136 - - [09/Jul/2026:16:58:07 +0000] "GET /v3/users/admin-RegionOne HTTP/1.1" 404 93
[Thu Jul 09 16:58:08.029074 2026] [wsgi:error] [pid 10:tid 140531733333696] [remote 10.0.0.136:43294] 2026-07-09 16:58:08.028 10 WARNING keystone.common.rbac_enforcer.enforcer [None req-264fbfcd-38f8-4abc-a413-7f87dcb2f528 23422d7a98684b749f9ee19f0cfd7758 d4b81ac989b34c56a430b56e9db6c22d - - default default] Deprecated policy rules found. Use oslopolicy-policy-generator and oslopolicy-policy-upgrade to detect and resolve deprecated policies in your configuration. 10.0.0.136 - - [09/Jul/2026:16:58:07 +0000] "GET /v3/users?name=admin-RegionOne HTTP/1.1" 200 422
[Thu Jul 09 16:58:08.318227 2026] [wsgi:error] [pid 11:tid 140531733333696] [remote 10.0.0.136:43294] 2026-07-09 16:58:08.317 11 WARNING keystone.common.rbac_enforcer.enforcer [None req-baebd0bb-7a45-4e01-8e4c-c68ed6aaf5d1 23422d7a98684b749f9ee19f0cfd7758 d4b81ac989b34c56a430b56e9db6c22d - - default default] Deprecated policy rules found. Use oslopolicy-policy-generator and oslopolicy-policy-upgrade to detect and resolve deprecated policies in your configuration. 10.0.0.136 - - [09/Jul/2026:16:58:08 +0000] "GET /v3/domains/default HTTP/1.1" 200 224 10.0.0.136 - - [09/Jul/2026:16:58:08 +0000] "PUT /v3/domains/default/users/23422d7a98684b749f9ee19f0cfd7758/roles/a2c210417f1a4f01ab9639e827af2a40 HTTP/1.1" 204 - 10.0.0.67 - - [09/Jul/2026:16:58:18 +0000] "GET / HTTP/1.1" 300 280 10.0.0.67 - - [09/Jul/2026:16:58:20 +0000] "GET /v3 HTTP/1.1" 200 265
[Thu Jul 09 16:58:20.978002 2026] [wsgi:error] [pid 11:tid 140531733333696] [remote 10.0.0.67:52888] 2026-07-09 16:58:20.977 11 WARNING keystone.common.password_hashing [None req-8a466de0-f0c8-472d-8852-2b5e22a30396 - - - - - -] Truncating password to algorithm specific maximum length 72 characters.
[Thu Jul 09 16:58:21.256059 2026] [wsgi:error] [pid 11:tid 140531733333696] [remote 10.0.0.67:52888] 2026-07-09 16:58:21.255 11 WARNING keystone.common.fernet_utils [None req-8a466de0-f0c8-472d-8852-2b5e22a30396 - - - - - -] key_repository is world readable: /etc/keystone/fernet-keys/ 10.0.0.67 - - [09/Jul/2026:16:58:20 +0000] "POST /v3/auth/tokens HTTP/1.1" 201 1359 10.0.0.67 - - [09/Jul/2026:16:58:21 +0000] "GET / HTTP/1.1" 300 280 10.0.0.67 - - [09/Jul/2026:16:58:21 +0000] "GET /v3/domains/atmosphere HTTP/1.1" 404 90 10.0.0.67 - - [09/Jul/2026:16:58:21 +0000] "GET /v3/domains?name=atmosphere HTTP/1.1" 200 368 10.0.0.67 - - [09/Jul/2026:16:58:21 +0000] "GET /v3/domains/2b175c65491f4d6cbc5c3ac795afae11 HTTP/1.1" 200 246 10.0.0.67 - - [09/Jul/2026:16:58:22 +0000] "GET /v3 HTTP/1.1" 200 265
[Thu Jul 09 16:58:22.648864 2026] [wsgi:error] [pid 12:tid 140531733333696] [remote 10.0.0.67:39798] 2026-07-09 16:58:22.648 12 WARNING keystone.common.password_hashing [None req-f891bfd6-62ce-4c57-b4bf-632a249e476c - - - - - -] Truncating password to algorithm specific maximum length 72 characters.
[Thu Jul 09 16:58:22.952869 2026] [wsgi:error] [pid 12:tid 140531733333696] [remote 10.0.0.67:39798] 2026-07-09 16:58:22.952 12 WARNING keystone.common.fernet_utils [None req-f891bfd6-62ce-4c57-b4bf-632a249e476c - - - - - -] key_repository is world readable: /etc/keystone/fernet-keys/ 10.0.0.67 - - [09/Jul/2026:16:58:22 +0000] "POST /v3/auth/tokens HTTP/1.1" 201 1359 10.0.0.67 - - [09/Jul/2026:16:58:22 +0000] "GET / HTTP/1.1" 300 280 10.0.0.67 - - [09/Jul/2026:16:58:22 +0000] "GET /v3/OS-FEDERATION/identity_providers/atmosphere HTTP/1.1" 404 101 10.0.0.67 - - [09/Jul/2026:16:58:23 +0000] "GET /v3/OS-FEDERATION/identity_providers HTTP/1.1" 200 155 10.0.0.67 - - [09/Jul/2026:16:58:23 +0000] "PUT /v3/OS-FEDERATION/identity_providers/atmosphere HTTP/1.1" 201 340 10.0.0.67 - - [09/Jul/2026:16:58:23 +0000] "GET /v3 HTTP/1.1" 200 265
[Thu Jul 09 16:58:23.877029 2026] [wsgi:error] [pid 11:tid 140531733333696] [remote 10.0.0.67:39798] 2026-07-09 16:58:23.876 11 WARNING keystone.common.password_hashing [None req-2467ec3f-a769-4281-9d0d-50d7af172b01 - - - - - -] Truncating password to algorithm specific maximum length 72 characters.
[Thu Jul 09 16:58:24.157286 2026] [wsgi:error] [pid 11:tid 140531733333696] [remote 10.0.0.67:39798] 2026-07-09 16:58:24.157 11 WARNING keystone.common.fernet_utils [None req-2467ec3f-a769-4281-9d0d-50d7af172b01 - - - - - -] key_repository is world readable: /etc/keystone/fernet-keys/ 10.0.0.67 - - [09/Jul/2026:16:58:23 +0000] "POST /v3/auth/tokens HTTP/1.1" 201 1359 10.0.0.67 - - [09/Jul/2026:16:58:24 +0000] "GET / HTTP/1.1" 300 280 10.0.0.67 - - [09/Jul/2026:16:58:24 +0000] "GET /v3/OS-FEDERATION/mappings/atmosphere-openid HTTP/1.1" 404 98 10.0.0.67 - - [09/Jul/2026:16:58:24 +0000] "GET /v3/OS-FEDERATION/mappings HTTP/1.1" 200 135 10.0.0.67 - - [09/Jul/2026:16:58:24 +0000] "PUT /v3/OS-FEDERATION/mappings/atmosphere-openid HTTP/1.1" 201 356 10.0.0.67 - - [09/Jul/2026:16:58:24 +0000] "GET /v3 HTTP/1.1" 200 265
[Thu Jul 09 16:58:24.973916 2026] [wsgi:error] [pid 12:tid 140531733333696] [remote 10.0.0.67:52888] 2026-07-09 16:58:24.973 12 WARNING keystone.common.password_hashing [None req-6419e0cb-12ba-4228-a513-03a62455d1ad - - - - - -] Truncating password to algorithm specific maximum length 72 characters.
[Thu Jul 09 16:58:25.258116 2026] [wsgi:error] [pid 12:tid 140531733333696] [remote 10.0.0.67:52888] 2026-07-09 16:58:25.257 12 WARNING keystone.common.fernet_utils [None req-6419e0cb-12ba-4228-a513-03a62455d1ad - - - - - -] key_repository is world readable: /etc/keystone/fernet-keys/ 10.0.0.67 - - [09/Jul/2026:16:58:24 +0000] "POST /v3/auth/tokens HTTP/1.1" 201 1359 10.0.0.67 - - [09/Jul/2026:16:58:25 +0000] "GET / HTTP/1.1" 300 280 10.0.0.67 - - [09/Jul/2026:16:58:25 +0000] "GET /v3/OS-FEDERATION/identity_providers/atmosphere/protocols/openid?idp_id=atmosphere HTTP/1.1" 404 131 10.0.0.67 - - [09/Jul/2026:16:58:25 +0000] "GET /v3/OS-FEDERATION/identity_providers/atmosphere/protocols HTTP/1.1" 200 167 10.0.0.67 - - [09/Jul/2026:16:58:25 +0000] "PUT /v3/OS-FEDERATION/identity_providers/atmosphere/protocols/openid HTTP/1.1" 201 222 10.0.0.67 - - [09/Jul/2026:16:58:32 +0000] "GET /v3/ HTTP/1.1" 200 249 10.0.0.67 - - [09/Jul/2026:16:58:32 +0000] "GET /v3/ HTTP/1.1" 200 249 10.0.0.67 - - [09/Jul/2026:16:59:32 +0000] "GET /v3/ HTTP/1.1" 200 249 10.0.0.67 - - [09/Jul/2026:16:59:32 +0000] "GET /v3/ HTTP/1.1" 200 249 10.0.0.94 - - [09/Jul/2026:16:59:56 +0000] "GET / HTTP/1.1" 300 295
[Thu Jul 09 16:59:56.285583 2026] [wsgi:error] [pid 10:tid 140531733333696] [remote 10.0.0.94:44734] 2026-07-09 16:59:56.285 10 WARNING keystone.common.password_hashing [None req-018774be-581b-401f-ab69-0d2ce9caad1a - - - - - -] Truncating password to algorithm specific maximum length 72 characters.
[Thu Jul 09 16:59:56.590524 2026] [wsgi:error] [pid 10:tid 140531733333696] [remote 10.0.0.94:44734] 2026-07-09 16:59:56.590 10 WARNING keystone.common.fernet_utils [None req-018774be-581b-401f-ab69-0d2ce9caad1a - - - - - -] key_repository is world readable: /etc/keystone/fernet-keys/ 10.0.0.94 - - [09/Jul/2026:16:59:56 +0000] "POST /v3/auth/tokens HTTP/1.1" 201 1359 10.0.0.94 - - [09/Jul/2026:16:59:56 +0000] "GET /v3/services HTTP/1.1" 200 355 10.0.0.94 - - [09/Jul/2026:17:00:00 +0000] "GET / HTTP/1.1" 300 295
[Thu Jul 09 17:00:00.839876 2026] [wsgi:error] [pid 11:tid 140531733333696] [remote 10.0.0.94:34966] 2026-07-09 17:00:00.839 11 WARNING keystone.common.password_hashing [None req-59bba2e0-c6f0-493a-bbb4-84cbc927f7fc - - - - - -] Truncating password to algorithm specific maximum length 72 characters.
[Thu Jul 09 17:00:01.122148 2026] [wsgi:error] [pid 11:tid 140531733333696] [remote 10.0.0.94:34966] 2026-07-09 17:00:01.121 11 WARNING keystone.common.fernet_utils [None req-59bba2e0-c6f0-493a-bbb4-84cbc927f7fc - - - - - -] key_repository is world readable: /etc/keystone/fernet-keys/ 10.0.0.94 - - [09/Jul/2026:17:00:00 +0000] "POST /v3/auth/tokens HTTP/1.1" 201 1359 10.0.0.94 - - [09/Jul/2026:17:00:01 +0000] "GET /v3/services HTTP/1.1" 200 355 10.0.0.94 - - [09/Jul/2026:17:00:05 +0000] "GET / HTTP/1.1" 300 295
[Thu Jul 09 17:00:05.299291 2026] [wsgi:error] [pid 9:tid 140531733333696] [remote 10.0.0.94:34976] 2026-07-09 17:00:05.298 9 WARNING keystone.common.password_hashing [None req-09f557ef-1794-425a-b722-44b17e7c4986 - - - - - -] Truncating password to algorithm specific maximum length 72 characters.
[Thu Jul 09 17:00:05.617851 2026] [wsgi:error] [pid 9:tid 140531733333696] [remote 10.0.0.94:34976] 2026-07-09 17:00:05.617 9 WARNING keystone.common.fernet_utils [None req-09f557ef-1794-425a-b722-44b17e7c4986 - - - - - -] key_repository is world readable: /etc/keystone/fernet-keys/ 10.0.0.94 - - [09/Jul/2026:17:00:05 +0000] "POST /v3/auth/tokens HTTP/1.1" 201 1359 10.0.0.94 - - [09/Jul/2026:17:00:05 +0000] "GET /v3/services HTTP/1.1" 200 355 10.0.0.94 - - [09/Jul/2026:17:00:09 +0000] "GET / HTTP/1.1" 300 295
[Thu Jul 09 17:00:09.611786 2026] [wsgi:error] [pid 12:tid 140531733333696] [remote 10.0.0.94:34992] 2026-07-09 17:00:09.611 12 WARNING keystone.common.password_hashing [None req-23826ce0-d470-4324-a995-2063e10673be - - - - - -] Truncating password to algorithm specific maximum length 72 characters.
[Thu Jul 09 17:00:09.891703 2026] [wsgi:error] [pid 12:tid 140531733333696] [remote 10.0.0.94:34992] 2026-07-09 17:00:09.891 12 WARNING keystone.common.fernet_utils [None req-23826ce0-d470-4324-a995-2063e10673be - - - - - -] key_repository is world readable: /etc/keystone/fernet-keys/ 10.0.0.94 - - [09/Jul/2026:17:00:09 +0000] "POST /v3/auth/tokens HTTP/1.1" 201 1359 10.0.0.94 - - [09/Jul/2026:17:00:10 +0000] "POST /v3/services HTTP/1.1" 201 296 10.0.0.88 - - [09/Jul/2026:17:00:22 +0000] "GET / HTTP/1.1" 300 295
[Thu Jul 09 17:00:22.726338 2026] [wsgi:error] [pid 10:tid 140531733333696] [remote 10.0.0.88:58788] 2026-07-09 17:00:22.725 10 WARNING keystone.common.password_hashing [None req-d9291295-ca6f-4c5d-b1ee-449286d1d8be - - - - - -] Truncating password to algorithm specific maximum length 72 characters. 10.0.0.88 - - [09/Jul/2026:17:00:22 +0000] "GET / HTTP/1.1" 300 295
[Thu Jul 09 17:00:22.811078 2026] [wsgi:error] [pid 9:tid 140531733333696] [remote 10.0.0.88:58802] 2026-07-09 17:00:22.810 9 WARNING keystone.common.password_hashing [None req-e6953704-507a-4ea1-86d9-39b65a8a0c77 - - - - - -] Truncating password to algorithm specific maximum length 72 characters.
[Thu Jul 09 17:00:23.002216 2026] [wsgi:error] [pid 10:tid 140531733333696] [remote 10.0.0.88:58788] 2026-07-09 17:00:23.002 10 WARNING keystone.common.fernet_utils [None req-d9291295-ca6f-4c5d-b1ee-449286d1d8be - - - - - -] key_repository is world readable: /etc/keystone/fernet-keys/ 10.0.0.88 - - [09/Jul/2026:17:00:22 +0000] "POST /v3/auth/tokens HTTP/1.1" 201 1463 10.0.0.88 - - [09/Jul/2026:17:00:23 +0000] "GET / HTTP/1.1" 300 295
[Thu Jul 09 17:00:23.098765 2026] [wsgi:error] [pid 9:tid 140531733333696] [remote 10.0.0.88:58802] 2026-07-09 17:00:23.098 9 WARNING keystone.common.fernet_utils [None req-e6953704-507a-4ea1-86d9-39b65a8a0c77 - - - - - -] key_repository is world readable: /etc/keystone/fernet-keys/
[Thu Jul 09 17:00:23.099295 2026] [wsgi:error] [pid 12:tid 140531733333696] [remote 10.0.0.88:58806] 2026-07-09 17:00:23.099 12 WARNING keystone.common.password_hashing [None req-aeca5f36-faca-4453-a134-c12677ab91bc - - - - - -] Truncating password to algorithm specific maximum length 72 characters. 10.0.0.88 - - [09/Jul/2026:17:00:22 +0000] "POST /v3/auth/tokens HTTP/1.1" 201 1463 10.0.0.88 - - [09/Jul/2026:17:00:23 +0000] "GET /v3/services HTTP/1.1" 200 639 10.0.0.88 - - [09/Jul/2026:17:00:23 +0000] "GET /v3/services HTTP/1.1" 200 639
[Thu Jul 09 17:00:23.382332 2026] [wsgi:error] [pid 12:tid 140531733333696] [remote 10.0.0.88:58806] 2026-07-09 17:00:23.382 12 WARNING keystone.common.fernet_utils [None req-aeca5f36-faca-4453-a134-c12677ab91bc - - - - - -] key_repository is world readable: /etc/keystone/fernet-keys/ 10.0.0.88 - - [09/Jul/2026:17:00:23 +0000] "POST /v3/auth/tokens HTTP/1.1" 201 1463 10.0.0.88 - - [09/Jul/2026:17:00:23 +0000] "GET /v3/services HTTP/1.1" 200 639 10.0.0.88 - - [09/Jul/2026:17:00:25 +0000] "GET / HTTP/1.1" 300 295
[Thu Jul 09 17:00:25.219404 2026] [wsgi:error] [pid 11:tid 140531733333696] [remote 10.0.0.88:58818] 2026-07-09 17:00:25.219 11 WARNING keystone.common.password_hashing [None req-31cc6263-2796-4ed1-bd3e-4a1d35bfb19d - - - - - -] Truncating password to algorithm specific maximum length 72 characters. 10.0.0.88 - - [09/Jul/2026:17:00:25 +0000] "GET / HTTP/1.1" 300 295
[Thu Jul 09 17:00:25.426246 2026] [wsgi:error] [pid 9:tid 140531733333696] [remote 10.0.0.88:58828] 2026-07-09 17:00:25.426 9 WARNING keystone.common.password_hashing [None req-ff831b51-46ff-41c9-a020-3a4e0df2deff - - - - - -] Truncating password to algorithm specific maximum length 72 characters.
[Thu Jul 09 17:00:25.510457 2026] [wsgi:error] [pid 11:tid 140531733333696] [remote 10.0.0.88:58818] 2026-07-09 17:00:25.510 11 WARNING keystone.common.fernet_utils [None req-31cc6263-2796-4ed1-bd3e-4a1d35bfb19d - - - - - -] key_repository is world readable: /etc/keystone/fernet-keys/ 10.0.0.88 - - [09/Jul/2026:17:00:25 +0000] "GET / HTTP/1.1" 300 295 10.0.0.88 - - [09/Jul/2026:17:00:25 +0000] "POST /v3/auth/tokens HTTP/1.1" 201 1463
[Thu Jul 09 17:00:25.540659 2026] [wsgi:error] [pid 12:tid 140531733333696] [remote 10.0.0.88:58834] 2026-07-09 17:00:25.540 12 WARNING keystone.common.password_hashing [None req-50be776c-61f0-408f-ac3f-c42df83cf2a2 - - - - - -] Truncating password to algorithm specific maximum length 72 characters. 10.0.0.88 - - [09/Jul/2026:17:00:25 +0000] "GET /v3/endpoints HTTP/1.1" 200 1226 10.0.0.88 - - [09/Jul/2026:17:00:25 +0000] "GET /v3/services/f3fc3565928a4ea0849ab53e4153799c HTTP/1.1" 200 233
[Thu Jul 09 17:00:25.716152 2026] [wsgi:error] [pid 9:tid 140531733333696] [remote 10.0.0.88:58828] 2026-07-09 17:00:25.715 9 WARNING keystone.common.fernet_utils [None req-ff831b51-46ff-41c9-a020-3a4e0df2deff - - - - - -] key_repository is world readable: /etc/keystone/fernet-keys/ 10.0.0.88 - - [09/Jul/2026:17:00:25 +0000] "POST /v3/auth/tokens HTTP/1.1" 201 1463 10.0.0.88 - - [09/Jul/2026:17:00:25 +0000] "GET /v3/services/f3fc3565928a4ea0849ab53e4153799c HTTP/1.1" 200 233 10.0.0.88 - - [09/Jul/2026:17:00:25 +0000] "GET /v3/services/f3fc3565928a4ea0849ab53e4153799c HTTP/1.1" 200 233
[Thu Jul 09 17:00:25.856934 2026] [wsgi:error] [pid 12:tid 140531733333696] [remote 10.0.0.88:58834] 2026-07-09 17:00:25.856 12 WARNING keystone.common.fernet_utils [None req-50be776c-61f0-408f-ac3f-c42df83cf2a2 - - - - - -] key_repository is world readable: /etc/keystone/fernet-keys/ 10.0.0.88 - - [09/Jul/2026:17:00:25 +0000] "POST /v3/auth/tokens HTTP/1.1" 201 1463 10.0.0.88 - - [09/Jul/2026:17:00:25 +0000] "GET /v3/endpoints HTTP/1.1" 200 1226 10.0.0.88 - - [09/Jul/2026:17:00:25 +0000] "GET /v3/services/f3fc3565928a4ea0849ab53e4153799c HTTP/1.1" 200 233 10.0.0.88 - - [09/Jul/2026:17:00:25 +0000] "GET /v3/services/f3fc3565928a4ea0849ab53e4153799c HTTP/1.1" 200 233 10.0.0.88 - - [09/Jul/2026:17:00:25 +0000] "GET /v3/services/f3fc3565928a4ea0849ab53e4153799c HTTP/1.1" 200 233 10.0.0.88 - - [09/Jul/2026:17:00:25 +0000] "GET /v3/endpoints HTTP/1.1" 200 1226 10.0.0.88 - - [09/Jul/2026:17:00:26 +0000] "GET /v3/services/f3fc3565928a4ea0849ab53e4153799c HTTP/1.1" 200 233 10.0.0.88 - - [09/Jul/2026:17:00:26 +0000] "GET /v3/services/f3fc3565928a4ea0849ab53e4153799c HTTP/1.1" 200 233 10.0.0.88 - - [09/Jul/2026:17:00:26 +0000] "GET /v3/services/f3fc3565928a4ea0849ab53e4153799c HTTP/1.1" 200 233 10.0.0.88 - - [09/Jul/2026:17:00:27 +0000] "GET / HTTP/1.1" 300 295
[Thu Jul 09 17:00:27.670499 2026] [wsgi:error] [pid 10:tid 140531733333696] [remote 10.0.0.88:58838] 2026-07-09 17:00:27.670 10 WARNING keystone.common.password_hashing [None req-8be5cb47-0cb6-4427-95d9-0bb496620142 - - - - - -] Truncating password to algorithm specific maximum length 72 characters. 10.0.0.88 - - [09/Jul/2026:17:00:27 +0000] "GET / HTTP/1.1" 300 295
[Thu Jul 09 17:00:27.949819 2026] [wsgi:error] [pid 12:tid 140531733333696] [remote 10.0.0.88:58840] 2026-07-09 17:00:27.949 12 WARNING keystone.common.password_hashing [None req-2ea8731b-1308-471a-b1ab-83854d342c61 - - - - - -] Truncating password to algorithm specific maximum length 72 characters.
[Thu Jul 09 17:00:27.978333 2026] [wsgi:error] [pid 10:tid 140531733333696] [remote 10.0.0.88:58838] 2026-07-09 17:00:27.978 10 WARNING keystone.common.fernet_utils [None req-8be5cb47-0cb6-4427-95d9-0bb496620142 - - - - - -] key_repository is world readable: /etc/keystone/fernet-keys/ 10.0.0.88 - - [09/Jul/2026:17:00:27 +0000] "POST /v3/auth/tokens HTTP/1.1" 201 1463 10.0.0.88 - - [09/Jul/2026:17:00:28 +0000] "GET / HTTP/1.1" 300 295 10.0.0.88 - - [09/Jul/2026:17:00:28 +0000] "GET /v3/services/76029330f7254a84af93cc34ab6b2cac HTTP/1.1" 200 296
[Thu Jul 09 17:00:28.135679 2026] [wsgi:error] [pid 10:tid 140531733333696] [remote 10.0.0.88:58848] 2026-07-09 17:00:28.135 10 WARNING keystone.common.password_hashing [None req-36a161bc-456e-4755-9c3f-d03317671141 - - - - - -] Truncating password to algorithm specific maximum length 72 characters. 10.0.0.88 - - [09/Jul/2026:17:00:28 +0000] "GET /v3/regions/RegionOne HTTP/1.1" 200 173 10.0.0.88 - - [09/Jul/2026:17:00:28 +0000] "POST /v3/endpoints HTTP/1.1" 201 380
[Thu Jul 09 17:00:28.240859 2026] [wsgi:error] [pid 12:tid 140531733333696] [remote 10.0.0.88:58840] 2026-07-09 17:00:28.240 12 WARNING keystone.common.fernet_utils [None req-2ea8731b-1308-471a-b1ab-83854d342c61 - - - - - -] key_repository is world readable: /etc/keystone/fernet-keys/ 10.0.0.88 - - [09/Jul/2026:17:00:27 +0000] "POST /v3/auth/tokens HTTP/1.1" 201 1640 10.0.0.88 - - [09/Jul/2026:17:00:28 +0000] "GET /v3/services/76029330f7254a84af93cc34ab6b2cac HTTP/1.1" 200 296
[Thu Jul 09 17:00:28.414578 2026] [wsgi:error] [pid 10:tid 140531733333696] [remote 10.0.0.88:58848] 2026-07-09 17:00:28.414 10 WARNING keystone.common.fernet_utils [None req-36a161bc-456e-4755-9c3f-d03317671141 - - - - - -] key_repository is world readable: /etc/keystone/fernet-keys/ 10.0.0.88 - - [09/Jul/2026:17:00:28 +0000] "GET /v3/regions/RegionOne HTTP/1.1" 200 173 10.0.0.88 - - [09/Jul/2026:17:00:28 +0000] "POST /v3/auth/tokens HTTP/1.1" 201 1640 10.0.0.88 - - [09/Jul/2026:17:00:28 +0000] "GET /v3/services/76029330f7254a84af93cc34ab6b2cac HTTP/1.1" 200 296 10.0.0.88 - - [09/Jul/2026:17:00:28 +0000] "GET /v3/regions/RegionOne HTTP/1.1" 200 173 10.0.0.88 - - [09/Jul/2026:17:00:28 +0000] "POST /v3/endpoints HTTP/1.1" 201 383 10.0.0.88 - - [09/Jul/2026:17:00:28 +0000] "POST /v3/endpoints HTTP/1.1" 201 369 10.0.0.88 - - [09/Jul/2026:17:00:30 +0000] "GET / HTTP/1.1" 300 295
[Thu Jul 09 17:00:30.343177 2026] [wsgi:error] [pid 9:tid 140531733333696] [remote 10.0.0.88:49582] 2026-07-09 17:00:30.342 9 WARNING keystone.common.password_hashing [None req-34117ecd-5db0-4609-b5fa-931457cd251f - - - - - -] Truncating password to algorithm specific maximum length 72 characters.
[Thu Jul 09 17:00:30.644865 2026] [wsgi:error] [pid 9:tid 140531733333696] [remote 10.0.0.88:49582] 2026-07-09 17:00:30.644 9 WARNING keystone.common.fernet_utils [None req-34117ecd-5db0-4609-b5fa-931457cd251f - - - - - -] key_repository is world readable: /etc/keystone/fernet-keys/ 10.0.0.88 - - [09/Jul/2026:17:00:30 +0000] "POST /v3/auth/tokens HTTP/1.1" 201 1990 10.0.0.88 - - [09/Jul/2026:17:00:30 +0000] "GET / HTTP/1.1" 300 295
[Thu Jul 09 17:00:30.739109 2026] [wsgi:error] [pid 10:tid 140531733333696] [remote 10.0.0.88:49590] 2026-07-09 17:00:30.738 10 WARNING keystone.common.password_hashing [None req-b67cad7a-b7ef-4fd8-ab77-bc074d6e6c44 - - - - - -] Truncating password to algorithm specific maximum length 72 characters. 10.0.0.88 - - [09/Jul/2026:17:00:30 +0000] "GET /v3/endpoints/44df287ce33c496ab7ad35676b857e7d HTTP/1.1" 200 380 10.0.0.88 - - [09/Jul/2026:17:00:30 +0000] "GET /v3/services/76029330f7254a84af93cc34ab6b2cac HTTP/1.1" 200 296 10.0.0.88 - - [09/Jul/2026:17:00:30 +0000] "GET / HTTP/1.1" 300 295
[Thu Jul 09 17:00:30.890700 2026] [wsgi:error] [pid 11:tid 140531733333696] [remote 10.0.0.88:49596] 2026-07-09 17:00:30.890 11 WARNING keystone.common.password_hashing [None req-3de20d68-2386-49c4-bdb4-e3e8f8e717fd - - - - - -] Truncating password to algorithm specific maximum length 72 characters.
[Thu Jul 09 17:00:31.043921 2026] [wsgi:error] [pid 10:tid 140531733333696] [remote 10.0.0.88:49590] 2026-07-09 17:00:31.043 10 WARNING keystone.common.fernet_utils [None req-b67cad7a-b7ef-4fd8-ab77-bc074d6e6c44 - - - - - -] key_repository is world readable: /etc/keystone/fernet-keys/ 10.0.0.88 - - [09/Jul/2026:17:00:30 +0000] "POST /v3/auth/tokens HTTP/1.1" 201 1990
[Thu Jul 09 17:00:31.190069 2026] [wsgi:error] [pid 11:tid 140531733333696] [remote 10.0.0.88:49596] 2026-07-09 17:00:31.189 11 WARNING keystone.common.fernet_utils [None req-3de20d68-2386-49c4-bdb4-e3e8f8e717fd - - - - - -] key_repository is world readable: /etc/keystone/fernet-keys/ 10.0.0.88 - - [09/Jul/2026:17:00:31 +0000] "GET /v3/endpoints/8d39fcf1518c44e5b131c16acb0e6847 HTTP/1.1" 200 383 10.0.0.88 - - [09/Jul/2026:17:00:30 +0000] "POST /v3/auth/tokens HTTP/1.1" 201 1990 10.0.0.88 - - [09/Jul/2026:17:00:31 +0000] "GET /v3/services/76029330f7254a84af93cc34ab6b2cac HTTP/1.1" 200 296 10.0.0.88 - - [09/Jul/2026:17:00:31 +0000] "GET /v3/endpoints/41b836fbfe514b32b28b59b42f43cdd6 HTTP/1.1" 200 369 10.0.0.88 - - [09/Jul/2026:17:00:31 +0000] "GET /v3/services/76029330f7254a84af93cc34ab6b2cac HTTP/1.1" 200 296 10.0.0.67 - - [09/Jul/2026:17:00:32 +0000] "GET /v3/ HTTP/1.1" 200 249 10.0.0.67 - - [09/Jul/2026:17:00:32 +0000] "GET /v3/ HTTP/1.1" 200 249 10.0.0.117 - - [09/Jul/2026:17:00:44 +0000] "GET / HTTP/1.1" 300 295
[Thu Jul 09 17:00:44.848297 2026] [wsgi:error] [pid 9:tid 140531733333696] [remote 10.0.0.117:47268] 2026-07-09 17:00:44.847 9 WARNING keystone.common.password_hashing [None req-8a8b0763-deb5-4d4a-93ae-4393cbbd7266 - - - - - -] Truncating password to algorithm specific maximum length 72 characters.
[Thu Jul 09 17:00:45.167390 2026] [wsgi:error] [pid 9:tid 140531733333696] [remote 10.0.0.117:47268] 2026-07-09 17:00:45.167 9 WARNING keystone.common.fernet_utils [None req-8a8b0763-deb5-4d4a-93ae-4393cbbd7266 - - - - - -] key_repository is world readable: /etc/keystone/fernet-keys/ 10.0.0.117 - - [09/Jul/2026:17:00:44 +0000] "POST /v3/auth/tokens HTTP/1.1" 201 1990 10.0.0.117 - - [09/Jul/2026:17:00:45 +0000] "POST /v3/domains HTTP/1.1" 201 284 10.0.0.117 - - [09/Jul/2026:17:00:47 +0000] "GET / HTTP/1.1" 300 295
[Thu Jul 09 17:00:47.351512 2026] [wsgi:error] [pid 10:tid 140531733333696] [remote 10.0.0.117:47276] 2026-07-09 17:00:47.351 10 WARNING keystone.common.password_hashing [None req-15ca4238-7e4a-4448-83ac-c8aeba5f37cb - - - - - -] Truncating password to algorithm specific maximum length 72 characters.
[Thu Jul 09 17:00:47.645922 2026] [wsgi:error] [pid 10:tid 140531733333696] [remote 10.0.0.117:47276] 2026-07-09 17:00:47.645 10 WARNING keystone.common.fernet_utils [None req-15ca4238-7e4a-4448-83ac-c8aeba5f37cb - - - - - -] key_repository is world readable: /etc/keystone/fernet-keys/ 10.0.0.117 - - [09/Jul/2026:17:00:47 +0000] "POST /v3/auth/tokens HTTP/1.1" 201 1990
[Thu Jul 09 17:00:47.852693 2026] [wsgi:error] [pid 9:tid 140531733333696] [remote 10.0.0.117:47276] 2026-07-09 17:00:47.837 9 ERROR keystone.server.flask.application [None req-74a26b26-2d0f-4844-b994-b8141c09ffea 23422d7a98684b749f9ee19f0cfd7758 d4b81ac989b34c56a430b56e9db6c22d - - default default] Conflict occurred attempting to store project - it is not permitted to have two projects acting as domains with the same name: service.: keystone.exception.Conflict: Conflict occurred attempting to store project - it is not permitted to have two projects acting as domains with the same name: service.
[Thu Jul 09 17:00:47.852734 2026] [wsgi:error] [pid 9:tid 140531733333696] [remote 10.0.0.117:47276] 2026-07-09 17:00:47.837 9 ERROR keystone.server.flask.application
Traceback (most recent call last):
[Thu Jul 09 17:00:47.852737 2026] [wsgi:error] [pid 9:tid 140531733333696] [remote 10.0.0.117:47276] 2026-07-09 17:00:47.837 9 ERROR keystone.server.flask.application
File "/var/lib/openstack/lib/python3.12/site-packages/sqlalchemy/engine/base.py", line 1969, in _exec_single_context
[Thu Jul 09 17:00:47.852738 2026] [wsgi:error] [pid 9:tid 140531733333696] [remote 10.0.0.117:47276] 2026-07-09 17:00:47.837 9 ERROR keystone.server.flask.application self.dialect.do_execute(
[Thu Jul 09 17:00:47.852740 2026] [wsgi:error] [pid 9:tid 140531733333696] [remote 10.0.0.117:47276] 2026-07-09 17:00:47.837 9 ERROR keystone.server.flask.application
File "/var/lib/openstack/lib/python3.12/site-packages/sqlalchemy/engine/default.py", line 952, in do_execute
[Thu Jul 09 17:00:47.852742 2026] [wsgi:error] [pid 9:tid 140531733333696] [remote 10.0.0.117:47276] 2026-07-09 17:00:47.837 9 ERROR keystone.server.flask.application cursor.execute(statement, parameters)
[Thu Jul 09 17:00:47.852743 2026] [wsgi:error] [pid 9:tid 140531733333696] [remote 10.0.0.117:47276] 2026-07-09 17:00:47.837 9 ERROR keystone.server.flask.application
File "/var/lib/openstack/lib/python3.12/site-packages/pymysql/cursors.py", line 159, in execute
[Thu Jul 09 17:00:47.852745 2026] [wsgi:error] [pid 9:tid 140531733333696] [remote 10.0.0.117:47276] 2026-07-09 17:00:47.837 9 ERROR keystone.server.flask.application result = self._query(query)
[Thu Jul 09 17:00:47.852746 2026] [wsgi:error] [pid 9:tid 140531733333696] [remote 10.0.0.117:47276] 2026-07-09 17:00:47.837 9 ERROR keystone.server.flask.application ^^^^^^^^^^^^^^^^^^
[Thu Jul 09 17:00:47.852747 2026] [wsgi:error] [pid 9:tid 140531733333696] [remote 10.0.0.117:47276] 2026-07-09 17:00:47.837 9 ERROR keystone.server.flask.application
File "/var/lib/openstack/lib/python3.12/site-packages/pymysql/cursors.py", line 330, in _query
[Thu Jul 09 17:00:47.852749 2026] [wsgi:error] [pid 9:tid 140531733333696] [remote 10.0.0.117:47276] 2026-07-09 17:00:47.837 9 ERROR keystone.server.flask.application conn.query(q)
[Thu Jul 09 17:00:47.852750 2026] [wsgi:error] [pid 9:tid 140531733333696] [remote 10.0.0.117:47276] 2026-07-09 17:00:47.837 9 ERROR keystone.server.flask.application
File "/var/lib/openstack/lib/python3.12/site-packages/pymysql/connections.py", line 582, in query
[Thu Jul 09 17:00:47.852752 2026] [wsgi:error] [pid 9:tid 140531733333696] [remote 10.0.0.117:47276] 2026-07-09 17:00:47.837 9 ERROR keystone.server.flask.application self._affected_rows = self._read_query_result(unbuffered=unbuffered)
[Thu Jul 09 17:00:47.852753 2026] [wsgi:error] [pid 9:tid 140531733333696] [remote 10.0.0.117:47276] 2026-07-09 17:00:47.837 9 ERROR keystone.server.flask.application ^^^^^^^^^^^^^^^^^^^^^^^^^^^^^^^^^^^^^^^^^^^^^^
[Thu Jul 09 17:00:47.852755 2026] [wsgi:error] [pid 9:tid 140531733333696] [remote 10.0.0.117:47276] 2026-07-09 17:00:47.837 9 ERROR keystone.server.flask.application
File "/var/lib/openstack/lib/python3.12/site-packages/pymysql/connections.py", line 847, in _read_query_result
[Thu Jul 09 17:00:47.852756 2026] [wsgi:error] [pid 9:tid 140531733333696] [remote 10.0.0.117:47276] 2026-07-09 17:00:47.837 9 ERROR keystone.server.flask.application result.read()
[Thu Jul 09 17:00:47.852764 2026] [wsgi:error] [pid 9:tid 140531733333696] [remote 10.0.0.117:47276] 2026-07-09 17:00:47.837 9 ERROR keystone.server.flask.application
File "/var/lib/openstack/lib/python3.12/site-packages/pymysql/connections.py", line 1245, in read
[Thu Jul 09 17:00:47.852765 2026] [wsgi:error] [pid 9:tid 140531733333696] [remote 10.0.0.117:47276] 2026-07-09 17:00:47.837 9 ERROR keystone.server.flask.application first_packet = self.connection._read_packet()
[Thu Jul 09 17:00:47.852767 2026] [wsgi:error] [pid 9:tid 140531733333696] [remote 10.0.0.117:47276] 2026-07-09 17:00:47.837 9 ERROR keystone.server.flask.application ^^^^^^^^^^^^^^^^^^^^^^^^^^^^^^
[Thu Jul 09 17:00:47.852768 2026] [wsgi:error] [pid 9:tid 140531733333696] [remote 10.0.0.117:47276] 2026-07-09 17:00:47.837 9 ERROR keystone.server.flask.application
File "/var/lib/openstack/lib/python3.12/site-packages/pymysql/connections.py", line 803, in _read_packet
[Thu Jul 09 17:00:47.852769 2026] [wsgi:error] [pid 9:tid 140531733333696] [remote 10.0.0.117:47276] 2026-07-09 17:00:47.837 9 ERROR keystone.server.flask.application packet.raise_for_error()
[Thu Jul 09 17:00:47.852771 2026] [wsgi:error] [pid 9:tid 140531733333696] [remote 10.0.0.117:47276] 2026-07-09 17:00:47.837 9 ERROR keystone.server.flask.application
File "/var/lib/openstack/lib/python3.12/site-packages/pymysql/protocol.py", line 219, in raise_for_error
[Thu Jul 09 17:00:47.852772 2026] [wsgi:error] [pid 9:tid 140531733333696] [remote 10.0.0.117:47276] 2026-07-09 17:00:47.837 9 ERROR keystone.server.flask.application err.raise_mysql_exception(self._data)
[Thu Jul 09 17:00:47.852773 2026] [wsgi:error] [pid 9:tid 140531733333696] [remote 10.0.0.117:47276] 2026-07-09 17:00:47.837 9 ERROR keystone.server.flask.application
File "/var/lib/openstack/lib/python3.12/site-packages/pymysql/err.py", line 154, in raise_mysql_exception
[Thu Jul 09 17:00:47.852775 2026] [wsgi:error] [pid 9:tid 140531733333696] [remote 10.0.0.117:47276] 2026-07-09 17:00:47.837 9 ERROR keystone.server.flask.application raise errorclass(errno, errval, sqlstate=sqlstate)
[Thu Jul 09 17:00:47.852777 2026] [wsgi:error] [pid 9:tid 140531733333696] [remote 10.0.0.117:47276] 2026-07-09 17:00:47.837 9 ERROR keystone.server.flask.application pymysql.err.IntegrityError: (1062, "Duplicate entry '<>-service' for key 'project.ixu_project_name_domain_id'")
[Thu Jul 09 17:00:47.852779 2026] [wsgi:error] [pid 9:tid 140531733333696] [remote 10.0.0.117:47276] 2026-07-09 17:00:47.837 9 ERROR keystone.server.flask.application
[Thu Jul 09 17:00:47.852780 2026] [wsgi:error] [pid 9:tid 140531733333696] [remote 10.0.0.117:47276] 2026-07-09 17:00:47.837 9 ERROR keystone.server.flask.application The above exception was the direct cause of the following exception:
[Thu Jul 09 17:00:47.852782 2026] [wsgi:error] [pid 9:tid 140531733333696] [remote 10.0.0.117:47276] 2026-07-09 17:00:47.837 9 ERROR keystone.server.flask.application
[Thu Jul 09 17:00:47.852783 2026] [wsgi:error] [pid 9:tid 140531733333696] [remote 10.0.0.117:47276] 2026-07-09 17:00:47.837 9 ERROR keystone.server.flask.application
Traceback (most recent call last):
[Thu Jul 09 17:00:47.852784 2026] [wsgi:error] [pid 9:tid 140531733333696] [remote 10.0.0.117:47276] 2026-07-09 17:00:47.837 9 ERROR keystone.server.flask.application
File "/var/lib/openstack/lib/python3.12/site-packages/keystone/common/sql/core.py", line 575, in wrapper
[Thu Jul 09 17:00:47.852786 2026] [wsgi:error] [pid 9:tid 140531733333696] [remote 10.0.0.117:47276] 2026-07-09 17:00:47.837 9 ERROR keystone.server.flask.application return method(*args, **kwargs)
[Thu Jul 09 17:00:47.852787 2026] [wsgi:error] [pid 9:tid 140531733333696] [remote 10.0.0.117:47276] 2026-07-09 17:00:47.837 9 ERROR keystone.server.flask.application ^^^^^^^^^^^^^^^^^^^^^^^
[Thu Jul 09 17:00:47.852788 2026] [wsgi:error] [pid 9:tid 140531733333696] [remote 10.0.0.117:47276] 2026-07-09 17:00:47.837 9 ERROR keystone.server.flask.application
File "/var/lib/openstack/lib/python3.12/site-packages/keystone/resource/backends/sql.py", line 278, in create_project
[Thu Jul 09 17:00:47.852791 2026] [wsgi:error] [pid 9:tid 140531733333696] [remote 10.0.0.117:47276] 2026-07-09 17:00:47.837 9 ERROR keystone.server.flask.application with sql.session_for_write() as session:
[Thu Jul 09 17:00:47.852792 2026] [wsgi:error] [pid 9:tid 140531733333696] [remote 10.0.0.117:47276] 2026-07-09 17:00:47.837 9 ERROR keystone.server.flask.application
File "/usr/lib/python3.12/contextlib.py", line 144, in __exit__
[Thu Jul 09 17:00:47.852793 2026] [wsgi:error] [pid 9:tid 140531733333696] [remote 10.0.0.117:47276] 2026-07-09 17:00:47.837 9 ERROR keystone.server.flask.application next(self.gen)
[Thu Jul 09 17:00:47.852795 2026] [wsgi:error] [pid 9:tid 140531733333696] [remote 10.0.0.117:47276] 2026-07-09 17:00:47.837 9 ERROR keystone.server.flask.application
File "/var/lib/openstack/lib/python3.12/site-packages/oslo_db/sqlalchemy/enginefacade.py", line 1175, in _transaction_scope
[Thu Jul 09 17:00:47.852796 2026] [wsgi:error] [pid 9:tid 140531733333696] [remote 10.0.0.117:47276] 2026-07-09 17:00:47.837 9 ERROR keystone.server.flask.application with current._produce_block(
[Thu Jul 09 17:00:47.852797 2026] [wsgi:error] [pid 9:tid 140531733333696] [remote 10.0.0.117:47276] 2026-07-09 17:00:47.837 9 ERROR keystone.server.flask.application
File "/usr/lib/python3.12/contextlib.py", line 144, in __exit__
[Thu Jul 09 17:00:47.852799 2026] [wsgi:error] [pid 9:tid 140531733333696] [remote 10.0.0.117:47276] 2026-07-09 17:00:47.837 9 ERROR keystone.server.flask.application next(self.gen)
[Thu Jul 09 17:00:47.852800 2026] [wsgi:error] [pid 9:tid 140531733333696] [remote 10.0.0.117:47276] 2026-07-09 17:00:47.837 9 ERROR keystone.server.flask.application
File "/var/lib/openstack/lib/python3.12/site-packages/oslo_db/sqlalchemy/enginefacade.py", line 837, in _session
[Thu Jul 09 17:00:47.852802 2026] [wsgi:error] [pid 9:tid 140531733333696] [remote 10.0.0.117:47276] 2026-07-09 17:00:47.837 9 ERROR keystone.server.flask.application with excutils.save_and_reraise_exception():
[Thu Jul 09 17:00:47.852803 2026] [wsgi:error] [pid 9:tid 140531733333696] [remote 10.0.0.117:47276] 2026-07-09 17:00:47.837 9 ERROR keystone.server.flask.application
File "/var/lib/openstack/lib/python3.12/site-packages/oslo_utils/excutils.py", line 266, in __exit__
[Thu Jul 09 17:00:47.852804 2026] [wsgi:error] [pid 9:tid 140531733333696] [remote 10.0.0.117:47276] 2026-07-09 17:00:47.837 9 ERROR keystone.server.flask.application self.force_reraise()
[Thu Jul 09 17:00:47.852806 2026] [wsgi:error] [pid 9:tid 140531733333696] [remote 10.0.0.117:47276] 2026-07-09 17:00:47.837 9 ERROR keystone.server.flask.application
File "/var/lib/openstack/lib/python3.12/site-packages/oslo_utils/excutils.py", line 232, in force_reraise
[Thu Jul 09 17:00:47.852807 2026] [wsgi:error] [pid 9:tid 140531733333696] [remote 10.0.0.117:47276] 2026-07-09 17:00:47.837 9 ERROR keystone.server.flask.application raise self.value
[Thu Jul 09 17:00:47.852808 2026] [wsgi:error] [pid 9:tid 140531733333696] [remote 10.0.0.117:47276] 2026-07-09 17:00:47.837 9 ERROR keystone.server.flask.application
File "/var/lib/openstack/lib/python3.12/site-packages/oslo_db/sqlalchemy/enginefacade.py", line 835, in _session
[Thu Jul 09 17:00:47.852810 2026] [wsgi:error] [pid 9:tid 140531733333696] [remote 10.0.0.117:47276] 2026-07-09 17:00:47.837 9 ERROR keystone.server.flask.application self._end_session_transaction(self.session)
[Thu Jul 09 17:00:47.852811 2026] [wsgi:error] [pid 9:tid 140531733333696] [remote 10.0.0.117:47276] 2026-07-09 17:00:47.837 9 ERROR keystone.server.flask.application
File "/var/lib/openstack/lib/python3.12/site-packages/oslo_db/sqlalchemy/enginefacade.py", line 748, in _end_session_transaction
[Thu Jul 09 17:00:47.852813 2026] [wsgi:error] [pid 9:tid 140531733333696] [remote 10.0.0.117:47276] 2026-07-09 17:00:47.837 9 ERROR keystone.server.flask.application session.commit()
[Thu Jul 09 17:00:47.852815 2026] [wsgi:error] [pid 9:tid 140531733333696] [remote 10.0.0.117:47276] 2026-07-09 17:00:47.837 9 ERROR keystone.server.flask.application
File "/var/lib/openstack/lib/python3.12/site-packages/sqlalchemy/orm/session.py", line 2034, in commit
[Thu Jul 09 17:00:47.852816 2026] [wsgi:error] [pid 9:tid 140531733333696] [remote 10.0.0.117:47276] 2026-07-09 17:00:47.837 9 ERROR keystone.server.flask.application trans.commit(_to_root=True)
[Thu Jul 09 17:00:47.852835 2026] [wsgi:error] [pid 9:tid 140531733333696] [remote 10.0.0.117:47276] 2026-07-09 17:00:47.837 9 ERROR keystone.server.flask.application File "", line 2, in commit
[Thu Jul 09 17:00:47.852837 2026] [wsgi:error] [pid 9:tid 140531733333696] [remote 10.0.0.117:47276] 2026-07-09 17:00:47.837 9 ERROR keystone.server.flask.application
File "/var/lib/openstack/lib/python3.12/site-packages/sqlalchemy/orm/state_changes.py", line 137, in _go
[Thu Jul 09 17:00:47.852839 2026] [wsgi:error] [pid 9:tid 140531733333696] [remote 10.0.0.117:47276] 2026-07-09 17:00:47.837 9 ERROR keystone.server.flask.application ret_value = fn(self, *arg, **kw)
[Thu Jul 09 17:00:47.852840 2026] [wsgi:error] [pid 9:tid 140531733333696] [remote 10.0.0.117:47276] 2026-07-09 17:00:47.837 9 ERROR keystone.server.flask.application ^^^^^^^^^^^^^^^^^^^^
[Thu Jul 09 17:00:47.852842 2026] [wsgi:error] [pid 9:tid 140531733333696] [remote 10.0.0.117:47276] 2026-07-09 17:00:47.837 9 ERROR keystone.server.flask.application
File "/var/lib/openstack/lib/python3.12/site-packages/sqlalchemy/orm/session.py", line 1315, in commit
[Thu Jul 09 17:00:47.852844 2026] [wsgi:error] [pid 9:tid 140531733333696] [remote 10.0.0.117:47276] 2026-07-09 17:00:47.837 9 ERROR keystone.server.flask.application self._prepare_impl()
[Thu Jul 09 17:00:47.852845 2026] [wsgi:error] [pid 9:tid 140531733333696] [remote 10.0.0.117:47276] 2026-07-09 17:00:47.837 9 ERROR keystone.server.flask.application File "", line 2, in _prepare_impl
[Thu Jul 09 17:00:47.852847 2026] [wsgi:error] [pid 9:tid 140531733333696] [remote 10.0.0.117:47276] 2026-07-09 17:00:47.837 9 ERROR keystone.server.flask.application
File "/var/lib/openstack/lib/python3.12/site-packages/sqlalchemy/orm/state_changes.py", line 137, in _go
[Thu Jul 09 17:00:47.852848 2026] [wsgi:error] [pid 9:tid 140531733333696] [remote 10.0.0.117:47276] 2026-07-09 17:00:47.837 9 ERROR keystone.server.flask.application ret_value = fn(self, *arg, **kw)
[Thu Jul 09 17:00:47.852850 2026] [wsgi:error] [pid 9:tid 140531733333696] [remote 10.0.0.117:47276] 2026-07-09 17:00:47.837 9 ERROR keystone.server.flask.application ^^^^^^^^^^^^^^^^^^^^
[Thu Jul 09 17:00:47.852852 2026] [wsgi:error] [pid 9:tid 140531733333696] [remote 10.0.0.117:47276] 2026-07-09 17:00:47.837 9 ERROR keystone.server.flask.application
File "/var/lib/openstack/lib/python3.12/site-packages/sqlalchemy/orm/session.py", line 1290, in _prepare_impl
[Thu Jul 09 17:00:47.852853 2026] [wsgi:error] [pid 9:tid 140531733333696] [remote 10.0.0.117:47276] 2026-07-09 17:00:47.837 9 ERROR keystone.server.flask.application self.session.flush()
[Thu Jul 09 17:00:47.852855 2026] [wsgi:error] [pid 9:tid 140531733333696] [remote 10.0.0.117:47276] 2026-07-09 17:00:47.837 9 ERROR keystone.server.flask.application
File "/var/lib/openstack/lib/python3.12/site-packages/sqlalchemy/orm/session.py", line 4352, in flush
[Thu Jul 09 17:00:47.852857 2026] [wsgi:error] [pid 9:tid 140531733333696] [remote 10.0.0.117:47276] 2026-07-09 17:00:47.837 9 ERROR keystone.server.flask.application self._flush(objects)
[Thu Jul 09 17:00:47.852858 2026] [wsgi:error] [pid 9:tid 140531733333696] [remote 10.0.0.117:47276] 2026-07-09 17:00:47.837 9 ERROR keystone.server.flask.application
File "/var/lib/openstack/lib/python3.12/site-packages/sqlalchemy/orm/session.py", line 4487, in _flush
[Thu Jul 09 17:00:47.852860 2026] [wsgi:error] [pid 9:tid 140531733333696] [remote 10.0.0.117:47276] 2026-07-09 17:00:47.837 9 ERROR keystone.server.flask.application with util.safe_reraise():
[Thu Jul 09 17:00:47.852861 2026] [wsgi:error] [pid 9:tid 140531733333696] [remote 10.0.0.117:47276] 2026-07-09 17:00:47.837 9 ERROR keystone.server.flask.application
File "/var/lib/openstack/lib/python3.12/site-packages/sqlalchemy/util/langhelpers.py", line 122, in __exit__
[Thu Jul 09 17:00:47.852864 2026] [wsgi:error] [pid 9:tid 140531733333696] [remote 10.0.0.117:47276] 2026-07-09 17:00:47.837 9 ERROR keystone.server.flask.application raise exc_value.with_traceback(exc_tb)
[Thu Jul 09 17:00:47.852865 2026] [wsgi:error] [pid 9:tid 140531733333696] [remote 10.0.0.117:47276] 2026-07-09 17:00:47.837 9 ERROR keystone.server.flask.application
File "/var/lib/openstack/lib/python3.12/site-packages/sqlalchemy/orm/session.py", line 4448, in _flush
[Thu Jul 09 17:00:47.852866 2026] [wsgi:error] [pid 9:tid 140531733333696] [remote 10.0.0.117:47276] 2026-07-09 17:00:47.837 9 ERROR keystone.server.flask.application flush_context.execute()
[Thu Jul 09 17:00:47.852868 2026] [wsgi:error] [pid 9:tid 140531733333696] [remote 10.0.0.117:47276] 2026-07-09 17:00:47.837 9 ERROR keystone.server.flask.application
File "/var/lib/openstack/lib/python3.12/site-packages/sqlalchemy/orm/unitofwork.py", line 465, in execute
