2026-04-02 18:00:25.898 8 INFO neutron.plugins.ml2.drivers.ovn.mech_driver.mech_driver [None req-f7f310cf-d23a-4d74-96e8-a63e23fa2c5a - - - - - -] OVN reports status down for port: 32b5f496-39b6-44d7-bf9d-14945115ddbc
2026-04-02 18:00:25.914 7 INFO neutron.db.ovn_revision_numbers_db [None req-e22ab32e-4315-4810-93e5-5eaad890d491 8f048cb87b104d0aafedbbed8a02fc97 91b3ca07d47d4af494aa22edc0e312b8 - - default default] Successfully bumped revision number for resource 7efadeec-df21-42df-9424-7a79a2536bbb (type: security_groups) to 1
2026-04-02 18:00:25.937 7 INFO neutron.db.ovn_revision_numbers_db [None req-e22ab32e-4315-4810-93e5-5eaad890d491 8f048cb87b104d0aafedbbed8a02fc97 91b3ca07d47d4af494aa22edc0e312b8 - - default default] Successfully bumped revision number for resource 646b44c3-c2a8-4214-8eac-8a9e2931d96f (type: security_group_rules) to 0
2026-04-02 18:00:25.952 7 INFO neutron.db.ovn_revision_numbers_db [None req-e22ab32e-4315-4810-93e5-5eaad890d491 8f048cb87b104d0aafedbbed8a02fc97 91b3ca07d47d4af494aa22edc0e312b8 - - default default] Successfully bumped revision number for resource 91eb7c7f-96f2-4e2a-94f4-2a3a8cca879d (type: security_group_rules) to 0
2026-04-02 18:00:25.965 7 INFO neutron.db.ovn_revision_numbers_db [None req-e22ab32e-4315-4810-93e5-5eaad890d491 8f048cb87b104d0aafedbbed8a02fc97 91b3ca07d47d4af494aa22edc0e312b8 - - default default] Successfully bumped revision number for resource a055086b-913d-41d5-ad5a-9a52df96afee (type: security_group_rules) to 0
2026-04-02 18:00:25.976 7 INFO neutron.db.ovn_revision_numbers_db [None req-e22ab32e-4315-4810-93e5-5eaad890d491 8f048cb87b104d0aafedbbed8a02fc97 91b3ca07d47d4af494aa22edc0e312b8 - - default default] Successfully bumped revision number for resource e1439048-b0da-41ac-bc39-d13c708ff6c5 (type: security_group_rules) to 0
2026-04-02 18:00:26.008 8 WARNING neutron.plugins.ml2.drivers.ovn.mech_driver.ovsdb.ovn_client [None req-f7f310cf-d23a-4d74-96e8-a63e23fa2c5a - - - - - -] Logical_Switch_Port %s host information not removed, the port state is up
2026-04-02 18:00:26.048 8 INFO neutron.plugins.ml2.drivers.ovn.mech_driver.mech_driver [None req-f7f310cf-d23a-4d74-96e8-a63e23fa2c5a - - - - - -] OVN reports status up for port: 32b5f496-39b6-44d7-bf9d-14945115ddbc
2026-04-02 18:00:26.060 7 INFO neutron.db.segments_db [None req-e22ab32e-4315-4810-93e5-5eaad890d491 8f048cb87b104d0aafedbbed8a02fc97 91b3ca07d47d4af494aa22edc0e312b8 - - default default] Added segment 74cc23ec-271e-4dfc-b27e-76cf456d28a8 of type geneve for network c118c1cc-7b9d-408a-be49-5a6012b47c4a
2026-04-02 18:00:26.063 8 INFO neutron.plugins.ml2.plugin [None req-f7f310cf-d23a-4d74-96e8-a63e23fa2c5a - - - - - -] Attempt 1 to provision port 32b5f496-39b6-44d7-bf9d-14945115ddbc
2026-04-02 18:00:26.181 7 INFO neutron.db.ovn_revision_numbers_db [None req-e22ab32e-4315-4810-93e5-5eaad890d491 8f048cb87b104d0aafedbbed8a02fc97 91b3ca07d47d4af494aa22edc0e312b8 - - default default] Successfully bumped revision number for resource c118c1cc-7b9d-408a-be49-5a6012b47c4a (type: networks) to 1
2026-04-02 18:00:26.364 7 WARNING neutron.scheduler.dhcp_agent_scheduler [None req-e22ab32e-4315-4810-93e5-5eaad890d491 8f048cb87b104d0aafedbbed8a02fc97 91b3ca07d47d4af494aa22edc0e312b8 - - default default] No more DHCP agents
2026-04-02 18:00:26.365 7 WARNING neutron.api.rpc.agentnotifiers.dhcp_rpc_agent_api [None req-e22ab32e-4315-4810-93e5-5eaad890d491 8f048cb87b104d0aafedbbed8a02fc97 91b3ca07d47d4af494aa22edc0e312b8 - - default default] Unable to schedule network c118c1cc-7b9d-408a-be49-5a6012b47c4a: no agents available; will retry on subsequent port and subnet creation events. /var/lib/openstack/lib/python3.12/site-packages/pycadf/identifier.py:70: UserWarning: Invalid uuid: neutron. To ensure interoperability, identifiers should be a valid uuid. warnings.warn(('Invalid uuid: %s. To ensure interoperability, '
2026-04-02 18:00:26.483 7 INFO neutron.db.ovn_revision_numbers_db [None req-e22ab32e-4315-4810-93e5-5eaad890d491 8f048cb87b104d0aafedbbed8a02fc97 91b3ca07d47d4af494aa22edc0e312b8 - - default default] Successfully bumped revision number for resource b380f7ee-45b0-401d-89e6-4041b335e1b0 (type: ports) to 1 [pid: 7|app: 0|req: 939/1731] 10.0.0.103 () {34 vars in 670 bytes} [Thu Apr 2 18:00:25 2026] POST /v2.0/networks => generated 667 bytes in 985 msecs (HTTP/1.1 201) 4 headers in 162 bytes (1 switches on core 0)
2026-04-02 18:00:26.536 8 INFO neutron.db.ovn_revision_numbers_db [None req-f7f310cf-d23a-4d74-96e8-a63e23fa2c5a - - - - - -] Successfully bumped revision number for resource 32b5f496-39b6-44d7-bf9d-14945115ddbc (type: ports) to 2
2026-04-02 18:00:26.721 8 INFO neutron.db.ovn_revision_numbers_db [None req-80ae69ff-d0c9-4890-8809-519813eadf99 4c0592c98a164681a9209a96d91740a0 ebe176ac1890409cba9a5e40ac272642 - - default default] Successfully bumped revision number for resource 419d99dd-d1ad-43c2-9236-94e993be2e42 (type: security_groups) to 1
2026-04-02 18:00:26.737 8 INFO neutron.db.ovn_revision_numbers_db [None req-80ae69ff-d0c9-4890-8809-519813eadf99 4c0592c98a164681a9209a96d91740a0 ebe176ac1890409cba9a5e40ac272642 - - default default] Successfully bumped revision number for resource 1d07ddae-8e50-4330-a4e2-e3ab9c06bd63 (type: security_group_rules) to 0
2026-04-02 18:00:26.752 8 INFO neutron.db.ovn_revision_numbers_db [None req-80ae69ff-d0c9-4890-8809-519813eadf99 4c0592c98a164681a9209a96d91740a0 ebe176ac1890409cba9a5e40ac272642 - - default default] Successfully bumped revision number for resource 48c9cf34-d29a-4743-a31e-33df7cbf6b28 (type: security_group_rules) to 0
2026-04-02 18:00:26.761 8 INFO neutron.db.ovn_revision_numbers_db [None req-80ae69ff-d0c9-4890-8809-519813eadf99 4c0592c98a164681a9209a96d91740a0 ebe176ac1890409cba9a5e40ac272642 - - default default] Successfully bumped revision number for resource 50ec6549-bf14-49ee-9503-d29f59efe44f (type: security_group_rules) to 0
2026-04-02 18:00:26.773 8 INFO neutron.db.ovn_revision_numbers_db [None req-80ae69ff-d0c9-4890-8809-519813eadf99 4c0592c98a164681a9209a96d91740a0 ebe176ac1890409cba9a5e40ac272642 - - default default] Successfully bumped revision number for resource 6d4eec4a-6515-4bca-9e8d-d2f42d6bdb8c (type: security_group_rules) to 0 [pid: 8|app: 0|req: 793/1732] 10.0.0.103 () {32 vars in 774 bytes} [Thu Apr 2 18:00:26 2026] GET /v2.0/security-groups?tenant_id=426d17ace1fb42178ed0e063cd881648&name=default => generated 2925 bytes in 511 msecs (HTTP/1.1 200) 4 headers in 158 bytes (1 switches on core 0) [pid: 8|app: 0|req: 794/1733] 10.0.0.103 () {32 vars in 717 bytes} [Thu Apr 2 18:00:26 2026] GET /v2.0/ports/32b5f496-39b6-44d7-bf9d-14945115ddbc => generated 943 bytes in 77 msecs (HTTP/1.1 200) 4 headers in 157 bytes (1 switches on core 0) [pid: 7|app: 0|req: 940/1734] 10.0.0.103 () {32 vars in 740 bytes} [Thu Apr 2 18:00:26 2026] DELETE /v2.0/security-groups/419d99dd-d1ad-43c2-9236-94e993be2e42 => generated 0 bytes in 286 msecs (HTTP/1.1 204) 2 headers in 112 bytes (1 switches on core 0)
2026-04-02 18:00:27.227 8 INFO neutron.db.ovn_revision_numbers_db [None req-64f0c3d4-1269-4735-b20e-f24d05ee95bf 4c0592c98a164681a9209a96d91740a0 ebe176ac1890409cba9a5e40ac272642 - - default default] Successfully bumped revision number for resource 39636713-56c9-4afd-8248-50deed506d04 (type: security_groups) to 1
2026-04-02 18:00:27.240 8 INFO neutron.db.ovn_revision_numbers_db [None req-64f0c3d4-1269-4735-b20e-f24d05ee95bf 4c0592c98a164681a9209a96d91740a0 ebe176ac1890409cba9a5e40ac272642 - - default default] Successfully bumped revision number for resource 188de5cf-60d2-4372-ac1b-3d537717cbed (type: security_group_rules) to 0
2026-04-02 18:00:27.251 8 INFO neutron.db.ovn_revision_numbers_db [None req-64f0c3d4-1269-4735-b20e-f24d05ee95bf 4c0592c98a164681a9209a96d91740a0 ebe176ac1890409cba9a5e40ac272642 - - default default] Successfully bumped revision number for resource 466d2902-6133-4c15-8467-8956f9ec3e8c (type: security_group_rules) to 0
2026-04-02 18:00:27.261 8 INFO neutron.db.ovn_revision_numbers_db [None req-64f0c3d4-1269-4735-b20e-f24d05ee95bf 4c0592c98a164681a9209a96d91740a0 ebe176ac1890409cba9a5e40ac272642 - - default default] Successfully bumped revision number for resource c794ad49-f1d8-4f40-a381-17cdd4d83fb0 (type: security_group_rules) to 0
2026-04-02 18:00:27.271 8 INFO neutron.db.ovn_revision_numbers_db [None req-64f0c3d4-1269-4735-b20e-f24d05ee95bf 4c0592c98a164681a9209a96d91740a0 ebe176ac1890409cba9a5e40ac272642 - - default default] Successfully bumped revision number for resource f77a570b-516c-436c-8d70-53483f7979be (type: security_group_rules) to 0 [pid: 8|app: 0|req: 795/1735] 10.0.0.103 () {32 vars in 774 bytes} [Thu Apr 2 18:00:26 2026] GET /v2.0/security-groups?tenant_id=70429489d0ce42218ef45ea68b4d6a8c&name=default => generated 2925 bytes in 400 msecs (HTTP/1.1 200) 4 headers in 158 bytes (1 switches on core 0)
2026-04-02 18:00:27.408 7 INFO neutron_taas.services.taas.taas_plugin [None req-1134c805-3ddf-4522-b3dc-0f3b512baf68 10d30e89d2d54a78b2766fdc2ef4f512 72e773e2d7894519b99c6f56699feb4e - - default default] TaaS: Handle Delete Port: 32b5f496-39b6-44d7-bf9d-14945115ddbc
2026-04-02 18:00:27.411 7 INFO neutron_taas.services.taas.tap_mirror_plugin [None req-1134c805-3ddf-4522-b3dc-0f3b512baf68 10d30e89d2d54a78b2766fdc2ef4f512 72e773e2d7894519b99c6f56699feb4e - - default default] Tap Mirror: Handle Delete Port: 32b5f496-39b6-44d7-bf9d-14945115ddbc
2026-04-02 18:00:27.483 8 WARNING neutron.scheduler.dhcp_agent_scheduler [None req-6be1125a-3d8b-46ca-896d-1cfac06e7cef 8f048cb87b104d0aafedbbed8a02fc97 91b3ca07d47d4af494aa22edc0e312b8 - - default default] No more DHCP agents
2026-04-02 18:00:27.484 8 WARNING neutron.api.rpc.agentnotifiers.dhcp_rpc_agent_api [None req-6be1125a-3d8b-46ca-896d-1cfac06e7cef 8f048cb87b104d0aafedbbed8a02fc97 91b3ca07d47d4af494aa22edc0e312b8 - - default default] Unable to schedule network c118c1cc-7b9d-408a-be49-5a6012b47c4a: no agents available; will retry on subsequent port and subnet creation events.
2026-04-02 18:00:27.529 8 INFO neutron.db.ovn_revision_numbers_db [None req-6be1125a-3d8b-46ca-896d-1cfac06e7cef 8f048cb87b104d0aafedbbed8a02fc97 91b3ca07d47d4af494aa22edc0e312b8 - - default default] Successfully bumped revision number for resource 3507911e-5b7f-4c7d-966e-ef9514e01de8 (type: subnets) to 0 [pid: 8|app: 0|req: 796/1736] 10.0.0.103 () {34 vars in 669 bytes} [Thu Apr 2 18:00:27 2026] POST /v2.0/subnets => generated 673 bytes in 235 msecs (HTTP/1.1 201) 4 headers in 162 bytes (1 switches on core 0) [pid: 7|app: 0|req: 941/1737] 10.0.0.103 () {34 vars in 789 bytes} [Thu Apr 2 18:00:27 2026] PUT /v2.0/routers/5056bc71-688c-4bb0-a6b9-070e9822731e/remove_router_interface => generated 309 bytes in 718 msecs (HTTP/1.1 200) 4 headers in 157 bytes (1 switches on core 0) /var/lib/openstack/lib/python3.12/site-packages/pycadf/identifier.py:70: UserWarning: Invalid uuid: neutron. To ensure interoperability, identifiers should be a valid uuid. warnings.warn(('Invalid uuid: %s. To ensure interoperability, '
2026-04-02 18:00:27.921 7 INFO neutron.db.segments_db [None req-0d20d1f0-32dc-477c-9e58-eb0b859f20b2 8f048cb87b104d0aafedbbed8a02fc97 91b3ca07d47d4af494aa22edc0e312b8 - - default default] Added segment 5d939259-e894-4652-9994-dcf4c71a4eba of type geneve for network a136fefb-f02f-4dd8-98da-9fd0d8df8ea3 [pid: 8|app: 0|req: 797/1738] 10.0.0.103 () {32 vars in 740 bytes} [Thu Apr 2 18:00:27 2026] DELETE /v2.0/security-groups/39636713-56c9-4afd-8248-50deed506d04 => generated 0 bytes in 392 msecs (HTTP/1.1 204) 2 headers in 112 bytes (1 switches on core 0) [pid: 8|app: 0|req: 798/1739] 10.0.0.103 () {32 vars in 736 bytes} [Thu Apr 2 18:00:27 2026] GET /v2.0/ports?device_id=5056bc71-688c-4bb0-a6b9-070e9822731e => generated 12 bytes in 16 msecs (HTTP/1.1 200) 4 headers in 156 bytes (1 switches on core 0)
2026-04-02 18:00:28.053 7 INFO neutron.db.ovn_revision_numbers_db [None req-0d20d1f0-32dc-477c-9e58-eb0b859f20b2 8f048cb87b104d0aafedbbed8a02fc97 91b3ca07d47d4af494aa22edc0e312b8 - - default default] Successfully bumped revision number for resource a136fefb-f02f-4dd8-98da-9fd0d8df8ea3 (type: networks) to 1 [pid: 8|app: 0|req: 799/1740] 10.0.0.103 () {32 vars in 724 bytes} [Thu Apr 2 18:00:27 2026] DELETE /v2.0/routers/5056bc71-688c-4bb0-a6b9-070e9822731e => generated 0 bytes in 210 msecs (HTTP/1.1 204) 2 headers in 112 bytes (1 switches on core 0)
2026-04-02 18:00:28.219 7 WARNING neutron.scheduler.dhcp_agent_scheduler [None req-0d20d1f0-32dc-477c-9e58-eb0b859f20b2 8f048cb87b104d0aafedbbed8a02fc97 91b3ca07d47d4af494aa22edc0e312b8 - - default default] No more DHCP agents
2026-04-02 18:00:28.220 7 WARNING neutron.api.rpc.agentnotifiers.dhcp_rpc_agent_api [None req-0d20d1f0-32dc-477c-9e58-eb0b859f20b2 8f048cb87b104d0aafedbbed8a02fc97 91b3ca07d47d4af494aa22edc0e312b8 - - default default] Unable to schedule network a136fefb-f02f-4dd8-98da-9fd0d8df8ea3: no agents available; will retry on subsequent port and subnet creation events.
2026-04-02 18:00:28.350 7 INFO neutron.db.ovn_revision_numbers_db [None req-0d20d1f0-32dc-477c-9e58-eb0b859f20b2 8f048cb87b104d0aafedbbed8a02fc97 91b3ca07d47d4af494aa22edc0e312b8 - - default default] Successfully bumped revision number for resource 7b509669-6b94-41d9-919c-84c23f47487e (type: ports) to 1
2026-04-02 18:00:28.371 8 INFO neutron.db.ovn_revision_numbers_db [None req-6d29722a-b033-4447-9eca-a566c0fd797a 4c0592c98a164681a9209a96d91740a0 ebe176ac1890409cba9a5e40ac272642 - - default default] Successfully bumped revision number for resource 2db7f2a2-1162-41cd-bff8-06e8903d0b26 (type: security_groups) to 1 [pid: 7|app: 0|req: 942/1741] 10.0.0.103 () {34 vars in 670 bytes} [Thu Apr 2 18:00:27 2026] POST /v2.0/networks => generated 667 bytes in 564 msecs (HTTP/1.1 201) 4 headers in 162 bytes (1 switches on core 0)
2026-04-02 18:00:28.382 8 INFO neutron.db.ovn_revision_numbers_db [None req-6d29722a-b033-4447-9eca-a566c0fd797a 4c0592c98a164681a9209a96d91740a0 ebe176ac1890409cba9a5e40ac272642 - - default default] Successfully bumped revision number for resource 0e46b116-b98e-435a-8956-26b87786dc40 (type: security_group_rules) to 0
2026-04-02 18:00:28.392 8 INFO neutron.db.ovn_revision_numbers_db [None req-6d29722a-b033-4447-9eca-a566c0fd797a 4c0592c98a164681a9209a96d91740a0 ebe176ac1890409cba9a5e40ac272642 - - default default] Successfully bumped revision number for resource 386157cf-1d55-4111-ab08-c06f74c561f3 (type: security_group_rules) to 0
2026-04-02 18:00:28.403 8 INFO neutron.db.ovn_revision_numbers_db [None req-6d29722a-b033-4447-9eca-a566c0fd797a 4c0592c98a164681a9209a96d91740a0 ebe176ac1890409cba9a5e40ac272642 - - default default] Successfully bumped revision number for resource 55010a6d-5ef0-40ad-918d-a65f2ccd5706 (type: security_group_rules) to 0
2026-04-02 18:00:28.418 8 INFO neutron.db.ovn_revision_numbers_db [None req-6d29722a-b033-4447-9eca-a566c0fd797a 4c0592c98a164681a9209a96d91740a0 ebe176ac1890409cba9a5e40ac272642 - - default default] Successfully bumped revision number for resource 5e83f4b1-19e4-457d-b294-479e83ad3e16 (type: security_group_rules) to 0 [pid: 8|app: 0|req: 800/1742] 10.0.0.103 () {32 vars in 774 bytes} [Thu Apr 2 18:00:28 2026] GET /v2.0/security-groups?tenant_id=0b7218b1dbf74b25a595fceb17185b17&name=default => generated 2925 bytes in 303 msecs (HTTP/1.1 200) 4 headers in 158 bytes (1 switches on core 0) [pid: 7|app: 0|req: 943/1743] 10.0.0.103 () {32 vars in 724 bytes} [Thu Apr 2 18:00:28 2026] DELETE /v2.0/subnets/62c1f84d-c9d1-4dc9-9cd3-4fb77a2cafb2 => generated 0 bytes in 171 msecs (HTTP/1.1 204) 3 headers in 131 bytes (1 switches on core 0)
2026-04-02 18:00:28.660 8 INFO neutron.db.ovn_revision_numbers_db [None req-99801222-a1ab-4383-b137-3a4644fd034a 8f048cb87b104d0aafedbbed8a02fc97 91b3ca07d47d4af494aa22edc0e312b8 - - default default] Successfully bumped revision number for resource a136fefb-f02f-4dd8-98da-9fd0d8df8ea3 (type: networks) to 2 [pid: 8|app: 0|req: 801/1744] 10.0.0.103 () {34 vars in 743 bytes} [Thu Apr 2 18:00:28 2026] PUT /v2.0/networks/a136fefb-f02f-4dd8-98da-9fd0d8df8ea3 => generated 636 bytes in 194 msecs (HTTP/1.1 200) 4 headers in 157 bytes (1 switches on core 0) [pid: 7|app: 0|req: 944/1745] 10.0.0.103 () {32 vars in 740 bytes} [Thu Apr 2 18:00:28 2026] DELETE /v2.0/security-groups/2db7f2a2-1162-41cd-bff8-06e8903d0b26 => generated 0 bytes in 285 msecs (HTTP/1.1 204) 2 headers in 112 bytes (1 switches on core 0)
2026-04-02 18:00:28.837 8 INFO neutron_taas.services.taas.taas_plugin [None req-857d22c1-5dec-485b-b3f5-3c451c12f6e2 10d30e89d2d54a78b2766fdc2ef4f512 72e773e2d7894519b99c6f56699feb4e - - default default] TaaS: Handle Delete Port: 08e8e36f-44c6-4a13-aee5-ba7f8a5c8faa
2026-04-02 18:00:28.842 8 INFO neutron_taas.services.taas.tap_mirror_plugin [None req-857d22c1-5dec-485b-b3f5-3c451c12f6e2 10d30e89d2d54a78b2766fdc2ef4f512 72e773e2d7894519b99c6f56699feb4e - - default default] Tap Mirror: Handle Delete Port: 08e8e36f-44c6-4a13-aee5-ba7f8a5c8faa
2026-04-02 18:00:29.054 8 INFO neutron.services.segments.plugin [-] Segment 9ad8bd7d-8027-4728-a050-99f17b0b6817 resource provider aggregate not found
2026-04-02 18:00:29.062 8 INFO neutron.services.segments.plugin [-] Segment 9ad8bd7d-8027-4728-a050-99f17b0b6817 resource provider aggregate not found
2026-04-02 18:00:29.080 8 INFO neutron.services.segments.plugin [-] Segment 9ad8bd7d-8027-4728-a050-99f17b0b6817 resource provider not found; error: Placement Client Error (4xx): {"errors": [{"status": 404, "title": "Not Found", "detail": "The resource could not be found.\n\n No resource provider with uuid 9ad8bd7d-8027-4728-a050-99f17b0b6817 found for delete ", "request_id": "req-734d32ec-48b8-41bf-8089-8b794cbc87e8"}]}
2026-04-02 18:00:29.083 8 INFO neutron.services.segments.plugin [-] Segment 9ad8bd7d-8027-4728-a050-99f17b0b6817 resource provider not found; error: Placement Client Error (4xx): {"errors": [{"status": 404, "title": "Not Found", "detail": "The resource could not be found.\n\n No resource provider with uuid 9ad8bd7d-8027-4728-a050-99f17b0b6817 found for delete ", "request_id": "req-afed56d2-eb38-42f2-bd04-2b6ec4650116"}]}
2026-04-02 18:00:29.094 7 WARNING neutron.scheduler.dhcp_agent_scheduler [None req-9c088ee0-f716-47a9-840c-b7f1c01cfb28 8f048cb87b104d0aafedbbed8a02fc97 91b3ca07d47d4af494aa22edc0e312b8 - - default default] No more DHCP agents
2026-04-02 18:00:29.095 7 WARNING neutron.api.rpc.agentnotifiers.dhcp_rpc_agent_api [None req-9c088ee0-f716-47a9-840c-b7f1c01cfb28 8f048cb87b104d0aafedbbed8a02fc97 91b3ca07d47d4af494aa22edc0e312b8 - - default default] Unable to schedule network a136fefb-f02f-4dd8-98da-9fd0d8df8ea3: no agents available; will retry on subsequent port and subnet creation events. [pid: 8|app: 0|req: 802/1748] 10.0.0.103 () {32 vars in 726 bytes} [Thu Apr 2 18:00:28 2026] DELETE /v2.0/networks/e61e5ffb-727f-4313-97cc-13da5fd454bd => generated 0 bytes in 458 msecs (HTTP/1.1 204) 3 headers in 131 bytes (1 switches on core 0)
2026-04-02 18:00:29.128 7 INFO neutron.db.ovn_revision_numbers_db [None req-9c088ee0-f716-47a9-840c-b7f1c01cfb28 8f048cb87b104d0aafedbbed8a02fc97 91b3ca07d47d4af494aa22edc0e312b8 - - default default] Successfully bumped revision number for resource ecdc5183-1ce3-4096-98e3-470926523486 (type: subnets) to 0 [pid: 7|app: 0|req: 947/1749] 10.0.0.103 () {34 vars in 669 bytes} [Thu Apr 2 18:00:28 2026] POST /v2.0/subnets => generated 646 bytes in 303 msecs (HTTP/1.1 201) 4 headers in 162 bytes (1 switches on core 0)
2026-04-02 18:00:29.519 8 WARNING neutron.scheduler.dhcp_agent_scheduler [None req-564073c9-2af0-4ee3-ab48-782bc8115ead 10d30e89d2d54a78b2766fdc2ef4f512 72e773e2d7894519b99c6f56699feb4e - - default default] No more DHCP agents
2026-04-02 18:00:29.520 8 WARNING neutron.api.rpc.agentnotifiers.dhcp_rpc_agent_api [None req-564073c9-2af0-4ee3-ab48-782bc8115ead 10d30e89d2d54a78b2766fdc2ef4f512 72e773e2d7894519b99c6f56699feb4e - - default default] Unable to schedule network 838e7217-3a19-4298-83d5-155d86a51a4e: no agents available; will retry on subsequent port and subnet creation events.
2026-04-02 18:00:29.699 7 INFO neutron.db.ovn_revision_numbers_db [None req-087b3b97-4236-40b6-bd34-f6fa0bb4e39b - - - - - -] Successfully bumped revision number for resource 7b509669-6b94-41d9-919c-84c23f47487e (type: ports) to 2
2026-04-02 18:00:29.711 8 INFO neutron.db.ovn_revision_numbers_db [None req-564073c9-2af0-4ee3-ab48-782bc8115ead 10d30e89d2d54a78b2766fdc2ef4f512 72e773e2d7894519b99c6f56699feb4e - - default default] Successfully bumped revision number for resource 909cf4a7-068e-4744-93b4-c693954a0a5c (type: ports) to 1
2026-04-02 18:00:29.746 7 INFO neutron.db.ovn_revision_numbers_db [None req-087b3b97-4236-40b6-bd34-f6fa0bb4e39b - - - - - -] Successfully bumped revision number for resource ecdc5183-1ce3-4096-98e3-470926523486 (type: subnets) to 1 [pid: 7|app: 0|req: 948/1750] 10.0.0.103 () {34 vars in 741 bytes} [Thu Apr 2 18:00:29 2026] PUT /v2.0/subnets/ecdc5183-1ce3-4096-98e3-470926523486 => generated 656 bytes in 602 msecs (HTTP/1.1 200) 4 headers in 157 bytes (1 switches on core 0)
2026-04-02 18:00:29.888 7 INFO neutron_taas.services.taas.taas_plugin [None req-0e9ef22a-8b6d-430e-9cdb-a902c9d8872d 8f048cb87b104d0aafedbbed8a02fc97 91b3ca07d47d4af494aa22edc0e312b8 - - default default] TaaS: Handle Delete Port: 7b509669-6b94-41d9-919c-84c23f47487e
2026-04-02 18:00:29.891 7 INFO neutron_taas.services.taas.tap_mirror_plugin [None req-0e9ef22a-8b6d-430e-9cdb-a902c9d8872d 8f048cb87b104d0aafedbbed8a02fc97 91b3ca07d47d4af494aa22edc0e312b8 - - default default] Tap Mirror: Handle Delete Port: 7b509669-6b94-41d9-919c-84c23f47487e
2026-04-02 18:00:30.237 7 INFO neutron.services.segments.plugin [-] Segment 5d939259-e894-4652-9994-dcf4c71a4eba resource provider aggregate not found
2026-04-02 18:00:30.240 7 INFO neutron.services.segments.plugin [-] Segment 5d939259-e894-4652-9994-dcf4c71a4eba resource provider aggregate not found
2026-04-02 18:00:30.250 7 INFO neutron.services.segments.plugin [-] Segment 5d939259-e894-4652-9994-dcf4c71a4eba resource provider not found; error: Placement Client Error (4xx): {"errors": [{"status": 404, "title": "Not Found", "detail": "The resource could not be found.\n\n No resource provider with uuid 5d939259-e894-4652-9994-dcf4c71a4eba found for delete ", "request_id": "req-3ab7481a-6113-49d2-a542-9c1591c555bb"}]}
2026-04-02 18:00:30.252 7 INFO neutron.services.segments.plugin [-] Segment 5d939259-e894-4652-9994-dcf4c71a4eba resource provider not found; error: Placement Client Error (4xx): {"errors": [{"status": 404, "title": "Not Found", "detail": "The resource could not be found.\n\n No resource provider with uuid 5d939259-e894-4652-9994-dcf4c71a4eba found for delete ", "request_id": "req-18957f27-90d4-43c7-9881-aed9b8da8cb2"}]} [pid: 7|app: 0|req: 949/1751] 10.0.0.103 () {32 vars in 726 bytes} [Thu Apr 2 18:00:29 2026] DELETE /v2.0/networks/a136fefb-f02f-4dd8-98da-9fd0d8df8ea3 => generated 0 bytes in 545 msecs (HTTP/1.1 204) 3 headers in 131 bytes (1 switches on core 0)
2026-04-02 18:00:30.318 7 INFO neutron.pecan_wsgi.hooks.translation [None req-8ca853f4-7a21-404f-865b-9f46ef72cfae 8f048cb87b104d0aafedbbed8a02fc97 91b3ca07d47d4af494aa22edc0e312b8 - - default default] DELETE failed (client error): The resource could not be found. [pid: 7|app: 0|req: 950/1752] 10.0.0.103 () {32 vars in 726 bytes} [Thu Apr 2 18:00:30 2026] DELETE /v2.0/networks/a136fefb-f02f-4dd8-98da-9fd0d8df8ea3 => generated 138 bytes in 14 msecs (HTTP/1.1 404) 4 headers in 164 bytes (1 switches on core 0)
2026-04-02 18:00:30.347 8 INFO neutron.plugins.ml2.drivers.ovn.mech_driver.ovsdb.commands [None req-a5d2b09d-227e-4a40-a226-f9805bc72684 - - - - - -] Schedule LRP lrp-909cf4a7-068e-4744-93b4-c693954a0a5c on gateway fb67b0ae-5570-41e9-a682-68760f7df6f2 with priority 1
2026-04-02 18:00:30.455 8 INFO neutron.db.ovn_revision_numbers_db [None req-564073c9-2af0-4ee3-ab48-782bc8115ead 10d30e89d2d54a78b2766fdc2ef4f512 72e773e2d7894519b99c6f56699feb4e - - default default] Successfully bumped revision number for resource 909cf4a7-068e-4744-93b4-c693954a0a5c (type: router_ports) to 1 [pid: 7|app: 0|req: 951/1753] 10.0.0.103 () {32 vars in 694 bytes} [Thu Apr 2 18:00:30 2026] GET /v2.0/networks?router%3Aexternal=True => generated 689 bytes in 140 msecs (HTTP/1.1 200) 4 headers in 157 bytes (1 switches on core 0) [pid: 7|app: 0|req: 952/1754] 10.0.0.103 () {32 vars in 742 bytes} [Thu Apr 2 18:00:30 2026] GET /v2.0/subnets?network_id=838e7217-3a19-4298-83d5-155d86a51a4e => generated 649 bytes in 28 msecs (HTTP/1.1 200) 4 headers in 157 bytes (1 switches on core 0) [pid: 7|app: 0|req: 953/1755] 10.0.0.103 () {32 vars in 653 bytes} [Thu Apr 2 18:00:30 2026] GET /v2.0/extensions => generated 20541 bytes in 6 msecs (HTTP/1.1 200) 4 headers in 159 bytes (1 switches on core 0)
2026-04-02 18:00:30.526 8 INFO neutron.db.ovn_revision_numbers_db [None req-564073c9-2af0-4ee3-ab48-782bc8115ead 10d30e89d2d54a78b2766fdc2ef4f512 72e773e2d7894519b99c6f56699feb4e - - default default] Successfully bumped revision number for resource 0cf2164c-230d-43b2-9242-abb6dd833f9e (type: routers) to 2 [pid: 8|app: 0|req: 803/1756] 10.0.0.103 () {34 vars in 669 bytes} [Thu Apr 2 18:00:29 2026] POST /v2.0/routers => generated 946 bytes in 1415 msecs (HTTP/1.1 201) 4 headers in 162 bytes (1 switches on core 0) [pid: 7|app: 0|req: 954/1757] 10.0.0.103 () {32 vars in 649 bytes} [Thu Apr 2 18:00:30 2026] GET /v2.0/networks => generated 1389 bytes in 52 msecs (HTTP/1.1 200) 4 headers in 158 bytes (1 switches on core 0) [pid: 7|app: 0|req: 955/1758] 10.0.0.103 () {32 vars in 647 bytes} [Thu Apr 2 18:00:30 2026] GET /v2.0/subnets => generated 1312 bytes in 36 msecs (HTTP/1.1 200) 4 headers in 158 bytes (1 switches on core 0) [pid: 8|app: 0|req: 804/1759] 10.0.0.103 () {32 vars in 721 bytes} [Thu Apr 2 18:00:30 2026] GET /v2.0/routers/0cf2164c-230d-43b2-9242-abb6dd833f9e => generated 952 bytes in 70 msecs (HTTP/1.1 200) 4 headers in 157 bytes (1 switches on core 0) [pid: 7|app: 0|req: 956/1760] 10.0.0.103 () {32 vars in 723 bytes} [Thu Apr 2 18:00:30 2026] GET /v2.0/networks/c118c1cc-7b9d-408a-be49-5a6012b47c4a => generated 711 bytes in 51 msecs (HTTP/1.1 200) 4 headers in 157 bytes (1 switches on core 0) [pid: 7|app: 0|req: 957/1761] 10.0.0.103 () {32 vars in 721 bytes} [Thu Apr 2 18:00:30 2026] GET /v2.0/subnets/3507911e-5b7f-4c7d-966e-ef9514e01de8 => generated 673 bytes in 28 msecs (HTTP/1.1 200) 4 headers in 157 bytes (1 switches on core 0)
2026-04-02 18:00:30.717 7 INFO neutron.pecan_wsgi.hooks.translation [None req-cfef22d1-a05c-4a5e-9ef6-2aff24804e99 8f048cb87b104d0aafedbbed8a02fc97 91b3ca07d47d4af494aa22edc0e312b8 - - default default] DELETE failed (client error): The resource could not be found. [pid: 7|app: 0|req: 958/1762] 10.0.0.103 () {32 vars in 724 bytes} [Thu Apr 2 18:00:30 2026] DELETE /v2.0/subnets/ecdc5183-1ce3-4096-98e3-470926523486 => generated 136 bytes in 22 msecs (HTTP/1.1 404) 4 headers in 164 bytes (1 switches on core 0)
2026-04-02 18:00:30.732 7 INFO neutron.pecan_wsgi.hooks.translation [None req-ddf2a193-451a-4bf0-95fc-bb6fdd2370c3 8f048cb87b104d0aafedbbed8a02fc97 91b3ca07d47d4af494aa22edc0e312b8 - - default default] DELETE failed (client error): The resource could not be found. [pid: 8|app: 0|req: 805/1763] 10.0.0.103 () {32 vars in 647 bytes} [Thu Apr 2 18:00:30 2026] GET /v2.0/routers => generated 955 bytes in 107 msecs (HTTP/1.1 200) 4 headers in 157 bytes (1 switches on core 0) [pid: 7|app: 0|req: 959/1764] 10.0.0.103 () {32 vars in 726 bytes} [Thu Apr 2 18:00:30 2026] DELETE /v2.0/networks/a136fefb-f02f-4dd8-98da-9fd0d8df8ea3 => generated 138 bytes in 11 msecs (HTTP/1.1 404) 4 headers in 164 bytes (1 switches on core 0) [pid: 8|app: 0|req: 806/1765] 10.0.0.103 () {32 vars in 724 bytes} [Thu Apr 2 18:00:30 2026] DELETE /v2.0/subnets/3507911e-5b7f-4c7d-966e-ef9514e01de8 => generated 0 bytes in 160 msecs (HTTP/1.1 204) 3 headers in 131 bytes (1 switches on core 0)
2026-04-02 18:00:31.038 8 INFO neutron_taas.services.taas.taas_plugin [None req-b8a46ed7-6f30-4ee9-bd16-2f2c1ae0f79d 8f048cb87b104d0aafedbbed8a02fc97 91b3ca07d47d4af494aa22edc0e312b8 - - default default] TaaS: Handle Delete Port: b380f7ee-45b0-401d-89e6-4041b335e1b0
2026-04-02 18:00:31.040 8 INFO neutron_taas.services.taas.tap_mirror_plugin [None req-b8a46ed7-6f30-4ee9-bd16-2f2c1ae0f79d 8f048cb87b104d0aafedbbed8a02fc97 91b3ca07d47d4af494aa22edc0e312b8 - - default default] Tap Mirror: Handle Delete Port: b380f7ee-45b0-401d-89e6-4041b335e1b0
2026-04-02 18:00:31.218 7 INFO neutron.db.ovn_revision_numbers_db [None req-f44914c5-cbe2-4b49-b0d7-0ded862fb755 10d30e89d2d54a78b2766fdc2ef4f512 72e773e2d7894519b99c6f56699feb4e - - default default] Successfully bumped revision number for resource 0cf2164c-230d-43b2-9242-abb6dd833f9e (type: routers) to 3 [pid: 7|app: 0|req: 960/1766] 10.0.0.103 () {34 vars in 741 bytes} [Thu Apr 2 18:00:30 2026] PUT /v2.0/routers/0cf2164c-230d-43b2-9242-abb6dd833f9e => generated 959 bytes in 487 msecs (HTTP/1.1 200) 4 headers in 157 bytes (1 switches on core 0)
2026-04-02 18:00:31.244 8 INFO neutron.services.segments.plugin [-] Segment 74cc23ec-271e-4dfc-b27e-76cf456d28a8 resource provider aggregate not found
2026-04-02 18:00:31.251 8 INFO neutron.services.segments.plugin [-] Segment 74cc23ec-271e-4dfc-b27e-76cf456d28a8 resource provider aggregate not found
2026-04-02 18:00:31.268 8 INFO neutron.services.segments.plugin [-] Segment 74cc23ec-271e-4dfc-b27e-76cf456d28a8 resource provider not found; error: Placement Client Error (4xx): {"errors": [{"status": 404, "title": "Not Found", "detail": "The resource could not be found.\n\n No resource provider with uuid 74cc23ec-271e-4dfc-b27e-76cf456d28a8 found for delete ", "request_id": "req-44908f03-b08a-46b1-89b2-be3afa638a9d"}]}
2026-04-02 18:00:31.271 8 INFO neutron.services.segments.plugin [-] Segment 74cc23ec-271e-4dfc-b27e-76cf456d28a8 resource provider not found; error: Placement Client Error (4xx): {"errors": [{"status": 404, "title": "Not Found", "detail": "The resource could not be found.\n\n No resource provider with uuid 74cc23ec-271e-4dfc-b27e-76cf456d28a8 found for delete ", "request_id": "req-3909df7a-39bb-4c5d-9ada-06732b5bf434"}]} [pid: 8|app: 0|req: 807/1767] 10.0.0.103 () {32 vars in 726 bytes} [Thu Apr 2 18:00:30 2026] DELETE /v2.0/networks/c118c1cc-7b9d-408a-be49-5a6012b47c4a => generated 0 bytes in 416 msecs (HTTP/1.1 204) 3 headers in 131 bytes (1 switches on core 0) [pid: 8|app: 0|req: 808/1768] 10.0.0.103 () {32 vars in 721 bytes} [Thu Apr 2 18:00:31 2026] GET /v2.0/routers/0cf2164c-230d-43b2-9242-abb6dd833f9e => generated 959 bytes in 59 msecs (HTTP/1.1 200) 4 headers in 157 bytes (1 switches on core 0) [pid: 8|app: 0|req: 809/1769] 10.0.0.103 () {32 vars in 736 bytes} [Thu Apr 2 18:00:31 2026] GET /v2.0/ports?device_id=0cf2164c-230d-43b2-9242-abb6dd833f9e => generated 12 bytes in 15 msecs (HTTP/1.1 200) 4 headers in 156 bytes (1 switches on core 0)
2026-04-02 18:00:31.645 7 INFO neutron.db.ovn_revision_numbers_db [None req-f8abd4ef-9c33-4f7b-b355-217ef06a8b12 4eee89facc76429b8fede9ecac0392ff 07e970b10e454a6cab6704e4f7bfd41a - - default default] Successfully bumped revision number for resource f34303b3-ec79-4821-a816-ba108ede6683 (type: security_groups) to 1
2026-04-02 18:00:31.656 7 INFO neutron.db.ovn_revision_numbers_db [None req-f8abd4ef-9c33-4f7b-b355-217ef06a8b12 4eee89facc76429b8fede9ecac0392ff 07e970b10e454a6cab6704e4f7bfd41a - - default default] Successfully bumped revision number for resource c18d9fea-aa1a-4253-9c8f-03b70e5fc0a4 (type: security_group_rules) to 0
2026-04-02 18:00:31.667 7 INFO neutron.db.ovn_revision_numbers_db [None req-f8abd4ef-9c33-4f7b-b355-217ef06a8b12 4eee89facc76429b8fede9ecac0392ff 07e970b10e454a6cab6704e4f7bfd41a - - default default] Successfully bumped revision number for resource cabc7987-c802-4064-8f48-468f76608624 (type: security_group_rules) to 0
2026-04-02 18:00:31.679 7 INFO neutron.db.ovn_revision_numbers_db [None req-f8abd4ef-9c33-4f7b-b355-217ef06a8b12 4eee89facc76429b8fede9ecac0392ff 07e970b10e454a6cab6704e4f7bfd41a - - default default] Successfully bumped revision number for resource ed3b3604-f3d4-424c-9bff-ae7b3209f120 (type: security_group_rules) to 0
2026-04-02 18:00:31.690 7 INFO neutron.db.ovn_revision_numbers_db [None req-f8abd4ef-9c33-4f7b-b355-217ef06a8b12 4eee89facc76429b8fede9ecac0392ff 07e970b10e454a6cab6704e4f7bfd41a - - default default] Successfully bumped revision number for resource f66708b6-2cd7-4207-b006-e785abaa617f (type: security_group_rules) to 0
2026-04-02 18:00:31.755 8 INFO neutron_taas.services.taas.taas_plugin [None req-9c53deb1-35a0-4f69-86a5-8fda4a006eb3 10d30e89d2d54a78b2766fdc2ef4f512 72e773e2d7894519b99c6f56699feb4e - - default default] TaaS: Handle Delete Port: 909cf4a7-068e-4744-93b4-c693954a0a5c
2026-04-02 18:00:31.758 8 INFO neutron_taas.services.taas.tap_mirror_plugin [None req-9c53deb1-35a0-4f69-86a5-8fda4a006eb3 10d30e89d2d54a78b2766fdc2ef4f512 72e773e2d7894519b99c6f56699feb4e - - default default] Tap Mirror: Handle Delete Port: 909cf4a7-068e-4744-93b4-c693954a0a5c
2026-04-02 18:00:31.766 7 INFO neutron.db.segments_db [None req-f8abd4ef-9c33-4f7b-b355-217ef06a8b12 4eee89facc76429b8fede9ecac0392ff 07e970b10e454a6cab6704e4f7bfd41a - - default default] Added segment f860ec99-ea9f-4b8b-8a60-d76152a4defd of type geneve for network 722d20da-d5bd-4cd4-a74b-79ce295a28ac
2026-04-02 18:00:31.891 7 INFO neutron.db.ovn_revision_numbers_db [None req-f8abd4ef-9c33-4f7b-b355-217ef06a8b12 4eee89facc76429b8fede9ecac0392ff 07e970b10e454a6cab6704e4f7bfd41a - - default default] Successfully bumped revision number for resource 722d20da-d5bd-4cd4-a74b-79ce295a28ac (type: networks) to 1
2026-04-02 18:00:32.085 7 WARNING neutron.scheduler.dhcp_agent_scheduler [None req-f8abd4ef-9c33-4f7b-b355-217ef06a8b12 4eee89facc76429b8fede9ecac0392ff 07e970b10e454a6cab6704e4f7bfd41a - - default default] No more DHCP agents
2026-04-02 18:00:32.087 7 WARNING neutron.api.rpc.agentnotifiers.dhcp_rpc_agent_api [None req-f8abd4ef-9c33-4f7b-b355-217ef06a8b12 4eee89facc76429b8fede9ecac0392ff 07e970b10e454a6cab6704e4f7bfd41a - - default default] Unable to schedule network 722d20da-d5bd-4cd4-a74b-79ce295a28ac: no agents available; will retry on subsequent port and subnet creation events. [pid: 8|app: 0|req: 810/1770] 10.0.0.103 () {32 vars in 724 bytes} [Thu Apr 2 18:00:31 2026] DELETE /v2.0/routers/0cf2164c-230d-43b2-9242-abb6dd833f9e => generated 0 bytes in 798 msecs (HTTP/1.1 204) 2 headers in 112 bytes (1 switches on core 0)
2026-04-02 18:00:32.234 7 INFO neutron.db.ovn_revision_numbers_db [None req-f8abd4ef-9c33-4f7b-b355-217ef06a8b12 4eee89facc76429b8fede9ecac0392ff 07e970b10e454a6cab6704e4f7bfd41a - - default default] Successfully bumped revision number for resource 6d319a4c-0043-44e2-a358-8b3cac712704 (type: ports) to 1 [pid: 7|app: 0|req: 961/1771] 10.0.0.103 () {34 vars in 670 bytes} [Thu Apr 2 18:00:31 2026] POST /v2.0/networks => generated 651 bytes in 1031 msecs (HTTP/1.1 201) 4 headers in 162 bytes (1 switches on core 0) [pid: 7|app: 0|req: 962/1772] 10.0.0.103 () {32 vars in 736 bytes} [Thu Apr 2 18:00:32 2026] GET /v2.0/ports?device_id=0cf2164c-230d-43b2-9242-abb6dd833f9e => generated 12 bytes in 19 msecs (HTTP/1.1 200) 4 headers in 156 bytes (1 switches on core 0)
2026-04-02 18:00:32.387 8 WARNING neutron.plugins.ml2.drivers.ovn.mech_driver.ovsdb.ovn_client [None req-52d80dda-ffb1-4164-adbc-1e427b6a398b - - - - - -] No port found with ID 32b5f496-39b6-44d7-bf9d-14945115ddbc: RuntimeError: No port found with ID 32b5f496-39b6-44d7-bf9d-14945115ddbc [pid: 8|app: 0|req: 811/1773] 10.0.0.103 () {32 vars in 774 bytes} [Thu Apr 2 18:00:32 2026] GET /v2.0/security-groups?tenant_id=91b3ca07d47d4af494aa22edc0e312b8&name=default => generated 2925 bytes in 255 msecs (HTTP/1.1 200) 4 headers in 158 bytes (1 switches on core 0) /var/lib/openstack/lib/python3.12/site-packages/pycadf/identifier.py:70: UserWarning: Invalid uuid: neutron. To ensure interoperability, identifiers should be a valid uuid. warnings.warn(('Invalid uuid: %s. To ensure interoperability, '
2026-04-02 18:00:32.483 7 WARNING neutron.scheduler.dhcp_agent_scheduler [None req-255d1a59-8d37-4359-b663-88796beb5ab8 4eee89facc76429b8fede9ecac0392ff 07e970b10e454a6cab6704e4f7bfd41a - - default default] No more DHCP agents
2026-04-02 18:00:32.485 7 WARNING neutron.api.rpc.agentnotifiers.dhcp_rpc_agent_api [None req-255d1a59-8d37-4359-b663-88796beb5ab8 4eee89facc76429b8fede9ecac0392ff 07e970b10e454a6cab6704e4f7bfd41a - - default default] Unable to schedule network 722d20da-d5bd-4cd4-a74b-79ce295a28ac: no agents available; will retry on subsequent port and subnet creation events.
2026-04-02 18:00:32.501 8 INFO neutron.api.v2.resource [None req-a9666256-27ae-4869-bef8-0be8d5979651 10d30e89d2d54a78b2766fdc2ef4f512 72e773e2d7894519b99c6f56699feb4e - - default default] delete failed (client error): The resource could not be found. [pid: 8|app: 0|req: 812/1774] 10.0.0.103 () {32 vars in 724 bytes} [Thu Apr 2 18:00:32 2026] DELETE /v2.0/routers/0cf2164c-230d-43b2-9242-abb6dd833f9e => generated 135 bytes in 58 msecs (HTTP/1.1 404) 4 headers in 164 bytes (1 switches on core 0)
2026-04-02 18:00:32.615 7 INFO neutron.db.ovn_revision_numbers_db [None req-255d1a59-8d37-4359-b663-88796beb5ab8 4eee89facc76429b8fede9ecac0392ff 07e970b10e454a6cab6704e4f7bfd41a - - default default] Successfully bumped revision number for resource 91af256b-96ff-4117-8c25-b1ee3a141793 (type: ports) to 1
2026-04-02 18:00:32.620 8 INFO neutron.plugins.ml2.drivers.ovn.mech_driver.mech_driver [None req-52d80dda-ffb1-4164-adbc-1e427b6a398b - - - - - -] OVN reports status down for port: b380f7ee-45b0-401d-89e6-4041b335e1b0 /var/lib/openstack/lib/python3.12/site-packages/pycadf/identifier.py:70: UserWarning: Invalid uuid: neutron. To ensure interoperability, identifiers should be a valid uuid. warnings.warn(('Invalid uuid: %s. To ensure interoperability, ' [pid: 7|app: 0|req: 963/1775] 10.0.0.103 () {34 vars in 664 bytes} [Thu Apr 2 18:00:32 2026] POST /v2.0/ports => generated 743 bytes in 392 msecs (HTTP/1.1 201) 4 headers in 162 bytes (1 switches on core 0) /var/lib/openstack/lib/python3.12/site-packages/pycadf/identifier.py:70: UserWarning: Invalid uuid: neutron. To ensure interoperability, identifiers should be a valid uuid. warnings.warn(('Invalid uuid: %s. To ensure interoperability, '
2026-04-02 18:00:32.673 8 INFO neutron.plugins.ml2.drivers.ovn.mech_driver.mech_driver [None req-52d80dda-ffb1-4164-adbc-1e427b6a398b - - - - - -] OVN reports status down for port: 7b509669-6b94-41d9-919c-84c23f47487e
2026-04-02 18:00:32.688 8 INFO neutron.plugins.ml2.drivers.ovn.mech_driver.mech_driver [None req-52d80dda-ffb1-4164-adbc-1e427b6a398b - - - - - -] OVN reports status down for port: 909cf4a7-068e-4744-93b4-c693954a0a5c
2026-04-02 18:00:32.708 8 INFO neutron.plugins.ml2.drivers.ovn.mech_driver.mech_driver [None req-52d80dda-ffb1-4164-adbc-1e427b6a398b - - - - - -] OVN reports status up for port: 909cf4a7-068e-4744-93b4-c693954a0a5c
2026-04-02 18:00:32.728 8 INFO neutron.plugins.ml2.drivers.ovn.mech_driver.mech_driver [None req-52d80dda-ffb1-4164-adbc-1e427b6a398b - - - - - -] OVN reports status down for port: 6d319a4c-0043-44e2-a358-8b3cac712704
2026-04-02 18:00:32.918 8 INFO neutron.plugins.ml2.drivers.ovn.mech_driver.mech_driver [None req-52d80dda-ffb1-4164-adbc-1e427b6a398b - - - - - -] OVN reports status down for port: 91af256b-96ff-4117-8c25-b1ee3a141793
2026-04-02 18:00:32.960 8 INFO neutron.db.ovn_revision_numbers_db [None req-8b245cd4-81b6-4c9c-af83-6e8523b9e45f 4c0592c98a164681a9209a96d91740a0 ebe176ac1890409cba9a5e40ac272642 - - default default] Successfully bumped revision number for resource b8582cbd-3cf7-406f-82f1-a645fc233add (type: security_groups) to 1 [pid: 7|app: 0|req: 964/1776] 10.0.0.103 () {32 vars in 740 bytes} [Thu Apr 2 18:00:32 2026] DELETE /v2.0/security-groups/7efadeec-df21-42df-9424-7a79a2536bbb => generated 0 bytes in 308 msecs (HTTP/1.1 204) 2 headers in 112 bytes (1 switches on core 0)
2026-04-02 18:00:32.991 8 INFO neutron.db.ovn_revision_numbers_db [None req-8b245cd4-81b6-4c9c-af83-6e8523b9e45f 4c0592c98a164681a9209a96d91740a0 ebe176ac1890409cba9a5e40ac272642 - - default default] Successfully bumped revision number for resource 2c7ed11a-f19d-41ca-aadd-b39f362c4929 (type: security_group_rules) to 0 [pid: 7|app: 0|req: 965/1777] 10.0.0.103 () {32 vars in 736 bytes} [Thu Apr 2 18:00:32 2026] GET /v2.0/ports?device_id=5056bc71-688c-4bb0-a6b9-070e9822731e => generated 12 bytes in 16 msecs (HTTP/1.1 200) 4 headers in 156 bytes (1 switches on core 0)
2026-04-02 18:00:33.014 8 INFO neutron.db.ovn_revision_numbers_db [None req-8b245cd4-81b6-4c9c-af83-6e8523b9e45f 4c0592c98a164681a9209a96d91740a0 ebe176ac1890409cba9a5e40ac272642 - - default default] Successfully bumped revision number for resource 62b0d829-7610-4e87-8e8a-6242bee67047 (type: security_group_rules) to 0
2026-04-02 18:00:33.036 8 INFO neutron.db.ovn_revision_numbers_db [None req-8b245cd4-81b6-4c9c-af83-6e8523b9e45f 4c0592c98a164681a9209a96d91740a0 ebe176ac1890409cba9a5e40ac272642 - - default default] Successfully bumped revision number for resource 94af02dd-26d3-4815-899a-6d9c60dca04f (type: security_group_rules) to 0
2026-04-02 18:00:33.054 8 INFO neutron.db.ovn_revision_numbers_db [None req-8b245cd4-81b6-4c9c-af83-6e8523b9e45f 4c0592c98a164681a9209a96d91740a0 ebe176ac1890409cba9a5e40ac272642 - - default default] Successfully bumped revision number for resource ea63e419-f3c5-4a40-8c71-901bf6236c24 (type: security_group_rules) to 0
2026-04-02 18:00:33.081 7 INFO neutron.db.segments_db [None req-07fbcc4a-f53f-449d-8cbc-333a053b28a3 4eee89facc76429b8fede9ecac0392ff 07e970b10e454a6cab6704e4f7bfd41a - - default default] Added segment 9528e6e5-9d01-4a09-9007-2f2d1009daa5 of type geneve for network 5b801c4f-4407-43b5-9dea-d330f8ee9f16 [pid: 8|app: 0|req: 813/1778] 10.0.0.103 () {32 vars in 774 bytes} [Thu Apr 2 18:00:32 2026] GET /v2.0/security-groups?tenant_id=b0ba2cac437347f9a90a0b517e6c9ff3&name=default => generated 2925 bytes in 573 msecs (HTTP/1.1 200) 4 headers in 158 bytes (1 switches on core 0)
2026-04-02 18:00:33.107 8 INFO neutron.api.v2.resource [None req-669512e2-aa3d-4f15-9270-38a680ebc5c4 10d30e89d2d54a78b2766fdc2ef4f512 72e773e2d7894519b99c6f56699feb4e - - default default] delete failed (client error): The resource could not be found. [pid: 8|app: 0|req: 814/1779] 10.0.0.103 () {32 vars in 724 bytes} [Thu Apr 2 18:00:33 2026] DELETE /v2.0/routers/5056bc71-688c-4bb0-a6b9-070e9822731e => generated 135 bytes in 16 msecs (HTTP/1.1 404) 4 headers in 164 bytes (1 switches on core 0)
2026-04-02 18:00:33.205 7 INFO neutron.db.ovn_revision_numbers_db [None req-07fbcc4a-f53f-449d-8cbc-333a053b28a3 4eee89facc76429b8fede9ecac0392ff 07e970b10e454a6cab6704e4f7bfd41a - - default default] Successfully bumped revision number for resource 5b801c4f-4407-43b5-9dea-d330f8ee9f16 (type: networks) to 1 [pid: 8|app: 0|req: 815/1780] 10.0.0.103 () {32 vars in 740 bytes} [Thu Apr 2 18:00:33 2026] DELETE /v2.0/security-groups/b8582cbd-3cf7-406f-82f1-a645fc233add => generated 0 bytes in 298 msecs (HTTP/1.1 204) 2 headers in 112 bytes (1 switches on core 0)
2026-04-02 18:00:33.417 8 INFO neutron.pecan_wsgi.hooks.translation [None req-41b6d95a-cc6f-46f1-971a-991b4376c538 10d30e89d2d54a78b2766fdc2ef4f512 72e773e2d7894519b99c6f56699feb4e - - default default] DELETE failed (client error): The resource could not be found. [pid: 8|app: 0|req: 816/1781] 10.0.0.103 () {32 vars in 724 bytes} [Thu Apr 2 18:00:33 2026] DELETE /v2.0/subnets/62c1f84d-c9d1-4dc9-9cd3-4fb77a2cafb2 => generated 136 bytes in 13 msecs (HTTP/1.1 404) 4 headers in 164 bytes (1 switches on core 0)
2026-04-02 18:00:33.421 7 WARNING neutron.scheduler.dhcp_agent_scheduler [None req-07fbcc4a-f53f-449d-8cbc-333a053b28a3 4eee89facc76429b8fede9ecac0392ff 07e970b10e454a6cab6704e4f7bfd41a - - default default] No more DHCP agents
2026-04-02 18:00:33.423 7 WARNING neutron.api.rpc.agentnotifiers.dhcp_rpc_agent_api [None req-07fbcc4a-f53f-449d-8cbc-333a053b28a3 4eee89facc76429b8fede9ecac0392ff 07e970b10e454a6cab6704e4f7bfd41a - - default default] Unable to schedule network 5b801c4f-4407-43b5-9dea-d330f8ee9f16: no agents available; will retry on subsequent port and subnet creation events. [pid: 8|app: 0|req: 817/1782] 10.0.0.103 () {32 vars in 736 bytes} [Thu Apr 2 18:00:33 2026] GET /v2.0/ports?device_id=c10a5fbc-0eee-49ef-bc85-976ab2a07b08 => generated 12 bytes in 15 msecs (HTTP/1.1 200) 4 headers in 156 bytes (1 switches on core 0)
2026-04-02 18:00:33.485 8 INFO neutron.api.v2.resource [None req-42e3d04e-3359-43a0-b9a4-e96c40bb1021 10d30e89d2d54a78b2766fdc2ef4f512 72e773e2d7894519b99c6f56699feb4e - - default default] delete failed (client error): The resource could not be found. [pid: 8|app: 0|req: 818/1783] 10.0.0.103 () {32 vars in 724 bytes} [Thu Apr 2 18:00:33 2026] DELETE /v2.0/routers/c10a5fbc-0eee-49ef-bc85-976ab2a07b08 => generated 135 bytes in 43 msecs (HTTP/1.1 404) 4 headers in 164 bytes (1 switches on core 0)
2026-04-02 18:00:33.531 8 INFO neutron.pecan_wsgi.hooks.translation [None req-bc68f784-7af0-45f0-a2fc-a959c75c89e1 10d30e89d2d54a78b2766fdc2ef4f512 72e773e2d7894519b99c6f56699feb4e - - default default] DELETE failed (client error): The resource could not be found. [pid: 8|app: 0|req: 819/1784] 10.0.0.103 () {32 vars in 724 bytes} [Thu Apr 2 18:00:33 2026] DELETE /v2.0/subnets/c977e73b-bccf-457d-bbe2-126e60e013f5 => generated 136 bytes in 43 msecs (HTTP/1.1 404) 4 headers in 164 bytes (1 switches on core 0)
2026-04-02 18:00:33.541 7 INFO neutron.db.ovn_revision_numbers_db [None req-07fbcc4a-f53f-449d-8cbc-333a053b28a3 4eee89facc76429b8fede9ecac0392ff 07e970b10e454a6cab6704e4f7bfd41a - - default default] Successfully bumped revision number for resource f28fef11-58b3-484f-95d2-2796feb9c531 (type: ports) to 1
2026-04-02 18:00:33.543 8 INFO neutron.plugins.ml2.drivers.ovn.mech_driver.mech_driver [None req-52d80dda-ffb1-4164-adbc-1e427b6a398b - - - - - -] OVN reports status down for port: f28fef11-58b3-484f-95d2-2796feb9c531 [pid: 7|app: 0|req: 966/1785] 10.0.0.103 () {34 vars in 670 bytes} [Thu Apr 2 18:00:32 2026] POST /v2.0/networks => generated 650 bytes in 566 msecs (HTTP/1.1 201) 4 headers in 162 bytes (1 switches on core 0) [pid: 7|app: 0|req: 967/1786] 10.0.0.103 () {32 vars in 736 bytes} [Thu Apr 2 18:00:33 2026] GET /v2.0/ports?device_id=88fe46b6-6209-45c5-97f1-074db86dd52c => generated 12 bytes in 14 msecs (HTTP/1.1 200) 4 headers in 156 bytes (1 switches on core 0)
2026-04-02 18:00:33.774 8 INFO neutron.db.ovn_revision_numbers_db [None req-ac83c687-be47-43e1-b854-d5cbb1da0857 4c0592c98a164681a9209a96d91740a0 ebe176ac1890409cba9a5e40ac272642 - - default default] Successfully bumped revision number for resource d09068b2-5cd0-4540-8aa7-12f1b1aefda8 (type: security_groups) to 1
2026-04-02 18:00:33.784 8 INFO neutron.db.ovn_revision_numbers_db [None req-ac83c687-be47-43e1-b854-d5cbb1da0857 4c0592c98a164681a9209a96d91740a0 ebe176ac1890409cba9a5e40ac272642 - - default default] Successfully bumped revision number for resource 35eafe0a-3194-479b-aba6-321890811741 (type: security_group_rules) to 0
2026-04-02 18:00:33.794 8 INFO neutron.db.ovn_revision_numbers_db [None req-ac83c687-be47-43e1-b854-d5cbb1da0857 4c0592c98a164681a9209a96d91740a0 ebe176ac1890409cba9a5e40ac272642 - - default default] Successfully bumped revision number for resource 4db81a3b-c3e0-4eb9-a953-1f91c1e23e4f (type: security_group_rules) to 0
2026-04-02 18:00:33.803 8 INFO neutron.db.ovn_revision_numbers_db [None req-ac83c687-be47-43e1-b854-d5cbb1da0857 4c0592c98a164681a9209a96d91740a0 ebe176ac1890409cba9a5e40ac272642 - - default default] Successfully bumped revision number for resource af172dd7-2038-42eb-823d-cb90def69523 (type: security_group_rules) to 0
2026-04-02 18:00:33.814 8 INFO neutron.db.ovn_revision_numbers_db [None req-ac83c687-be47-43e1-b854-d5cbb1da0857 4c0592c98a164681a9209a96d91740a0 ebe176ac1890409cba9a5e40ac272642 - - default default] Successfully bumped revision number for resource cf9094a1-d373-4969-98eb-6e83eb47fd7e (type: security_group_rules) to 0
2026-04-02 18:00:33.839 7 WARNING neutron.scheduler.dhcp_agent_scheduler [None req-c8eb3b8d-2510-462c-bced-e430ed686173 4eee89facc76429b8fede9ecac0392ff 07e970b10e454a6cab6704e4f7bfd41a - - default default] No more DHCP agents
2026-04-02 18:00:33.840 7 WARNING neutron.api.rpc.agentnotifiers.dhcp_rpc_agent_api [None req-c8eb3b8d-2510-462c-bced-e430ed686173 4eee89facc76429b8fede9ecac0392ff 07e970b10e454a6cab6704e4f7bfd41a - - default default] Unable to schedule network 5b801c4f-4407-43b5-9dea-d330f8ee9f16: no agents available; will retry on subsequent port and subnet creation events. [pid: 8|app: 0|req: 820/1787] 10.0.0.103 () {32 vars in 774 bytes} [Thu Apr 2 18:00:33 2026] GET /v2.0/security-groups?tenant_id=06825515082244f580ff2d049bb1eca4&name=default => generated 2925 bytes in 311 msecs (HTTP/1.1 200) 4 headers in 158 bytes (1 switches on core 0)
2026-04-02 18:00:33.860 8 INFO neutron.api.v2.resource [None req-31047f9a-e0a2-436a-8ea3-7d285a24d035 10d30e89d2d54a78b2766fdc2ef4f512 72e773e2d7894519b99c6f56699feb4e - - default default] delete failed (client error): The resource could not be found. [pid: 8|app: 0|req: 821/1788] 10.0.0.103 () {32 vars in 724 bytes} [Thu Apr 2 18:00:33 2026] DELETE /v2.0/routers/88fe46b6-6209-45c5-97f1-074db86dd52c => generated 135 bytes in 14 msecs (HTTP/1.1 404) 4 headers in 164 bytes (1 switches on core 0)
2026-04-02 18:00:33.945 8 INFO neutron.plugins.ml2.drivers.ovn.mech_driver.mech_driver [None req-52d80dda-ffb1-4164-adbc-1e427b6a398b - - - - - -] OVN reports status down for port: 8cb41e21-875a-4469-8aa1-b2f9355d79f1
