2026-04-02 18:06:46.352 7 INFO neutron_taas.services.taas.tap_mirror_plugin [req-d2ac8351-352e-4f8a-9aae-ae0b77780a17 req-649d816e-b4b1-4dc6-9463-4f94cadb18c3 31c9e417041d4acda162ed3015c0eef2 5be7d1ccda484abe86f76442f7aba058 - - default default] Tap Mirror: Handle Delete Port: eae6b47d-0815-4731-847e-a2fcc8c5f377 [pid: 7|app: 0|req: 1926/3652] 199.204.45.116 () {36 vars in 997 bytes} [Thu Apr 2 18:06:46 2026] DELETE /v2.0/ports/eae6b47d-0815-4731-847e-a2fcc8c5f377 => generated 0 bytes in 352 msecs (HTTP/1.1 204) 3 headers in 131 bytes (1 switches on core 0)
2026-04-02 18:06:46.598 7 INFO neutron.notifiers.nova [-] Nova event matching ['req-032771d5-507e-4aa4-9b41-0929d53e9cb9'] response: {'server_uuid': 'f88badb9-d37a-445b-8225-bfa857cc3518', 'name': 'network-vif-deleted', 'tag': 'eae6b47d-0815-4731-847e-a2fcc8c5f377', 'status': 'completed', 'code': 200}
2026-04-02 18:06:47.154 8 INFO neutron.notifiers.nova [-] Nova event matching ['req-3e6a074a-92b7-49bc-b421-ead5305694e5'] response: {'server_uuid': 'f88badb9-d37a-445b-8225-bfa857cc3518', 'name': 'network-vif-unplugged', 'status': 'completed', 'tag': 'eae6b47d-0815-4731-847e-a2fcc8c5f377', 'code': 200} [pid: 8|app: 0|req: 1727/3653] 10.0.0.67 () {34 vars in 989 bytes} [Thu Apr 2 18:06:49 2026] GET /v2.0/ports?device_id=f88badb9-d37a-445b-8225-bfa857cc3518 => generated 12 bytes in 22 msecs (HTTP/1.1 200) 4 headers in 156 bytes (1 switches on core 0) [pid: 7|app: 0|req: 1927/3654] 10.0.0.103 () {32 vars in 750 bytes} [Thu Apr 2 18:06:54 2026] DELETE /v2.0/security-group-rules/f3d8826f-1e29-4cc5-befe-c9049b89b5c9 => generated 0 bytes in 170 msecs (HTTP/1.1 204) 2 headers in 112 bytes (1 switches on core 0)
2026-04-02 18:06:54.355 8 INFO neutron.api.v2.resource [None req-d1d63c3e-70fa-47a6-b9a1-da04f378f541 31c9e417041d4acda162ed3015c0eef2 5be7d1ccda484abe86f76442f7aba058 - - default default] show failed (client error): The resource could not be found. [pid: 8|app: 0|req: 1728/3655] 10.0.0.103 () {32 vars in 747 bytes} [Thu Apr 2 18:06:54 2026] GET /v2.0/security-group-rules/f3d8826f-1e29-4cc5-befe-c9049b89b5c9 => generated 155 bytes in 12 msecs (HTTP/1.1 404) 4 headers in 164 bytes (1 switches on core 0) [pid: 7|app: 0|req: 1928/3656] 10.0.0.103 () {32 vars in 750 bytes} [Thu Apr 2 18:06:54 2026] DELETE /v2.0/security-group-rules/d04c5582-b22c-4a22-91ab-6664a8b34349 => generated 0 bytes in 151 msecs (HTTP/1.1 204) 2 headers in 112 bytes (1 switches on core 0)
2026-04-02 18:06:54.528 8 INFO neutron.api.v2.resource [None req-55c8def6-056c-4eec-9fee-f98543fb7148 31c9e417041d4acda162ed3015c0eef2 5be7d1ccda484abe86f76442f7aba058 - - default default] show failed (client error): The resource could not be found. [pid: 8|app: 0|req: 1729/3657] 10.0.0.103 () {32 vars in 747 bytes} [Thu Apr 2 18:06:54 2026] GET /v2.0/security-group-rules/d04c5582-b22c-4a22-91ab-6664a8b34349 => generated 155 bytes in 12 msecs (HTTP/1.1 404) 4 headers in 164 bytes (1 switches on core 0) [pid: 7|app: 0|req: 1929/3658] 10.0.0.103 () {32 vars in 750 bytes} [Thu Apr 2 18:06:54 2026] DELETE /v2.0/security-group-rules/06f6016f-7bc5-4c76-a60b-60d38d74ca40 => generated 0 bytes in 133 msecs (HTTP/1.1 204) 2 headers in 112 bytes (1 switches on core 0)
2026-04-02 18:06:54.684 8 INFO neutron.api.v2.resource [None req-88ba5f3c-8a43-420c-8e25-f2ce7e597ea5 31c9e417041d4acda162ed3015c0eef2 5be7d1ccda484abe86f76442f7aba058 - - default default] show failed (client error): The resource could not be found. [pid: 8|app: 0|req: 1730/3659] 10.0.0.103 () {32 vars in 747 bytes} [Thu Apr 2 18:06:54 2026] GET /v2.0/security-group-rules/06f6016f-7bc5-4c76-a60b-60d38d74ca40 => generated 155 bytes in 13 msecs (HTTP/1.1 404) 4 headers in 164 bytes (1 switches on core 0) [pid: 7|app: 0|req: 1930/3660] 10.0.0.103 () {32 vars in 750 bytes} [Thu Apr 2 18:06:54 2026] DELETE /v2.0/security-group-rules/ad04a9e1-292c-464c-8fae-c29b6ea1d3da => generated 0 bytes in 139 msecs (HTTP/1.1 204) 2 headers in 112 bytes (1 switches on core 0)
2026-04-02 18:06:54.844 8 INFO neutron.api.v2.resource [None req-ac87a667-1412-47c8-b88e-b7b57238ee7a 31c9e417041d4acda162ed3015c0eef2 5be7d1ccda484abe86f76442f7aba058 - - default default] show failed (client error): The resource could not be found. [pid: 8|app: 0|req: 1731/3661] 10.0.0.103 () {32 vars in 747 bytes} [Thu Apr 2 18:06:54 2026] GET /v2.0/security-group-rules/ad04a9e1-292c-464c-8fae-c29b6ea1d3da => generated 155 bytes in 11 msecs (HTTP/1.1 404) 4 headers in 164 bytes (1 switches on core 0) [pid: 7|app: 0|req: 1931/3662] 10.0.0.103 () {32 vars in 750 bytes} [Thu Apr 2 18:06:54 2026] DELETE /v2.0/security-group-rules/38baad75-a1e1-486a-9ce4-495b0ea8117b => generated 0 bytes in 128 msecs (HTTP/1.1 204) 2 headers in 112 bytes (1 switches on core 0)
2026-04-02 18:06:54.993 8 INFO neutron.api.v2.resource [None req-5fc9ebe8-faed-4858-9430-6316b4167de2 31c9e417041d4acda162ed3015c0eef2 5be7d1ccda484abe86f76442f7aba058 - - default default] show failed (client error): The resource could not be found. [pid: 8|app: 0|req: 1732/3663] 10.0.0.103 () {32 vars in 747 bytes} [Thu Apr 2 18:06:54 2026] GET /v2.0/security-group-rules/38baad75-a1e1-486a-9ce4-495b0ea8117b => generated 155 bytes in 11 msecs (HTTP/1.1 404) 4 headers in 164 bytes (1 switches on core 0) [pid: 7|app: 0|req: 1932/3664] 10.0.0.103 () {32 vars in 750 bytes} [Thu Apr 2 18:06:54 2026] DELETE /v2.0/security-group-rules/1176a2f9-3011-418a-a901-559db221b6a1 => generated 0 bytes in 136 msecs (HTTP/1.1 204) 2 headers in 112 bytes (1 switches on core 0)
2026-04-02 18:06:55.150 8 INFO neutron.api.v2.resource [None req-a1119fba-7218-4284-84ae-f94815f53f53 31c9e417041d4acda162ed3015c0eef2 5be7d1ccda484abe86f76442f7aba058 - - default default] show failed (client error): The resource could not be found. [pid: 8|app: 0|req: 1733/3665] 10.0.0.103 () {32 vars in 747 bytes} [Thu Apr 2 18:06:55 2026] GET /v2.0/security-group-rules/1176a2f9-3011-418a-a901-559db221b6a1 => generated 155 bytes in 11 msecs (HTTP/1.1 404) 4 headers in 164 bytes (1 switches on core 0) [pid: 7|app: 0|req: 1933/3666] 10.0.0.103 () {32 vars in 750 bytes} [Thu Apr 2 18:06:55 2026] DELETE /v2.0/security-group-rules/3f09c681-55d5-41bc-a25b-c077d573afa9 => generated 0 bytes in 103 msecs (HTTP/1.1 204) 2 headers in 112 bytes (1 switches on core 0)
2026-04-02 18:06:55.274 8 INFO neutron.api.v2.resource [None req-ea98ceb6-1935-4a8b-a47a-56ff3e2cf4cc 31c9e417041d4acda162ed3015c0eef2 5be7d1ccda484abe86f76442f7aba058 - - default default] show failed (client error): The resource could not be found. [pid: 8|app: 0|req: 1734/3667] 10.0.0.103 () {32 vars in 747 bytes} [Thu Apr 2 18:06:55 2026] GET /v2.0/security-group-rules/3f09c681-55d5-41bc-a25b-c077d573afa9 => generated 155 bytes in 12 msecs (HTTP/1.1 404) 4 headers in 164 bytes (1 switches on core 0) [pid: 7|app: 0|req: 1934/3668] 10.0.0.103 () {32 vars in 750 bytes} [Thu Apr 2 18:06:55 2026] DELETE /v2.0/security-group-rules/1ad3167c-16f4-48de-a0d2-8c03e7b301b8 => generated 0 bytes in 140 msecs (HTTP/1.1 204) 2 headers in 112 bytes (1 switches on core 0)
2026-04-02 18:06:55.437 8 INFO neutron.api.v2.resource [None req-918ca50a-4eb8-4f89-9566-c45d6e37175e 31c9e417041d4acda162ed3015c0eef2 5be7d1ccda484abe86f76442f7aba058 - - default default] show failed (client error): The resource could not be found. [pid: 8|app: 0|req: 1735/3669] 10.0.0.103 () {32 vars in 747 bytes} [Thu Apr 2 18:06:55 2026] GET /v2.0/security-group-rules/1ad3167c-16f4-48de-a0d2-8c03e7b301b8 => generated 155 bytes in 13 msecs (HTTP/1.1 404) 4 headers in 164 bytes (1 switches on core 0) [pid: 7|app: 0|req: 1935/3670] 10.0.0.103 () {32 vars in 750 bytes} [Thu Apr 2 18:06:55 2026] DELETE /v2.0/security-group-rules/afbd388f-0339-4efe-94aa-03fd4b141559 => generated 0 bytes in 128 msecs (HTTP/1.1 204) 2 headers in 112 bytes (1 switches on core 0)
2026-04-02 18:06:55.587 8 INFO neutron.api.v2.resource [None req-f21fcd27-c4c8-4f30-b5d4-f080287362ac 31c9e417041d4acda162ed3015c0eef2 5be7d1ccda484abe86f76442f7aba058 - - default default] show failed (client error): The resource could not be found. [pid: 8|app: 0|req: 1736/3671] 10.0.0.103 () {32 vars in 747 bytes} [Thu Apr 2 18:06:55 2026] GET /v2.0/security-group-rules/afbd388f-0339-4efe-94aa-03fd4b141559 => generated 155 bytes in 12 msecs (HTTP/1.1 404) 4 headers in 164 bytes (1 switches on core 0) [pid: 7|app: 0|req: 1936/3672] 10.0.0.103 () {32 vars in 750 bytes} [Thu Apr 2 18:06:55 2026] DELETE /v2.0/security-group-rules/386680f4-6a1b-48a5-a00b-82c9ddb5505e => generated 0 bytes in 111 msecs (HTTP/1.1 204) 2 headers in 112 bytes (1 switches on core 0)
2026-04-02 18:06:55.722 8 INFO neutron.api.v2.resource [None req-5a9301f5-77df-4a8c-a256-5fbf7c35dbeb 31c9e417041d4acda162ed3015c0eef2 5be7d1ccda484abe86f76442f7aba058 - - default default] show failed (client error): The resource could not be found. [pid: 8|app: 0|req: 1737/3673] 10.0.0.103 () {32 vars in 747 bytes} [Thu Apr 2 18:06:55 2026] GET /v2.0/security-group-rules/386680f4-6a1b-48a5-a00b-82c9ddb5505e => generated 155 bytes in 15 msecs (HTTP/1.1 404) 4 headers in 164 bytes (1 switches on core 0) [pid: 7|app: 0|req: 1937/3674] 10.0.0.103 () {32 vars in 750 bytes} [Thu Apr 2 18:06:55 2026] DELETE /v2.0/security-group-rules/b568f504-c189-408c-8ce0-8087f0723038 => generated 0 bytes in 114 msecs (HTTP/1.1 204) 2 headers in 112 bytes (1 switches on core 0)
2026-04-02 18:06:55.861 8 INFO neutron.api.v2.resource [None req-4bd18058-c8f3-4d0d-a217-98c200094011 31c9e417041d4acda162ed3015c0eef2 5be7d1ccda484abe86f76442f7aba058 - - default default] show failed (client error): The resource could not be found. [pid: 8|app: 0|req: 1738/3675] 10.0.0.103 () {32 vars in 747 bytes} [Thu Apr 2 18:06:55 2026] GET /v2.0/security-group-rules/b568f504-c189-408c-8ce0-8087f0723038 => generated 155 bytes in 14 msecs (HTTP/1.1 404) 4 headers in 164 bytes (1 switches on core 0) [pid: 7|app: 0|req: 1938/3676] 10.0.0.103 () {32 vars in 740 bytes} [Thu Apr 2 18:06:55 2026] DELETE /v2.0/security-groups/49e4cfff-df6d-4aab-a06a-f7408aa4a50a => generated 0 bytes in 118 msecs (HTTP/1.1 204) 2 headers in 112 bytes (1 switches on core 0)
2026-04-02 18:06:56.005 8 INFO neutron.api.v2.resource [None req-a19e4cdf-31b9-492a-84e3-95a2dd5b2733 31c9e417041d4acda162ed3015c0eef2 5be7d1ccda484abe86f76442f7aba058 - - default default] show failed (client error): The resource could not be found. [pid: 8|app: 0|req: 1739/3677] 10.0.0.103 () {32 vars in 737 bytes} [Thu Apr 2 18:06:55 2026] GET /v2.0/security-groups/49e4cfff-df6d-4aab-a06a-f7408aa4a50a => generated 146 bytes in 16 msecs (HTTP/1.1 404) 4 headers in 164 bytes (1 switches on core 0)
2026-04-02 18:06:56.300 7 INFO neutron_taas.services.taas.taas_plugin [None req-2570527f-b7fb-4728-ba6b-4e5f5b149815 31c9e417041d4acda162ed3015c0eef2 5be7d1ccda484abe86f76442f7aba058 - - default default] TaaS: Handle Delete Port: 51bd148b-4b34-4ab6-99a5-1a0b966b1301
2026-04-02 18:06:56.304 7 INFO neutron_taas.services.taas.tap_mirror_plugin [None req-2570527f-b7fb-4728-ba6b-4e5f5b149815 31c9e417041d4acda162ed3015c0eef2 5be7d1ccda484abe86f76442f7aba058 - - default default] Tap Mirror: Handle Delete Port: 51bd148b-4b34-4ab6-99a5-1a0b966b1301 [pid: 7|app: 0|req: 1939/3678] 10.0.0.103 () {34 vars in 789 bytes} [Thu Apr 2 18:06:56 2026] PUT /v2.0/routers/4ed8cd5a-28a8-45e7-bd5d-0cb1ba00a89a/remove_router_interface => generated 309 bytes in 799 msecs (HTTP/1.1 200) 4 headers in 157 bytes (1 switches on core 0)
2026-04-02 18:06:56.963 8 INFO neutron.api.v2.resource [None req-df18c944-53df-4096-b8f8-5e6e26af1961 31c9e417041d4acda162ed3015c0eef2 5be7d1ccda484abe86f76442f7aba058 - - default default] remove_router_interface failed (client error): The resource could not be found. [pid: 8|app: 0|req: 1740/3679] 10.0.0.103 () {34 vars in 789 bytes} [Thu Apr 2 18:06:56 2026] PUT /v2.0/routers/4ed8cd5a-28a8-45e7-bd5d-0cb1ba00a89a/remove_router_interface => generated 198 bytes in 109 msecs (HTTP/1.1 404) 4 headers in 164 bytes (1 switches on core 0) /var/lib/openstack/lib/python3.12/site-packages/pycadf/identifier.py:70: UserWarning: Invalid uuid: neutron. To ensure interoperability, identifiers should be a valid uuid. warnings.warn(('Invalid uuid: %s. To ensure interoperability, '
2026-04-02 18:06:57.231 7 INFO neutron_taas.services.taas.taas_plugin [None req-0a320720-cad6-4bf3-8d48-de57c1485a4c 31c9e417041d4acda162ed3015c0eef2 5be7d1ccda484abe86f76442f7aba058 - - default default] TaaS: Handle Delete Port: b0fd7f29-aa4f-47cc-bdf8-34ee3b5be820
2026-04-02 18:06:57.234 7 INFO neutron_taas.services.taas.tap_mirror_plugin [None req-0a320720-cad6-4bf3-8d48-de57c1485a4c 31c9e417041d4acda162ed3015c0eef2 5be7d1ccda484abe86f76442f7aba058 - - default default] Tap Mirror: Handle Delete Port: b0fd7f29-aa4f-47cc-bdf8-34ee3b5be820 [pid: 7|app: 0|req: 1940/3680] 10.0.0.103 () {34 vars in 789 bytes} [Thu Apr 2 18:06:56 2026] PUT /v2.0/routers/4ed8cd5a-28a8-45e7-bd5d-0cb1ba00a89a/remove_router_interface => generated 309 bytes in 872 msecs (HTTP/1.1 200) 4 headers in 157 bytes (1 switches on core 0)
2026-04-02 18:06:57.942 8 INFO neutron.api.v2.resource [None req-55bfa562-00a3-433e-9126-f36f61a2913b 31c9e417041d4acda162ed3015c0eef2 5be7d1ccda484abe86f76442f7aba058 - - default default] remove_router_interface failed (client error): The resource could not be found. [pid: 8|app: 0|req: 1741/3681] 10.0.0.103 () {34 vars in 789 bytes} [Thu Apr 2 18:06:57 2026] PUT /v2.0/routers/4ed8cd5a-28a8-45e7-bd5d-0cb1ba00a89a/remove_router_interface => generated 198 bytes in 92 msecs (HTTP/1.1 404) 4 headers in 164 bytes (1 switches on core 0) /var/lib/openstack/lib/python3.12/site-packages/pycadf/identifier.py:70: UserWarning: Invalid uuid: neutron. To ensure interoperability, identifiers should be a valid uuid. warnings.warn(('Invalid uuid: %s. To ensure interoperability, '
2026-04-02 18:06:58.212 7 INFO neutron_taas.services.taas.taas_plugin [None req-2ab09529-4853-4ada-97f4-d20d3997917d 31c9e417041d4acda162ed3015c0eef2 5be7d1ccda484abe86f76442f7aba058 - - default default] TaaS: Handle Delete Port: 9efdcc1d-e484-4873-a15b-c1219ce618b9
2026-04-02 18:06:58.216 7 INFO neutron_taas.services.taas.tap_mirror_plugin [None req-2ab09529-4853-4ada-97f4-d20d3997917d 31c9e417041d4acda162ed3015c0eef2 5be7d1ccda484abe86f76442f7aba058 - - default default] Tap Mirror: Handle Delete Port: 9efdcc1d-e484-4873-a15b-c1219ce618b9 [pid: 7|app: 0|req: 1941/3684] 10.0.0.103 () {34 vars in 789 bytes} [Thu Apr 2 18:06:57 2026] PUT /v2.0/routers/4ed8cd5a-28a8-45e7-bd5d-0cb1ba00a89a/remove_router_interface => generated 309 bytes in 801 msecs (HTTP/1.1 200) 4 headers in 157 bytes (1 switches on core 0)
2026-04-02 18:06:58.862 8 INFO neutron.api.v2.resource [None req-d98974dd-d612-4c2b-91f5-6efd09c45e75 31c9e417041d4acda162ed3015c0eef2 5be7d1ccda484abe86f76442f7aba058 - - default default] remove_router_interface failed (client error): The resource could not be found. [pid: 8|app: 0|req: 1744/3685] 10.0.0.103 () {34 vars in 789 bytes} [Thu Apr 2 18:06:58 2026] PUT /v2.0/routers/4ed8cd5a-28a8-45e7-bd5d-0cb1ba00a89a/remove_router_interface => generated 198 bytes in 111 msecs (HTTP/1.1 404) 4 headers in 164 bytes (1 switches on core 0) /var/lib/openstack/lib/python3.12/site-packages/pycadf/identifier.py:70: UserWarning: Invalid uuid: neutron. To ensure interoperability, identifiers should be a valid uuid. warnings.warn(('Invalid uuid: %s. To ensure interoperability, '
2026-04-02 18:06:59.147 7 INFO neutron_taas.services.taas.taas_plugin [None req-be19c67c-64be-4c11-b3e5-d618a63566b4 31c9e417041d4acda162ed3015c0eef2 5be7d1ccda484abe86f76442f7aba058 - - default default] TaaS: Handle Delete Port: e0c52dfe-54ec-4e12-af86-47d80169c6ea
2026-04-02 18:06:59.150 7 INFO neutron_taas.services.taas.tap_mirror_plugin [None req-be19c67c-64be-4c11-b3e5-d618a63566b4 31c9e417041d4acda162ed3015c0eef2 5be7d1ccda484abe86f76442f7aba058 - - default default] Tap Mirror: Handle Delete Port: e0c52dfe-54ec-4e12-af86-47d80169c6ea [pid: 7|app: 0|req: 1942/3686] 10.0.0.103 () {32 vars in 724 bytes} [Thu Apr 2 18:06:58 2026] DELETE /v2.0/routers/4ed8cd5a-28a8-45e7-bd5d-0cb1ba00a89a => generated 0 bytes in 767 msecs (HTTP/1.1 204) 2 headers in 112 bytes (1 switches on core 0)
2026-04-02 18:06:59.667 8 INFO neutron.api.v2.resource [None req-604a8954-bd01-4adc-b45b-5c9f82b48919 31c9e417041d4acda162ed3015c0eef2 5be7d1ccda484abe86f76442f7aba058 - - default default] show failed (client error): The resource could not be found. [pid: 8|app: 0|req: 1745/3687] 10.0.0.103 () {32 vars in 721 bytes} [Thu Apr 2 18:06:59 2026] GET /v2.0/routers/4ed8cd5a-28a8-45e7-bd5d-0cb1ba00a89a => generated 135 bytes in 27 msecs (HTTP/1.1 404) 4 headers in 164 bytes (1 switches on core 0) [pid: 7|app: 0|req: 1943/3688] 10.0.0.103 () {32 vars in 724 bytes} [Thu Apr 2 18:06:59 2026] DELETE /v2.0/subnets/a6eb4847-d33b-4606-a1eb-5acdc89c792c => generated 0 bytes in 145 msecs (HTTP/1.1 204) 3 headers in 131 bytes (1 switches on core 0)
2026-04-02 18:06:59.843 8 INFO neutron.pecan_wsgi.hooks.translation [None req-fa079ca7-91be-4cf9-a696-4200f239b787 31c9e417041d4acda162ed3015c0eef2 5be7d1ccda484abe86f76442f7aba058 - - default default] GET failed (client error): The resource could not be found. [pid: 8|app: 0|req: 1746/3689] 10.0.0.103 () {32 vars in 721 bytes} [Thu Apr 2 18:06:59 2026] GET /v2.0/subnets/a6eb4847-d33b-4606-a1eb-5acdc89c792c => generated 136 bytes in 21 msecs (HTTP/1.1 404) 4 headers in 164 bytes (1 switches on core 0) [pid: 7|app: 0|req: 1944/3690] 10.0.0.103 () {32 vars in 724 bytes} [Thu Apr 2 18:06:59 2026] DELETE /v2.0/subnets/03d0830b-2ef0-4dae-99b4-657f6b1deb8b => generated 0 bytes in 179 msecs (HTTP/1.1 204) 3 headers in 131 bytes (1 switches on core 0)
2026-04-02 18:07:00.052 8 INFO neutron.pecan_wsgi.hooks.translation [None req-5ffe6255-5705-428f-b5cc-1c54c204a244 31c9e417041d4acda162ed3015c0eef2 5be7d1ccda484abe86f76442f7aba058 - - default default] GET failed (client error): The resource could not be found. [pid: 8|app: 0|req: 1747/3691] 10.0.0.103 () {32 vars in 721 bytes} [Thu Apr 2 18:07:00 2026] GET /v2.0/subnets/03d0830b-2ef0-4dae-99b4-657f6b1deb8b => generated 136 bytes in 24 msecs (HTTP/1.1 404) 4 headers in 164 bytes (1 switches on core 0)
2026-04-02 18:07:00.190 7 INFO neutron_taas.services.taas.taas_plugin [None req-20100a23-facb-4da7-bada-79549b024ec2 31c9e417041d4acda162ed3015c0eef2 5be7d1ccda484abe86f76442f7aba058 - - default default] TaaS: Handle Delete Port: 2169d371-d8ce-4fe7-9b4c-90e287528bd0
2026-04-02 18:07:00.193 7 INFO neutron_taas.services.taas.tap_mirror_plugin [None req-20100a23-facb-4da7-bada-79549b024ec2 31c9e417041d4acda162ed3015c0eef2 5be7d1ccda484abe86f76442f7aba058 - - default default] Tap Mirror: Handle Delete Port: 2169d371-d8ce-4fe7-9b4c-90e287528bd0
2026-04-02 18:07:00.397 7 INFO neutron.services.segments.plugin [-] Segment 28293e8e-48c3-4c6e-8a62-edd16a6bd7be resource provider aggregate not found
2026-04-02 18:07:00.403 7 INFO neutron.services.segments.plugin [-] Segment 28293e8e-48c3-4c6e-8a62-edd16a6bd7be resource provider aggregate not found
2026-04-02 18:07:00.420 7 INFO neutron.services.segments.plugin [-] Segment 28293e8e-48c3-4c6e-8a62-edd16a6bd7be resource provider not found; error: Placement Client Error (4xx): {"errors": [{"status": 404, "title": "Not Found", "detail": "The resource could not be found.\n\n No resource provider with uuid 28293e8e-48c3-4c6e-8a62-edd16a6bd7be found for delete ", "request_id": "req-6d1f2967-3d6a-46ed-b948-ad4267d8dcb2"}]}
2026-04-02 18:07:00.427 7 INFO neutron.services.segments.plugin [-] Segment 28293e8e-48c3-4c6e-8a62-edd16a6bd7be resource provider not found; error: Placement Client Error (4xx): {"errors": [{"status": 404, "title": "Not Found", "detail": "The resource could not be found.\n\n No resource provider with uuid 28293e8e-48c3-4c6e-8a62-edd16a6bd7be found for delete ", "request_id": "req-0c8e4abf-2f45-4d35-bde0-76b2dc0da438"}]} [pid: 7|app: 0|req: 1945/3692] 10.0.0.103 () {32 vars in 726 bytes} [Thu Apr 2 18:07:00 2026] DELETE /v2.0/networks/73b2d335-cd45-41d7-8710-db2cbd3ff610 => generated 0 bytes in 395 msecs (HTTP/1.1 204) 3 headers in 131 bytes (1 switches on core 0)
2026-04-02 18:07:00.485 8 INFO neutron.pecan_wsgi.hooks.translation [None req-38605688-2d9e-4986-bd49-cdc80438a742 31c9e417041d4acda162ed3015c0eef2 5be7d1ccda484abe86f76442f7aba058 - - default default] GET failed (client error): The resource could not be found. [pid: 8|app: 0|req: 1748/3693] 10.0.0.103 () {32 vars in 723 bytes} [Thu Apr 2 18:07:00 2026] GET /v2.0/networks/73b2d335-cd45-41d7-8710-db2cbd3ff610 => generated 138 bytes in 20 msecs (HTTP/1.1 404) 4 headers in 164 bytes (1 switches on core 0) [pid: 7|app: 0|req: 1946/3694] 10.0.0.103 () {32 vars in 724 bytes} [Thu Apr 2 18:07:00 2026] DELETE /v2.0/subnets/5da75223-c3b4-411a-ac73-0b2d429da1d5 => generated 0 bytes in 125 msecs (HTTP/1.1 204) 3 headers in 131 bytes (1 switches on core 0)
2026-04-02 18:07:00.645 8 INFO neutron.pecan_wsgi.hooks.translation [None req-141b5713-2077-464b-95fb-2b6ee767407e 31c9e417041d4acda162ed3015c0eef2 5be7d1ccda484abe86f76442f7aba058 - - default default] GET failed (client error): The resource could not be found. [pid: 8|app: 0|req: 1749/3695] 10.0.0.103 () {32 vars in 721 bytes} [Thu Apr 2 18:07:00 2026] GET /v2.0/subnets/5da75223-c3b4-411a-ac73-0b2d429da1d5 => generated 136 bytes in 20 msecs (HTTP/1.1 404) 4 headers in 164 bytes (1 switches on core 0) [pid: 7|app: 0|req: 1947/3696] 10.0.0.103 () {32 vars in 724 bytes} [Thu Apr 2 18:07:00 2026] DELETE /v2.0/subnets/dffc1ff2-54da-4334-aec7-c78ac10c7dd6 => generated 0 bytes in 137 msecs (HTTP/1.1 204) 3 headers in 131 bytes (1 switches on core 0)
2026-04-02 18:07:00.814 8 INFO neutron.pecan_wsgi.hooks.translation [None req-a9ec3aa9-7fc9-42d8-b1e5-ce63eb7c68ea 31c9e417041d4acda162ed3015c0eef2 5be7d1ccda484abe86f76442f7aba058 - - default default] GET failed (client error): The resource could not be found. [pid: 8|app: 0|req: 1750/3697] 10.0.0.103 () {32 vars in 721 bytes} [Thu Apr 2 18:07:00 2026] GET /v2.0/subnets/dffc1ff2-54da-4334-aec7-c78ac10c7dd6 => generated 136 bytes in 19 msecs (HTTP/1.1 404) 4 headers in 164 bytes (1 switches on core 0)
2026-04-02 18:07:00.906 7 INFO neutron_taas.services.taas.taas_plugin [None req-b6e688b9-b53d-4159-8f3f-06c6882c3976 31c9e417041d4acda162ed3015c0eef2 5be7d1ccda484abe86f76442f7aba058 - - default default] TaaS: Handle Delete Port: b697d0f5-e301-4afe-b667-726a6d4a7328
2026-04-02 18:07:00.909 7 INFO neutron_taas.services.taas.tap_mirror_plugin [None req-b6e688b9-b53d-4159-8f3f-06c6882c3976 31c9e417041d4acda162ed3015c0eef2 5be7d1ccda484abe86f76442f7aba058 - - default default] Tap Mirror: Handle Delete Port: b697d0f5-e301-4afe-b667-726a6d4a7328 [pid: 7|app: 0|req: 1948/3698] 10.0.0.103 () {32 vars in 726 bytes} [Thu Apr 2 18:07:00 2026] DELETE /v2.0/networks/d9257b50-69df-4ec4-8947-d2daec251011 => generated 0 bytes in 335 msecs (HTTP/1.1 204) 3 headers in 131 bytes (1 switches on core 0)
2026-04-02 18:07:01.179 8 INFO neutron.pecan_wsgi.hooks.translation [None req-2333b42b-1a13-4aae-9cf8-0502f7b5c653 31c9e417041d4acda162ed3015c0eef2 5be7d1ccda484abe86f76442f7aba058 - - default default] GET failed (client error): The resource could not be found. [pid: 8|app: 0|req: 1751/3699] 10.0.0.103 () {32 vars in 723 bytes} [Thu Apr 2 18:07:01 2026] GET /v2.0/networks/d9257b50-69df-4ec4-8947-d2daec251011 => generated 138 bytes in 19 msecs (HTTP/1.1 404) 4 headers in 164 bytes (1 switches on core 0) [pid: 7|app: 0|req: 1949/3700] 10.0.0.103 () {32 vars in 724 bytes} [Thu Apr 2 18:07:01 2026] DELETE /v2.0/subnets/6dfb54ed-ebee-4f28-9e33-3c2d7627853d => generated 0 bytes in 173 msecs (HTTP/1.1 204) 3 headers in 131 bytes (1 switches on core 0)
2026-04-02 18:07:01.389 8 INFO neutron.pecan_wsgi.hooks.translation [None req-70d8f7f2-e99c-4de5-a89c-5d3d62b9b7c6 31c9e417041d4acda162ed3015c0eef2 5be7d1ccda484abe86f76442f7aba058 - - default default] GET failed (client error): The resource could not be found. [pid: 8|app: 0|req: 1752/3701] 10.0.0.103 () {32 vars in 721 bytes} [Thu Apr 2 18:07:01 2026] GET /v2.0/subnets/6dfb54ed-ebee-4f28-9e33-3c2d7627853d => generated 136 bytes in 26 msecs (HTTP/1.1 404) 4 headers in 164 bytes (1 switches on core 0) [pid: 7|app: 0|req: 1950/3702] 10.0.0.103 () {32 vars in 724 bytes} [Thu Apr 2 18:07:01 2026] DELETE /v2.0/subnets/3ecbae68-8bed-478d-b88f-e30b917ef352 => generated 0 bytes in 138 msecs (HTTP/1.1 204) 3 headers in 131 bytes (1 switches on core 0)
2026-04-02 18:07:01.555 8 INFO neutron.pecan_wsgi.hooks.translation [None req-16d7be51-011f-4f03-b939-5dc34c023f72 31c9e417041d4acda162ed3015c0eef2 5be7d1ccda484abe86f76442f7aba058 - - default default] GET failed (client error): The resource could not be found. [pid: 8|app: 0|req: 1753/3703] 10.0.0.103 () {32 vars in 721 bytes} [Thu Apr 2 18:07:01 2026] GET /v2.0/subnets/3ecbae68-8bed-478d-b88f-e30b917ef352 => generated 136 bytes in 17 msecs (HTTP/1.1 404) 4 headers in 164 bytes (1 switches on core 0)
2026-04-02 18:07:01.650 7 INFO neutron_taas.services.taas.taas_plugin [None req-4133a591-1bd3-4bd2-9f80-bd56693a3a28 31c9e417041d4acda162ed3015c0eef2 5be7d1ccda484abe86f76442f7aba058 - - default default] TaaS: Handle Delete Port: fa4a9e02-c8a0-4184-9c7d-e0229c53d0fb
2026-04-02 18:07:01.652 7 INFO neutron_taas.services.taas.tap_mirror_plugin [None req-4133a591-1bd3-4bd2-9f80-bd56693a3a28 31c9e417041d4acda162ed3015c0eef2 5be7d1ccda484abe86f76442f7aba058 - - default default] Tap Mirror: Handle Delete Port: fa4a9e02-c8a0-4184-9c7d-e0229c53d0fb [pid: 7|app: 0|req: 1951/3704] 10.0.0.103 () {32 vars in 726 bytes} [Thu Apr 2 18:07:01 2026] DELETE /v2.0/networks/790cdf1f-2de9-42b8-a558-5c270e7a0d3b => generated 0 bytes in 296 msecs (HTTP/1.1 204) 3 headers in 131 bytes (1 switches on core 0)
2026-04-02 18:07:01.876 8 INFO neutron.pecan_wsgi.hooks.translation [None req-f2bd98df-0fda-4ada-8fea-3f134322bea4 31c9e417041d4acda162ed3015c0eef2 5be7d1ccda484abe86f76442f7aba058 - - default default] GET failed (client error): The resource could not be found. [pid: 8|app: 0|req: 1754/3705] 10.0.0.103 () {32 vars in 723 bytes} [Thu Apr 2 18:07:01 2026] GET /v2.0/networks/790cdf1f-2de9-42b8-a558-5c270e7a0d3b => generated 138 bytes in 15 msecs (HTTP/1.1 404) 4 headers in 164 bytes (1 switches on core 0)
2026-04-02 18:07:02.437 7 INFO neutron.services.segments.plugin [-] Segment 149eeed6-4633-4d0c-b84f-60f3515a93f0 resource provider aggregate not found
2026-04-02 18:07:02.445 7 INFO neutron.services.segments.plugin [-] Segment 149eeed6-4633-4d0c-b84f-60f3515a93f0 resource provider aggregate not found
2026-04-02 18:07:02.448 7 INFO neutron.services.segments.plugin [-] Segment 149eeed6-4633-4d0c-b84f-60f3515a93f0 resource provider not found; error: Placement Client Error (4xx): {"errors": [{"status": 404, "title": "Not Found", "detail": "The resource could not be found.\n\n No resource provider with uuid 149eeed6-4633-4d0c-b84f-60f3515a93f0 found for delete ", "request_id": "req-e68e69ec-2243-4478-865e-50d1cbe48447"}]}
2026-04-02 18:07:02.458 7 INFO neutron.services.segments.plugin [-] Segment 149eeed6-4633-4d0c-b84f-60f3515a93f0 resource provider not found; error: Placement Client Error (4xx): {"errors": [{"status": 404, "title": "Not Found", "detail": "The resource could not be found.\n\n No resource provider with uuid 149eeed6-4633-4d0c-b84f-60f3515a93f0 found for delete ", "request_id": "req-7ef25d37-c020-4502-8178-d1022082ea42"}]}
2026-04-02 18:07:02.461 7 INFO neutron.services.segments.plugin [-] Segment 74242081-f368-4ecf-991c-95d1b0dd1510 resource provider aggregate not found
2026-04-02 18:07:02.472 7 INFO neutron.services.segments.plugin [-] Segment 74242081-f368-4ecf-991c-95d1b0dd1510 resource provider aggregate not found
2026-04-02 18:07:02.475 7 INFO neutron.services.segments.plugin [-] Segment 74242081-f368-4ecf-991c-95d1b0dd1510 resource provider not found; error: Placement Client Error (4xx): {"errors": [{"status": 404, "title": "Not Found", "detail": "The resource could not be found.\n\n No resource provider with uuid 74242081-f368-4ecf-991c-95d1b0dd1510 found for delete ", "request_id": "req-998e0714-0f18-4310-aa13-2bba17d90797"}]}
2026-04-02 18:07:02.486 7 INFO neutron.services.segments.plugin [-] Segment 74242081-f368-4ecf-991c-95d1b0dd1510 resource provider not found; error: Placement Client Error (4xx): {"errors": [{"status": 404, "title": "Not Found", "detail": "The resource could not be found.\n\n No resource provider with uuid 74242081-f368-4ecf-991c-95d1b0dd1510 found for delete ", "request_id": "req-dd0e1ed3-dd22-489c-9d01-6b01b8823aec"}]}
2026-04-02 18:07:03.867 7 INFO neutron.db.ovn_revision_numbers_db [None req-1ee33754-238a-4547-83fd-b02da7637252 4c0592c98a164681a9209a96d91740a0 ebe176ac1890409cba9a5e40ac272642 - - default default] Successfully bumped revision number for resource 0be3a199-e878-4bd5-8a68-c813f059c2ad (type: security_groups) to 1
2026-04-02 18:07:03.877 7 INFO neutron.db.ovn_revision_numbers_db [None req-1ee33754-238a-4547-83fd-b02da7637252 4c0592c98a164681a9209a96d91740a0 ebe176ac1890409cba9a5e40ac272642 - - default default] Successfully bumped revision number for resource 527ce7dd-e3a2-4c76-8dc3-09da711ab4a5 (type: security_group_rules) to 0
2026-04-02 18:07:03.887 7 INFO neutron.db.ovn_revision_numbers_db [None req-1ee33754-238a-4547-83fd-b02da7637252 4c0592c98a164681a9209a96d91740a0 ebe176ac1890409cba9a5e40ac272642 - - default default] Successfully bumped revision number for resource 679626c9-88b3-4c4a-94cc-3b9487fb2cbd (type: security_group_rules) to 0
2026-04-02 18:07:03.899 7 INFO neutron.db.ovn_revision_numbers_db [None req-1ee33754-238a-4547-83fd-b02da7637252 4c0592c98a164681a9209a96d91740a0 ebe176ac1890409cba9a5e40ac272642 - - default default] Successfully bumped revision number for resource d458eca9-b587-4532-b7f2-ee0927c9d729 (type: security_group_rules) to 0
2026-04-02 18:07:03.908 7 INFO neutron.db.ovn_revision_numbers_db [None req-1ee33754-238a-4547-83fd-b02da7637252 4c0592c98a164681a9209a96d91740a0 ebe176ac1890409cba9a5e40ac272642 - - default default] Successfully bumped revision number for resource dc509519-9d1a-4294-937d-f4da8e76d7e4 (type: security_group_rules) to 0 [pid: 7|app: 0|req: 1952/3706] 10.0.0.103 () {32 vars in 774 bytes} [Thu Apr 2 18:07:03 2026] GET /v2.0/security-groups?tenant_id=608bf956ff294e69a5c5ccf559cea72f&name=default => generated 2929 bytes in 351 msecs (HTTP/1.1 200) 4 headers in 158 bytes (1 switches on core 0) [pid: 8|app: 0|req: 1755/3707] 10.0.0.103 () {32 vars in 740 bytes} [Thu Apr 2 18:07:03 2026] DELETE /v2.0/security-groups/0be3a199-e878-4bd5-8a68-c813f059c2ad => generated 0 bytes in 326 msecs (HTTP/1.1 204) 2 headers in 112 bytes (1 switches on core 0)
2026-04-02 18:07:04.530 7 INFO neutron.db.ovn_revision_numbers_db [None req-827c412e-4492-4331-b331-a78b09e936bf 4c0592c98a164681a9209a96d91740a0 ebe176ac1890409cba9a5e40ac272642 - - default default] Successfully bumped revision number for resource 1897c27a-0e39-4db5-9a8f-b18dda61bef3 (type: security_groups) to 1
2026-04-02 18:07:04.552 7 INFO neutron.db.ovn_revision_numbers_db [None req-827c412e-4492-4331-b331-a78b09e936bf 4c0592c98a164681a9209a96d91740a0 ebe176ac1890409cba9a5e40ac272642 - - default default] Successfully bumped revision number for resource 0947eeac-53ec-4258-a7f5-363d63abbc90 (type: security_group_rules) to 0
2026-04-02 18:07:04.564 7 INFO neutron.db.ovn_revision_numbers_db [None req-827c412e-4492-4331-b331-a78b09e936bf 4c0592c98a164681a9209a96d91740a0 ebe176ac1890409cba9a5e40ac272642 - - default default] Successfully bumped revision number for resource 2839ea73-8041-4ac0-a9a2-7628aaf0791b (type: security_group_rules) to 0
2026-04-02 18:07:04.576 7 INFO neutron.db.ovn_revision_numbers_db [None req-827c412e-4492-4331-b331-a78b09e936bf 4c0592c98a164681a9209a96d91740a0 ebe176ac1890409cba9a5e40ac272642 - - default default] Successfully bumped revision number for resource 343019b4-ce2d-4040-a976-60c9034cb168 (type: security_group_rules) to 0
2026-04-02 18:07:04.589 7 INFO neutron.db.ovn_revision_numbers_db [None req-827c412e-4492-4331-b331-a78b09e936bf 4c0592c98a164681a9209a96d91740a0 ebe176ac1890409cba9a5e40ac272642 - - default default] Successfully bumped revision number for resource bc283510-5e5a-46bf-8b64-24c1529f8b81 (type: security_group_rules) to 0 [pid: 7|app: 0|req: 1953/3708] 10.0.0.103 () {32 vars in 774 bytes} [Thu Apr 2 18:07:04 2026] GET /v2.0/security-groups?tenant_id=57f96987e755474e8ffebb7ca530e90c&name=default => generated 2929 bytes in 280 msecs (HTTP/1.1 200) 4 headers in 158 bytes (1 switches on core 0) [pid: 8|app: 0|req: 1756/3709] 10.0.0.103 () {32 vars in 740 bytes} [Thu Apr 2 18:07:04 2026] DELETE /v2.0/security-groups/1897c27a-0e39-4db5-9a8f-b18dda61bef3 => generated 0 bytes in 270 msecs (HTTP/1.1 204) 2 headers in 112 bytes (1 switches on core 0) [pid: 7|app: 0|req: 1954/3710] 10.0.0.103 () {32 vars in 774 bytes} [Thu Apr 2 18:07:05 2026] GET /v2.0/security-groups?tenant_id=5be7d1ccda484abe86f76442f7aba058&name=default => generated 2925 bytes in 32 msecs (HTTP/1.1 200) 4 headers in 158 bytes (1 switches on core 0) [pid: 8|app: 0|req: 1757/3711] 10.0.0.103 () {32 vars in 740 bytes} [Thu Apr 2 18:07:05 2026] DELETE /v2.0/security-groups/9fe78041-5c31-41f1-8cc2-ea30805df75b => generated 0 bytes in 253 msecs (HTTP/1.1 204) 2 headers in 112 bytes (1 switches on core 0)
2026-04-02 18:07:05.596 7 INFO neutron.db.ovn_revision_numbers_db [None req-7488c76c-f70d-4efe-8f46-4b7a838e03f3 4c0592c98a164681a9209a96d91740a0 ebe176ac1890409cba9a5e40ac272642 - - default default] Successfully bumped revision number for resource 20f48f7f-bf61-4d07-b8b4-34ab399a6d07 (type: security_groups) to 1
2026-04-02 18:07:05.607 7 INFO neutron.db.ovn_revision_numbers_db [None req-7488c76c-f70d-4efe-8f46-4b7a838e03f3 4c0592c98a164681a9209a96d91740a0 ebe176ac1890409cba9a5e40ac272642 - - default default] Successfully bumped revision number for resource 0a8419de-7ce9-4e6d-a3c1-3e9e3a1af34d (type: security_group_rules) to 0
2026-04-02 18:07:05.617 7 INFO neutron.db.ovn_revision_numbers_db [None req-7488c76c-f70d-4efe-8f46-4b7a838e03f3 4c0592c98a164681a9209a96d91740a0 ebe176ac1890409cba9a5e40ac272642 - - default default] Successfully bumped revision number for resource 0b0a9b02-8a3a-495e-88ea-3c2e0d8ef297 (type: security_group_rules) to 0
2026-04-02 18:07:05.628 7 INFO neutron.db.ovn_revision_numbers_db [None req-7488c76c-f70d-4efe-8f46-4b7a838e03f3 4c0592c98a164681a9209a96d91740a0 ebe176ac1890409cba9a5e40ac272642 - - default default] Successfully bumped revision number for resource 3ba4d89c-8e09-42ec-b482-2a4754c3f846 (type: security_group_rules) to 0
2026-04-02 18:07:05.638 7 INFO neutron.db.ovn_revision_numbers_db [None req-7488c76c-f70d-4efe-8f46-4b7a838e03f3 4c0592c98a164681a9209a96d91740a0 ebe176ac1890409cba9a5e40ac272642 - - default default] Successfully bumped revision number for resource 45e32f4c-fbd4-4bbf-945c-4d935ebbe80c (type: security_group_rules) to 0 [pid: 7|app: 0|req: 1955/3712] 10.0.0.103 () {32 vars in 774 bytes} [Thu Apr 2 18:07:05 2026] GET /v2.0/security-groups?tenant_id=2f42bb354e5c466ca980dd5c70d32adb&name=default => generated 2929 bytes in 236 msecs (HTTP/1.1 200) 4 headers in 158 bytes (1 switches on core 0) [pid: 8|app: 0|req: 1758/3713] 10.0.0.103 () {32 vars in 740 bytes} [Thu Apr 2 18:07:05 2026] DELETE /v2.0/security-groups/20f48f7f-bf61-4d07-b8b4-34ab399a6d07 => generated 0 bytes in 238 msecs (HTTP/1.1 204) 2 headers in 112 bytes (1 switches on core 0)
2026-04-02 18:07:06.211 7 INFO neutron.db.ovn_revision_numbers_db [None req-c2fc6666-d330-488e-ae8f-3b7be9e6d604 4c0592c98a164681a9209a96d91740a0 ebe176ac1890409cba9a5e40ac272642 - - default default] Successfully bumped revision number for resource a15de2e7-0f63-4a96-ad5e-19477487a3cb (type: security_groups) to 1
2026-04-02 18:07:06.222 7 INFO neutron.db.ovn_revision_numbers_db [None req-c2fc6666-d330-488e-ae8f-3b7be9e6d604 4c0592c98a164681a9209a96d91740a0 ebe176ac1890409cba9a5e40ac272642 - - default default] Successfully bumped revision number for resource 650c25b6-5e95-46fc-a86f-739606423acc (type: security_group_rules) to 0
2026-04-02 18:07:06.232 7 INFO neutron.db.ovn_revision_numbers_db [None req-c2fc6666-d330-488e-ae8f-3b7be9e6d604 4c0592c98a164681a9209a96d91740a0 ebe176ac1890409cba9a5e40ac272642 - - default default] Successfully bumped revision number for resource a839a290-b0e0-4f1b-82fa-1ec7524359db (type: security_group_rules) to 0
2026-04-02 18:07:06.245 7 INFO neutron.db.ovn_revision_numbers_db [None req-c2fc6666-d330-488e-ae8f-3b7be9e6d604 4c0592c98a164681a9209a96d91740a0 ebe176ac1890409cba9a5e40ac272642 - - default default] Successfully bumped revision number for resource d97cd7e9-0226-45e4-924d-cf90bbf076b7 (type: security_group_rules) to 0
2026-04-02 18:07:06.256 7 INFO neutron.db.ovn_revision_numbers_db [None req-c2fc6666-d330-488e-ae8f-3b7be9e6d604 4c0592c98a164681a9209a96d91740a0 ebe176ac1890409cba9a5e40ac272642 - - default default] Successfully bumped revision number for resource ec29df30-a20b-4a20-b465-36cebbaf369f (type: security_group_rules) to 0 [pid: 7|app: 0|req: 1956/3714] 10.0.0.103 () {32 vars in 774 bytes} [Thu Apr 2 18:07:06 2026] GET /v2.0/security-groups?tenant_id=80bfbca62aaa44c9a646f38d35823219&name=default => generated 2929 bytes in 255 msecs (HTTP/1.1 200) 4 headers in 158 bytes (1 switches on core 0) [pid: 8|app: 0|req: 1759/3715] 10.0.0.103 () {32 vars in 740 bytes} [Thu Apr 2 18:07:06 2026] DELETE /v2.0/security-groups/a15de2e7-0f63-4a96-ad5e-19477487a3cb => generated 0 bytes in 268 msecs (HTTP/1.1 204) 2 headers in 112 bytes (1 switches on core 0)
2026-04-02 18:07:06.872 7 INFO neutron.db.ovn_revision_numbers_db [None req-586bd3c2-af85-42a3-9bac-9f4a71374f7d 4c0592c98a164681a9209a96d91740a0 ebe176ac1890409cba9a5e40ac272642 - - default default] Successfully bumped revision number for resource 1cf0360a-99c2-4c3d-8805-ee7681c10b1c (type: security_groups) to 1
2026-04-02 18:07:06.885 7 INFO neutron.db.ovn_revision_numbers_db [None req-586bd3c2-af85-42a3-9bac-9f4a71374f7d 4c0592c98a164681a9209a96d91740a0 ebe176ac1890409cba9a5e40ac272642 - - default default] Successfully bumped revision number for resource 0fb1bf77-0415-4c7e-bfa4-ec49227fd77e (type: security_group_rules) to 0
2026-04-02 18:07:06.897 7 INFO neutron.db.ovn_revision_numbers_db [None req-586bd3c2-af85-42a3-9bac-9f4a71374f7d 4c0592c98a164681a9209a96d91740a0 ebe176ac1890409cba9a5e40ac272642 - - default default] Successfully bumped revision number for resource 8bf0c375-8fcf-4393-8ccf-301adaf70bb4 (type: security_group_rules) to 0
2026-04-02 18:07:06.907 7 INFO neutron.db.ovn_revision_numbers_db [None req-586bd3c2-af85-42a3-9bac-9f4a71374f7d 4c0592c98a164681a9209a96d91740a0 ebe176ac1890409cba9a5e40ac272642 - - default default] Successfully bumped revision number for resource cbf9957b-fd61-4916-b0ea-ec04547d8afa (type: security_group_rules) to 0
2026-04-02 18:07:06.918 7 INFO neutron.db.ovn_revision_numbers_db [None req-586bd3c2-af85-42a3-9bac-9f4a71374f7d 4c0592c98a164681a9209a96d91740a0 ebe176ac1890409cba9a5e40ac272642 - - default default] Successfully bumped revision number for resource eee00bdf-a13a-4e5f-8b6e-c20295af642c (type: security_group_rules) to 0 [pid: 7|app: 0|req: 1957/3716] 10.0.0.103 () {32 vars in 774 bytes} [Thu Apr 2 18:07:06 2026] GET /v2.0/security-groups?tenant_id=cdfe66b2342041a6a62100c9362bafeb&name=default => generated 2929 bytes in 240 msecs (HTTP/1.1 200) 4 headers in 158 bytes (1 switches on core 0) [pid: 8|app: 0|req: 1760/3717] 10.0.0.103 () {32 vars in 740 bytes} [Thu Apr 2 18:07:06 2026] DELETE /v2.0/security-groups/1cf0360a-99c2-4c3d-8805-ee7681c10b1c => generated 0 bytes in 272 msecs (HTTP/1.1 204) 2 headers in 112 bytes (1 switches on core 0)
2026-04-02 18:07:07.536 7 INFO neutron.db.ovn_revision_numbers_db [None req-894e4bf3-4af6-48ff-b561-48b17f1a9dd0 4c0592c98a164681a9209a96d91740a0 ebe176ac1890409cba9a5e40ac272642 - - default default] Successfully bumped revision number for resource 648d7c1f-0330-44e1-9d1b-eebe1bc029f3 (type: security_groups) to 1
2026-04-02 18:07:07.551 7 INFO neutron.db.ovn_revision_numbers_db [None req-894e4bf3-4af6-48ff-b561-48b17f1a9dd0 4c0592c98a164681a9209a96d91740a0 ebe176ac1890409cba9a5e40ac272642 - - default default] Successfully bumped revision number for resource 41ef86b1-8f73-43d0-965d-72ef3c60ac86 (type: security_group_rules) to 0
2026-04-02 18:07:07.563 7 INFO neutron.db.ovn_revision_numbers_db [None req-894e4bf3-4af6-48ff-b561-48b17f1a9dd0 4c0592c98a164681a9209a96d91740a0 ebe176ac1890409cba9a5e40ac272642 - - default default] Successfully bumped revision number for resource 6a601ff5-5b5e-49e4-81f2-d991773d0805 (type: security_group_rules) to 0
2026-04-02 18:07:07.574 7 INFO neutron.db.ovn_revision_numbers_db [None req-894e4bf3-4af6-48ff-b561-48b17f1a9dd0 4c0592c98a164681a9209a96d91740a0 ebe176ac1890409cba9a5e40ac272642 - - default default] Successfully bumped revision number for resource 9d2af243-844b-4c79-b80d-5d5b65d26e36 (type: security_group_rules) to 0
2026-04-02 18:07:07.585 7 INFO neutron.db.ovn_revision_numbers_db [None req-894e4bf3-4af6-48ff-b561-48b17f1a9dd0 4c0592c98a164681a9209a96d91740a0 ebe176ac1890409cba9a5e40ac272642 - - default default] Successfully bumped revision number for resource ec1a9762-0acc-4465-bb21-8d05d0368e49 (type: security_group_rules) to 0 [pid: 7|app: 0|req: 1958/3718] 10.0.0.103 () {32 vars in 774 bytes} [Thu Apr 2 18:07:07 2026] GET /v2.0/security-groups?tenant_id=87367ec582f44fb39b8848034f51e875&name=default => generated 2929 bytes in 260 msecs (HTTP/1.1 200) 4 headers in 158 bytes (1 switches on core 0) [pid: 8|app: 0|req: 1761/3719] 10.0.0.103 () {32 vars in 740 bytes} [Thu Apr 2 18:07:07 2026] DELETE /v2.0/security-groups/648d7c1f-0330-44e1-9d1b-eebe1bc029f3 => generated 0 bytes in 292 msecs (HTTP/1.1 204) 2 headers in 112 bytes (1 switches on core 0)
2026-04-02 18:07:12.187 7 INFO neutron.db.ovn_revision_numbers_db [None req-2c6a51fa-8ba7-4384-bdf4-86075bfa5fba 829b7e41eaf74513a6072f16d6c9f87d eb94214fba0b49adb6998fe76934167c - - default default] Successfully bumped revision number for resource f51f0bae-10f7-433a-99be-51a580452081 (type: security_groups) to 1
2026-04-02 18:07:12.198 7 INFO neutron.db.ovn_revision_numbers_db [None req-2c6a51fa-8ba7-4384-bdf4-86075bfa5fba 829b7e41eaf74513a6072f16d6c9f87d eb94214fba0b49adb6998fe76934167c - - default default] Successfully bumped revision number for resource 1123d7f5-093e-4d13-9a52-18d2783c246d (type: security_group_rules) to 0
2026-04-02 18:07:12.209 7 INFO neutron.db.ovn_revision_numbers_db [None req-2c6a51fa-8ba7-4384-bdf4-86075bfa5fba 829b7e41eaf74513a6072f16d6c9f87d eb94214fba0b49adb6998fe76934167c - - default default] Successfully bumped revision number for resource 6f4008e2-a99f-4cea-9c82-eb172c2c94cd (type: security_group_rules) to 0
2026-04-02 18:07:12.225 7 INFO neutron.db.ovn_revision_numbers_db [None req-2c6a51fa-8ba7-4384-bdf4-86075bfa5fba 829b7e41eaf74513a6072f16d6c9f87d eb94214fba0b49adb6998fe76934167c - - default default] Successfully bumped revision number for resource c8ed7501-65e8-4518-ae97-b06166b1d6db (type: security_group_rules) to 0
2026-04-02 18:07:12.236 7 INFO neutron.db.ovn_revision_numbers_db [None req-2c6a51fa-8ba7-4384-bdf4-86075bfa5fba 829b7e41eaf74513a6072f16d6c9f87d eb94214fba0b49adb6998fe76934167c - - default default] Successfully bumped revision number for resource ca188325-757f-49dd-bcd6-33305a26ed2e (type: security_group_rules) to 0
2026-04-02 18:07:12.306 7 INFO neutron.db.segments_db [None req-2c6a51fa-8ba7-4384-bdf4-86075bfa5fba 829b7e41eaf74513a6072f16d6c9f87d eb94214fba0b49adb6998fe76934167c - - default default] Added segment 080c3ab4-4f20-4ffd-baf8-ac21466aeba2 of type geneve for network d7c706ad-0d84-4a86-bab5-d01668332e18
2026-04-02 18:07:12.416 7 INFO neutron.db.ovn_revision_numbers_db [None req-2c6a51fa-8ba7-4384-bdf4-86075bfa5fba 829b7e41eaf74513a6072f16d6c9f87d eb94214fba0b49adb6998fe76934167c - - default default] Successfully bumped revision number for resource d7c706ad-0d84-4a86-bab5-d01668332e18 (type: networks) to 1
2026-04-02 18:07:12.587 7 WARNING neutron.scheduler.dhcp_agent_scheduler [None req-2c6a51fa-8ba7-4384-bdf4-86075bfa5fba 829b7e41eaf74513a6072f16d6c9f87d eb94214fba0b49adb6998fe76934167c - - default default] No more DHCP agents
2026-04-02 18:07:12.589 7 WARNING neutron.api.rpc.agentnotifiers.dhcp_rpc_agent_api [None req-2c6a51fa-8ba7-4384-bdf4-86075bfa5fba 829b7e41eaf74513a6072f16d6c9f87d eb94214fba0b49adb6998fe76934167c - - default default] Unable to schedule network d7c706ad-0d84-4a86-bab5-d01668332e18: no agents available; will retry on subsequent port and subnet creation events.
2026-04-02 18:07:12.657 8 INFO neutron.plugins.ml2.drivers.ovn.mech_driver.mech_driver [None req-ced25d8f-8bd4-49cb-8440-df87398e661d - - - - - -] OVN reports status down for port: 2a5019c6-3e37-41bb-bb48-4dec37707b4d
2026-04-02 18:07:12.698 7 INFO neutron.db.ovn_revision_numbers_db [None req-2c6a51fa-8ba7-4384-bdf4-86075bfa5fba 829b7e41eaf74513a6072f16d6c9f87d eb94214fba0b49adb6998fe76934167c - - default default] Successfully bumped revision number for resource 2a5019c6-3e37-41bb-bb48-4dec37707b4d (type: ports) to 1 [pid: 7|app: 0|req: 1959/3720] 10.0.0.103 () {34 vars in 670 bytes} [Thu Apr 2 18:07:11 2026] POST /v2.0/networks => generated 749 bytes in 858 msecs (HTTP/1.1 201) 4 headers in 162 bytes (1 switches on core 0)
2026-04-02 18:07:12.857 8 WARNING neutron.scheduler.dhcp_agent_scheduler [None req-83fe0f74-aa3d-4340-abf6-1c687a178940 829b7e41eaf74513a6072f16d6c9f87d eb94214fba0b49adb6998fe76934167c - - default default] No more DHCP agents
2026-04-02 18:07:12.858 8 WARNING neutron.api.rpc.agentnotifiers.dhcp_rpc_agent_api [None req-83fe0f74-aa3d-4340-abf6-1c687a178940 829b7e41eaf74513a6072f16d6c9f87d eb94214fba0b49adb6998fe76934167c - - default default] Unable to schedule network d7c706ad-0d84-4a86-bab5-d01668332e18: no agents available; will retry on subsequent port and subnet creation events.
2026-04-02 18:07:13.280 8 INFO neutron.db.ovn_revision_numbers_db [None req-85170366-4b01-48bd-a1e4-5ce4c893ab2b - - - - - -] Successfully bumped revision number for resource 2a5019c6-3e37-41bb-bb48-4dec37707b4d (type: ports) to 2
2026-04-02 18:07:13.314 8 INFO neutron.db.ovn_revision_numbers_db [None req-85170366-4b01-48bd-a1e4-5ce4c893ab2b - - - - - -] Successfully bumped revision number for resource ad5f829c-deef-4da9-9a38-57bacf61e897 (type: subnets) to 0 [pid: 8|app: 0|req: 1762/3721] 10.0.0.103 () {34 vars in 669 bytes} [Thu Apr 2 18:07:12 2026] POST /v2.0/subnets => generated 644 bytes in 599 msecs (HTTP/1.1 201) 4 headers in 162 bytes (1 switches on core 0)
2026-04-02 18:07:13.349 7 WARNING neutron.api.v2.base [None req-8b632a74-d244-42f2-b316-79b50b5b652d 829b7e41eaf74513a6072f16d6c9f87d eb94214fba0b49adb6998fe76934167c - - default default] An exception happened while processing the request body. The exception message is [Invalid input for target_tenant. Reason: 'None' is not a valid string.].: webob.exc.HTTPBadRequest: Invalid input for target_tenant. Reason: 'None' is not a valid string.
2026-04-02 18:07:13.350 7 INFO neutron.api.v2.resource [None req-8b632a74-d244-42f2-b316-79b50b5b652d 829b7e41eaf74513a6072f16d6c9f87d eb94214fba0b49adb6998fe76934167c - - default default] create failed (client error): Invalid input for target_tenant. Reason: 'None' is not a valid string. [pid: 7|app: 0|req: 1960/3722] 10.0.0.103 () {34 vars in 681 bytes} [Thu Apr 2 18:07:13 2026] POST /v2.0/rbac-policies => generated 143 bytes in 11 msecs (HTTP/1.1 400) 4 headers in 166 bytes (1 switches on core 0)
2026-04-02 18:07:13.498 8 INFO neutron_taas.services.taas.taas_plugin [None req-ff301e7b-b050-462e-afad-fcd0c327d724 829b7e41eaf74513a6072f16d6c9f87d eb94214fba0b49adb6998fe76934167c - - default default] TaaS: Handle Delete Port: 2a5019c6-3e37-41bb-bb48-4dec37707b4d
2026-04-02 18:07:13.502 8 INFO neutron_taas.services.taas.tap_mirror_plugin [None req-ff301e7b-b050-462e-afad-fcd0c327d724 829b7e41eaf74513a6072f16d6c9f87d eb94214fba0b49adb6998fe76934167c - - default default] Tap Mirror: Handle Delete Port: 2a5019c6-3e37-41bb-bb48-4dec37707b4d
2026-04-02 18:07:13.889 8 INFO neutron.services.segments.plugin [-] Segment 080c3ab4-4f20-4ffd-baf8-ac21466aeba2 resource provider aggregate not found
2026-04-02 18:07:13.897 8 INFO neutron.services.segments.plugin [-] Segment 080c3ab4-4f20-4ffd-baf8-ac21466aeba2 resource provider aggregate not found
2026-04-02 18:07:13.906 8 INFO neutron.services.segments.plugin [-] Segment 080c3ab4-4f20-4ffd-baf8-ac21466aeba2 resource provider not found; error: Placement Client Error (4xx): {"errors": [{"status": 404, "title": "Not Found", "detail": "The resource could not be found.\n\n No resource provider with uuid 080c3ab4-4f20-4ffd-baf8-ac21466aeba2 found for delete ", "request_id": "req-ab414141-7ac0-4f0e-be2d-3cb6f81940f0"}]}
2026-04-02 18:07:13.915 8 INFO neutron.services.segments.plugin [-] Segment 080c3ab4-4f20-4ffd-baf8-ac21466aeba2 resource provider not found; error: Placement Client Error (4xx): {"errors": [{"status": 404, "title": "Not Found", "detail": "The resource could not be found.\n\n No resource provider with uuid 080c3ab4-4f20-4ffd-baf8-ac21466aeba2 found for delete ", "request_id": "req-c95d1678-708d-4046-852a-4a20caed8380"}]} [pid: 8|app: 0|req: 1763/3725] 10.0.0.103 () {32 vars in 726 bytes} [Thu Apr 2 18:07:13 2026] DELETE /v2.0/networks/d7c706ad-0d84-4a86-bab5-d01668332e18 => generated 0 bytes in 604 msecs (HTTP/1.1 204) 3 headers in 131 bytes (1 switches on core 0)
2026-04-02 18:07:14.057 7 INFO neutron.db.segments_db [None req-c9c4b87c-428d-4fd8-baae-f4f16f191638 829b7e41eaf74513a6072f16d6c9f87d eb94214fba0b49adb6998fe76934167c - - default default] Added segment 3ce9ea5f-160d-4728-94c2-c19fbdfbcc6d of type geneve for network 7be49c6e-acc7-4a19-8e77-f34d9adacf29
