2026-04-02 17:59:30.544 8 INFO neutron_taas.services.taas.tap_mirror_plugin [None req-924c9f5e-97e4-4e39-9137-fd503d960d10 8934dc1faf6d40debd63dcc967659ea1 148643d1d4304483832145678ad8377e - - default default] Tap Mirror: Handle Delete Port: d20c870d-88e8-4146-8e3c-bea7e8509969 [pid: 7|app: 0|req: 744/1340] 10.0.0.103 () {32 vars in 740 bytes} [Thu Apr 2 17:59:30 2026] DELETE /v2.0/security-groups/a579f4c3-cd06-442c-a460-4346b4a22bf6 => generated 0 bytes in 304 msecs (HTTP/1.1 204) 2 headers in 112 bytes (1 switches on core 0) [pid: 8|app: 0|req: 597/1341] 10.0.0.103 () {32 vars in 732 bytes} [Thu Apr 2 17:59:30 2026] DELETE /v2.0/floatingips/56c4e259-30a0-4c39-831f-a627d6eb1388 => generated 0 bytes in 350 msecs (HTTP/1.1 204) 2 headers in 112 bytes (1 switches on core 0)
2026-04-02 17:59:30.881 7 INFO neutron.db.ovn_revision_numbers_db [None req-92f89680-1671-41b5-8fb8-2b7ca391bf34 ee99934d39894f8d84e832895207b9da 691892c2c33646eea1224b258139d386 - - default default] Successfully bumped revision number for resource 02624030-9729-43c1-bee9-c40f82410a98 (type: security_groups) to 1
2026-04-02 17:59:30.895 7 INFO neutron.db.ovn_revision_numbers_db [None req-92f89680-1671-41b5-8fb8-2b7ca391bf34 ee99934d39894f8d84e832895207b9da 691892c2c33646eea1224b258139d386 - - default default] Successfully bumped revision number for resource 21f766d7-d4b1-43a5-a9db-8bfb6939e8bc (type: security_group_rules) to 0
2026-04-02 17:59:30.912 7 INFO neutron.db.ovn_revision_numbers_db [None req-92f89680-1671-41b5-8fb8-2b7ca391bf34 ee99934d39894f8d84e832895207b9da 691892c2c33646eea1224b258139d386 - - default default] Successfully bumped revision number for resource 62c85776-b94b-4884-845a-991355f64a7d (type: security_group_rules) to 0
2026-04-02 17:59:30.929 7 INFO neutron.db.ovn_revision_numbers_db [None req-92f89680-1671-41b5-8fb8-2b7ca391bf34 ee99934d39894f8d84e832895207b9da 691892c2c33646eea1224b258139d386 - - default default] Successfully bumped revision number for resource 9d46e561-1737-4989-871a-bbcda70f9718 (type: security_group_rules) to 0
2026-04-02 17:59:30.941 7 INFO neutron.db.ovn_revision_numbers_db [None req-92f89680-1671-41b5-8fb8-2b7ca391bf34 ee99934d39894f8d84e832895207b9da 691892c2c33646eea1224b258139d386 - - default default] Successfully bumped revision number for resource e5bbd96a-286b-45e3-af98-ecc53a2ca691 (type: security_group_rules) to 0
2026-04-02 17:59:31.010 7 INFO neutron.db.segments_db [None req-92f89680-1671-41b5-8fb8-2b7ca391bf34 ee99934d39894f8d84e832895207b9da 691892c2c33646eea1224b258139d386 - - default default] Added segment 607b9523-72d4-49d1-becb-b4f72b9fe4fe of type geneve for network b43c209b-7aaf-4b6b-9902-a5071bead2ac
2026-04-02 17:59:31.078 8 INFO neutron_taas.services.taas.taas_plugin [None req-a6826f5d-36ef-4070-adb7-ffd026c91e96 4c0592c98a164681a9209a96d91740a0 ebe176ac1890409cba9a5e40ac272642 - - default default] TaaS: Handle Delete Port: 38d2c9e2-4c0b-47a3-805b-460639cd3c15
2026-04-02 17:59:31.084 8 INFO neutron_taas.services.taas.tap_mirror_plugin [None req-a6826f5d-36ef-4070-adb7-ffd026c91e96 4c0592c98a164681a9209a96d91740a0 ebe176ac1890409cba9a5e40ac272642 - - default default] Tap Mirror: Handle Delete Port: 38d2c9e2-4c0b-47a3-805b-460639cd3c15
2026-04-02 17:59:31.141 7 INFO neutron.db.ovn_revision_numbers_db [None req-92f89680-1671-41b5-8fb8-2b7ca391bf34 ee99934d39894f8d84e832895207b9da 691892c2c33646eea1224b258139d386 - - default default] Successfully bumped revision number for resource b43c209b-7aaf-4b6b-9902-a5071bead2ac (type: networks) to 1
2026-04-02 17:59:31.335 7 WARNING neutron.scheduler.dhcp_agent_scheduler [None req-92f89680-1671-41b5-8fb8-2b7ca391bf34 ee99934d39894f8d84e832895207b9da 691892c2c33646eea1224b258139d386 - - default default] No more DHCP agents
2026-04-02 17:59:31.336 7 WARNING neutron.api.rpc.agentnotifiers.dhcp_rpc_agent_api [None req-92f89680-1671-41b5-8fb8-2b7ca391bf34 ee99934d39894f8d84e832895207b9da 691892c2c33646eea1224b258139d386 - - default default] Unable to schedule network b43c209b-7aaf-4b6b-9902-a5071bead2ac: no agents available; will retry on subsequent port and subnet creation events.
2026-04-02 17:59:31.430 8 INFO neutron.plugins.ml2.drivers.ovn.mech_driver.mech_driver [None req-20c3181b-984e-41e7-89dc-07fcff9ec543 - - - - - -] OVN reports status down for port: 11e8e1a9-7380-46ec-bd4c-9eab369cc26c
2026-04-02 17:59:31.432 7 INFO neutron.db.ovn_revision_numbers_db [None req-92f89680-1671-41b5-8fb8-2b7ca391bf34 ee99934d39894f8d84e832895207b9da 691892c2c33646eea1224b258139d386 - - default default] Successfully bumped revision number for resource 11e8e1a9-7380-46ec-bd4c-9eab369cc26c (type: ports) to 1 [pid: 7|app: 0|req: 745/1342] 10.0.0.103 () {34 vars in 670 bytes} [Thu Apr 2 17:59:30 2026] POST /v2.0/networks => generated 664 bytes in 848 msecs (HTTP/1.1 201) 4 headers in 162 bytes (1 switches on core 0)
2026-04-02 17:59:31.664 7 WARNING neutron.scheduler.dhcp_agent_scheduler [None req-9e314dbb-f543-473e-bdbf-16871eca2c3c ee99934d39894f8d84e832895207b9da 691892c2c33646eea1224b258139d386 - - default default] No more DHCP agents
2026-04-02 17:59:31.666 7 WARNING neutron.api.rpc.agentnotifiers.dhcp_rpc_agent_api [None req-9e314dbb-f543-473e-bdbf-16871eca2c3c ee99934d39894f8d84e832895207b9da 691892c2c33646eea1224b258139d386 - - default default] Unable to schedule network b43c209b-7aaf-4b6b-9902-a5071bead2ac: no agents available; will retry on subsequent port and subnet creation events.
2026-04-02 17:59:31.789 7 INFO neutron.db.ovn_revision_numbers_db [None req-9e314dbb-f543-473e-bdbf-16871eca2c3c ee99934d39894f8d84e832895207b9da 691892c2c33646eea1224b258139d386 - - default default] Successfully bumped revision number for resource d2bc7434-3c02-4415-827a-4dd37a9bdac8 (type: ports) to 1
2026-04-02 17:59:31.796 8 INFO neutron.plugins.ml2.drivers.ovn.mech_driver.mech_driver [None req-20c3181b-984e-41e7-89dc-07fcff9ec543 - - - - - -] OVN reports status down for port: d2bc7434-3c02-4415-827a-4dd37a9bdac8 [pid: 7|app: 0|req: 746/1343] 10.0.0.103 () {34 vars in 665 bytes} [Thu Apr 2 17:59:31 2026] POST /v2.0/ports => generated 775 bytes in 385 msecs (HTTP/1.1 201) 4 headers in 162 bytes (1 switches on core 0) /var/lib/openstack/lib/python3.12/site-packages/pycadf/identifier.py:70: UserWarning: Invalid uuid: neutron. To ensure interoperability, identifiers should be a valid uuid. warnings.warn(('Invalid uuid: %s. To ensure interoperability, ' [pid: 8|app: 0|req: 598/1344] 10.0.0.103 () {34 vars in 789 bytes} [Thu Apr 2 17:59:30 2026] PUT /v2.0/routers/d5c4a1bf-c7eb-4137-92ab-5044d419fe71/remove_router_interface => generated 309 bytes in 1194 msecs (HTTP/1.1 200) 4 headers in 157 bytes (1 switches on core 0) /var/lib/openstack/lib/python3.12/site-packages/pycadf/identifier.py:70: UserWarning: Invalid uuid: neutron. To ensure interoperability, identifiers should be a valid uuid. warnings.warn(('Invalid uuid: %s. To ensure interoperability, '
2026-04-02 17:59:31.971 7 INFO neutron.db.segments_db [None req-a0ebe73a-fd52-4035-8665-e35ef60b09e1 ee99934d39894f8d84e832895207b9da 691892c2c33646eea1224b258139d386 - - default default] Added segment 22286f0c-5bd4-462b-86a7-0873c639b987 of type geneve for network 21aaf68f-efd8-43ae-bdc8-491dbf8cdfb6
2026-04-02 17:59:32.103 7 INFO neutron.db.ovn_revision_numbers_db [None req-a0ebe73a-fd52-4035-8665-e35ef60b09e1 ee99934d39894f8d84e832895207b9da 691892c2c33646eea1224b258139d386 - - default default] Successfully bumped revision number for resource 21aaf68f-efd8-43ae-bdc8-491dbf8cdfb6 (type: networks) to 1
2026-04-02 17:59:32.266 7 WARNING neutron.scheduler.dhcp_agent_scheduler [None req-a0ebe73a-fd52-4035-8665-e35ef60b09e1 ee99934d39894f8d84e832895207b9da 691892c2c33646eea1224b258139d386 - - default default] No more DHCP agents
2026-04-02 17:59:32.267 7 WARNING neutron.api.rpc.agentnotifiers.dhcp_rpc_agent_api [None req-a0ebe73a-fd52-4035-8665-e35ef60b09e1 ee99934d39894f8d84e832895207b9da 691892c2c33646eea1224b258139d386 - - default default] Unable to schedule network 21aaf68f-efd8-43ae-bdc8-491dbf8cdfb6: no agents available; will retry on subsequent port and subnet creation events.
2026-04-02 17:59:32.316 8 INFO neutron_taas.services.taas.taas_plugin [None req-2204ead9-82cc-476e-943f-479e8ba0b0a9 4c0592c98a164681a9209a96d91740a0 ebe176ac1890409cba9a5e40ac272642 - - default default] TaaS: Handle Delete Port: 7ba57c72-0fca-4e57-a058-53fa85f72741
2026-04-02 17:59:32.329 8 INFO neutron_taas.services.taas.tap_mirror_plugin [None req-2204ead9-82cc-476e-943f-479e8ba0b0a9 4c0592c98a164681a9209a96d91740a0 ebe176ac1890409cba9a5e40ac272642 - - default default] Tap Mirror: Handle Delete Port: 7ba57c72-0fca-4e57-a058-53fa85f72741
2026-04-02 17:59:32.375 7 INFO neutron.db.ovn_revision_numbers_db [None req-a0ebe73a-fd52-4035-8665-e35ef60b09e1 ee99934d39894f8d84e832895207b9da 691892c2c33646eea1224b258139d386 - - default default] Successfully bumped revision number for resource 2f95ce9a-175c-4de4-8a21-f9a2190cafdc (type: ports) to 1
2026-04-02 17:59:32.376 8 INFO neutron.plugins.ml2.drivers.ovn.mech_driver.mech_driver [None req-20c3181b-984e-41e7-89dc-07fcff9ec543 - - - - - -] OVN reports status down for port: 2f95ce9a-175c-4de4-8a21-f9a2190cafdc [pid: 7|app: 0|req: 747/1345] 10.0.0.103 () {34 vars in 670 bytes} [Thu Apr 2 17:59:31 2026] POST /v2.0/networks => generated 651 bytes in 552 msecs (HTTP/1.1 201) 4 headers in 162 bytes (1 switches on core 0)
2026-04-02 17:59:32.730 7 INFO neutron.db.ovn_revision_numbers_db [None req-127cf491-16d1-44b1-ae48-b824353636eb 3b2bab129d1a459ba5c8eb8ae0f19704 a16d112047ef4d2f9ef0a0762b3b8560 - - default default] Successfully bumped revision number for resource 6b07dd29-bee2-4356-9dac-b4429b99307b (type: security_groups) to 1
2026-04-02 17:59:32.740 7 INFO neutron.db.ovn_revision_numbers_db [None req-127cf491-16d1-44b1-ae48-b824353636eb 3b2bab129d1a459ba5c8eb8ae0f19704 a16d112047ef4d2f9ef0a0762b3b8560 - - default default] Successfully bumped revision number for resource 50aecec3-9a24-40fe-983c-e9ee3a7fb479 (type: security_group_rules) to 0
2026-04-02 17:59:32.751 7 INFO neutron.db.ovn_revision_numbers_db [None req-127cf491-16d1-44b1-ae48-b824353636eb 3b2bab129d1a459ba5c8eb8ae0f19704 a16d112047ef4d2f9ef0a0762b3b8560 - - default default] Successfully bumped revision number for resource 5cc882c3-b5be-468e-ba36-d9a820fb300f (type: security_group_rules) to 0
2026-04-02 17:59:32.762 7 INFO neutron.db.ovn_revision_numbers_db [None req-127cf491-16d1-44b1-ae48-b824353636eb 3b2bab129d1a459ba5c8eb8ae0f19704 a16d112047ef4d2f9ef0a0762b3b8560 - - default default] Successfully bumped revision number for resource b1bf1040-fae0-4955-bfec-bc572fee20d5 (type: security_group_rules) to 0
2026-04-02 17:59:32.771 7 INFO neutron.db.ovn_revision_numbers_db [None req-127cf491-16d1-44b1-ae48-b824353636eb 3b2bab129d1a459ba5c8eb8ae0f19704 a16d112047ef4d2f9ef0a0762b3b8560 - - default default] Successfully bumped revision number for resource bb0d1a2d-ac8a-4eb9-8432-af7df0b37435 (type: security_group_rules) to 0 [pid: 8|app: 0|req: 599/1346] 10.0.0.103 () {32 vars in 724 bytes} [Thu Apr 2 17:59:31 2026] DELETE /v2.0/routers/d5c4a1bf-c7eb-4137-92ab-5044d419fe71 => generated 0 bytes in 902 msecs (HTTP/1.1 204) 2 headers in 112 bytes (1 switches on core 0)
2026-04-02 17:59:32.860 7 INFO neutron.db.segments_db [None req-127cf491-16d1-44b1-ae48-b824353636eb 3b2bab129d1a459ba5c8eb8ae0f19704 a16d112047ef4d2f9ef0a0762b3b8560 - - default default] Added segment 3e128e59-02b3-4cbf-9f64-6ed56580c40e of type geneve for network 15e1801f-5a42-4533-b67f-f4bad7f832f6
2026-04-02 17:59:32.971 7 INFO neutron.db.ovn_revision_numbers_db [None req-127cf491-16d1-44b1-ae48-b824353636eb 3b2bab129d1a459ba5c8eb8ae0f19704 a16d112047ef4d2f9ef0a0762b3b8560 - - default default] Successfully bumped revision number for resource 15e1801f-5a42-4533-b67f-f4bad7f832f6 (type: networks) to 1
2026-04-02 17:59:33.057 8 WARNING neutron.scheduler.dhcp_agent_scheduler [None req-64fd59bf-a40c-44ca-8b86-1296898bd907 ee99934d39894f8d84e832895207b9da 691892c2c33646eea1224b258139d386 - - default default] No more DHCP agents
2026-04-02 17:59:33.058 8 WARNING neutron.api.rpc.agentnotifiers.dhcp_rpc_agent_api [None req-64fd59bf-a40c-44ca-8b86-1296898bd907 ee99934d39894f8d84e832895207b9da 691892c2c33646eea1224b258139d386 - - default default] Unable to schedule network 21aaf68f-efd8-43ae-bdc8-491dbf8cdfb6: no agents available; will retry on subsequent port and subnet creation events.
2026-04-02 17:59:33.119 7 WARNING neutron.scheduler.dhcp_agent_scheduler [None req-127cf491-16d1-44b1-ae48-b824353636eb 3b2bab129d1a459ba5c8eb8ae0f19704 a16d112047ef4d2f9ef0a0762b3b8560 - - default default] No more DHCP agents
2026-04-02 17:59:33.121 7 WARNING neutron.api.rpc.agentnotifiers.dhcp_rpc_agent_api [None req-127cf491-16d1-44b1-ae48-b824353636eb 3b2bab129d1a459ba5c8eb8ae0f19704 a16d112047ef4d2f9ef0a0762b3b8560 - - default default] Unable to schedule network 15e1801f-5a42-4533-b67f-f4bad7f832f6: no agents available; will retry on subsequent port and subnet creation events.
2026-04-02 17:59:33.227 7 INFO neutron.db.ovn_revision_numbers_db [None req-127cf491-16d1-44b1-ae48-b824353636eb 3b2bab129d1a459ba5c8eb8ae0f19704 a16d112047ef4d2f9ef0a0762b3b8560 - - default default] Successfully bumped revision number for resource 82486588-5b96-410b-bd81-c9ca7a01a4a4 (type: ports) to 1
2026-04-02 17:59:33.228 8 INFO neutron.plugins.ml2.drivers.ovn.mech_driver.mech_driver [None req-20c3181b-984e-41e7-89dc-07fcff9ec543 - - - - - -] OVN reports status down for port: 82486588-5b96-410b-bd81-c9ca7a01a4a4 [pid: 7|app: 0|req: 748/1347] 10.0.0.103 () {34 vars in 670 bytes} [Thu Apr 2 17:59:32 2026] POST /v2.0/networks => generated 667 bytes in 849 msecs (HTTP/1.1 201) 4 headers in 162 bytes (1 switches on core 0) [pid: 7|app: 0|req: 749/1348] 10.0.0.103 () {32 vars in 724 bytes} [Thu Apr 2 17:59:33 2026] DELETE /v2.0/subnets/29b71c7b-9cc4-4581-8563-b95f121e6a42 => generated 0 bytes in 182 msecs (HTTP/1.1 204) 3 headers in 131 bytes (1 switches on core 0)
2026-04-02 17:59:33.604 8 INFO neutron.db.ovn_revision_numbers_db [None req-3be55179-96b2-43a3-8792-c38d53d8b785 - - - - - -] Successfully bumped revision number for resource 2f95ce9a-175c-4de4-8a21-f9a2190cafdc (type: ports) to 2
2026-04-02 17:59:33.643 8 INFO neutron.db.ovn_revision_numbers_db [None req-3be55179-96b2-43a3-8792-c38d53d8b785 - - - - - -] Successfully bumped revision number for resource 144235f5-0cf7-4332-bdfa-c4ae1c0faecd (type: subnets) to 0 [pid: 8|app: 0|req: 600/1349] 10.0.0.103 () {34 vars in 669 bytes} [Thu Apr 2 17:59:32 2026] POST /v2.0/subnets => generated 626 bytes in 805 msecs (HTTP/1.1 201) 4 headers in 162 bytes (1 switches on core 0)
2026-04-02 17:59:33.704 7 WARNING neutron.scheduler.dhcp_agent_scheduler [None req-eaa7a468-baae-431e-b049-a56711c5ccd1 3b2bab129d1a459ba5c8eb8ae0f19704 a16d112047ef4d2f9ef0a0762b3b8560 - - default default] No more DHCP agents
2026-04-02 17:59:33.706 7 WARNING neutron.api.rpc.agentnotifiers.dhcp_rpc_agent_api [None req-eaa7a468-baae-431e-b049-a56711c5ccd1 3b2bab129d1a459ba5c8eb8ae0f19704 a16d112047ef4d2f9ef0a0762b3b8560 - - default default] Unable to schedule network 15e1801f-5a42-4533-b67f-f4bad7f832f6: no agents available; will retry on subsequent port and subnet creation events.
2026-04-02 17:59:33.798 8 INFO neutron.plugins.ml2.drivers.ovn.mech_driver.mech_driver [None req-20c3181b-984e-41e7-89dc-07fcff9ec543 - - - - - -] OVN reports status down for port: 698a9695-efe3-43cb-97f3-15a31b7bca0f
2026-04-02 17:59:33.819 7 INFO neutron.db.ovn_revision_numbers_db [None req-eaa7a468-baae-431e-b049-a56711c5ccd1 3b2bab129d1a459ba5c8eb8ae0f19704 a16d112047ef4d2f9ef0a0762b3b8560 - - default default] Successfully bumped revision number for resource 698a9695-efe3-43cb-97f3-15a31b7bca0f (type: ports) to 1
2026-04-02 17:59:33.829 8 INFO neutron_taas.services.taas.taas_plugin [None req-5344c6a3-9128-4b6e-8bd1-aa8b79eb3b0f 4c0592c98a164681a9209a96d91740a0 ebe176ac1890409cba9a5e40ac272642 - - default default] TaaS: Handle Delete Port: b7c3081b-30e8-4761-b253-27eea7198234
2026-04-02 17:59:33.839 8 INFO neutron_taas.services.taas.tap_mirror_plugin [None req-5344c6a3-9128-4b6e-8bd1-aa8b79eb3b0f 4c0592c98a164681a9209a96d91740a0 ebe176ac1890409cba9a5e40ac272642 - - default default] Tap Mirror: Handle Delete Port: b7c3081b-30e8-4761-b253-27eea7198234 [pid: 7|app: 0|req: 750/1350] 10.0.0.103 () {34 vars in 665 bytes} [Thu Apr 2 17:59:33 2026] POST /v2.0/ports => generated 778 bytes in 439 msecs (HTTP/1.1 201) 4 headers in 162 bytes (1 switches on core 0) /var/lib/openstack/lib/python3.12/site-packages/pycadf/identifier.py:70: UserWarning: Invalid uuid: neutron. To ensure interoperability, identifiers should be a valid uuid. warnings.warn(('Invalid uuid: %s. To ensure interoperability, '
2026-04-02 17:59:34.054 8 INFO neutron.services.segments.plugin [-] Segment 48f4221a-bbe3-48ef-b9d3-bb8701035120 resource provider aggregate not found
2026-04-02 17:59:34.065 8 INFO neutron.services.segments.plugin [-] Segment 48f4221a-bbe3-48ef-b9d3-bb8701035120 resource provider aggregate not found
2026-04-02 17:59:34.075 8 INFO neutron.services.segments.plugin [-] Segment 48f4221a-bbe3-48ef-b9d3-bb8701035120 resource provider not found; error: Placement Client Error (4xx): {"errors": [{"status": 404, "title": "Not Found", "detail": "The resource could not be found.\n\n No resource provider with uuid 48f4221a-bbe3-48ef-b9d3-bb8701035120 found for delete ", "request_id": "req-4e468f9d-05d6-40c7-b5c3-85fb88518891"}]}
2026-04-02 17:59:34.090 8 INFO neutron.services.segments.plugin [-] Segment 48f4221a-bbe3-48ef-b9d3-bb8701035120 resource provider not found; error: Placement Client Error (4xx): {"errors": [{"status": 404, "title": "Not Found", "detail": "The resource could not be found.\n\n No resource provider with uuid 48f4221a-bbe3-48ef-b9d3-bb8701035120 found for delete ", "request_id": "req-8a4a12d3-f187-4c20-aae7-6cb1fcbdd50b"}]} [pid: 8|app: 0|req: 601/1351] 10.0.0.103 () {32 vars in 726 bytes} [Thu Apr 2 17:59:33 2026] DELETE /v2.0/networks/7fe4b982-1e4b-4f2d-8564-c36ee04dc4c1 => generated 0 bytes in 464 msecs (HTTP/1.1 204) 3 headers in 131 bytes (1 switches on core 0)
2026-04-02 17:59:34.178 7 WARNING neutron.scheduler.dhcp_agent_scheduler [None req-60211c30-0ec3-4fd4-922c-ab568996cbd7 ee99934d39894f8d84e832895207b9da 691892c2c33646eea1224b258139d386 - - default default] No more DHCP agents
2026-04-02 17:59:34.179 7 WARNING neutron.api.rpc.agentnotifiers.dhcp_rpc_agent_api [None req-60211c30-0ec3-4fd4-922c-ab568996cbd7 ee99934d39894f8d84e832895207b9da 691892c2c33646eea1224b258139d386 - - default default] Unable to schedule network 21aaf68f-efd8-43ae-bdc8-491dbf8cdfb6: no agents available; will retry on subsequent port and subnet creation events.
2026-04-02 17:59:34.202 8 INFO neutron.db.segments_db [None req-96ea39e1-3cce-4e2d-b627-10c4cd9f388c 3b2bab129d1a459ba5c8eb8ae0f19704 a16d112047ef4d2f9ef0a0762b3b8560 - - default default] Added segment b5a4cb62-332f-49de-9b9c-f34bc5a7a8dc of type geneve for network c5afb110-d49b-4d1e-89f0-df19f7e2b67a
2026-04-02 17:59:34.309 8 INFO neutron.plugins.ml2.drivers.ovn.mech_driver.mech_driver [None req-20c3181b-984e-41e7-89dc-07fcff9ec543 - - - - - -] OVN reports status down for port: 65c55159-b4d7-4220-a1ad-6b83695aad68
2026-04-02 17:59:34.348 7 INFO neutron.db.ovn_revision_numbers_db [None req-60211c30-0ec3-4fd4-922c-ab568996cbd7 ee99934d39894f8d84e832895207b9da 691892c2c33646eea1224b258139d386 - - default default] Successfully bumped revision number for resource 65c55159-b4d7-4220-a1ad-6b83695aad68 (type: ports) to 1 [pid: 7|app: 0|req: 751/1352] 10.0.0.103 () {34 vars in 665 bytes} [Thu Apr 2 17:59:33 2026] POST /v2.0/ports => generated 954 bytes in 560 msecs (HTTP/1.1 201) 4 headers in 162 bytes (1 switches on core 0)
2026-04-02 17:59:34.432 8 INFO neutron.db.ovn_revision_numbers_db [None req-96ea39e1-3cce-4e2d-b627-10c4cd9f388c 3b2bab129d1a459ba5c8eb8ae0f19704 a16d112047ef4d2f9ef0a0762b3b8560 - - default default] Successfully bumped revision number for resource c5afb110-d49b-4d1e-89f0-df19f7e2b67a (type: networks) to 1 /var/lib/openstack/lib/python3.12/site-packages/pycadf/identifier.py:70: UserWarning: Invalid uuid: neutron. To ensure interoperability, identifiers should be a valid uuid. warnings.warn(('Invalid uuid: %s. To ensure interoperability, ' [pid: 7|app: 0|req: 752/1353] 10.0.0.103 () {32 vars in 774 bytes} [Thu Apr 2 17:59:34 2026] GET /v2.0/security-groups?tenant_id=148643d1d4304483832145678ad8377e&name=default => generated 2921 bytes in 27 msecs (HTTP/1.1 200) 4 headers in 158 bytes (1 switches on core 0)
2026-04-02 17:59:34.586 7 INFO neutron_taas.services.taas.taas_plugin [None req-0218d99e-3885-4079-9154-3dc9eca29618 ee99934d39894f8d84e832895207b9da 691892c2c33646eea1224b258139d386 - - default default] TaaS: Handle Delete Port: 65c55159-b4d7-4220-a1ad-6b83695aad68
2026-04-02 17:59:34.588 7 INFO neutron_taas.services.taas.tap_mirror_plugin [None req-0218d99e-3885-4079-9154-3dc9eca29618 ee99934d39894f8d84e832895207b9da 691892c2c33646eea1224b258139d386 - - default default] Tap Mirror: Handle Delete Port: 65c55159-b4d7-4220-a1ad-6b83695aad68
2026-04-02 17:59:34.620 8 WARNING neutron.scheduler.dhcp_agent_scheduler [None req-96ea39e1-3cce-4e2d-b627-10c4cd9f388c 3b2bab129d1a459ba5c8eb8ae0f19704 a16d112047ef4d2f9ef0a0762b3b8560 - - default default] No more DHCP agents
2026-04-02 17:59:34.621 8 WARNING neutron.api.rpc.agentnotifiers.dhcp_rpc_agent_api [None req-96ea39e1-3cce-4e2d-b627-10c4cd9f388c 3b2bab129d1a459ba5c8eb8ae0f19704 a16d112047ef4d2f9ef0a0762b3b8560 - - default default] Unable to schedule network c5afb110-d49b-4d1e-89f0-df19f7e2b67a: no agents available; will retry on subsequent port and subnet creation events.
2026-04-02 17:59:34.693 8 INFO neutron.plugins.ml2.drivers.ovn.mech_driver.mech_driver [None req-20c3181b-984e-41e7-89dc-07fcff9ec543 - - - - - -] OVN reports status down for port: c4841c98-128a-4fa4-ae1e-5f9bde788207
2026-04-02 17:59:34.774 8 INFO neutron.db.ovn_revision_numbers_db [None req-96ea39e1-3cce-4e2d-b627-10c4cd9f388c 3b2bab129d1a459ba5c8eb8ae0f19704 a16d112047ef4d2f9ef0a0762b3b8560 - - default default] Successfully bumped revision number for resource c4841c98-128a-4fa4-ae1e-5f9bde788207 (type: ports) to 1 [pid: 7|app: 0|req: 753/1354] 10.0.0.103 () {32 vars in 720 bytes} [Thu Apr 2 17:59:34 2026] DELETE /v2.0/ports/65c55159-b4d7-4220-a1ad-6b83695aad68 => generated 0 bytes in 379 msecs (HTTP/1.1 204) 3 headers in 131 bytes (1 switches on core 0) [pid: 8|app: 0|req: 602/1355] 10.0.0.103 () {34 vars in 670 bytes} [Thu Apr 2 17:59:34 2026] POST /v2.0/networks => generated 655 bytes in 748 msecs (HTTP/1.1 201) 4 headers in 162 bytes (1 switches on core 0)
2026-04-02 17:59:34.897 8 INFO neutron.pecan_wsgi.hooks.translation [None req-c436be09-6056-4638-82f1-7bdd293aed10 ee99934d39894f8d84e832895207b9da 691892c2c33646eea1224b258139d386 - - default default] DELETE failed (client error): The resource could not be found. [pid: 8|app: 0|req: 603/1356] 10.0.0.103 () {32 vars in 720 bytes} [Thu Apr 2 17:59:34 2026] DELETE /v2.0/ports/65c55159-b4d7-4220-a1ad-6b83695aad68 => generated 132 bytes in 28 msecs (HTTP/1.1 404) 4 headers in 164 bytes (1 switches on core 0) [pid: 7|app: 0|req: 754/1357] 10.0.0.103 () {32 vars in 740 bytes} [Thu Apr 2 17:59:34 2026] DELETE /v2.0/security-groups/3ae6fde0-5e03-46a6-88e7-d95bb36c0b66 => generated 0 bytes in 242 msecs (HTTP/1.1 204) 2 headers in 112 bytes (1 switches on core 0)
2026-04-02 17:59:35.097 7 INFO neutron.pecan_wsgi.hooks.translation [None req-a8180dd4-8aa5-403c-9f8c-b10fa4230426 ee99934d39894f8d84e832895207b9da 691892c2c33646eea1224b258139d386 - - default default] GET failed (client error): The resource could not be found. [pid: 7|app: 0|req: 755/1358] 10.0.0.103 () {32 vars in 717 bytes} [Thu Apr 2 17:59:35 2026] GET /v2.0/ports/65c55159-b4d7-4220-a1ad-6b83695aad68 => generated 132 bytes in 15 msecs (HTTP/1.1 404) 4 headers in 164 bytes (1 switches on core 0)
2026-04-02 17:59:35.129 8 WARNING neutron.scheduler.dhcp_agent_scheduler [None req-31b2ed0b-e9fa-41d1-b592-f63cf8f5910f 3b2bab129d1a459ba5c8eb8ae0f19704 a16d112047ef4d2f9ef0a0762b3b8560 - - default default] No more DHCP agents
2026-04-02 17:59:35.131 8 WARNING neutron.api.rpc.agentnotifiers.dhcp_rpc_agent_api [None req-31b2ed0b-e9fa-41d1-b592-f63cf8f5910f 3b2bab129d1a459ba5c8eb8ae0f19704 a16d112047ef4d2f9ef0a0762b3b8560 - - default default] Unable to schedule network c5afb110-d49b-4d1e-89f0-df19f7e2b67a: no agents available; will retry on subsequent port and subnet creation events.
2026-04-02 17:59:35.167 8 INFO neutron.db.ovn_revision_numbers_db [None req-31b2ed0b-e9fa-41d1-b592-f63cf8f5910f 3b2bab129d1a459ba5c8eb8ae0f19704 a16d112047ef4d2f9ef0a0762b3b8560 - - default default] Successfully bumped revision number for resource 1d22719f-40ad-4993-a5f4-30067d2370f6 (type: subnets) to 0 [pid: 8|app: 0|req: 604/1359] 10.0.0.103 () {34 vars in 669 bytes} [Thu Apr 2 17:59:34 2026] POST /v2.0/subnets => generated 646 bytes in 285 msecs (HTTP/1.1 201) 4 headers in 162 bytes (1 switches on core 0) [pid: 8|app: 0|req: 605/1360] 10.0.0.103 () {32 vars in 724 bytes} [Thu Apr 2 17:59:35 2026] DELETE /v2.0/subnets/144235f5-0cf7-4332-bdfa-c4ae1c0faecd => generated 0 bytes in 192 msecs (HTTP/1.1 204) 3 headers in 131 bytes (1 switches on core 0)
2026-04-02 17:59:35.597 7 INFO neutron.db.ovn_revision_numbers_db [None req-c13830f2-ec06-42f5-baf4-6a95d06292c1 4c0592c98a164681a9209a96d91740a0 ebe176ac1890409cba9a5e40ac272642 - - default default] Successfully bumped revision number for resource 62f74479-2c9c-488a-9016-10f5e081fd11 (type: security_groups) to 1
2026-04-02 17:59:35.608 7 INFO neutron.db.ovn_revision_numbers_db [None req-c13830f2-ec06-42f5-baf4-6a95d06292c1 4c0592c98a164681a9209a96d91740a0 ebe176ac1890409cba9a5e40ac272642 - - default default] Successfully bumped revision number for resource 329c04d4-9827-47a0-ad54-039e3788fc7e (type: security_group_rules) to 0
2026-04-02 17:59:35.620 7 INFO neutron.db.ovn_revision_numbers_db [None req-c13830f2-ec06-42f5-baf4-6a95d06292c1 4c0592c98a164681a9209a96d91740a0 ebe176ac1890409cba9a5e40ac272642 - - default default] Successfully bumped revision number for resource 759a367b-2094-4d2b-9c0f-4297927813d3 (type: security_group_rules) to 0
2026-04-02 17:59:35.630 7 INFO neutron.db.ovn_revision_numbers_db [None req-c13830f2-ec06-42f5-baf4-6a95d06292c1 4c0592c98a164681a9209a96d91740a0 ebe176ac1890409cba9a5e40ac272642 - - default default] Successfully bumped revision number for resource a4a8bf7b-998b-4e28-954d-11d213542fe4 (type: security_group_rules) to 0
2026-04-02 17:59:35.642 7 INFO neutron.db.ovn_revision_numbers_db [None req-c13830f2-ec06-42f5-baf4-6a95d06292c1 4c0592c98a164681a9209a96d91740a0 ebe176ac1890409cba9a5e40ac272642 - - default default] Successfully bumped revision number for resource c86b7bc2-6b5a-41c8-8048-664265b27b0d (type: security_group_rules) to 0 [pid: 7|app: 0|req: 756/1361] 10.0.0.103 () {32 vars in 774 bytes} [Thu Apr 2 17:59:35 2026] GET /v2.0/security-groups?tenant_id=107a28ac82b14f4e8232407e05498d9a&name=default => generated 2925 bytes in 578 msecs (HTTP/1.1 200) 4 headers in 158 bytes (1 switches on core 0)
2026-04-02 17:59:35.688 8 WARNING neutron.scheduler.dhcp_agent_scheduler [None req-4f4b5b4a-15ba-440e-8b77-e04a117293ae 3b2bab129d1a459ba5c8eb8ae0f19704 a16d112047ef4d2f9ef0a0762b3b8560 - - default default] No more DHCP agents
2026-04-02 17:59:35.691 8 WARNING neutron.api.rpc.agentnotifiers.dhcp_rpc_agent_api [None req-4f4b5b4a-15ba-440e-8b77-e04a117293ae 3b2bab129d1a459ba5c8eb8ae0f19704 a16d112047ef4d2f9ef0a0762b3b8560 - - default default] Unable to schedule network c5afb110-d49b-4d1e-89f0-df19f7e2b67a: no agents available; will retry on subsequent port and subnet creation events.
2026-04-02 17:59:35.784 8 INFO neutron.plugins.ml2.drivers.ovn.mech_driver.mech_driver [None req-20c3181b-984e-41e7-89dc-07fcff9ec543 - - - - - -] OVN reports status down for port: bea98cd6-e96e-4f20-afc5-c5b44a9872fa
2026-04-02 17:59:35.856 7 INFO neutron_taas.services.taas.taas_plugin [None req-717008f3-1901-42ed-bc66-5878ec31a16f ee99934d39894f8d84e832895207b9da 691892c2c33646eea1224b258139d386 - - default default] TaaS: Handle Delete Port: 2f95ce9a-175c-4de4-8a21-f9a2190cafdc
2026-04-02 17:59:35.859 7 INFO neutron_taas.services.taas.tap_mirror_plugin [None req-717008f3-1901-42ed-bc66-5878ec31a16f ee99934d39894f8d84e832895207b9da 691892c2c33646eea1224b258139d386 - - default default] Tap Mirror: Handle Delete Port: 2f95ce9a-175c-4de4-8a21-f9a2190cafdc
2026-04-02 17:59:35.864 8 INFO neutron.db.ovn_revision_numbers_db [None req-4f4b5b4a-15ba-440e-8b77-e04a117293ae 3b2bab129d1a459ba5c8eb8ae0f19704 a16d112047ef4d2f9ef0a0762b3b8560 - - default default] Successfully bumped revision number for resource bea98cd6-e96e-4f20-afc5-c5b44a9872fa (type: ports) to 1 [pid: 8|app: 0|req: 606/1362] 10.0.0.103 () {34 vars in 665 bytes} [Thu Apr 2 17:59:35 2026] POST /v2.0/ports => generated 965 bytes in 535 msecs (HTTP/1.1 201) 4 headers in 162 bytes (1 switches on core 0) /var/lib/openstack/lib/python3.12/site-packages/pycadf/identifier.py:70: UserWarning: Invalid uuid: neutron. To ensure interoperability, identifiers should be a valid uuid. warnings.warn(('Invalid uuid: %s. To ensure interoperability, '
2026-04-02 17:59:36.056 7 INFO neutron.services.segments.plugin [-] Segment 22286f0c-5bd4-462b-86a7-0873c639b987 resource provider aggregate not found
2026-04-02 17:59:36.062 7 INFO neutron.services.segments.plugin [-] Segment 22286f0c-5bd4-462b-86a7-0873c639b987 resource provider aggregate not found
2026-04-02 17:59:36.078 7 INFO neutron.services.segments.plugin [-] Segment 22286f0c-5bd4-462b-86a7-0873c639b987 resource provider not found; error: Placement Client Error (4xx): {"errors": [{"status": 404, "title": "Not Found", "detail": "The resource could not be found.\n\n No resource provider with uuid 22286f0c-5bd4-462b-86a7-0873c639b987 found for delete ", "request_id": "req-8418120f-595e-4b90-97f5-17b121b537be"}]}
2026-04-02 17:59:36.080 7 INFO neutron.services.segments.plugin [-] Segment 22286f0c-5bd4-462b-86a7-0873c639b987 resource provider not found; error: Placement Client Error (4xx): {"errors": [{"status": 404, "title": "Not Found", "detail": "The resource could not be found.\n\n No resource provider with uuid 22286f0c-5bd4-462b-86a7-0873c639b987 found for delete ", "request_id": "req-6dca19f7-2aec-445e-b3cf-e553f10daa12"}]} [pid: 7|app: 0|req: 757/1363] 10.0.0.103 () {32 vars in 726 bytes} [Thu Apr 2 17:59:35 2026] DELETE /v2.0/networks/21aaf68f-efd8-43ae-bdc8-491dbf8cdfb6 => generated 0 bytes in 469 msecs (HTTP/1.1 204) 3 headers in 131 bytes (1 switches on core 0) [pid: 8|app: 0|req: 607/1364] 10.0.0.103 () {32 vars in 740 bytes} [Thu Apr 2 17:59:35 2026] DELETE /v2.0/security-groups/62f74479-2c9c-488a-9016-10f5e081fd11 => generated 0 bytes in 351 msecs (HTTP/1.1 204) 2 headers in 112 bytes (1 switches on core 0)
2026-04-02 17:59:36.353 8 INFO neutron.db.segments_db [None req-037686bf-d551-45e8-9955-34113b1fa4a6 ee99934d39894f8d84e832895207b9da 691892c2c33646eea1224b258139d386 - - default default] Added segment b188fe94-225b-4478-b7e9-915b6960fe3c of type geneve for network 19956d29-ca6f-49c4-bf0a-df91354bac06
2026-04-02 17:59:36.364 7 INFO neutron_taas.services.taas.taas_plugin [None req-9185ce75-f856-4403-b347-d458438b97b6 3b2bab129d1a459ba5c8eb8ae0f19704 a16d112047ef4d2f9ef0a0762b3b8560 - - default default] TaaS: Handle Delete Port: bea98cd6-e96e-4f20-afc5-c5b44a9872fa
2026-04-02 17:59:36.369 7 INFO neutron_taas.services.taas.tap_mirror_plugin [None req-9185ce75-f856-4403-b347-d458438b97b6 3b2bab129d1a459ba5c8eb8ae0f19704 a16d112047ef4d2f9ef0a0762b3b8560 - - default default] Tap Mirror: Handle Delete Port: bea98cd6-e96e-4f20-afc5-c5b44a9872fa
2026-04-02 17:59:36.491 8 INFO neutron.db.ovn_revision_numbers_db [None req-037686bf-d551-45e8-9955-34113b1fa4a6 ee99934d39894f8d84e832895207b9da 691892c2c33646eea1224b258139d386 - - default default] Successfully bumped revision number for resource 19956d29-ca6f-49c4-bf0a-df91354bac06 (type: networks) to 1 [pid: 7|app: 0|req: 758/1365] 10.0.0.103 () {32 vars in 720 bytes} [Thu Apr 2 17:59:36 2026] DELETE /v2.0/ports/bea98cd6-e96e-4f20-afc5-c5b44a9872fa => generated 0 bytes in 405 msecs (HTTP/1.1 204) 3 headers in 131 bytes (1 switches on core 0)
2026-04-02 17:59:36.706 7 INFO neutron.db.ovn_revision_numbers_db [None req-a9c6a304-3348-44ab-a57f-2fa1397aeb91 4c0592c98a164681a9209a96d91740a0 ebe176ac1890409cba9a5e40ac272642 - - default default] Successfully bumped revision number for resource 16030c23-3134-4532-a04e-8098593a2785 (type: security_groups) to 1
2026-04-02 17:59:36.715 8 WARNING neutron.scheduler.dhcp_agent_scheduler [None req-037686bf-d551-45e8-9955-34113b1fa4a6 ee99934d39894f8d84e832895207b9da 691892c2c33646eea1224b258139d386 - - default default] No more DHCP agents
2026-04-02 17:59:36.718 8 WARNING neutron.api.rpc.agentnotifiers.dhcp_rpc_agent_api [None req-037686bf-d551-45e8-9955-34113b1fa4a6 ee99934d39894f8d84e832895207b9da 691892c2c33646eea1224b258139d386 - - default default] Unable to schedule network 19956d29-ca6f-49c4-bf0a-df91354bac06: no agents available; will retry on subsequent port and subnet creation events.
2026-04-02 17:59:36.718 7 INFO neutron.db.ovn_revision_numbers_db [None req-a9c6a304-3348-44ab-a57f-2fa1397aeb91 4c0592c98a164681a9209a96d91740a0 ebe176ac1890409cba9a5e40ac272642 - - default default] Successfully bumped revision number for resource 0e6376e2-7c7e-494a-8617-0acdbb9083bd (type: security_group_rules) to 0
2026-04-02 17:59:36.729 7 INFO neutron.db.ovn_revision_numbers_db [None req-a9c6a304-3348-44ab-a57f-2fa1397aeb91 4c0592c98a164681a9209a96d91740a0 ebe176ac1890409cba9a5e40ac272642 - - default default] Successfully bumped revision number for resource 25303187-e360-4d0c-a700-f68de64abbce (type: security_group_rules) to 0
2026-04-02 17:59:36.740 7 INFO neutron.db.ovn_revision_numbers_db [None req-a9c6a304-3348-44ab-a57f-2fa1397aeb91 4c0592c98a164681a9209a96d91740a0 ebe176ac1890409cba9a5e40ac272642 - - default default] Successfully bumped revision number for resource 77c90e80-8de0-4511-be6a-e02e832fa187 (type: security_group_rules) to 0
2026-04-02 17:59:36.750 7 INFO neutron.db.ovn_revision_numbers_db [None req-a9c6a304-3348-44ab-a57f-2fa1397aeb91 4c0592c98a164681a9209a96d91740a0 ebe176ac1890409cba9a5e40ac272642 - - default default] Successfully bumped revision number for resource b36f5f93-b2a0-41b0-848a-0afac404dae7 (type: security_group_rules) to 0
2026-04-02 17:59:36.796 8 INFO neutron.plugins.ml2.drivers.ovn.mech_driver.mech_driver [None req-20c3181b-984e-41e7-89dc-07fcff9ec543 - - - - - -] OVN reports status down for port: cc416621-5f20-45c5-a0de-d76c5fcf20b7 [pid: 7|app: 0|req: 759/1366] 10.0.0.103 () {32 vars in 774 bytes} [Thu Apr 2 17:59:36 2026] GET /v2.0/security-groups?tenant_id=fcd8a04e5840433caa7aaa4aacb9dc83&name=default => generated 2925 bytes in 267 msecs (HTTP/1.1 200) 4 headers in 158 bytes (1 switches on core 0)
2026-04-02 17:59:36.836 7 INFO neutron.pecan_wsgi.hooks.translation [None req-8a3112a3-7c7a-4196-8a99-c44c052e20cb 3b2bab129d1a459ba5c8eb8ae0f19704 a16d112047ef4d2f9ef0a0762b3b8560 - - default default] DELETE failed (client error): The resource could not be found. [pid: 7|app: 0|req: 760/1367] 10.0.0.103 () {32 vars in 720 bytes} [Thu Apr 2 17:59:36 2026] DELETE /v2.0/ports/bea98cd6-e96e-4f20-afc5-c5b44a9872fa => generated 132 bytes in 18 msecs (HTTP/1.1 404) 4 headers in 164 bytes (1 switches on core 0)
2026-04-02 17:59:36.869 8 INFO neutron.db.ovn_revision_numbers_db [None req-037686bf-d551-45e8-9955-34113b1fa4a6 ee99934d39894f8d84e832895207b9da 691892c2c33646eea1224b258139d386 - - default default] Successfully bumped revision number for resource cc416621-5f20-45c5-a0de-d76c5fcf20b7 (type: ports) to 1 [pid: 8|app: 0|req: 608/1368] 10.0.0.103 () {34 vars in 670 bytes} [Thu Apr 2 17:59:36 2026] POST /v2.0/networks => generated 650 bytes in 654 msecs (HTTP/1.1 201) 4 headers in 162 bytes (1 switches on core 0)
2026-04-02 17:59:37.167 7 INFO neutron.db.ovn_revision_numbers_db [None req-be7689b4-f14f-49da-bcc3-b432e95aac58 4c0592c98a164681a9209a96d91740a0 ebe176ac1890409cba9a5e40ac272642 - - default default] Successfully bumped revision number for resource e7b5591b-13f7-4eb6-b006-6f45805ee29b (type: security_groups) to 1
2026-04-02 17:59:37.181 7 INFO neutron.db.ovn_revision_numbers_db [None req-be7689b4-f14f-49da-bcc3-b432e95aac58 4c0592c98a164681a9209a96d91740a0 ebe176ac1890409cba9a5e40ac272642 - - default default] Successfully bumped revision number for resource 38b4f716-59ce-4fb8-bf03-849ee26f8ced (type: security_group_rules) to 0
2026-04-02 17:59:37.195 7 INFO neutron.db.ovn_revision_numbers_db [None req-be7689b4-f14f-49da-bcc3-b432e95aac58 4c0592c98a164681a9209a96d91740a0 ebe176ac1890409cba9a5e40ac272642 - - default default] Successfully bumped revision number for resource 98bd2239-3790-4855-9a34-a180a3fce005 (type: security_group_rules) to 0 [pid: 8|app: 0|req: 609/1369] 10.0.0.103 () {32 vars in 740 bytes} [Thu Apr 2 17:59:36 2026] DELETE /v2.0/security-groups/16030c23-3134-4532-a04e-8098593a2785 => generated 0 bytes in 284 msecs (HTTP/1.1 204) 2 headers in 112 bytes (1 switches on core 0)
2026-04-02 17:59:37.205 7 INFO neutron.db.ovn_revision_numbers_db [None req-be7689b4-f14f-49da-bcc3-b432e95aac58 4c0592c98a164681a9209a96d91740a0 ebe176ac1890409cba9a5e40ac272642 - - default default] Successfully bumped revision number for resource a7efb271-52fc-4860-9c7d-08ad9d4540a3 (type: security_group_rules) to 0
2026-04-02 17:59:37.217 8 INFO neutron.pecan_wsgi.hooks.translation [None req-791c6d3a-52ad-466b-90c0-1f1f5b2ca7e7 3b2bab129d1a459ba5c8eb8ae0f19704 a16d112047ef4d2f9ef0a0762b3b8560 - - default default] GET failed (client error): The resource could not be found. [pid: 8|app: 0|req: 610/1370] 10.0.0.103 () {32 vars in 717 bytes} [Thu Apr 2 17:59:37 2026] GET /v2.0/ports/bea98cd6-e96e-4f20-afc5-c5b44a9872fa => generated 132 bytes in 13 msecs (HTTP/1.1 404) 4 headers in 164 bytes (1 switches on core 0)
2026-04-02 17:59:37.220 7 INFO neutron.db.ovn_revision_numbers_db [None req-be7689b4-f14f-49da-bcc3-b432e95aac58 4c0592c98a164681a9209a96d91740a0 ebe176ac1890409cba9a5e40ac272642 - - default default] Successfully bumped revision number for resource f63ff0fc-d174-4490-bead-41b62071195a (type: security_group_rules) to 0
2026-04-02 17:59:37.318 7 INFO neutron.db.segments_db [None req-be7689b4-f14f-49da-bcc3-b432e95aac58 4c0592c98a164681a9209a96d91740a0 ebe176ac1890409cba9a5e40ac272642 - - default default] Added segment c33123b1-3c4e-462a-a94d-3087b1ed7113 of type geneve for network ad2307a2-301d-452a-9720-94d47d977594
2026-04-02 17:59:37.413 8 WARNING neutron.scheduler.dhcp_agent_scheduler [None req-5bb879a7-0964-442e-af6d-8520bc7b6d2a ee99934d39894f8d84e832895207b9da 691892c2c33646eea1224b258139d386 - - default default] No more DHCP agents
2026-04-02 17:59:37.414 8 WARNING neutron.api.rpc.agentnotifiers.dhcp_rpc_agent_api [None req-5bb879a7-0964-442e-af6d-8520bc7b6d2a ee99934d39894f8d84e832895207b9da 691892c2c33646eea1224b258139d386 - - default default] Unable to schedule network 19956d29-ca6f-49c4-bf0a-df91354bac06: no agents available; will retry on subsequent port and subnet creation events.
2026-04-02 17:59:37.497 7 INFO neutron.db.ovn_revision_numbers_db [None req-be7689b4-f14f-49da-bcc3-b432e95aac58 4c0592c98a164681a9209a96d91740a0 ebe176ac1890409cba9a5e40ac272642 - - default default] Successfully bumped revision number for resource ad2307a2-301d-452a-9720-94d47d977594 (type: networks) to 1
2026-04-02 17:59:37.643 7 WARNING neutron.scheduler.dhcp_agent_scheduler [None req-be7689b4-f14f-49da-bcc3-b432e95aac58 4c0592c98a164681a9209a96d91740a0 ebe176ac1890409cba9a5e40ac272642 - - default default] No more DHCP agents
2026-04-02 17:59:37.644 7 WARNING neutron.api.rpc.agentnotifiers.dhcp_rpc_agent_api [None req-be7689b4-f14f-49da-bcc3-b432e95aac58 4c0592c98a164681a9209a96d91740a0 ebe176ac1890409cba9a5e40ac272642 - - default default] Unable to schedule network ad2307a2-301d-452a-9720-94d47d977594: no agents available; will retry on subsequent port and subnet creation events.
2026-04-02 17:59:37.733 8 INFO neutron.plugins.ml2.drivers.ovn.mech_driver.mech_driver [None req-20c3181b-984e-41e7-89dc-07fcff9ec543 - - - - - -] OVN reports status down for port: 1a855fdb-1d38-4d7d-b595-cfb5227bab21
2026-04-02 17:59:37.734 7 INFO neutron.db.ovn_revision_numbers_db [None req-be7689b4-f14f-49da-bcc3-b432e95aac58 4c0592c98a164681a9209a96d91740a0 ebe176ac1890409cba9a5e40ac272642 - - default default] Successfully bumped revision number for resource 1a855fdb-1d38-4d7d-b595-cfb5227bab21 (type: ports) to 1 [pid: 7|app: 0|req: 761/1371] 10.0.0.103 () {34 vars in 671 bytes} [Thu Apr 2 17:59:36 2026] POST /v2.0/networks => generated 767 bytes in 911 msecs (HTTP/1.1 201) 4 headers in 162 bytes (1 switches on core 0) [pid: 7|app: 0|req: 762/1372] 10.0.0.103 () {32 vars in 724 bytes} [Thu Apr 2 17:59:37 2026] DELETE /v2.0/subnets/1d22719f-40ad-4993-a5f4-30067d2370f6 => generated 0 bytes in 109 msecs (HTTP/1.1 204) 3 headers in 131 bytes (1 switches on core 0)
2026-04-02 17:59:37.979 7 WARNING neutron.scheduler.dhcp_agent_scheduler [None req-f0b5a1c2-5912-40c3-8db3-84390ebde077 4c0592c98a164681a9209a96d91740a0 ebe176ac1890409cba9a5e40ac272642 - - default default] No more DHCP agents
2026-04-02 17:59:37.981 7 WARNING neutron.api.rpc.agentnotifiers.dhcp_rpc_agent_api [None req-f0b5a1c2-5912-40c3-8db3-84390ebde077 4c0592c98a164681a9209a96d91740a0 ebe176ac1890409cba9a5e40ac272642 - - default default] Unable to schedule network ad2307a2-301d-452a-9720-94d47d977594: no agents available; will retry on subsequent port and subnet creation events.
2026-04-02 17:59:38.009 8 INFO neutron.db.ovn_revision_numbers_db [None req-64f927d1-0a4c-4a3a-929d-d2c4dbfa158d - - - - - -] Successfully bumped revision number for resource cc416621-5f20-45c5-a0de-d76c5fcf20b7 (type: ports) to 2
2026-04-02 17:59:38.046 8 INFO neutron.db.ovn_revision_numbers_db [None req-64f927d1-0a4c-4a3a-929d-d2c4dbfa158d - - - - - -] Successfully bumped revision number for resource 71a307d2-1816-40c0-be7a-f1463f761610 (type: subnets) to 0 [pid: 8|app: 0|req: 611/1373] 10.0.0.103 () {34 vars in 669 bytes} [Thu Apr 2 17:59:37 2026] POST /v2.0/subnets => generated 626 bytes in 844 msecs (HTTP/1.1 201) 4 headers in 162 bytes (1 switches on core 0)
2026-04-02 17:59:38.165 8 INFO neutron_taas.services.taas.taas_plugin [None req-6b528175-60f3-4887-b84e-2a1d7d0e573b 3b2bab129d1a459ba5c8eb8ae0f19704 a16d112047ef4d2f9ef0a0762b3b8560 - - default default] TaaS: Handle Delete Port: c4841c98-128a-4fa4-ae1e-5f9bde788207
2026-04-02 17:59:38.168 8 INFO neutron_taas.services.taas.tap_mirror_plugin [None req-6b528175-60f3-4887-b84e-2a1d7d0e573b 3b2bab129d1a459ba5c8eb8ae0f19704 a16d112047ef4d2f9ef0a0762b3b8560 - - default default] Tap Mirror: Handle Delete Port: c4841c98-128a-4fa4-ae1e-5f9bde788207
2026-04-02 17:59:38.359 8 INFO neutron.services.segments.plugin [-] Segment b5a4cb62-332f-49de-9b9c-f34bc5a7a8dc resource provider aggregate not found
2026-04-02 17:59:38.373 8 INFO neutron.services.segments.plugin [-] Segment b5a4cb62-332f-49de-9b9c-f34bc5a7a8dc resource provider aggregate not found
2026-04-02 17:59:38.395 8 INFO neutron.services.segments.plugin [-] Segment b5a4cb62-332f-49de-9b9c-f34bc5a7a8dc resource provider not found; error: Placement Client Error (4xx): {"errors": [{"status": 404, "title": "Not Found", "detail": "The resource could not be found.\n\n No resource provider with uuid b5a4cb62-332f-49de-9b9c-f34bc5a7a8dc found for delete ", "request_id": "req-eb367ca6-82c5-4552-b388-078997ecc241"}]}
2026-04-02 17:59:38.408 7 INFO neutron.db.ovn_revision_numbers_db [None req-da12a593-9f05-4afe-904b-64b9ff00ecfc - - - - - -] Successfully bumped revision number for resource 1a855fdb-1d38-4d7d-b595-cfb5227bab21 (type: ports) to 2
2026-04-02 17:59:38.419 8 INFO neutron.services.segments.plugin [-] Segment b5a4cb62-332f-49de-9b9c-f34bc5a7a8dc resource provider not found; error: Placement Client Error (4xx): {"errors": [{"status": 404, "title": "Not Found", "detail": "The resource could not be found.\n\n No resource provider with uuid b5a4cb62-332f-49de-9b9c-f34bc5a7a8dc found for delete ", "request_id": "req-b3de5ba5-8bd1-4c55-b7bc-16067939f11a"}]}
2026-04-02 17:59:38.436 7 INFO neutron.db.ovn_revision_numbers_db [None req-da12a593-9f05-4afe-904b-64b9ff00ecfc - - - - - -] Successfully bumped revision number for resource eca46dca-01f1-4704-970c-d5d677d6a9b2 (type: subnets) to 0 [pid: 7|app: 0|req: 763/1374] 10.0.0.103 () {34 vars in 669 bytes} [Thu Apr 2 17:59:37 2026] POST /v2.0/subnets => generated 692 bytes in 602 msecs (HTTP/1.1 201) 4 headers in 162 bytes (1 switches on core 0) [pid: 8|app: 0|req: 612/1375] 10.0.0.103 () {32 vars in 726 bytes} [Thu Apr 2 17:59:38 2026] DELETE /v2.0/networks/c5afb110-d49b-4d1e-89f0-df19f7e2b67a => generated 0 bytes in 408 msecs (HTTP/1.1 204) 3 headers in 131 bytes (1 switches on core 0)
2026-04-02 17:59:38.725 7 WARNING neutron.scheduler.dhcp_agent_scheduler [None req-35ce8718-f3ea-44e6-b837-ff8343e36e75 ee99934d39894f8d84e832895207b9da 691892c2c33646eea1224b258139d386 - - default default] No more DHCP agents
2026-04-02 17:59:38.731 7 WARNING neutron.api.rpc.agentnotifiers.dhcp_rpc_agent_api [None req-35ce8718-f3ea-44e6-b837-ff8343e36e75 ee99934d39894f8d84e832895207b9da 691892c2c33646eea1224b258139d386 - - default default] Unable to schedule network 19956d29-ca6f-49c4-bf0a-df91354bac06: no agents available; will retry on subsequent port and subnet creation events.
2026-04-02 17:59:38.880 8 WARNING neutron.scheduler.dhcp_agent_scheduler [None req-64617aab-2ac0-482f-9316-11654188f810 4c0592c98a164681a9209a96d91740a0 ebe176ac1890409cba9a5e40ac272642 - - default default] No more DHCP agents
2026-04-02 17:59:38.881 8 WARNING neutron.api.rpc.agentnotifiers.dhcp_rpc_agent_api [None req-64617aab-2ac0-482f-9316-11654188f810 4c0592c98a164681a9209a96d91740a0 ebe176ac1890409cba9a5e40ac272642 - - default default] Unable to schedule network 838e7217-3a19-4298-83d5-155d86a51a4e: no agents available; will retry on subsequent port and subnet creation events.
2026-04-02 17:59:38.897 8 INFO neutron.plugins.ml2.drivers.ovn.mech_driver.mech_driver [None req-20c3181b-984e-41e7-89dc-07fcff9ec543 - - - - - -] OVN reports status down for port: b0a3af17-039c-4dab-8f72-af43ab6add4c
2026-04-02 17:59:38.903 7 INFO neutron.db.ovn_revision_numbers_db [None req-35ce8718-f3ea-44e6-b837-ff8343e36e75 ee99934d39894f8d84e832895207b9da 691892c2c33646eea1224b258139d386 - - default default] Successfully bumped revision number for resource b0a3af17-039c-4dab-8f72-af43ab6add4c (type: ports) to 1 [pid: 7|app: 0|req: 764/1376] 10.0.0.103 () {34 vars in 665 bytes} [Thu Apr 2 17:59:38 2026] POST /v2.0/ports => generated 915 bytes in 505 msecs (HTTP/1.1 201) 4 headers in 162 bytes (1 switches on core 0)
2026-04-02 17:59:39.060 7 INFO neutron.db.segments_db [None req-76ffc3ac-26e1-4d1f-aef1-1537d395c39f 3b2bab129d1a459ba5c8eb8ae0f19704 a16d112047ef4d2f9ef0a0762b3b8560 - - default default] Added segment 3c08b9cf-e8cb-413e-a556-543baae27701 of type geneve for network cc2b9694-ad0b-4cf8-8e7e-a5bec6851080
2026-04-02 17:59:39.084 8 INFO neutron.plugins.ml2.drivers.ovn.mech_driver.mech_driver [None req-20c3181b-984e-41e7-89dc-07fcff9ec543 - - - - - -] OVN reports status down for port: b1609e72-7de7-44ca-a8ac-af270982454e
2026-04-02 17:59:39.129 8 INFO neutron.db.ovn_revision_numbers_db [None req-64617aab-2ac0-482f-9316-11654188f810 4c0592c98a164681a9209a96d91740a0 ebe176ac1890409cba9a5e40ac272642 - - default default] Successfully bumped revision number for resource b1609e72-7de7-44ca-a8ac-af270982454e (type: ports) to 1
2026-04-02 17:59:39.190 7 INFO neutron.db.ovn_revision_numbers_db [None req-76ffc3ac-26e1-4d1f-aef1-1537d395c39f 3b2bab129d1a459ba5c8eb8ae0f19704 a16d112047ef4d2f9ef0a0762b3b8560 - - default default] Successfully bumped revision number for resource cc2b9694-ad0b-4cf8-8e7e-a5bec6851080 (type: networks) to 1
2026-04-02 17:59:39.339 7 WARNING neutron.scheduler.dhcp_agent_scheduler [None req-76ffc3ac-26e1-4d1f-aef1-1537d395c39f 3b2bab129d1a459ba5c8eb8ae0f19704 a16d112047ef4d2f9ef0a0762b3b8560 - - default default] No more DHCP agents
2026-04-02 17:59:39.340 7 WARNING neutron.api.rpc.agentnotifiers.dhcp_rpc_agent_api [None req-76ffc3ac-26e1-4d1f-aef1-1537d395c39f 3b2bab129d1a459ba5c8eb8ae0f19704 a16d112047ef4d2f9ef0a0762b3b8560 - - default default] Unable to schedule network cc2b9694-ad0b-4cf8-8e7e-a5bec6851080: no agents available; will retry on subsequent port and subnet creation events.
2026-04-02 17:59:39.440 7 INFO neutron.db.ovn_revision_numbers_db [None req-76ffc3ac-26e1-4d1f-aef1-1537d395c39f 3b2bab129d1a459ba5c8eb8ae0f19704 a16d112047ef4d2f9ef0a0762b3b8560 - - default default] Successfully bumped revision number for resource 8afe1664-a1af-48c6-b03a-69c8f109d3a3 (type: ports) to 1
2026-04-02 17:59:39.442 8 INFO neutron.plugins.ml2.drivers.ovn.mech_driver.mech_driver [None req-20c3181b-984e-41e7-89dc-07fcff9ec543 - - - - - -] OVN reports status down for port: 8afe1664-a1af-48c6-b03a-69c8f109d3a3 [pid: 7|app: 0|req: 765/1377] 10.0.0.103 () {34 vars in 670 bytes} [Thu Apr 2 17:59:38 2026] POST /v2.0/networks => generated 654 bytes in 492 msecs (HTTP/1.1 201) 4 headers in 162 bytes (1 switches on core 0)
2026-04-02 17:59:39.573 7 INFO neutron_taas.services.taas.taas_plugin [None req-19e29758-887e-4be6-8294-308c4585b784 ee99934d39894f8d84e832895207b9da 691892c2c33646eea1224b258139d386 - - default default] TaaS: Handle Delete Port: b0a3af17-039c-4dab-8f72-af43ab6add4c
