2026-04-02 17:57:56.180 8 INFO cinder.volume.api [None req-adafac38-de43-49ac-a4cd-e93ea6223af6 99e5864cda514bdfa533c87cd5e40f7e c08411959d5748269ba11d32b11cc87d - - default default] Create volume request issued successfully.
2026-04-02 17:57:56.181 8 INFO cinder.api.openstack.wsgi [None req-adafac38-de43-49ac-a4cd-e93ea6223af6 99e5864cda514bdfa533c87cd5e40f7e c08411959d5748269ba11d32b11cc87d - - default default] http://cinder-api.openstack.svc.cluster.local:8776/v3/c08411959d5748269ba11d32b11cc87d/volumes returned with HTTP 202 [pid: 8|app: 0|req: 350/699] 10.0.0.103 () {34 vars in 723 bytes} [Thu Apr 2 17:57:55 2026] POST /v3/c08411959d5748269ba11d32b11cc87d/volumes => generated 864 bytes in 971 msecs (HTTP/1.1 202) 7 headers in 291 bytes (1 switches on core 0)
2026-04-02 17:57:56.197 7 INFO cinder.api.openstack.wsgi [None req-05716577-ecae-4ce8-bee7-ae19ce83c620 99e5864cda514bdfa533c87cd5e40f7e c08411959d5748269ba11d32b11cc87d - - default default] GET http://cinder-api.openstack.svc.cluster.local:8776/v3/c08411959d5748269ba11d32b11cc87d/volumes/7034a9b1-afa4-4961-b5dd-f6c37fbe2509 /var/lib/openstack/lib/python3.12/site-packages/oslo_context/context.py:101: DeprecationWarning: Policy enforcement is depending on the value of is_admin. This key is deprecated. Please update your policy file to use the standard policy values. warnings.warn(
2026-04-02 17:57:56.237 7 INFO cinder.volume.api [None req-05716577-ecae-4ce8-bee7-ae19ce83c620 99e5864cda514bdfa533c87cd5e40f7e c08411959d5748269ba11d32b11cc87d - - default default] Volume info retrieved successfully.
2026-04-02 17:57:56.244 7 INFO cinder.api.openstack.wsgi [None req-05716577-ecae-4ce8-bee7-ae19ce83c620 99e5864cda514bdfa533c87cd5e40f7e c08411959d5748269ba11d32b11cc87d - - default default] http://cinder-api.openstack.svc.cluster.local:8776/v3/c08411959d5748269ba11d32b11cc87d/volumes/7034a9b1-afa4-4961-b5dd-f6c37fbe2509 returned with HTTP 200 [pid: 7|app: 0|req: 350/700] 10.0.0.103 () {32 vars in 775 bytes} [Thu Apr 2 17:57:56 2026] GET /v3/c08411959d5748269ba11d32b11cc87d/volumes/7034a9b1-afa4-4961-b5dd-f6c37fbe2509 => generated 932 bytes in 51 msecs (HTTP/1.1 200) 7 headers in 285 bytes (1 switches on core 0) /var/lib/openstack/lib/python3.12/site-packages/pycadf/identifier.py:70: UserWarning: Invalid uuid: cinderv3. To ensure interoperability, identifiers should be a valid uuid. warnings.warn(('Invalid uuid: %s. To ensure interoperability, '
2026-04-02 17:57:57.270 8 INFO cinder.api.openstack.wsgi [None req-6ef139ca-7b6f-4198-8a05-b885ba88a987 99e5864cda514bdfa533c87cd5e40f7e c08411959d5748269ba11d32b11cc87d - - default default] GET http://cinder-api.openstack.svc.cluster.local:8776/v3/c08411959d5748269ba11d32b11cc87d/volumes/7034a9b1-afa4-4961-b5dd-f6c37fbe2509 /var/lib/openstack/lib/python3.12/site-packages/oslo_context/context.py:101: DeprecationWarning: Policy enforcement is depending on the value of is_admin. This key is deprecated. Please update your policy file to use the standard policy values. warnings.warn(
2026-04-02 17:57:57.301 8 INFO cinder.volume.api [None req-6ef139ca-7b6f-4198-8a05-b885ba88a987 99e5864cda514bdfa533c87cd5e40f7e c08411959d5748269ba11d32b11cc87d - - default default] Volume info retrieved successfully.
2026-04-02 17:57:57.309 8 INFO cinder.api.openstack.wsgi [None req-6ef139ca-7b6f-4198-8a05-b885ba88a987 99e5864cda514bdfa533c87cd5e40f7e c08411959d5748269ba11d32b11cc87d - - default default] http://cinder-api.openstack.svc.cluster.local:8776/v3/c08411959d5748269ba11d32b11cc87d/volumes/7034a9b1-afa4-4961-b5dd-f6c37fbe2509 returned with HTTP 200 [pid: 8|app: 0|req: 351/701] 10.0.0.103 () {32 vars in 775 bytes} [Thu Apr 2 17:57:57 2026] GET /v3/c08411959d5748269ba11d32b11cc87d/volumes/7034a9b1-afa4-4961-b5dd-f6c37fbe2509 => generated 956 bytes in 46 msecs (HTTP/1.1 200) 7 headers in 285 bytes (1 switches on core 0) /var/lib/openstack/lib/python3.12/site-packages/pycadf/identifier.py:70: UserWarning: Invalid uuid: cinderv3. To ensure interoperability, identifiers should be a valid uuid. warnings.warn(('Invalid uuid: %s. To ensure interoperability, '
2026-04-02 17:57:58.324 7 INFO cinder.api.openstack.wsgi [None req-c089c497-ae4f-4e5c-b38b-28299aaa5fdb 99e5864cda514bdfa533c87cd5e40f7e c08411959d5748269ba11d32b11cc87d - - default default] GET http://cinder-api.openstack.svc.cluster.local:8776/v3/c08411959d5748269ba11d32b11cc87d/volumes/7034a9b1-afa4-4961-b5dd-f6c37fbe2509 /var/lib/openstack/lib/python3.12/site-packages/oslo_context/context.py:101: DeprecationWarning: Policy enforcement is depending on the value of is_admin. This key is deprecated. Please update your policy file to use the standard policy values. warnings.warn(
2026-04-02 17:57:58.342 7 INFO cinder.volume.api [None req-c089c497-ae4f-4e5c-b38b-28299aaa5fdb 99e5864cda514bdfa533c87cd5e40f7e c08411959d5748269ba11d32b11cc87d - - default default] Volume info retrieved successfully.
2026-04-02 17:57:58.347 7 INFO cinder.api.openstack.wsgi [None req-c089c497-ae4f-4e5c-b38b-28299aaa5fdb 99e5864cda514bdfa533c87cd5e40f7e c08411959d5748269ba11d32b11cc87d - - default default] http://cinder-api.openstack.svc.cluster.local:8776/v3/c08411959d5748269ba11d32b11cc87d/volumes/7034a9b1-afa4-4961-b5dd-f6c37fbe2509 returned with HTTP 200 [pid: 7|app: 0|req: 351/702] 10.0.0.103 () {32 vars in 775 bytes} [Thu Apr 2 17:57:58 2026] GET /v3/c08411959d5748269ba11d32b11cc87d/volumes/7034a9b1-afa4-4961-b5dd-f6c37fbe2509 => generated 956 bytes in 27 msecs (HTTP/1.1 200) 7 headers in 285 bytes (1 switches on core 0)
2026-04-02 17:57:58.703 8 INFO cinder.api.openstack.wsgi [None req-6ef139ca-7b6f-4198-8a05-b885ba88a987 99e5864cda514bdfa533c87cd5e40f7e c08411959d5748269ba11d32b11cc87d - - default default] GET http://10.0.0.121:8776/
2026-04-02 17:57:58.704 7 INFO cinder.api.openstack.wsgi [None req-c089c497-ae4f-4e5c-b38b-28299aaa5fdb 99e5864cda514bdfa533c87cd5e40f7e c08411959d5748269ba11d32b11cc87d - - default default] GET http://10.0.0.121:8776/
2026-04-02 17:57:58.704 8 INFO cinder.api.openstack.wsgi [None req-6ef139ca-7b6f-4198-8a05-b885ba88a987 99e5864cda514bdfa533c87cd5e40f7e c08411959d5748269ba11d32b11cc87d - - default default] http://10.0.0.121:8776/ returned with HTTP 300
2026-04-02 17:57:58.705 7 INFO cinder.api.openstack.wsgi [None req-c089c497-ae4f-4e5c-b38b-28299aaa5fdb 99e5864cda514bdfa533c87cd5e40f7e c08411959d5748269ba11d32b11cc87d - - default default] http://10.0.0.121:8776/ returned with HTTP 300 /var/lib/openstack/lib/python3.12/site-packages/pycadf/identifier.py:70: UserWarning: Invalid uuid: cinderv3. To ensure interoperability, identifiers should be a valid uuid. warnings.warn(('Invalid uuid: %s. To ensure interoperability, '
2026-04-02 17:57:59.365 8 INFO cinder.api.openstack.wsgi [None req-3480e7cd-bdef-46ba-ace0-c5b60621c0f9 99e5864cda514bdfa533c87cd5e40f7e c08411959d5748269ba11d32b11cc87d - - default default] GET http://cinder-api.openstack.svc.cluster.local:8776/v3/c08411959d5748269ba11d32b11cc87d/volumes/7034a9b1-afa4-4961-b5dd-f6c37fbe2509 /var/lib/openstack/lib/python3.12/site-packages/oslo_context/context.py:101: DeprecationWarning: Policy enforcement is depending on the value of is_admin. This key is deprecated. Please update your policy file to use the standard policy values. warnings.warn(
2026-04-02 17:57:59.378 8 INFO cinder.volume.api [None req-3480e7cd-bdef-46ba-ace0-c5b60621c0f9 99e5864cda514bdfa533c87cd5e40f7e c08411959d5748269ba11d32b11cc87d - - default default] Volume info retrieved successfully.
2026-04-02 17:57:59.382 8 INFO cinder.api.openstack.wsgi [None req-3480e7cd-bdef-46ba-ace0-c5b60621c0f9 99e5864cda514bdfa533c87cd5e40f7e c08411959d5748269ba11d32b11cc87d - - default default] http://cinder-api.openstack.svc.cluster.local:8776/v3/c08411959d5748269ba11d32b11cc87d/volumes/7034a9b1-afa4-4961-b5dd-f6c37fbe2509 returned with HTTP 200 [pid: 8|app: 0|req: 353/705] 10.0.0.103 () {32 vars in 775 bytes} [Thu Apr 2 17:57:59 2026] GET /v3/c08411959d5748269ba11d32b11cc87d/volumes/7034a9b1-afa4-4961-b5dd-f6c37fbe2509 => generated 1341 bytes in 21 msecs (HTTP/1.1 200) 7 headers in 286 bytes (1 switches on core 0) /var/lib/openstack/lib/python3.12/site-packages/pycadf/identifier.py:70: UserWarning: Invalid uuid: cinderv3. To ensure interoperability, identifiers should be a valid uuid. warnings.warn(('Invalid uuid: %s. To ensure interoperability, '
2026-04-02 17:57:59.452 7 INFO cinder.api.openstack.wsgi [req-6f890902-3fb5-4497-bb36-0e0238ad0cda req-a8024799-c381-41d7-bb8a-8f28d19f6ddf 99e5864cda514bdfa533c87cd5e40f7e c08411959d5748269ba11d32b11cc87d - - default default] GET http://cinder-api.openstack.svc.cluster.local:8776/v3/c08411959d5748269ba11d32b11cc87d/volumes/7034a9b1-afa4-4961-b5dd-f6c37fbe2509 /var/lib/openstack/lib/python3.12/site-packages/oslo_context/context.py:101: DeprecationWarning: Policy enforcement is depending on the value of is_admin. This key is deprecated. Please update your policy file to use the standard policy values. warnings.warn(
2026-04-02 17:57:59.465 7 INFO cinder.volume.api [req-6f890902-3fb5-4497-bb36-0e0238ad0cda req-a8024799-c381-41d7-bb8a-8f28d19f6ddf 99e5864cda514bdfa533c87cd5e40f7e c08411959d5748269ba11d32b11cc87d - - default default] Volume info retrieved successfully.
2026-04-02 17:57:59.470 7 INFO cinder.api.openstack.wsgi [req-6f890902-3fb5-4497-bb36-0e0238ad0cda req-a8024799-c381-41d7-bb8a-8f28d19f6ddf 99e5864cda514bdfa533c87cd5e40f7e c08411959d5748269ba11d32b11cc87d - - default default] http://cinder-api.openstack.svc.cluster.local:8776/v3/c08411959d5748269ba11d32b11cc87d/volumes/7034a9b1-afa4-4961-b5dd-f6c37fbe2509 returned with HTTP 200 [pid: 7|app: 0|req: 353/706] 10.0.0.67 () {34 vars in 1027 bytes} [Thu Apr 2 17:57:59 2026] GET /v3/c08411959d5748269ba11d32b11cc87d/volumes/7034a9b1-afa4-4961-b5dd-f6c37fbe2509 => generated 1341 bytes in 23 msecs (HTTP/1.1 200) 7 headers in 286 bytes (1 switches on core 0) /var/lib/openstack/lib/python3.12/site-packages/pycadf/identifier.py:70: UserWarning: Invalid uuid: cinderv3. To ensure interoperability, identifiers should be a valid uuid. warnings.warn(('Invalid uuid: %s. To ensure interoperability, '
2026-04-02 17:58:00.409 8 INFO cinder.api.openstack.wsgi [req-6f890902-3fb5-4497-bb36-0e0238ad0cda req-5810f26e-2ff4-4c85-b728-03be938bb32f 99e5864cda514bdfa533c87cd5e40f7e c08411959d5748269ba11d32b11cc87d - - default default] GET http://cinder-api.openstack.svc.cluster.local:8776/v3/c08411959d5748269ba11d32b11cc87d/volumes/7034a9b1-afa4-4961-b5dd-f6c37fbe2509 /var/lib/openstack/lib/python3.12/site-packages/oslo_context/context.py:101: DeprecationWarning: Policy enforcement is depending on the value of is_admin. This key is deprecated. Please update your policy file to use the standard policy values. warnings.warn(
2026-04-02 17:58:00.424 8 INFO cinder.volume.api [req-6f890902-3fb5-4497-bb36-0e0238ad0cda req-5810f26e-2ff4-4c85-b728-03be938bb32f 99e5864cda514bdfa533c87cd5e40f7e c08411959d5748269ba11d32b11cc87d - - default default] Volume info retrieved successfully.
2026-04-02 17:58:00.429 8 INFO cinder.api.openstack.wsgi [req-6f890902-3fb5-4497-bb36-0e0238ad0cda req-5810f26e-2ff4-4c85-b728-03be938bb32f 99e5864cda514bdfa533c87cd5e40f7e c08411959d5748269ba11d32b11cc87d - - default default] http://cinder-api.openstack.svc.cluster.local:8776/v3/c08411959d5748269ba11d32b11cc87d/volumes/7034a9b1-afa4-4961-b5dd-f6c37fbe2509 returned with HTTP 200 [pid: 8|app: 0|req: 354/707] 10.0.0.67 () {34 vars in 1027 bytes} [Thu Apr 2 17:58:00 2026] GET /v3/c08411959d5748269ba11d32b11cc87d/volumes/7034a9b1-afa4-4961-b5dd-f6c37fbe2509 => generated 1341 bytes in 24 msecs (HTTP/1.1 200) 7 headers in 286 bytes (1 switches on core 0)
2026-04-02 17:58:00.439 7 INFO cinder.api.openstack.wsgi [req-6f890902-3fb5-4497-bb36-0e0238ad0cda req-a8024799-c381-41d7-bb8a-8f28d19f6ddf 99e5864cda514bdfa533c87cd5e40f7e c08411959d5748269ba11d32b11cc87d - - default default] GET http://cinder-api.openstack.svc.cluster.local:8776/
2026-04-02 17:58:00.440 7 INFO cinder.api.openstack.wsgi [req-6f890902-3fb5-4497-bb36-0e0238ad0cda req-a8024799-c381-41d7-bb8a-8f28d19f6ddf 99e5864cda514bdfa533c87cd5e40f7e c08411959d5748269ba11d32b11cc87d - - default default] http://cinder-api.openstack.svc.cluster.local:8776/ returned with HTTP 300 [pid: 7|app: 0|req: 354/708] 10.0.0.67 () {32 vars in 828 bytes} [Thu Apr 2 17:58:00 2026] GET / => generated 411 bytes in 2 msecs (HTTP/1.1 300) 5 headers in 169 bytes (1 switches on core 0) /var/lib/openstack/lib/python3.12/site-packages/pycadf/identifier.py:70: UserWarning: Invalid uuid: cinderv3. To ensure interoperability, identifiers should be a valid uuid. warnings.warn(('Invalid uuid: %s. To ensure interoperability, '
2026-04-02 17:58:00.453 8 INFO cinder.api.openstack.wsgi [req-6f890902-3fb5-4497-bb36-0e0238ad0cda req-b0a867b2-9585-4e66-88d4-ff707765f7a1 99e5864cda514bdfa533c87cd5e40f7e c08411959d5748269ba11d32b11cc87d - - default default] POST http://cinder-api.openstack.svc.cluster.local:8776/v3/c08411959d5748269ba11d32b11cc87d/attachments /var/lib/openstack/lib/python3.12/site-packages/oslo_context/context.py:101: DeprecationWarning: Policy enforcement is depending on the value of is_admin. This key is deprecated. Please update your policy file to use the standard policy values. warnings.warn(
2026-04-02 17:58:00.524 8 INFO cinder.api.openstack.wsgi [req-6f890902-3fb5-4497-bb36-0e0238ad0cda req-b0a867b2-9585-4e66-88d4-ff707765f7a1 99e5864cda514bdfa533c87cd5e40f7e c08411959d5748269ba11d32b11cc87d - - default default] http://cinder-api.openstack.svc.cluster.local:8776/v3/c08411959d5748269ba11d32b11cc87d/attachments returned with HTTP 200 [pid: 8|app: 0|req: 355/709] 10.0.0.67 () {40 vars in 1056 bytes} [Thu Apr 2 17:58:00 2026] POST /v3/c08411959d5748269ba11d32b11cc87d/attachments => generated 273 bytes in 80 msecs (HTTP/1.1 200) 7 headers in 286 bytes (1 switches on core 0)
2026-04-02 17:58:06.562 7 INFO cinder.api.openstack.wsgi [req-6f890902-3fb5-4497-bb36-0e0238ad0cda req-a8024799-c381-41d7-bb8a-8f28d19f6ddf 99e5864cda514bdfa533c87cd5e40f7e c08411959d5748269ba11d32b11cc87d - - default default] GET http://cinder-api.openstack.svc.cluster.local:8776/
2026-04-02 17:58:06.563 7 INFO cinder.api.openstack.wsgi [req-6f890902-3fb5-4497-bb36-0e0238ad0cda req-a8024799-c381-41d7-bb8a-8f28d19f6ddf 99e5864cda514bdfa533c87cd5e40f7e c08411959d5748269ba11d32b11cc87d - - default default] http://cinder-api.openstack.svc.cluster.local:8776/ returned with HTTP 300 [pid: 7|app: 0|req: 355/710] 199.204.45.116 () {32 vars in 840 bytes} [Thu Apr 2 17:58:06 2026] GET / => generated 411 bytes in 2 msecs (HTTP/1.1 300) 5 headers in 169 bytes (1 switches on core 0) /var/lib/openstack/lib/python3.12/site-packages/pycadf/identifier.py:70: UserWarning: Invalid uuid: cinderv3. To ensure interoperability, identifiers should be a valid uuid. warnings.warn(('Invalid uuid: %s. To ensure interoperability, '
2026-04-02 17:58:06.604 8 INFO cinder.api.openstack.wsgi [req-6f890902-3fb5-4497-bb36-0e0238ad0cda req-95666fa8-c865-4d8f-ae14-657ba1f8be65 99e5864cda514bdfa533c87cd5e40f7e c08411959d5748269ba11d32b11cc87d - - default default] GET http://cinder-api.openstack.svc.cluster.local:8776/v3/c08411959d5748269ba11d32b11cc87d/volumes/7034a9b1-afa4-4961-b5dd-f6c37fbe2509 /var/lib/openstack/lib/python3.12/site-packages/oslo_context/context.py:101: DeprecationWarning: Policy enforcement is depending on the value of is_admin. This key is deprecated. Please update your policy file to use the standard policy values. warnings.warn(
2026-04-02 17:58:06.627 8 INFO cinder.volume.api [req-6f890902-3fb5-4497-bb36-0e0238ad0cda req-95666fa8-c865-4d8f-ae14-657ba1f8be65 99e5864cda514bdfa533c87cd5e40f7e c08411959d5748269ba11d32b11cc87d - - default default] Volume info retrieved successfully.
2026-04-02 17:58:06.645 8 INFO cinder.api.openstack.wsgi [req-6f890902-3fb5-4497-bb36-0e0238ad0cda req-95666fa8-c865-4d8f-ae14-657ba1f8be65 99e5864cda514bdfa533c87cd5e40f7e c08411959d5748269ba11d32b11cc87d - - default default] http://cinder-api.openstack.svc.cluster.local:8776/v3/c08411959d5748269ba11d32b11cc87d/volumes/7034a9b1-afa4-4961-b5dd-f6c37fbe2509 returned with HTTP 200 [pid: 8|app: 0|req: 356/711] 199.204.45.116 () {36 vars in 1073 bytes} [Thu Apr 2 17:58:06 2026] GET /v3/c08411959d5748269ba11d32b11cc87d/volumes/7034a9b1-afa4-4961-b5dd-f6c37fbe2509 => generated 1521 bytes in 49 msecs (HTTP/1.1 200) 7 headers in 287 bytes (1 switches on core 0) /var/lib/openstack/lib/python3.12/site-packages/pycadf/identifier.py:70: UserWarning: Invalid uuid: cinderv3. To ensure interoperability, identifiers should be a valid uuid. warnings.warn(('Invalid uuid: %s. To ensure interoperability, '
2026-04-02 17:58:08.584 7 INFO cinder.api.openstack.wsgi [req-6f890902-3fb5-4497-bb36-0e0238ad0cda req-4bdab036-7827-4182-9fc3-eeeabd9c7ba9 99e5864cda514bdfa533c87cd5e40f7e c08411959d5748269ba11d32b11cc87d - - default default] PUT http://cinder-api.openstack.svc.cluster.local:8776/v3/c08411959d5748269ba11d32b11cc87d/attachments/13ed43e4-909c-4a72-9f99-a854cf59950f /var/lib/openstack/lib/python3.12/site-packages/oslo_context/context.py:101: DeprecationWarning: Policy enforcement is depending on the value of is_admin. This key is deprecated. Please update your policy file to use the standard policy values. warnings.warn(
2026-04-02 17:58:08.703 8 INFO cinder.api.openstack.wsgi [req-6f890902-3fb5-4497-bb36-0e0238ad0cda req-95666fa8-c865-4d8f-ae14-657ba1f8be65 99e5864cda514bdfa533c87cd5e40f7e c08411959d5748269ba11d32b11cc87d - - default default] GET http://10.0.0.121:8776/
2026-04-02 17:58:08.705 8 INFO cinder.api.openstack.wsgi [req-6f890902-3fb5-4497-bb36-0e0238ad0cda req-95666fa8-c865-4d8f-ae14-657ba1f8be65 99e5864cda514bdfa533c87cd5e40f7e c08411959d5748269ba11d32b11cc87d - - default default] http://10.0.0.121:8776/ returned with HTTP 300
2026-04-02 17:58:08.707 8 INFO cinder.api.openstack.wsgi [req-6f890902-3fb5-4497-bb36-0e0238ad0cda req-95666fa8-c865-4d8f-ae14-657ba1f8be65 99e5864cda514bdfa533c87cd5e40f7e c08411959d5748269ba11d32b11cc87d - - default default] GET http://10.0.0.121:8776/
2026-04-02 17:58:08.707 8 INFO cinder.api.openstack.wsgi [req-6f890902-3fb5-4497-bb36-0e0238ad0cda req-95666fa8-c865-4d8f-ae14-657ba1f8be65 99e5864cda514bdfa533c87cd5e40f7e c08411959d5748269ba11d32b11cc87d - - default default] http://10.0.0.121:8776/ returned with HTTP 300
2026-04-02 17:58:09.618 7 INFO cinder.api.openstack.wsgi [req-6f890902-3fb5-4497-bb36-0e0238ad0cda req-4bdab036-7827-4182-9fc3-eeeabd9c7ba9 99e5864cda514bdfa533c87cd5e40f7e c08411959d5748269ba11d32b11cc87d - - default default] http://cinder-api.openstack.svc.cluster.local:8776/v3/c08411959d5748269ba11d32b11cc87d/attachments/13ed43e4-909c-4a72-9f99-a854cf59950f returned with HTTP 200 [pid: 7|app: 0|req: 356/714] 199.204.45.116 () {40 vars in 1135 bytes} [Thu Apr 2 17:58:08 2026] PUT /v3/c08411959d5748269ba11d32b11cc87d/attachments/13ed43e4-909c-4a72-9f99-a854cf59950f => generated 802 bytes in 1040 msecs (HTTP/1.1 200) 7 headers in 286 bytes (1 switches on core 0) /var/lib/openstack/lib/python3.12/site-packages/pycadf/identifier.py:70: UserWarning: Invalid uuid: cinderv3. To ensure interoperability, identifiers should be a valid uuid. warnings.warn(('Invalid uuid: %s. To ensure interoperability, '
2026-04-02 17:58:10.137 8 INFO cinder.api.openstack.wsgi [req-6f890902-3fb5-4497-bb36-0e0238ad0cda req-de288dcc-d620-43c9-ac1f-e615af481521 99e5864cda514bdfa533c87cd5e40f7e c08411959d5748269ba11d32b11cc87d - - default default] POST http://cinder-api.openstack.svc.cluster.local:8776/v3/c08411959d5748269ba11d32b11cc87d/attachments/13ed43e4-909c-4a72-9f99-a854cf59950f/action /var/lib/openstack/lib/python3.12/site-packages/oslo_context/context.py:101: DeprecationWarning: Policy enforcement is depending on the value of is_admin. This key is deprecated. Please update your policy file to use the standard policy values. warnings.warn(
2026-04-02 17:58:10.167 8 INFO cinder.api.openstack.wsgi [req-6f890902-3fb5-4497-bb36-0e0238ad0cda req-de288dcc-d620-43c9-ac1f-e615af481521 99e5864cda514bdfa533c87cd5e40f7e c08411959d5748269ba11d32b11cc87d - - default default] http://cinder-api.openstack.svc.cluster.local:8776/v3/c08411959d5748269ba11d32b11cc87d/attachments/13ed43e4-909c-4a72-9f99-a854cf59950f/action returned with HTTP 204 [pid: 8|app: 0|req: 359/715] 199.204.45.116 () {40 vars in 1148 bytes} [Thu Apr 2 17:58:10 2026] POST /v3/c08411959d5748269ba11d32b11cc87d/attachments/13ed43e4-909c-4a72-9f99-a854cf59950f/action => generated 0 bytes in 39 msecs (HTTP/1.1 204) 7 headers in 292 bytes (1 switches on core 0) /var/lib/openstack/lib/python3.12/site-packages/pycadf/identifier.py:70: UserWarning: Invalid uuid: cinderv3. To ensure interoperability, identifiers should be a valid uuid. warnings.warn(('Invalid uuid: %s. To ensure interoperability, '
2026-04-02 17:58:16.451 7 INFO cinder.api.openstack.wsgi [None req-16a4c266-def6-4cfe-a46d-963415312ae3 4c0592c98a164681a9209a96d91740a0 ebe176ac1890409cba9a5e40ac272642 - - default default] GET http://cinder-api.openstack.svc.cluster.local:8776/v3/ebe176ac1890409cba9a5e40ac272642/os-quota-sets/09cc0b2811cb48df8fd2e0438bb6fe3d?usage=true /var/lib/openstack/lib/python3.12/site-packages/oslo_context/context.py:101: DeprecationWarning: Policy enforcement is depending on the value of is_admin. This key is deprecated. Please update your policy file to use the standard policy values. warnings.warn(
2026-04-02 17:58:16.469 7 INFO cinder.api.openstack.wsgi [None req-16a4c266-def6-4cfe-a46d-963415312ae3 4c0592c98a164681a9209a96d91740a0 ebe176ac1890409cba9a5e40ac272642 - - default default] http://cinder-api.openstack.svc.cluster.local:8776/v3/ebe176ac1890409cba9a5e40ac272642/os-quota-sets/09cc0b2811cb48df8fd2e0438bb6fe3d?usage=true returned with HTTP 200 [pid: 7|app: 0|req: 357/716] 10.0.0.127 () {28 vars in 736 bytes} [Thu Apr 2 17:58:16 2026] GET /v3/ebe176ac1890409cba9a5e40ac272642/os-quota-sets/09cc0b2811cb48df8fd2e0438bb6fe3d?usage=true => generated 847 bytes in 105 msecs (HTTP/1.1 200) 7 headers in 285 bytes (1 switches on core 0) /var/lib/openstack/lib/python3.12/site-packages/pycadf/identifier.py:70: UserWarning: Invalid uuid: cinderv3. To ensure interoperability, identifiers should be a valid uuid. warnings.warn(('Invalid uuid: %s. To ensure interoperability, '
2026-04-02 17:58:16.478 8 INFO cinder.api.openstack.wsgi [None req-44bd6e0b-fd9a-4844-b3f2-9f6aaed0dc1a 4c0592c98a164681a9209a96d91740a0 ebe176ac1890409cba9a5e40ac272642 - - default default] GET http://cinder-api.openstack.svc.cluster.local:8776/v3/ebe176ac1890409cba9a5e40ac272642/os-quota-sets/148643d1d4304483832145678ad8377e?usage=true
2026-04-02 17:58:16.497 8 INFO cinder.api.openstack.wsgi [None req-44bd6e0b-fd9a-4844-b3f2-9f6aaed0dc1a 4c0592c98a164681a9209a96d91740a0 ebe176ac1890409cba9a5e40ac272642 - - default default] http://cinder-api.openstack.svc.cluster.local:8776/v3/ebe176ac1890409cba9a5e40ac272642/os-quota-sets/148643d1d4304483832145678ad8377e?usage=true returned with HTTP 200 [pid: 8|app: 0|req: 360/717] 10.0.0.127 () {28 vars in 736 bytes} [Thu Apr 2 17:58:16 2026] GET /v3/ebe176ac1890409cba9a5e40ac272642/os-quota-sets/148643d1d4304483832145678ad8377e?usage=true => generated 847 bytes in 25 msecs (HTTP/1.1 200) 7 headers in 285 bytes (1 switches on core 0)
2026-04-02 17:58:16.508 7 INFO cinder.api.openstack.wsgi [None req-864e7b52-1e1b-4e0e-b39e-a8938618eae4 4c0592c98a164681a9209a96d91740a0 ebe176ac1890409cba9a5e40ac272642 - - default default] GET http://cinder-api.openstack.svc.cluster.local:8776/v3/ebe176ac1890409cba9a5e40ac272642/os-quota-sets/23c1985ead304f2a8e7cc599f229eff4?usage=true
2026-04-02 17:58:16.529 7 INFO cinder.api.openstack.wsgi [None req-864e7b52-1e1b-4e0e-b39e-a8938618eae4 4c0592c98a164681a9209a96d91740a0 ebe176ac1890409cba9a5e40ac272642 - - default default] http://cinder-api.openstack.svc.cluster.local:8776/v3/ebe176ac1890409cba9a5e40ac272642/os-quota-sets/23c1985ead304f2a8e7cc599f229eff4?usage=true returned with HTTP 200 [pid: 7|app: 0|req: 358/718] 10.0.0.127 () {28 vars in 736 bytes} [Thu Apr 2 17:58:16 2026] GET /v3/ebe176ac1890409cba9a5e40ac272642/os-quota-sets/23c1985ead304f2a8e7cc599f229eff4?usage=true => generated 845 bytes in 28 msecs (HTTP/1.1 200) 7 headers in 285 bytes (1 switches on core 0)
2026-04-02 17:58:16.538 8 INFO cinder.api.openstack.wsgi [None req-6b5a52fa-db61-4e90-b519-1dbd74dcf40e 4c0592c98a164681a9209a96d91740a0 ebe176ac1890409cba9a5e40ac272642 - - default default] GET http://cinder-api.openstack.svc.cluster.local:8776/v3/ebe176ac1890409cba9a5e40ac272642/os-quota-sets/786d4a09c6d34274a5ffbd69bfd9a77c?usage=true
2026-04-02 17:58:16.557 8 INFO cinder.api.openstack.wsgi [None req-6b5a52fa-db61-4e90-b519-1dbd74dcf40e 4c0592c98a164681a9209a96d91740a0 ebe176ac1890409cba9a5e40ac272642 - - default default] http://cinder-api.openstack.svc.cluster.local:8776/v3/ebe176ac1890409cba9a5e40ac272642/os-quota-sets/786d4a09c6d34274a5ffbd69bfd9a77c?usage=true returned with HTTP 200 [pid: 8|app: 0|req: 361/719] 10.0.0.127 () {28 vars in 736 bytes} [Thu Apr 2 17:58:16 2026] GET /v3/ebe176ac1890409cba9a5e40ac272642/os-quota-sets/786d4a09c6d34274a5ffbd69bfd9a77c?usage=true => generated 847 bytes in 26 msecs (HTTP/1.1 200) 7 headers in 285 bytes (1 switches on core 0)
2026-04-02 17:58:16.567 7 INFO cinder.api.openstack.wsgi [None req-415c4fd3-1f83-4e4a-99e6-cede66bd25ef 4c0592c98a164681a9209a96d91740a0 ebe176ac1890409cba9a5e40ac272642 - - default default] GET http://cinder-api.openstack.svc.cluster.local:8776/v3/ebe176ac1890409cba9a5e40ac272642/os-quota-sets/ab4c2ee9811e43cab1f41a16fa5f3c56?usage=true
2026-04-02 17:58:16.588 7 INFO cinder.api.openstack.wsgi [None req-415c4fd3-1f83-4e4a-99e6-cede66bd25ef 4c0592c98a164681a9209a96d91740a0 ebe176ac1890409cba9a5e40ac272642 - - default default] http://cinder-api.openstack.svc.cluster.local:8776/v3/ebe176ac1890409cba9a5e40ac272642/os-quota-sets/ab4c2ee9811e43cab1f41a16fa5f3c56?usage=true returned with HTTP 200 [pid: 7|app: 0|req: 359/720] 10.0.0.127 () {28 vars in 736 bytes} [Thu Apr 2 17:58:16 2026] GET /v3/ebe176ac1890409cba9a5e40ac272642/os-quota-sets/ab4c2ee9811e43cab1f41a16fa5f3c56?usage=true => generated 847 bytes in 29 msecs (HTTP/1.1 200) 7 headers in 285 bytes (1 switches on core 0)
2026-04-02 17:58:16.600 8 INFO cinder.api.openstack.wsgi [None req-c076eab1-13ff-4241-8a2a-5dcab6736083 4c0592c98a164681a9209a96d91740a0 ebe176ac1890409cba9a5e40ac272642 - - default default] GET http://cinder-api.openstack.svc.cluster.local:8776/v3/ebe176ac1890409cba9a5e40ac272642/os-quota-sets/c08411959d5748269ba11d32b11cc87d?usage=true
2026-04-02 17:58:16.621 8 INFO cinder.api.openstack.wsgi [None req-c076eab1-13ff-4241-8a2a-5dcab6736083 4c0592c98a164681a9209a96d91740a0 ebe176ac1890409cba9a5e40ac272642 - - default default] http://cinder-api.openstack.svc.cluster.local:8776/v3/ebe176ac1890409cba9a5e40ac272642/os-quota-sets/c08411959d5748269ba11d32b11cc87d?usage=true returned with HTTP 200 [pid: 8|app: 0|req: 362/721] 10.0.0.127 () {28 vars in 736 bytes} [Thu Apr 2 17:58:16 2026] GET /v3/ebe176ac1890409cba9a5e40ac272642/os-quota-sets/c08411959d5748269ba11d32b11cc87d?usage=true => generated 847 bytes in 30 msecs (HTTP/1.1 200) 7 headers in 285 bytes (1 switches on core 0)
2026-04-02 17:58:16.632 7 INFO cinder.api.openstack.wsgi [None req-56fa6c17-02e5-4702-91e1-f0663de1b1e0 4c0592c98a164681a9209a96d91740a0 ebe176ac1890409cba9a5e40ac272642 - - default default] GET http://cinder-api.openstack.svc.cluster.local:8776/v3/ebe176ac1890409cba9a5e40ac272642/os-quota-sets/ebe176ac1890409cba9a5e40ac272642?usage=true
2026-04-02 17:58:16.653 7 INFO cinder.api.openstack.wsgi [None req-56fa6c17-02e5-4702-91e1-f0663de1b1e0 4c0592c98a164681a9209a96d91740a0 ebe176ac1890409cba9a5e40ac272642 - - default default] http://cinder-api.openstack.svc.cluster.local:8776/v3/ebe176ac1890409cba9a5e40ac272642/os-quota-sets/ebe176ac1890409cba9a5e40ac272642?usage=true returned with HTTP 200 [pid: 7|app: 0|req: 360/722] 10.0.0.127 () {28 vars in 736 bytes} [Thu Apr 2 17:58:16 2026] GET /v3/ebe176ac1890409cba9a5e40ac272642/os-quota-sets/ebe176ac1890409cba9a5e40ac272642?usage=true => generated 845 bytes in 29 msecs (HTTP/1.1 200) 7 headers in 285 bytes (1 switches on core 0)
2026-04-02 17:58:16.663 8 INFO cinder.api.openstack.wsgi [None req-5ecf20b8-28ce-4d0e-88fd-14c2c37a5214 4c0592c98a164681a9209a96d91740a0 ebe176ac1890409cba9a5e40ac272642 - - default default] GET http://cinder-api.openstack.svc.cluster.local:8776/v3/ebe176ac1890409cba9a5e40ac272642/volumes/detail?all_tenants=true
2026-04-02 17:58:16.677 8 INFO cinder.volume.api [None req-5ecf20b8-28ce-4d0e-88fd-14c2c37a5214 4c0592c98a164681a9209a96d91740a0 ebe176ac1890409cba9a5e40ac272642 - - default default] Get all volumes completed successfully. /var/lib/openstack/lib/python3.12/site-packages/oslo_context/context.py:101: DeprecationWarning: Policy enforcement is depending on the value of is_admin. This key is deprecated. Please update your policy file to use the standard policy values. warnings.warn(
2026-04-02 17:58:16.698 8 INFO cinder.api.openstack.wsgi [None req-5ecf20b8-28ce-4d0e-88fd-14c2c37a5214 4c0592c98a164681a9209a96d91740a0 ebe176ac1890409cba9a5e40ac272642 - - default default] http://cinder-api.openstack.svc.cluster.local:8776/v3/ebe176ac1890409cba9a5e40ac272642/volumes/detail?all_tenants=true returned with HTTP 200 [pid: 8|app: 0|req: 363/723] 10.0.0.127 () {28 vars in 684 bytes} [Thu Apr 2 17:58:16 2026] GET /v3/ebe176ac1890409cba9a5e40ac272642/volumes/detail?all_tenants=true => generated 1807 bytes in 43 msecs (HTTP/1.1 200) 7 headers in 286 bytes (1 switches on core 0)
2026-04-02 17:58:16.712 7 INFO cinder.api.openstack.wsgi [None req-815184eb-5256-4c0b-82cd-5f97fede4e40 4c0592c98a164681a9209a96d91740a0 ebe176ac1890409cba9a5e40ac272642 - - default default] GET http://cinder-api.openstack.svc.cluster.local:8776/v3/ebe176ac1890409cba9a5e40ac272642/volumes/detail?all_tenants=true
2026-04-02 17:58:16.727 7 INFO cinder.volume.api [None req-815184eb-5256-4c0b-82cd-5f97fede4e40 4c0592c98a164681a9209a96d91740a0 ebe176ac1890409cba9a5e40ac272642 - - default default] Get all volumes completed successfully. /var/lib/openstack/lib/python3.12/site-packages/oslo_context/context.py:101: DeprecationWarning: Policy enforcement is depending on the value of is_admin. This key is deprecated. Please update your policy file to use the standard policy values. warnings.warn(
2026-04-02 17:58:16.733 7 INFO cinder.api.openstack.wsgi [None req-815184eb-5256-4c0b-82cd-5f97fede4e40 4c0592c98a164681a9209a96d91740a0 ebe176ac1890409cba9a5e40ac272642 - - default default] http://cinder-api.openstack.svc.cluster.local:8776/v3/ebe176ac1890409cba9a5e40ac272642/volumes/detail?all_tenants=true returned with HTTP 200 [pid: 7|app: 0|req: 361/724] 10.0.0.127 () {28 vars in 684 bytes} [Thu Apr 2 17:58:16 2026] GET /v3/ebe176ac1890409cba9a5e40ac272642/volumes/detail?all_tenants=true => generated 1807 bytes in 28 msecs (HTTP/1.1 200) 7 headers in 286 bytes (1 switches on core 0) /var/lib/openstack/lib/python3.12/site-packages/pycadf/identifier.py:70: UserWarning: Invalid uuid: cinderv3. To ensure interoperability, identifiers should be a valid uuid. warnings.warn(('Invalid uuid: %s. To ensure interoperability, '
2026-04-02 17:58:16.742 8 INFO cinder.api.openstack.wsgi [None req-04c0505a-9a2a-42f7-b546-022f5b541e72 4c0592c98a164681a9209a96d91740a0 ebe176ac1890409cba9a5e40ac272642 - - default default] GET http://cinder-api.openstack.svc.cluster.local:8776/v3/ebe176ac1890409cba9a5e40ac272642/scheduler-stats/get_pools?detail=true
2026-04-02 17:58:17.245 8 INFO cinder.api.openstack.wsgi [None req-04c0505a-9a2a-42f7-b546-022f5b541e72 4c0592c98a164681a9209a96d91740a0 ebe176ac1890409cba9a5e40ac272642 - - default default] http://cinder-api.openstack.svc.cluster.local:8776/v3/ebe176ac1890409cba9a5e40ac272642/scheduler-stats/get_pools?detail=true returned with HTTP 200 [pid: 8|app: 0|req: 364/725] 10.0.0.127 () {28 vars in 696 bytes} [Thu Apr 2 17:58:16 2026] GET /v3/ebe176ac1890409cba9a5e40ac272642/scheduler-stats/get_pools?detail=true => generated 668 bytes in 509 msecs (HTTP/1.1 200) 7 headers in 285 bytes (1 switches on core 0) /var/lib/openstack/lib/python3.12/site-packages/pycadf/identifier.py:70: UserWarning: Invalid uuid: cinderv3. To ensure interoperability, identifiers should be a valid uuid. warnings.warn(('Invalid uuid: %s. To ensure interoperability, '
2026-04-02 17:58:17.258 7 INFO cinder.api.openstack.wsgi [None req-ad87dde5-21ff-4564-b1ec-6aa18251d7fc 4c0592c98a164681a9209a96d91740a0 ebe176ac1890409cba9a5e40ac272642 - - default default] GET http://cinder-api.openstack.svc.cluster.local:8776/v3/ebe176ac1890409cba9a5e40ac272642/os-services
2026-04-02 17:58:17.263 7 INFO cinder.api.openstack.wsgi [None req-ad87dde5-21ff-4564-b1ec-6aa18251d7fc 4c0592c98a164681a9209a96d91740a0 ebe176ac1890409cba9a5e40ac272642 - - default default] http://cinder-api.openstack.svc.cluster.local:8776/v3/ebe176ac1890409cba9a5e40ac272642/os-services returned with HTTP 200 [pid: 7|app: 0|req: 362/726] 10.0.0.127 () {28 vars in 645 bytes} [Thu Apr 2 17:58:17 2026] GET /v3/ebe176ac1890409cba9a5e40ac272642/os-services => generated 646 bytes in 12 msecs (HTTP/1.1 200) 7 headers in 285 bytes (1 switches on core 0)
2026-04-02 17:58:17.272 8 INFO cinder.api.openstack.wsgi [None req-9f9617a5-0353-42be-beff-51cbed8fb097 4c0592c98a164681a9209a96d91740a0 ebe176ac1890409cba9a5e40ac272642 - - default default] GET http://cinder-api.openstack.svc.cluster.local:8776/v3/ebe176ac1890409cba9a5e40ac272642/snapshots?all_tenants=true
2026-04-02 17:58:17.278 8 INFO cinder.volume.api [None req-9f9617a5-0353-42be-beff-51cbed8fb097 4c0592c98a164681a9209a96d91740a0 ebe176ac1890409cba9a5e40ac272642 - - default default] Get all snapshots completed successfully.
2026-04-02 17:58:17.278 8 INFO cinder.api.openstack.wsgi [None req-9f9617a5-0353-42be-beff-51cbed8fb097 4c0592c98a164681a9209a96d91740a0 ebe176ac1890409cba9a5e40ac272642 - - default default] http://cinder-api.openstack.svc.cluster.local:8776/v3/ebe176ac1890409cba9a5e40ac272642/snapshots?all_tenants=true returned with HTTP 200 [pid: 8|app: 0|req: 365/727] 10.0.0.127 () {28 vars in 674 bytes} [Thu Apr 2 17:58:17 2026] GET /v3/ebe176ac1890409cba9a5e40ac272642/snapshots?all_tenants=true => generated 17 bytes in 13 msecs (HTTP/1.1 200) 7 headers in 284 bytes (1 switches on core 0)
2026-04-02 17:58:18.703 7 INFO cinder.api.openstack.wsgi [None req-ad87dde5-21ff-4564-b1ec-6aa18251d7fc 4c0592c98a164681a9209a96d91740a0 ebe176ac1890409cba9a5e40ac272642 - - default default] GET http://10.0.0.121:8776/
2026-04-02 17:58:18.704 7 INFO cinder.api.openstack.wsgi [None req-ad87dde5-21ff-4564-b1ec-6aa18251d7fc 4c0592c98a164681a9209a96d91740a0 ebe176ac1890409cba9a5e40ac272642 - - default default] http://10.0.0.121:8776/ returned with HTTP 300
2026-04-02 17:58:18.704 8 INFO cinder.api.openstack.wsgi [None req-9f9617a5-0353-42be-beff-51cbed8fb097 4c0592c98a164681a9209a96d91740a0 ebe176ac1890409cba9a5e40ac272642 - - default default] GET http://10.0.0.121:8776/
2026-04-02 17:58:18.705 8 INFO cinder.api.openstack.wsgi [None req-9f9617a5-0353-42be-beff-51cbed8fb097 4c0592c98a164681a9209a96d91740a0 ebe176ac1890409cba9a5e40ac272642 - - default default] http://10.0.0.121:8776/ returned with HTTP 300
2026-04-02 17:58:28.704 7 INFO cinder.api.openstack.wsgi [None req-ad87dde5-21ff-4564-b1ec-6aa18251d7fc 4c0592c98a164681a9209a96d91740a0 ebe176ac1890409cba9a5e40ac272642 - - default default] GET http://10.0.0.121:8776/
2026-04-02 17:58:28.704 8 INFO cinder.api.openstack.wsgi [None req-9f9617a5-0353-42be-beff-51cbed8fb097 4c0592c98a164681a9209a96d91740a0 ebe176ac1890409cba9a5e40ac272642 - - default default] GET http://10.0.0.121:8776/
2026-04-02 17:58:28.705 7 INFO cinder.api.openstack.wsgi [None req-ad87dde5-21ff-4564-b1ec-6aa18251d7fc 4c0592c98a164681a9209a96d91740a0 ebe176ac1890409cba9a5e40ac272642 - - default default] http://10.0.0.121:8776/ returned with HTTP 300
2026-04-02 17:58:28.705 8 INFO cinder.api.openstack.wsgi [None req-9f9617a5-0353-42be-beff-51cbed8fb097 4c0592c98a164681a9209a96d91740a0 ebe176ac1890409cba9a5e40ac272642 - - default default] http://10.0.0.121:8776/ returned with HTTP 300
2026-04-02 17:58:38.704 7 INFO cinder.api.openstack.wsgi [None req-ad87dde5-21ff-4564-b1ec-6aa18251d7fc 4c0592c98a164681a9209a96d91740a0 ebe176ac1890409cba9a5e40ac272642 - - default default] GET http://10.0.0.121:8776/
2026-04-02 17:58:38.704 8 INFO cinder.api.openstack.wsgi [None req-9f9617a5-0353-42be-beff-51cbed8fb097 4c0592c98a164681a9209a96d91740a0 ebe176ac1890409cba9a5e40ac272642 - - default default] GET http://10.0.0.121:8776/
2026-04-02 17:58:38.706 7 INFO cinder.api.openstack.wsgi [None req-ad87dde5-21ff-4564-b1ec-6aa18251d7fc 4c0592c98a164681a9209a96d91740a0 ebe176ac1890409cba9a5e40ac272642 - - default default] http://10.0.0.121:8776/ returned with HTTP 300
2026-04-02 17:58:38.709 8 INFO cinder.api.openstack.wsgi [None req-9f9617a5-0353-42be-beff-51cbed8fb097 4c0592c98a164681a9209a96d91740a0 ebe176ac1890409cba9a5e40ac272642 - - default default] http://10.0.0.121:8776/ returned with HTTP 300
2026-04-02 17:58:44.146 8 INFO cinder.api.openstack.wsgi [req-9b769c34-c2f3-41dd-84e2-3553880fb0d1 req-48f9afdd-a3d6-4039-9f97-5b6c75fa4525 99e5864cda514bdfa533c87cd5e40f7e c08411959d5748269ba11d32b11cc87d - - default default] DELETE http://cinder-api.openstack.svc.cluster.local:8776/v3/c08411959d5748269ba11d32b11cc87d/attachments/13ed43e4-909c-4a72-9f99-a854cf59950f /var/lib/openstack/lib/python3.12/site-packages/oslo_context/context.py:101: DeprecationWarning: Policy enforcement is depending on the value of is_admin. This key is deprecated. Please update your policy file to use the standard policy values. warnings.warn(
2026-04-02 17:58:44.709 8 INFO cinder.api.openstack.wsgi [req-9b769c34-c2f3-41dd-84e2-3553880fb0d1 req-48f9afdd-a3d6-4039-9f97-5b6c75fa4525 99e5864cda514bdfa533c87cd5e40f7e c08411959d5748269ba11d32b11cc87d - - default default] http://cinder-api.openstack.svc.cluster.local:8776/v3/c08411959d5748269ba11d32b11cc87d/attachments/13ed43e4-909c-4a72-9f99-a854cf59950f returned with HTTP 200 [pid: 8|app: 0|req: 369/734] 199.204.45.116 () {38 vars in 1103 bytes} [Thu Apr 2 17:58:44 2026] DELETE /v3/c08411959d5748269ba11d32b11cc87d/attachments/13ed43e4-909c-4a72-9f99-a854cf59950f => generated 19 bytes in 573 msecs (HTTP/1.1 200) 7 headers in 285 bytes (1 switches on core 0)
2026-04-02 17:58:44.722 7 INFO cinder.api.openstack.wsgi [req-9b769c34-c2f3-41dd-84e2-3553880fb0d1 req-2820ec98-709b-4d81-b0fa-d004706cdd18 99e5864cda514bdfa533c87cd5e40f7e c08411959d5748269ba11d32b11cc87d - - default default] DELETE http://cinder-api.openstack.svc.cluster.local:8776/v3/c08411959d5748269ba11d32b11cc87d/volumes/7034a9b1-afa4-4961-b5dd-f6c37fbe2509
2026-04-02 17:58:44.723 7 INFO cinder.api.v3.volumes [req-9b769c34-c2f3-41dd-84e2-3553880fb0d1 req-2820ec98-709b-4d81-b0fa-d004706cdd18 99e5864cda514bdfa533c87cd5e40f7e c08411959d5748269ba11d32b11cc87d - - default default] Delete volume with id: 7034a9b1-afa4-4961-b5dd-f6c37fbe2509 /var/lib/openstack/lib/python3.12/site-packages/oslo_context/context.py:101: DeprecationWarning: Policy enforcement is depending on the value of is_admin. This key is deprecated. Please update your policy file to use the standard policy values. warnings.warn(
2026-04-02 17:58:44.734 7 INFO cinder.volume.api [req-9b769c34-c2f3-41dd-84e2-3553880fb0d1 req-2820ec98-709b-4d81-b0fa-d004706cdd18 99e5864cda514bdfa533c87cd5e40f7e c08411959d5748269ba11d32b11cc87d - - default default] Volume info retrieved successfully.
2026-04-02 17:58:44.763 7 INFO cinder.volume.api [req-9b769c34-c2f3-41dd-84e2-3553880fb0d1 req-2820ec98-709b-4d81-b0fa-d004706cdd18 99e5864cda514bdfa533c87cd5e40f7e c08411959d5748269ba11d32b11cc87d - - default default] Delete volume request issued successfully.
2026-04-02 17:58:44.764 7 INFO cinder.api.openstack.wsgi [req-9b769c34-c2f3-41dd-84e2-3553880fb0d1 req-2820ec98-709b-4d81-b0fa-d004706cdd18 99e5864cda514bdfa533c87cd5e40f7e c08411959d5748269ba11d32b11cc87d - - default default] http://cinder-api.openstack.svc.cluster.local:8776/v3/c08411959d5748269ba11d32b11cc87d/volumes/7034a9b1-afa4-4961-b5dd-f6c37fbe2509 returned with HTTP 202 [pid: 7|app: 0|req: 366/735] 199.204.45.116 () {36 vars in 1054 bytes} [Thu Apr 2 17:58:44 2026] DELETE /v3/c08411959d5748269ba11d32b11cc87d/volumes/7034a9b1-afa4-4961-b5dd-f6c37fbe2509 => generated 0 bytes in 48 msecs (HTTP/1.1 202) 6 headers in 233 bytes (1 switches on core 0)
2026-04-02 17:58:48.704 8 INFO cinder.api.openstack.wsgi [req-9b769c34-c2f3-41dd-84e2-3553880fb0d1 req-48f9afdd-a3d6-4039-9f97-5b6c75fa4525 99e5864cda514bdfa533c87cd5e40f7e c08411959d5748269ba11d32b11cc87d - - default default] GET http://10.0.0.121:8776/
2026-04-02 17:58:48.704 7 INFO cinder.api.openstack.wsgi [req-9b769c34-c2f3-41dd-84e2-3553880fb0d1 req-2820ec98-709b-4d81-b0fa-d004706cdd18 99e5864cda514bdfa533c87cd5e40f7e c08411959d5748269ba11d32b11cc87d - - default default] GET http://10.0.0.121:8776/
2026-04-02 17:58:48.704 8 INFO cinder.api.openstack.wsgi [req-9b769c34-c2f3-41dd-84e2-3553880fb0d1 req-48f9afdd-a3d6-4039-9f97-5b6c75fa4525 99e5864cda514bdfa533c87cd5e40f7e c08411959d5748269ba11d32b11cc87d - - default default] http://10.0.0.121:8776/ returned with HTTP 300
2026-04-02 17:58:48.705 7 INFO cinder.api.openstack.wsgi [req-9b769c34-c2f3-41dd-84e2-3553880fb0d1 req-2820ec98-709b-4d81-b0fa-d004706cdd18 99e5864cda514bdfa533c87cd5e40f7e c08411959d5748269ba11d32b11cc87d - - default default] http://10.0.0.121:8776/ returned with HTTP 300 /var/lib/openstack/lib/python3.12/site-packages/pycadf/identifier.py:70: UserWarning: Invalid uuid: cinderv3. To ensure interoperability, identifiers should be a valid uuid. warnings.warn(('Invalid uuid: %s. To ensure interoperability, '
2026-04-02 17:58:57.568 8 INFO cinder.api.openstack.wsgi [req-1ddebafa-bf3b-4b51-a5eb-57597e7cf9d0 req-e5a22a49-14e8-461f-a0b3-3a80ca503878 8934dc1faf6d40debd63dcc967659ea1 148643d1d4304483832145678ad8377e - - default default] GET http://cinder-api.openstack.svc.cluster.local:8776/v3/148643d1d4304483832145678ad8377e/attachments?instance_id=79b2345f-d2af-4124-a4b6-a55de8e701e2
2026-04-02 17:58:57.583 8 INFO cinder.api.openstack.wsgi [req-1ddebafa-bf3b-4b51-a5eb-57597e7cf9d0 req-e5a22a49-14e8-461f-a0b3-3a80ca503878 8934dc1faf6d40debd63dcc967659ea1 148643d1d4304483832145678ad8377e - - default default] http://cinder-api.openstack.svc.cluster.local:8776/v3/148643d1d4304483832145678ad8377e/attachments?instance_id=79b2345f-d2af-4124-a4b6-a55de8e701e2 returned with HTTP 200 [pid: 8|app: 0|req: 371/738] 199.204.45.116 () {36 vars in 1104 bytes} [Thu Apr 2 17:58:57 2026] GET /v3/148643d1d4304483832145678ad8377e/attachments?instance_id=79b2345f-d2af-4124-a4b6-a55de8e701e2 => generated 19 bytes in 25 msecs (HTTP/1.1 200) 7 headers in 285 bytes (1 switches on core 0)
2026-04-02 17:58:58.703 7 INFO cinder.api.openstack.wsgi [req-9b769c34-c2f3-41dd-84e2-3553880fb0d1 req-2820ec98-709b-4d81-b0fa-d004706cdd18 99e5864cda514bdfa533c87cd5e40f7e c08411959d5748269ba11d32b11cc87d - - default default] GET http://10.0.0.121:8776/
2026-04-02 17:58:58.703 8 INFO cinder.api.openstack.wsgi [req-1ddebafa-bf3b-4b51-a5eb-57597e7cf9d0 req-e5a22a49-14e8-461f-a0b3-3a80ca503878 8934dc1faf6d40debd63dcc967659ea1 148643d1d4304483832145678ad8377e - - default default] GET http://10.0.0.121:8776/
2026-04-02 17:58:58.704 7 INFO cinder.api.openstack.wsgi [req-9b769c34-c2f3-41dd-84e2-3553880fb0d1 req-2820ec98-709b-4d81-b0fa-d004706cdd18 99e5864cda514bdfa533c87cd5e40f7e c08411959d5748269ba11d32b11cc87d - - default default] http://10.0.0.121:8776/ returned with HTTP 300
2026-04-02 17:58:58.704 8 INFO cinder.api.openstack.wsgi [req-1ddebafa-bf3b-4b51-a5eb-57597e7cf9d0 req-e5a22a49-14e8-461f-a0b3-3a80ca503878 8934dc1faf6d40debd63dcc967659ea1 148643d1d4304483832145678ad8377e - - default default] http://10.0.0.121:8776/ returned with HTTP 300
2026-04-02 17:59:08.703 7 INFO cinder.api.openstack.wsgi [req-9b769c34-c2f3-41dd-84e2-3553880fb0d1 req-2820ec98-709b-4d81-b0fa-d004706cdd18 99e5864cda514bdfa533c87cd5e40f7e c08411959d5748269ba11d32b11cc87d - - default default] GET http://10.0.0.121:8776/
2026-04-02 17:59:08.704 8 INFO cinder.api.openstack.wsgi [req-1ddebafa-bf3b-4b51-a5eb-57597e7cf9d0 req-e5a22a49-14e8-461f-a0b3-3a80ca503878 8934dc1faf6d40debd63dcc967659ea1 148643d1d4304483832145678ad8377e - - default default] GET http://10.0.0.121:8776/
2026-04-02 17:59:08.704 7 INFO cinder.api.openstack.wsgi [req-9b769c34-c2f3-41dd-84e2-3553880fb0d1 req-2820ec98-709b-4d81-b0fa-d004706cdd18 99e5864cda514bdfa533c87cd5e40f7e c08411959d5748269ba11d32b11cc87d - - default default] http://10.0.0.121:8776/ returned with HTTP 300
2026-04-02 17:59:08.705 8 INFO cinder.api.openstack.wsgi [req-1ddebafa-bf3b-4b51-a5eb-57597e7cf9d0 req-e5a22a49-14e8-461f-a0b3-3a80ca503878 8934dc1faf6d40debd63dcc967659ea1 148643d1d4304483832145678ad8377e - - default default] http://10.0.0.121:8776/ returned with HTTP 300 /var/lib/openstack/lib/python3.12/site-packages/pycadf/identifier.py:70: UserWarning: Invalid uuid: cinderv3. To ensure interoperability, identifiers should be a valid uuid. warnings.warn(('Invalid uuid: %s. To ensure interoperability, '
2026-04-02 17:59:16.724 7 INFO cinder.api.openstack.wsgi [None req-a9386f78-bd8d-48b9-8a3d-fbb0abd3066a 4c0592c98a164681a9209a96d91740a0 ebe176ac1890409cba9a5e40ac272642 - - default default] GET http://cinder-api.openstack.svc.cluster.local:8776/v3/ebe176ac1890409cba9a5e40ac272642/volumes/detail?all_tenants=true
2026-04-02 17:59:16.734 7 INFO cinder.volume.api [None req-a9386f78-bd8d-48b9-8a3d-fbb0abd3066a 4c0592c98a164681a9209a96d91740a0 ebe176ac1890409cba9a5e40ac272642 - - default default] Get all volumes completed successfully.
2026-04-02 17:59:16.735 7 INFO cinder.api.openstack.wsgi [None req-a9386f78-bd8d-48b9-8a3d-fbb0abd3066a 4c0592c98a164681a9209a96d91740a0 ebe176ac1890409cba9a5e40ac272642 - - default default] http://cinder-api.openstack.svc.cluster.local:8776/v3/ebe176ac1890409cba9a5e40ac272642/volumes/detail?all_tenants=true returned with HTTP 200 [pid: 7|app: 0|req: 370/743] 10.0.0.127 () {28 vars in 684 bytes} [Thu Apr 2 17:59:16 2026] GET /v3/ebe176ac1890409cba9a5e40ac272642/volumes/detail?all_tenants=true => generated 15 bytes in 393 msecs (HTTP/1.1 200) 7 headers in 284 bytes (1 switches on core 0)
2026-04-02 17:59:16.782 8 INFO cinder.api.openstack.wsgi [None req-c59b64c6-19b4-496a-ad25-84082ef7bf39 4c0592c98a164681a9209a96d91740a0 ebe176ac1890409cba9a5e40ac272642 - - default default] GET http://cinder-api.openstack.svc.cluster.local:8776/v3/ebe176ac1890409cba9a5e40ac272642/os-quota-sets/013aaeebb9184e84b4bf5facb37fa126?usage=true /var/lib/openstack/lib/python3.12/site-packages/oslo_context/context.py:101: DeprecationWarning: Policy enforcement is depending on the value of is_admin. This key is deprecated. Please update your policy file to use the standard policy values. warnings.warn(
2026-04-02 17:59:16.826 8 INFO cinder.api.openstack.wsgi [None req-c59b64c6-19b4-496a-ad25-84082ef7bf39 4c0592c98a164681a9209a96d91740a0 ebe176ac1890409cba9a5e40ac272642 - - default default] http://cinder-api.openstack.svc.cluster.local:8776/v3/ebe176ac1890409cba9a5e40ac272642/os-quota-sets/013aaeebb9184e84b4bf5facb37fa126?usage=true returned with HTTP 200 [pid: 8|app: 0|req: 374/744] 10.0.0.127 () {28 vars in 736 bytes} [Thu Apr 2 17:59:16 2026] GET /v3/ebe176ac1890409cba9a5e40ac272642/os-quota-sets/013aaeebb9184e84b4bf5facb37fa126?usage=true => generated 847 bytes in 53 msecs (HTTP/1.1 200) 7 headers in 285 bytes (1 switches on core 0)
2026-04-02 17:59:16.839 7 INFO cinder.api.openstack.wsgi [None req-a49b65b1-6008-4a48-bd34-b4796531fc5a 4c0592c98a164681a9209a96d91740a0 ebe176ac1890409cba9a5e40ac272642 - - default default] GET http://cinder-api.openstack.svc.cluster.local:8776/v3/ebe176ac1890409cba9a5e40ac272642/os-quota-sets/148643d1d4304483832145678ad8377e?usage=true
2026-04-02 17:59:16.856 7 INFO cinder.api.openstack.wsgi [None req-a49b65b1-6008-4a48-bd34-b4796531fc5a 4c0592c98a164681a9209a96d91740a0 ebe176ac1890409cba9a5e40ac272642 - - default default] http://cinder-api.openstack.svc.cluster.local:8776/v3/ebe176ac1890409cba9a5e40ac272642/os-quota-sets/148643d1d4304483832145678ad8377e?usage=true returned with HTTP 200 [pid: 7|app: 0|req: 371/745] 10.0.0.127 () {28 vars in 736 bytes} [Thu Apr 2 17:59:16 2026] GET /v3/ebe176ac1890409cba9a5e40ac272642/os-quota-sets/148643d1d4304483832145678ad8377e?usage=true => generated 847 bytes in 24 msecs (HTTP/1.1 200) 7 headers in 285 bytes (1 switches on core 0)
2026-04-02 17:59:16.869 8 INFO cinder.api.openstack.wsgi [None req-61e9098c-aeef-4366-8392-bb38d6a0449e 4c0592c98a164681a9209a96d91740a0 ebe176ac1890409cba9a5e40ac272642 - - default default] GET http://cinder-api.openstack.svc.cluster.local:8776/v3/ebe176ac1890409cba9a5e40ac272642/os-quota-sets/23c1985ead304f2a8e7cc599f229eff4?usage=true
2026-04-02 17:59:16.895 8 INFO cinder.api.openstack.wsgi [None req-61e9098c-aeef-4366-8392-bb38d6a0449e 4c0592c98a164681a9209a96d91740a0 ebe176ac1890409cba9a5e40ac272642 - - default default] http://cinder-api.openstack.svc.cluster.local:8776/v3/ebe176ac1890409cba9a5e40ac272642/os-quota-sets/23c1985ead304f2a8e7cc599f229eff4?usage=true returned with HTTP 200 [pid: 8|app: 0|req: 375/746] 10.0.0.127 () {28 vars in 736 bytes} [Thu Apr 2 17:59:16 2026] GET /v3/ebe176ac1890409cba9a5e40ac272642/os-quota-sets/23c1985ead304f2a8e7cc599f229eff4?usage=true => generated 845 bytes in 34 msecs (HTTP/1.1 200) 7 headers in 285 bytes (1 switches on core 0)
2026-04-02 17:59:16.910 7 INFO cinder.api.openstack.wsgi [None req-4c10e1ec-df30-480e-ade9-82e0276aad60 4c0592c98a164681a9209a96d91740a0 ebe176ac1890409cba9a5e40ac272642 - - default default] GET http://cinder-api.openstack.svc.cluster.local:8776/v3/ebe176ac1890409cba9a5e40ac272642/os-quota-sets/4f1e8bdc1cae4b32a7f7ac18a9675c7a?usage=true
