2026-07-10 22:42:57.040 10 INFO neutron.wsgi [None req-1d43e7ff-f749-4db6-b07d-2763cfabcb93 ec6d0fcb497b4e21b69298d65bad6c66 63cd8c3b35e6465c9da29c9fda1bda51 - - default default] 10.0.0.45 "GET /v2.0/ports HTTP/1.1" status: 200 len: 18699 time: 0.0457301
2026-07-10 22:42:57.119 10 INFO neutron.wsgi [None req-5be43fc1-9365-4eec-b717-b9bf0991d3f2 ec6d0fcb497b4e21b69298d65bad6c66 63cd8c3b35e6465c9da29c9fda1bda51 - - default default] 10.0.0.45 "GET /v2.0/networks HTTP/1.1" status: 200 len: 4720 time: 0.0710464
2026-07-10 22:42:57.198 10 INFO neutron.wsgi [None req-4986a79e-9d32-4112-b975-ba8e52b56b69 ec6d0fcb497b4e21b69298d65bad6c66 63cd8c3b35e6465c9da29c9fda1bda51 - - default default] 10.0.0.45 "GET /v2.0/security-groups HTTP/1.1" status: 200 len: 29088 time: 0.0751147
2026-07-10 22:42:57.298 10 INFO neutron.wsgi [None req-7cc7ea23-5530-43f7-b806-b88ea56a09bf ec6d0fcb497b4e21b69298d65bad6c66 63cd8c3b35e6465c9da29c9fda1bda51 - - default default] 10.0.0.45 "GET /v2.0/routers HTTP/1.1" status: 200 len: 849 time: 0.0908566
2026-07-10 22:42:57.322 10 INFO neutron.wsgi [None req-29fb9c41-6896-41e4-af1f-c77102a8c79f ec6d0fcb497b4e21b69298d65bad6c66 63cd8c3b35e6465c9da29c9fda1bda51 - - default default] 10.0.0.45 "GET /v2.0/agents?binary=ovn-controller HTTP/1.1" status: 200 len: 591 time: 0.0186892
2026-07-10 22:42:57.357 10 INFO neutron.wsgi [None req-032d503b-0472-4f84-8084-2b04171023b5 ec6d0fcb497b4e21b69298d65bad6c66 63cd8c3b35e6465c9da29c9fda1bda51 - - default default] 10.0.0.45 "GET /v2.0/subnets HTTP/1.1" status: 200 len: 5496 time: 0.0348957
2026-07-10 22:42:57.369 10 INFO neutron.wsgi [None req-39d3d12b-bc88-4419-bb17-98c1b8ae5a96 ec6d0fcb497b4e21b69298d65bad6c66 63cd8c3b35e6465c9da29c9fda1bda51 - - default default] 10.0.0.45 "GET /v2.0/subnetpools HTTP/1.1" status: 200 len: 193 time: 0.0085089
2026-07-10 22:42:57.409 10 INFO neutron.wsgi [None req-7365182f-7573-4469-ac80-8624e9bf7523 ec6d0fcb497b4e21b69298d65bad6c66 63cd8c3b35e6465c9da29c9fda1bda51 - - default default] 10.0.0.45 "GET /v2.0/floatingips HTTP/1.1" status: 200 len: 1878 time: 0.0393991
2026-07-10 22:42:58.742 9 INFO neutron.wsgi [-] 10.0.0.184 "GET / HTTP/1.1" status: 200 len: 246 time: 0.0026100
2026-07-10 22:42:58.743 10 INFO neutron.wsgi [-] 10.0.0.184 "GET / HTTP/1.1" status: 200 len: 246 time: 0.0026510 /var/lib/openstack/lib/python3.10/site-packages/pycadf/identifier.py:71: UserWarning: Invalid uuid: neutron. To ensure interoperability, identifiers should be a valid uuid. warnings.warn(('Invalid uuid: %s. To ensure interoperability, '
2026-07-10 22:43:02.576 9 INFO neutron.wsgi [req-29ea28ba-0137-46b3-aeca-1d93e310b190 req-672e5c96-7663-46a4-876b-75e6d283e4c2 ec6d0fcb497b4e21b69298d65bad6c66 63cd8c3b35e6465c9da29c9fda1bda51 - - default default] 10.0.0.191 "GET /v2.0/security-groups?id=69997070-5e12-444c-82d1-3550cd5067ec&fields=id HTTP/1.1" status: 200 len: 267 time: 0.0361981
2026-07-10 22:43:02.638 9 INFO neutron.wsgi [req-29ea28ba-0137-46b3-aeca-1d93e310b190 req-5752b436-020c-490b-8169-ec6128842f65 ec6d0fcb497b4e21b69298d65bad6c66 63cd8c3b35e6465c9da29c9fda1bda51 - - default default] 10.0.0.191 "GET /v2.0/networks?id=40cd37db-7ea1-4c41-9322-f7647d9ad2ad HTTP/1.1" status: 200 len: 937 time: 0.0573483
2026-07-10 22:43:02.656 9 INFO neutron.wsgi [req-29ea28ba-0137-46b3-aeca-1d93e310b190 req-e4c3a934-0405-45f2-85f4-dd8d7d6a03f6 ec6d0fcb497b4e21b69298d65bad6c66 63cd8c3b35e6465c9da29c9fda1bda51 - - default default] 10.0.0.191 "GET /v2.0/quotas/63cd8c3b35e6465c9da29c9fda1bda51 HTTP/1.1" status: 200 len: 385 time: 0.0102241
2026-07-10 22:43:02.709 9 INFO neutron.wsgi [req-29ea28ba-0137-46b3-aeca-1d93e310b190 req-1a7efcaa-bf7a-43c0-9e9a-6def1c881173 ec6d0fcb497b4e21b69298d65bad6c66 63cd8c3b35e6465c9da29c9fda1bda51 - - default default] 10.0.0.191 "GET /v2.0/ports?tenant_id=63cd8c3b35e6465c9da29c9fda1bda51&fields=id HTTP/1.1" status: 200 len: 348 time: 0.0464694
2026-07-10 22:43:02.811 9 INFO neutron.wsgi [req-29ea28ba-0137-46b3-aeca-1d93e310b190 req-45595358-ca26-46b8-ae87-348b92d965d6 22a11f2aee52441a97600a2652ab2395 90ed7444f26242b78cc632af72d440b0 - - a5783d9bcf4442cfab0eeeda87f0a75d a5783d9bcf4442cfab0eeeda87f0a75d] 10.0.0.191 "GET /v2.0/networks/40cd37db-7ea1-4c41-9322-f7647d9ad2ad?fields=segments HTTP/1.1" status: 200 len: 212 time: 0.0908256
2026-07-10 22:43:02.864 9 INFO neutron.wsgi [req-29ea28ba-0137-46b3-aeca-1d93e310b190 req-bda53220-b688-490f-bf0d-45ab48fd0be5 22a11f2aee52441a97600a2652ab2395 90ed7444f26242b78cc632af72d440b0 - - a5783d9bcf4442cfab0eeeda87f0a75d a5783d9bcf4442cfab0eeeda87f0a75d] 10.0.0.191 "GET /v2.0/networks/40cd37db-7ea1-4c41-9322-f7647d9ad2ad?fields=provider%3Aphysical_network&fields=provider%3Anetwork_type HTTP/1.1" status: 200 len: 277 time: 0.0464954
2026-07-10 22:43:03.205 9 INFO neutron.wsgi [req-4629d8f4-6125-4cd8-a809-f38c350dff89 req-9a27625e-15c3-42c8-9773-d39da450fc01 ec6d0fcb497b4e21b69298d65bad6c66 63cd8c3b35e6465c9da29c9fda1bda51 - - default default] 10.0.0.191 "GET /v2.0/ports?device_id=5b972dd9-20c6-453a-96bf-924d059b8b04 HTTP/1.1" status: 200 len: 210 time: 0.0565672
2026-07-10 22:43:03.271 9 INFO neutron.wsgi [req-a2938b9c-90b0-4329-93b2-4c3ed401c0a7 req-36f6de92-ac52-4e72-986a-f26ff8c812a4 ec6d0fcb497b4e21b69298d65bad6c66 63cd8c3b35e6465c9da29c9fda1bda51 - - default default] 10.0.0.191 "GET /v2.0/ports?device_id=5b972dd9-20c6-453a-96bf-924d059b8b04 HTTP/1.1" status: 200 len: 210 time: 0.0216868
2026-07-10 22:43:04.016 10 INFO neutron.wsgi [req-29ea28ba-0137-46b3-aeca-1d93e310b190 req-137f43a5-2b0c-40cd-8ea4-42e8e8d28442 ec6d0fcb497b4e21b69298d65bad6c66 63cd8c3b35e6465c9da29c9fda1bda51 - - default default] 199.19.213.114 "GET /v2.0/networks?id=40cd37db-7ea1-4c41-9322-f7647d9ad2ad HTTP/1.1" status: 200 len: 937 time: 0.0921586
2026-07-10 22:43:04.083 10 INFO neutron.wsgi [req-29ea28ba-0137-46b3-aeca-1d93e310b190 req-98bcef10-4712-466d-9ac3-d05f293a8bcb ec6d0fcb497b4e21b69298d65bad6c66 63cd8c3b35e6465c9da29c9fda1bda51 - - default default] 199.19.213.114 "GET /v2.0/security-groups?fields=id&fields=name&tenant_id=63cd8c3b35e6465c9da29c9fda1bda51 HTTP/1.1" status: 200 len: 542 time: 0.0601549
2026-07-10 22:43:04.346 10 WARNING neutron.scheduler.dhcp_agent_scheduler [req-29ea28ba-0137-46b3-aeca-1d93e310b190 req-326c488b-0ffe-438a-9a0f-df936a3d2a74 ec6d0fcb497b4e21b69298d65bad6c66 63cd8c3b35e6465c9da29c9fda1bda51 - - default default] No more DHCP agents
2026-07-10 22:43:04.351 10 WARNING neutron.api.rpc.agentnotifiers.dhcp_rpc_agent_api [req-29ea28ba-0137-46b3-aeca-1d93e310b190 req-326c488b-0ffe-438a-9a0f-df936a3d2a74 ec6d0fcb497b4e21b69298d65bad6c66 63cd8c3b35e6465c9da29c9fda1bda51 - - default default] Unable to schedule network 40cd37db-7ea1-4c41-9322-f7647d9ad2ad: no agents available; will retry on subsequent port and subnet creation events.
2026-07-10 22:43:04.481 10 INFO neutron.db.ovn_revision_numbers_db [req-29ea28ba-0137-46b3-aeca-1d93e310b190 req-326c488b-0ffe-438a-9a0f-df936a3d2a74 ec6d0fcb497b4e21b69298d65bad6c66 63cd8c3b35e6465c9da29c9fda1bda51 - - default default] Successfully bumped revision number for resource de237b18-ae21-48f2-9fa3-8913523c24b4 (type: ports) to 1
2026-07-10 22:43:04.496 10 INFO neutron.wsgi [req-29ea28ba-0137-46b3-aeca-1d93e310b190 req-326c488b-0ffe-438a-9a0f-df936a3d2a74 ec6d0fcb497b4e21b69298d65bad6c66 63cd8c3b35e6465c9da29c9fda1bda51 - - default default] 199.19.213.114 "POST /v2.0/ports HTTP/1.1" status: 201 len: 1287 time: 0.4036317 /var/lib/openstack/lib/python3.10/site-packages/pycadf/identifier.py:71: UserWarning: Invalid uuid: neutron. To ensure interoperability, identifiers should be a valid uuid. warnings.warn(('Invalid uuid: %s. To ensure interoperability, '
2026-07-10 22:43:04.915 10 INFO neutron.db.ovn_revision_numbers_db [req-29ea28ba-0137-46b3-aeca-1d93e310b190 req-f190f588-8dd1-4fc4-aea6-dc5b78d46181 22a11f2aee52441a97600a2652ab2395 90ed7444f26242b78cc632af72d440b0 - - a5783d9bcf4442cfab0eeeda87f0a75d a5783d9bcf4442cfab0eeeda87f0a75d] Successfully bumped revision number for resource de237b18-ae21-48f2-9fa3-8913523c24b4 (type: ports) to 2
2026-07-10 22:43:05.147 10 INFO neutron.db.ovn_revision_numbers_db [req-29ea28ba-0137-46b3-aeca-1d93e310b190 req-f190f588-8dd1-4fc4-aea6-dc5b78d46181 22a11f2aee52441a97600a2652ab2395 90ed7444f26242b78cc632af72d440b0 - - a5783d9bcf4442cfab0eeeda87f0a75d a5783d9bcf4442cfab0eeeda87f0a75d] Successfully bumped revision number for resource de237b18-ae21-48f2-9fa3-8913523c24b4 (type: ports) to 2
2026-07-10 22:43:05.160 10 INFO neutron.wsgi [req-29ea28ba-0137-46b3-aeca-1d93e310b190 req-f190f588-8dd1-4fc4-aea6-dc5b78d46181 22a11f2aee52441a97600a2652ab2395 90ed7444f26242b78cc632af72d440b0 - - a5783d9bcf4442cfab0eeeda87f0a75d a5783d9bcf4442cfab0eeeda87f0a75d] 199.19.213.114 "PUT /v2.0/ports/de237b18-ae21-48f2-9fa3-8913523c24b4 HTTP/1.1" status: 200 len: 1384 time: 0.6600504 /var/lib/openstack/lib/python3.10/site-packages/pycadf/identifier.py:71: UserWarning: Invalid uuid: neutron. To ensure interoperability, identifiers should be a valid uuid. warnings.warn(('Invalid uuid: %s. To ensure interoperability, '
2026-07-10 22:43:05.227 10 INFO neutron.wsgi [req-29ea28ba-0137-46b3-aeca-1d93e310b190 req-50030e7f-b0d3-4f54-8b8c-924d908e6ce1 22a11f2aee52441a97600a2652ab2395 90ed7444f26242b78cc632af72d440b0 - - a5783d9bcf4442cfab0eeeda87f0a75d a5783d9bcf4442cfab0eeeda87f0a75d] 199.19.213.114 "GET /v2.0/ports?tenant_id=63cd8c3b35e6465c9da29c9fda1bda51&device_id=5b972dd9-20c6-453a-96bf-924d059b8b04 HTTP/1.1" status: 200 len: 1415 time: 0.0314291
2026-07-10 22:43:05.234 10 INFO neutron.notifiers.nova [-] Nova event matching ['req-2c8cb8da-fc4a-416b-86c5-09aca7eadd98'] response: {'name': 'network-changed', 'server_uuid': '5b972dd9-20c6-453a-96bf-924d059b8b04', 'tag': 'de237b18-ae21-48f2-9fa3-8913523c24b4', 'status': 'completed', 'code': 200}
2026-07-10 22:43:05.254 10 INFO neutron.wsgi [req-29ea28ba-0137-46b3-aeca-1d93e310b190 req-cdc71539-1951-43e7-99b6-0126cb5c0622 22a11f2aee52441a97600a2652ab2395 90ed7444f26242b78cc632af72d440b0 - - a5783d9bcf4442cfab0eeeda87f0a75d a5783d9bcf4442cfab0eeeda87f0a75d] 199.19.213.114 "GET /v2.0/floatingips?fixed_ip_address=172.24.0.169&port_id=de237b18-ae21-48f2-9fa3-8913523c24b4 HTTP/1.1" status: 200 len: 217 time: 0.0187366
2026-07-10 22:43:05.292 10 INFO neutron.wsgi [req-29ea28ba-0137-46b3-aeca-1d93e310b190 req-2c8bcebf-a571-4f42-a108-25cff96a7c83 22a11f2aee52441a97600a2652ab2395 90ed7444f26242b78cc632af72d440b0 - - a5783d9bcf4442cfab0eeeda87f0a75d a5783d9bcf4442cfab0eeeda87f0a75d] 199.19.213.114 "GET /v2.0/subnets?id=c3a25cd5-c22c-477f-ae01-93c6abb9ac3e HTTP/1.1" status: 200 len: 829 time: 0.0317216
2026-07-10 22:43:05.318 10 INFO neutron.wsgi [req-29ea28ba-0137-46b3-aeca-1d93e310b190 req-0a1c179c-ca27-4798-a4c0-b92e914fddd3 22a11f2aee52441a97600a2652ab2395 90ed7444f26242b78cc632af72d440b0 - - a5783d9bcf4442cfab0eeeda87f0a75d a5783d9bcf4442cfab0eeeda87f0a75d] 199.19.213.114 "GET /v2.0/ports?network_id=40cd37db-7ea1-4c41-9322-f7647d9ad2ad&device_owner=network%3Adhcp HTTP/1.1" status: 200 len: 210 time: 0.0196233
2026-07-10 22:43:05.393 10 INFO neutron.wsgi [req-29ea28ba-0137-46b3-aeca-1d93e310b190 req-976c83b1-5b60-42a9-9648-dae51249e740 22a11f2aee52441a97600a2652ab2395 90ed7444f26242b78cc632af72d440b0 - - a5783d9bcf4442cfab0eeeda87f0a75d a5783d9bcf4442cfab0eeeda87f0a75d] 199.19.213.114 "GET /v2.0/networks/40cd37db-7ea1-4c41-9322-f7647d9ad2ad?fields=segments HTTP/1.1" status: 200 len: 212 time: 0.0665770
2026-07-10 22:43:05.457 9 INFO neutron.wsgi [req-b7e8b240-3dec-4c50-b3ba-a09e628689b8 req-25aaf956-db42-442c-9153-2fa6110ee5b1 ec6d0fcb497b4e21b69298d65bad6c66 63cd8c3b35e6465c9da29c9fda1bda51 - - default default] 10.0.0.191 "GET /v2.0/ports?device_id=5b972dd9-20c6-453a-96bf-924d059b8b04 HTTP/1.1" status: 200 len: 1415 time: 0.0487390
2026-07-10 22:43:05.477 10 INFO neutron.wsgi [req-29ea28ba-0137-46b3-aeca-1d93e310b190 req-bb3a4a05-a9b1-4e96-8069-5576176a5d32 22a11f2aee52441a97600a2652ab2395 90ed7444f26242b78cc632af72d440b0 - - a5783d9bcf4442cfab0eeeda87f0a75d a5783d9bcf4442cfab0eeeda87f0a75d] 199.19.213.114 "GET /v2.0/networks/40cd37db-7ea1-4c41-9322-f7647d9ad2ad?fields=provider%3Aphysical_network&fields=provider%3Anetwork_type HTTP/1.1" status: 200 len: 277 time: 0.0779223
2026-07-10 22:43:05.520 9 INFO neutron.wsgi [req-b7e8b240-3dec-4c50-b3ba-a09e628689b8 req-6559efd3-f740-45aa-b0e7-bf120562236a ec6d0fcb497b4e21b69298d65bad6c66 63cd8c3b35e6465c9da29c9fda1bda51 - - default default] 10.0.0.191 "GET /v2.0/security-groups?id=69997070-5e12-444c-82d1-3550cd5067ec&fields=id&fields=name HTTP/1.1" status: 200 len: 294 time: 0.0512598
2026-07-10 22:43:05.556 10 INFO neutron.wsgi [req-49acd613-f144-4501-889b-747ee9154ecb req-8b99c05f-b2cf-4d96-96c4-e534a9bdd98d 22a11f2aee52441a97600a2652ab2395 90ed7444f26242b78cc632af72d440b0 - - a5783d9bcf4442cfab0eeeda87f0a75d a5783d9bcf4442cfab0eeeda87f0a75d] 199.19.213.114 "GET /v2.0/ports?tenant_id=63cd8c3b35e6465c9da29c9fda1bda51&device_id=5b972dd9-20c6-453a-96bf-924d059b8b04 HTTP/1.1" status: 200 len: 1415 time: 0.0354102
2026-07-10 22:43:05.628 9 INFO neutron.wsgi [req-d8eab967-f2b4-44e8-a412-cfade924c37e req-5340737b-5389-4dfd-807b-50ca6639c665 ec6d0fcb497b4e21b69298d65bad6c66 63cd8c3b35e6465c9da29c9fda1bda51 - - default default] 10.0.0.191 "GET /v2.0/ports?device_id=5b972dd9-20c6-453a-96bf-924d059b8b04 HTTP/1.1" status: 200 len: 1415 time: 0.0391972
2026-07-10 22:43:05.632 10 INFO neutron.wsgi [req-49acd613-f144-4501-889b-747ee9154ecb req-464c4a22-0458-438d-8649-5d464c7da8b2 22a11f2aee52441a97600a2652ab2395 90ed7444f26242b78cc632af72d440b0 - - a5783d9bcf4442cfab0eeeda87f0a75d a5783d9bcf4442cfab0eeeda87f0a75d] 199.19.213.114 "GET /v2.0/networks?id=40cd37db-7ea1-4c41-9322-f7647d9ad2ad HTTP/1.1" status: 200 len: 937 time: 0.0669804
2026-07-10 22:43:05.670 10 INFO neutron.wsgi [req-49acd613-f144-4501-889b-747ee9154ecb req-4fc5683a-bfc5-4d46-81ea-5a70cd5ebf89 22a11f2aee52441a97600a2652ab2395 90ed7444f26242b78cc632af72d440b0 - - a5783d9bcf4442cfab0eeeda87f0a75d a5783d9bcf4442cfab0eeeda87f0a75d] 199.19.213.114 "GET /v2.0/floatingips?fixed_ip_address=172.24.0.169&port_id=de237b18-ae21-48f2-9fa3-8913523c24b4 HTTP/1.1" status: 200 len: 217 time: 0.0333648
2026-07-10 22:43:05.696 10 INFO neutron.wsgi [req-257c9037-a665-463a-a659-eb4af255635e req-d43c38fc-911b-4666-a1b9-9981db2a1d74 22a11f2aee52441a97600a2652ab2395 90ed7444f26242b78cc632af72d440b0 - - a5783d9bcf4442cfab0eeeda87f0a75d a5783d9bcf4442cfab0eeeda87f0a75d] 199.19.213.114 "GET /v2.0/ports?device_id=5b972dd9-20c6-453a-96bf-924d059b8b04 HTTP/1.1" status: 200 len: 1415 time: 0.0334673
2026-07-10 22:43:05.710 10 INFO neutron.wsgi [req-49acd613-f144-4501-889b-747ee9154ecb req-5a14209d-45a5-4a57-bcb1-7312c5122542 22a11f2aee52441a97600a2652ab2395 90ed7444f26242b78cc632af72d440b0 - - a5783d9bcf4442cfab0eeeda87f0a75d a5783d9bcf4442cfab0eeeda87f0a75d] 199.19.213.114 "GET /v2.0/subnets?id=c3a25cd5-c22c-477f-ae01-93c6abb9ac3e HTTP/1.1" status: 200 len: 829 time: 0.0330033
2026-07-10 22:43:05.737 10 INFO neutron.wsgi [req-49acd613-f144-4501-889b-747ee9154ecb req-76cc1ad5-0f3e-4236-988b-bf798b7c3c1c 22a11f2aee52441a97600a2652ab2395 90ed7444f26242b78cc632af72d440b0 - - a5783d9bcf4442cfab0eeeda87f0a75d a5783d9bcf4442cfab0eeeda87f0a75d] 199.19.213.114 "GET /v2.0/ports?network_id=40cd37db-7ea1-4c41-9322-f7647d9ad2ad&device_owner=network%3Adhcp HTTP/1.1" status: 200 len: 210 time: 0.0206904
2026-07-10 22:43:05.754 10 INFO neutron.wsgi [req-257c9037-a665-463a-a659-eb4af255635e req-7462aca1-96c8-4239-a03a-ffb68b11fb50 22a11f2aee52441a97600a2652ab2395 90ed7444f26242b78cc632af72d440b0 - - a5783d9bcf4442cfab0eeeda87f0a75d a5783d9bcf4442cfab0eeeda87f0a75d] 199.19.213.114 "GET /v2.0/security-groups?id=69997070-5e12-444c-82d1-3550cd5067ec&fields=id&fields=name HTTP/1.1" status: 200 len: 294 time: 0.0503497
2026-07-10 22:43:05.817 10 INFO neutron.wsgi [req-49acd613-f144-4501-889b-747ee9154ecb req-13ef818a-59de-4187-9230-9d06ec2d8962 22a11f2aee52441a97600a2652ab2395 90ed7444f26242b78cc632af72d440b0 - - a5783d9bcf4442cfab0eeeda87f0a75d a5783d9bcf4442cfab0eeeda87f0a75d] 199.19.213.114 "GET /v2.0/networks/40cd37db-7ea1-4c41-9322-f7647d9ad2ad?fields=segments HTTP/1.1" status: 200 len: 212 time: 0.0757415
2026-07-10 22:43:05.871 9 INFO neutron.plugins.ml2.drivers.ovn.mech_driver.mech_driver [None req-f2c7eec2-11f6-45df-bbd1-57dc96077e51 - - - - - -] OVN reports status up for port: de237b18-ae21-48f2-9fa3-8913523c24b4
2026-07-10 22:43:05.882 10 INFO neutron.wsgi [req-49acd613-f144-4501-889b-747ee9154ecb req-bc2a5448-726e-40a1-b4d5-5891ea5df860 22a11f2aee52441a97600a2652ab2395 90ed7444f26242b78cc632af72d440b0 - - a5783d9bcf4442cfab0eeeda87f0a75d a5783d9bcf4442cfab0eeeda87f0a75d] 199.19.213.114 "GET /v2.0/networks/40cd37db-7ea1-4c41-9322-f7647d9ad2ad?fields=provider%3Aphysical_network&fields=provider%3Anetwork_type HTTP/1.1" status: 200 len: 277 time: 0.0503442
2026-07-10 22:43:05.882 9 INFO neutron.plugins.ml2.plugin [None req-f2c7eec2-11f6-45df-bbd1-57dc96077e51 - - - - - -] Attempt 1 to provision port de237b18-ae21-48f2-9fa3-8913523c24b4
2026-07-10 22:43:06.042 9 INFO neutron.notifiers.nova [-] Nova event matching ['req-cd9da63d-af6c-4fa7-adc5-783f3c1f12b8'] response: {'server_uuid': '5b972dd9-20c6-453a-96bf-924d059b8b04', 'name': 'network-vif-plugged', 'status': 'completed', 'tag': 'de237b18-ae21-48f2-9fa3-8913523c24b4', 'code': 200}
2026-07-10 22:43:06.167 9 INFO neutron.db.ovn_revision_numbers_db [None req-f2c7eec2-11f6-45df-bbd1-57dc96077e51 - - - - - -] Successfully bumped revision number for resource de237b18-ae21-48f2-9fa3-8913523c24b4 (type: ports) to 4 /var/lib/openstack/lib/python3.10/site-packages/pycadf/identifier.py:71: UserWarning: Invalid uuid: neutron. To ensure interoperability, identifiers should be a valid uuid. warnings.warn(('Invalid uuid: %s. To ensure interoperability, '
2026-07-10 22:43:07.857 9 INFO neutron.wsgi [req-b1698a1b-ba3b-4dba-abd7-fcb82099234f req-6695fb01-3e24-4f46-ae12-8e7802f9da68 ec6d0fcb497b4e21b69298d65bad6c66 63cd8c3b35e6465c9da29c9fda1bda51 - - default default] 10.0.0.191 "GET /v2.0/ports?device_id=5b972dd9-20c6-453a-96bf-924d059b8b04 HTTP/1.1" status: 200 len: 1417 time: 0.0325742
2026-07-10 22:43:07.898 9 INFO neutron.wsgi [req-b1698a1b-ba3b-4dba-abd7-fcb82099234f req-566e4590-9aae-49e6-86ab-39cf14646111 ec6d0fcb497b4e21b69298d65bad6c66 63cd8c3b35e6465c9da29c9fda1bda51 - - default default] 10.0.0.191 "GET /v2.0/security-groups?id=69997070-5e12-444c-82d1-3550cd5067ec&fields=id&fields=name HTTP/1.1" status: 200 len: 294 time: 0.0368974
2026-07-10 22:43:07.994 9 INFO neutron.wsgi [req-9a6ab80f-8391-4c3f-ba29-3de8bba7857a req-62ed22e2-44ac-470f-ac23-6cce58778b64 ec6d0fcb497b4e21b69298d65bad6c66 63cd8c3b35e6465c9da29c9fda1bda51 - - default default] 10.0.0.191 "GET /v2.0/ports?device_id=5b972dd9-20c6-453a-96bf-924d059b8b04 HTTP/1.1" status: 200 len: 1417 time: 0.0435274
2026-07-10 22:43:08.091 9 INFO neutron.notifiers.nova [-] Nova event matching ['req-416df8f0-76e3-449b-aee7-0934a6e67313'] response: {'server_uuid': '5b972dd9-20c6-453a-96bf-924d059b8b04', 'name': 'network-vif-plugged', 'status': 'completed', 'tag': 'de237b18-ae21-48f2-9fa3-8913523c24b4', 'code': 200}
2026-07-10 22:43:13.743 10 INFO neutron.wsgi [-] 10.0.0.184 "GET / HTTP/1.1" status: 200 len: 246 time: 0.0025389
2026-07-10 22:43:13.744 9 INFO neutron.wsgi [-] 10.0.0.184 "GET / HTTP/1.1" status: 200 len: 246 time: 0.0028813
2026-07-10 22:43:18.458 10 INFO neutron.wsgi [req-973ab640-84ca-4ff6-ba2c-96528b142dca req-1504e7e9-ec60-42ad-99b9-8c8e1f8eb837 22a11f2aee52441a97600a2652ab2395 90ed7444f26242b78cc632af72d440b0 - - a5783d9bcf4442cfab0eeeda87f0a75d a5783d9bcf4442cfab0eeeda87f0a75d] 199.19.213.114 "GET /v2.0/ports?device_id=46c6b1b4-38dd-4cd0-b510-1f7a0693ad2a&fields=binding%3Ahost_id&fields=binding%3Avif_type HTTP/1.1" status: 200 len: 265 time: 0.0391920
2026-07-10 22:43:18.530 10 INFO neutron.wsgi [req-973ab640-84ca-4ff6-ba2c-96528b142dca req-880beb57-f09a-4760-872e-c070c8e4f483 22a11f2aee52441a97600a2652ab2395 90ed7444f26242b78cc632af72d440b0 - - a5783d9bcf4442cfab0eeeda87f0a75d a5783d9bcf4442cfab0eeeda87f0a75d] 199.19.213.114 "GET /v2.0/ports?tenant_id=30049d2e98f44644b434cb13a9d02e4e&device_id=46c6b1b4-38dd-4cd0-b510-1f7a0693ad2a HTTP/1.1" status: 200 len: 1638 time: 0.0334611
2026-07-10 22:43:18.606 10 INFO neutron.wsgi [req-973ab640-84ca-4ff6-ba2c-96528b142dca req-080b2602-b78a-4611-ad9d-9bdfc9c31d82 22a11f2aee52441a97600a2652ab2395 90ed7444f26242b78cc632af72d440b0 - - a5783d9bcf4442cfab0eeeda87f0a75d a5783d9bcf4442cfab0eeeda87f0a75d] 199.19.213.114 "GET /v2.0/networks?id=06619f77-688f-453c-9d36-e3b8be10b4da HTTP/1.1" status: 200 len: 1003 time: 0.0574720
2026-07-10 22:43:18.650 10 INFO neutron.wsgi [req-973ab640-84ca-4ff6-ba2c-96528b142dca req-69183d6d-e197-4318-92d7-11e295a4b535 22a11f2aee52441a97600a2652ab2395 90ed7444f26242b78cc632af72d440b0 - - a5783d9bcf4442cfab0eeeda87f0a75d a5783d9bcf4442cfab0eeeda87f0a75d] 199.19.213.114 "GET /v2.0/floatingips?fixed_ip_address=10.2.1.187&port_id=2b020aa1-0d5a-4991-b17c-f501d8ed4024 HTTP/1.1" status: 200 len: 1059 time: 0.0392456
2026-07-10 22:43:18.682 10 INFO neutron.wsgi [req-973ab640-84ca-4ff6-ba2c-96528b142dca req-77635a8f-6fac-4936-a3bf-8c0a3e4e57b6 22a11f2aee52441a97600a2652ab2395 90ed7444f26242b78cc632af72d440b0 - - a5783d9bcf4442cfab0eeeda87f0a75d a5783d9bcf4442cfab0eeeda87f0a75d] 199.19.213.114 "GET /v2.0/floatingips?fixed_ip_address=fd7b%3Af9f7%3Afff%3A4eca%3A%3A276&port_id=2b020aa1-0d5a-4991-b17c-f501d8ed4024 HTTP/1.1" status: 200 len: 217 time: 0.0257058
2026-07-10 22:43:18.720 10 INFO neutron.wsgi [req-973ab640-84ca-4ff6-ba2c-96528b142dca req-69f92c85-277a-48e6-b10d-ae8a376e2006 22a11f2aee52441a97600a2652ab2395 90ed7444f26242b78cc632af72d440b0 - - a5783d9bcf4442cfab0eeeda87f0a75d a5783d9bcf4442cfab0eeeda87f0a75d] 199.19.213.114 "GET /v2.0/subnets?id=5658ab14-9567-47bd-ab59-339151c45d66&id=71985b38-dfbb-4988-afb3-88a677adb4bd HTTP/1.1" status: 200 len: 1561 time: 0.0304031
2026-07-10 22:43:18.745 10 INFO neutron.wsgi [req-973ab640-84ca-4ff6-ba2c-96528b142dca req-5e4b495a-5de3-4ea1-a3a6-65b08d1c0bf7 22a11f2aee52441a97600a2652ab2395 90ed7444f26242b78cc632af72d440b0 - - a5783d9bcf4442cfab0eeeda87f0a75d a5783d9bcf4442cfab0eeeda87f0a75d] 199.19.213.114 "GET /v2.0/ports?network_id=06619f77-688f-453c-9d36-e3b8be10b4da&device_owner=network%3Adhcp HTTP/1.1" status: 200 len: 210 time: 0.0211279
2026-07-10 22:43:18.772 10 INFO neutron.wsgi [req-973ab640-84ca-4ff6-ba2c-96528b142dca req-688805db-d167-42ed-beb1-422ba0806bc9 22a11f2aee52441a97600a2652ab2395 90ed7444f26242b78cc632af72d440b0 - - a5783d9bcf4442cfab0eeeda87f0a75d a5783d9bcf4442cfab0eeeda87f0a75d] 199.19.213.114 "GET /v2.0/ports?network_id=06619f77-688f-453c-9d36-e3b8be10b4da&device_owner=network%3Adhcp HTTP/1.1" status: 200 len: 210 time: 0.0207179
2026-07-10 22:43:18.832 10 INFO neutron.wsgi [req-973ab640-84ca-4ff6-ba2c-96528b142dca req-a129dc5a-34e8-4440-9982-0bda7b78497d 22a11f2aee52441a97600a2652ab2395 90ed7444f26242b78cc632af72d440b0 - - a5783d9bcf4442cfab0eeeda87f0a75d a5783d9bcf4442cfab0eeeda87f0a75d] 199.19.213.114 "GET /v2.0/networks/06619f77-688f-453c-9d36-e3b8be10b4da?fields=segments HTTP/1.1" status: 200 len: 212 time: 0.0521984
2026-07-10 22:43:18.900 10 INFO neutron.wsgi [req-973ab640-84ca-4ff6-ba2c-96528b142dca req-e584fb2f-c39c-48b3-be30-0c36a58c59af 22a11f2aee52441a97600a2652ab2395 90ed7444f26242b78cc632af72d440b0 - - a5783d9bcf4442cfab0eeeda87f0a75d a5783d9bcf4442cfab0eeeda87f0a75d] 199.19.213.114 "GET /v2.0/networks/06619f77-688f-453c-9d36-e3b8be10b4da?fields=provider%3Aphysical_network&fields=provider%3Anetwork_type HTTP/1.1" status: 200 len: 277 time: 0.0643799
2026-07-10 22:43:28.742 9 INFO neutron.wsgi [-] 10.0.0.184 "GET / HTTP/1.1" status: 200 len: 246 time: 0.0023115
2026-07-10 22:43:28.745 9 INFO neutron.wsgi [-] 10.0.0.184 "GET / HTTP/1.1" status: 200 len: 246 time: 0.0013907
2026-07-10 22:43:41.591 10 INFO neutron.wsgi [None req-6a378e79-62a7-4dea-a8d1-c517e59ee161 ec6d0fcb497b4e21b69298d65bad6c66 63cd8c3b35e6465c9da29c9fda1bda51 - - default default] 199.19.213.114 "GET /v2.0/extensions/security-group HTTP/1.1" status: 200 len: 369 time: 0.0080841
2026-07-10 22:43:41.597 10 INFO neutron.wsgi [None req-5e80ed59-980b-4778-9821-210340eb2592 ec6d0fcb497b4e21b69298d65bad6c66 63cd8c3b35e6465c9da29c9fda1bda51 - - default default] 199.19.213.114 "GET /v2.0/extensions/dns-integration HTTP/1.1" status: 200 len: 371 time: 0.0031576
2026-07-10 22:43:41.604 10 INFO neutron.wsgi [None req-07fc1a5c-17c5-49ce-b41e-54136eff70a3 ec6d0fcb497b4e21b69298d65bad6c66 63cd8c3b35e6465c9da29c9fda1bda51 - - default default] 199.19.213.114 "GET /v2.0/extensions/qos HTTP/1.1" status: 200 len: 365 time: 0.0043874
2026-07-10 22:43:41.613 10 INFO neutron.wsgi [None req-0271739f-60ef-47ae-99c8-d9a13632ab15 ec6d0fcb497b4e21b69298d65bad6c66 63cd8c3b35e6465c9da29c9fda1bda51 - - default default] 199.19.213.114 "GET /v2.0/extensions/allowed-address-pairs HTTP/1.1" status: 200 len: 383 time: 0.0055921
2026-07-10 22:43:41.649 10 INFO neutron.wsgi [None req-f84522b3-c4f5-48ae-af8f-6b43e79287b2 ec6d0fcb497b4e21b69298d65bad6c66 63cd8c3b35e6465c9da29c9fda1bda51 - - default default] 199.19.213.114 "GET /v2.0/subnets/362d73c5-cdc6-43bf-972d-ff169cea3dc2 HTTP/1.1" status: 200 len: 850 time: 0.0294881
2026-07-10 22:43:41.716 10 INFO neutron.wsgi [None req-20de7dc8-d215-4617-9b75-a68472de398f ec6d0fcb497b4e21b69298d65bad6c66 63cd8c3b35e6465c9da29c9fda1bda51 - - default default] 199.19.213.114 "GET /v2.0/ports?device_id=5b972dd9-20c6-453a-96bf-924d059b8b04 HTTP/1.1" status: 200 len: 1417 time: 0.0395370
2026-07-10 22:43:41.985 10 WARNING neutron.scheduler.dhcp_agent_scheduler [None req-b08760ee-bd24-4c02-9ab5-07c88e70657b ec6d0fcb497b4e21b69298d65bad6c66 63cd8c3b35e6465c9da29c9fda1bda51 - - default default] No more DHCP agents
2026-07-10 22:43:41.988 10 WARNING neutron.api.rpc.agentnotifiers.dhcp_rpc_agent_api [None req-b08760ee-bd24-4c02-9ab5-07c88e70657b ec6d0fcb497b4e21b69298d65bad6c66 63cd8c3b35e6465c9da29c9fda1bda51 - - default default] Unable to schedule network cb4595ed-6dca-4422-97af-72da3ba12dbf: no agents available; will retry on subsequent port and subnet creation events.
2026-07-10 22:43:42.203 10 INFO neutron.db.ovn_revision_numbers_db [None req-b08760ee-bd24-4c02-9ab5-07c88e70657b ec6d0fcb497b4e21b69298d65bad6c66 63cd8c3b35e6465c9da29c9fda1bda51 - - default default] Successfully bumped revision number for resource a1b1ad9b-6a00-4ade-b086-88115cdb73ae (type: ports) to 1
2026-07-10 22:43:42.224 10 INFO neutron.wsgi [None req-b08760ee-bd24-4c02-9ab5-07c88e70657b ec6d0fcb497b4e21b69298d65bad6c66 63cd8c3b35e6465c9da29c9fda1bda51 - - default default] 199.19.213.114 "POST /v2.0/ports HTTP/1.1" status: 201 len: 1302 time: 0.5055070
2026-07-10 22:43:42.303 9 INFO neutron.wsgi [req-affa22b2-d936-4567-9e6d-c6d6af0ce57b req-de6cce32-b98c-45f3-9be4-c3327f92d3c6 ec6d0fcb497b4e21b69298d65bad6c66 63cd8c3b35e6465c9da29c9fda1bda51 - - default default] 10.0.0.191 "GET /v2.0/ports/a1b1ad9b-6a00-4ade-b086-88115cdb73ae HTTP/1.1" status: 200 len: 1297 time: 0.0312185
2026-07-10 22:43:42.316 9 INFO neutron.wsgi [req-affa22b2-d936-4567-9e6d-c6d6af0ce57b req-b9d8a53a-5682-489a-9284-a831cd92872b ec6d0fcb497b4e21b69298d65bad6c66 63cd8c3b35e6465c9da29c9fda1bda51 - - default default] 10.0.0.191 "GET /v2.0/extensions HTTP/1.1" status: 200 len: 16525 time: 0.0060544 /var/lib/openstack/lib/python3.10/site-packages/pycadf/identifier.py:71: UserWarning: Invalid uuid: neutron. To ensure interoperability, identifiers should be a valid uuid. warnings.warn(('Invalid uuid: %s. To ensure interoperability, '
2026-07-10 22:43:42.421 10 INFO neutron.wsgi [req-affa22b2-d936-4567-9e6d-c6d6af0ce57b req-39a746dc-32d7-417a-9ac9-2b3fd8110a39 22a11f2aee52441a97600a2652ab2395 90ed7444f26242b78cc632af72d440b0 - - a5783d9bcf4442cfab0eeeda87f0a75d a5783d9bcf4442cfab0eeeda87f0a75d] 199.19.213.114 "GET /v2.0/ports/a1b1ad9b-6a00-4ade-b086-88115cdb73ae?fields=binding%3Avnic_type&fields=binding%3Aprofile&fields=network_id&fields=resource_request&fields=numa_affinity_policy&fields=device_profile HTTP/1.1" status: 200 len: 335 time: 0.0288432
2026-07-10 22:43:42.498 10 INFO neutron.wsgi [req-affa22b2-d936-4567-9e6d-c6d6af0ce57b req-a23a502d-5a02-4f18-a359-d5bd86857679 22a11f2aee52441a97600a2652ab2395 90ed7444f26242b78cc632af72d440b0 - - a5783d9bcf4442cfab0eeeda87f0a75d a5783d9bcf4442cfab0eeeda87f0a75d] 199.19.213.114 "GET /v2.0/networks/cb4595ed-6dca-4422-97af-72da3ba12dbf?fields=segments HTTP/1.1" status: 200 len: 212 time: 0.0678048
2026-07-10 22:43:42.568 10 INFO neutron.wsgi [req-affa22b2-d936-4567-9e6d-c6d6af0ce57b req-e698c738-388f-4214-8fb9-4ae17e0ff1d3 22a11f2aee52441a97600a2652ab2395 90ed7444f26242b78cc632af72d440b0 - - a5783d9bcf4442cfab0eeeda87f0a75d a5783d9bcf4442cfab0eeeda87f0a75d] 199.19.213.114 "GET /v2.0/networks/cb4595ed-6dca-4422-97af-72da3ba12dbf?fields=provider%3Aphysical_network&fields=provider%3Anetwork_type HTTP/1.1" status: 200 len: 277 time: 0.0646894
2026-07-10 22:43:42.624 10 INFO neutron.wsgi [req-affa22b2-d936-4567-9e6d-c6d6af0ce57b req-76524f5b-d93b-4d33-adeb-6a78002f8ac7 22a11f2aee52441a97600a2652ab2395 90ed7444f26242b78cc632af72d440b0 - - a5783d9bcf4442cfab0eeeda87f0a75d a5783d9bcf4442cfab0eeeda87f0a75d] 199.19.213.114 "GET /v2.0/ports/a1b1ad9b-6a00-4ade-b086-88115cdb73ae HTTP/1.1" status: 200 len: 1297 time: 0.0365090
2026-07-10 22:43:42.683 10 INFO neutron.wsgi [req-affa22b2-d936-4567-9e6d-c6d6af0ce57b req-e72794c1-904a-4b21-887d-838380527df0 ec6d0fcb497b4e21b69298d65bad6c66 63cd8c3b35e6465c9da29c9fda1bda51 - - default default] 199.19.213.114 "GET /v2.0/networks?id=cb4595ed-6dca-4422-97af-72da3ba12dbf HTTP/1.1" status: 200 len: 1004 time: 0.0526569
2026-07-10 22:43:43.361 10 INFO neutron.db.ovn_revision_numbers_db [req-affa22b2-d936-4567-9e6d-c6d6af0ce57b req-b3c8145a-5354-4ab2-9e60-8d821ecf629d 22a11f2aee52441a97600a2652ab2395 90ed7444f26242b78cc632af72d440b0 - - a5783d9bcf4442cfab0eeeda87f0a75d a5783d9bcf4442cfab0eeeda87f0a75d] Successfully bumped revision number for resource a1b1ad9b-6a00-4ade-b086-88115cdb73ae (type: ports) to 2
2026-07-10 22:43:43.551 10 INFO neutron.db.ovn_revision_numbers_db [req-affa22b2-d936-4567-9e6d-c6d6af0ce57b req-b3c8145a-5354-4ab2-9e60-8d821ecf629d 22a11f2aee52441a97600a2652ab2395 90ed7444f26242b78cc632af72d440b0 - - a5783d9bcf4442cfab0eeeda87f0a75d a5783d9bcf4442cfab0eeeda87f0a75d] Successfully bumped revision number for resource a1b1ad9b-6a00-4ade-b086-88115cdb73ae (type: ports) to 2
2026-07-10 22:43:43.566 10 INFO neutron.wsgi [req-affa22b2-d936-4567-9e6d-c6d6af0ce57b req-b3c8145a-5354-4ab2-9e60-8d821ecf629d 22a11f2aee52441a97600a2652ab2395 90ed7444f26242b78cc632af72d440b0 - - a5783d9bcf4442cfab0eeeda87f0a75d a5783d9bcf4442cfab0eeeda87f0a75d] 199.19.213.114 "PUT /v2.0/ports/a1b1ad9b-6a00-4ade-b086-88115cdb73ae HTTP/1.1" status: 200 len: 1428 time: 0.8731275
2026-07-10 22:43:43.598 10 INFO neutron.notifiers.nova [-] Nova event matching ['req-fd08e0d3-5f5a-414c-9767-05191d20e255'] response: {'name': 'network-changed', 'server_uuid': '5b972dd9-20c6-453a-96bf-924d059b8b04', 'tag': 'a1b1ad9b-6a00-4ade-b086-88115cdb73ae', 'status': 'completed', 'code': 200} /var/lib/openstack/lib/python3.10/site-packages/pycadf/identifier.py:71: UserWarning: Invalid uuid: neutron. To ensure interoperability, identifiers should be a valid uuid. warnings.warn(('Invalid uuid: %s. To ensure interoperability, '
2026-07-10 22:43:43.644 10 INFO neutron.wsgi [req-affa22b2-d936-4567-9e6d-c6d6af0ce57b req-628bc2b1-8856-4128-b92f-ca03717cec98 22a11f2aee52441a97600a2652ab2395 90ed7444f26242b78cc632af72d440b0 - - a5783d9bcf4442cfab0eeeda87f0a75d a5783d9bcf4442cfab0eeeda87f0a75d] 199.19.213.114 "GET /v2.0/ports?tenant_id=63cd8c3b35e6465c9da29c9fda1bda51&device_id=5b972dd9-20c6-453a-96bf-924d059b8b04 HTTP/1.1" status: 200 len: 2665 time: 0.0392566
2026-07-10 22:43:43.673 10 INFO neutron.wsgi [req-affa22b2-d936-4567-9e6d-c6d6af0ce57b req-8c915257-65b8-491c-80fd-a27b0d8af7f5 22a11f2aee52441a97600a2652ab2395 90ed7444f26242b78cc632af72d440b0 - - a5783d9bcf4442cfab0eeeda87f0a75d a5783d9bcf4442cfab0eeeda87f0a75d] 199.19.213.114 "GET /v2.0/floatingips?fixed_ip_address=172.24.0.169&port_id=de237b18-ae21-48f2-9fa3-8913523c24b4 HTTP/1.1" status: 200 len: 217 time: 0.0210159
2026-07-10 22:43:43.711 10 INFO neutron.wsgi [req-affa22b2-d936-4567-9e6d-c6d6af0ce57b req-0b1718a3-b14c-40e0-bd67-f84981b6fa5c 22a11f2aee52441a97600a2652ab2395 90ed7444f26242b78cc632af72d440b0 - - a5783d9bcf4442cfab0eeeda87f0a75d a5783d9bcf4442cfab0eeeda87f0a75d] 199.19.213.114 "GET /v2.0/subnets?id=c3a25cd5-c22c-477f-ae01-93c6abb9ac3e HTTP/1.1" status: 200 len: 829 time: 0.0307846
2026-07-10 22:43:43.741 10 INFO neutron.wsgi [req-affa22b2-d936-4567-9e6d-c6d6af0ce57b req-6736e824-c830-4ef1-bebf-bb64a1bfd81f 22a11f2aee52441a97600a2652ab2395 90ed7444f26242b78cc632af72d440b0 - - a5783d9bcf4442cfab0eeeda87f0a75d a5783d9bcf4442cfab0eeeda87f0a75d] 199.19.213.114 "GET /v2.0/ports?network_id=40cd37db-7ea1-4c41-9322-f7647d9ad2ad&device_owner=network%3Adhcp HTTP/1.1" status: 200 len: 210 time: 0.0235088
2026-07-10 22:43:43.743 9 INFO neutron.wsgi [-] 10.0.0.184 "GET / HTTP/1.1" status: 200 len: 246 time: 0.0028841
2026-07-10 22:43:43.746 9 INFO neutron.wsgi [-] 10.0.0.184 "GET / HTTP/1.1" status: 200 len: 246 time: 0.0015726
2026-07-10 22:43:43.813 10 INFO neutron.wsgi [req-affa22b2-d936-4567-9e6d-c6d6af0ce57b req-a22b7e85-183b-4660-a93e-572a6fa2b012 22a11f2aee52441a97600a2652ab2395 90ed7444f26242b78cc632af72d440b0 - - a5783d9bcf4442cfab0eeeda87f0a75d a5783d9bcf4442cfab0eeeda87f0a75d] 199.19.213.114 "GET /v2.0/networks/40cd37db-7ea1-4c41-9322-f7647d9ad2ad?fields=segments HTTP/1.1" status: 200 len: 212 time: 0.0653017
2026-07-10 22:43:43.872 10 INFO neutron.wsgi [req-affa22b2-d936-4567-9e6d-c6d6af0ce57b req-89dfffd9-9937-491a-8e49-eb909a6819df 22a11f2aee52441a97600a2652ab2395 90ed7444f26242b78cc632af72d440b0 - - a5783d9bcf4442cfab0eeeda87f0a75d a5783d9bcf4442cfab0eeeda87f0a75d] 199.19.213.114 "GET /v2.0/networks/40cd37db-7ea1-4c41-9322-f7647d9ad2ad?fields=provider%3Aphysical_network&fields=provider%3Anetwork_type HTTP/1.1" status: 200 len: 277 time: 0.0528991
2026-07-10 22:43:43.914 10 INFO neutron.wsgi [req-affa22b2-d936-4567-9e6d-c6d6af0ce57b req-6a227dcf-f747-4c3d-8d5f-fdfab57aff22 22a11f2aee52441a97600a2652ab2395 90ed7444f26242b78cc632af72d440b0 - - a5783d9bcf4442cfab0eeeda87f0a75d a5783d9bcf4442cfab0eeeda87f0a75d] 199.19.213.114 "GET /v2.0/floatingips?fixed_ip_address=10.1.1.177&port_id=a1b1ad9b-6a00-4ade-b086-88115cdb73ae HTTP/1.1" status: 200 len: 217 time: 0.0348070
2026-07-10 22:43:43.949 10 INFO neutron.wsgi [req-affa22b2-d936-4567-9e6d-c6d6af0ce57b req-c6f32b06-3862-4ad5-8530-a1b5ef5c9c6c 22a11f2aee52441a97600a2652ab2395 90ed7444f26242b78cc632af72d440b0 - - a5783d9bcf4442cfab0eeeda87f0a75d a5783d9bcf4442cfab0eeeda87f0a75d] 199.19.213.114 "GET /v2.0/subnets?id=362d73c5-cdc6-43bf-972d-ff169cea3dc2 HTTP/1.1" status: 200 len: 853 time: 0.0301294
2026-07-10 22:43:43.975 10 INFO neutron.wsgi [req-affa22b2-d936-4567-9e6d-c6d6af0ce57b req-a99b990f-4124-4bd6-8973-a50d52fdaaae 22a11f2aee52441a97600a2652ab2395 90ed7444f26242b78cc632af72d440b0 - - a5783d9bcf4442cfab0eeeda87f0a75d a5783d9bcf4442cfab0eeeda87f0a75d] 199.19.213.114 "GET /v2.0/ports?network_id=cb4595ed-6dca-4422-97af-72da3ba12dbf&device_owner=network%3Adhcp HTTP/1.1" status: 200 len: 210 time: 0.0184860
2026-07-10 22:43:44.045 10 INFO neutron.wsgi [req-affa22b2-d936-4567-9e6d-c6d6af0ce57b req-00b7f1f6-caae-4351-b978-a5bc16819f19 22a11f2aee52441a97600a2652ab2395 90ed7444f26242b78cc632af72d440b0 - - a5783d9bcf4442cfab0eeeda87f0a75d a5783d9bcf4442cfab0eeeda87f0a75d] 199.19.213.114 "GET /v2.0/networks/cb4595ed-6dca-4422-97af-72da3ba12dbf?fields=segments HTTP/1.1" status: 200 len: 212 time: 0.0635161
2026-07-10 22:43:44.109 10 INFO neutron.wsgi [req-affa22b2-d936-4567-9e6d-c6d6af0ce57b req-d24b53eb-b3dd-4b4d-b1f8-32d0b13f512d 22a11f2aee52441a97600a2652ab2395 90ed7444f26242b78cc632af72d440b0 - - a5783d9bcf4442cfab0eeeda87f0a75d a5783d9bcf4442cfab0eeeda87f0a75d] 199.19.213.114 "GET /v2.0/networks/cb4595ed-6dca-4422-97af-72da3ba12dbf?fields=provider%3Aphysical_network&fields=provider%3Anetwork_type HTTP/1.1" status: 200 len: 277 time: 0.0557139
2026-07-10 22:43:44.198 10 INFO neutron.wsgi [req-6fbe5ea3-f319-4aca-8d2b-35d081be016b req-1955dbde-a10d-4518-8266-8343ae4fc0b1 22a11f2aee52441a97600a2652ab2395 90ed7444f26242b78cc632af72d440b0 - - a5783d9bcf4442cfab0eeeda87f0a75d a5783d9bcf4442cfab0eeeda87f0a75d] 199.19.213.114 "GET /v2.0/ports?tenant_id=63cd8c3b35e6465c9da29c9fda1bda51&device_id=5b972dd9-20c6-453a-96bf-924d059b8b04 HTTP/1.1" status: 200 len: 2665 time: 0.0400584
2026-07-10 22:43:44.208 10 INFO neutron.plugins.ml2.drivers.ovn.mech_driver.mech_driver [None req-91e74f53-8d12-4ac6-a454-caadeb78ab05 - - - - - -] OVN reports status up for port: a1b1ad9b-6a00-4ade-b086-88115cdb73ae
2026-07-10 22:43:44.232 10 INFO neutron.plugins.ml2.plugin [None req-91e74f53-8d12-4ac6-a454-caadeb78ab05 - - - - - -] Attempt 1 to provision port a1b1ad9b-6a00-4ade-b086-88115cdb73ae
2026-07-10 22:43:44.277 10 INFO neutron.wsgi [req-6fbe5ea3-f319-4aca-8d2b-35d081be016b req-2b688190-4cf4-48f0-8e72-47a7aed057af 22a11f2aee52441a97600a2652ab2395 90ed7444f26242b78cc632af72d440b0 - - a5783d9bcf4442cfab0eeeda87f0a75d a5783d9bcf4442cfab0eeeda87f0a75d] 199.19.213.114 "GET /v2.0/networks?id=cb4595ed-6dca-4422-97af-72da3ba12dbf HTTP/1.1" status: 200 len: 1004 time: 0.0669839
2026-07-10 22:43:44.311 10 INFO neutron.wsgi [req-6fbe5ea3-f319-4aca-8d2b-35d081be016b req-e5484e63-7155-43d2-8c97-6927252cb80c 22a11f2aee52441a97600a2652ab2395 90ed7444f26242b78cc632af72d440b0 - - a5783d9bcf4442cfab0eeeda87f0a75d a5783d9bcf4442cfab0eeeda87f0a75d] 199.19.213.114 "GET /v2.0/floatingips?fixed_ip_address=10.1.1.177&port_id=a1b1ad9b-6a00-4ade-b086-88115cdb73ae HTTP/1.1" status: 200 len: 217 time: 0.0270169
2026-07-10 22:43:44.360 10 INFO neutron.wsgi [req-6fbe5ea3-f319-4aca-8d2b-35d081be016b req-b264f26c-d29c-45e6-bbf6-60e68a8cbacf 22a11f2aee52441a97600a2652ab2395 90ed7444f26242b78cc632af72d440b0 - - a5783d9bcf4442cfab0eeeda87f0a75d a5783d9bcf4442cfab0eeeda87f0a75d] 199.19.213.114 "GET /v2.0/subnets?id=362d73c5-cdc6-43bf-972d-ff169cea3dc2 HTTP/1.1" status: 200 len: 853 time: 0.0442750
2026-07-10 22:43:44.381 9 INFO neutron.wsgi [req-affa22b2-d936-4567-9e6d-c6d6af0ce57b req-8027837a-e2b9-4610-9135-0a4a009c40de ec6d0fcb497b4e21b69298d65bad6c66 63cd8c3b35e6465c9da29c9fda1bda51 - - default default] 10.0.0.191 "GET /v2.0/ports/a1b1ad9b-6a00-4ade-b086-88115cdb73ae HTTP/1.1" status: 200 len: 1456 time: 0.0385196
2026-07-10 22:43:44.387 10 INFO neutron.wsgi [req-6fbe5ea3-f319-4aca-8d2b-35d081be016b req-88d996ef-d3d7-43be-8a8e-bd6d85d3342e 22a11f2aee52441a97600a2652ab2395 90ed7444f26242b78cc632af72d440b0 - - a5783d9bcf4442cfab0eeeda87f0a75d a5783d9bcf4442cfab0eeeda87f0a75d] 199.19.213.114 "GET /v2.0/ports?network_id=cb4595ed-6dca-4422-97af-72da3ba12dbf&device_owner=network%3Adhcp HTTP/1.1" status: 200 len: 210 time: 0.0192485
2026-07-10 22:43:44.499 10 INFO neutron.wsgi [req-6fbe5ea3-f319-4aca-8d2b-35d081be016b req-ec6ee474-51a6-44c6-b962-6b768c77c5ad 22a11f2aee52441a97600a2652ab2395 90ed7444f26242b78cc632af72d440b0 - - a5783d9bcf4442cfab0eeeda87f0a75d a5783d9bcf4442cfab0eeeda87f0a75d] 199.19.213.114 "GET /v2.0/networks/cb4595ed-6dca-4422-97af-72da3ba12dbf?fields=segments HTTP/1.1" status: 200 len: 212 time: 0.1029592
2026-07-10 22:43:44.613 10 INFO neutron.wsgi [req-6fbe5ea3-f319-4aca-8d2b-35d081be016b req-e7e28b23-1081-4eee-9313-687f86283bff 22a11f2aee52441a97600a2652ab2395 90ed7444f26242b78cc632af72d440b0 - - a5783d9bcf4442cfab0eeeda87f0a75d a5783d9bcf4442cfab0eeeda87f0a75d] 199.19.213.114 "GET /v2.0/networks/cb4595ed-6dca-4422-97af-72da3ba12dbf?fields=provider%3Aphysical_network&fields=provider%3Anetwork_type HTTP/1.1" status: 200 len: 277 time: 0.1083589
2026-07-10 22:43:44.673 10 INFO neutron.db.ovn_revision_numbers_db [None req-91e74f53-8d12-4ac6-a454-caadeb78ab05 - - - - - -] Successfully bumped revision number for resource a1b1ad9b-6a00-4ade-b086-88115cdb73ae (type: ports) to 4
2026-07-10 22:43:44.886 10 INFO neutron.db.ovn_revision_numbers_db [None req-54f6c6a4-38a4-4891-a26a-eecb56b0cc2d ec6d0fcb497b4e21b69298d65bad6c66 63cd8c3b35e6465c9da29c9fda1bda51 - - default default] Successfully bumped revision number for resource a1b1ad9b-6a00-4ade-b086-88115cdb73ae (type: ports) to 5
2026-07-10 22:43:44.898 10 INFO neutron.wsgi [None req-54f6c6a4-38a4-4891-a26a-eecb56b0cc2d ec6d0fcb497b4e21b69298d65bad6c66 63cd8c3b35e6465c9da29c9fda1bda51 - - default default] 199.19.213.114 "PUT /v2.0/ports/a1b1ad9b-6a00-4ade-b086-88115cdb73ae HTTP/1.1" status: 200 len: 1490 time: 0.5086417 /var/lib/openstack/lib/python3.10/site-packages/pycadf/identifier.py:71: UserWarning: Invalid uuid: neutron. To ensure interoperability, identifiers should be a valid uuid. warnings.warn(('Invalid uuid: %s. To ensure interoperability, '
2026-07-10 22:43:44.933 10 INFO neutron.wsgi [None req-d474df23-bd43-4274-a574-fa9b0d6609b7 ec6d0fcb497b4e21b69298d65bad6c66 63cd8c3b35e6465c9da29c9fda1bda51 - - default default] 199.19.213.114 "GET /v2.0/security-groups?name=lb-94285574-bb10-4be1-9e29-bd04e2117620 HTTP/1.1" status: 200 len: 1777 time: 0.0318758
2026-07-10 22:43:45.242 10 INFO neutron.db.ovn_revision_numbers_db [None req-8139cbde-3d74-4248-bd4b-a618962ae6d3 ec6d0fcb497b4e21b69298d65bad6c66 63cd8c3b35e6465c9da29c9fda1bda51 - - default default] Successfully bumped revision number for resource a1b1ad9b-6a00-4ade-b086-88115cdb73ae (type: ports) to 6
2026-07-10 22:43:45.251 10 INFO neutron.wsgi [None req-8139cbde-3d74-4248-bd4b-a618962ae6d3 ec6d0fcb497b4e21b69298d65bad6c66 63cd8c3b35e6465c9da29c9fda1bda51 - - default default] 199.19.213.114 "PUT /v2.0/ports/a1b1ad9b-6a00-4ade-b086-88115cdb73ae HTTP/1.1" status: 200 len: 1490 time: 0.3148117 /var/lib/openstack/lib/python3.10/site-packages/pycadf/identifier.py:71: UserWarning: Invalid uuid: neutron. To ensure interoperability, identifiers should be a valid uuid. warnings.warn(('Invalid uuid: %s. To ensure interoperability, '
2026-07-10 22:43:45.328 10 INFO neutron.wsgi [None req-6daedb17-d3a3-4892-b502-2335a1af1e2c ec6d0fcb497b4e21b69298d65bad6c66 63cd8c3b35e6465c9da29c9fda1bda51 - - default default] 199.19.213.114 "GET /v2.0/extensions/security-group HTTP/1.1" status: 200 len: 369 time: 0.0075648
2026-07-10 22:43:45.336 10 INFO neutron.wsgi [None req-4ba674fa-c961-42a1-8f2f-2b14ce0383e8 ec6d0fcb497b4e21b69298d65bad6c66 63cd8c3b35e6465c9da29c9fda1bda51 - - default default] 199.19.213.114 "GET /v2.0/extensions/dns-integration HTTP/1.1" status: 200 len: 371 time: 0.0028961
2026-07-10 22:43:45.344 10 INFO neutron.wsgi [None req-2ad133cd-9f0b-42d7-9618-53c8d21c718d ec6d0fcb497b4e21b69298d65bad6c66 63cd8c3b35e6465c9da29c9fda1bda51 - - default default] 199.19.213.114 "GET /v2.0/extensions/qos HTTP/1.1" status: 200 len: 365 time: 0.0040002
2026-07-10 22:43:45.352 10 INFO neutron.wsgi [None req-d748e465-86bb-4615-9765-2f950326a7ea ec6d0fcb497b4e21b69298d65bad6c66 63cd8c3b35e6465c9da29c9fda1bda51 - - default default] 199.19.213.114 "GET /v2.0/extensions/allowed-address-pairs HTTP/1.1" status: 200 len: 383 time: 0.0044324
2026-07-10 22:43:45.389 10 INFO neutron.wsgi [None req-8d679f9a-dfbf-4593-af4e-66fbbdfd3910 ec6d0fcb497b4e21b69298d65bad6c66 63cd8c3b35e6465c9da29c9fda1bda51 - - default default] 199.19.213.114 "GET /v2.0/subnets/362d73c5-cdc6-43bf-972d-ff169cea3dc2 HTTP/1.1" status: 200 len: 850 time: 0.0312295
2026-07-10 22:43:45.424 10 INFO neutron.wsgi [None req-20c7a57d-9039-49a4-b7a4-be43bc2ee941 ec6d0fcb497b4e21b69298d65bad6c66 63cd8c3b35e6465c9da29c9fda1bda51 - - default default] 199.19.213.114 "GET /v2.0/ports/d04c1aa0-6ce4-472d-b182-a277fab42bb5 HTTP/1.1" status: 200 len: 1328 time: 0.0294094
2026-07-10 22:43:45.461 10 INFO neutron.wsgi [None req-7d4fa9be-afd2-4fd1-a09a-b8463d0b083e ec6d0fcb497b4e21b69298d65bad6c66 63cd8c3b35e6465c9da29c9fda1bda51 - - default default] 199.19.213.114 "GET /v2.0/ports/a1b1ad9b-6a00-4ade-b086-88115cdb73ae HTTP/1.1" status: 200 len: 1518 time: 0.0322196
2026-07-10 22:43:45.497 10 INFO neutron.wsgi [None req-ec1a535f-d5b9-42ed-902a-cbf2549a377b ec6d0fcb497b4e21b69298d65bad6c66 63cd8c3b35e6465c9da29c9fda1bda51 - - default default] 199.19.213.114 "GET /v2.0/subnets/362d73c5-cdc6-43bf-972d-ff169cea3dc2 HTTP/1.1" status: 200 len: 850 time: 0.0296805
2026-07-10 22:43:45.565 10 INFO neutron.wsgi [None req-0757c010-04df-4f5c-80f4-82e83c71b7e6 ec6d0fcb497b4e21b69298d65bad6c66 63cd8c3b35e6465c9da29c9fda1bda51 - - default default] 199.19.213.114 "GET /v2.0/networks/cb4595ed-6dca-4422-97af-72da3ba12dbf HTTP/1.1" status: 200 len: 1001 time: 0.0626509
2026-07-10 22:43:45.596 10 INFO neutron.wsgi [None req-9ea9612c-5e3a-4049-8748-0ab88c983dc3 ec6d0fcb497b4e21b69298d65bad6c66 63cd8c3b35e6465c9da29c9fda1bda51 - - default default] 199.19.213.114 "GET /v2.0/ports/d04c1aa0-6ce4-472d-b182-a277fab42bb5 HTTP/1.1" status: 200 len: 1328 time: 0.0271785
2026-07-10 22:43:45.641 10 INFO neutron.wsgi [None req-837b5662-8078-4fe1-b961-dd4858f3be26 ec6d0fcb497b4e21b69298d65bad6c66 63cd8c3b35e6465c9da29c9fda1bda51 - - default default] 199.19.213.114 "GET /v2.0/subnets/362d73c5-cdc6-43bf-972d-ff169cea3dc2 HTTP/1.1" status: 200 len: 850 time: 0.0319779
2026-07-10 22:43:45.644 10 INFO neutron.notifiers.nova [-] Nova event matching ['req-01308fb6-b993-4030-801b-db45d712ec00'] response: {'server_uuid': '5b972dd9-20c6-453a-96bf-924d059b8b04', 'name': 'network-vif-plugged', 'status': 'completed', 'tag': 'a1b1ad9b-6a00-4ade-b086-88115cdb73ae', 'code': 200}
2026-07-10 22:43:45.645 10 INFO neutron.notifiers.nova [-] Nova event matching ['req-01308fb6-b993-4030-801b-db45d712ec00'] response: {'server_uuid': '5b972dd9-20c6-453a-96bf-924d059b8b04', 'name': 'network-vif-plugged', 'status': 'completed', 'tag': 'a1b1ad9b-6a00-4ade-b086-88115cdb73ae', 'code': 200}
2026-07-10 22:43:45.646 10 INFO neutron.notifiers.nova [-] Nova event matching ['req-01308fb6-b993-4030-801b-db45d712ec00'] response: {'name': 'network-changed', 'server_uuid': '5b972dd9-20c6-453a-96bf-924d059b8b04', 'tag': 'a1b1ad9b-6a00-4ade-b086-88115cdb73ae', 'status': 'completed', 'code': 200}
2026-07-10 22:43:45.646 10 INFO neutron.notifiers.nova [-] Nova event matching ['req-01308fb6-b993-4030-801b-db45d712ec00'] response: {'name': 'network-changed', 'server_uuid': '5b972dd9-20c6-453a-96bf-924d059b8b04', 'tag': 'a1b1ad9b-6a00-4ade-b086-88115cdb73ae', 'status': 'completed', 'code': 200}
2026-07-10 22:43:45.695 10 INFO neutron.wsgi [req-61e6dc53-46a0-4189-895c-f6125e86511a req-cabd5ffa-b8d5-44f4-ab09-7baf15cbbdfc 22a11f2aee52441a97600a2652ab2395 90ed7444f26242b78cc632af72d440b0 - - a5783d9bcf4442cfab0eeeda87f0a75d a5783d9bcf4442cfab0eeeda87f0a75d] 199.19.213.114 "GET /v2.0/ports?tenant_id=63cd8c3b35e6465c9da29c9fda1bda51&device_id=5b972dd9-20c6-453a-96bf-924d059b8b04 HTTP/1.1" status: 200 len: 2727 time: 0.0348029
2026-07-10 22:43:45.762 10 INFO neutron.wsgi [req-61e6dc53-46a0-4189-895c-f6125e86511a req-fa658a6b-c108-4fd7-b89b-ae85ca7c9cac 22a11f2aee52441a97600a2652ab2395 90ed7444f26242b78cc632af72d440b0 - - a5783d9bcf4442cfab0eeeda87f0a75d a5783d9bcf4442cfab0eeeda87f0a75d] 199.19.213.114 "GET /v2.0/networks?id=cb4595ed-6dca-4422-97af-72da3ba12dbf HTTP/1.1" status: 200 len: 1004 time: 0.0601711
2026-07-10 22:43:45.794 10 INFO neutron.wsgi [req-61e6dc53-46a0-4189-895c-f6125e86511a req-97f18fe6-00fe-4a8f-9ad6-56d23165b16e 22a11f2aee52441a97600a2652ab2395 90ed7444f26242b78cc632af72d440b0 - - a5783d9bcf4442cfab0eeeda87f0a75d a5783d9bcf4442cfab0eeeda87f0a75d] 199.19.213.114 "GET /v2.0/floatingips?fixed_ip_address=10.1.1.177&port_id=a1b1ad9b-6a00-4ade-b086-88115cdb73ae HTTP/1.1" status: 200 len: 217 time: 0.0226398
2026-07-10 22:43:45.827 10 INFO neutron.wsgi [req-61e6dc53-46a0-4189-895c-f6125e86511a req-6850dca5-4ff3-40ce-a74a-0ba027c10989 22a11f2aee52441a97600a2652ab2395 90ed7444f26242b78cc632af72d440b0 - - a5783d9bcf4442cfab0eeeda87f0a75d a5783d9bcf4442cfab0eeeda87f0a75d] 199.19.213.114 "GET /v2.0/subnets?id=362d73c5-cdc6-43bf-972d-ff169cea3dc2 HTTP/1.1" status: 200 len: 853 time: 0.0262492
2026-07-10 22:43:45.861 10 INFO neutron.wsgi [req-61e6dc53-46a0-4189-895c-f6125e86511a req-f340554f-8fea-4c96-846f-2e8452078560 22a11f2aee52441a97600a2652ab2395 90ed7444f26242b78cc632af72d440b0 - - a5783d9bcf4442cfab0eeeda87f0a75d a5783d9bcf4442cfab0eeeda87f0a75d] 199.19.213.114 "GET /v2.0/ports?network_id=cb4595ed-6dca-4422-97af-72da3ba12dbf&device_owner=network%3Adhcp HTTP/1.1" status: 200 len: 210 time: 0.0274146
2026-07-10 22:43:45.934 10 INFO neutron.wsgi [req-61e6dc53-46a0-4189-895c-f6125e86511a req-b3b3a11c-8d46-46f9-8ac2-bbbde6989110 22a11f2aee52441a97600a2652ab2395 90ed7444f26242b78cc632af72d440b0 - - a5783d9bcf4442cfab0eeeda87f0a75d a5783d9bcf4442cfab0eeeda87f0a75d] 199.19.213.114 "GET /v2.0/networks/cb4595ed-6dca-4422-97af-72da3ba12dbf?fields=segments HTTP/1.1" status: 200 len: 212 time: 0.0648258
2026-07-10 22:43:46.009 10 INFO neutron.wsgi [req-61e6dc53-46a0-4189-895c-f6125e86511a req-d902ebff-08ba-4b90-9481-40a7a7058909 22a11f2aee52441a97600a2652ab2395 90ed7444f26242b78cc632af72d440b0 - - a5783d9bcf4442cfab0eeeda87f0a75d a5783d9bcf4442cfab0eeeda87f0a75d] 199.19.213.114 "GET /v2.0/networks/cb4595ed-6dca-4422-97af-72da3ba12dbf?fields=provider%3Aphysical_network&fields=provider%3Anetwork_type HTTP/1.1" status: 200 len: 277 time: 0.0679340
2026-07-10 22:43:46.103 10 INFO neutron.wsgi [req-61e6dc53-46a0-4189-895c-f6125e86511a req-8ec93e51-3949-4657-837e-5c30cb78a48d 22a11f2aee52441a97600a2652ab2395 90ed7444f26242b78cc632af72d440b0 - - a5783d9bcf4442cfab0eeeda87f0a75d a5783d9bcf4442cfab0eeeda87f0a75d] 199.19.213.114 "GET /v2.0/ports?tenant_id=63cd8c3b35e6465c9da29c9fda1bda51&device_id=5b972dd9-20c6-453a-96bf-924d059b8b04 HTTP/1.1" status: 200 len: 2727 time: 0.0361495
