2026-07-10 22:40:35.621 10 INFO neutron.wsgi [req-12a68868-671f-4f30-8d4f-25617cdd5756 req-42000b83-3a38-47a6-b6e7-41b49493a26d 27054829882044c885aef61b80d82ba8 62d37850935a40408647b8f1fc1daa42 - - default default] 199.19.213.114 "GET /v2.0/security-groups?fields=id&fields=name&tenant_id=62d37850935a40408647b8f1fc1daa42 HTTP/1.1" status: 200 len: 472 time: 0.0557880
2026-07-10 22:40:35.746 9 INFO neutron.wsgi [None req-d55b2602-0ea5-428b-8299-646927790c88 ec6d0fcb497b4e21b69298d65bad6c66 63cd8c3b35e6465c9da29c9fda1bda51 - - default default] 10.0.0.204 "DELETE /v2.0/security-groups/f6f3307a-ff8d-4e2b-84c6-04476a707475 HTTP/1.1" status: 204 len: 168 time: 0.1842446
2026-07-10 22:40:35.796 10 INFO neutron.db.ovn_revision_numbers_db [None req-35166278-f4cb-44e0-83eb-6fa09b00eef1 a02f6e8bc4ff4c9592bf56a382acba57 c6d79cd9e2bc458eb247a9ec8e70ed38 - - default default] Successfully bumped revision number for resource 9a16f6e8-d6ec-4622-bd97-e5d84d3d3cf2 (type: floatingips) to 0
2026-07-10 22:40:35.834 10 INFO neutron.wsgi [None req-35166278-f4cb-44e0-83eb-6fa09b00eef1 a02f6e8bc4ff4c9592bf56a382acba57 c6d79cd9e2bc458eb247a9ec8e70ed38 - - default default] 10.0.0.204 "POST /v2.0/floatingips HTTP/1.1" status: 201 len: 751 time: 0.7613442
2026-07-10 22:40:35.899 9 INFO neutron.wsgi [req-2e4d6972-7ec5-43b5-8035-933e164990c2 req-b9795683-5088-4fd0-b47f-957d9095d677 27054829882044c885aef61b80d82ba8 62d37850935a40408647b8f1fc1daa42 - - default default] 10.0.0.191 "GET /v2.0/ports?device_id=be44a70e-1681-4ad5-8722-f25745059088 HTTP/1.1" status: 200 len: 210 time: 0.0174580
2026-07-10 22:40:35.938 9 INFO neutron.wsgi [req-9f07c61f-cac2-4648-8a8a-ca1d4bb37901 req-8e00fdd7-ec9d-4c71-8a5a-f5847567831a a02f6e8bc4ff4c9592bf56a382acba57 c6d79cd9e2bc458eb247a9ec8e70ed38 - - default default] 10.0.0.191 "GET /v2.0/security-groups?name=tempest-securitygroup--1535064217&fields=id&tenant_id=c6d79cd9e2bc458eb247a9ec8e70ed38 HTTP/1.1" status: 200 len: 267 time: 0.0418785
2026-07-10 22:40:35.983 9 INFO neutron.wsgi [req-9f07c61f-cac2-4648-8a8a-ca1d4bb37901 req-13b7e5b7-6dbd-47d1-b735-658abbfcb424 a02f6e8bc4ff4c9592bf56a382acba57 c6d79cd9e2bc458eb247a9ec8e70ed38 - - default default] 10.0.0.191 "GET /v2.0/security-groups?name=tempest-secgroup-smoke-681421926&fields=id&tenant_id=c6d79cd9e2bc458eb247a9ec8e70ed38 HTTP/1.1" status: 200 len: 267 time: 0.0366111
2026-07-10 22:40:36.067 10 WARNING neutron.scheduler.dhcp_agent_scheduler [req-12a68868-671f-4f30-8d4f-25617cdd5756 req-9dacad0a-a767-4768-b314-8f2f68503deb 27054829882044c885aef61b80d82ba8 62d37850935a40408647b8f1fc1daa42 - - default default] No more DHCP agents
2026-07-10 22:40:36.070 10 WARNING neutron.api.rpc.agentnotifiers.dhcp_rpc_agent_api [req-12a68868-671f-4f30-8d4f-25617cdd5756 req-9dacad0a-a767-4768-b314-8f2f68503deb 27054829882044c885aef61b80d82ba8 62d37850935a40408647b8f1fc1daa42 - - default default] Unable to schedule network 6d5c585f-f89b-418f-b054-e2a4d48abfaf: no agents available; will retry on subsequent port and subnet creation events.
2026-07-10 22:40:36.082 9 INFO neutron.wsgi [req-9f07c61f-cac2-4648-8a8a-ca1d4bb37901 req-2a0a0343-bf7b-4763-b95c-a67777d00444 a02f6e8bc4ff4c9592bf56a382acba57 c6d79cd9e2bc458eb247a9ec8e70ed38 - - default default] 10.0.0.191 "GET /v2.0/networks?id=34a7c801-84bd-4c59-93cd-8110b2c1e808 HTTP/1.1" status: 200 len: 871 time: 0.0905380
2026-07-10 22:40:36.102 9 INFO neutron.wsgi [req-9f07c61f-cac2-4648-8a8a-ca1d4bb37901 req-241dda90-d2c9-482f-aa8e-da0b875b04cb a02f6e8bc4ff4c9592bf56a382acba57 c6d79cd9e2bc458eb247a9ec8e70ed38 - - default default] 10.0.0.191 "GET /v2.0/quotas/c6d79cd9e2bc458eb247a9ec8e70ed38 HTTP/1.1" status: 200 len: 386 time: 0.0137670
2026-07-10 22:40:36.207 9 INFO neutron.wsgi [req-9f07c61f-cac2-4648-8a8a-ca1d4bb37901 req-aaeff45d-534b-4d12-88c1-92e67ef9629c a02f6e8bc4ff4c9592bf56a382acba57 c6d79cd9e2bc458eb247a9ec8e70ed38 - - default default] 10.0.0.191 "GET /v2.0/ports?tenant_id=c6d79cd9e2bc458eb247a9ec8e70ed38&fields=id HTTP/1.1" status: 200 len: 302 time: 0.0982261
2026-07-10 22:40:36.251 10 INFO neutron.db.ovn_revision_numbers_db [req-12a68868-671f-4f30-8d4f-25617cdd5756 req-9dacad0a-a767-4768-b314-8f2f68503deb 27054829882044c885aef61b80d82ba8 62d37850935a40408647b8f1fc1daa42 - - default default] Successfully bumped revision number for resource b09e6bce-86a1-4211-a981-9cc692be820f (type: ports) to 1
2026-07-10 22:40:36.270 10 INFO neutron.wsgi [req-12a68868-671f-4f30-8d4f-25617cdd5756 req-9dacad0a-a767-4768-b314-8f2f68503deb 27054829882044c885aef61b80d82ba8 62d37850935a40408647b8f1fc1daa42 - - default default] 199.19.213.114 "POST /v2.0/ports HTTP/1.1" status: 201 len: 1162 time: 0.6440020 /var/lib/openstack/lib/python3.10/site-packages/pycadf/identifier.py:71: UserWarning: Invalid uuid: neutron. To ensure interoperability, identifiers should be a valid uuid. warnings.warn(('Invalid uuid: %s. To ensure interoperability, '
2026-07-10 22:40:36.290 9 INFO neutron.wsgi [req-9f07c61f-cac2-4648-8a8a-ca1d4bb37901 req-ba49645a-54f5-49f7-9187-8084621dbf5f 22a11f2aee52441a97600a2652ab2395 90ed7444f26242b78cc632af72d440b0 - - a5783d9bcf4442cfab0eeeda87f0a75d a5783d9bcf4442cfab0eeeda87f0a75d] 10.0.0.191 "GET /v2.0/networks/34a7c801-84bd-4c59-93cd-8110b2c1e808?fields=segments HTTP/1.1" status: 200 len: 212 time: 0.0606439
2026-07-10 22:40:36.400 9 INFO neutron.wsgi [req-9f07c61f-cac2-4648-8a8a-ca1d4bb37901 req-6d306cd3-140f-4ea3-9940-22c831e4bb61 22a11f2aee52441a97600a2652ab2395 90ed7444f26242b78cc632af72d440b0 - - a5783d9bcf4442cfab0eeeda87f0a75d a5783d9bcf4442cfab0eeeda87f0a75d] 10.0.0.191 "GET /v2.0/networks/34a7c801-84bd-4c59-93cd-8110b2c1e808?fields=provider%3Aphysical_network&fields=provider%3Anetwork_type HTTP/1.1" status: 200 len: 277 time: 0.1036975
2026-07-10 22:40:36.554 9 INFO neutron.wsgi [req-a2571629-9d39-4701-9186-84f82cf727a6 req-80d3c808-5087-4bed-9039-a88f18b3f882 a02f6e8bc4ff4c9592bf56a382acba57 c6d79cd9e2bc458eb247a9ec8e70ed38 - - default default] 10.0.0.191 "GET /v2.0/ports?device_id=6f224f47-df30-4cfe-960b-be96ac2ee4d9 HTTP/1.1" status: 200 len: 210 time: 0.0259559
2026-07-10 22:40:36.690 10 INFO neutron.db.ovn_revision_numbers_db [req-12a68868-671f-4f30-8d4f-25617cdd5756 req-6d834ba1-306d-4484-b99b-5ff8a4924e64 22a11f2aee52441a97600a2652ab2395 90ed7444f26242b78cc632af72d440b0 - - a5783d9bcf4442cfab0eeeda87f0a75d a5783d9bcf4442cfab0eeeda87f0a75d] Successfully bumped revision number for resource b09e6bce-86a1-4211-a981-9cc692be820f (type: ports) to 2
2026-07-10 22:40:36.914 10 INFO neutron.db.ovn_revision_numbers_db [req-12a68868-671f-4f30-8d4f-25617cdd5756 req-6d834ba1-306d-4484-b99b-5ff8a4924e64 22a11f2aee52441a97600a2652ab2395 90ed7444f26242b78cc632af72d440b0 - - a5783d9bcf4442cfab0eeeda87f0a75d a5783d9bcf4442cfab0eeeda87f0a75d] Successfully bumped revision number for resource b09e6bce-86a1-4211-a981-9cc692be820f (type: ports) to 2
2026-07-10 22:40:36.933 10 INFO neutron.wsgi [req-12a68868-671f-4f30-8d4f-25617cdd5756 req-6d834ba1-306d-4484-b99b-5ff8a4924e64 22a11f2aee52441a97600a2652ab2395 90ed7444f26242b78cc632af72d440b0 - - a5783d9bcf4442cfab0eeeda87f0a75d a5783d9bcf4442cfab0eeeda87f0a75d] 199.19.213.114 "PUT /v2.0/ports/b09e6bce-86a1-4211-a981-9cc692be820f HTTP/1.1" status: 200 len: 1380 time: 0.6536133
2026-07-10 22:40:37.008 10 INFO neutron.notifiers.nova [-] Nova event matching ['req-a3009104-8f89-4022-be14-043da43097d0'] response: {'name': 'network-changed', 'server_uuid': 'be44a70e-1681-4ad5-8722-f25745059088', 'tag': 'b09e6bce-86a1-4211-a981-9cc692be820f', 'status': 'completed', 'code': 200}
2026-07-10 22:40:37.038 9 INFO neutron.wsgi [req-dfc8270c-064b-4c6d-9adf-85818bcbd88f req-30b8d165-a0cd-44ad-97dd-1c778cfc5fad 27054829882044c885aef61b80d82ba8 62d37850935a40408647b8f1fc1daa42 - - default default] 10.0.0.191 "GET /v2.0/ports?device_id=be44a70e-1681-4ad5-8722-f25745059088 HTTP/1.1" status: 200 len: 1172 time: 0.0748277 /var/lib/openstack/lib/python3.10/site-packages/pycadf/identifier.py:71: UserWarning: Invalid uuid: neutron. To ensure interoperability, identifiers should be a valid uuid. warnings.warn(('Invalid uuid: %s. To ensure interoperability, '
2026-07-10 22:40:37.081 10 INFO neutron.wsgi [req-12a68868-671f-4f30-8d4f-25617cdd5756 req-8f87e31d-10f4-4e3f-b8c5-29e80f24652f 22a11f2aee52441a97600a2652ab2395 90ed7444f26242b78cc632af72d440b0 - - a5783d9bcf4442cfab0eeeda87f0a75d a5783d9bcf4442cfab0eeeda87f0a75d] 199.19.213.114 "GET /v2.0/ports?tenant_id=62d37850935a40408647b8f1fc1daa42&device_id=be44a70e-1681-4ad5-8722-f25745059088 HTTP/1.1" status: 200 len: 1411 time: 0.0692272
2026-07-10 22:40:37.087 9 INFO neutron.wsgi [req-dfc8270c-064b-4c6d-9adf-85818bcbd88f req-fc959a52-a2b4-477d-8084-8060adc8db2f 27054829882044c885aef61b80d82ba8 62d37850935a40408647b8f1fc1daa42 - - default default] 10.0.0.191 "GET /v2.0/security-groups?id=cc450264-06f6-4da0-a2dd-ed69b2ec6c6f&fields=id&fields=name HTTP/1.1" status: 200 len: 312 time: 0.0437758
2026-07-10 22:40:37.127 10 INFO neutron.wsgi [req-12a68868-671f-4f30-8d4f-25617cdd5756 req-037029bd-e172-47dc-bf54-510f98337dad 22a11f2aee52441a97600a2652ab2395 90ed7444f26242b78cc632af72d440b0 - - a5783d9bcf4442cfab0eeeda87f0a75d a5783d9bcf4442cfab0eeeda87f0a75d] 199.19.213.114 "GET /v2.0/floatingips?fixed_ip_address=10.100.0.11&port_id=b09e6bce-86a1-4211-a981-9cc692be820f HTTP/1.1" status: 200 len: 217 time: 0.0329442
2026-07-10 22:40:37.181 10 INFO neutron.wsgi [req-12a68868-671f-4f30-8d4f-25617cdd5756 req-1aec8690-e67a-40ab-b7bb-8b0b5d556ef8 22a11f2aee52441a97600a2652ab2395 90ed7444f26242b78cc632af72d440b0 - - a5783d9bcf4442cfab0eeeda87f0a75d a5783d9bcf4442cfab0eeeda87f0a75d] 199.19.213.114 "GET /v2.0/subnets?id=af732110-f923-4902-8653-64c962dd25bc HTTP/1.1" status: 200 len: 853 time: 0.0452104
2026-07-10 22:40:37.204 10 INFO neutron.wsgi [req-12a68868-671f-4f30-8d4f-25617cdd5756 req-032844e9-81ce-4b25-b2b5-186c1fde55d9 22a11f2aee52441a97600a2652ab2395 90ed7444f26242b78cc632af72d440b0 - - a5783d9bcf4442cfab0eeeda87f0a75d a5783d9bcf4442cfab0eeeda87f0a75d] 199.19.213.114 "GET /v2.0/ports?network_id=6d5c585f-f89b-418f-b054-e2a4d48abfaf&device_owner=network%3Adhcp HTTP/1.1" status: 200 len: 210 time: 0.0177517
2026-07-10 22:40:37.296 10 INFO neutron.wsgi [req-12a68868-671f-4f30-8d4f-25617cdd5756 req-b058e6e1-2b83-48dd-8e13-7196b9ea427e 22a11f2aee52441a97600a2652ab2395 90ed7444f26242b78cc632af72d440b0 - - a5783d9bcf4442cfab0eeeda87f0a75d a5783d9bcf4442cfab0eeeda87f0a75d] 199.19.213.114 "GET /v2.0/networks/6d5c585f-f89b-418f-b054-e2a4d48abfaf?fields=segments HTTP/1.1" status: 200 len: 212 time: 0.0871232
2026-07-10 22:40:37.345 10 INFO neutron.wsgi [req-9f07c61f-cac2-4648-8a8a-ca1d4bb37901 req-aa5c81d6-9b7c-461e-b377-61c5b02db4fb a02f6e8bc4ff4c9592bf56a382acba57 c6d79cd9e2bc458eb247a9ec8e70ed38 - - default default] 199.19.213.114 "GET /v2.0/networks?id=34a7c801-84bd-4c59-93cd-8110b2c1e808 HTTP/1.1" status: 200 len: 871 time: 0.0966830
2026-07-10 22:40:37.378 10 INFO neutron.wsgi [req-12a68868-671f-4f30-8d4f-25617cdd5756 req-a1232eba-df04-466a-a7d9-1784422838fe 22a11f2aee52441a97600a2652ab2395 90ed7444f26242b78cc632af72d440b0 - - a5783d9bcf4442cfab0eeeda87f0a75d a5783d9bcf4442cfab0eeeda87f0a75d] 199.19.213.114 "GET /v2.0/networks/6d5c585f-f89b-418f-b054-e2a4d48abfaf?fields=provider%3Aphysical_network&fields=provider%3Anetwork_type HTTP/1.1" status: 200 len: 277 time: 0.0716398
2026-07-10 22:40:37.424 10 INFO neutron.wsgi [req-9f07c61f-cac2-4648-8a8a-ca1d4bb37901 req-19051674-2712-4aa2-89f6-d11c67c2645d a02f6e8bc4ff4c9592bf56a382acba57 c6d79cd9e2bc458eb247a9ec8e70ed38 - - default default] 199.19.213.114 "GET /v2.0/security-groups?fields=id&fields=name&tenant_id=c6d79cd9e2bc458eb247a9ec8e70ed38 HTTP/1.1" status: 200 len: 472 time: 0.0693164
2026-07-10 22:40:37.449 10 WARNING neutron.plugins.ml2.drivers.ovn.mech_driver.ovsdb.ovn_client [None req-91e74f53-8d12-4ac6-a454-caadeb78ab05 - - - - - -] No hosting information found for port c0f2d221-ff3a-45d9-9b70-315c4b88563d: RuntimeError: No hosting information found for port c0f2d221-ff3a-45d9-9b70-315c4b88563d /var/lib/openstack/lib/python3.10/site-packages/pycadf/identifier.py:71: UserWarning: Invalid uuid: neutron. To ensure interoperability, identifiers should be a valid uuid. warnings.warn(('Invalid uuid: %s. To ensure interoperability, '
2026-07-10 22:40:37.536 10 INFO neutron.wsgi [req-44bbdbe7-0064-4311-80ea-045907658ea9 req-4451d9f4-24af-4511-b305-6c0b06a041d9 22a11f2aee52441a97600a2652ab2395 90ed7444f26242b78cc632af72d440b0 - - a5783d9bcf4442cfab0eeeda87f0a75d a5783d9bcf4442cfab0eeeda87f0a75d] 199.19.213.114 "GET /v2.0/ports?tenant_id=62d37850935a40408647b8f1fc1daa42&device_id=be44a70e-1681-4ad5-8722-f25745059088 HTTP/1.1" status: 200 len: 1411 time: 0.0578866
2026-07-10 22:40:37.621 10 INFO neutron.wsgi [req-44bbdbe7-0064-4311-80ea-045907658ea9 req-13bc97e6-26d0-42c7-86c5-d05e91c6b205 22a11f2aee52441a97600a2652ab2395 90ed7444f26242b78cc632af72d440b0 - - a5783d9bcf4442cfab0eeeda87f0a75d a5783d9bcf4442cfab0eeeda87f0a75d] 199.19.213.114 "GET /v2.0/networks?id=6d5c585f-f89b-418f-b054-e2a4d48abfaf HTTP/1.1" status: 200 len: 959 time: 0.0742784
2026-07-10 22:40:37.656 9 INFO neutron.wsgi [req-872a1941-8a7a-4e7b-b9d4-52b5b7010c51 req-cfb66e34-af47-4765-89c2-0be277a1cae1 a02f6e8bc4ff4c9592bf56a382acba57 c6d79cd9e2bc458eb247a9ec8e70ed38 - - default default] 10.0.0.191 "GET /v2.0/ports?device_id=6f224f47-df30-4cfe-960b-be96ac2ee4d9 HTTP/1.1" status: 200 len: 210 time: 0.0338075
2026-07-10 22:40:37.660 10 INFO neutron.wsgi [req-44bbdbe7-0064-4311-80ea-045907658ea9 req-d46ba32b-d322-4a53-88dc-beb7b59e65ed 22a11f2aee52441a97600a2652ab2395 90ed7444f26242b78cc632af72d440b0 - - a5783d9bcf4442cfab0eeeda87f0a75d a5783d9bcf4442cfab0eeeda87f0a75d] 199.19.213.114 "GET /v2.0/floatingips?fixed_ip_address=10.100.0.11&port_id=b09e6bce-86a1-4211-a981-9cc692be820f HTTP/1.1" status: 200 len: 217 time: 0.0309439
2026-07-10 22:40:37.677 9 INFO neutron.plugins.ml2.drivers.ovn.mech_driver.mech_driver [None req-f2c7eec2-11f6-45df-bbd1-57dc96077e51 - - - - - -] OVN reports status up for port: b09e6bce-86a1-4211-a981-9cc692be820f
2026-07-10 22:40:37.686 9 INFO neutron.plugins.ml2.plugin [None req-f2c7eec2-11f6-45df-bbd1-57dc96077e51 - - - - - -] Attempt 1 to provision port b09e6bce-86a1-4211-a981-9cc692be820f
2026-07-10 22:40:37.729 10 INFO neutron.wsgi [req-44bbdbe7-0064-4311-80ea-045907658ea9 req-ab384d91-451c-405b-82f8-338ef8188f5c 22a11f2aee52441a97600a2652ab2395 90ed7444f26242b78cc632af72d440b0 - - a5783d9bcf4442cfab0eeeda87f0a75d a5783d9bcf4442cfab0eeeda87f0a75d] 199.19.213.114 "GET /v2.0/subnets?id=af732110-f923-4902-8653-64c962dd25bc HTTP/1.1" status: 200 len: 853 time: 0.0587494
2026-07-10 22:40:37.758 10 INFO neutron.wsgi [req-44bbdbe7-0064-4311-80ea-045907658ea9 req-26192ac4-0665-460e-a82f-c4b6ec7d8f36 22a11f2aee52441a97600a2652ab2395 90ed7444f26242b78cc632af72d440b0 - - a5783d9bcf4442cfab0eeeda87f0a75d a5783d9bcf4442cfab0eeeda87f0a75d] 199.19.213.114 "GET /v2.0/ports?network_id=6d5c585f-f89b-418f-b054-e2a4d48abfaf&device_owner=network%3Adhcp HTTP/1.1" status: 200 len: 210 time: 0.0214591
2026-07-10 22:40:37.814 9 INFO neutron.notifiers.nova [-] Nova event matching ['req-8f7ff9c0-0ab1-4ffa-84f9-022a37d2e02e'] response: {'server_uuid': 'be44a70e-1681-4ad5-8722-f25745059088', 'name': 'network-vif-plugged', 'status': 'completed', 'tag': 'b09e6bce-86a1-4211-a981-9cc692be820f', 'code': 200}
2026-07-10 22:40:37.843 10 INFO neutron.wsgi [req-44bbdbe7-0064-4311-80ea-045907658ea9 req-5a921e7d-a62d-4803-9738-8025dde98211 22a11f2aee52441a97600a2652ab2395 90ed7444f26242b78cc632af72d440b0 - - a5783d9bcf4442cfab0eeeda87f0a75d a5783d9bcf4442cfab0eeeda87f0a75d] 199.19.213.114 "GET /v2.0/networks/6d5c585f-f89b-418f-b054-e2a4d48abfaf?fields=segments HTTP/1.1" status: 200 len: 212 time: 0.0763400
2026-07-10 22:40:37.941 10 INFO neutron.wsgi [req-44bbdbe7-0064-4311-80ea-045907658ea9 req-388189ca-75e4-44a8-acf8-ceef5576ca22 22a11f2aee52441a97600a2652ab2395 90ed7444f26242b78cc632af72d440b0 - - a5783d9bcf4442cfab0eeeda87f0a75d a5783d9bcf4442cfab0eeeda87f0a75d] 199.19.213.114 "GET /v2.0/networks/6d5c585f-f89b-418f-b054-e2a4d48abfaf?fields=provider%3Aphysical_network&fields=provider%3Anetwork_type HTTP/1.1" status: 200 len: 277 time: 0.0918808
2026-07-10 22:40:37.953 10 WARNING neutron.scheduler.dhcp_agent_scheduler [req-9f07c61f-cac2-4648-8a8a-ca1d4bb37901 req-9cb9e37c-5ad1-48da-bce4-483a87f48583 a02f6e8bc4ff4c9592bf56a382acba57 c6d79cd9e2bc458eb247a9ec8e70ed38 - - default default] No more DHCP agents
2026-07-10 22:40:37.954 10 WARNING neutron.api.rpc.agentnotifiers.dhcp_rpc_agent_api [req-9f07c61f-cac2-4648-8a8a-ca1d4bb37901 req-9cb9e37c-5ad1-48da-bce4-483a87f48583 a02f6e8bc4ff4c9592bf56a382acba57 c6d79cd9e2bc458eb247a9ec8e70ed38 - - default default] Unable to schedule network 34a7c801-84bd-4c59-93cd-8110b2c1e808: no agents available; will retry on subsequent port and subnet creation events.
2026-07-10 22:40:37.961 9 INFO neutron.db.ovn_revision_numbers_db [None req-f2c7eec2-11f6-45df-bbd1-57dc96077e51 - - - - - -] Successfully bumped revision number for resource b09e6bce-86a1-4211-a981-9cc692be820f (type: ports) to 4 /var/lib/openstack/lib/python3.10/site-packages/pycadf/identifier.py:71: UserWarning: Invalid uuid: neutron. To ensure interoperability, identifiers should be a valid uuid. warnings.warn(('Invalid uuid: %s. To ensure interoperability, '
2026-07-10 22:40:38.195 9 INFO neutron.wsgi [req-9efdefc7-620e-402a-b9b5-01845fc3f241 req-0a1795ef-ecee-4153-a79f-77908b98c5a4 27054829882044c885aef61b80d82ba8 62d37850935a40408647b8f1fc1daa42 - - default default] 10.0.0.191 "GET /v2.0/ports?device_id=be44a70e-1681-4ad5-8722-f25745059088 HTTP/1.1" status: 200 len: 1174 time: 0.0330141
2026-07-10 22:40:38.243 9 INFO neutron.wsgi [req-9efdefc7-620e-402a-b9b5-01845fc3f241 req-d7ce7534-e780-45c0-9770-b9e0720510b4 27054829882044c885aef61b80d82ba8 62d37850935a40408647b8f1fc1daa42 - - default default] 10.0.0.191 "GET /v2.0/security-groups?id=cc450264-06f6-4da0-a2dd-ed69b2ec6c6f&fields=id&fields=name HTTP/1.1" status: 200 len: 312 time: 0.0395503
2026-07-10 22:40:38.429 10 INFO neutron.db.ovn_revision_numbers_db [req-9f07c61f-cac2-4648-8a8a-ca1d4bb37901 req-9cb9e37c-5ad1-48da-bce4-483a87f48583 a02f6e8bc4ff4c9592bf56a382acba57 c6d79cd9e2bc458eb247a9ec8e70ed38 - - default default] Successfully bumped revision number for resource 41c3fbc4-2a19-4fd1-925c-b343f2cbd5a7 (type: ports) to 1
2026-07-10 22:40:38.450 10 INFO neutron.wsgi [req-9f07c61f-cac2-4648-8a8a-ca1d4bb37901 req-9cb9e37c-5ad1-48da-bce4-483a87f48583 a02f6e8bc4ff4c9592bf56a382acba57 c6d79cd9e2bc458eb247a9ec8e70ed38 - - default default] 199.19.213.114 "POST /v2.0/ports HTTP/1.1" status: 201 len: 1197 time: 0.9787395 /var/lib/openstack/lib/python3.10/site-packages/pycadf/identifier.py:71: UserWarning: Invalid uuid: neutron. To ensure interoperability, identifiers should be a valid uuid. warnings.warn(('Invalid uuid: %s. To ensure interoperability, '
2026-07-10 22:40:38.791 9 INFO neutron.wsgi [req-c5df1d4f-1d6f-48cb-a83d-fe837bede5ab req-e3a662a9-45dc-48ca-bfe0-20a6d1000718 a02f6e8bc4ff4c9592bf56a382acba57 c6d79cd9e2bc458eb247a9ec8e70ed38 - - default default] 10.0.0.191 "GET /v2.0/ports?device_id=6f224f47-df30-4cfe-960b-be96ac2ee4d9 HTTP/1.1" status: 200 len: 1208 time: 0.0617521
2026-07-10 22:40:38.841 9 INFO neutron.wsgi [req-c5df1d4f-1d6f-48cb-a83d-fe837bede5ab req-b86a94e3-e899-48b0-a403-08bd4f40af89 a02f6e8bc4ff4c9592bf56a382acba57 c6d79cd9e2bc458eb247a9ec8e70ed38 - - default default] 10.0.0.191 "GET /v2.0/security-groups?id=6334c5c1-3920-4454-8ead-df36b9caf203&id=74968b9f-460c-433a-bfa3-17ec8dcc4868&fields=id&fields=name HTTP/1.1" status: 200 len: 405 time: 0.0455527
2026-07-10 22:40:38.890 10 INFO neutron.db.ovn_revision_numbers_db [req-9f07c61f-cac2-4648-8a8a-ca1d4bb37901 req-cf294428-8174-408d-9a20-c31e6547440f 22a11f2aee52441a97600a2652ab2395 90ed7444f26242b78cc632af72d440b0 - - a5783d9bcf4442cfab0eeeda87f0a75d a5783d9bcf4442cfab0eeeda87f0a75d] Successfully bumped revision number for resource 41c3fbc4-2a19-4fd1-925c-b343f2cbd5a7 (type: ports) to 2
2026-07-10 22:40:39.127 10 INFO neutron.db.ovn_revision_numbers_db [req-9f07c61f-cac2-4648-8a8a-ca1d4bb37901 req-cf294428-8174-408d-9a20-c31e6547440f 22a11f2aee52441a97600a2652ab2395 90ed7444f26242b78cc632af72d440b0 - - a5783d9bcf4442cfab0eeeda87f0a75d a5783d9bcf4442cfab0eeeda87f0a75d] Successfully bumped revision number for resource 41c3fbc4-2a19-4fd1-925c-b343f2cbd5a7 (type: ports) to 2
2026-07-10 22:40:39.145 10 INFO neutron.wsgi [req-9f07c61f-cac2-4648-8a8a-ca1d4bb37901 req-cf294428-8174-408d-9a20-c31e6547440f 22a11f2aee52441a97600a2652ab2395 90ed7444f26242b78cc632af72d440b0 - - a5783d9bcf4442cfab0eeeda87f0a75d a5783d9bcf4442cfab0eeeda87f0a75d] 199.19.213.114 "PUT /v2.0/ports/41c3fbc4-2a19-4fd1-925c-b343f2cbd5a7 HTTP/1.1" status: 200 len: 1415 time: 0.6905382
2026-07-10 22:40:39.184 10 INFO neutron.notifiers.nova [-] Nova event matching ['req-da8f7ba0-3c69-470b-b374-bc13c2fbc8a7'] response: {'name': 'network-changed', 'server_uuid': '6f224f47-df30-4cfe-960b-be96ac2ee4d9', 'tag': '41c3fbc4-2a19-4fd1-925c-b343f2cbd5a7', 'status': 'completed', 'code': 200} /var/lib/openstack/lib/python3.10/site-packages/pycadf/identifier.py:71: UserWarning: Invalid uuid: neutron. To ensure interoperability, identifiers should be a valid uuid. warnings.warn(('Invalid uuid: %s. To ensure interoperability, '
2026-07-10 22:40:39.246 10 INFO neutron.wsgi [req-9f07c61f-cac2-4648-8a8a-ca1d4bb37901 req-98b9fa1b-bcbd-4645-85d6-be4e8b2c66e4 22a11f2aee52441a97600a2652ab2395 90ed7444f26242b78cc632af72d440b0 - - a5783d9bcf4442cfab0eeeda87f0a75d a5783d9bcf4442cfab0eeeda87f0a75d] 199.19.213.114 "GET /v2.0/ports?tenant_id=c6d79cd9e2bc458eb247a9ec8e70ed38&device_id=6f224f47-df30-4cfe-960b-be96ac2ee4d9 HTTP/1.1" status: 200 len: 1446 time: 0.0658479
2026-07-10 22:40:39.279 10 INFO neutron.wsgi [req-9f07c61f-cac2-4648-8a8a-ca1d4bb37901 req-1ec2ca65-97e4-4a46-9b71-61178247be30 22a11f2aee52441a97600a2652ab2395 90ed7444f26242b78cc632af72d440b0 - - a5783d9bcf4442cfab0eeeda87f0a75d a5783d9bcf4442cfab0eeeda87f0a75d] 199.19.213.114 "GET /v2.0/floatingips?fixed_ip_address=10.100.0.6&port_id=41c3fbc4-2a19-4fd1-925c-b343f2cbd5a7 HTTP/1.1" status: 200 len: 217 time: 0.0275834
2026-07-10 22:40:39.325 10 INFO neutron.wsgi [req-9f07c61f-cac2-4648-8a8a-ca1d4bb37901 req-514d6d3f-e712-488d-a5e4-01a8370238a8 22a11f2aee52441a97600a2652ab2395 90ed7444f26242b78cc632af72d440b0 - - a5783d9bcf4442cfab0eeeda87f0a75d a5783d9bcf4442cfab0eeeda87f0a75d] 199.19.213.114 "GET /v2.0/subnets?id=2ea2fc50-0112-41e4-8e63-8a33f61bd69b HTTP/1.1" status: 200 len: 865 time: 0.0388343
2026-07-10 22:40:39.360 10 INFO neutron.wsgi [req-9f07c61f-cac2-4648-8a8a-ca1d4bb37901 req-4bee2d6f-fbca-458f-837a-506f82d6c2c3 22a11f2aee52441a97600a2652ab2395 90ed7444f26242b78cc632af72d440b0 - - a5783d9bcf4442cfab0eeeda87f0a75d a5783d9bcf4442cfab0eeeda87f0a75d] 199.19.213.114 "GET /v2.0/ports?network_id=34a7c801-84bd-4c59-93cd-8110b2c1e808&device_owner=network%3Adhcp HTTP/1.1" status: 200 len: 210 time: 0.0250790
2026-07-10 22:40:39.369 9 INFO neutron.wsgi [req-597d2da5-1776-4589-b1a4-ab79031a8ab1 req-e39c08a5-2408-4798-a602-92a5debc4159 27054829882044c885aef61b80d82ba8 62d37850935a40408647b8f1fc1daa42 - - default default] 10.0.0.191 "GET /v2.0/ports?device_id=be44a70e-1681-4ad5-8722-f25745059088 HTTP/1.1" status: 200 len: 1174 time: 0.0461907
2026-07-10 22:40:39.423 9 INFO neutron.wsgi [req-597d2da5-1776-4589-b1a4-ab79031a8ab1 req-45e45c23-9dbe-4fde-8f8e-db38ecc84081 27054829882044c885aef61b80d82ba8 62d37850935a40408647b8f1fc1daa42 - - default default] 10.0.0.191 "GET /v2.0/security-groups?id=cc450264-06f6-4da0-a2dd-ed69b2ec6c6f&fields=id&fields=name HTTP/1.1" status: 200 len: 312 time: 0.0373321
2026-07-10 22:40:39.425 10 INFO neutron.wsgi [req-9f07c61f-cac2-4648-8a8a-ca1d4bb37901 req-02762dc3-0a83-4aaf-a8e0-37ea8a3a4b90 22a11f2aee52441a97600a2652ab2395 90ed7444f26242b78cc632af72d440b0 - - a5783d9bcf4442cfab0eeeda87f0a75d a5783d9bcf4442cfab0eeeda87f0a75d] 199.19.213.114 "GET /v2.0/networks/34a7c801-84bd-4c59-93cd-8110b2c1e808?fields=segments HTTP/1.1" status: 200 len: 212 time: 0.0570521
2026-07-10 22:40:39.480 10 INFO neutron.wsgi [req-9f07c61f-cac2-4648-8a8a-ca1d4bb37901 req-7644eaa2-2e58-4322-8413-e83621dbc071 22a11f2aee52441a97600a2652ab2395 90ed7444f26242b78cc632af72d440b0 - - a5783d9bcf4442cfab0eeeda87f0a75d a5783d9bcf4442cfab0eeeda87f0a75d] 199.19.213.114 "GET /v2.0/networks/34a7c801-84bd-4c59-93cd-8110b2c1e808?fields=provider%3Aphysical_network&fields=provider%3Anetwork_type HTTP/1.1" status: 200 len: 277 time: 0.0504570
2026-07-10 22:40:39.555 10 INFO neutron.wsgi [req-a5504092-f732-4bbf-9db4-1c2c2ac5667f req-ed56f41c-4e94-4b8f-8635-6f08f3a42111 22a11f2aee52441a97600a2652ab2395 90ed7444f26242b78cc632af72d440b0 - - a5783d9bcf4442cfab0eeeda87f0a75d a5783d9bcf4442cfab0eeeda87f0a75d] 199.19.213.114 "GET /v2.0/ports?tenant_id=c6d79cd9e2bc458eb247a9ec8e70ed38&device_id=6f224f47-df30-4cfe-960b-be96ac2ee4d9 HTTP/1.1" status: 200 len: 1446 time: 0.0322609
2026-07-10 22:40:39.602 9 INFO neutron.wsgi [req-825556ca-a624-4a57-9a4f-e67149c8819a req-69acf446-9ad3-4c07-8b43-6c057fe05bbe 27054829882044c885aef61b80d82ba8 62d37850935a40408647b8f1fc1daa42 - - default default] 10.0.0.191 "GET /v2.0/ports?device_id=be44a70e-1681-4ad5-8722-f25745059088 HTTP/1.1" status: 200 len: 1174 time: 0.0995173
2026-07-10 22:40:39.624 10 INFO neutron.wsgi [req-a5504092-f732-4bbf-9db4-1c2c2ac5667f req-e4f0fbd3-23b5-4919-aab7-f6aa1090dd87 22a11f2aee52441a97600a2652ab2395 90ed7444f26242b78cc632af72d440b0 - - a5783d9bcf4442cfab0eeeda87f0a75d a5783d9bcf4442cfab0eeeda87f0a75d] 199.19.213.114 "GET /v2.0/networks?id=34a7c801-84bd-4c59-93cd-8110b2c1e808 HTTP/1.1" status: 200 len: 970 time: 0.0640934
2026-07-10 22:40:39.655 9 INFO neutron.wsgi [req-825556ca-a624-4a57-9a4f-e67149c8819a req-d0e4ab27-6e88-47be-8506-c03dcf5d0ec0 27054829882044c885aef61b80d82ba8 62d37850935a40408647b8f1fc1daa42 - - default default] 10.0.0.191 "GET /v2.0/security-groups?id=cc450264-06f6-4da0-a2dd-ed69b2ec6c6f&fields=id&fields=name HTTP/1.1" status: 200 len: 312 time: 0.0446482
2026-07-10 22:40:39.659 10 INFO neutron.wsgi [req-a5504092-f732-4bbf-9db4-1c2c2ac5667f req-809250ef-47a8-41b7-a64e-4b30adc3805c 22a11f2aee52441a97600a2652ab2395 90ed7444f26242b78cc632af72d440b0 - - a5783d9bcf4442cfab0eeeda87f0a75d a5783d9bcf4442cfab0eeeda87f0a75d] 199.19.213.114 "GET /v2.0/floatingips?fixed_ip_address=10.100.0.6&port_id=41c3fbc4-2a19-4fd1-925c-b343f2cbd5a7 HTTP/1.1" status: 200 len: 217 time: 0.0265214
2026-07-10 22:40:39.668 10 INFO neutron.wsgi [req-642464e1-c9cb-4fea-ac0e-7daf3d830c7a req-37e11967-f586-4f3b-8166-f05f39030478 22a11f2aee52441a97600a2652ab2395 90ed7444f26242b78cc632af72d440b0 - - a5783d9bcf4442cfab0eeeda87f0a75d a5783d9bcf4442cfab0eeeda87f0a75d] 199.19.213.114 "GET /v2.0/ports?device_id=6f224f47-df30-4cfe-960b-be96ac2ee4d9 HTTP/1.1" status: 200 len: 1446 time: 0.0364325
2026-07-10 22:40:39.706 10 INFO neutron.wsgi [req-a5504092-f732-4bbf-9db4-1c2c2ac5667f req-75143f82-3386-4575-8d7f-9de7c9fb472c 22a11f2aee52441a97600a2652ab2395 90ed7444f26242b78cc632af72d440b0 - - a5783d9bcf4442cfab0eeeda87f0a75d a5783d9bcf4442cfab0eeeda87f0a75d] 199.19.213.114 "GET /v2.0/subnets?id=2ea2fc50-0112-41e4-8e63-8a33f61bd69b HTTP/1.1" status: 200 len: 865 time: 0.0383797
2026-07-10 22:40:39.719 9 INFO neutron.wsgi [None req-90ba7be5-22a5-4f07-be28-815af4f8903e 557d84141a334ce8a4277e1445670c4c 2fe5a327d0464a2b9f56d4f9ab9c9401 - - default default] 10.0.0.204 "GET /v2.0/ports?device_id=be44a70e-1681-4ad5-8722-f25745059088 HTTP/1.1" status: 200 len: 1408 time: 0.0364380
2026-07-10 22:40:39.729 10 INFO neutron.wsgi [req-642464e1-c9cb-4fea-ac0e-7daf3d830c7a req-d778fcb8-f3eb-48cd-9351-31ae70d77db4 22a11f2aee52441a97600a2652ab2395 90ed7444f26242b78cc632af72d440b0 - - a5783d9bcf4442cfab0eeeda87f0a75d a5783d9bcf4442cfab0eeeda87f0a75d] 199.19.213.114 "GET /v2.0/security-groups?id=6334c5c1-3920-4454-8ead-df36b9caf203&id=74968b9f-460c-433a-bfa3-17ec8dcc4868&fields=id&fields=name HTTP/1.1" status: 200 len: 405 time: 0.0549240
2026-07-10 22:40:39.736 10 INFO neutron.wsgi [req-a5504092-f732-4bbf-9db4-1c2c2ac5667f req-8feadb37-cc48-44f5-b3f6-d799eb320681 22a11f2aee52441a97600a2652ab2395 90ed7444f26242b78cc632af72d440b0 - - a5783d9bcf4442cfab0eeeda87f0a75d a5783d9bcf4442cfab0eeeda87f0a75d] 199.19.213.114 "GET /v2.0/ports?network_id=34a7c801-84bd-4c59-93cd-8110b2c1e808&device_owner=network%3Adhcp HTTP/1.1" status: 200 len: 210 time: 0.0214527
2026-07-10 22:40:39.837 10 INFO neutron.wsgi [req-a5504092-f732-4bbf-9db4-1c2c2ac5667f req-36cecc60-1b30-45b1-b297-c881ad874a2b 22a11f2aee52441a97600a2652ab2395 90ed7444f26242b78cc632af72d440b0 - - a5783d9bcf4442cfab0eeeda87f0a75d a5783d9bcf4442cfab0eeeda87f0a75d] 199.19.213.114 "GET /v2.0/networks/34a7c801-84bd-4c59-93cd-8110b2c1e808?fields=segments HTTP/1.1" status: 200 len: 212 time: 0.0713363
2026-07-10 22:40:39.850 9 INFO neutron.plugins.ml2.drivers.ovn.mech_driver.mech_driver [None req-f2c7eec2-11f6-45df-bbd1-57dc96077e51 - - - - - -] OVN reports status up for port: 41c3fbc4-2a19-4fd1-925c-b343f2cbd5a7
2026-07-10 22:40:39.890 9 INFO neutron.notifiers.nova [-] Nova event matching ['req-7a40a91b-28a3-4975-9f84-1c2e905188f3'] response: {'server_uuid': 'be44a70e-1681-4ad5-8722-f25745059088', 'name': 'network-vif-plugged', 'status': 'completed', 'tag': 'b09e6bce-86a1-4211-a981-9cc692be820f', 'code': 200}
2026-07-10 22:40:39.891 9 INFO neutron.plugins.ml2.plugin [None req-f2c7eec2-11f6-45df-bbd1-57dc96077e51 - - - - - -] Attempt 1 to provision port 41c3fbc4-2a19-4fd1-925c-b343f2cbd5a7
2026-07-10 22:40:39.901 10 INFO neutron.wsgi [req-a5504092-f732-4bbf-9db4-1c2c2ac5667f req-2ae13aaa-16d1-44e8-ae46-ff9223b877c7 22a11f2aee52441a97600a2652ab2395 90ed7444f26242b78cc632af72d440b0 - - a5783d9bcf4442cfab0eeeda87f0a75d a5783d9bcf4442cfab0eeeda87f0a75d] 199.19.213.114 "GET /v2.0/networks/34a7c801-84bd-4c59-93cd-8110b2c1e808?fields=provider%3Aphysical_network&fields=provider%3Anetwork_type HTTP/1.1" status: 200 len: 277 time: 0.0569391
2026-07-10 22:40:40.258 9 INFO neutron.wsgi [req-f52f94a0-3db7-451b-a8bd-14f61ef0d302 req-708f21d3-90e9-44a9-8d59-e517e5b8cff0 a02f6e8bc4ff4c9592bf56a382acba57 c6d79cd9e2bc458eb247a9ec8e70ed38 - - default default] 10.0.0.191 "GET /v2.0/ports?device_id=6f224f47-df30-4cfe-960b-be96ac2ee4d9 HTTP/1.1" status: 200 len: 1208 time: 0.3131640
2026-07-10 22:40:40.323 9 INFO neutron.db.l3_db [None req-5b223a5b-c688-41ac-8bd8-9b773df16d28 27054829882044c885aef61b80d82ba8 62d37850935a40408647b8f1fc1daa42 - - default default] Floating IP 183ba63f-f88f-442e-a495-3ec555f8ed3b associated. External IP: 10.96.250.216, port: b09e6bce-86a1-4211-a981-9cc692be820f.
2026-07-10 22:40:40.391 9 INFO neutron.wsgi [req-f52f94a0-3db7-451b-a8bd-14f61ef0d302 req-f5e83a95-aa26-4f31-8372-2d1cc328083c a02f6e8bc4ff4c9592bf56a382acba57 c6d79cd9e2bc458eb247a9ec8e70ed38 - - default default] 10.0.0.191 "GET /v2.0/security-groups?id=6334c5c1-3920-4454-8ead-df36b9caf203&id=74968b9f-460c-433a-bfa3-17ec8dcc4868&fields=id&fields=name HTTP/1.1" status: 200 len: 405 time: 0.1261168
2026-07-10 22:40:40.527 10 INFO neutron.db.ovn_revision_numbers_db [None req-695a77a2-6c27-4f6e-b4fe-293ea14a47c7 ef28f2f2dacc47eeaaeb1082bf34af12 9cb486762a8d4fd6b2ec05e92b4782fb - - default default] Successfully bumped revision number for resource 35d1d6b9-8680-4d8d-9be0-9d8823d69e11 (type: security_groups) to 1
2026-07-10 22:40:40.565 10 INFO neutron.db.ovn_revision_numbers_db [None req-695a77a2-6c27-4f6e-b4fe-293ea14a47c7 ef28f2f2dacc47eeaaeb1082bf34af12 9cb486762a8d4fd6b2ec05e92b4782fb - - default default] Successfully bumped revision number for resource 2ba7ec57-d27b-4a29-a0e1-82ca23c14055 (type: security_group_rules) to 0
2026-07-10 22:40:40.582 10 INFO neutron.db.ovn_revision_numbers_db [None req-695a77a2-6c27-4f6e-b4fe-293ea14a47c7 ef28f2f2dacc47eeaaeb1082bf34af12 9cb486762a8d4fd6b2ec05e92b4782fb - - default default] Successfully bumped revision number for resource 35fc29e3-4ab6-4ebc-bc9f-877d3ff7478f (type: security_group_rules) to 0
2026-07-10 22:40:40.600 10 INFO neutron.db.ovn_revision_numbers_db [None req-695a77a2-6c27-4f6e-b4fe-293ea14a47c7 ef28f2f2dacc47eeaaeb1082bf34af12 9cb486762a8d4fd6b2ec05e92b4782fb - - default default] Successfully bumped revision number for resource bbf89f2e-caab-4466-b1a8-1dcabb6269e3 (type: security_group_rules) to 0
2026-07-10 22:40:40.608 9 INFO neutron.db.ovn_revision_numbers_db [None req-5b223a5b-c688-41ac-8bd8-9b773df16d28 27054829882044c885aef61b80d82ba8 62d37850935a40408647b8f1fc1daa42 - - default default] Successfully bumped revision number for resource 183ba63f-f88f-442e-a495-3ec555f8ed3b (type: floatingips) to 4
2026-07-10 22:40:40.615 10 INFO neutron.db.ovn_revision_numbers_db [None req-695a77a2-6c27-4f6e-b4fe-293ea14a47c7 ef28f2f2dacc47eeaaeb1082bf34af12 9cb486762a8d4fd6b2ec05e92b4782fb - - default default] Successfully bumped revision number for resource dc73036c-8047-42bc-a541-26b02f7fe3d3 (type: security_group_rules) to 0
2026-07-10 22:40:40.650 9 INFO neutron.db.ovn_revision_numbers_db [None req-f2c7eec2-11f6-45df-bbd1-57dc96077e51 - - - - - -] Successfully bumped revision number for resource 41c3fbc4-2a19-4fd1-925c-b343f2cbd5a7 (type: ports) to 4
2026-07-10 22:40:40.690 10 INFO neutron.db.segments_db [None req-695a77a2-6c27-4f6e-b4fe-293ea14a47c7 ef28f2f2dacc47eeaaeb1082bf34af12 9cb486762a8d4fd6b2ec05e92b4782fb - - default default] Added segment 24d9c36a-cf54-47d8-94f9-b9088a0350b5 of type geneve for network ca5e9fce-7ac9-46da-a0ec-74ac440dbfdc
2026-07-10 22:40:40.775 9 INFO neutron.db.ovn_revision_numbers_db [None req-5b223a5b-c688-41ac-8bd8-9b773df16d28 27054829882044c885aef61b80d82ba8 62d37850935a40408647b8f1fc1daa42 - - default default] Successfully bumped revision number for resource 183ba63f-f88f-442e-a495-3ec555f8ed3b (type: floatingips) to 5
2026-07-10 22:40:40.804 9 INFO neutron.wsgi [None req-5b223a5b-c688-41ac-8bd8-9b773df16d28 27054829882044c885aef61b80d82ba8 62d37850935a40408647b8f1fc1daa42 - - default default] 10.0.0.204 "PUT /v2.0/floatingips/183ba63f-f88f-442e-a495-3ec555f8ed3b HTTP/1.1" status: 200 len: 1050 time: 1.0793064 /var/lib/openstack/lib/python3.10/site-packages/pycadf/identifier.py:71: UserWarning: Invalid uuid: neutron. To ensure interoperability, identifiers should be a valid uuid. warnings.warn(('Invalid uuid: %s. To ensure interoperability, '
2026-07-10 22:40:40.839 10 INFO neutron.db.ovn_revision_numbers_db [None req-695a77a2-6c27-4f6e-b4fe-293ea14a47c7 ef28f2f2dacc47eeaaeb1082bf34af12 9cb486762a8d4fd6b2ec05e92b4782fb - - default default] Successfully bumped revision number for resource ca5e9fce-7ac9-46da-a0ec-74ac440dbfdc (type: networks) to 1
2026-07-10 22:40:40.844 9 INFO neutron.wsgi [None req-996e1c99-736e-4742-974c-079e9435b990 27054829882044c885aef61b80d82ba8 62d37850935a40408647b8f1fc1daa42 - - default default] 10.0.0.204 "GET /v2.0/floatingips/183ba63f-f88f-442e-a495-3ec555f8ed3b HTTP/1.1" status: 200 len: 1052 time: 0.0354476
2026-07-10 22:40:41.004 10 WARNING neutron.scheduler.dhcp_agent_scheduler [None req-695a77a2-6c27-4f6e-b4fe-293ea14a47c7 ef28f2f2dacc47eeaaeb1082bf34af12 9cb486762a8d4fd6b2ec05e92b4782fb - - default default] No more DHCP agents
2026-07-10 22:40:41.005 10 WARNING neutron.api.rpc.agentnotifiers.dhcp_rpc_agent_api [None req-695a77a2-6c27-4f6e-b4fe-293ea14a47c7 ef28f2f2dacc47eeaaeb1082bf34af12 9cb486762a8d4fd6b2ec05e92b4782fb - - default default] Unable to schedule network ca5e9fce-7ac9-46da-a0ec-74ac440dbfdc: no agents available; will retry on subsequent port and subnet creation events.
2026-07-10 22:40:41.099 10 INFO neutron.db.ovn_revision_numbers_db [None req-695a77a2-6c27-4f6e-b4fe-293ea14a47c7 ef28f2f2dacc47eeaaeb1082bf34af12 9cb486762a8d4fd6b2ec05e92b4782fb - - default default] Successfully bumped revision number for resource cc9d50bf-6a47-4f90-b315-0d86284e76ff (type: ports) to 1
2026-07-10 22:40:41.123 10 INFO neutron.wsgi [None req-695a77a2-6c27-4f6e-b4fe-293ea14a47c7 ef28f2f2dacc47eeaaeb1082bf34af12 9cb486762a8d4fd6b2ec05e92b4782fb - - default default] 10.0.0.204 "POST /v2.0/networks HTTP/1.1" status: 201 len: 830 time: 0.9674549 /var/lib/openstack/lib/python3.10/site-packages/pycadf/identifier.py:71: UserWarning: Invalid uuid: neutron. To ensure interoperability, identifiers should be a valid uuid. warnings.warn(('Invalid uuid: %s. To ensure interoperability, '
2026-07-10 22:40:41.364 10 WARNING neutron.scheduler.dhcp_agent_scheduler [None req-dd6023ab-865d-4ddc-b2c5-1bfd5aef458e ef28f2f2dacc47eeaaeb1082bf34af12 9cb486762a8d4fd6b2ec05e92b4782fb - - default default] No more DHCP agents
2026-07-10 22:40:41.365 10 WARNING neutron.api.rpc.agentnotifiers.dhcp_rpc_agent_api [None req-dd6023ab-865d-4ddc-b2c5-1bfd5aef458e ef28f2f2dacc47eeaaeb1082bf34af12 9cb486762a8d4fd6b2ec05e92b4782fb - - default default] Unable to schedule network ca5e9fce-7ac9-46da-a0ec-74ac440dbfdc: no agents available; will retry on subsequent port and subnet creation events.
2026-07-10 22:40:41.551 9 INFO neutron.wsgi [req-a3fd6fd3-d194-4964-9c4d-f1857b1a732b req-4ea89577-3a81-43a0-89f3-3719979a1d8a a02f6e8bc4ff4c9592bf56a382acba57 c6d79cd9e2bc458eb247a9ec8e70ed38 - - default default] 10.0.0.191 "GET /v2.0/ports?device_id=6f224f47-df30-4cfe-960b-be96ac2ee4d9 HTTP/1.1" status: 200 len: 1210 time: 0.0912118
2026-07-10 22:40:41.589 9 INFO neutron.wsgi [req-a3fd6fd3-d194-4964-9c4d-f1857b1a732b req-78f4c299-e8c9-4f9e-a4f5-dbab099a063f a02f6e8bc4ff4c9592bf56a382acba57 c6d79cd9e2bc458eb247a9ec8e70ed38 - - default default] 10.0.0.191 "GET /v2.0/security-groups?id=6334c5c1-3920-4454-8ead-df36b9caf203&id=74968b9f-460c-433a-bfa3-17ec8dcc4868&fields=id&fields=name HTTP/1.1" status: 200 len: 405 time: 0.0327640
2026-07-10 22:40:41.820 10 INFO neutron.db.ovn_revision_numbers_db [None req-dd6023ab-865d-4ddc-b2c5-1bfd5aef458e ef28f2f2dacc47eeaaeb1082bf34af12 9cb486762a8d4fd6b2ec05e92b4782fb - - default default] Successfully bumped revision number for resource cc9d50bf-6a47-4f90-b315-0d86284e76ff (type: ports) to 2
2026-07-10 22:40:41.849 10 INFO neutron.db.ovn_revision_numbers_db [None req-dd6023ab-865d-4ddc-b2c5-1bfd5aef458e ef28f2f2dacc47eeaaeb1082bf34af12 9cb486762a8d4fd6b2ec05e92b4782fb - - default default] Successfully bumped revision number for resource ce23a845-1036-4be9-99e5-a6a7cf87973a (type: subnets) to 0
2026-07-10 22:40:41.862 10 INFO neutron.wsgi [None req-dd6023ab-865d-4ddc-b2c5-1bfd5aef458e ef28f2f2dacc47eeaaeb1082bf34af12 9cb486762a8d4fd6b2ec05e92b4782fb - - default default] 10.0.0.204 "POST /v2.0/subnets HTTP/1.1" status: 201 len: 801 time: 0.7347252
2026-07-10 22:40:41.941 9 INFO neutron.notifiers.nova [-] Nova event matching ['req-52ba22b9-e6ca-408d-bdb7-06fd0324b080'] response: {'server_uuid': '6f224f47-df30-4cfe-960b-be96ac2ee4d9', 'name': 'network-vif-plugged', 'status': 'completed', 'tag': '41c3fbc4-2a19-4fd1-925c-b343f2cbd5a7', 'code': 200}
2026-07-10 22:40:41.941 9 INFO neutron.notifiers.nova [-] Nova event matching ['req-52ba22b9-e6ca-408d-bdb7-06fd0324b080'] response: {'server_uuid': '6f224f47-df30-4cfe-960b-be96ac2ee4d9', 'name': 'network-vif-plugged', 'status': 'completed', 'tag': '41c3fbc4-2a19-4fd1-925c-b343f2cbd5a7', 'code': 200}
2026-07-10 22:40:41.941 9 INFO neutron.notifiers.nova [-] Nova event matching ['req-52ba22b9-e6ca-408d-bdb7-06fd0324b080'] response: {'name': 'network-changed', 'server_uuid': 'be44a70e-1681-4ad5-8722-f25745059088', 'tag': 'b09e6bce-86a1-4211-a981-9cc692be820f', 'status': 'completed', 'code': 200}
2026-07-10 22:40:42.002 10 INFO neutron.wsgi [req-53bb1d21-3c7f-4660-892b-5f8206dae933 req-7c163adb-c768-4b17-936d-e44f877e0924 22a11f2aee52441a97600a2652ab2395 90ed7444f26242b78cc632af72d440b0 - - a5783d9bcf4442cfab0eeeda87f0a75d a5783d9bcf4442cfab0eeeda87f0a75d] 199.19.213.114 "GET /v2.0/ports?tenant_id=62d37850935a40408647b8f1fc1daa42&device_id=be44a70e-1681-4ad5-8722-f25745059088 HTTP/1.1" status: 200 len: 1413 time: 0.0388772
2026-07-10 22:40:42.004 10 INFO neutron.db.segments_db [None req-6ff656a3-5f3f-4b1c-8a99-038515947518 ef28f2f2dacc47eeaaeb1082bf34af12 9cb486762a8d4fd6b2ec05e92b4782fb - - default default] Added segment c3d93115-d22a-40cc-a1d5-75262448dfb9 of type geneve for network 7a0285db-022b-44f0-a41d-a43077460fa4
2026-07-10 22:40:42.106 10 INFO neutron.wsgi [req-53bb1d21-3c7f-4660-892b-5f8206dae933 req-d173d938-4ae4-4592-9891-b600398fb306 22a11f2aee52441a97600a2652ab2395 90ed7444f26242b78cc632af72d440b0 - - a5783d9bcf4442cfab0eeeda87f0a75d a5783d9bcf4442cfab0eeeda87f0a75d] 199.19.213.114 "GET /v2.0/networks?id=6d5c585f-f89b-418f-b054-e2a4d48abfaf HTTP/1.1" status: 200 len: 959 time: 0.0979958
2026-07-10 22:40:42.174 10 INFO neutron.wsgi [req-53bb1d21-3c7f-4660-892b-5f8206dae933 req-aa49a431-357d-4046-b8a2-51248c13504b 22a11f2aee52441a97600a2652ab2395 90ed7444f26242b78cc632af72d440b0 - - a5783d9bcf4442cfab0eeeda87f0a75d a5783d9bcf4442cfab0eeeda87f0a75d] 199.19.213.114 "GET /v2.0/floatingips?fixed_ip_address=10.100.0.11&port_id=b09e6bce-86a1-4211-a981-9cc692be820f HTTP/1.1" status: 200 len: 1060 time: 0.0590706
2026-07-10 22:40:42.214 10 INFO neutron.db.ovn_revision_numbers_db [None req-6ff656a3-5f3f-4b1c-8a99-038515947518 ef28f2f2dacc47eeaaeb1082bf34af12 9cb486762a8d4fd6b2ec05e92b4782fb - - default default] Successfully bumped revision number for resource 7a0285db-022b-44f0-a41d-a43077460fa4 (type: networks) to 1
2026-07-10 22:40:42.229 10 INFO neutron.wsgi [req-53bb1d21-3c7f-4660-892b-5f8206dae933 req-e6c71c58-7423-4b71-b7c6-8f04d954eacf 22a11f2aee52441a97600a2652ab2395 90ed7444f26242b78cc632af72d440b0 - - a5783d9bcf4442cfab0eeeda87f0a75d a5783d9bcf4442cfab0eeeda87f0a75d] 199.19.213.114 "GET /v2.0/subnets?id=af732110-f923-4902-8653-64c962dd25bc HTTP/1.1" status: 200 len: 853 time: 0.0477338
2026-07-10 22:40:42.255 10 INFO neutron.wsgi [req-53bb1d21-3c7f-4660-892b-5f8206dae933 req-49e3185f-48f0-485b-965c-d7bfa1f779fd 22a11f2aee52441a97600a2652ab2395 90ed7444f26242b78cc632af72d440b0 - - a5783d9bcf4442cfab0eeeda87f0a75d a5783d9bcf4442cfab0eeeda87f0a75d] 199.19.213.114 "GET /v2.0/ports?network_id=6d5c585f-f89b-418f-b054-e2a4d48abfaf&device_owner=network%3Adhcp HTTP/1.1" status: 200 len: 210 time: 0.0183334
2026-07-10 22:40:42.349 10 INFO neutron.wsgi [req-53bb1d21-3c7f-4660-892b-5f8206dae933 req-c7914c82-3a3e-49e2-87c1-15a108bda623 22a11f2aee52441a97600a2652ab2395 90ed7444f26242b78cc632af72d440b0 - - a5783d9bcf4442cfab0eeeda87f0a75d a5783d9bcf4442cfab0eeeda87f0a75d] 199.19.213.114 "GET /v2.0/networks/6d5c585f-f89b-418f-b054-e2a4d48abfaf?fields=segments HTTP/1.1" status: 200 len: 212 time: 0.0858536
2026-07-10 22:40:42.433 10 INFO neutron.wsgi [req-53bb1d21-3c7f-4660-892b-5f8206dae933 req-b40a82e8-fc22-4bdd-ab8b-604e23eae5aa 22a11f2aee52441a97600a2652ab2395 90ed7444f26242b78cc632af72d440b0 - - a5783d9bcf4442cfab0eeeda87f0a75d a5783d9bcf4442cfab0eeeda87f0a75d] 199.19.213.114 "GET /v2.0/networks/6d5c585f-f89b-418f-b054-e2a4d48abfaf?fields=provider%3Aphysical_network&fields=provider%3Anetwork_type HTTP/1.1" status: 200 len: 277 time: 0.0770452
2026-07-10 22:40:42.436 10 WARNING neutron.scheduler.dhcp_agent_scheduler [None req-6ff656a3-5f3f-4b1c-8a99-038515947518 ef28f2f2dacc47eeaaeb1082bf34af12 9cb486762a8d4fd6b2ec05e92b4782fb - - default default] No more DHCP agents
2026-07-10 22:40:42.438 10 WARNING neutron.api.rpc.agentnotifiers.dhcp_rpc_agent_api [None req-6ff656a3-5f3f-4b1c-8a99-038515947518 ef28f2f2dacc47eeaaeb1082bf34af12 9cb486762a8d4fd6b2ec05e92b4782fb - - default default] Unable to schedule network 7a0285db-022b-44f0-a41d-a43077460fa4: no agents available; will retry on subsequent port and subnet creation events.
2026-07-10 22:40:42.519 10 INFO neutron.db.ovn_revision_numbers_db [None req-6ff656a3-5f3f-4b1c-8a99-038515947518 ef28f2f2dacc47eeaaeb1082bf34af12 9cb486762a8d4fd6b2ec05e92b4782fb - - default default] Successfully bumped revision number for resource b37b2b2d-e297-4992-9e7a-1cef3cf7051c (type: ports) to 1
2026-07-10 22:40:42.542 10 INFO neutron.wsgi [None req-6ff656a3-5f3f-4b1c-8a99-038515947518 ef28f2f2dacc47eeaaeb1082bf34af12 9cb486762a8d4fd6b2ec05e92b4782fb - - default default] 10.0.0.204 "POST /v2.0/networks HTTP/1.1" status: 201 len: 831 time: 0.6739814
2026-07-10 22:40:42.701 9 INFO neutron.wsgi [req-f188a573-1681-46e5-88ae-83870ffa8cdd req-79ce5b7f-291d-4e61-9cff-6fb8d1b18dcc a02f6e8bc4ff4c9592bf56a382acba57 c6d79cd9e2bc458eb247a9ec8e70ed38 - - default default] 10.0.0.191 "GET /v2.0/ports?device_id=6f224f47-df30-4cfe-960b-be96ac2ee4d9 HTTP/1.1" status: 200 len: 1210 time: 0.0417008
2026-07-10 22:40:42.756 9 INFO neutron.wsgi [req-f188a573-1681-46e5-88ae-83870ffa8cdd req-aa02e037-9458-4003-a431-73ef44142e35 a02f6e8bc4ff4c9592bf56a382acba57 c6d79cd9e2bc458eb247a9ec8e70ed38 - - default default] 10.0.0.191 "GET /v2.0/security-groups?id=6334c5c1-3920-4454-8ead-df36b9caf203&id=74968b9f-460c-433a-bfa3-17ec8dcc4868&fields=id&fields=name HTTP/1.1" status: 200 len: 405 time: 0.0457850
2026-07-10 22:40:42.793 10 WARNING neutron.scheduler.dhcp_agent_scheduler [None req-8f8f82f7-531d-45dc-b092-37d8d7021715 ef28f2f2dacc47eeaaeb1082bf34af12 9cb486762a8d4fd6b2ec05e92b4782fb - - default default] No more DHCP agents
2026-07-10 22:40:42.795 10 WARNING neutron.api.rpc.agentnotifiers.dhcp_rpc_agent_api [None req-8f8f82f7-531d-45dc-b092-37d8d7021715 ef28f2f2dacc47eeaaeb1082bf34af12 9cb486762a8d4fd6b2ec05e92b4782fb - - default default] Unable to schedule network 7a0285db-022b-44f0-a41d-a43077460fa4: no agents available; will retry on subsequent port and subnet creation events.
2026-07-10 22:40:42.854 9 INFO neutron.wsgi [req-6c9007ec-b2b5-465f-8f80-964c754bec99 req-7af680ed-f694-4ae2-966f-71a3cd06d116 a02f6e8bc4ff4c9592bf56a382acba57 c6d79cd9e2bc458eb247a9ec8e70ed38 - - default default] 10.0.0.191 "GET /v2.0/ports?device_id=6f224f47-df30-4cfe-960b-be96ac2ee4d9 HTTP/1.1" status: 200 len: 1210 time: 0.0394883
2026-07-10 22:40:43.101 9 INFO neutron.db.l3_db [None req-b2986b71-fb69-4af8-9b08-1a281bc19ce4 a02f6e8bc4ff4c9592bf56a382acba57 c6d79cd9e2bc458eb247a9ec8e70ed38 - - default default] Floating IP 9a16f6e8-d6ec-4622-bd97-e5d84d3d3cf2 associated. External IP: 10.96.250.213, port: 41c3fbc4-2a19-4fd1-925c-b343f2cbd5a7.
2026-07-10 22:40:43.234 10 INFO neutron.db.ovn_revision_numbers_db [None req-8f8f82f7-531d-45dc-b092-37d8d7021715 ef28f2f2dacc47eeaaeb1082bf34af12 9cb486762a8d4fd6b2ec05e92b4782fb - - default default] Successfully bumped revision number for resource b37b2b2d-e297-4992-9e7a-1cef3cf7051c (type: ports) to 2
2026-07-10 22:40:43.288 10 INFO neutron.db.ovn_revision_numbers_db [None req-8f8f82f7-531d-45dc-b092-37d8d7021715 ef28f2f2dacc47eeaaeb1082bf34af12 9cb486762a8d4fd6b2ec05e92b4782fb - - default default] Successfully bumped revision number for resource 1c8ec2e5-0bfb-4a65-9660-f109f740b854 (type: subnets) to 0
2026-07-10 22:40:43.306 9 INFO neutron.db.ovn_revision_numbers_db [None req-b2986b71-fb69-4af8-9b08-1a281bc19ce4 a02f6e8bc4ff4c9592bf56a382acba57 c6d79cd9e2bc458eb247a9ec8e70ed38 - - default default] Successfully bumped revision number for resource 9a16f6e8-d6ec-4622-bd97-e5d84d3d3cf2 (type: floatingips) to 1
2026-07-10 22:40:43.310 10 INFO neutron.wsgi [None req-8f8f82f7-531d-45dc-b092-37d8d7021715 ef28f2f2dacc47eeaaeb1082bf34af12 9cb486762a8d4fd6b2ec05e92b4782fb - - default default] 10.0.0.204 "POST /v2.0/subnets HTTP/1.1" status: 201 len: 804 time: 0.7642391 /var/lib/openstack/lib/python3.10/site-packages/pycadf/identifier.py:71: UserWarning: Invalid uuid: neutron. To ensure interoperability, identifiers should be a valid uuid. warnings.warn(('Invalid uuid: %s. To ensure interoperability, '
2026-07-10 22:40:43.409 10 INFO neutron.db.segments_db [None req-2d1beda5-029e-4d0a-8b4c-8834fcac5451 ef28f2f2dacc47eeaaeb1082bf34af12 9cb486762a8d4fd6b2ec05e92b4782fb - - default default] Added segment 33ebb277-5063-4966-9e3b-68d3e1e5c9ee of type geneve for network 04b02b8a-828e-4756-8bf5-7aaaee0a43e9
2026-07-10 22:40:43.454 9 INFO neutron.db.ovn_revision_numbers_db [None req-b2986b71-fb69-4af8-9b08-1a281bc19ce4 a02f6e8bc4ff4c9592bf56a382acba57 c6d79cd9e2bc458eb247a9ec8e70ed38 - - default default] Successfully bumped revision number for resource 9a16f6e8-d6ec-4622-bd97-e5d84d3d3cf2 (type: floatingips) to 2
2026-07-10 22:40:43.479 9 INFO neutron.wsgi [None req-b2986b71-fb69-4af8-9b08-1a281bc19ce4 a02f6e8bc4ff4c9592bf56a382acba57 c6d79cd9e2bc458eb247a9ec8e70ed38 - - default default] 10.0.0.204 "PUT /v2.0/floatingips/9a16f6e8-d6ec-4622-bd97-e5d84d3d3cf2 HTTP/1.1" status: 200 len: 1049 time: 0.6152444
2026-07-10 22:40:43.573 10 INFO neutron.db.ovn_revision_numbers_db [None req-2d1beda5-029e-4d0a-8b4c-8834fcac5451 ef28f2f2dacc47eeaaeb1082bf34af12 9cb486762a8d4fd6b2ec05e92b4782fb - - default default] Successfully bumped revision number for resource 04b02b8a-828e-4756-8bf5-7aaaee0a43e9 (type: networks) to 1
2026-07-10 22:40:43.743 9 INFO neutron.wsgi [-] 10.0.0.184 "GET / HTTP/1.1" status: 200 len: 246 time: 0.0025938
2026-07-10 22:40:43.745 9 INFO neutron.wsgi [-] 10.0.0.184 "GET / HTTP/1.1" status: 200 len: 246 time: 0.0016494
2026-07-10 22:40:43.754 10 WARNING neutron.scheduler.dhcp_agent_scheduler [None req-2d1beda5-029e-4d0a-8b4c-8834fcac5451 ef28f2f2dacc47eeaaeb1082bf34af12 9cb486762a8d4fd6b2ec05e92b4782fb - - default default] No more DHCP agents
2026-07-10 22:40:43.757 10 WARNING neutron.api.rpc.agentnotifiers.dhcp_rpc_agent_api [None req-2d1beda5-029e-4d0a-8b4c-8834fcac5451 ef28f2f2dacc47eeaaeb1082bf34af12 9cb486762a8d4fd6b2ec05e92b4782fb - - default default] Unable to schedule network 04b02b8a-828e-4756-8bf5-7aaaee0a43e9: no agents available; will retry on subsequent port and subnet creation events.
2026-07-10 22:40:43.832 10 INFO neutron.db.ovn_revision_numbers_db [None req-2d1beda5-029e-4d0a-8b4c-8834fcac5451 ef28f2f2dacc47eeaaeb1082bf34af12 9cb486762a8d4fd6b2ec05e92b4782fb - - default default] Successfully bumped revision number for resource 2da4944d-24e8-46b2-bf4f-70be21827b18 (type: ports) to 1
