2026-07-10 22:39:39.210 10 INFO neutron.db.ovn_revision_numbers_db [None req-3246d54c-8b95-4a1e-bf85-bdd98d343f30 691875971cdd4385b21ad0e3e6472a71 bf5eae7494ef42b09a4210d25d83f668 - - default default] Successfully bumped revision number for resource aae34208-9c79-4945-a8e6-d84ccbf89834 (type: security_group_rules) to 0
2026-07-10 22:39:39.231 10 INFO neutron.wsgi [None req-3246d54c-8b95-4a1e-bf85-bdd98d343f30 691875971cdd4385b21ad0e3e6472a71 bf5eae7494ef42b09a4210d25d83f668 - - default default] 10.0.0.204 "POST /v2.0/security-groups HTTP/1.1" status: 201 len: 1761 time: 0.4872084
2026-07-10 22:39:39.239 9 INFO neutron.pecan_wsgi.hooks.translation [None req-eb468049-9df2-4ad7-acaf-873ed6d6c9b3 625d06df84644cc3b16d5b2c16459901 3b46af3ce01c4077962b06f0f8b990e6 - - default default] GET failed (client error): The resource could not be found.
2026-07-10 22:39:39.240 9 INFO neutron.wsgi [None req-eb468049-9df2-4ad7-acaf-873ed6d6c9b3 625d06df84644cc3b16d5b2c16459901 3b46af3ce01c4077962b06f0f8b990e6 - - default default] 10.0.0.204 "GET /v2.0/ports/f3b47a72-8b19-4ca8-9d47-e025b3ff7113 HTTP/1.1" status: 404 len: 333 time: 0.0258651
2026-07-10 22:39:39.289 9 INFO neutron.wsgi [None req-5f8efbdf-5248-468b-8bd2-e1e6ed9e5987 691875971cdd4385b21ad0e3e6472a71 bf5eae7494ef42b09a4210d25d83f668 - - default default] 10.0.0.204 "GET /v2.0/security-groups HTTP/1.1" status: 200 len: 4539 time: 0.0510325
2026-07-10 22:39:39.311 10 WARNING neutron.scheduler.dhcp_agent_scheduler [None req-229c3f7e-e739-47aa-9af1-f3235b2f9cd3 ddea35999f3348ad837111d1916d0727 fd30620ea75646df9857ca6dd87e7d72 - - default default] No more DHCP agents
2026-07-10 22:39:39.314 10 WARNING neutron.api.rpc.agentnotifiers.dhcp_rpc_agent_api [None req-229c3f7e-e739-47aa-9af1-f3235b2f9cd3 ddea35999f3348ad837111d1916d0727 fd30620ea75646df9857ca6dd87e7d72 - - default default] Unable to schedule network a89e52f8-93f5-4306-aff9-362ec217f434: no agents available; will retry on subsequent port and subnet creation events.
2026-07-10 22:39:39.320 9 INFO neutron.db.ovn_revision_numbers_db [None req-02fc94b2-ec9f-4d99-a211-2583bf7474d4 d90d98ef6b1f474a8d587172ef079103 40815495c0fd460fb24533b2656d1aed - - default default] Successfully bumped revision number for resource 04e79449-a180-4a12-adab-6d9d4c947135 (type: ports) to 1
2026-07-10 22:39:39.401 9 INFO neutron.db.ovn_revision_numbers_db [None req-263af62a-b5ab-42de-9389-7eb899a7ce47 691875971cdd4385b21ad0e3e6472a71 bf5eae7494ef42b09a4210d25d83f668 - - default default] Successfully bumped revision number for resource 80f80936-a568-4bb1-9164-88a9d4fb9fe5 (type: security_groups) to 2
2026-07-10 22:39:39.403 9 INFO neutron.wsgi [None req-263af62a-b5ab-42de-9389-7eb899a7ce47 691875971cdd4385b21ad0e3e6472a71 bf5eae7494ef42b09a4210d25d83f668 - - default default] 10.0.0.204 "PUT /v2.0/security-groups/80f80936-a568-4bb1-9164-88a9d4fb9fe5 HTTP/1.1" status: 200 len: 1794 time: 0.1082251
2026-07-10 22:39:39.413 10 INFO neutron.db.ovn_revision_numbers_db [None req-229c3f7e-e739-47aa-9af1-f3235b2f9cd3 ddea35999f3348ad837111d1916d0727 fd30620ea75646df9857ca6dd87e7d72 - - default default] Successfully bumped revision number for resource 73f51729-cdd4-4fa3-84d1-0af2e642613c (type: ports) to 1
2026-07-10 22:39:39.434 10 INFO neutron.wsgi [None req-229c3f7e-e739-47aa-9af1-f3235b2f9cd3 ddea35999f3348ad837111d1916d0727 fd30620ea75646df9857ca6dd87e7d72 - - default default] 10.0.0.204 "POST /v2.0/networks HTTP/1.1" status: 201 len: 928 time: 0.9104064
2026-07-10 22:39:39.446 10 INFO neutron.wsgi [None req-3ca38d0f-b9ea-4939-967c-5ce3843cd4c5 625d06df84644cc3b16d5b2c16459901 3b46af3ce01c4077962b06f0f8b990e6 - - default default] 10.0.0.204 "DELETE /v2.0/subnets/d9f25058-453a-49dc-a671-9631a0fa2541 HTTP/1.1" status: 204 len: 168 time: 0.2018499
2026-07-10 22:39:39.488 9 INFO neutron.wsgi [None req-b0ba057c-119c-4301-ac56-0efc2e847964 691875971cdd4385b21ad0e3e6472a71 bf5eae7494ef42b09a4210d25d83f668 - - default default] 10.0.0.204 "GET /v2.0/security-groups/80f80936-a568-4bb1-9164-88a9d4fb9fe5 HTTP/1.1" status: 200 len: 1794 time: 0.0790827
2026-07-10 22:39:39.591 10 INFO neutron.wsgi [None req-480901ed-7206-4b91-9700-b46c37e81bad 691875971cdd4385b21ad0e3e6472a71 bf5eae7494ef42b09a4210d25d83f668 - - default default] 10.0.0.204 "DELETE /v2.0/security-groups/80f80936-a568-4bb1-9164-88a9d4fb9fe5 HTTP/1.1" status: 204 len: 168 time: 0.0987465
2026-07-10 22:39:39.633 10 INFO neutron.wsgi [None req-50a69ec4-f535-4016-99f7-60890fe5e467 691875971cdd4385b21ad0e3e6472a71 bf5eae7494ef42b09a4210d25d83f668 - - default default] 10.0.0.204 "GET /v2.0/security-groups HTTP/1.1" status: 200 len: 2996 time: 0.0378544
2026-07-10 22:39:39.653 10 INFO neutron.api.v2.resource [None req-83a76dec-e1da-412d-9efa-9559ca9e8cb3 691875971cdd4385b21ad0e3e6472a71 bf5eae7494ef42b09a4210d25d83f668 - - default default] delete failed (client error): The resource could not be found.
2026-07-10 22:39:39.654 10 INFO neutron.wsgi [None req-83a76dec-e1da-412d-9efa-9559ca9e8cb3 691875971cdd4385b21ad0e3e6472a71 bf5eae7494ef42b09a4210d25d83f668 - - default default] 10.0.0.204 "DELETE /v2.0/security-groups/80f80936-a568-4bb1-9164-88a9d4fb9fe5 HTTP/1.1" status: 404 len: 347 time: 0.0159609
2026-07-10 22:39:39.760 9 WARNING neutron.scheduler.dhcp_agent_scheduler [None req-62e8e147-4bda-4bb8-81a5-0ac3db9e15c6 ddea35999f3348ad837111d1916d0727 fd30620ea75646df9857ca6dd87e7d72 - - default default] No more DHCP agents
2026-07-10 22:39:39.764 10 INFO neutron.db.ovn_revision_numbers_db [None req-851095f7-e72b-40f3-b811-442089b64c73 691875971cdd4385b21ad0e3e6472a71 bf5eae7494ef42b09a4210d25d83f668 - - default default] Successfully bumped revision number for resource 8453f965-76c3-4be5-a1d8-c6e047e01a34 (type: security_groups) to 1
2026-07-10 22:39:39.766 9 WARNING neutron.api.rpc.agentnotifiers.dhcp_rpc_agent_api [None req-62e8e147-4bda-4bb8-81a5-0ac3db9e15c6 ddea35999f3348ad837111d1916d0727 fd30620ea75646df9857ca6dd87e7d72 - - default default] Unable to schedule network a89e52f8-93f5-4306-aff9-362ec217f434: no agents available; will retry on subsequent port and subnet creation events.
2026-07-10 22:39:39.778 10 INFO neutron.db.ovn_revision_numbers_db [None req-851095f7-e72b-40f3-b811-442089b64c73 691875971cdd4385b21ad0e3e6472a71 bf5eae7494ef42b09a4210d25d83f668 - - default default] Successfully bumped revision number for resource 8b322460-5e56-43bc-82ba-ee6697d6a401 (type: security_group_rules) to 0
2026-07-10 22:39:39.793 10 INFO neutron.db.ovn_revision_numbers_db [None req-851095f7-e72b-40f3-b811-442089b64c73 691875971cdd4385b21ad0e3e6472a71 bf5eae7494ef42b09a4210d25d83f668 - - default default] Successfully bumped revision number for resource e4dcf854-d925-46c3-849d-295352c3c444 (type: security_group_rules) to 0
2026-07-10 22:39:39.811 10 INFO neutron.wsgi [None req-851095f7-e72b-40f3-b811-442089b64c73 691875971cdd4385b21ad0e3e6472a71 bf5eae7494ef42b09a4210d25d83f668 - - default default] 10.0.0.204 "POST /v2.0/security-groups HTTP/1.1" status: 201 len: 1761 time: 0.1503515
2026-07-10 22:39:39.915 10 INFO neutron.db.ovn_revision_numbers_db [None req-e9376fea-ddc9-47c2-8a12-2328c203026c 691875971cdd4385b21ad0e3e6472a71 bf5eae7494ef42b09a4210d25d83f668 - - default default] Successfully bumped revision number for resource 3d348fec-ec66-40b8-841c-78daa8dbea34 (type: security_group_rules) to 0
2026-07-10 22:39:39.938 10 INFO neutron.wsgi [None req-e9376fea-ddc9-47c2-8a12-2328c203026c 691875971cdd4385b21ad0e3e6472a71 bf5eae7494ef42b09a4210d25d83f668 - - default default] 10.0.0.204 "POST /v2.0/security-group-rules HTTP/1.1" status: 201 len: 768 time: 0.1222365
2026-07-10 22:39:39.948 9 INFO neutron.plugins.ml2.drivers.ovn.mech_driver.mech_driver [None req-f2c7eec2-11f6-45df-bbd1-57dc96077e51 - - - - - -] OVN reports status up for port: 04e79449-a180-4a12-adab-6d9d4c947135
2026-07-10 22:39:39.959 10 INFO neutron.wsgi [None req-27f7a90c-086a-4483-acc4-8b17d01b2f3b 691875971cdd4385b21ad0e3e6472a71 bf5eae7494ef42b09a4210d25d83f668 - - default default] 10.0.0.204 "GET /v2.0/security-group-rules/3d348fec-ec66-40b8-841c-78daa8dbea34 HTTP/1.1" status: 200 len: 763 time: 0.0155234
2026-07-10 22:39:39.979 9 INFO neutron.plugins.ml2.plugin [None req-f2c7eec2-11f6-45df-bbd1-57dc96077e51 - - - - - -] Attempt 1 to provision port 04e79449-a180-4a12-adab-6d9d4c947135
2026-07-10 22:39:39.998 10 INFO neutron.wsgi [None req-8a71f9ec-62bf-411e-b8df-3918fafd60e1 691875971cdd4385b21ad0e3e6472a71 bf5eae7494ef42b09a4210d25d83f668 - - default default] 10.0.0.204 "GET /v2.0/security-group-rules HTTP/1.1" status: 200 len: 4113 time: 0.0357409
2026-07-10 22:39:40.023 9 INFO neutron.db.ovn_revision_numbers_db [None req-02fc94b2-ec9f-4d99-a211-2583bf7474d4 d90d98ef6b1f474a8d587172ef079103 40815495c0fd460fb24533b2656d1aed - - default default] Successfully bumped revision number for resource 04e79449-a180-4a12-adab-6d9d4c947135 (type: router_ports) to 1
2026-07-10 22:39:40.108 10 INFO neutron.wsgi [None req-a02883fa-07b1-45a7-bfd3-aae87ba6d147 691875971cdd4385b21ad0e3e6472a71 bf5eae7494ef42b09a4210d25d83f668 - - default default] 10.0.0.204 "DELETE /v2.0/security-group-rules/3d348fec-ec66-40b8-841c-78daa8dbea34 HTTP/1.1" status: 204 len: 168 time: 0.1031547
2026-07-10 22:39:40.130 9 INFO neutron.services.segments.plugin [-] Segment bf78e81b-ab22-4954-ac2f-278c0f8d24df resource provider aggregate not found
2026-07-10 22:39:40.147 10 INFO neutron.wsgi [None req-1f1a83b3-79e4-4ddd-8da6-bcdca4e4e0e4 691875971cdd4385b21ad0e3e6472a71 bf5eae7494ef42b09a4210d25d83f668 - - default default] 10.0.0.204 "GET /v2.0/security-group-rules HTTP/1.1" status: 200 len: 3567 time: 0.0346968
2026-07-10 22:39:40.149 9 INFO neutron.services.segments.plugin [-] Segment bf78e81b-ab22-4954-ac2f-278c0f8d24df resource provider aggregate not found
2026-07-10 22:39:40.163 9 INFO neutron.services.segments.plugin [-] Segment bf78e81b-ab22-4954-ac2f-278c0f8d24df resource provider not found; error: Placement Client Error (4xx): {"errors": [{"status": 404, "title": "Not Found", "detail": "The resource could not be found.\n\n No resource provider with uuid bf78e81b-ab22-4954-ac2f-278c0f8d24df found for delete ", "request_id": "req-caaf2968-19ea-4a64-90b7-69e01469805c"}]}
2026-07-10 22:39:40.172 9 INFO neutron.services.segments.plugin [-] Segment bf78e81b-ab22-4954-ac2f-278c0f8d24df resource provider not found; error: Placement Client Error (4xx): {"errors": [{"status": 404, "title": "Not Found", "detail": "The resource could not be found.\n\n No resource provider with uuid bf78e81b-ab22-4954-ac2f-278c0f8d24df found for delete ", "request_id": "req-a47f5244-fd3d-405f-be0b-ac419e132e77"}]}
2026-07-10 22:39:40.236 9 INFO neutron.wsgi [None req-8affd9ee-38ff-4175-81f3-c8fce496e24a 625d06df84644cc3b16d5b2c16459901 3b46af3ce01c4077962b06f0f8b990e6 - - default default] 10.0.0.204 "DELETE /v2.0/networks/b458facd-e2e6-426e-b446-5ebaaebbee58 HTTP/1.1" status: 204 len: 168 time: 0.7819669
2026-07-10 22:39:40.289 10 INFO neutron.db.ovn_revision_numbers_db [None req-01f2d56c-0401-4f14-a648-e20d26f61299 691875971cdd4385b21ad0e3e6472a71 bf5eae7494ef42b09a4210d25d83f668 - - default default] Successfully bumped revision number for resource c1254080-fd37-4829-9b6d-322314b47d36 (type: security_group_rules) to 0
2026-07-10 22:39:40.332 10 INFO neutron.wsgi [None req-01f2d56c-0401-4f14-a648-e20d26f61299 691875971cdd4385b21ad0e3e6472a71 bf5eae7494ef42b09a4210d25d83f668 - - default default] 10.0.0.204 "POST /v2.0/security-group-rules HTTP/1.1" status: 201 len: 768 time: 0.1785333
2026-07-10 22:39:40.355 10 INFO neutron.wsgi [None req-bd8ca587-d6cf-46cb-b897-204b80d310a6 691875971cdd4385b21ad0e3e6472a71 bf5eae7494ef42b09a4210d25d83f668 - - default default] 10.0.0.204 "GET /v2.0/security-group-rules/c1254080-fd37-4829-9b6d-322314b47d36 HTTP/1.1" status: 200 len: 763 time: 0.0178342
2026-07-10 22:39:40.386 9 INFO neutron.db.ovn_revision_numbers_db [None req-02fc94b2-ec9f-4d99-a211-2583bf7474d4 d90d98ef6b1f474a8d587172ef079103 40815495c0fd460fb24533b2656d1aed - - default default] Successfully bumped revision number for resource 04e79449-a180-4a12-adab-6d9d4c947135 (type: ports) to 1
2026-07-10 22:39:40.403 10 INFO neutron.wsgi [None req-baee8cde-fe6a-4cae-bb2d-b79d6f62cd69 691875971cdd4385b21ad0e3e6472a71 bf5eae7494ef42b09a4210d25d83f668 - - default default] 10.0.0.204 "GET /v2.0/security-group-rules HTTP/1.1" status: 200 len: 4113 time: 0.0387108
2026-07-10 22:39:40.525 10 WARNING neutron.scheduler.dhcp_agent_scheduler [None req-dcdb512c-572b-4230-8a7d-2f1f29ca04de 625d06df84644cc3b16d5b2c16459901 3b46af3ce01c4077962b06f0f8b990e6 - - default default] No more DHCP agents
2026-07-10 22:39:40.529 10 WARNING neutron.api.rpc.agentnotifiers.dhcp_rpc_agent_api [None req-dcdb512c-572b-4230-8a7d-2f1f29ca04de 625d06df84644cc3b16d5b2c16459901 3b46af3ce01c4077962b06f0f8b990e6 - - default default] Unable to schedule network 66f72cc5-cac4-4476-82b3-b55afca6ac95: no agents available; will retry on subsequent port and subnet creation events.
2026-07-10 22:39:40.529 9 WARNING neutron.scheduler.dhcp_agent_scheduler [None req-02fc94b2-ec9f-4d99-a211-2583bf7474d4 d90d98ef6b1f474a8d587172ef079103 40815495c0fd460fb24533b2656d1aed - - default default] No more DHCP agents
2026-07-10 22:39:40.534 9 WARNING neutron.api.rpc.agentnotifiers.dhcp_rpc_agent_api [None req-02fc94b2-ec9f-4d99-a211-2583bf7474d4 d90d98ef6b1f474a8d587172ef079103 40815495c0fd460fb24533b2656d1aed - - default default] Unable to schedule network 75846349-3d5a-4ff7-9085-57ebf80098ed: no agents available; will retry on subsequent port and subnet creation events.
2026-07-10 22:39:40.615 10 INFO neutron.wsgi [None req-fe36c23d-ed52-4a64-87df-012076736285 691875971cdd4385b21ad0e3e6472a71 bf5eae7494ef42b09a4210d25d83f668 - - default default] 10.0.0.204 "DELETE /v2.0/security-group-rules/c1254080-fd37-4829-9b6d-322314b47d36 HTTP/1.1" status: 204 len: 168 time: 0.2066758
2026-07-10 22:39:40.630 9 INFO neutron.db.ovn_revision_numbers_db [None req-f2c7eec2-11f6-45df-bbd1-57dc96077e51 - - - - - -] Successfully bumped revision number for resource 04e79449-a180-4a12-adab-6d9d4c947135 (type: ports) to 2 /var/lib/openstack/lib/python3.10/site-packages/pycadf/identifier.py:71: UserWarning: Invalid uuid: neutron. To ensure interoperability, identifiers should be a valid uuid. warnings.warn(('Invalid uuid: %s. To ensure interoperability, '
2026-07-10 22:39:40.646 10 INFO neutron.db.ovn_revision_numbers_db [None req-dcdb512c-572b-4230-8a7d-2f1f29ca04de 625d06df84644cc3b16d5b2c16459901 3b46af3ce01c4077962b06f0f8b990e6 - - default default] Successfully bumped revision number for resource 3c6203c4-bd75-4fff-bf86-23644f52d532 (type: ports) to 1
2026-07-10 22:39:40.671 10 INFO neutron.wsgi [None req-dd17697d-466a-494f-85a1-4b5e90dad807 691875971cdd4385b21ad0e3e6472a71 bf5eae7494ef42b09a4210d25d83f668 - - default default] 10.0.0.204 "GET /v2.0/security-group-rules HTTP/1.1" status: 200 len: 3567 time: 0.0436139
2026-07-10 22:39:40.673 10 INFO neutron.wsgi [None req-dcdb512c-572b-4230-8a7d-2f1f29ca04de 625d06df84644cc3b16d5b2c16459901 3b46af3ce01c4077962b06f0f8b990e6 - - default default] 10.0.0.204 "POST /v2.0/ports HTTP/1.1" status: 201 len: 977 time: 0.4298244
2026-07-10 22:39:40.711 10 INFO neutron.db.securitygroups_db [None req-81d12acf-d161-40dc-a2a0-3d5f6b4ad038 691875971cdd4385b21ad0e3e6472a71 bf5eae7494ef42b09a4210d25d83f668 - - default default] Project bf5eae7494ef42b09a4210d25d83f668 added a security group rule with legacy IPv6 ICMP protocol name icmp, ipv6-icmp should be used instead. It was automatically converted.
2026-07-10 22:39:40.790 9 INFO neutron.db.ovn_revision_numbers_db [None req-62e8e147-4bda-4bb8-81a5-0ac3db9e15c6 ddea35999f3348ad837111d1916d0727 fd30620ea75646df9857ca6dd87e7d72 - - default default] Successfully bumped revision number for resource 73f51729-cdd4-4fa3-84d1-0af2e642613c (type: ports) to 2
2026-07-10 22:39:40.843 10 INFO neutron.db.ovn_revision_numbers_db [None req-81d12acf-d161-40dc-a2a0-3d5f6b4ad038 691875971cdd4385b21ad0e3e6472a71 bf5eae7494ef42b09a4210d25d83f668 - - default default] Successfully bumped revision number for resource 2c3604e3-3027-40cb-8f79-5642920d66cf (type: security_group_rules) to 0
2026-07-10 22:39:40.858 9 INFO neutron.db.ovn_revision_numbers_db [None req-62e8e147-4bda-4bb8-81a5-0ac3db9e15c6 ddea35999f3348ad837111d1916d0727 fd30620ea75646df9857ca6dd87e7d72 - - default default] Successfully bumped revision number for resource e838d33a-6e90-4394-ab27-90d23b6bbaad (type: subnets) to 0
2026-07-10 22:39:40.863 9 INFO neutron.db.ovn_revision_numbers_db [None req-f2c7eec2-11f6-45df-bbd1-57dc96077e51 - - - - - -] Successfully bumped revision number for resource 04e79449-a180-4a12-adab-6d9d4c947135 (type: router_ports) to 2
2026-07-10 22:39:40.877 9 INFO neutron.db.ovn_revision_numbers_db [None req-02fc94b2-ec9f-4d99-a211-2583bf7474d4 d90d98ef6b1f474a8d587172ef079103 40815495c0fd460fb24533b2656d1aed - - default default] Successfully bumped revision number for resource 04e79449-a180-4a12-adab-6d9d4c947135 (type: router_ports) to 2
2026-07-10 22:39:40.879 9 INFO neutron.wsgi [None req-02fc94b2-ec9f-4d99-a211-2583bf7474d4 d90d98ef6b1f474a8d587172ef079103 40815495c0fd460fb24533b2656d1aed - - default default] 10.0.0.204 "PUT /v2.0/routers/aa1be2d4-c5d2-4b08-abdc-fa133157ec7a/add_router_interface HTTP/1.1" status: 200 len: 503 time: 2.4260221
2026-07-10 22:39:40.882 9 INFO neutron.wsgi [None req-62e8e147-4bda-4bb8-81a5-0ac3db9e15c6 ddea35999f3348ad837111d1916d0727 fd30620ea75646df9857ca6dd87e7d72 - - default default] 10.0.0.204 "POST /v2.0/subnets HTTP/1.1" status: 201 len: 819 time: 1.4409776 /var/lib/openstack/lib/python3.10/site-packages/pycadf/identifier.py:71: UserWarning: Invalid uuid: neutron. To ensure interoperability, identifiers should be a valid uuid. warnings.warn(('Invalid uuid: %s. To ensure interoperability, '
2026-07-10 22:39:40.897 10 WARNING neutron.api.v2.base [None req-05a1e675-185a-418a-bbd5-adf1734c3eb1 ddea35999f3348ad837111d1916d0727 fd30620ea75646df9857ca6dd87e7d72 - - default default] An exception happened while processing the request body. The exception message is [Invalid input for target_tenant. Reason: 'None' is not a valid string.].: webob.exc.HTTPBadRequest: Invalid input for target_tenant. Reason: 'None' is not a valid string.
2026-07-10 22:39:40.897 10 INFO neutron.api.v2.resource [None req-05a1e675-185a-418a-bbd5-adf1734c3eb1 ddea35999f3348ad837111d1916d0727 fd30620ea75646df9857ca6dd87e7d72 - - default default] create failed (client error): Invalid input for target_tenant. Reason: 'None' is not a valid string.
2026-07-10 22:39:40.898 10 INFO neutron.wsgi [None req-05a1e675-185a-418a-bbd5-adf1734c3eb1 ddea35999f3348ad837111d1916d0727 fd30620ea75646df9857ca6dd87e7d72 - - default default] 10.0.0.204 "POST /v2.0/rbac-policies HTTP/1.1" status: 400 len: 346 time: 0.0085540
2026-07-10 22:39:40.907 10 INFO neutron.wsgi [None req-81d12acf-d161-40dc-a2a0-3d5f6b4ad038 691875971cdd4385b21ad0e3e6472a71 bf5eae7494ef42b09a4210d25d83f668 - - default default] 10.0.0.204 "POST /v2.0/security-group-rules HTTP/1.1" status: 201 len: 774 time: 0.2294648
2026-07-10 22:39:40.922 10 INFO neutron.plugins.ml2.drivers.ovn.mech_driver.mech_driver [None req-91e74f53-8d12-4ac6-a454-caadeb78ab05 - - - - - -] OVN reports status down for port: 3c6203c4-bd75-4fff-bf86-23644f52d532
2026-07-10 22:39:40.923 9 INFO neutron.wsgi [None req-320574c9-8c72-4053-ae06-d81090463cfb d90d98ef6b1f474a8d587172ef079103 40815495c0fd460fb24533b2656d1aed - - default default] 10.0.0.204 "GET /v2.0/ports/04e79449-a180-4a12-adab-6d9d4c947135 HTTP/1.1" status: 200 len: 1137 time: 0.0385911
2026-07-10 22:39:40.947 10 INFO neutron.wsgi [None req-1115523a-91fa-4c73-9e23-f37e5fdd02a9 691875971cdd4385b21ad0e3e6472a71 bf5eae7494ef42b09a4210d25d83f668 - - default default] 10.0.0.204 "GET /v2.0/security-group-rules/2c3604e3-3027-40cb-8f79-5642920d66cf HTTP/1.1" status: 200 len: 769 time: 0.0358386
2026-07-10 22:39:40.990 10 INFO neutron.db.ovn_revision_numbers_db [None req-072ae3f7-b913-4f60-9db5-57929f4e3751 625d06df84644cc3b16d5b2c16459901 3b46af3ce01c4077962b06f0f8b990e6 - - default default] Successfully bumped revision number for resource 3c6203c4-bd75-4fff-bf86-23644f52d532 (type: ports) to 2
2026-07-10 22:39:41.014 10 INFO neutron.wsgi [None req-0a8a57b8-115e-4a7e-a145-1e3a0bf16c74 691875971cdd4385b21ad0e3e6472a71 bf5eae7494ef42b09a4210d25d83f668 - - default default] 10.0.0.204 "GET /v2.0/security-group-rules HTTP/1.1" status: 200 len: 4119 time: 0.0558882
2026-07-10 22:39:41.028 10 INFO neutron.wsgi [None req-072ae3f7-b913-4f60-9db5-57929f4e3751 625d06df84644cc3b16d5b2c16459901 3b46af3ce01c4077962b06f0f8b990e6 - - default default] 10.0.0.204 "PUT /v2.0/ports/3c6203c4-bd75-4fff-bf86-23644f52d532 HTTP/1.1" status: 200 len: 946 time: 0.3504212
2026-07-10 22:39:41.273 10 INFO neutron.wsgi [None req-33ea096e-6abc-4785-a7b1-d7827b65cdfd 691875971cdd4385b21ad0e3e6472a71 bf5eae7494ef42b09a4210d25d83f668 - - default default] 10.0.0.204 "DELETE /v2.0/security-group-rules/2c3604e3-3027-40cb-8f79-5642920d66cf HTTP/1.1" status: 204 len: 168 time: 0.2500715
2026-07-10 22:39:41.341 10 INFO neutron.wsgi [None req-28ae6aed-a935-4a56-a978-2ba02791c7a2 691875971cdd4385b21ad0e3e6472a71 bf5eae7494ef42b09a4210d25d83f668 - - default default] 10.0.0.204 "GET /v2.0/security-group-rules HTTP/1.1" status: 200 len: 3567 time: 0.0639915
2026-07-10 22:39:41.375 10 INFO neutron.wsgi [None req-227f388a-a30c-4196-aa8a-e4ae74f7a118 625d06df84644cc3b16d5b2c16459901 3b46af3ce01c4077962b06f0f8b990e6 - - default default] 10.0.0.204 "DELETE /v2.0/ports/3c6203c4-bd75-4fff-bf86-23644f52d532 HTTP/1.1" status: 204 len: 168 time: 0.3385265
2026-07-10 22:39:41.510 9 INFO neutron.wsgi [None req-c44c0c60-6e02-4a85-80e7-bab8f156a82b 625d06df84644cc3b16d5b2c16459901 3b46af3ce01c4077962b06f0f8b990e6 - - default default] 10.0.0.204 "GET /v2.0/ports HTTP/1.1" status: 200 len: 1733 time: 0.1305490
2026-07-10 22:39:41.532 10 INFO neutron.pecan_wsgi.hooks.translation [None req-140145a4-d6f7-41c2-8d51-77d2804d5af7 625d06df84644cc3b16d5b2c16459901 3b46af3ce01c4077962b06f0f8b990e6 - - default default] GET failed (client error): The resource could not be found.
2026-07-10 22:39:41.534 10 INFO neutron.wsgi [None req-140145a4-d6f7-41c2-8d51-77d2804d5af7 625d06df84644cc3b16d5b2c16459901 3b46af3ce01c4077962b06f0f8b990e6 - - default default] 10.0.0.204 "GET /v2.0/ports/3c6203c4-bd75-4fff-bf86-23644f52d532 HTTP/1.1" status: 404 len: 333 time: 0.0186830
2026-07-10 22:39:41.584 9 INFO neutron.wsgi [None req-cc3b201e-3b0f-4cc6-ba9a-5905de49bda3 691875971cdd4385b21ad0e3e6472a71 bf5eae7494ef42b09a4210d25d83f668 - - default default] 10.0.0.204 "DELETE /v2.0/security-groups/8453f965-76c3-4be5-a1d8-c6e047e01a34 HTTP/1.1" status: 204 len: 168 time: 0.2372921
2026-07-10 22:39:41.616 10 INFO neutron.services.segments.plugin [-] Segment bb5bc901-4556-45fe-a722-4970c5b2edcc resource provider aggregate not found
2026-07-10 22:39:41.620 10 INFO neutron.services.segments.plugin [-] Segment bb5bc901-4556-45fe-a722-4970c5b2edcc resource provider aggregate not found
2026-07-10 22:39:41.638 9 INFO neutron.wsgi [None req-aed30154-b331-4148-85a3-3bebaf88a798 691875971cdd4385b21ad0e3e6472a71 bf5eae7494ef42b09a4210d25d83f668 - - default default] 10.0.0.204 "GET /v2.0/security-groups HTTP/1.1" status: 200 len: 2996 time: 0.0487247
2026-07-10 22:39:41.641 10 INFO neutron.services.segments.plugin [-] Segment bb5bc901-4556-45fe-a722-4970c5b2edcc resource provider not found; error: Placement Client Error (4xx): {"errors": [{"status": 404, "title": "Not Found", "detail": "The resource could not be found.\n\n No resource provider with uuid bb5bc901-4556-45fe-a722-4970c5b2edcc found for delete ", "request_id": "req-0c66bbf2-812b-4b11-ac2f-dd679b7b656b"}]}
2026-07-10 22:39:41.649 10 INFO neutron.services.segments.plugin [-] Segment bb5bc901-4556-45fe-a722-4970c5b2edcc resource provider not found; error: Placement Client Error (4xx): {"errors": [{"status": 404, "title": "Not Found", "detail": "The resource could not be found.\n\n No resource provider with uuid bb5bc901-4556-45fe-a722-4970c5b2edcc found for delete ", "request_id": "req-8ba1582b-4c83-4500-b1a2-29f6175a4e40"}]}
2026-07-10 22:39:41.670 10 INFO neutron.wsgi [None req-172cd09e-c3ac-4472-a112-f65ed981b388 625d06df84644cc3b16d5b2c16459901 3b46af3ce01c4077962b06f0f8b990e6 - - default default] 10.0.0.204 "GET /v2.0/ports HTTP/1.1" status: 200 len: 1733 time: 0.1295874
2026-07-10 22:39:41.675 10 INFO neutron.wsgi [None req-631d2cad-e887-432e-a1d5-15c43c42b368 ddea35999f3348ad837111d1916d0727 fd30620ea75646df9857ca6dd87e7d72 - - default default] 10.0.0.204 "DELETE /v2.0/networks/a89e52f8-93f5-4306-aff9-362ec217f434 HTTP/1.1" status: 204 len: 168 time: 0.7719009
2026-07-10 22:39:41.710 9 INFO neutron.wsgi [None req-064d4a29-bc7b-4b05-b1b2-a5a1a5265aed 691875971cdd4385b21ad0e3e6472a71 bf5eae7494ef42b09a4210d25d83f668 - - default default] 10.0.0.204 "GET /v2.0/security-groups HTTP/1.1" status: 200 len: 2996 time: 0.0634317
2026-07-10 22:39:41.728 9 WARNING neutron.scheduler.dhcp_agent_scheduler [None req-e5ad81a2-897b-4fa1-8296-14a6c66b41d0 d90d98ef6b1f474a8d587172ef079103 40815495c0fd460fb24533b2656d1aed - - default default] No more DHCP agents
2026-07-10 22:39:41.734 9 INFO neutron.wsgi [None req-62dac622-8a22-496d-b2be-aed1f29f90d9 625d06df84644cc3b16d5b2c16459901 3b46af3ce01c4077962b06f0f8b990e6 - - default default] 10.0.0.204 "GET /v2.0/ports/e0468874-b9f3-45ae-8776-9f4b7e08fff9 HTTP/1.1" status: 200 len: 973 time: 0.0556440
2026-07-10 22:39:41.735 9 WARNING neutron.api.rpc.agentnotifiers.dhcp_rpc_agent_api [None req-e5ad81a2-897b-4fa1-8296-14a6c66b41d0 d90d98ef6b1f474a8d587172ef079103 40815495c0fd460fb24533b2656d1aed - - default default] Unable to schedule network 907759d6-0a2e-41d4-91e3-24269f44fe58: no agents available; will retry on subsequent port and subnet creation events.
2026-07-10 22:39:41.756 10 INFO neutron.pecan_wsgi.hooks.translation [None req-7c80a38d-0b08-4f7b-9b88-50ba4eccdb1e 625d06df84644cc3b16d5b2c16459901 3b46af3ce01c4077962b06f0f8b990e6 - - default default] DELETE failed (client error): The resource could not be found.
2026-07-10 22:39:41.759 10 INFO neutron.wsgi [None req-7c80a38d-0b08-4f7b-9b88-50ba4eccdb1e 625d06df84644cc3b16d5b2c16459901 3b46af3ce01c4077962b06f0f8b990e6 - - default default] 10.0.0.204 "DELETE /v2.0/ports/f3b47a72-8b19-4ca8-9d47-e025b3ff7113 HTTP/1.1" status: 404 len: 333 time: 0.0183656
2026-07-10 22:39:41.777 10 INFO neutron.pecan_wsgi.hooks.translation [None req-760b2405-b5d8-4ca2-97e5-bce9ea43ad43 625d06df84644cc3b16d5b2c16459901 3b46af3ce01c4077962b06f0f8b990e6 - - default default] DELETE failed (client error): The resource could not be found.
2026-07-10 22:39:41.779 10 INFO neutron.wsgi [None req-760b2405-b5d8-4ca2-97e5-bce9ea43ad43 625d06df84644cc3b16d5b2c16459901 3b46af3ce01c4077962b06f0f8b990e6 - - default default] 10.0.0.204 "DELETE /v2.0/subnets/d9f25058-453a-49dc-a671-9631a0fa2541 HTTP/1.1" status: 404 len: 337 time: 0.0163202
2026-07-10 22:39:41.789 10 INFO neutron.db.segments_db [None req-0d3d4607-0928-4106-be28-c00c979a0514 ddea35999f3348ad837111d1916d0727 fd30620ea75646df9857ca6dd87e7d72 - - default default] Added segment b896645c-e1e1-4fd1-9bf5-2d0c5f397dfa of type geneve for network 6cd5b642-868c-4784-b497-83f41eab2d2c
2026-07-10 22:39:41.798 10 INFO neutron.pecan_wsgi.hooks.translation [None req-8935593f-d55b-4bed-90a7-fee3e5931af0 625d06df84644cc3b16d5b2c16459901 3b46af3ce01c4077962b06f0f8b990e6 - - default default] DELETE failed (client error): The resource could not be found.
2026-07-10 22:39:41.800 10 INFO neutron.wsgi [None req-8935593f-d55b-4bed-90a7-fee3e5931af0 625d06df84644cc3b16d5b2c16459901 3b46af3ce01c4077962b06f0f8b990e6 - - default default] 10.0.0.204 "DELETE /v2.0/subnets/e2a94384-ad97-47ea-b9e3-6f3ed5d8b1c2 HTTP/1.1" status: 404 len: 337 time: 0.0170395
2026-07-10 22:39:41.942 10 INFO neutron.db.ovn_revision_numbers_db [None req-0d3d4607-0928-4106-be28-c00c979a0514 ddea35999f3348ad837111d1916d0727 fd30620ea75646df9857ca6dd87e7d72 - - default default] Successfully bumped revision number for resource 6cd5b642-868c-4784-b497-83f41eab2d2c (type: networks) to 1
2026-07-10 22:39:41.976 9 INFO neutron.db.ovn_revision_numbers_db [None req-e5ad81a2-897b-4fa1-8296-14a6c66b41d0 d90d98ef6b1f474a8d587172ef079103 40815495c0fd460fb24533b2656d1aed - - default default] Successfully bumped revision number for resource 7c3c79fa-1909-4a82-8345-29356174c27d (type: ports) to 1
2026-07-10 22:39:42.136 9 INFO neutron.wsgi [None req-94491c24-73d9-41ae-a500-aebde3de92f4 625d06df84644cc3b16d5b2c16459901 3b46af3ce01c4077962b06f0f8b990e6 - - default default] 10.0.0.204 "DELETE /v2.0/ports/e0468874-b9f3-45ae-8776-9f4b7e08fff9 HTTP/1.1" status: 204 len: 168 time: 0.3300514
2026-07-10 22:39:42.156 10 WARNING neutron.scheduler.dhcp_agent_scheduler [None req-0d3d4607-0928-4106-be28-c00c979a0514 ddea35999f3348ad837111d1916d0727 fd30620ea75646df9857ca6dd87e7d72 - - default default] No more DHCP agents
2026-07-10 22:39:42.160 10 WARNING neutron.api.rpc.agentnotifiers.dhcp_rpc_agent_api [None req-0d3d4607-0928-4106-be28-c00c979a0514 ddea35999f3348ad837111d1916d0727 fd30620ea75646df9857ca6dd87e7d72 - - default default] Unable to schedule network 6cd5b642-868c-4784-b497-83f41eab2d2c: no agents available; will retry on subsequent port and subnet creation events.
2026-07-10 22:39:42.263 10 INFO neutron.db.ovn_revision_numbers_db [None req-0d3d4607-0928-4106-be28-c00c979a0514 ddea35999f3348ad837111d1916d0727 fd30620ea75646df9857ca6dd87e7d72 - - default default] Successfully bumped revision number for resource 78a309ae-62ef-49ef-a77b-fd6a0638e848 (type: ports) to 1
2026-07-10 22:39:42.297 10 INFO neutron.wsgi [None req-0d3d4607-0928-4106-be28-c00c979a0514 ddea35999f3348ad837111d1916d0727 fd30620ea75646df9857ca6dd87e7d72 - - default default] 10.0.0.204 "POST /v2.0/networks HTTP/1.1" status: 201 len: 929 time: 0.6152210
2026-07-10 22:39:42.423 9 INFO neutron.wsgi [None req-30480e11-cefe-4397-ad00-8bdba76d51ed ec6d0fcb497b4e21b69298d65bad6c66 63cd8c3b35e6465c9da29c9fda1bda51 - - default default] 10.0.0.204 "GET /v2.0/security-groups?tenant_id=bf5eae7494ef42b09a4210d25d83f668&name=default HTTP/1.1" status: 200 len: 2996 time: 0.1434009
2026-07-10 22:39:42.535 10 INFO neutron.plugins.ml2.drivers.ovn.mech_driver.mech_driver [None req-91e74f53-8d12-4ac6-a454-caadeb78ab05 - - - - - -] OVN reports status up for port: 7c3c79fa-1909-4a82-8345-29356174c27d
2026-07-10 22:39:42.557 9 INFO neutron.db.ovn_revision_numbers_db [None req-e5ad81a2-897b-4fa1-8296-14a6c66b41d0 d90d98ef6b1f474a8d587172ef079103 40815495c0fd460fb24533b2656d1aed - - default default] Successfully bumped revision number for resource 7c3c79fa-1909-4a82-8345-29356174c27d (type: router_ports) to 1
2026-07-10 22:39:42.564 10 WARNING neutron.scheduler.dhcp_agent_scheduler [None req-228f704e-ad2a-46c5-a726-5082fe5df5c5 ddea35999f3348ad837111d1916d0727 fd30620ea75646df9857ca6dd87e7d72 - - default default] No more DHCP agents
2026-07-10 22:39:42.567 10 INFO neutron.plugins.ml2.plugin [None req-91e74f53-8d12-4ac6-a454-caadeb78ab05 - - - - - -] Attempt 1 to provision port 7c3c79fa-1909-4a82-8345-29356174c27d
2026-07-10 22:39:42.573 10 WARNING neutron.api.rpc.agentnotifiers.dhcp_rpc_agent_api [None req-228f704e-ad2a-46c5-a726-5082fe5df5c5 ddea35999f3348ad837111d1916d0727 fd30620ea75646df9857ca6dd87e7d72 - - default default] Unable to schedule network 6cd5b642-868c-4784-b497-83f41eab2d2c: no agents available; will retry on subsequent port and subnet creation events.
2026-07-10 22:39:42.718 10 INFO neutron.wsgi [None req-424132fe-f3f4-41b2-890c-67e0eceed9ad 625d06df84644cc3b16d5b2c16459901 3b46af3ce01c4077962b06f0f8b990e6 - - default default] 10.0.0.204 "DELETE /v2.0/networks/66f72cc5-cac4-4476-82b3-b55afca6ac95 HTTP/1.1" status: 204 len: 168 time: 0.5769410
2026-07-10 22:39:42.755 9 INFO neutron.db.ovn_revision_numbers_db [None req-e5ad81a2-897b-4fa1-8296-14a6c66b41d0 d90d98ef6b1f474a8d587172ef079103 40815495c0fd460fb24533b2656d1aed - - default default] Successfully bumped revision number for resource 7c3c79fa-1909-4a82-8345-29356174c27d (type: ports) to 1
2026-07-10 22:39:42.836 9 WARNING neutron.scheduler.dhcp_agent_scheduler [None req-e5ad81a2-897b-4fa1-8296-14a6c66b41d0 d90d98ef6b1f474a8d587172ef079103 40815495c0fd460fb24533b2656d1aed - - default default] No more DHCP agents
2026-07-10 22:39:42.837 9 WARNING neutron.api.rpc.agentnotifiers.dhcp_rpc_agent_api [None req-e5ad81a2-897b-4fa1-8296-14a6c66b41d0 d90d98ef6b1f474a8d587172ef079103 40815495c0fd460fb24533b2656d1aed - - default default] Unable to schedule network 907759d6-0a2e-41d4-91e3-24269f44fe58: no agents available; will retry on subsequent port and subnet creation events.
2026-07-10 22:39:42.935 10 INFO neutron.wsgi [None req-425d9dd2-d6b8-4a82-845b-53afa00dcae7 ec6d0fcb497b4e21b69298d65bad6c66 63cd8c3b35e6465c9da29c9fda1bda51 - - default default] 10.0.0.204 "DELETE /v2.0/security-groups/c5526cde-5f9d-411f-82a8-bc4daefa357f HTTP/1.1" status: 204 len: 168 time: 0.5076039
2026-07-10 22:39:43.046 10 INFO neutron.db.ovn_revision_numbers_db [None req-91e74f53-8d12-4ac6-a454-caadeb78ab05 - - - - - -] Successfully bumped revision number for resource 7c3c79fa-1909-4a82-8345-29356174c27d (type: ports) to 2
2026-07-10 22:39:43.051 9 INFO neutron.db.ovn_revision_numbers_db [None req-e5ad81a2-897b-4fa1-8296-14a6c66b41d0 d90d98ef6b1f474a8d587172ef079103 40815495c0fd460fb24533b2656d1aed - - default default] Successfully bumped revision number for resource 7c3c79fa-1909-4a82-8345-29356174c27d (type: router_ports) to 2
2026-07-10 22:39:43.054 9 INFO neutron.wsgi [None req-e5ad81a2-897b-4fa1-8296-14a6c66b41d0 d90d98ef6b1f474a8d587172ef079103 40815495c0fd460fb24533b2656d1aed - - default default] 10.0.0.204 "PUT /v2.0/routers/aa1be2d4-c5d2-4b08-abdc-fa133157ec7a/add_router_interface HTTP/1.1" status: 200 len: 503 time: 2.1271691
2026-07-10 22:39:43.142 9 INFO neutron.wsgi [None req-d232e456-f0ec-4ccd-916d-e063900973b0 d90d98ef6b1f474a8d587172ef079103 40815495c0fd460fb24533b2656d1aed - - default default] 10.0.0.204 "GET /v2.0/ports/7c3c79fa-1909-4a82-8345-29356174c27d HTTP/1.1" status: 200 len: 1137 time: 0.0835829
2026-07-10 22:39:43.181 9 INFO neutron.wsgi [None req-bd21942c-0b1f-4acb-9cd5-eed6d00a1333 d90d98ef6b1f474a8d587172ef079103 40815495c0fd460fb24533b2656d1aed - - default default] 10.0.0.204 "GET /v2.0/ports/7c3c79fa-1909-4a82-8345-29356174c27d HTTP/1.1" status: 200 len: 1137 time: 0.0344243
2026-07-10 22:39:43.404 9 INFO neutron.wsgi [None req-f59d9d9f-c357-4d2e-8d09-7e7c9d5e42bd ec6d0fcb497b4e21b69298d65bad6c66 63cd8c3b35e6465c9da29c9fda1bda51 - - default default] 10.0.0.204 "GET /v2.0/security-groups?tenant_id=3b46af3ce01c4077962b06f0f8b990e6&name=default HTTP/1.1" status: 200 len: 2996 time: 0.1987672
2026-07-10 22:39:43.571 10 INFO neutron.db.ovn_revision_numbers_db [None req-228f704e-ad2a-46c5-a726-5082fe5df5c5 ddea35999f3348ad837111d1916d0727 fd30620ea75646df9857ca6dd87e7d72 - - default default] Successfully bumped revision number for resource 78a309ae-62ef-49ef-a77b-fd6a0638e848 (type: ports) to 2
2026-07-10 22:39:43.611 10 INFO neutron.db.ovn_revision_numbers_db [None req-228f704e-ad2a-46c5-a726-5082fe5df5c5 ddea35999f3348ad837111d1916d0727 fd30620ea75646df9857ca6dd87e7d72 - - default default] Successfully bumped revision number for resource 985b4ae6-7bd8-47ad-ad2c-b12b43f81a19 (type: subnets) to 0
2026-07-10 22:39:43.624 10 INFO neutron.wsgi [None req-228f704e-ad2a-46c5-a726-5082fe5df5c5 ddea35999f3348ad837111d1916d0727 fd30620ea75646df9857ca6dd87e7d72 - - default default] 10.0.0.204 "POST /v2.0/subnets HTTP/1.1" status: 201 len: 822 time: 1.3202186
2026-07-10 22:39:43.634 9 WARNING neutron.api.v2.base [None req-6500bd02-6416-4342-9a5b-2f4f7e46a673 ddea35999f3348ad837111d1916d0727 fd30620ea75646df9857ca6dd87e7d72 - - default default] An exception happened while processing the request body. The exception message is [Invalid input for target_tenant. Reason: '1234123412341234123412341234123412341234123412341234123412341234123412341234123412341234123412341234123412341234123412341234123412341234123412341234123412341234123412341234123412341234123412341234123412341234123412341234123412341234123412341234123412341234123412341234123412341234123412341234123412341234123412341234123412341234123412341234123412341234123412341234123412341234123412341234123412341234' exceeds maximum length of 255.].: webob.exc.HTTPBadRequest: Invalid input for target_tenant. Reason: '1234123412341234123412341234123412341234123412341234123412341234123412341234123412341234123412341234123412341234123412341234123412341234123412341234123412341234123412341234123412341234123412341234123412341234123412341234123412341234123412341234123412341234123412341234123412341234123412341234123412341234123412341234123412341234123412341234123412341234123412341234123412341234123412341234123412341234' exceeds maximum length of 255.
2026-07-10 22:39:43.635 9 INFO neutron.api.v2.resource [None req-6500bd02-6416-4342-9a5b-2f4f7e46a673 ddea35999f3348ad837111d1916d0727 fd30620ea75646df9857ca6dd87e7d72 - - default default] create failed (client error): Invalid input for target_tenant. Reason: '1234123412341234123412341234123412341234123412341234123412341234123412341234123412341234123412341234123412341234123412341234123412341234123412341234123412341234123412341234123412341234123412341234123412341234123412341234123412341234123412341234123412341234123412341234123412341234123412341234123412341234123412341234123412341234123412341234123412341234123412341234123412341234123412341234123412341234' exceeds maximum length of 255.
2026-07-10 22:39:43.636 9 INFO neutron.wsgi [None req-6500bd02-6416-4342-9a5b-2f4f7e46a673 ddea35999f3348ad837111d1916d0727 fd30620ea75646df9857ca6dd87e7d72 - - default default] 10.0.0.204 "POST /v2.0/rbac-policies HTTP/1.1" status: 400 len: 750 time: 0.0078709
2026-07-10 22:39:43.657 10 INFO neutron.services.segments.plugin [-] Segment b0a4f57b-b243-4ec6-9310-043efdd4ac0f resource provider aggregate not found
2026-07-10 22:39:43.689 10 INFO neutron.wsgi [None req-df64661a-f6b6-4eba-a5d0-b31d26baa634 ec6d0fcb497b4e21b69298d65bad6c66 63cd8c3b35e6465c9da29c9fda1bda51 - - default default] 10.0.0.204 "DELETE /v2.0/security-groups/079c61c6-40c4-483b-ad18-dce5dc013e47 HTTP/1.1" status: 204 len: 168 time: 0.2777977
2026-07-10 22:39:43.690 10 INFO neutron.services.segments.plugin [-] Segment b0a4f57b-b243-4ec6-9310-043efdd4ac0f resource provider aggregate not found
2026-07-10 22:39:43.710 10 INFO neutron.services.segments.plugin [-] Segment b0a4f57b-b243-4ec6-9310-043efdd4ac0f resource provider not found; error: Placement Client Error (4xx): {"errors": [{"status": 404, "title": "Not Found", "detail": "The resource could not be found.\n\n No resource provider with uuid b0a4f57b-b243-4ec6-9310-043efdd4ac0f found for delete ", "request_id": "req-bf0b456d-0b78-4105-a7b6-196b6341fb53"}]}
2026-07-10 22:39:43.713 10 INFO neutron.services.segments.plugin [-] Segment b0a4f57b-b243-4ec6-9310-043efdd4ac0f resource provider not found; error: Placement Client Error (4xx): {"errors": [{"status": 404, "title": "Not Found", "detail": "The resource could not be found.\n\n No resource provider with uuid b0a4f57b-b243-4ec6-9310-043efdd4ac0f found for delete ", "request_id": "req-6a9b312d-1175-4acf-89ed-10a9753f6b1a"}]}
2026-07-10 22:39:43.741 10 INFO neutron.wsgi [-] 10.0.0.184 "GET / HTTP/1.1" status: 200 len: 246 time: 0.0011940
2026-07-10 22:39:43.743 10 INFO neutron.wsgi [-] 10.0.0.184 "GET / HTTP/1.1" status: 200 len: 246 time: 0.0012336
2026-07-10 22:39:43.881 9 INFO neutron.wsgi [None req-ab6563a0-d7ba-401e-aeec-ecdbb0aae51b d90d98ef6b1f474a8d587172ef079103 40815495c0fd460fb24533b2656d1aed - - default default] 10.0.0.204 "PUT /v2.0/routers/aa1be2d4-c5d2-4b08-abdc-fa133157ec7a/remove_router_interface HTTP/1.1" status: 200 len: 503 time: 0.6971741 /var/lib/openstack/lib/python3.10/site-packages/pycadf/identifier.py:71: UserWarning: Invalid uuid: neutron. To ensure interoperability, identifiers should be a valid uuid. warnings.warn(('Invalid uuid: %s. To ensure interoperability, '
2026-07-10 22:39:43.969 9 INFO neutron.wsgi [None req-44994bc7-9dff-4947-96d6-a94fa82205f0 d90d98ef6b1f474a8d587172ef079103 40815495c0fd460fb24533b2656d1aed - - default default] 10.0.0.204 "GET /v2.0/ports/04e79449-a180-4a12-adab-6d9d4c947135 HTTP/1.1" status: 200 len: 1137 time: 0.0821440
2026-07-10 22:39:44.162 10 INFO neutron.wsgi [None req-cf13d191-81f2-4224-a907-cd1ad188b996 ddea35999f3348ad837111d1916d0727 fd30620ea75646df9857ca6dd87e7d72 - - default default] 10.0.0.204 "DELETE /v2.0/networks/6cd5b642-868c-4784-b497-83f41eab2d2c HTTP/1.1" status: 204 len: 168 time: 0.5214839
2026-07-10 22:39:44.265 9 INFO neutron.db.segments_db [None req-018bd623-7c2a-4ef7-8cae-dc5ad86ce352 ddea35999f3348ad837111d1916d0727 fd30620ea75646df9857ca6dd87e7d72 - - default default] Added segment a6c157cc-8fde-4a17-92b1-7f2de802a543 of type geneve for network 987b91eb-7d81-4bfe-9581-432ed94d30a3
2026-07-10 22:39:44.434 9 INFO neutron.db.ovn_revision_numbers_db [None req-018bd623-7c2a-4ef7-8cae-dc5ad86ce352 ddea35999f3348ad837111d1916d0727 fd30620ea75646df9857ca6dd87e7d72 - - default default] Successfully bumped revision number for resource 987b91eb-7d81-4bfe-9581-432ed94d30a3 (type: networks) to 1
2026-07-10 22:39:44.901 9 WARNING neutron.scheduler.dhcp_agent_scheduler [None req-018bd623-7c2a-4ef7-8cae-dc5ad86ce352 ddea35999f3348ad837111d1916d0727 fd30620ea75646df9857ca6dd87e7d72 - - default default] No more DHCP agents
2026-07-10 22:39:44.905 9 WARNING neutron.api.rpc.agentnotifiers.dhcp_rpc_agent_api [None req-018bd623-7c2a-4ef7-8cae-dc5ad86ce352 ddea35999f3348ad837111d1916d0727 fd30620ea75646df9857ca6dd87e7d72 - - default default] Unable to schedule network 987b91eb-7d81-4bfe-9581-432ed94d30a3: no agents available; will retry on subsequent port and subnet creation events.
2026-07-10 22:39:44.962 9 INFO neutron.wsgi [None req-361373c5-73ea-4a0a-af28-254ca877216d d90d98ef6b1f474a8d587172ef079103 40815495c0fd460fb24533b2656d1aed - - default default] 10.0.0.204 "PUT /v2.0/routers/aa1be2d4-c5d2-4b08-abdc-fa133157ec7a/remove_router_interface HTTP/1.1" status: 200 len: 503 time: 0.9865682
2026-07-10 22:39:44.996 10 INFO neutron.wsgi [None req-162ef622-9988-464c-a036-2f6c78e05515 d90d98ef6b1f474a8d587172ef079103 40815495c0fd460fb24533b2656d1aed - - default default] 10.0.0.204 "GET /v2.0/ports?device_id=aa1be2d4-c5d2-4b08-abdc-fa133157ec7a HTTP/1.1" status: 200 len: 205 time: 0.0231688 /var/lib/openstack/lib/python3.10/site-packages/pycadf/identifier.py:71: UserWarning: Invalid uuid: neutron. To ensure interoperability, identifiers should be a valid uuid. warnings.warn(('Invalid uuid: %s. To ensure interoperability, '
2026-07-10 22:39:45.048 10 INFO neutron.db.ovn_revision_numbers_db [None req-aa9bb172-2468-40c7-a867-6b9d020060e0 b5eb98a12d5d4c6e92ec9e09cad2c9b9 75b74d056fa7496f85ca7a6b629b9559 - - default default] Successfully bumped revision number for resource 8ae9eb75-8cdc-4846-90b8-815350a9dafa (type: security_groups) to 1
2026-07-10 22:39:45.075 9 INFO neutron.db.ovn_revision_numbers_db [None req-018bd623-7c2a-4ef7-8cae-dc5ad86ce352 ddea35999f3348ad837111d1916d0727 fd30620ea75646df9857ca6dd87e7d72 - - default default] Successfully bumped revision number for resource 385a62ec-1b07-4dab-a75f-2a3e7e6fafa1 (type: ports) to 1
2026-07-10 22:39:45.084 10 INFO neutron.db.ovn_revision_numbers_db [None req-aa9bb172-2468-40c7-a867-6b9d020060e0 b5eb98a12d5d4c6e92ec9e09cad2c9b9 75b74d056fa7496f85ca7a6b629b9559 - - default default] Successfully bumped revision number for resource 91de4ff0-abeb-4916-a953-0dc2aec8c869 (type: security_group_rules) to 0
2026-07-10 22:39:45.102 10 INFO neutron.db.ovn_revision_numbers_db [None req-aa9bb172-2468-40c7-a867-6b9d020060e0 b5eb98a12d5d4c6e92ec9e09cad2c9b9 75b74d056fa7496f85ca7a6b629b9559 - - default default] Successfully bumped revision number for resource b43f05bd-979b-4a36-a355-d7088ff432ee (type: security_group_rules) to 0
2026-07-10 22:39:45.117 10 INFO neutron.db.ovn_revision_numbers_db [None req-aa9bb172-2468-40c7-a867-6b9d020060e0 b5eb98a12d5d4c6e92ec9e09cad2c9b9 75b74d056fa7496f85ca7a6b629b9559 - - default default] Successfully bumped revision number for resource d438f8e0-950b-4d8f-b045-540dc3f6a24f (type: security_group_rules) to 0
2026-07-10 22:39:45.117 9 INFO neutron.wsgi [None req-018bd623-7c2a-4ef7-8cae-dc5ad86ce352 ddea35999f3348ad837111d1916d0727 fd30620ea75646df9857ca6dd87e7d72 - - default default] 10.0.0.204 "POST /v2.0/networks HTTP/1.1" status: 201 len: 929 time: 0.9488888
2026-07-10 22:39:45.142 10 INFO neutron.db.ovn_revision_numbers_db [None req-aa9bb172-2468-40c7-a867-6b9d020060e0 b5eb98a12d5d4c6e92ec9e09cad2c9b9 75b74d056fa7496f85ca7a6b629b9559 - - default default] Successfully bumped revision number for resource f224f243-d17d-4655-a3e0-d3df4a1ee6b6 (type: security_group_rules) to 0
2026-07-10 22:39:45.211 9 INFO neutron.wsgi [None req-8b4d80e1-0d06-4e49-9939-a073c8f8aac9 d90d98ef6b1f474a8d587172ef079103 40815495c0fd460fb24533b2656d1aed - - default default] 10.0.0.204 "DELETE /v2.0/routers/aa1be2d4-c5d2-4b08-abdc-fa133157ec7a HTTP/1.1" status: 204 len: 168 time: 0.2076735
2026-07-10 22:39:45.253 10 INFO neutron.db.ovn_revision_numbers_db [None req-aa9bb172-2468-40c7-a867-6b9d020060e0 b5eb98a12d5d4c6e92ec9e09cad2c9b9 75b74d056fa7496f85ca7a6b629b9559 - - default default] Successfully bumped revision number for resource f76af30e-0f8b-4faa-98d7-188986accd8f (type: security_groups) to 1
2026-07-10 22:39:45.269 10 INFO neutron.db.ovn_revision_numbers_db [None req-aa9bb172-2468-40c7-a867-6b9d020060e0 b5eb98a12d5d4c6e92ec9e09cad2c9b9 75b74d056fa7496f85ca7a6b629b9559 - - default default] Successfully bumped revision number for resource 4288ed46-8339-4da5-8d79-c498ca9388b9 (type: security_group_rules) to 0
2026-07-10 22:39:45.297 10 INFO neutron.db.ovn_revision_numbers_db [None req-aa9bb172-2468-40c7-a867-6b9d020060e0 b5eb98a12d5d4c6e92ec9e09cad2c9b9 75b74d056fa7496f85ca7a6b629b9559 - - default default] Successfully bumped revision number for resource d11d36c7-8859-48b6-9ace-d589240f4264 (type: security_group_rules) to 0
2026-07-10 22:39:45.300 10 WARNING neutron.scheduler.dhcp_agent_scheduler [None req-c07dc67f-bdda-4b28-9aba-fb195d31e492 ddea35999f3348ad837111d1916d0727 fd30620ea75646df9857ca6dd87e7d72 - - default default] No more DHCP agents
2026-07-10 22:39:45.304 10 WARNING neutron.api.rpc.agentnotifiers.dhcp_rpc_agent_api [None req-c07dc67f-bdda-4b28-9aba-fb195d31e492 ddea35999f3348ad837111d1916d0727 fd30620ea75646df9857ca6dd87e7d72 - - default default] Unable to schedule network 987b91eb-7d81-4bfe-9581-432ed94d30a3: no agents available; will retry on subsequent port and subnet creation events.
2026-07-10 22:39:45.327 10 INFO neutron.wsgi [None req-aa9bb172-2468-40c7-a867-6b9d020060e0 b5eb98a12d5d4c6e92ec9e09cad2c9b9 75b74d056fa7496f85ca7a6b629b9559 - - default default] 10.0.0.204 "POST /v2.0/security-groups HTTP/1.1" status: 201 len: 1761 time: 0.5738590
2026-07-10 22:39:45.344 9 WARNING neutron.plugins.ml2.drivers.ovn.mech_driver.ovsdb.ovn_client [None req-f2c7eec2-11f6-45df-bbd1-57dc96077e51 - - - - - -] No port found with ID 04e79449-a180-4a12-adab-6d9d4c947135: RuntimeError: No port found with ID 04e79449-a180-4a12-adab-6d9d4c947135
2026-07-10 22:39:45.381 10 INFO neutron.wsgi [None req-1c80b9a9-68a2-4d19-8480-a4d7502976c9 b5eb98a12d5d4c6e92ec9e09cad2c9b9 75b74d056fa7496f85ca7a6b629b9559 - - default default] 10.0.0.204 "GET /v2.0/security-groups HTTP/1.1" status: 200 len: 4539 time: 0.0497370
2026-07-10 22:39:45.447 9 INFO neutron.wsgi [None req-30ce2135-b055-42d3-9d64-b578a7afa1f3 d90d98ef6b1f474a8d587172ef079103 40815495c0fd460fb24533b2656d1aed - - default default] 10.0.0.204 "DELETE /v2.0/subnets/e5a5e81b-34f0-4161-9043-33969c01b20b HTTP/1.1" status: 204 len: 168 time: 0.2308991
2026-07-10 22:39:45.476 9 INFO neutron.db.ovn_revision_numbers_db [None req-5728d9e0-6df3-4344-97e5-d79bb4157eaa b5eb98a12d5d4c6e92ec9e09cad2c9b9 75b74d056fa7496f85ca7a6b629b9559 - - default default] Successfully bumped revision number for resource f76af30e-0f8b-4faa-98d7-188986accd8f (type: security_groups) to 2
2026-07-10 22:39:45.480 9 INFO neutron.wsgi [None req-5728d9e0-6df3-4344-97e5-d79bb4157eaa b5eb98a12d5d4c6e92ec9e09cad2c9b9 75b74d056fa7496f85ca7a6b629b9559 - - default default] 10.0.0.204 "PUT /v2.0/security-groups/f76af30e-0f8b-4faa-98d7-188986accd8f HTTP/1.1" status: 200 len: 1795 time: 0.0937226
2026-07-10 22:39:45.518 9 INFO neutron.wsgi [None req-2fcbc6b2-579b-4f31-a896-96db55cf3162 b5eb98a12d5d4c6e92ec9e09cad2c9b9 75b74d056fa7496f85ca7a6b629b9559 - - default default] 10.0.0.204 "GET /v2.0/security-groups/f76af30e-0f8b-4faa-98d7-188986accd8f HTTP/1.1" status: 200 len: 1795 time: 0.0337226
2026-07-10 22:39:45.627 9 INFO neutron.wsgi [None req-6303e3ef-1016-439a-b7cb-6ac108f97b31 b5eb98a12d5d4c6e92ec9e09cad2c9b9 75b74d056fa7496f85ca7a6b629b9559 - - default default] 10.0.0.204 "DELETE /v2.0/security-groups/f76af30e-0f8b-4faa-98d7-188986accd8f HTTP/1.1" status: 204 len: 168 time: 0.1042590
2026-07-10 22:39:45.671 9 INFO neutron.wsgi [None req-e5b435fb-af62-4649-a304-e6749e3ad137 b5eb98a12d5d4c6e92ec9e09cad2c9b9 75b74d056fa7496f85ca7a6b629b9559 - - default default] 10.0.0.204 "GET /v2.0/security-groups HTTP/1.1" status: 200 len: 2996 time: 0.0398366
2026-07-10 22:39:45.684 9 INFO neutron.api.v2.resource [None req-fd3c5610-58ab-4aa9-bfa8-0a9476a4d3e3 b5eb98a12d5d4c6e92ec9e09cad2c9b9 75b74d056fa7496f85ca7a6b629b9559 - - default default] delete failed (client error): The resource could not be found.
2026-07-10 22:39:45.686 9 INFO neutron.wsgi [None req-fd3c5610-58ab-4aa9-bfa8-0a9476a4d3e3 b5eb98a12d5d4c6e92ec9e09cad2c9b9 75b74d056fa7496f85ca7a6b629b9559 - - default default] 10.0.0.204 "DELETE /v2.0/security-groups/f76af30e-0f8b-4faa-98d7-188986accd8f HTTP/1.1" status: 404 len: 347 time: 0.0097485
