2026-07-10 22:44:59.306 10 INFO neutron.wsgi [req-1aad1224-e31c-4386-a0cc-0d0c9739f111 req-a8de697d-3391-4ab4-8ff8-87bbdcb36dbc 22a11f2aee52441a97600a2652ab2395 90ed7444f26242b78cc632af72d440b0 - - a5783d9bcf4442cfab0eeeda87f0a75d a5783d9bcf4442cfab0eeeda87f0a75d] 199.19.213.114 "GET /v2.0/subnets?id=23f57d57-f6c0-4dcf-b8c4-bf5d1322bc22&id=3c78fea2-f7a0-4a09-a66f-acad1e63375c HTTP/1.1" status: 200 len: 1567 time: 0.0601976
2026-07-10 22:44:59.343 10 INFO neutron.wsgi [req-1aad1224-e31c-4386-a0cc-0d0c9739f111 req-423c1f33-0e98-4480-bd39-4372893f2ae8 22a11f2aee52441a97600a2652ab2395 90ed7444f26242b78cc632af72d440b0 - - a5783d9bcf4442cfab0eeeda87f0a75d a5783d9bcf4442cfab0eeeda87f0a75d] 199.19.213.114 "GET /v2.0/ports?network_id=a13fb7a6-4c92-43b2-a31b-a75e72a668ea&device_owner=network%3Adhcp HTTP/1.1" status: 200 len: 210 time: 0.0288804
2026-07-10 22:44:59.349 10 INFO neutron.wsgi [req-a4e4cb69-be37-4048-ab9b-2857044ea790 req-7efcdfc4-f4d1-4370-bb7d-7a328334ee24 2785187052ba40fa9e8e0f9b6ea224e8 30049d2e98f44644b434cb13a9d02e4e - - default default] 199.19.213.114 "GET /v2.0/ports?device_id=13611fbc-7bda-4e2a-801c-0a773cf04020 HTTP/1.1" status: 200 len: 1394 time: 0.1529357
2026-07-10 22:44:59.366 10 INFO neutron.db.ovn_revision_numbers_db [None req-91e74f53-8d12-4ac6-a454-caadeb78ab05 - - - - - -] Successfully bumped revision number for resource 301348a8-1c1c-464c-9c20-7c12ab8b4711 (type: ports) to 5
2026-07-10 22:44:59.381 10 INFO neutron.wsgi [req-1aad1224-e31c-4386-a0cc-0d0c9739f111 req-ee0d8fd8-5ad9-4731-bc02-de65ec974507 22a11f2aee52441a97600a2652ab2395 90ed7444f26242b78cc632af72d440b0 - - a5783d9bcf4442cfab0eeeda87f0a75d a5783d9bcf4442cfab0eeeda87f0a75d] 199.19.213.114 "GET /v2.0/ports?network_id=a13fb7a6-4c92-43b2-a31b-a75e72a668ea&device_owner=network%3Adhcp HTTP/1.1" status: 200 len: 210 time: 0.0256960
2026-07-10 22:44:59.477 10 INFO neutron.wsgi [req-1aad1224-e31c-4386-a0cc-0d0c9739f111 req-43e5cb1d-dfc2-4f94-80e0-27c4ac5d19e0 22a11f2aee52441a97600a2652ab2395 90ed7444f26242b78cc632af72d440b0 - - a5783d9bcf4442cfab0eeeda87f0a75d a5783d9bcf4442cfab0eeeda87f0a75d] 199.19.213.114 "GET /v2.0/networks/a13fb7a6-4c92-43b2-a31b-a75e72a668ea?fields=segments HTTP/1.1" status: 200 len: 212 time: 0.0886605 /var/lib/openstack/lib/python3.10/site-packages/pycadf/identifier.py:71: UserWarning: Invalid uuid: neutron. To ensure interoperability, identifiers should be a valid uuid. warnings.warn(('Invalid uuid: %s. To ensure interoperability, '
2026-07-10 22:44:59.580 10 INFO neutron.wsgi [req-1aad1224-e31c-4386-a0cc-0d0c9739f111 req-a5e6d23b-a1b2-4f34-ab95-f258cd656e5e 22a11f2aee52441a97600a2652ab2395 90ed7444f26242b78cc632af72d440b0 - - a5783d9bcf4442cfab0eeeda87f0a75d a5783d9bcf4442cfab0eeeda87f0a75d] 199.19.213.114 "GET /v2.0/networks/a13fb7a6-4c92-43b2-a31b-a75e72a668ea?fields=provider%3Aphysical_network&fields=provider%3Anetwork_type HTTP/1.1" status: 200 len: 277 time: 0.0928154
2026-07-10 22:44:59.718 10 INFO neutron.wsgi [req-a4e4cb69-be37-4048-ab9b-2857044ea790 req-c852912d-b1de-4c20-9d36-ac716aa7ed36 2785187052ba40fa9e8e0f9b6ea224e8 30049d2e98f44644b434cb13a9d02e4e - - default default] 199.19.213.114 "DELETE /v2.0/ports/301348a8-1c1c-464c-9c20-7c12ab8b4711 HTTP/1.1" status: 204 len: 173 time: 0.3626647
2026-07-10 22:45:00.108 10 INFO neutron.notifiers.nova [-] Nova event matching ['req-b84168b8-f0e0-4725-a291-0ecf273b1f9c'] response: {'server_uuid': '13611fbc-7bda-4e2a-801c-0a773cf04020', 'name': 'network-vif-unplugged', 'status': 'completed', 'tag': '301348a8-1c1c-464c-9c20-7c12ab8b4711', 'code': 200}
2026-07-10 22:45:00.109 10 INFO neutron.notifiers.nova [-] Nova event matching ['req-b84168b8-f0e0-4725-a291-0ecf273b1f9c'] response: {'server_uuid': '13611fbc-7bda-4e2a-801c-0a773cf04020', 'name': 'network-vif-plugged', 'status': 'completed', 'tag': '301348a8-1c1c-464c-9c20-7c12ab8b4711', 'code': 200}
2026-07-10 22:45:00.109 10 INFO neutron.notifiers.nova [-] Nova event matching ['req-b84168b8-f0e0-4725-a291-0ecf273b1f9c'] response: {'server_uuid': '13611fbc-7bda-4e2a-801c-0a773cf04020', 'name': 'network-vif-deleted', 'tag': '301348a8-1c1c-464c-9c20-7c12ab8b4711', 'status': 'completed', 'code': 200}
2026-07-10 22:45:04.443 9 INFO neutron.db.l3_db [None req-317847d1-dc35-4e8e-a967-e601c62ae24b 2785187052ba40fa9e8e0f9b6ea224e8 30049d2e98f44644b434cb13a9d02e4e - - default default] Floating IP e4bfe75a-bf8c-42ea-9af6-53bbe2bc4147 disassociated (deleted). External IP: 10.96.250.219, port: 2b020aa1-0d5a-4991-b17c-f501d8ed4024.
2026-07-10 22:45:04.482 9 INFO neutron.wsgi [None req-317847d1-dc35-4e8e-a967-e601c62ae24b 2785187052ba40fa9e8e0f9b6ea224e8 30049d2e98f44644b434cb13a9d02e4e - - default default] 10.0.0.204 "DELETE /v2.0/floatingips/e4bfe75a-bf8c-42ea-9af6-53bbe2bc4147 HTTP/1.1" status: 204 len: 168 time: 0.4142075 /var/lib/openstack/lib/python3.10/site-packages/pycadf/identifier.py:71: UserWarning: Invalid uuid: neutron. To ensure interoperability, identifiers should be a valid uuid. warnings.warn(('Invalid uuid: %s. To ensure interoperability, '
2026-07-10 22:45:04.514 9 INFO neutron.notifiers.nova [-] Nova event matching ['req-e33236da-63d3-44c4-b6e5-0c3d0d890955'] response: {'name': 'network-changed', 'server_uuid': '46c6b1b4-38dd-4cd0-b510-1f7a0693ad2a', 'tag': '2b020aa1-0d5a-4991-b17c-f501d8ed4024', 'status': 'completed', 'code': 200}
2026-07-10 22:45:04.527 10 INFO neutron.api.v2.resource [None req-1f67a1be-0ed9-4ff1-a848-b1472abd8926 2785187052ba40fa9e8e0f9b6ea224e8 30049d2e98f44644b434cb13a9d02e4e - - default default] show failed (client error): The resource could not be found.
2026-07-10 22:45:04.529 10 INFO neutron.wsgi [None req-1f67a1be-0ed9-4ff1-a848-b1472abd8926 2785187052ba40fa9e8e0f9b6ea224e8 30049d2e98f44644b434cb13a9d02e4e - - default default] 10.0.0.204 "GET /v2.0/floatingips/e4bfe75a-bf8c-42ea-9af6-53bbe2bc4147 HTTP/1.1" status: 404 len: 345 time: 0.0394933
2026-07-10 22:45:04.571 10 INFO neutron.wsgi [req-ebd45b5a-1de5-4006-9c98-83a7914c089e req-d042be23-3547-43d3-8fd8-3109a89fa674 22a11f2aee52441a97600a2652ab2395 90ed7444f26242b78cc632af72d440b0 - - a5783d9bcf4442cfab0eeeda87f0a75d a5783d9bcf4442cfab0eeeda87f0a75d] 199.19.213.114 "GET /v2.0/ports?tenant_id=30049d2e98f44644b434cb13a9d02e4e&device_id=46c6b1b4-38dd-4cd0-b510-1f7a0693ad2a HTTP/1.1" status: 200 len: 1638 time: 0.0324974
2026-07-10 22:45:04.645 10 INFO neutron.wsgi [req-ebd45b5a-1de5-4006-9c98-83a7914c089e req-28213846-31b1-402b-b8cc-ccfa4926629c 22a11f2aee52441a97600a2652ab2395 90ed7444f26242b78cc632af72d440b0 - - a5783d9bcf4442cfab0eeeda87f0a75d a5783d9bcf4442cfab0eeeda87f0a75d] 199.19.213.114 "GET /v2.0/networks?id=06619f77-688f-453c-9d36-e3b8be10b4da HTTP/1.1" status: 200 len: 1003 time: 0.0655987
2026-07-10 22:45:04.677 10 INFO neutron.wsgi [req-ebd45b5a-1de5-4006-9c98-83a7914c089e req-67a155ae-efe2-4530-b181-8d8a4323014d 22a11f2aee52441a97600a2652ab2395 90ed7444f26242b78cc632af72d440b0 - - a5783d9bcf4442cfab0eeeda87f0a75d a5783d9bcf4442cfab0eeeda87f0a75d] 199.19.213.114 "GET /v2.0/floatingips?fixed_ip_address=10.2.1.187&port_id=2b020aa1-0d5a-4991-b17c-f501d8ed4024 HTTP/1.1" status: 200 len: 217 time: 0.0240755
2026-07-10 22:45:04.702 10 INFO neutron.wsgi [req-ebd45b5a-1de5-4006-9c98-83a7914c089e req-700c0d6f-f256-4c59-883a-9ea46291c89a 22a11f2aee52441a97600a2652ab2395 90ed7444f26242b78cc632af72d440b0 - - a5783d9bcf4442cfab0eeeda87f0a75d a5783d9bcf4442cfab0eeeda87f0a75d] 199.19.213.114 "GET /v2.0/floatingips?fixed_ip_address=fd7b%3Af9f7%3Afff%3A4eca%3A%3A276&port_id=2b020aa1-0d5a-4991-b17c-f501d8ed4024 HTTP/1.1" status: 200 len: 217 time: 0.0212238
2026-07-10 22:45:04.757 9 INFO neutron.plugins.ml2.drivers.ovn.mech_driver.mech_driver [None req-f2c7eec2-11f6-45df-bbd1-57dc96077e51 - - - - - -] OVN reports status down for port: 2b020aa1-0d5a-4991-b17c-f501d8ed4024
2026-07-10 22:45:04.758 10 INFO neutron.wsgi [req-ebd45b5a-1de5-4006-9c98-83a7914c089e req-5845d9e2-1638-45c8-8b0b-1291ef7b96c6 22a11f2aee52441a97600a2652ab2395 90ed7444f26242b78cc632af72d440b0 - - a5783d9bcf4442cfab0eeeda87f0a75d a5783d9bcf4442cfab0eeeda87f0a75d] 199.19.213.114 "GET /v2.0/subnets?id=5658ab14-9567-47bd-ab59-339151c45d66&id=71985b38-dfbb-4988-afb3-88a677adb4bd HTTP/1.1" status: 200 len: 1561 time: 0.0402594
2026-07-10 22:45:04.784 10 INFO neutron.wsgi [req-ebd45b5a-1de5-4006-9c98-83a7914c089e req-c257dbfb-2a1b-4dc1-a951-2d3e28929094 22a11f2aee52441a97600a2652ab2395 90ed7444f26242b78cc632af72d440b0 - - a5783d9bcf4442cfab0eeeda87f0a75d a5783d9bcf4442cfab0eeeda87f0a75d] 199.19.213.114 "GET /v2.0/ports?network_id=06619f77-688f-453c-9d36-e3b8be10b4da&device_owner=network%3Adhcp HTTP/1.1" status: 200 len: 210 time: 0.0168812
2026-07-10 22:45:04.793 9 INFO neutron.wsgi [req-a2cc8543-f47e-48a7-afd2-5d23715cb26a req-dc2e8ed3-1187-47f5-a0db-23d8d87a624d 2785187052ba40fa9e8e0f9b6ea224e8 30049d2e98f44644b434cb13a9d02e4e - - default default] 10.0.0.191 "GET /v2.0/ports?device_id=46c6b1b4-38dd-4cd0-b510-1f7a0693ad2a HTTP/1.1" status: 200 len: 1400 time: 0.1108949
2026-07-10 22:45:04.824 10 INFO neutron.wsgi [req-ebd45b5a-1de5-4006-9c98-83a7914c089e req-12225c76-546e-4ebd-aac2-f9bf9e896564 22a11f2aee52441a97600a2652ab2395 90ed7444f26242b78cc632af72d440b0 - - a5783d9bcf4442cfab0eeeda87f0a75d a5783d9bcf4442cfab0eeeda87f0a75d] 199.19.213.114 "GET /v2.0/ports?network_id=06619f77-688f-453c-9d36-e3b8be10b4da&device_owner=network%3Adhcp HTTP/1.1" status: 200 len: 210 time: 0.0201745
2026-07-10 22:45:04.855 9 INFO neutron.wsgi [req-a2cc8543-f47e-48a7-afd2-5d23715cb26a req-10461b10-6272-4419-9e6c-f91b478ad879 2785187052ba40fa9e8e0f9b6ea224e8 30049d2e98f44644b434cb13a9d02e4e - - default default] 10.0.0.191 "GET /v2.0/security-groups?id=48c2d57b-c210-4b78-996c-eb6f309da252&fields=id&fields=name HTTP/1.1" status: 200 len: 311 time: 0.0546930
2026-07-10 22:45:04.894 10 INFO neutron.wsgi [req-ebd45b5a-1de5-4006-9c98-83a7914c089e req-562d312f-c26b-4720-96e1-582c65c23fa9 22a11f2aee52441a97600a2652ab2395 90ed7444f26242b78cc632af72d440b0 - - a5783d9bcf4442cfab0eeeda87f0a75d a5783d9bcf4442cfab0eeeda87f0a75d] 199.19.213.114 "GET /v2.0/networks/06619f77-688f-453c-9d36-e3b8be10b4da?fields=segments HTTP/1.1" status: 200 len: 212 time: 0.0614851
2026-07-10 22:45:04.972 10 INFO neutron.wsgi [req-ebd45b5a-1de5-4006-9c98-83a7914c089e req-c2d735d5-3640-4957-b9c8-e70970f907dc 22a11f2aee52441a97600a2652ab2395 90ed7444f26242b78cc632af72d440b0 - - a5783d9bcf4442cfab0eeeda87f0a75d a5783d9bcf4442cfab0eeeda87f0a75d] 199.19.213.114 "GET /v2.0/networks/06619f77-688f-453c-9d36-e3b8be10b4da?fields=provider%3Aphysical_network&fields=provider%3Anetwork_type HTTP/1.1" status: 200 len: 277 time: 0.0685983
2026-07-10 22:45:05.126 9 INFO neutron.db.ovn_revision_numbers_db [None req-f2c7eec2-11f6-45df-bbd1-57dc96077e51 - - - - - -] Successfully bumped revision number for resource 2b020aa1-0d5a-4991-b17c-f501d8ed4024 (type: ports) to 5
2026-07-10 22:45:05.182 10 INFO neutron.wsgi [req-4799af87-da81-4726-868b-6108df57e2a3 req-a19313d3-ab02-4198-abb2-b4fe964b2023 2785187052ba40fa9e8e0f9b6ea224e8 30049d2e98f44644b434cb13a9d02e4e - - default default] 199.19.213.114 "GET /v2.0/ports?device_id=46c6b1b4-38dd-4cd0-b510-1f7a0693ad2a HTTP/1.1" status: 200 len: 1398 time: 0.1260755
2026-07-10 22:45:05.491 10 INFO neutron.wsgi [req-4799af87-da81-4726-868b-6108df57e2a3 req-574fd840-20b1-437d-8087-a66ae21f6605 2785187052ba40fa9e8e0f9b6ea224e8 30049d2e98f44644b434cb13a9d02e4e - - default default] 199.19.213.114 "DELETE /v2.0/ports/2b020aa1-0d5a-4991-b17c-f501d8ed4024 HTTP/1.1" status: 204 len: 173 time: 0.3056414
2026-07-10 22:45:05.530 10 INFO neutron.notifiers.nova [-] Nova event matching ['req-ac482e28-c941-4547-9ed7-f0c155bf3186'] response: {'server_uuid': '46c6b1b4-38dd-4cd0-b510-1f7a0693ad2a', 'name': 'network-vif-deleted', 'tag': '2b020aa1-0d5a-4991-b17c-f501d8ed4024', 'status': 'completed', 'code': 200}
2026-07-10 22:45:06.552 9 INFO neutron.notifiers.nova [-] Nova event matching ['req-8fe370ea-81f6-4833-be6b-75cd96eaebda'] response: {'server_uuid': '46c6b1b4-38dd-4cd0-b510-1f7a0693ad2a', 'name': 'network-vif-unplugged', 'status': 'completed', 'tag': '2b020aa1-0d5a-4991-b17c-f501d8ed4024', 'code': 200}
2026-07-10 22:45:06.552 9 INFO neutron.notifiers.nova [-] Nova event matching ['req-8fe370ea-81f6-4833-be6b-75cd96eaebda'] response: {'server_uuid': '46c6b1b4-38dd-4cd0-b510-1f7a0693ad2a', 'name': 'network-vif-plugged', 'status': 'completed', 'tag': '2b020aa1-0d5a-4991-b17c-f501d8ed4024', 'code': 200}
2026-07-10 22:45:10.033 10 INFO neutron.wsgi [None req-32a9d4be-0dca-49d5-95df-0ad88be67ff5 2785187052ba40fa9e8e0f9b6ea224e8 30049d2e98f44644b434cb13a9d02e4e - - default default] 10.0.0.204 "DELETE /v2.0/security-group-rules/592a787e-f5a7-4bd0-9091-f3990137fa07 HTTP/1.1" status: 204 len: 168 time: 0.1129837
2026-07-10 22:45:10.050 10 INFO neutron.api.v2.resource [None req-da869631-d636-4466-a902-5a96794d8a64 2785187052ba40fa9e8e0f9b6ea224e8 30049d2e98f44644b434cb13a9d02e4e - - default default] show failed (client error): The resource could not be found.
2026-07-10 22:45:10.051 10 INFO neutron.wsgi [None req-da869631-d636-4466-a902-5a96794d8a64 2785187052ba40fa9e8e0f9b6ea224e8 30049d2e98f44644b434cb13a9d02e4e - - default default] 10.0.0.204 "GET /v2.0/security-group-rules/592a787e-f5a7-4bd0-9091-f3990137fa07 HTTP/1.1" status: 404 len: 356 time: 0.0125217
2026-07-10 22:45:10.186 10 INFO neutron.wsgi [None req-e8c87390-9fab-408e-8362-2409902dc354 2785187052ba40fa9e8e0f9b6ea224e8 30049d2e98f44644b434cb13a9d02e4e - - default default] 10.0.0.204 "DELETE /v2.0/security-group-rules/24f93de1-f738-4f36-978a-beee343ffa0d HTTP/1.1" status: 204 len: 168 time: 0.1281259 /var/lib/openstack/lib/python3.10/site-packages/pycadf/identifier.py:71: UserWarning: Invalid uuid: neutron. To ensure interoperability, identifiers should be a valid uuid. warnings.warn(('Invalid uuid: %s. To ensure interoperability, '
2026-07-10 22:45:10.198 9 INFO neutron.api.v2.resource [None req-e3754ba9-1341-4f0b-95da-9b85d9a35cfa 2785187052ba40fa9e8e0f9b6ea224e8 30049d2e98f44644b434cb13a9d02e4e - - default default] show failed (client error): The resource could not be found.
2026-07-10 22:45:10.200 9 INFO neutron.wsgi [None req-e3754ba9-1341-4f0b-95da-9b85d9a35cfa 2785187052ba40fa9e8e0f9b6ea224e8 30049d2e98f44644b434cb13a9d02e4e - - default default] 10.0.0.204 "GET /v2.0/security-group-rules/24f93de1-f738-4f36-978a-beee343ffa0d HTTP/1.1" status: 404 len: 356 time: 0.0095990
2026-07-10 22:45:10.412 9 INFO neutron.wsgi [None req-1b55d3cb-30a6-45bb-9506-6d8bc30fe987 2785187052ba40fa9e8e0f9b6ea224e8 30049d2e98f44644b434cb13a9d02e4e - - default default] 10.0.0.204 "DELETE /v2.0/security-group-rules/354845ea-a974-4c3b-bf5c-df4871022330 HTTP/1.1" status: 204 len: 168 time: 0.2085099
2026-07-10 22:45:10.426 9 INFO neutron.api.v2.resource [None req-f073f6e6-1d43-4418-8cd9-8511190ee713 2785187052ba40fa9e8e0f9b6ea224e8 30049d2e98f44644b434cb13a9d02e4e - - default default] show failed (client error): The resource could not be found.
2026-07-10 22:45:10.427 9 INFO neutron.wsgi [None req-f073f6e6-1d43-4418-8cd9-8511190ee713 2785187052ba40fa9e8e0f9b6ea224e8 30049d2e98f44644b434cb13a9d02e4e - - default default] 10.0.0.204 "GET /v2.0/security-group-rules/354845ea-a974-4c3b-bf5c-df4871022330 HTTP/1.1" status: 404 len: 356 time: 0.0102448
2026-07-10 22:45:10.547 9 INFO neutron.wsgi [None req-b2276ce0-f40c-475d-96f6-3d16fd726d76 2785187052ba40fa9e8e0f9b6ea224e8 30049d2e98f44644b434cb13a9d02e4e - - default default] 10.0.0.204 "DELETE /v2.0/security-group-rules/e00c8fb3-47f4-4083-a888-9ad849e0ad4c HTTP/1.1" status: 204 len: 168 time: 0.1174824
2026-07-10 22:45:10.563 9 INFO neutron.api.v2.resource [None req-92f0cc31-755f-44e6-9380-e035ab81ec34 2785187052ba40fa9e8e0f9b6ea224e8 30049d2e98f44644b434cb13a9d02e4e - - default default] show failed (client error): The resource could not be found.
2026-07-10 22:45:10.565 9 INFO neutron.wsgi [None req-92f0cc31-755f-44e6-9380-e035ab81ec34 2785187052ba40fa9e8e0f9b6ea224e8 30049d2e98f44644b434cb13a9d02e4e - - default default] 10.0.0.204 "GET /v2.0/security-group-rules/e00c8fb3-47f4-4083-a888-9ad849e0ad4c HTTP/1.1" status: 404 len: 356 time: 0.0108421
2026-07-10 22:45:10.684 9 INFO neutron.wsgi [None req-ee0f35e1-e06a-4962-8603-bb01d4720657 2785187052ba40fa9e8e0f9b6ea224e8 30049d2e98f44644b434cb13a9d02e4e - - default default] 10.0.0.204 "DELETE /v2.0/security-group-rules/f16c5a89-9e73-41e6-a1a8-b9e252ff2993 HTTP/1.1" status: 204 len: 168 time: 0.1156402
2026-07-10 22:45:10.701 9 INFO neutron.api.v2.resource [None req-af9e8e70-da5a-49f9-a3de-efa4beaec4c5 2785187052ba40fa9e8e0f9b6ea224e8 30049d2e98f44644b434cb13a9d02e4e - - default default] show failed (client error): The resource could not be found.
2026-07-10 22:45:10.703 9 INFO neutron.wsgi [None req-af9e8e70-da5a-49f9-a3de-efa4beaec4c5 2785187052ba40fa9e8e0f9b6ea224e8 30049d2e98f44644b434cb13a9d02e4e - - default default] 10.0.0.204 "GET /v2.0/security-group-rules/f16c5a89-9e73-41e6-a1a8-b9e252ff2993 HTTP/1.1" status: 404 len: 356 time: 0.0141497
2026-07-10 22:45:10.811 9 INFO neutron.wsgi [None req-c273f2ea-983a-457c-a133-23cf5ae11747 2785187052ba40fa9e8e0f9b6ea224e8 30049d2e98f44644b434cb13a9d02e4e - - default default] 10.0.0.204 "DELETE /v2.0/security-group-rules/be1a8fde-5236-4fb9-be47-489a74b0bdf8 HTTP/1.1" status: 204 len: 168 time: 0.1027551
2026-07-10 22:45:10.821 9 INFO neutron.api.v2.resource [None req-55e6d2f3-c742-443b-b160-ef7942b2e8a5 2785187052ba40fa9e8e0f9b6ea224e8 30049d2e98f44644b434cb13a9d02e4e - - default default] show failed (client error): The resource could not be found.
2026-07-10 22:45:10.822 9 INFO neutron.wsgi [None req-55e6d2f3-c742-443b-b160-ef7942b2e8a5 2785187052ba40fa9e8e0f9b6ea224e8 30049d2e98f44644b434cb13a9d02e4e - - default default] 10.0.0.204 "GET /v2.0/security-group-rules/be1a8fde-5236-4fb9-be47-489a74b0bdf8 HTTP/1.1" status: 404 len: 356 time: 0.0073326
2026-07-10 22:45:10.935 9 INFO neutron.wsgi [None req-48671717-a381-408d-a4d9-474436bb8d4c 2785187052ba40fa9e8e0f9b6ea224e8 30049d2e98f44644b434cb13a9d02e4e - - default default] 10.0.0.204 "DELETE /v2.0/security-group-rules/320d5645-fdc8-433c-ae7d-ba8a9a2c84b1 HTTP/1.1" status: 204 len: 168 time: 0.1093273
2026-07-10 22:45:10.946 9 INFO neutron.api.v2.resource [None req-5db364b1-f5e1-4400-a647-6547630dba93 2785187052ba40fa9e8e0f9b6ea224e8 30049d2e98f44644b434cb13a9d02e4e - - default default] show failed (client error): The resource could not be found.
2026-07-10 22:45:10.947 9 INFO neutron.wsgi [None req-5db364b1-f5e1-4400-a647-6547630dba93 2785187052ba40fa9e8e0f9b6ea224e8 30049d2e98f44644b434cb13a9d02e4e - - default default] 10.0.0.204 "GET /v2.0/security-group-rules/320d5645-fdc8-433c-ae7d-ba8a9a2c84b1 HTTP/1.1" status: 404 len: 356 time: 0.0077906
2026-07-10 22:45:11.061 9 INFO neutron.wsgi [None req-f349ee8a-e36b-465c-aee3-e2bc39b39d42 2785187052ba40fa9e8e0f9b6ea224e8 30049d2e98f44644b434cb13a9d02e4e - - default default] 10.0.0.204 "DELETE /v2.0/security-group-rules/a67a908d-5129-40b0-af82-fdd57084935a HTTP/1.1" status: 204 len: 168 time: 0.1113486
2026-07-10 22:45:11.075 9 INFO neutron.api.v2.resource [None req-049b328b-b86b-4d85-b33c-7c1e5fa98ad5 2785187052ba40fa9e8e0f9b6ea224e8 30049d2e98f44644b434cb13a9d02e4e - - default default] show failed (client error): The resource could not be found.
2026-07-10 22:45:11.077 9 INFO neutron.wsgi [None req-049b328b-b86b-4d85-b33c-7c1e5fa98ad5 2785187052ba40fa9e8e0f9b6ea224e8 30049d2e98f44644b434cb13a9d02e4e - - default default] 10.0.0.204 "GET /v2.0/security-group-rules/a67a908d-5129-40b0-af82-fdd57084935a HTTP/1.1" status: 404 len: 356 time: 0.0100684
2026-07-10 22:45:11.194 9 INFO neutron.wsgi [None req-aee11470-fb3f-427d-8744-e05f67f2a981 2785187052ba40fa9e8e0f9b6ea224e8 30049d2e98f44644b434cb13a9d02e4e - - default default] 10.0.0.204 "DELETE /v2.0/security-group-rules/0f049b9c-c61e-46d4-b2d3-071f0337090f HTTP/1.1" status: 204 len: 168 time: 0.1138752
2026-07-10 22:45:11.204 9 INFO neutron.api.v2.resource [None req-73a9f506-342d-41b3-af46-d55a041e5e6e 2785187052ba40fa9e8e0f9b6ea224e8 30049d2e98f44644b434cb13a9d02e4e - - default default] show failed (client error): The resource could not be found.
2026-07-10 22:45:11.205 9 INFO neutron.wsgi [None req-73a9f506-342d-41b3-af46-d55a041e5e6e 2785187052ba40fa9e8e0f9b6ea224e8 30049d2e98f44644b434cb13a9d02e4e - - default default] 10.0.0.204 "GET /v2.0/security-group-rules/0f049b9c-c61e-46d4-b2d3-071f0337090f HTTP/1.1" status: 404 len: 356 time: 0.0071375
2026-07-10 22:45:11.315 9 INFO neutron.wsgi [None req-435e76e7-8f9e-4765-bc81-f8a735924dda 2785187052ba40fa9e8e0f9b6ea224e8 30049d2e98f44644b434cb13a9d02e4e - - default default] 10.0.0.204 "DELETE /v2.0/security-group-rules/87046755-fec9-4c9e-8424-9635b63c9686 HTTP/1.1" status: 204 len: 168 time: 0.1060336
2026-07-10 22:45:11.327 9 INFO neutron.api.v2.resource [None req-617f254d-2611-40a6-a8c7-5ea7e0ff5e1e 2785187052ba40fa9e8e0f9b6ea224e8 30049d2e98f44644b434cb13a9d02e4e - - default default] show failed (client error): The resource could not be found.
2026-07-10 22:45:11.329 9 INFO neutron.wsgi [None req-617f254d-2611-40a6-a8c7-5ea7e0ff5e1e 2785187052ba40fa9e8e0f9b6ea224e8 30049d2e98f44644b434cb13a9d02e4e - - default default] 10.0.0.204 "GET /v2.0/security-group-rules/87046755-fec9-4c9e-8424-9635b63c9686 HTTP/1.1" status: 404 len: 356 time: 0.0088360
2026-07-10 22:45:11.427 9 INFO neutron.wsgi [None req-5ae59c8d-99c5-45f9-b757-57615a9e82d7 2785187052ba40fa9e8e0f9b6ea224e8 30049d2e98f44644b434cb13a9d02e4e - - default default] 10.0.0.204 "DELETE /v2.0/security-group-rules/829e160a-b995-4ed3-8356-c67d00eb525c HTTP/1.1" status: 204 len: 168 time: 0.0947344
2026-07-10 22:45:11.441 9 INFO neutron.api.v2.resource [None req-cd2cd209-61e3-4ace-84e3-d65937441941 2785187052ba40fa9e8e0f9b6ea224e8 30049d2e98f44644b434cb13a9d02e4e - - default default] show failed (client error): The resource could not be found.
2026-07-10 22:45:11.442 9 INFO neutron.wsgi [None req-cd2cd209-61e3-4ace-84e3-d65937441941 2785187052ba40fa9e8e0f9b6ea224e8 30049d2e98f44644b434cb13a9d02e4e - - default default] 10.0.0.204 "GET /v2.0/security-group-rules/829e160a-b995-4ed3-8356-c67d00eb525c HTTP/1.1" status: 404 len: 356 time: 0.0093508
2026-07-10 22:45:11.558 9 INFO neutron.wsgi [None req-a4b4cad2-325d-4e53-88fc-012802566904 2785187052ba40fa9e8e0f9b6ea224e8 30049d2e98f44644b434cb13a9d02e4e - - default default] 10.0.0.204 "DELETE /v2.0/security-groups/48c2d57b-c210-4b78-996c-eb6f309da252 HTTP/1.1" status: 204 len: 168 time: 0.1134462
2026-07-10 22:45:11.572 9 INFO neutron.api.v2.resource [None req-73f03896-c294-4779-ac40-bdcfe6e2a468 2785187052ba40fa9e8e0f9b6ea224e8 30049d2e98f44644b434cb13a9d02e4e - - default default] show failed (client error): The resource could not be found.
2026-07-10 22:45:11.573 9 INFO neutron.wsgi [None req-73f03896-c294-4779-ac40-bdcfe6e2a468 2785187052ba40fa9e8e0f9b6ea224e8 30049d2e98f44644b434cb13a9d02e4e - - default default] 10.0.0.204 "GET /v2.0/security-groups/48c2d57b-c210-4b78-996c-eb6f309da252 HTTP/1.1" status: 404 len: 347 time: 0.0104463
2026-07-10 22:45:12.470 9 INFO neutron.wsgi [None req-f78e9cbb-e491-4b39-ad1a-21fcb26e8d1c 2785187052ba40fa9e8e0f9b6ea224e8 30049d2e98f44644b434cb13a9d02e4e - - default default] 10.0.0.204 "PUT /v2.0/routers/fbf97518-49d1-4286-b880-13cec18d0ad7/remove_router_interface HTTP/1.1" status: 200 len: 503 time: 0.8503611
2026-07-10 22:45:12.598 10 INFO neutron.api.v2.resource [None req-b21bca9f-9804-49b9-bb88-3b0cbc83b3d5 2785187052ba40fa9e8e0f9b6ea224e8 30049d2e98f44644b434cb13a9d02e4e - - default default] remove_router_interface failed (client error): The resource could not be found.
2026-07-10 22:45:12.599 10 INFO neutron.wsgi [None req-b21bca9f-9804-49b9-bb88-3b0cbc83b3d5 2785187052ba40fa9e8e0f9b6ea224e8 30049d2e98f44644b434cb13a9d02e4e - - default default] 10.0.0.204 "PUT /v2.0/routers/fbf97518-49d1-4286-b880-13cec18d0ad7/remove_router_interface HTTP/1.1" status: 404 len: 399 time: 0.1253300 /var/lib/openstack/lib/python3.10/site-packages/pycadf/identifier.py:71: UserWarning: Invalid uuid: neutron. To ensure interoperability, identifiers should be a valid uuid. warnings.warn(('Invalid uuid: %s. To ensure interoperability, '
2026-07-10 22:45:13.742 10 INFO neutron.wsgi [-] 10.0.0.184 "GET / HTTP/1.1" status: 200 len: 246 time: 0.0017815
2026-07-10 22:45:13.744 10 INFO neutron.wsgi [-] 10.0.0.184 "GET / HTTP/1.1" status: 200 len: 246 time: 0.0012879
2026-07-10 22:45:13.786 9 INFO neutron.wsgi [None req-d31dcd05-865f-4ccc-b266-02818d4e834e 2785187052ba40fa9e8e0f9b6ea224e8 30049d2e98f44644b434cb13a9d02e4e - - default default] 10.0.0.204 "PUT /v2.0/routers/fbf97518-49d1-4286-b880-13cec18d0ad7/remove_router_interface HTTP/1.1" status: 200 len: 503 time: 1.1817958
2026-07-10 22:45:13.925 10 INFO neutron.api.v2.resource [None req-c1dc4f1d-2898-474e-8152-0ffa987cf765 2785187052ba40fa9e8e0f9b6ea224e8 30049d2e98f44644b434cb13a9d02e4e - - default default] remove_router_interface failed (client error): The resource could not be found.
2026-07-10 22:45:13.926 10 INFO neutron.wsgi [None req-c1dc4f1d-2898-474e-8152-0ffa987cf765 2785187052ba40fa9e8e0f9b6ea224e8 30049d2e98f44644b434cb13a9d02e4e - - default default] 10.0.0.204 "PUT /v2.0/routers/fbf97518-49d1-4286-b880-13cec18d0ad7/remove_router_interface HTTP/1.1" status: 404 len: 399 time: 0.1356099
2026-07-10 22:45:14.970 10 INFO neutron.wsgi [None req-2186d0ed-1c23-4fe2-b0bd-f079313b883e 2785187052ba40fa9e8e0f9b6ea224e8 30049d2e98f44644b434cb13a9d02e4e - - default default] 10.0.0.204 "PUT /v2.0/routers/fbf97518-49d1-4286-b880-13cec18d0ad7/remove_router_interface HTTP/1.1" status: 200 len: 503 time: 1.0406125 /var/lib/openstack/lib/python3.10/site-packages/pycadf/identifier.py:71: UserWarning: Invalid uuid: neutron. To ensure interoperability, identifiers should be a valid uuid. warnings.warn(('Invalid uuid: %s. To ensure interoperability, '
2026-07-10 22:45:15.107 10 INFO neutron.api.v2.resource [None req-72314add-5366-4f59-b20d-a5e1fb16a2c8 2785187052ba40fa9e8e0f9b6ea224e8 30049d2e98f44644b434cb13a9d02e4e - - default default] remove_router_interface failed (client error): The resource could not be found.
2026-07-10 22:45:15.109 10 INFO neutron.wsgi [None req-72314add-5366-4f59-b20d-a5e1fb16a2c8 2785187052ba40fa9e8e0f9b6ea224e8 30049d2e98f44644b434cb13a9d02e4e - - default default] 10.0.0.204 "PUT /v2.0/routers/fbf97518-49d1-4286-b880-13cec18d0ad7/remove_router_interface HTTP/1.1" status: 404 len: 399 time: 0.1328325
2026-07-10 22:45:15.728 10 INFO neutron.wsgi [None req-50c9466b-bf0f-4e15-ac3c-19db414fef0d 2785187052ba40fa9e8e0f9b6ea224e8 30049d2e98f44644b434cb13a9d02e4e - - default default] 10.0.0.204 "DELETE /v2.0/routers/fbf97518-49d1-4286-b880-13cec18d0ad7 HTTP/1.1" status: 204 len: 168 time: 0.6126397
2026-07-10 22:45:15.757 10 INFO neutron.api.v2.resource [None req-9b3b3fb2-0fed-456f-9a39-fe311ca76fa6 2785187052ba40fa9e8e0f9b6ea224e8 30049d2e98f44644b434cb13a9d02e4e - - default default] show failed (client error): The resource could not be found.
2026-07-10 22:45:15.758 10 INFO neutron.wsgi [None req-9b3b3fb2-0fed-456f-9a39-fe311ca76fa6 2785187052ba40fa9e8e0f9b6ea224e8 30049d2e98f44644b434cb13a9d02e4e - - default default] 10.0.0.204 "GET /v2.0/routers/fbf97518-49d1-4286-b880-13cec18d0ad7 HTTP/1.1" status: 404 len: 336 time: 0.0258365
2026-07-10 22:45:15.917 10 INFO neutron.wsgi [None req-3b7126b3-8d2b-4aa3-8a1f-08a1436182e0 2785187052ba40fa9e8e0f9b6ea224e8 30049d2e98f44644b434cb13a9d02e4e - - default default] 10.0.0.204 "DELETE /v2.0/subnets/3c78fea2-f7a0-4a09-a66f-acad1e63375c HTTP/1.1" status: 204 len: 168 time: 0.1544821
2026-07-10 22:45:15.937 10 INFO neutron.pecan_wsgi.hooks.translation [None req-7bd7f10e-b4a0-46b5-a04e-cf5433f032ae 2785187052ba40fa9e8e0f9b6ea224e8 30049d2e98f44644b434cb13a9d02e4e - - default default] GET failed (client error): The resource could not be found.
2026-07-10 22:45:15.939 10 INFO neutron.wsgi [None req-7bd7f10e-b4a0-46b5-a04e-cf5433f032ae 2785187052ba40fa9e8e0f9b6ea224e8 30049d2e98f44644b434cb13a9d02e4e - - default default] 10.0.0.204 "GET /v2.0/subnets/3c78fea2-f7a0-4a09-a66f-acad1e63375c HTTP/1.1" status: 404 len: 337 time: 0.0155227
2026-07-10 22:45:16.135 10 INFO neutron.wsgi [None req-4b5c672e-cc77-4aac-876a-bf4adddce149 2785187052ba40fa9e8e0f9b6ea224e8 30049d2e98f44644b434cb13a9d02e4e - - default default] 10.0.0.204 "DELETE /v2.0/subnets/23f57d57-f6c0-4dcf-b8c4-bf5d1322bc22 HTTP/1.1" status: 204 len: 168 time: 0.1924541 /var/lib/openstack/lib/python3.10/site-packages/pycadf/identifier.py:71: UserWarning: Invalid uuid: neutron. To ensure interoperability, identifiers should be a valid uuid. warnings.warn(('Invalid uuid: %s. To ensure interoperability, '
2026-07-10 22:45:16.167 9 INFO neutron.pecan_wsgi.hooks.translation [None req-9b096d33-6a07-40fe-ba35-5beea9e0c3c1 2785187052ba40fa9e8e0f9b6ea224e8 30049d2e98f44644b434cb13a9d02e4e - - default default] GET failed (client error): The resource could not be found.
2026-07-10 22:45:16.170 9 INFO neutron.wsgi [None req-9b096d33-6a07-40fe-ba35-5beea9e0c3c1 2785187052ba40fa9e8e0f9b6ea224e8 30049d2e98f44644b434cb13a9d02e4e - - default default] 10.0.0.204 "GET /v2.0/subnets/23f57d57-f6c0-4dcf-b8c4-bf5d1322bc22 HTTP/1.1" status: 404 len: 337 time: 0.0268383
2026-07-10 22:45:16.542 9 INFO neutron.wsgi [None req-5eaeb1a6-d243-4a25-80e9-feec67fcb3c7 2785187052ba40fa9e8e0f9b6ea224e8 30049d2e98f44644b434cb13a9d02e4e - - default default] 10.0.0.204 "DELETE /v2.0/networks/a13fb7a6-4c92-43b2-a31b-a75e72a668ea HTTP/1.1" status: 204 len: 168 time: 0.3676312
2026-07-10 22:45:16.544 9 INFO neutron.services.segments.plugin [-] Segment d8ca9dfe-5cdf-43af-9759-a418749567cd resource provider aggregate not found
2026-07-10 22:45:16.555 9 INFO neutron.services.segments.plugin [-] Segment d8ca9dfe-5cdf-43af-9759-a418749567cd resource provider aggregate not found
2026-07-10 22:45:16.562 9 INFO neutron.services.segments.plugin [-] Segment d8ca9dfe-5cdf-43af-9759-a418749567cd resource provider not found; error: Placement Client Error (4xx): {"errors": [{"status": 404, "title": "Not Found", "detail": "The resource could not be found.\n\n No resource provider with uuid d8ca9dfe-5cdf-43af-9759-a418749567cd found for delete ", "request_id": "req-abcfa66f-c621-48a1-ba87-26a470990bb1"}]}
2026-07-10 22:45:16.566 10 INFO neutron.pecan_wsgi.hooks.translation [None req-1c7424f9-8bdb-434a-a376-06a446f73f92 2785187052ba40fa9e8e0f9b6ea224e8 30049d2e98f44644b434cb13a9d02e4e - - default default] GET failed (client error): The resource could not be found.
2026-07-10 22:45:16.567 10 INFO neutron.wsgi [None req-1c7424f9-8bdb-434a-a376-06a446f73f92 2785187052ba40fa9e8e0f9b6ea224e8 30049d2e98f44644b434cb13a9d02e4e - - default default] 10.0.0.204 "GET /v2.0/networks/a13fb7a6-4c92-43b2-a31b-a75e72a668ea HTTP/1.1" status: 404 len: 339 time: 0.0173531
2026-07-10 22:45:16.570 9 INFO neutron.services.segments.plugin [-] Segment d8ca9dfe-5cdf-43af-9759-a418749567cd resource provider not found; error: Placement Client Error (4xx): {"errors": [{"status": 404, "title": "Not Found", "detail": "The resource could not be found.\n\n No resource provider with uuid d8ca9dfe-5cdf-43af-9759-a418749567cd found for delete ", "request_id": "req-94f59fa0-6780-4a9e-ae20-0908091ce750"}]}
2026-07-10 22:45:16.727 10 INFO neutron.wsgi [None req-b370bc16-3fd6-45df-9ea6-0ce43c84dc25 2785187052ba40fa9e8e0f9b6ea224e8 30049d2e98f44644b434cb13a9d02e4e - - default default] 10.0.0.204 "DELETE /v2.0/subnets/5658ab14-9567-47bd-ab59-339151c45d66 HTTP/1.1" status: 204 len: 168 time: 0.1557260
2026-07-10 22:45:16.744 10 INFO neutron.pecan_wsgi.hooks.translation [None req-b98354f5-2e6b-41a1-99f3-5c376352da4f 2785187052ba40fa9e8e0f9b6ea224e8 30049d2e98f44644b434cb13a9d02e4e - - default default] GET failed (client error): The resource could not be found.
2026-07-10 22:45:16.746 10 INFO neutron.wsgi [None req-b98354f5-2e6b-41a1-99f3-5c376352da4f 2785187052ba40fa9e8e0f9b6ea224e8 30049d2e98f44644b434cb13a9d02e4e - - default default] 10.0.0.204 "GET /v2.0/subnets/5658ab14-9567-47bd-ab59-339151c45d66 HTTP/1.1" status: 404 len: 337 time: 0.0135329
2026-07-10 22:45:16.937 10 INFO neutron.wsgi [None req-fda03e0d-207a-4945-8d11-2db0cf19b7f3 2785187052ba40fa9e8e0f9b6ea224e8 30049d2e98f44644b434cb13a9d02e4e - - default default] 10.0.0.204 "DELETE /v2.0/subnets/71985b38-dfbb-4988-afb3-88a677adb4bd HTTP/1.1" status: 204 len: 168 time: 0.1870599
2026-07-10 22:45:16.957 10 INFO neutron.pecan_wsgi.hooks.translation [None req-7eac7a61-2af8-44e2-980a-62498af248c4 2785187052ba40fa9e8e0f9b6ea224e8 30049d2e98f44644b434cb13a9d02e4e - - default default] GET failed (client error): The resource could not be found.
2026-07-10 22:45:16.958 10 INFO neutron.wsgi [None req-7eac7a61-2af8-44e2-980a-62498af248c4 2785187052ba40fa9e8e0f9b6ea224e8 30049d2e98f44644b434cb13a9d02e4e - - default default] 10.0.0.204 "GET /v2.0/subnets/71985b38-dfbb-4988-afb3-88a677adb4bd HTTP/1.1" status: 404 len: 337 time: 0.0156286
2026-07-10 22:45:17.372 9 INFO neutron.wsgi [None req-1dff64f8-283c-4ad0-9929-cb4605796c8c 2785187052ba40fa9e8e0f9b6ea224e8 30049d2e98f44644b434cb13a9d02e4e - - default default] 10.0.0.204 "DELETE /v2.0/networks/06619f77-688f-453c-9d36-e3b8be10b4da HTTP/1.1" status: 204 len: 168 time: 0.4083307
2026-07-10 22:45:17.393 10 INFO neutron.pecan_wsgi.hooks.translation [None req-96438056-f401-4ce0-8219-4d9930686f06 2785187052ba40fa9e8e0f9b6ea224e8 30049d2e98f44644b434cb13a9d02e4e - - default default] GET failed (client error): The resource could not be found.
2026-07-10 22:45:17.395 10 INFO neutron.wsgi [None req-96438056-f401-4ce0-8219-4d9930686f06 2785187052ba40fa9e8e0f9b6ea224e8 30049d2e98f44644b434cb13a9d02e4e - - default default] 10.0.0.204 "GET /v2.0/networks/06619f77-688f-453c-9d36-e3b8be10b4da HTTP/1.1" status: 404 len: 339 time: 0.0185099
2026-07-10 22:45:17.570 10 INFO neutron.wsgi [None req-ec1aa80b-ff24-41dc-b769-77d1aa0ed04a 2785187052ba40fa9e8e0f9b6ea224e8 30049d2e98f44644b434cb13a9d02e4e - - default default] 10.0.0.204 "DELETE /v2.0/subnets/bfb696f4-4419-45d0-ab26-2e8b406150b9 HTTP/1.1" status: 204 len: 168 time: 0.1698799
2026-07-10 22:45:17.597 9 INFO neutron.pecan_wsgi.hooks.translation [None req-bb39f35c-b25f-4af7-bc20-6669d41880dd 2785187052ba40fa9e8e0f9b6ea224e8 30049d2e98f44644b434cb13a9d02e4e - - default default] GET failed (client error): The resource could not be found.
2026-07-10 22:45:17.598 9 INFO neutron.wsgi [None req-bb39f35c-b25f-4af7-bc20-6669d41880dd 2785187052ba40fa9e8e0f9b6ea224e8 30049d2e98f44644b434cb13a9d02e4e - - default default] 10.0.0.204 "GET /v2.0/subnets/bfb696f4-4419-45d0-ab26-2e8b406150b9 HTTP/1.1" status: 404 len: 337 time: 0.0239296
2026-07-10 22:45:17.788 9 INFO neutron.wsgi [None req-29085ea6-abff-451f-be77-3758c3df6599 2785187052ba40fa9e8e0f9b6ea224e8 30049d2e98f44644b434cb13a9d02e4e - - default default] 10.0.0.204 "DELETE /v2.0/subnets/362d73c5-cdc6-43bf-972d-ff169cea3dc2 HTTP/1.1" status: 204 len: 168 time: 0.1854293
2026-07-10 22:45:17.815 9 INFO neutron.pecan_wsgi.hooks.translation [None req-e363b68d-d71b-4292-a7cc-92a9c5a48d86 2785187052ba40fa9e8e0f9b6ea224e8 30049d2e98f44644b434cb13a9d02e4e - - default default] GET failed (client error): The resource could not be found.
2026-07-10 22:45:17.817 9 INFO neutron.wsgi [None req-e363b68d-d71b-4292-a7cc-92a9c5a48d86 2785187052ba40fa9e8e0f9b6ea224e8 30049d2e98f44644b434cb13a9d02e4e - - default default] 10.0.0.204 "GET /v2.0/subnets/362d73c5-cdc6-43bf-972d-ff169cea3dc2 HTTP/1.1" status: 404 len: 337 time: 0.0151041
2026-07-10 22:45:18.181 9 INFO neutron.wsgi [None req-46a35d50-fcb9-44ad-9173-c53ba9298196 2785187052ba40fa9e8e0f9b6ea224e8 30049d2e98f44644b434cb13a9d02e4e - - default default] 10.0.0.204 "DELETE /v2.0/networks/cb4595ed-6dca-4422-97af-72da3ba12dbf HTTP/1.1" status: 204 len: 168 time: 0.3594813
2026-07-10 22:45:18.203 10 INFO neutron.pecan_wsgi.hooks.translation [None req-de5f8d54-7e2f-4f62-8af3-00a9178e173c 2785187052ba40fa9e8e0f9b6ea224e8 30049d2e98f44644b434cb13a9d02e4e - - default default] GET failed (client error): The resource could not be found.
2026-07-10 22:45:18.204 10 INFO neutron.wsgi [None req-de5f8d54-7e2f-4f62-8af3-00a9178e173c 2785187052ba40fa9e8e0f9b6ea224e8 30049d2e98f44644b434cb13a9d02e4e - - default default] 10.0.0.204 "GET /v2.0/networks/cb4595ed-6dca-4422-97af-72da3ba12dbf HTTP/1.1" status: 404 len: 339 time: 0.0177066
2026-07-10 22:45:18.585 9 INFO neutron.services.segments.plugin [-] Segment 3d8553fe-f3cf-4c5b-a3ba-c052a7a918ed resource provider aggregate not found
2026-07-10 22:45:18.589 9 INFO neutron.services.segments.plugin [-] Segment 3d8553fe-f3cf-4c5b-a3ba-c052a7a918ed resource provider aggregate not found
2026-07-10 22:45:18.604 9 INFO neutron.services.segments.plugin [-] Segment 3d8553fe-f3cf-4c5b-a3ba-c052a7a918ed resource provider not found; error: Placement Client Error (4xx): {"errors": [{"status": 404, "title": "Not Found", "detail": "The resource could not be found.\n\n No resource provider with uuid 3d8553fe-f3cf-4c5b-a3ba-c052a7a918ed found for delete ", "request_id": "req-b2ab5dab-5ac3-496b-b54a-fb5e13fe5e2e"}]}
2026-07-10 22:45:18.610 9 INFO neutron.services.segments.plugin [-] Segment 3d8553fe-f3cf-4c5b-a3ba-c052a7a918ed resource provider not found; error: Placement Client Error (4xx): {"errors": [{"status": 404, "title": "Not Found", "detail": "The resource could not be found.\n\n No resource provider with uuid 3d8553fe-f3cf-4c5b-a3ba-c052a7a918ed found for delete ", "request_id": "req-07c058ba-3037-478f-bd1e-ac20d24085f7"}]}
2026-07-10 22:45:18.625 9 INFO neutron.services.segments.plugin [-] Segment cba1e4f2-99de-41fd-a0ff-aa286965e8af resource provider aggregate not found
2026-07-10 22:45:18.630 9 INFO neutron.services.segments.plugin [-] Segment cba1e4f2-99de-41fd-a0ff-aa286965e8af resource provider aggregate not found
2026-07-10 22:45:18.648 9 INFO neutron.services.segments.plugin [-] Segment cba1e4f2-99de-41fd-a0ff-aa286965e8af resource provider not found; error: Placement Client Error (4xx): {"errors": [{"status": 404, "title": "Not Found", "detail": "The resource could not be found.\n\n No resource provider with uuid cba1e4f2-99de-41fd-a0ff-aa286965e8af found for delete ", "request_id": "req-97b5d0ab-09ad-4e04-8a1c-8f0375172154"}]}
2026-07-10 22:45:18.650 9 INFO neutron.services.segments.plugin [-] Segment cba1e4f2-99de-41fd-a0ff-aa286965e8af resource provider not found; error: Placement Client Error (4xx): {"errors": [{"status": 404, "title": "Not Found", "detail": "The resource could not be found.\n\n No resource provider with uuid cba1e4f2-99de-41fd-a0ff-aa286965e8af found for delete ", "request_id": "req-2fa7ca23-9642-4efd-8ea8-5d6c4cc102a7"}]}
2026-07-10 22:45:20.547 9 INFO neutron.db.ovn_revision_numbers_db [None req-3097ed03-b834-4248-9eb6-7dcb687cdc3b ec6d0fcb497b4e21b69298d65bad6c66 63cd8c3b35e6465c9da29c9fda1bda51 - - default default] Successfully bumped revision number for resource f6669b49-1cbb-4dfc-8b67-6946046335c5 (type: security_groups) to 1
2026-07-10 22:45:20.562 9 INFO neutron.db.ovn_revision_numbers_db [None req-3097ed03-b834-4248-9eb6-7dcb687cdc3b ec6d0fcb497b4e21b69298d65bad6c66 63cd8c3b35e6465c9da29c9fda1bda51 - - default default] Successfully bumped revision number for resource 1b8e5b61-64a7-4d76-8c2e-b28a5cf3a39a (type: security_group_rules) to 0
2026-07-10 22:45:20.575 9 INFO neutron.db.ovn_revision_numbers_db [None req-3097ed03-b834-4248-9eb6-7dcb687cdc3b ec6d0fcb497b4e21b69298d65bad6c66 63cd8c3b35e6465c9da29c9fda1bda51 - - default default] Successfully bumped revision number for resource 47237198-27a4-4f3b-86df-39c8faf2ae01 (type: security_group_rules) to 0
2026-07-10 22:45:20.586 9 INFO neutron.db.ovn_revision_numbers_db [None req-3097ed03-b834-4248-9eb6-7dcb687cdc3b ec6d0fcb497b4e21b69298d65bad6c66 63cd8c3b35e6465c9da29c9fda1bda51 - - default default] Successfully bumped revision number for resource 67e4f021-be70-4949-a630-f9a8cbb20f2e (type: security_group_rules) to 0
2026-07-10 22:45:20.600 9 INFO neutron.db.ovn_revision_numbers_db [None req-3097ed03-b834-4248-9eb6-7dcb687cdc3b ec6d0fcb497b4e21b69298d65bad6c66 63cd8c3b35e6465c9da29c9fda1bda51 - - default default] Successfully bumped revision number for resource f1dcc189-2c3b-4591-9db7-b7daaef19941 (type: security_group_rules) to 0
2026-07-10 22:45:20.624 9 INFO neutron.wsgi [None req-3097ed03-b834-4248-9eb6-7dcb687cdc3b ec6d0fcb497b4e21b69298d65bad6c66 63cd8c3b35e6465c9da29c9fda1bda51 - - default default] 10.0.0.204 "GET /v2.0/security-groups?tenant_id=b311b6a22dd74dcc8bdf83bb2b49849c&name=default HTTP/1.1" status: 200 len: 3000 time: 0.3529315
2026-07-10 22:45:20.815 9 INFO neutron.wsgi [None req-30d54729-719c-483f-abf1-449f82a774fe ec6d0fcb497b4e21b69298d65bad6c66 63cd8c3b35e6465c9da29c9fda1bda51 - - default default] 10.0.0.204 "DELETE /v2.0/security-groups/f6669b49-1cbb-4dfc-8b67-6946046335c5 HTTP/1.1" status: 204 len: 168 time: 0.1864328
2026-07-10 22:45:20.937 9 INFO neutron.wsgi [None req-d41f80ae-8498-4a18-ad99-1c5da02aaec8 ec6d0fcb497b4e21b69298d65bad6c66 63cd8c3b35e6465c9da29c9fda1bda51 - - default default] 10.0.0.204 "GET /v2.0/security-groups?tenant_id=30049d2e98f44644b434cb13a9d02e4e&name=default HTTP/1.1" status: 200 len: 3000 time: 0.0332005
2026-07-10 22:45:21.152 9 INFO neutron.wsgi [None req-5a6f991f-5b52-4d84-bcfc-679e1700192c ec6d0fcb497b4e21b69298d65bad6c66 63cd8c3b35e6465c9da29c9fda1bda51 - - default default] 10.0.0.204 "DELETE /v2.0/security-groups/ed90a3d2-6de6-4698-9c92-c087b6a7c7b9 HTTP/1.1" status: 204 len: 168 time: 0.2105155
2026-07-10 22:45:21.397 10 INFO neutron.db.ovn_revision_numbers_db [None req-dbde82ee-b3f5-4311-b362-d37abcc5c403 ec6d0fcb497b4e21b69298d65bad6c66 63cd8c3b35e6465c9da29c9fda1bda51 - - default default] Successfully bumped revision number for resource e6df7eb9-b1a5-40c4-8eb1-8f68f865108a (type: security_groups) to 1
2026-07-10 22:45:21.413 10 INFO neutron.db.ovn_revision_numbers_db [None req-dbde82ee-b3f5-4311-b362-d37abcc5c403 ec6d0fcb497b4e21b69298d65bad6c66 63cd8c3b35e6465c9da29c9fda1bda51 - - default default] Successfully bumped revision number for resource 25fdc7d3-1f5e-42a3-af3e-400d93e9bd9a (type: security_group_rules) to 0
2026-07-10 22:45:21.426 10 INFO neutron.db.ovn_revision_numbers_db [None req-dbde82ee-b3f5-4311-b362-d37abcc5c403 ec6d0fcb497b4e21b69298d65bad6c66 63cd8c3b35e6465c9da29c9fda1bda51 - - default default] Successfully bumped revision number for resource 65ce7301-c3bb-43a9-a23a-d2d9eeb78534 (type: security_group_rules) to 0
2026-07-10 22:45:21.441 10 INFO neutron.db.ovn_revision_numbers_db [None req-dbde82ee-b3f5-4311-b362-d37abcc5c403 ec6d0fcb497b4e21b69298d65bad6c66 63cd8c3b35e6465c9da29c9fda1bda51 - - default default] Successfully bumped revision number for resource 745bf23d-f96e-4e8e-b88f-d8a0b3970669 (type: security_group_rules) to 0
2026-07-10 22:45:21.456 10 INFO neutron.db.ovn_revision_numbers_db [None req-dbde82ee-b3f5-4311-b362-d37abcc5c403 ec6d0fcb497b4e21b69298d65bad6c66 63cd8c3b35e6465c9da29c9fda1bda51 - - default default] Successfully bumped revision number for resource 7b2cee7a-9cee-47c0-8839-6a301845dbd0 (type: security_group_rules) to 0
2026-07-10 22:45:21.479 10 INFO neutron.wsgi [None req-dbde82ee-b3f5-4311-b362-d37abcc5c403 ec6d0fcb497b4e21b69298d65bad6c66 63cd8c3b35e6465c9da29c9fda1bda51 - - default default] 10.0.0.204 "GET /v2.0/security-groups?tenant_id=16c79998dbce47008bdff8f8c8dcca51&name=default HTTP/1.1" status: 200 len: 3000 time: 0.1885076
2026-07-10 22:45:21.700 10 INFO neutron.wsgi [None req-c715a986-d30e-46b1-93b3-5f577e87746c ec6d0fcb497b4e21b69298d65bad6c66 63cd8c3b35e6465c9da29c9fda1bda51 - - default default] 10.0.0.204 "DELETE /v2.0/security-groups/e6df7eb9-b1a5-40c4-8eb1-8f68f865108a HTTP/1.1" status: 204 len: 168 time: 0.2166619
2026-07-10 22:45:21.948 10 INFO neutron.db.ovn_revision_numbers_db [None req-831fd279-f08c-4253-85f9-06d106a92e9d ec6d0fcb497b4e21b69298d65bad6c66 63cd8c3b35e6465c9da29c9fda1bda51 - - default default] Successfully bumped revision number for resource c489c693-1e24-4190-bc79-bd1452ce193c (type: security_groups) to 1
2026-07-10 22:45:21.962 10 INFO neutron.db.ovn_revision_numbers_db [None req-831fd279-f08c-4253-85f9-06d106a92e9d ec6d0fcb497b4e21b69298d65bad6c66 63cd8c3b35e6465c9da29c9fda1bda51 - - default default] Successfully bumped revision number for resource 9d75373b-7298-437c-894b-7eff6f19ddcc (type: security_group_rules) to 0
2026-07-10 22:45:21.977 10 INFO neutron.db.ovn_revision_numbers_db [None req-831fd279-f08c-4253-85f9-06d106a92e9d ec6d0fcb497b4e21b69298d65bad6c66 63cd8c3b35e6465c9da29c9fda1bda51 - - default default] Successfully bumped revision number for resource a39d131a-6501-427d-8e0a-c3e919fcd03c (type: security_group_rules) to 0
2026-07-10 22:45:21.991 10 INFO neutron.db.ovn_revision_numbers_db [None req-831fd279-f08c-4253-85f9-06d106a92e9d ec6d0fcb497b4e21b69298d65bad6c66 63cd8c3b35e6465c9da29c9fda1bda51 - - default default] Successfully bumped revision number for resource ba78efef-9d0e-442b-8469-a62c32c37dab (type: security_group_rules) to 0
2026-07-10 22:45:22.004 10 INFO neutron.db.ovn_revision_numbers_db [None req-831fd279-f08c-4253-85f9-06d106a92e9d ec6d0fcb497b4e21b69298d65bad6c66 63cd8c3b35e6465c9da29c9fda1bda51 - - default default] Successfully bumped revision number for resource f08171a2-f998-467c-9a04-eec187513e59 (type: security_group_rules) to 0
2026-07-10 22:45:22.032 10 INFO neutron.wsgi [None req-831fd279-f08c-4253-85f9-06d106a92e9d ec6d0fcb497b4e21b69298d65bad6c66 63cd8c3b35e6465c9da29c9fda1bda51 - - default default] 10.0.0.204 "GET /v2.0/security-groups?tenant_id=b9b3c6f397894cf08b2a9bb033b182a6&name=default HTTP/1.1" status: 200 len: 3000 time: 0.1872637
2026-07-10 22:45:22.255 10 INFO neutron.wsgi [None req-b0556c9c-b536-429e-8395-0222dc6c3e2b ec6d0fcb497b4e21b69298d65bad6c66 63cd8c3b35e6465c9da29c9fda1bda51 - - default default] 10.0.0.204 "DELETE /v2.0/security-groups/c489c693-1e24-4190-bc79-bd1452ce193c HTTP/1.1" status: 204 len: 168 time: 0.2182393
2026-07-10 22:45:22.514 10 INFO neutron.db.ovn_revision_numbers_db [None req-e5a51700-3799-4725-8d6e-9cb2dda9c33b ec6d0fcb497b4e21b69298d65bad6c66 63cd8c3b35e6465c9da29c9fda1bda51 - - default default] Successfully bumped revision number for resource 40ee3962-a1de-4b54-95a9-d444dc245d75 (type: security_groups) to 1
2026-07-10 22:45:22.531 10 INFO neutron.db.ovn_revision_numbers_db [None req-e5a51700-3799-4725-8d6e-9cb2dda9c33b ec6d0fcb497b4e21b69298d65bad6c66 63cd8c3b35e6465c9da29c9fda1bda51 - - default default] Successfully bumped revision number for resource 31a1220e-39d3-479e-bb8c-f1a4e4cdfa9d (type: security_group_rules) to 0
2026-07-10 22:45:22.547 10 INFO neutron.db.ovn_revision_numbers_db [None req-e5a51700-3799-4725-8d6e-9cb2dda9c33b ec6d0fcb497b4e21b69298d65bad6c66 63cd8c3b35e6465c9da29c9fda1bda51 - - default default] Successfully bumped revision number for resource 66f1087f-9f6c-43d1-9a28-57d830184ce7 (type: security_group_rules) to 0
2026-07-10 22:45:22.563 10 INFO neutron.db.ovn_revision_numbers_db [None req-e5a51700-3799-4725-8d6e-9cb2dda9c33b ec6d0fcb497b4e21b69298d65bad6c66 63cd8c3b35e6465c9da29c9fda1bda51 - - default default] Successfully bumped revision number for resource c4893fcb-1bb5-434f-bbba-216b2fd7549a (type: security_group_rules) to 0
2026-07-10 22:45:22.581 10 INFO neutron.db.ovn_revision_numbers_db [None req-e5a51700-3799-4725-8d6e-9cb2dda9c33b ec6d0fcb497b4e21b69298d65bad6c66 63cd8c3b35e6465c9da29c9fda1bda51 - - default default] Successfully bumped revision number for resource ce4477d7-e4c4-4dba-a596-8d6d0bf3ef87 (type: security_group_rules) to 0
2026-07-10 22:45:22.605 10 INFO neutron.wsgi [None req-e5a51700-3799-4725-8d6e-9cb2dda9c33b ec6d0fcb497b4e21b69298d65bad6c66 63cd8c3b35e6465c9da29c9fda1bda51 - - default default] 10.0.0.204 "GET /v2.0/security-groups?tenant_id=c97f83e4c2d34300af2dcaf495c85937&name=default HTTP/1.1" status: 200 len: 3000 time: 0.1962526
2026-07-10 22:45:22.808 10 INFO neutron.wsgi [None req-42759f01-5f83-4064-a836-5fbcf8de6263 ec6d0fcb497b4e21b69298d65bad6c66 63cd8c3b35e6465c9da29c9fda1bda51 - - default default] 10.0.0.204 "DELETE /v2.0/security-groups/40ee3962-a1de-4b54-95a9-d444dc245d75 HTTP/1.1" status: 204 len: 168 time: 0.1950655
2026-07-10 22:45:23.082 10 INFO neutron.db.ovn_revision_numbers_db [None req-3bd5af6d-f3ee-4727-8d04-bd57ff41efac ec6d0fcb497b4e21b69298d65bad6c66 63cd8c3b35e6465c9da29c9fda1bda51 - - default default] Successfully bumped revision number for resource e22b2fa2-35e5-4b56-9e62-91dd04e04c67 (type: security_groups) to 1
2026-07-10 22:45:23.096 10 INFO neutron.db.ovn_revision_numbers_db [None req-3bd5af6d-f3ee-4727-8d04-bd57ff41efac ec6d0fcb497b4e21b69298d65bad6c66 63cd8c3b35e6465c9da29c9fda1bda51 - - default default] Successfully bumped revision number for resource 03bd0d94-5847-4106-b532-85dd415de4c0 (type: security_group_rules) to 0
2026-07-10 22:45:23.112 10 INFO neutron.db.ovn_revision_numbers_db [None req-3bd5af6d-f3ee-4727-8d04-bd57ff41efac ec6d0fcb497b4e21b69298d65bad6c66 63cd8c3b35e6465c9da29c9fda1bda51 - - default default] Successfully bumped revision number for resource 16c0dbaf-e30e-47b5-a104-2dfb161eecf0 (type: security_group_rules) to 0
2026-07-10 22:45:23.126 10 INFO neutron.db.ovn_revision_numbers_db [None req-3bd5af6d-f3ee-4727-8d04-bd57ff41efac ec6d0fcb497b4e21b69298d65bad6c66 63cd8c3b35e6465c9da29c9fda1bda51 - - default default] Successfully bumped revision number for resource 4435f2dc-bd2f-4e2e-9918-20dc09a9bb4b (type: security_group_rules) to 0
2026-07-10 22:45:23.138 10 INFO neutron.db.ovn_revision_numbers_db [None req-3bd5af6d-f3ee-4727-8d04-bd57ff41efac ec6d0fcb497b4e21b69298d65bad6c66 63cd8c3b35e6465c9da29c9fda1bda51 - - default default] Successfully bumped revision number for resource 61b5c7c2-1583-4ec4-8c98-8d636888da59 (type: security_group_rules) to 0
