2026-07-10 22:38:28.292 9 INFO neutron.wsgi [None req-71aa7320-e053-49b0-9114-4ee27e6b9863 ec6d0fcb497b4e21b69298d65bad6c66 63cd8c3b35e6465c9da29c9fda1bda51 - - default default] 10.0.0.204 "DELETE /v2.0/networks/74633363-9258-42c4-8933-3c8f29ca52ee HTTP/1.1" status: 204 len: 168 time: 0.4424753
2026-07-10 22:38:28.421 9 INFO neutron.wsgi [None req-f94f932b-9143-4fcc-9347-97ebc1be16f4 ec6d0fcb497b4e21b69298d65bad6c66 63cd8c3b35e6465c9da29c9fda1bda51 - - default default] 10.0.0.204 "GET /v2.0/security-groups?tenant_id=05bddd31cad946fcb968d4e37fff0bb4&name=default HTTP/1.1" status: 200 len: 2996 time: 0.0389025
2026-07-10 22:38:28.657 9 INFO neutron.wsgi [None req-61d42950-2058-45ad-bbd4-d62d2f74176d 93248dd28c8440019c50ee3072b8bd12 745e2e755cad4bcca420da43dfd0038d - - default default] 10.0.0.204 "DELETE /v2.0/networks/65402194-7946-428f-96e7-47419c2e27cf HTTP/1.1" status: 204 len: 168 time: 0.5864978
2026-07-10 22:38:28.677 9 INFO neutron.pecan_wsgi.hooks.translation [None req-ee37ad6a-82b4-4726-a12a-6e6256850b11 93248dd28c8440019c50ee3072b8bd12 745e2e755cad4bcca420da43dfd0038d - - default default] DELETE failed (client error): The resource could not be found.
2026-07-10 22:38:28.679 9 INFO neutron.wsgi [None req-ee37ad6a-82b4-4726-a12a-6e6256850b11 93248dd28c8440019c50ee3072b8bd12 745e2e755cad4bcca420da43dfd0038d - - default default] 10.0.0.204 "DELETE /v2.0/networks/65402194-7946-428f-96e7-47419c2e27cf HTTP/1.1" status: 404 len: 339 time: 0.0129673
2026-07-10 22:38:28.743 9 INFO neutron.wsgi [-] 10.0.0.184 "GET / HTTP/1.1" status: 200 len: 246 time: 0.0013671
2026-07-10 22:38:28.744 9 INFO neutron.wsgi [-] 10.0.0.184 "GET / HTTP/1.1" status: 200 len: 246 time: 0.0008228
2026-07-10 22:38:28.781 9 INFO neutron.wsgi [None req-31632920-704e-42aa-8b42-9b0aad43ff59 93248dd28c8440019c50ee3072b8bd12 745e2e755cad4bcca420da43dfd0038d - - default default] 10.0.0.204 "GET /v2.0/networks?router%3Aexternal=True HTTP/1.1" status: 200 len: 845 time: 0.0965655
2026-07-10 22:38:28.884 10 INFO neutron.wsgi [None req-cf041fd1-17fb-4ad4-b3ad-0e96cd67cd48 ec6d0fcb497b4e21b69298d65bad6c66 63cd8c3b35e6465c9da29c9fda1bda51 - - default default] 10.0.0.204 "DELETE /v2.0/security-groups/d44a0d98-dc0c-4ce4-a948-3308644c8a32 HTTP/1.1" status: 204 len: 168 time: 0.4580169
2026-07-10 22:38:28.929 10 INFO neutron.db.ovn_revision_numbers_db [None req-fcb30da1-b43e-487d-994f-00e3552b8b21 ec6d0fcb497b4e21b69298d65bad6c66 63cd8c3b35e6465c9da29c9fda1bda51 - - default default] Successfully bumped revision number for resource f07e1e25-8675-42a3-9ca0-8a3d12fdab2f (type: ports) to 2
2026-07-10 22:38:28.962 10 INFO neutron.db.ovn_revision_numbers_db [None req-fcb30da1-b43e-487d-994f-00e3552b8b21 ec6d0fcb497b4e21b69298d65bad6c66 63cd8c3b35e6465c9da29c9fda1bda51 - - default default] Successfully bumped revision number for resource 1c16b894-fd6a-4cd5-a802-1eb97d4da2a4 (type: subnets) to 0
2026-07-10 22:38:28.976 10 INFO neutron.wsgi [None req-fcb30da1-b43e-487d-994f-00e3552b8b21 ec6d0fcb497b4e21b69298d65bad6c66 63cd8c3b35e6465c9da29c9fda1bda51 - - default default] 10.0.0.204 "POST /v2.0/subnets HTTP/1.1" status: 201 len: 865 time: 0.8816524
2026-07-10 22:38:29.003 9 INFO neutron.wsgi [None req-b903e7cd-c205-4390-916b-6a4ab7f19378 93248dd28c8440019c50ee3072b8bd12 745e2e755cad4bcca420da43dfd0038d - - default default] 10.0.0.204 "GET /v2.0/subnets?network_id=f2721e15-9c67-45ca-ae93-4aefd8d44e65 HTTP/1.1" status: 200 len: 820 time: 0.2175322
2026-07-10 22:38:29.029 10 INFO neutron.wsgi [None req-1d263d59-ada9-401d-982c-4623066566bf 93248dd28c8440019c50ee3072b8bd12 745e2e755cad4bcca420da43dfd0038d - - default default] 10.0.0.204 "GET /v2.0/extensions HTTP/1.1" status: 200 len: 16520 time: 0.0091190
2026-07-10 22:38:29.172 10 INFO neutron.wsgi [None req-41ad2dd9-1443-4333-9eb8-fd6c8737445d 93248dd28c8440019c50ee3072b8bd12 745e2e755cad4bcca420da43dfd0038d - - default default] 10.0.0.204 "GET /v2.0/networks HTTP/1.1" status: 200 len: 1508 time: 0.1390684
2026-07-10 22:38:29.227 9 INFO neutron.wsgi [None req-8a3f3ccc-89c9-4211-8d5e-98965862dba7 93248dd28c8440019c50ee3072b8bd12 745e2e755cad4bcca420da43dfd0038d - - default default] 10.0.0.204 "GET /v2.0/subnets HTTP/1.1" status: 200 len: 1460 time: 0.0475218
2026-07-10 22:38:29.306 9 INFO neutron.wsgi [None req-009baca3-ef09-4691-b10d-502dd87831c0 93248dd28c8440019c50ee3072b8bd12 745e2e755cad4bcca420da43dfd0038d - - default default] 10.0.0.204 "GET /v2.0/networks/48fae4cd-34ce-4ebf-ba23-46c51f275d17 HTTP/1.1" status: 200 len: 867 time: 0.0716591
2026-07-10 22:38:29.343 9 INFO neutron.wsgi [None req-54a56153-cf91-4585-b88c-b04d64bd78fc 93248dd28c8440019c50ee3072b8bd12 745e2e755cad4bcca420da43dfd0038d - - default default] 10.0.0.204 "GET /v2.0/subnets/50603577-a6f5-4524-ae5e-10932d8e7206 HTTP/1.1" status: 200 len: 843 time: 0.0307372
2026-07-10 22:38:29.363 9 INFO neutron.pecan_wsgi.hooks.translation [None req-1275b3f9-8cc8-4638-9d84-78f62510cd7f 93248dd28c8440019c50ee3072b8bd12 745e2e755cad4bcca420da43dfd0038d - - default default] DELETE failed (client error): The resource could not be found.
2026-07-10 22:38:29.365 9 INFO neutron.wsgi [None req-1275b3f9-8cc8-4638-9d84-78f62510cd7f 93248dd28c8440019c50ee3072b8bd12 745e2e755cad4bcca420da43dfd0038d - - default default] 10.0.0.204 "DELETE /v2.0/subnets/c43cc6f1-d41f-4d21-b1fd-6cb4a310aec2 HTTP/1.1" status: 404 len: 337 time: 0.0177672
2026-07-10 22:38:29.380 9 INFO neutron.pecan_wsgi.hooks.translation [None req-ffdcbedc-fa54-4540-82b1-eaf894c8ab86 93248dd28c8440019c50ee3072b8bd12 745e2e755cad4bcca420da43dfd0038d - - default default] DELETE failed (client error): The resource could not be found.
2026-07-10 22:38:29.382 9 INFO neutron.wsgi [None req-ffdcbedc-fa54-4540-82b1-eaf894c8ab86 93248dd28c8440019c50ee3072b8bd12 745e2e755cad4bcca420da43dfd0038d - - default default] 10.0.0.204 "DELETE /v2.0/networks/65402194-7946-428f-96e7-47419c2e27cf HTTP/1.1" status: 404 len: 339 time: 0.0128999
2026-07-10 22:38:29.538 10 WARNING neutron.scheduler.dhcp_agent_scheduler [None req-c497fc22-baad-4d1c-ba66-61918f9c98fb ec6d0fcb497b4e21b69298d65bad6c66 63cd8c3b35e6465c9da29c9fda1bda51 - - default default] No more DHCP agents
2026-07-10 22:38:29.541 10 WARNING neutron.api.rpc.agentnotifiers.dhcp_rpc_agent_api [None req-c497fc22-baad-4d1c-ba66-61918f9c98fb ec6d0fcb497b4e21b69298d65bad6c66 63cd8c3b35e6465c9da29c9fda1bda51 - - default default] Unable to schedule network f2721e15-9c67-45ca-ae93-4aefd8d44e65: no agents available; will retry on subsequent port and subnet creation events.
2026-07-10 22:38:29.588 9 INFO neutron.wsgi [None req-542cb479-3913-4614-b811-32842b922b58 93248dd28c8440019c50ee3072b8bd12 745e2e755cad4bcca420da43dfd0038d - - default default] 10.0.0.204 "DELETE /v2.0/subnets/50603577-a6f5-4524-ae5e-10932d8e7206 HTTP/1.1" status: 204 len: 168 time: 0.2011223
2026-07-10 22:38:29.721 10 INFO neutron.db.ovn_revision_numbers_db [None req-c497fc22-baad-4d1c-ba66-61918f9c98fb ec6d0fcb497b4e21b69298d65bad6c66 63cd8c3b35e6465c9da29c9fda1bda51 - - default default] Successfully bumped revision number for resource cde263bb-b805-4cbb-91a6-b930de1aa577 (type: ports) to 1
2026-07-10 22:38:29.935 9 INFO neutron.wsgi [None req-269c7b14-131b-47c1-aa88-c2cb411d6d0b 93248dd28c8440019c50ee3072b8bd12 745e2e755cad4bcca420da43dfd0038d - - default default] 10.0.0.204 "DELETE /v2.0/networks/48fae4cd-34ce-4ebf-ba23-46c51f275d17 HTTP/1.1" status: 204 len: 168 time: 0.3421612
2026-07-10 22:38:30.279 9 INFO neutron.services.segments.plugin [-] Segment 754ad0e3-42a3-4e67-b4c4-bc1712763f10 resource provider aggregate not found
2026-07-10 22:38:30.290 9 INFO neutron.services.segments.plugin [-] Segment 754ad0e3-42a3-4e67-b4c4-bc1712763f10 resource provider aggregate not found
2026-07-10 22:38:30.296 9 INFO neutron.services.segments.plugin [-] Segment 754ad0e3-42a3-4e67-b4c4-bc1712763f10 resource provider not found; error: Placement Client Error (4xx): {"errors": [{"status": 404, "title": "Not Found", "detail": "The resource could not be found.\n\n No resource provider with uuid 754ad0e3-42a3-4e67-b4c4-bc1712763f10 found for delete ", "request_id": "req-9e010bdb-c4fa-4a30-824f-2c1727d8c076"}]}
2026-07-10 22:38:30.313 9 INFO neutron.services.segments.plugin [-] Segment 754ad0e3-42a3-4e67-b4c4-bc1712763f10 resource provider not found; error: Placement Client Error (4xx): {"errors": [{"status": 404, "title": "Not Found", "detail": "The resource could not be found.\n\n No resource provider with uuid 754ad0e3-42a3-4e67-b4c4-bc1712763f10 found for delete ", "request_id": "req-2a85741b-9e23-45b7-b5bc-a1fab322b3fe"}]}
2026-07-10 22:38:30.317 10 INFO neutron.plugins.ml2.drivers.ovn.mech_driver.mech_driver [None req-91e74f53-8d12-4ac6-a454-caadeb78ab05 - - - - - -] OVN reports status up for port: cde263bb-b805-4cbb-91a6-b930de1aa577
2026-07-10 22:38:30.326 9 INFO neutron.services.segments.plugin [-] Segment a4c13235-8299-45d8-9a18-d4c2bc289237 resource provider aggregate not found
2026-07-10 22:38:30.330 10 INFO neutron.plugins.ml2.plugin [None req-91e74f53-8d12-4ac6-a454-caadeb78ab05 - - - - - -] Attempt 1 to provision port cde263bb-b805-4cbb-91a6-b930de1aa577
2026-07-10 22:38:30.338 9 INFO neutron.services.segments.plugin [-] Segment a4c13235-8299-45d8-9a18-d4c2bc289237 resource provider aggregate not found
2026-07-10 22:38:30.344 9 INFO neutron.plugins.ml2.drivers.ovn.mech_driver.ovsdb.ovsdb_monitor [None req-aae72bab-7521-4346-9543-38056a0b9f62 - - - - - -] Router 46b66968-5717-461f-b3c2-05ad51352e6b is bound to host instance
2026-07-10 22:38:30.348 9 INFO neutron.services.segments.plugin [-] Segment a4c13235-8299-45d8-9a18-d4c2bc289237 resource provider not found; error: Placement Client Error (4xx): {"errors": [{"status": 404, "title": "Not Found", "detail": "The resource could not be found.\n\n No resource provider with uuid a4c13235-8299-45d8-9a18-d4c2bc289237 found for delete ", "request_id": "req-878d4b2b-c994-428d-876f-8168beb475a4"}]}
2026-07-10 22:38:30.355 10 INFO neutron.db.ovn_revision_numbers_db [None req-c497fc22-baad-4d1c-ba66-61918f9c98fb ec6d0fcb497b4e21b69298d65bad6c66 63cd8c3b35e6465c9da29c9fda1bda51 - - default default] Successfully bumped revision number for resource cde263bb-b805-4cbb-91a6-b930de1aa577 (type: router_ports) to 1
2026-07-10 22:38:30.358 9 INFO neutron.services.segments.plugin [-] Segment a4c13235-8299-45d8-9a18-d4c2bc289237 resource provider not found; error: Placement Client Error (4xx): {"errors": [{"status": 404, "title": "Not Found", "detail": "The resource could not be found.\n\n No resource provider with uuid a4c13235-8299-45d8-9a18-d4c2bc289237 found for delete ", "request_id": "req-dcda4960-767d-4692-951c-9484879ba262"}]}
2026-07-10 22:38:30.426 10 INFO neutron.db.ovn_revision_numbers_db [None req-c497fc22-baad-4d1c-ba66-61918f9c98fb ec6d0fcb497b4e21b69298d65bad6c66 63cd8c3b35e6465c9da29c9fda1bda51 - - default default] Successfully bumped revision number for resource 46b66968-5717-461f-b3c2-05ad51352e6b (type: routers) to 2
2026-07-10 22:38:30.445 10 INFO neutron.wsgi [None req-c497fc22-baad-4d1c-ba66-61918f9c98fb ec6d0fcb497b4e21b69298d65bad6c66 63cd8c3b35e6465c9da29c9fda1bda51 - - default default] 10.0.0.204 "POST /v2.0/routers HTTP/1.1" status: 201 len: 876 time: 1.4644613
2026-07-10 22:38:30.615 10 INFO neutron.wsgi [None req-6dfad787-6077-4bb7-bb9d-3e5ffcd68cad ec6d0fcb497b4e21b69298d65bad6c66 63cd8c3b35e6465c9da29c9fda1bda51 - - default default] 10.0.0.204 "GET /v2.0/security-groups?tenant_id=745e2e755cad4bcca420da43dfd0038d&name=default HTTP/1.1" status: 200 len: 2996 time: 0.1866562
2026-07-10 22:38:30.849 10 INFO neutron.wsgi [None req-688d2c7e-8756-4fb1-810a-09f8664e5f31 ec6d0fcb497b4e21b69298d65bad6c66 63cd8c3b35e6465c9da29c9fda1bda51 - - default default] 10.0.0.204 "DELETE /v2.0/security-groups/b6e011d9-77cb-46cd-a2b2-8abc651eea63 HTTP/1.1" status: 204 len: 168 time: 0.2296143
2026-07-10 22:38:30.871 9 INFO neutron.db.ovn_revision_numbers_db [None req-aae72bab-7521-4346-9543-38056a0b9f62 - - - - - -] Successfully bumped revision number for resource cde263bb-b805-4cbb-91a6-b930de1aa577 (type: ports) to 1
2026-07-10 22:38:30.871 10 WARNING neutron.scheduler.dhcp_agent_scheduler [None req-4541b647-b783-4bf3-9c59-9a2639330cb2 ec6d0fcb497b4e21b69298d65bad6c66 63cd8c3b35e6465c9da29c9fda1bda51 - - default default] No more DHCP agents
2026-07-10 22:38:30.874 10 WARNING neutron.api.rpc.agentnotifiers.dhcp_rpc_agent_api [None req-4541b647-b783-4bf3-9c59-9a2639330cb2 ec6d0fcb497b4e21b69298d65bad6c66 63cd8c3b35e6465c9da29c9fda1bda51 - - default default] Unable to schedule network e612a2af-4cf5-4b9d-a8e0-915dbabe48eb: no agents available; will retry on subsequent port and subnet creation events.
2026-07-10 22:38:31.020 10 INFO neutron.db.ovn_revision_numbers_db [None req-4541b647-b783-4bf3-9c59-9a2639330cb2 ec6d0fcb497b4e21b69298d65bad6c66 63cd8c3b35e6465c9da29c9fda1bda51 - - default default] Successfully bumped revision number for resource 443253c1-9de4-42c8-b9eb-8b48d72d4ef7 (type: ports) to 1
2026-07-10 22:38:31.127 9 INFO neutron.db.ovn_revision_numbers_db [None req-aae72bab-7521-4346-9543-38056a0b9f62 - - - - - -] Successfully bumped revision number for resource cde263bb-b805-4cbb-91a6-b930de1aa577 (type: router_ports) to 3
2026-07-10 22:38:31.290 9 INFO neutron.db.ovn_revision_numbers_db [None req-aae72bab-7521-4346-9543-38056a0b9f62 - - - - - -] Successfully bumped revision number for resource cde263bb-b805-4cbb-91a6-b930de1aa577 (type: ports) to 2
2026-07-10 22:38:31.509 9 INFO neutron.db.ovn_revision_numbers_db [None req-aae72bab-7521-4346-9543-38056a0b9f62 - - - - - -] Successfully bumped revision number for resource cde263bb-b805-4cbb-91a6-b930de1aa577 (type: ports) to 4
2026-07-10 22:38:31.512 10 INFO neutron.db.ovn_revision_numbers_db [None req-4541b647-b783-4bf3-9c59-9a2639330cb2 ec6d0fcb497b4e21b69298d65bad6c66 63cd8c3b35e6465c9da29c9fda1bda51 - - default default] Successfully bumped revision number for resource 443253c1-9de4-42c8-b9eb-8b48d72d4ef7 (type: router_ports) to 1
2026-07-10 22:38:31.638 10 INFO neutron.db.ovn_revision_numbers_db [None req-4541b647-b783-4bf3-9c59-9a2639330cb2 ec6d0fcb497b4e21b69298d65bad6c66 63cd8c3b35e6465c9da29c9fda1bda51 - - default default] Successfully bumped revision number for resource 443253c1-9de4-42c8-b9eb-8b48d72d4ef7 (type: ports) to 1
2026-07-10 22:38:31.701 10 WARNING neutron.scheduler.dhcp_agent_scheduler [None req-4541b647-b783-4bf3-9c59-9a2639330cb2 ec6d0fcb497b4e21b69298d65bad6c66 63cd8c3b35e6465c9da29c9fda1bda51 - - default default] No more DHCP agents
2026-07-10 22:38:31.702 10 WARNING neutron.api.rpc.agentnotifiers.dhcp_rpc_agent_api [None req-4541b647-b783-4bf3-9c59-9a2639330cb2 ec6d0fcb497b4e21b69298d65bad6c66 63cd8c3b35e6465c9da29c9fda1bda51 - - default default] Unable to schedule network e612a2af-4cf5-4b9d-a8e0-915dbabe48eb: no agents available; will retry on subsequent port and subnet creation events.
2026-07-10 22:38:31.747 9 INFO neutron.db.ovn_revision_numbers_db [None req-aae72bab-7521-4346-9543-38056a0b9f62 - - - - - -] Successfully bumped revision number for resource cde263bb-b805-4cbb-91a6-b930de1aa577 (type: router_ports) to 4
2026-07-10 22:38:32.272 10 INFO neutron.db.ovn_revision_numbers_db [None req-4541b647-b783-4bf3-9c59-9a2639330cb2 ec6d0fcb497b4e21b69298d65bad6c66 63cd8c3b35e6465c9da29c9fda1bda51 - - default default] Successfully bumped revision number for resource 443253c1-9de4-42c8-b9eb-8b48d72d4ef7 (type: router_ports) to 1
2026-07-10 22:38:32.275 10 INFO neutron.wsgi [None req-4541b647-b783-4bf3-9c59-9a2639330cb2 ec6d0fcb497b4e21b69298d65bad6c66 63cd8c3b35e6465c9da29c9fda1bda51 - - default default] 10.0.0.204 "PUT /v2.0/routers/46b66968-5717-461f-b3c2-05ad51352e6b/add_router_interface HTTP/1.1" status: 200 len: 503 time: 1.8258398
2026-07-10 22:38:32.706 9 INFO neutron.wsgi [req-a6927aef-ce6f-4401-82d2-dcd92c25eed7 req-8155c48f-71b2-404a-998a-869a5e29a44b 22a11f2aee52441a97600a2652ab2395 90ed7444f26242b78cc632af72d440b0 - - a5783d9bcf4442cfab0eeeda87f0a75d a5783d9bcf4442cfab0eeeda87f0a75d] 10.0.0.197 "GET /v2.0/ports?device_id=89121cd8-47a1-4eb6-bb96-05eb0af235a7 HTTP/1.1" status: 200 len: 1413 time: 0.0342195
2026-07-10 22:38:32.744 9 INFO neutron.wsgi [req-a6927aef-ce6f-4401-82d2-dcd92c25eed7 req-cf52af78-2d21-414a-9a18-8759c7e976a7 22a11f2aee52441a97600a2652ab2395 90ed7444f26242b78cc632af72d440b0 - - a5783d9bcf4442cfab0eeeda87f0a75d a5783d9bcf4442cfab0eeeda87f0a75d] 10.0.0.197 "GET /v2.0/security-groups?id=2809de46-40a5-44b3-8750-ec5a1dfe802b&fields=id&fields=name HTTP/1.1" status: 200 len: 312 time: 0.0299520
2026-07-10 22:38:32.987 10 INFO neutron.db.ovn_revision_numbers_db [None req-46d8d41d-8945-4a87-91fd-c8cc7d1b9f9e 964f8090fc3c435782ade935af160680 75e1382c3421432185a30d4a17c2c0d2 - - default default] Successfully bumped revision number for resource 68dc961b-d8f5-4d06-b78c-51a49c770203 (type: security_groups) to 1
2026-07-10 22:38:33.003 10 INFO neutron.db.ovn_revision_numbers_db [None req-46d8d41d-8945-4a87-91fd-c8cc7d1b9f9e 964f8090fc3c435782ade935af160680 75e1382c3421432185a30d4a17c2c0d2 - - default default] Successfully bumped revision number for resource 469ce684-4406-4815-8c43-165d3147a9e9 (type: security_group_rules) to 0
2026-07-10 22:38:33.021 10 INFO neutron.db.ovn_revision_numbers_db [None req-46d8d41d-8945-4a87-91fd-c8cc7d1b9f9e 964f8090fc3c435782ade935af160680 75e1382c3421432185a30d4a17c2c0d2 - - default default] Successfully bumped revision number for resource 6785f26b-8044-4371-885f-7ee8afea95ac (type: security_group_rules) to 0
2026-07-10 22:38:33.036 10 INFO neutron.db.ovn_revision_numbers_db [None req-46d8d41d-8945-4a87-91fd-c8cc7d1b9f9e 964f8090fc3c435782ade935af160680 75e1382c3421432185a30d4a17c2c0d2 - - default default] Successfully bumped revision number for resource ccda8393-0b85-46fb-bd34-939f022d6ccc (type: security_group_rules) to 0
2026-07-10 22:38:33.042 9 INFO neutron.db.ovn_revision_numbers_db [None req-9be3349e-acab-4fd9-89ab-ab42815da5a9 a546602f33604f3e8e550d6f51f7cc83 968801dff28d41eaba458353e09bb622 - - default default] Successfully bumped revision number for resource e7738548-a9ef-47db-b66d-63cb318cbdf8 (type: security_groups) to 1
2026-07-10 22:38:33.062 9 INFO neutron.db.ovn_revision_numbers_db [None req-9be3349e-acab-4fd9-89ab-ab42815da5a9 a546602f33604f3e8e550d6f51f7cc83 968801dff28d41eaba458353e09bb622 - - default default] Successfully bumped revision number for resource a3f7d153-12de-4837-b4f5-a0e14d02b5d0 (type: security_group_rules) to 0
2026-07-10 22:38:33.063 10 INFO neutron.db.ovn_revision_numbers_db [None req-46d8d41d-8945-4a87-91fd-c8cc7d1b9f9e 964f8090fc3c435782ade935af160680 75e1382c3421432185a30d4a17c2c0d2 - - default default] Successfully bumped revision number for resource dfd5a8a7-d204-4bf2-a723-3e56b7df72d4 (type: security_group_rules) to 0
2026-07-10 22:38:33.075 9 INFO neutron.db.ovn_revision_numbers_db [None req-9be3349e-acab-4fd9-89ab-ab42815da5a9 a546602f33604f3e8e550d6f51f7cc83 968801dff28d41eaba458353e09bb622 - - default default] Successfully bumped revision number for resource c25f9837-4191-4592-bd82-9c6923527ebf (type: security_group_rules) to 0
2026-07-10 22:38:33.095 9 INFO neutron.wsgi [None req-9be3349e-acab-4fd9-89ab-ab42815da5a9 a546602f33604f3e8e550d6f51f7cc83 968801dff28d41eaba458353e09bb622 - - default default] 10.0.0.204 "POST /v2.0/security-groups HTTP/1.1" status: 201 len: 1796 time: 0.1882734
2026-07-10 22:38:33.124 10 INFO neutron.db.segments_db [None req-46d8d41d-8945-4a87-91fd-c8cc7d1b9f9e 964f8090fc3c435782ade935af160680 75e1382c3421432185a30d4a17c2c0d2 - - default default] Added segment 46c29519-6161-4732-a52c-364bf99f088e of type geneve for network 07064841-6542-4493-b0a9-0f83bc18e0f2
2026-07-10 22:38:33.229 9 INFO neutron.db.ovn_revision_numbers_db [None req-b3f91518-d1b9-4439-be2e-f3f254157a4e a546602f33604f3e8e550d6f51f7cc83 968801dff28d41eaba458353e09bb622 - - default default] Successfully bumped revision number for resource 2a85b1b1-a53e-4c55-b981-979649284b87 (type: security_group_rules) to 0
2026-07-10 22:38:33.257 9 INFO neutron.wsgi [None req-b3f91518-d1b9-4439-be2e-f3f254157a4e a546602f33604f3e8e550d6f51f7cc83 968801dff28d41eaba458353e09bb622 - - default default] 10.0.0.204 "POST /v2.0/security-group-rules HTTP/1.1" status: 201 len: 764 time: 0.1461761
2026-07-10 22:38:33.368 9 INFO neutron.db.ovn_revision_numbers_db [None req-4787aa99-1ba6-4387-bf46-019a1fb9fddb a546602f33604f3e8e550d6f51f7cc83 968801dff28d41eaba458353e09bb622 - - default default] Successfully bumped revision number for resource a084219f-fdf4-49bf-bc8f-869c72120713 (type: security_group_rules) to 0
2026-07-10 22:38:33.392 9 INFO neutron.wsgi [None req-4787aa99-1ba6-4387-bf46-019a1fb9fddb a546602f33604f3e8e550d6f51f7cc83 968801dff28d41eaba458353e09bb622 - - default default] 10.0.0.204 "POST /v2.0/security-group-rules HTTP/1.1" status: 201 len: 769 time: 0.1301186
2026-07-10 22:38:33.426 10 INFO neutron.plugins.ml2.drivers.ovn.mech_driver.mech_driver [None req-91e74f53-8d12-4ac6-a454-caadeb78ab05 - - - - - -] OVN reports status up for port: 443253c1-9de4-42c8-b9eb-8b48d72d4ef7
2026-07-10 22:38:33.437 10 INFO neutron.plugins.ml2.plugin [None req-91e74f53-8d12-4ac6-a454-caadeb78ab05 - - - - - -] Attempt 1 to provision port 443253c1-9de4-42c8-b9eb-8b48d72d4ef7
2026-07-10 22:38:33.550 10 INFO neutron.db.ovn_revision_numbers_db [None req-46d8d41d-8945-4a87-91fd-c8cc7d1b9f9e 964f8090fc3c435782ade935af160680 75e1382c3421432185a30d4a17c2c0d2 - - default default] Successfully bumped revision number for resource 07064841-6542-4493-b0a9-0f83bc18e0f2 (type: networks) to 1
2026-07-10 22:38:33.564 10 INFO neutron.db.ovn_revision_numbers_db [None req-8b1825c3-e7bc-4a78-b4ca-f06defdfce5c ec6d0fcb497b4e21b69298d65bad6c66 63cd8c3b35e6465c9da29c9fda1bda51 - - default default] Successfully bumped revision number for resource cb819c88-9687-471b-b3b3-cb79c9dcbac8 (type: security_groups) to 1
2026-07-10 22:38:33.584 10 INFO neutron.db.ovn_revision_numbers_db [None req-8b1825c3-e7bc-4a78-b4ca-f06defdfce5c ec6d0fcb497b4e21b69298d65bad6c66 63cd8c3b35e6465c9da29c9fda1bda51 - - default default] Successfully bumped revision number for resource 373a001a-307c-4ef7-b2e7-b3c9c8324fab (type: security_group_rules) to 0
2026-07-10 22:38:33.614 10 INFO neutron.db.ovn_revision_numbers_db [None req-8b1825c3-e7bc-4a78-b4ca-f06defdfce5c ec6d0fcb497b4e21b69298d65bad6c66 63cd8c3b35e6465c9da29c9fda1bda51 - - default default] Successfully bumped revision number for resource 5d044708-02d6-4ce4-9caf-78b1ea4f3277 (type: security_group_rules) to 0
2026-07-10 22:38:33.646 10 INFO neutron.db.ovn_revision_numbers_db [None req-8b1825c3-e7bc-4a78-b4ca-f06defdfce5c ec6d0fcb497b4e21b69298d65bad6c66 63cd8c3b35e6465c9da29c9fda1bda51 - - default default] Successfully bumped revision number for resource db278d64-12cc-4b4a-a874-301f699140c3 (type: security_group_rules) to 0
2026-07-10 22:38:33.706 10 INFO neutron.db.ovn_revision_numbers_db [None req-8b1825c3-e7bc-4a78-b4ca-f06defdfce5c ec6d0fcb497b4e21b69298d65bad6c66 63cd8c3b35e6465c9da29c9fda1bda51 - - default default] Successfully bumped revision number for resource e4fc4bbc-cf73-4919-96d1-ea055a0c8ccf (type: security_group_rules) to 0
2026-07-10 22:38:33.722 9 WARNING neutron.scheduler.dhcp_agent_scheduler [None req-6089c64e-b063-4508-995c-0b254badd2b4 a546602f33604f3e8e550d6f51f7cc83 968801dff28d41eaba458353e09bb622 - - default default] No more DHCP agents
2026-07-10 22:38:33.726 9 WARNING neutron.api.rpc.agentnotifiers.dhcp_rpc_agent_api [None req-6089c64e-b063-4508-995c-0b254badd2b4 a546602f33604f3e8e550d6f51f7cc83 968801dff28d41eaba458353e09bb622 - - default default] Unable to schedule network f2721e15-9c67-45ca-ae93-4aefd8d44e65: no agents available; will retry on subsequent port and subnet creation events.
2026-07-10 22:38:33.743 10 INFO neutron.wsgi [None req-8b1825c3-e7bc-4a78-b4ca-f06defdfce5c ec6d0fcb497b4e21b69298d65bad6c66 63cd8c3b35e6465c9da29c9fda1bda51 - - default default] 10.0.0.204 "GET /v2.0/security-groups?tenant_id=fbaab2ca5e4e4d43ba54a76040a633f3&name=default HTTP/1.1" status: 200 len: 2996 time: 0.6661427
2026-07-10 22:38:33.849 10 WARNING neutron.scheduler.dhcp_agent_scheduler [None req-46d8d41d-8945-4a87-91fd-c8cc7d1b9f9e 964f8090fc3c435782ade935af160680 75e1382c3421432185a30d4a17c2c0d2 - - default default] No more DHCP agents
2026-07-10 22:38:33.853 10 WARNING neutron.api.rpc.agentnotifiers.dhcp_rpc_agent_api [None req-46d8d41d-8945-4a87-91fd-c8cc7d1b9f9e 964f8090fc3c435782ade935af160680 75e1382c3421432185a30d4a17c2c0d2 - - default default] Unable to schedule network 07064841-6542-4493-b0a9-0f83bc18e0f2: no agents available; will retry on subsequent port and subnet creation events.
2026-07-10 22:38:33.941 10 INFO neutron.db.ovn_revision_numbers_db [None req-91e74f53-8d12-4ac6-a454-caadeb78ab05 - - - - - -] Successfully bumped revision number for resource 443253c1-9de4-42c8-b9eb-8b48d72d4ef7 (type: ports) to 2
2026-07-10 22:38:34.014 10 INFO neutron.db.ovn_revision_numbers_db [None req-46d8d41d-8945-4a87-91fd-c8cc7d1b9f9e 964f8090fc3c435782ade935af160680 75e1382c3421432185a30d4a17c2c0d2 - - default default] Successfully bumped revision number for resource e5eeedb2-da16-4d53-82ff-934f362c4144 (type: ports) to 1
2026-07-10 22:38:34.051 9 INFO neutron.db.ovn_revision_numbers_db [None req-6089c64e-b063-4508-995c-0b254badd2b4 a546602f33604f3e8e550d6f51f7cc83 968801dff28d41eaba458353e09bb622 - - default default] Successfully bumped revision number for resource 2ba7e615-e6cc-4a89-b5dc-39a753ad9c89 (type: floatingips) to 0
2026-07-10 22:38:34.055 10 INFO neutron.wsgi [None req-46d8d41d-8945-4a87-91fd-c8cc7d1b9f9e 964f8090fc3c435782ade935af160680 75e1382c3421432185a30d4a17c2c0d2 - - default default] 10.0.0.204 "POST /v2.0/networks HTTP/1.1" status: 201 len: 843 time: 1.4119396
2026-07-10 22:38:34.082 9 INFO neutron.wsgi [None req-6089c64e-b063-4508-995c-0b254badd2b4 a546602f33604f3e8e550d6f51f7cc83 968801dff28d41eaba458353e09bb622 - - default default] 10.0.0.204 "POST /v2.0/floatingips HTTP/1.1" status: 201 len: 751 time: 0.6846263
2026-07-10 22:38:34.122 10 INFO neutron.db.ovn_revision_numbers_db [None req-91e74f53-8d12-4ac6-a454-caadeb78ab05 - - - - - -] Successfully bumped revision number for resource 443253c1-9de4-42c8-b9eb-8b48d72d4ef7 (type: router_ports) to 2
2026-07-10 22:38:34.141 10 INFO neutron.wsgi [None req-e2368188-d6d9-424d-947c-87a31802e1ad ec6d0fcb497b4e21b69298d65bad6c66 63cd8c3b35e6465c9da29c9fda1bda51 - - default default] 10.0.0.204 "DELETE /v2.0/security-groups/cb819c88-9687-471b-b3b3-cb79c9dcbac8 HTTP/1.1" status: 204 len: 168 time: 0.3935211
2026-07-10 22:38:34.296 9 WARNING neutron.scheduler.dhcp_agent_scheduler [None req-fcbc2709-fc75-4adc-92ab-b1c3c121b293 964f8090fc3c435782ade935af160680 75e1382c3421432185a30d4a17c2c0d2 - - default default] No more DHCP agents
2026-07-10 22:38:34.298 9 WARNING neutron.api.rpc.agentnotifiers.dhcp_rpc_agent_api [None req-fcbc2709-fc75-4adc-92ab-b1c3c121b293 964f8090fc3c435782ade935af160680 75e1382c3421432185a30d4a17c2c0d2 - - default default] Unable to schedule network 07064841-6542-4493-b0a9-0f83bc18e0f2: no agents available; will retry on subsequent port and subnet creation events.
2026-07-10 22:38:34.350 10 INFO neutron.db.ovn_revision_numbers_db [None req-955f58f0-7189-4376-8f78-990e6e729a75 ec6d0fcb497b4e21b69298d65bad6c66 63cd8c3b35e6465c9da29c9fda1bda51 - - default default] Successfully bumped revision number for resource df397c0f-6a52-4c88-b7bd-18d449a81d22 (type: security_groups) to 1
2026-07-10 22:38:34.369 10 INFO neutron.db.ovn_revision_numbers_db [None req-955f58f0-7189-4376-8f78-990e6e729a75 ec6d0fcb497b4e21b69298d65bad6c66 63cd8c3b35e6465c9da29c9fda1bda51 - - default default] Successfully bumped revision number for resource 13a8a55a-f7c0-47ce-a963-1e886f35deec (type: security_group_rules) to 0
2026-07-10 22:38:34.379 10 INFO neutron.db.ovn_revision_numbers_db [None req-955f58f0-7189-4376-8f78-990e6e729a75 ec6d0fcb497b4e21b69298d65bad6c66 63cd8c3b35e6465c9da29c9fda1bda51 - - default default] Successfully bumped revision number for resource 2f79ccfa-8c1c-4f93-a9fe-a38dfe5c4c8a (type: security_group_rules) to 0
2026-07-10 22:38:34.390 10 INFO neutron.db.ovn_revision_numbers_db [None req-955f58f0-7189-4376-8f78-990e6e729a75 ec6d0fcb497b4e21b69298d65bad6c66 63cd8c3b35e6465c9da29c9fda1bda51 - - default default] Successfully bumped revision number for resource 69b68c9d-2fc6-418f-997d-7b46b686e665 (type: security_group_rules) to 0
2026-07-10 22:38:34.393 9 INFO neutron.db.ovn_revision_numbers_db [None req-fcbc2709-fc75-4adc-92ab-b1c3c121b293 964f8090fc3c435782ade935af160680 75e1382c3421432185a30d4a17c2c0d2 - - default default] Successfully bumped revision number for resource ca8cb2a0-9f5f-4bb6-988b-6240da100688 (type: ports) to 1
2026-07-10 22:38:34.401 10 INFO neutron.db.ovn_revision_numbers_db [None req-955f58f0-7189-4376-8f78-990e6e729a75 ec6d0fcb497b4e21b69298d65bad6c66 63cd8c3b35e6465c9da29c9fda1bda51 - - default default] Successfully bumped revision number for resource 7b7c5818-946e-48ff-b9dd-b53bad3f338d (type: security_group_rules) to 0
2026-07-10 22:38:34.413 9 INFO neutron.wsgi [None req-fcbc2709-fc75-4adc-92ab-b1c3c121b293 964f8090fc3c435782ade935af160680 75e1382c3421432185a30d4a17c2c0d2 - - default default] 10.0.0.204 "POST /v2.0/ports HTTP/1.1" status: 201 len: 973 time: 0.3541293
2026-07-10 22:38:34.418 10 INFO neutron.wsgi [None req-955f58f0-7189-4376-8f78-990e6e729a75 ec6d0fcb497b4e21b69298d65bad6c66 63cd8c3b35e6465c9da29c9fda1bda51 - - default default] 10.0.0.204 "GET /v2.0/security-groups?tenant_id=19b732389fff4775b947b5ce96cd168d&name=default HTTP/1.1" status: 200 len: 2996 time: 0.1797390 /var/lib/openstack/lib/python3.10/site-packages/pycadf/identifier.py:71: UserWarning: Invalid uuid: neutron. To ensure interoperability, identifiers should be a valid uuid. warnings.warn(('Invalid uuid: %s. To ensure interoperability, '
2026-07-10 22:38:34.503 9 INFO neutron.db.segments_db [None req-3d280a70-a820-4b2a-88f7-1e80db9e41fa 964f8090fc3c435782ade935af160680 75e1382c3421432185a30d4a17c2c0d2 - - default default] Added segment 93e080c2-6087-4332-919c-68cfd10b9b0d of type geneve for network ba136594-6310-4a06-9d4a-5f93bae765e3
2026-07-10 22:38:34.562 9 INFO neutron.wsgi [req-2ea7a078-44ff-4970-90a5-c0c0bec2f20e req-f471060e-b629-418c-9bff-d3309283a2c4 a546602f33604f3e8e550d6f51f7cc83 968801dff28d41eaba458353e09bb622 - - default default] 10.0.0.191 "GET /v2.0/security-groups?name=tempest-securitygroup--419037164&fields=id&tenant_id=968801dff28d41eaba458353e09bb622 HTTP/1.1" status: 200 len: 267 time: 0.0582314
2026-07-10 22:38:34.564 10 INFO neutron.wsgi [None req-3c3e6904-a80b-42f2-b712-c16f4fc114bc ec6d0fcb497b4e21b69298d65bad6c66 63cd8c3b35e6465c9da29c9fda1bda51 - - default default] 10.0.0.204 "DELETE /v2.0/security-groups/df397c0f-6a52-4c88-b7bd-18d449a81d22 HTTP/1.1" status: 204 len: 168 time: 0.1406140
2026-07-10 22:38:34.685 9 INFO neutron.wsgi [req-2ea7a078-44ff-4970-90a5-c0c0bec2f20e req-af047ed9-5439-484b-bae7-945bc3cacf77 a546602f33604f3e8e550d6f51f7cc83 968801dff28d41eaba458353e09bb622 - - default default] 10.0.0.191 "GET /v2.0/networks?id=e612a2af-4cf5-4b9d-a8e0-915dbabe48eb HTTP/1.1" status: 200 len: 874 time: 0.1065919
2026-07-10 22:38:34.712 9 INFO neutron.wsgi [req-2ea7a078-44ff-4970-90a5-c0c0bec2f20e req-67fbbf72-0902-48ff-ad09-799199053575 a546602f33604f3e8e550d6f51f7cc83 968801dff28d41eaba458353e09bb622 - - default default] 10.0.0.191 "GET /v2.0/quotas/968801dff28d41eaba458353e09bb622 HTTP/1.1" status: 200 len: 386 time: 0.0132539
2026-07-10 22:38:34.716 9 INFO neutron.db.ovn_revision_numbers_db [None req-3d280a70-a820-4b2a-88f7-1e80db9e41fa 964f8090fc3c435782ade935af160680 75e1382c3421432185a30d4a17c2c0d2 - - default default] Successfully bumped revision number for resource ba136594-6310-4a06-9d4a-5f93bae765e3 (type: networks) to 1
2026-07-10 22:38:34.859 9 INFO neutron.wsgi [req-2ea7a078-44ff-4970-90a5-c0c0bec2f20e req-dfba5774-b905-44fc-8f90-f382d78d8e8f a546602f33604f3e8e550d6f51f7cc83 968801dff28d41eaba458353e09bb622 - - default default] 10.0.0.191 "GET /v2.0/ports?tenant_id=968801dff28d41eaba458353e09bb622&fields=id HTTP/1.1" status: 200 len: 302 time: 0.1319959
2026-07-10 22:38:34.942 9 WARNING neutron.scheduler.dhcp_agent_scheduler [None req-3d280a70-a820-4b2a-88f7-1e80db9e41fa 964f8090fc3c435782ade935af160680 75e1382c3421432185a30d4a17c2c0d2 - - default default] No more DHCP agents
2026-07-10 22:38:34.950 9 WARNING neutron.api.rpc.agentnotifiers.dhcp_rpc_agent_api [None req-3d280a70-a820-4b2a-88f7-1e80db9e41fa 964f8090fc3c435782ade935af160680 75e1382c3421432185a30d4a17c2c0d2 - - default default] Unable to schedule network ba136594-6310-4a06-9d4a-5f93bae765e3: no agents available; will retry on subsequent port and subnet creation events.
2026-07-10 22:38:34.954 9 INFO neutron.wsgi [req-2ea7a078-44ff-4970-90a5-c0c0bec2f20e req-ed15d12c-5d28-45ff-8ba4-ca1820566ab1 22a11f2aee52441a97600a2652ab2395 90ed7444f26242b78cc632af72d440b0 - - a5783d9bcf4442cfab0eeeda87f0a75d a5783d9bcf4442cfab0eeeda87f0a75d] 10.0.0.191 "GET /v2.0/networks/e612a2af-4cf5-4b9d-a8e0-915dbabe48eb?fields=segments HTTP/1.1" status: 200 len: 212 time: 0.0794175
2026-07-10 22:38:35.047 9 INFO neutron.wsgi [req-2ea7a078-44ff-4970-90a5-c0c0bec2f20e req-d040b3e5-db4c-4db7-996c-4067b48d1351 22a11f2aee52441a97600a2652ab2395 90ed7444f26242b78cc632af72d440b0 - - a5783d9bcf4442cfab0eeeda87f0a75d a5783d9bcf4442cfab0eeeda87f0a75d] 10.0.0.191 "GET /v2.0/networks/e612a2af-4cf5-4b9d-a8e0-915dbabe48eb?fields=provider%3Aphysical_network&fields=provider%3Anetwork_type HTTP/1.1" status: 200 len: 277 time: 0.0865362
2026-07-10 22:38:35.072 9 INFO neutron.db.ovn_revision_numbers_db [None req-3d280a70-a820-4b2a-88f7-1e80db9e41fa 964f8090fc3c435782ade935af160680 75e1382c3421432185a30d4a17c2c0d2 - - default default] Successfully bumped revision number for resource 4eef5792-0cae-4a89-bdf8-9d499aea1dad (type: ports) to 1
2026-07-10 22:38:35.109 9 INFO neutron.wsgi [None req-3d280a70-a820-4b2a-88f7-1e80db9e41fa 964f8090fc3c435782ade935af160680 75e1382c3421432185a30d4a17c2c0d2 - - default default] 10.0.0.204 "POST /v2.0/networks HTTP/1.1" status: 201 len: 830 time: 0.6897271
2026-07-10 22:38:35.228 9 INFO neutron.wsgi [req-63a285b2-141b-47d2-8553-5579c4fafbf3 req-39b14141-9913-4d82-a683-13e694790233 a546602f33604f3e8e550d6f51f7cc83 968801dff28d41eaba458353e09bb622 - - default default] 10.0.0.191 "GET /v2.0/ports?device_id=c24efe5c-6638-45f5-953c-145c76687405 HTTP/1.1" status: 200 len: 210 time: 0.0202363
2026-07-10 22:38:35.348 9 WARNING neutron.scheduler.dhcp_agent_scheduler [None req-3f68f8d0-981b-4826-9332-725bdb7746a8 964f8090fc3c435782ade935af160680 75e1382c3421432185a30d4a17c2c0d2 - - default default] No more DHCP agents
2026-07-10 22:38:35.351 9 WARNING neutron.api.rpc.agentnotifiers.dhcp_rpc_agent_api [None req-3f68f8d0-981b-4826-9332-725bdb7746a8 964f8090fc3c435782ade935af160680 75e1382c3421432185a30d4a17c2c0d2 - - default default] Unable to schedule network ba136594-6310-4a06-9d4a-5f93bae765e3: no agents available; will retry on subsequent port and subnet creation events.
2026-07-10 22:38:35.979 10 INFO neutron.wsgi [req-2ea7a078-44ff-4970-90a5-c0c0bec2f20e req-117d51b0-ea4f-443c-a3ff-51514a615b04 a546602f33604f3e8e550d6f51f7cc83 968801dff28d41eaba458353e09bb622 - - default default] 199.19.213.114 "GET /v2.0/networks?id=e612a2af-4cf5-4b9d-a8e0-915dbabe48eb HTTP/1.1" status: 200 len: 874 time: 0.0751121
2026-07-10 22:38:36.038 10 INFO neutron.wsgi [req-2ea7a078-44ff-4970-90a5-c0c0bec2f20e req-ca741397-f7f6-4c12-a811-3abbb7927307 a546602f33604f3e8e550d6f51f7cc83 968801dff28d41eaba458353e09bb622 - - default default] 199.19.213.114 "GET /v2.0/security-groups?fields=id&fields=name&tenant_id=968801dff28d41eaba458353e09bb622 HTTP/1.1" status: 200 len: 379 time: 0.0530674
2026-07-10 22:38:36.121 9 INFO neutron.db.ovn_revision_numbers_db [None req-3f68f8d0-981b-4826-9332-725bdb7746a8 964f8090fc3c435782ade935af160680 75e1382c3421432185a30d4a17c2c0d2 - - default default] Successfully bumped revision number for resource 4eef5792-0cae-4a89-bdf8-9d499aea1dad (type: ports) to 2
2026-07-10 22:38:36.161 9 INFO neutron.db.ovn_revision_numbers_db [None req-3f68f8d0-981b-4826-9332-725bdb7746a8 964f8090fc3c435782ade935af160680 75e1382c3421432185a30d4a17c2c0d2 - - default default] Successfully bumped revision number for resource df22e6cf-d20d-43b6-9b83-64e34adcb716 (type: subnets) to 0
2026-07-10 22:38:36.178 9 INFO neutron.wsgi [None req-3f68f8d0-981b-4826-9332-725bdb7746a8 964f8090fc3c435782ade935af160680 75e1382c3421432185a30d4a17c2c0d2 - - default default] 10.0.0.204 "POST /v2.0/subnets HTTP/1.1" status: 201 len: 801 time: 1.0643506
2026-07-10 22:38:36.317 9 INFO neutron.wsgi [req-909aa502-3b4d-4ce5-b4a2-7dd9751263ca req-b3b009af-51b1-40f9-9eb9-1e54fc5fe59c a546602f33604f3e8e550d6f51f7cc83 968801dff28d41eaba458353e09bb622 - - default default] 10.0.0.191 "GET /v2.0/ports?device_id=c24efe5c-6638-45f5-953c-145c76687405 HTTP/1.1" status: 200 len: 210 time: 0.0259593
2026-07-10 22:38:36.367 10 WARNING neutron.scheduler.dhcp_agent_scheduler [req-2ea7a078-44ff-4970-90a5-c0c0bec2f20e req-730bd5e2-c87e-4f64-9b11-a8ad671df4f4 a546602f33604f3e8e550d6f51f7cc83 968801dff28d41eaba458353e09bb622 - - default default] No more DHCP agents
2026-07-10 22:38:36.369 10 WARNING neutron.api.rpc.agentnotifiers.dhcp_rpc_agent_api [req-2ea7a078-44ff-4970-90a5-c0c0bec2f20e req-730bd5e2-c87e-4f64-9b11-a8ad671df4f4 a546602f33604f3e8e550d6f51f7cc83 968801dff28d41eaba458353e09bb622 - - default default] Unable to schedule network e612a2af-4cf5-4b9d-a8e0-915dbabe48eb: no agents available; will retry on subsequent port and subnet creation events.
2026-07-10 22:38:36.526 9 WARNING neutron.scheduler.dhcp_agent_scheduler [None req-fde67e51-1cfc-4cb5-a596-4d4577404a06 964f8090fc3c435782ade935af160680 75e1382c3421432185a30d4a17c2c0d2 - - default default] No more DHCP agents
2026-07-10 22:38:36.529 9 WARNING neutron.api.rpc.agentnotifiers.dhcp_rpc_agent_api [None req-fde67e51-1cfc-4cb5-a596-4d4577404a06 964f8090fc3c435782ade935af160680 75e1382c3421432185a30d4a17c2c0d2 - - default default] Unable to schedule network ba136594-6310-4a06-9d4a-5f93bae765e3: no agents available; will retry on subsequent port and subnet creation events.
2026-07-10 22:38:36.532 10 INFO neutron.db.ovn_revision_numbers_db [req-2ea7a078-44ff-4970-90a5-c0c0bec2f20e req-730bd5e2-c87e-4f64-9b11-a8ad671df4f4 a546602f33604f3e8e550d6f51f7cc83 968801dff28d41eaba458353e09bb622 - - default default] Successfully bumped revision number for resource 0e4bd1cb-c615-4aa3-9f1f-dd9bb8e3740e (type: ports) to 1
2026-07-10 22:38:36.556 10 INFO neutron.wsgi [req-2ea7a078-44ff-4970-90a5-c0c0bec2f20e req-730bd5e2-c87e-4f64-9b11-a8ad671df4f4 a546602f33604f3e8e550d6f51f7cc83 968801dff28d41eaba458353e09bb622 - - default default] 199.19.213.114 "POST /v2.0/ports HTTP/1.1" status: 201 len: 1158 time: 0.5136061 /var/lib/openstack/lib/python3.10/site-packages/pycadf/identifier.py:71: UserWarning: Invalid uuid: neutron. To ensure interoperability, identifiers should be a valid uuid. warnings.warn(('Invalid uuid: %s. To ensure interoperability, '
2026-07-10 22:38:36.707 9 INFO neutron.db.ovn_revision_numbers_db [None req-fde67e51-1cfc-4cb5-a596-4d4577404a06 964f8090fc3c435782ade935af160680 75e1382c3421432185a30d4a17c2c0d2 - - default default] Successfully bumped revision number for resource 02902495-2aac-42e0-af18-bbc4701e919f (type: ports) to 1
2026-07-10 22:38:36.735 9 INFO neutron.wsgi [None req-fde67e51-1cfc-4cb5-a596-4d4577404a06 964f8090fc3c435782ade935af160680 75e1382c3421432185a30d4a17c2c0d2 - - default default] 10.0.0.204 "POST /v2.0/ports HTTP/1.1" status: 201 len: 1149 time: 0.5500538 /var/lib/openstack/lib/python3.10/site-packages/pycadf/identifier.py:71: UserWarning: Invalid uuid: neutron. To ensure interoperability, identifiers should be a valid uuid. warnings.warn(('Invalid uuid: %s. To ensure interoperability, '
2026-07-10 22:38:36.949 10 INFO neutron.db.ovn_revision_numbers_db [req-2ea7a078-44ff-4970-90a5-c0c0bec2f20e req-b612a9f3-21fb-4aa3-a306-9c75e67f3de8 22a11f2aee52441a97600a2652ab2395 90ed7444f26242b78cc632af72d440b0 - - a5783d9bcf4442cfab0eeeda87f0a75d a5783d9bcf4442cfab0eeeda87f0a75d] Successfully bumped revision number for resource 0e4bd1cb-c615-4aa3-9f1f-dd9bb8e3740e (type: ports) to 2
2026-07-10 22:38:37.089 9 INFO neutron.wsgi [None req-f515c6e5-3b7b-41d9-afaf-e01de0c93d06 964f8090fc3c435782ade935af160680 75e1382c3421432185a30d4a17c2c0d2 - - default default] 10.0.0.204 "DELETE /v2.0/ports/02902495-2aac-42e0-af18-bbc4701e919f HTTP/1.1" status: 204 len: 168 time: 0.3488574
2026-07-10 22:38:37.111 9 INFO neutron.pecan_wsgi.hooks.translation [None req-15d3ba16-b95b-4ea1-a09b-92e53b0f1e0a 964f8090fc3c435782ade935af160680 75e1382c3421432185a30d4a17c2c0d2 - - default default] DELETE failed (client error): The resource could not be found.
2026-07-10 22:38:37.115 9 INFO neutron.wsgi [None req-15d3ba16-b95b-4ea1-a09b-92e53b0f1e0a 964f8090fc3c435782ade935af160680 75e1382c3421432185a30d4a17c2c0d2 - - default default] 10.0.0.204 "DELETE /v2.0/ports/02902495-2aac-42e0-af18-bbc4701e919f HTTP/1.1" status: 404 len: 333 time: 0.0221810
2026-07-10 22:38:37.144 9 INFO neutron.pecan_wsgi.hooks.translation [None req-2e3ce26b-e045-4dee-8238-966e09db4429 964f8090fc3c435782ade935af160680 75e1382c3421432185a30d4a17c2c0d2 - - default default] GET failed (client error): The resource could not be found.
2026-07-10 22:38:37.146 9 INFO neutron.wsgi [None req-2e3ce26b-e045-4dee-8238-966e09db4429 964f8090fc3c435782ade935af160680 75e1382c3421432185a30d4a17c2c0d2 - - default default] 10.0.0.204 "GET /v2.0/ports/02902495-2aac-42e0-af18-bbc4701e919f HTTP/1.1" status: 404 len: 333 time: 0.0246410
2026-07-10 22:38:37.172 10 INFO neutron.db.ovn_revision_numbers_db [req-2ea7a078-44ff-4970-90a5-c0c0bec2f20e req-b612a9f3-21fb-4aa3-a306-9c75e67f3de8 22a11f2aee52441a97600a2652ab2395 90ed7444f26242b78cc632af72d440b0 - - a5783d9bcf4442cfab0eeeda87f0a75d a5783d9bcf4442cfab0eeeda87f0a75d] Successfully bumped revision number for resource 0e4bd1cb-c615-4aa3-9f1f-dd9bb8e3740e (type: ports) to 2
2026-07-10 22:38:37.184 10 INFO neutron.wsgi [req-2ea7a078-44ff-4970-90a5-c0c0bec2f20e req-b612a9f3-21fb-4aa3-a306-9c75e67f3de8 22a11f2aee52441a97600a2652ab2395 90ed7444f26242b78cc632af72d440b0 - - a5783d9bcf4442cfab0eeeda87f0a75d a5783d9bcf4442cfab0eeeda87f0a75d] 199.19.213.114 "PUT /v2.0/ports/0e4bd1cb-c615-4aa3-9f1f-dd9bb8e3740e HTTP/1.1" status: 200 len: 1376 time: 0.6206584
2026-07-10 22:38:37.224 10 INFO neutron.notifiers.nova [-] Nova event matching ['req-baf42e92-8a86-4157-a026-68bb0e874b20'] response: {'name': 'network-changed', 'server_uuid': 'c24efe5c-6638-45f5-953c-145c76687405', 'tag': '0e4bd1cb-c615-4aa3-9f1f-dd9bb8e3740e', 'status': 'completed', 'code': 200} /var/lib/openstack/lib/python3.10/site-packages/pycadf/identifier.py:71: UserWarning: Invalid uuid: neutron. To ensure interoperability, identifiers should be a valid uuid. warnings.warn(('Invalid uuid: %s. To ensure interoperability, '
2026-07-10 22:38:37.262 10 INFO neutron.wsgi [req-2ea7a078-44ff-4970-90a5-c0c0bec2f20e req-850b6a93-6434-4dc2-8068-7f9f260f8969 22a11f2aee52441a97600a2652ab2395 90ed7444f26242b78cc632af72d440b0 - - a5783d9bcf4442cfab0eeeda87f0a75d a5783d9bcf4442cfab0eeeda87f0a75d] 199.19.213.114 "GET /v2.0/ports?tenant_id=968801dff28d41eaba458353e09bb622&device_id=c24efe5c-6638-45f5-953c-145c76687405 HTTP/1.1" status: 200 len: 1407 time: 0.0312138
2026-07-10 22:38:37.287 10 INFO neutron.wsgi [req-2ea7a078-44ff-4970-90a5-c0c0bec2f20e req-f5858de3-742e-4e4e-a6cb-52a24ec33283 22a11f2aee52441a97600a2652ab2395 90ed7444f26242b78cc632af72d440b0 - - a5783d9bcf4442cfab0eeeda87f0a75d a5783d9bcf4442cfab0eeeda87f0a75d] 199.19.213.114 "GET /v2.0/floatingips?fixed_ip_address=10.100.0.7&port_id=0e4bd1cb-c615-4aa3-9f1f-dd9bb8e3740e HTTP/1.1" status: 200 len: 217 time: 0.0179167
2026-07-10 22:38:37.328 10 INFO neutron.wsgi [req-2ea7a078-44ff-4970-90a5-c0c0bec2f20e req-3bcbe4c5-f227-4077-af20-44f788f4f0b1 22a11f2aee52441a97600a2652ab2395 90ed7444f26242b78cc632af72d440b0 - - a5783d9bcf4442cfab0eeeda87f0a75d a5783d9bcf4442cfab0eeeda87f0a75d] 199.19.213.114 "GET /v2.0/subnets?id=1c16b894-fd6a-4cd5-a802-1eb97d4da2a4 HTTP/1.1" status: 200 len: 868 time: 0.0307024
2026-07-10 22:38:37.360 10 INFO neutron.wsgi [req-2ea7a078-44ff-4970-90a5-c0c0bec2f20e req-bd8f8f03-2956-4f42-96e8-eed9fa447b12 22a11f2aee52441a97600a2652ab2395 90ed7444f26242b78cc632af72d440b0 - - a5783d9bcf4442cfab0eeeda87f0a75d a5783d9bcf4442cfab0eeeda87f0a75d] 199.19.213.114 "GET /v2.0/ports?network_id=e612a2af-4cf5-4b9d-a8e0-915dbabe48eb&device_owner=network%3Adhcp HTTP/1.1" status: 200 len: 210 time: 0.0244472
2026-07-10 22:38:37.367 9 INFO neutron.wsgi [None req-e8d31054-22b2-46f7-8851-36f527342228 964f8090fc3c435782ade935af160680 75e1382c3421432185a30d4a17c2c0d2 - - default default] 10.0.0.204 "DELETE /v2.0/subnets/df22e6cf-d20d-43b6-9b83-64e34adcb716 HTTP/1.1" status: 204 len: 168 time: 0.2159121
2026-07-10 22:38:37.420 10 INFO neutron.wsgi [req-2ea7a078-44ff-4970-90a5-c0c0bec2f20e req-13782723-e8ae-4552-978e-73d988fbc0dc 22a11f2aee52441a97600a2652ab2395 90ed7444f26242b78cc632af72d440b0 - - a5783d9bcf4442cfab0eeeda87f0a75d a5783d9bcf4442cfab0eeeda87f0a75d] 199.19.213.114 "GET /v2.0/networks/e612a2af-4cf5-4b9d-a8e0-915dbabe48eb?fields=segments HTTP/1.1" status: 200 len: 212 time: 0.0514789
2026-07-10 22:38:37.426 9 INFO neutron.wsgi [req-ffa168ac-8471-46b1-99e7-bcde874a39c2 req-c993bf19-e17f-40ae-8200-da1bf680be76 a546602f33604f3e8e550d6f51f7cc83 968801dff28d41eaba458353e09bb622 - - default default] 10.0.0.191 "GET /v2.0/ports?device_id=c24efe5c-6638-45f5-953c-145c76687405 HTTP/1.1" status: 200 len: 1168 time: 0.0465884
2026-07-10 22:38:37.475 10 INFO neutron.wsgi [req-2ea7a078-44ff-4970-90a5-c0c0bec2f20e req-1a493d15-9934-42b8-8347-d13e416fe328 22a11f2aee52441a97600a2652ab2395 90ed7444f26242b78cc632af72d440b0 - - a5783d9bcf4442cfab0eeeda87f0a75d a5783d9bcf4442cfab0eeeda87f0a75d] 199.19.213.114 "GET /v2.0/networks/e612a2af-4cf5-4b9d-a8e0-915dbabe48eb?fields=provider%3Aphysical_network&fields=provider%3Anetwork_type HTTP/1.1" status: 200 len: 277 time: 0.0479062
2026-07-10 22:38:37.478 9 INFO neutron.wsgi [req-ffa168ac-8471-46b1-99e7-bcde874a39c2 req-277ea6df-6c1d-4f58-b501-22942369bd82 a546602f33604f3e8e550d6f51f7cc83 968801dff28d41eaba458353e09bb622 - - default default] 10.0.0.191 "GET /v2.0/security-groups?id=e7738548-a9ef-47db-b66d-63cb318cbdf8&fields=id&fields=name HTTP/1.1" status: 200 len: 312 time: 0.0429296
2026-07-10 22:38:37.566 10 INFO neutron.wsgi [req-77c2a477-59b8-48d8-b1f4-5a6476b9e2fb req-7e477091-2a1c-40bb-91f2-0226d9eefaf1 22a11f2aee52441a97600a2652ab2395 90ed7444f26242b78cc632af72d440b0 - - a5783d9bcf4442cfab0eeeda87f0a75d a5783d9bcf4442cfab0eeeda87f0a75d] 199.19.213.114 "GET /v2.0/ports?tenant_id=968801dff28d41eaba458353e09bb622&device_id=c24efe5c-6638-45f5-953c-145c76687405 HTTP/1.1" status: 200 len: 1407 time: 0.0472836
2026-07-10 22:38:37.636 10 INFO neutron.wsgi [req-77c2a477-59b8-48d8-b1f4-5a6476b9e2fb req-b407b4a8-a7a1-49d7-8f5c-ee11373485c3 22a11f2aee52441a97600a2652ab2395 90ed7444f26242b78cc632af72d440b0 - - a5783d9bcf4442cfab0eeeda87f0a75d a5783d9bcf4442cfab0eeeda87f0a75d] 199.19.213.114 "GET /v2.0/networks?id=e612a2af-4cf5-4b9d-a8e0-915dbabe48eb HTTP/1.1" status: 200 len: 972 time: 0.0641522
2026-07-10 22:38:37.666 10 INFO neutron.wsgi [req-77c2a477-59b8-48d8-b1f4-5a6476b9e2fb req-338f5d9c-dd6e-410c-8fa1-51e3ca3c7aee 22a11f2aee52441a97600a2652ab2395 90ed7444f26242b78cc632af72d440b0 - - a5783d9bcf4442cfab0eeeda87f0a75d a5783d9bcf4442cfab0eeeda87f0a75d] 199.19.213.114 "GET /v2.0/floatingips?fixed_ip_address=10.100.0.7&port_id=0e4bd1cb-c615-4aa3-9f1f-dd9bb8e3740e HTTP/1.1" status: 200 len: 217 time: 0.0245023
2026-07-10 22:38:37.705 10 INFO neutron.wsgi [req-77c2a477-59b8-48d8-b1f4-5a6476b9e2fb req-3c6e70c0-8c0e-4b93-8db3-a99d3d413f64 22a11f2aee52441a97600a2652ab2395 90ed7444f26242b78cc632af72d440b0 - - a5783d9bcf4442cfab0eeeda87f0a75d a5783d9bcf4442cfab0eeeda87f0a75d] 199.19.213.114 "GET /v2.0/subnets?id=1c16b894-fd6a-4cd5-a802-1eb97d4da2a4 HTTP/1.1" status: 200 len: 868 time: 0.0336292
2026-07-10 22:38:37.728 10 INFO neutron.wsgi [req-77c2a477-59b8-48d8-b1f4-5a6476b9e2fb req-62d01d13-3aa9-413d-86c2-063097c0972a 22a11f2aee52441a97600a2652ab2395 90ed7444f26242b78cc632af72d440b0 - - a5783d9bcf4442cfab0eeeda87f0a75d a5783d9bcf4442cfab0eeeda87f0a75d] 199.19.213.114 "GET /v2.0/ports?network_id=e612a2af-4cf5-4b9d-a8e0-915dbabe48eb&device_owner=network%3Adhcp HTTP/1.1" status: 200 len: 210 time: 0.0175798
2026-07-10 22:38:37.760 9 INFO neutron.services.segments.plugin [-] Segment 93e080c2-6087-4332-919c-68cfd10b9b0d resource provider aggregate not found
2026-07-10 22:38:37.765 9 INFO neutron.services.segments.plugin [-] Segment 93e080c2-6087-4332-919c-68cfd10b9b0d resource provider aggregate not found
2026-07-10 22:38:37.779 9 INFO neutron.services.segments.plugin [-] Segment 93e080c2-6087-4332-919c-68cfd10b9b0d resource provider not found; error: Placement Client Error (4xx): {"errors": [{"status": 404, "title": "Not Found", "detail": "The resource could not be found.\n\n No resource provider with uuid 93e080c2-6087-4332-919c-68cfd10b9b0d found for delete ", "request_id": "req-3a16c9fc-47d7-4009-a5cd-a5bed953bf5d"}]}
2026-07-10 22:38:37.786 9 INFO neutron.services.segments.plugin [-] Segment 93e080c2-6087-4332-919c-68cfd10b9b0d resource provider not found; error: Placement Client Error (4xx): {"errors": [{"status": 404, "title": "Not Found", "detail": "The resource could not be found.\n\n No resource provider with uuid 93e080c2-6087-4332-919c-68cfd10b9b0d found for delete ", "request_id": "req-707163e8-7aa8-404f-a613-1ed153dc2257"}]}
