2026-07-10 22:39:13.746 9 INFO neutron.wsgi [-] 10.0.0.184 "GET / HTTP/1.1" status: 200 len: 246 time: 0.0021024
2026-07-10 22:39:13.774 10 INFO neutron.wsgi [req-bd31b052-a1da-4591-bca2-84b2aeecbf75 req-e16c7429-7e5c-44dd-9329-c5bacabca428 22a11f2aee52441a97600a2652ab2395 90ed7444f26242b78cc632af72d440b0 - - a5783d9bcf4442cfab0eeeda87f0a75d a5783d9bcf4442cfab0eeeda87f0a75d] 199.19.213.114 "GET /v2.0/networks?id=df61b610-c21c-416f-a4a3-367b943d46d3 HTTP/1.1" status: 200 len: 970 time: 0.1336057
2026-07-10 22:39:14.080 10 INFO neutron.wsgi [req-bd31b052-a1da-4591-bca2-84b2aeecbf75 req-2dcebffa-90c6-4846-b714-ce3346c2d4f3 22a11f2aee52441a97600a2652ab2395 90ed7444f26242b78cc632af72d440b0 - - a5783d9bcf4442cfab0eeeda87f0a75d a5783d9bcf4442cfab0eeeda87f0a75d] 199.19.213.114 "GET /v2.0/floatingips?fixed_ip_address=10.100.0.12&port_id=dbe03ae8-4f84-4fd2-bd1f-7b31c91690e5 HTTP/1.1" status: 200 len: 217 time: 0.2980525 /var/lib/openstack/lib/python3.10/site-packages/pycadf/identifier.py:71: UserWarning: Invalid uuid: neutron. To ensure interoperability, identifiers should be a valid uuid. warnings.warn(('Invalid uuid: %s. To ensure interoperability, '
2026-07-10 22:39:14.119 10 INFO neutron.wsgi [None req-1bc3d29b-f59c-4656-b257-efd511bbd1ee 04440ddfb1ec487a82f00d9836ef6a01 c2d8babcf32847278035b57dc2feb827 - - default default] 10.0.0.204 "PUT /v2.0/routers/8217a7c2-336b-4fa7-9c86-3488e05b0ce2/remove_router_interface HTTP/1.1" status: 200 len: 503 time: 1.2116427
2026-07-10 22:39:14.132 10 WARNING neutron.plugins.ml2.drivers.ovn.mech_driver.ovsdb.ovn_client [None req-91e74f53-8d12-4ac6-a454-caadeb78ab05 - - - - - -] No hosting information found for port 082a7160-fba2-4a0c-b7fb-b6a98966daed: RuntimeError: No hosting information found for port 082a7160-fba2-4a0c-b7fb-b6a98966daed
2026-07-10 22:39:14.133 10 INFO neutron.plugins.ml2.drivers.ovn.mech_driver.mech_driver [None req-91e74f53-8d12-4ac6-a454-caadeb78ab05 - - - - - -] OVN reports status up for port: 94adb65c-b4e7-4747-9769-c2cbb172a2e9
2026-07-10 22:39:14.149 10 INFO neutron.wsgi [req-bd31b052-a1da-4591-bca2-84b2aeecbf75 req-6b28c3e8-584b-437e-b66e-c8dea1e05855 22a11f2aee52441a97600a2652ab2395 90ed7444f26242b78cc632af72d440b0 - - a5783d9bcf4442cfab0eeeda87f0a75d a5783d9bcf4442cfab0eeeda87f0a75d] 199.19.213.114 "GET /v2.0/subnets?id=440ceb57-7548-4c2d-b2aa-a78d4c11bd2e HTTP/1.1" status: 200 len: 865 time: 0.0568893
2026-07-10 22:39:14.164 10 INFO neutron.plugins.ml2.plugin [None req-91e74f53-8d12-4ac6-a454-caadeb78ab05 - - - - - -] Attempt 1 to provision port 94adb65c-b4e7-4747-9769-c2cbb172a2e9
2026-07-10 22:39:14.199 10 INFO neutron.wsgi [req-bd31b052-a1da-4591-bca2-84b2aeecbf75 req-ab1858b7-9603-485b-b463-c60b074a1a1d 22a11f2aee52441a97600a2652ab2395 90ed7444f26242b78cc632af72d440b0 - - a5783d9bcf4442cfab0eeeda87f0a75d a5783d9bcf4442cfab0eeeda87f0a75d] 199.19.213.114 "GET /v2.0/ports?network_id=df61b610-c21c-416f-a4a3-367b943d46d3&device_owner=network%3Adhcp HTTP/1.1" status: 200 len: 210 time: 0.0449004
2026-07-10 22:39:14.242 9 INFO neutron.wsgi [None req-7e3734ab-21f8-4345-a772-259e84878656 04440ddfb1ec487a82f00d9836ef6a01 c2d8babcf32847278035b57dc2feb827 - - default default] 10.0.0.204 "GET /v2.0/ports/94adb65c-b4e7-4747-9769-c2cbb172a2e9 HTTP/1.1" status: 200 len: 1139 time: 0.1162117
2026-07-10 22:39:14.302 10 INFO neutron.wsgi [req-bd31b052-a1da-4591-bca2-84b2aeecbf75 req-ea17503b-d145-47bf-8da5-08d1a957f098 22a11f2aee52441a97600a2652ab2395 90ed7444f26242b78cc632af72d440b0 - - a5783d9bcf4442cfab0eeeda87f0a75d a5783d9bcf4442cfab0eeeda87f0a75d] 199.19.213.114 "GET /v2.0/networks/df61b610-c21c-416f-a4a3-367b943d46d3?fields=segments HTTP/1.1" status: 200 len: 212 time: 0.0966749
2026-07-10 22:39:14.404 10 INFO neutron.wsgi [req-bd31b052-a1da-4591-bca2-84b2aeecbf75 req-a989d878-2d8b-414b-a10f-4c3d69949241 22a11f2aee52441a97600a2652ab2395 90ed7444f26242b78cc632af72d440b0 - - a5783d9bcf4442cfab0eeeda87f0a75d a5783d9bcf4442cfab0eeeda87f0a75d] 199.19.213.114 "GET /v2.0/networks/df61b610-c21c-416f-a4a3-367b943d46d3?fields=provider%3Aphysical_network&fields=provider%3Anetwork_type HTTP/1.1" status: 200 len: 277 time: 0.0952785
2026-07-10 22:39:14.407 10 INFO neutron.wsgi [None req-df0b74b4-ec2d-4cc8-bb2e-8ef9f4313d60 1a3c39e827f54e5c8732496861e24d1e 9ac8dd8c303c4c66bdacee8c40381cb2 - - default default] 10.0.0.204 "DELETE /v2.0/floatingips/56bbb6e0-f4de-4c8a-98e4-108ade36eefb HTTP/1.1" status: 204 len: 168 time: 0.9656129
2026-07-10 22:39:14.548 10 INFO neutron.db.ovn_revision_numbers_db [None req-91e74f53-8d12-4ac6-a454-caadeb78ab05 - - - - - -] Successfully bumped revision number for resource 94adb65c-b4e7-4747-9769-c2cbb172a2e9 (type: ports) to 2
2026-07-10 22:39:14.680 9 WARNING neutron.scheduler.dhcp_agent_scheduler [None req-fc4d900d-f14d-4f8b-8b38-82ed2dab4af0 1a3c39e827f54e5c8732496861e24d1e 9ac8dd8c303c4c66bdacee8c40381cb2 - - default default] No more DHCP agents
2026-07-10 22:39:14.684 9 WARNING neutron.api.rpc.agentnotifiers.dhcp_rpc_agent_api [None req-fc4d900d-f14d-4f8b-8b38-82ed2dab4af0 1a3c39e827f54e5c8732496861e24d1e 9ac8dd8c303c4c66bdacee8c40381cb2 - - default default] Unable to schedule network f2721e15-9c67-45ca-ae93-4aefd8d44e65: no agents available; will retry on subsequent port and subnet creation events.
2026-07-10 22:39:14.697 10 INFO neutron.db.ovn_revision_numbers_db [None req-91e74f53-8d12-4ac6-a454-caadeb78ab05 - - - - - -] Successfully bumped revision number for resource 94adb65c-b4e7-4747-9769-c2cbb172a2e9 (type: router_ports) to 2
2026-07-10 22:39:14.756 9 INFO neutron.wsgi [req-86f50eb2-7efe-4edf-bcb3-0bf72fd2b598 req-05d23c5c-a6d0-4343-a3ec-cad93913a8b1 450f057a809d4ca4b27d1c6a9deec554 b0cb2812af4142dcb18bbb548a5a27d7 - - default default] 10.0.0.191 "GET /v2.0/ports?device_id=2f38e8f5-6299-4860-8b1f-1d37ee60c5b5 HTTP/1.1" status: 200 len: 1172 time: 0.0463891
2026-07-10 22:39:14.820 9 INFO neutron.wsgi [req-86f50eb2-7efe-4edf-bcb3-0bf72fd2b598 req-9e212ea6-43bc-4407-a3cc-437755042c32 450f057a809d4ca4b27d1c6a9deec554 b0cb2812af4142dcb18bbb548a5a27d7 - - default default] 10.0.0.191 "GET /v2.0/security-groups?id=90d3986a-3137-4b58-a04b-c7eb1ff8b3ad&fields=id&fields=name HTTP/1.1" status: 200 len: 286 time: 0.0494080
2026-07-10 22:39:15.091 9 INFO neutron.db.l3_db [None req-fc4d900d-f14d-4f8b-8b38-82ed2dab4af0 1a3c39e827f54e5c8732496861e24d1e 9ac8dd8c303c4c66bdacee8c40381cb2 - - default default] Floating IP 8d190ac8-74be-4d41-b6a3-22401c3748f8 associated. External IP: 10.96.250.209, port: b7691a04-7a8d-4d02-b14e-853ca2440c18.
2026-07-10 22:39:15.301 10 INFO neutron.wsgi [None req-bef6b29f-0391-4179-8197-d20a4e8da520 04440ddfb1ec487a82f00d9836ef6a01 c2d8babcf32847278035b57dc2feb827 - - default default] 10.0.0.204 "GET /v2.0/ports/94adb65c-b4e7-4747-9769-c2cbb172a2e9 HTTP/1.1" status: 200 len: 1141 time: 0.0498261
2026-07-10 22:39:15.455 9 INFO neutron.db.ovn_revision_numbers_db [None req-fc4d900d-f14d-4f8b-8b38-82ed2dab4af0 1a3c39e827f54e5c8732496861e24d1e 9ac8dd8c303c4c66bdacee8c40381cb2 - - default default] Successfully bumped revision number for resource 8d190ac8-74be-4d41-b6a3-22401c3748f8 (type: floatingips) to 0
2026-07-10 22:39:15.561 9 INFO neutron.db.ovn_revision_numbers_db [None req-fc4d900d-f14d-4f8b-8b38-82ed2dab4af0 1a3c39e827f54e5c8732496861e24d1e 9ac8dd8c303c4c66bdacee8c40381cb2 - - default default] Successfully bumped revision number for resource 8d190ac8-74be-4d41-b6a3-22401c3748f8 (type: floatingips) to 1
2026-07-10 22:39:15.596 9 INFO neutron.wsgi [None req-fc4d900d-f14d-4f8b-8b38-82ed2dab4af0 1a3c39e827f54e5c8732496861e24d1e 9ac8dd8c303c4c66bdacee8c40381cb2 - - default default] 10.0.0.204 "POST /v2.0/floatingips HTTP/1.1" status: 201 len: 1042 time: 1.1776531
2026-07-10 22:39:15.644 10 INFO neutron.wsgi [None req-b82c3042-2254-41eb-8967-b8768418f9cc 1a3c39e827f54e5c8732496861e24d1e 9ac8dd8c303c4c66bdacee8c40381cb2 - - default default] 10.0.0.204 "GET /v2.0/floatingips/8d190ac8-74be-4d41-b6a3-22401c3748f8 HTTP/1.1" status: 200 len: 1039 time: 0.0439296
2026-07-10 22:39:15.708 9 INFO neutron.wsgi [None req-130ab232-123f-470f-a30e-4c023d55fdb5 1a3c39e827f54e5c8732496861e24d1e 9ac8dd8c303c4c66bdacee8c40381cb2 - - default default] 10.0.0.204 "GET /v2.0/floatingips HTTP/1.1" status: 200 len: 1042 time: 0.0578992
2026-07-10 22:39:15.870 10 INFO neutron.wsgi [None req-75b13f7f-ec6c-4638-820e-ffddbae2a324 04440ddfb1ec487a82f00d9836ef6a01 c2d8babcf32847278035b57dc2feb827 - - default default] 10.0.0.204 "PUT /v2.0/routers/8217a7c2-336b-4fa7-9c86-3488e05b0ce2/remove_router_interface HTTP/1.1" status: 200 len: 503 time: 0.5639796
2026-07-10 22:39:15.904 9 INFO neutron.wsgi [None req-19f2c4ce-b9fe-4c99-9ff2-ac97526d54a7 04440ddfb1ec487a82f00d9836ef6a01 c2d8babcf32847278035b57dc2feb827 - - default default] 10.0.0.204 "GET /v2.0/ports?device_id=8217a7c2-336b-4fa7-9c86-3488e05b0ce2 HTTP/1.1" status: 200 len: 205 time: 0.0299354 /var/lib/openstack/lib/python3.10/site-packages/pycadf/identifier.py:71: UserWarning: Invalid uuid: neutron. To ensure interoperability, identifiers should be a valid uuid. warnings.warn(('Invalid uuid: %s. To ensure interoperability, '
2026-07-10 22:39:16.015 9 INFO neutron.wsgi [req-df42a80a-bb7b-4a20-84a8-780ae2b67ca3 req-d1575ce7-f083-47eb-87c8-d69027883dcd 450f057a809d4ca4b27d1c6a9deec554 b0cb2812af4142dcb18bbb548a5a27d7 - - default default] 10.0.0.191 "GET /v2.0/ports?device_id=2f38e8f5-6299-4860-8b1f-1d37ee60c5b5 HTTP/1.1" status: 200 len: 1172 time: 0.1288705
2026-07-10 22:39:16.049 9 INFO neutron.db.l3_db [None req-65ae104c-c8ac-4fa8-884e-fc519e802786 1a3c39e827f54e5c8732496861e24d1e 9ac8dd8c303c4c66bdacee8c40381cb2 - - default default] Floating IP 8d190ac8-74be-4d41-b6a3-22401c3748f8 associated. External IP: 10.96.250.209, port: b7691a04-7a8d-4d02-b14e-853ca2440c18.
2026-07-10 22:39:16.093 9 INFO neutron.wsgi [req-df42a80a-bb7b-4a20-84a8-780ae2b67ca3 req-b183f0a0-fef6-4012-9704-ec03dc46c559 450f057a809d4ca4b27d1c6a9deec554 b0cb2812af4142dcb18bbb548a5a27d7 - - default default] 10.0.0.191 "GET /v2.0/security-groups?id=90d3986a-3137-4b58-a04b-c7eb1ff8b3ad&fields=id&fields=name HTTP/1.1" status: 200 len: 286 time: 0.0666926
2026-07-10 22:39:16.162 10 INFO neutron.wsgi [None req-f3cfdc46-0c4a-4426-96cb-03eefa7c9050 04440ddfb1ec487a82f00d9836ef6a01 c2d8babcf32847278035b57dc2feb827 - - default default] 10.0.0.204 "DELETE /v2.0/routers/8217a7c2-336b-4fa7-9c86-3488e05b0ce2 HTTP/1.1" status: 204 len: 168 time: 0.2522838
2026-07-10 22:39:16.296 9 INFO neutron.db.ovn_revision_numbers_db [None req-65ae104c-c8ac-4fa8-884e-fc519e802786 1a3c39e827f54e5c8732496861e24d1e 9ac8dd8c303c4c66bdacee8c40381cb2 - - default default] Successfully bumped revision number for resource 8d190ac8-74be-4d41-b6a3-22401c3748f8 (type: floatingips) to 2
2026-07-10 22:39:16.409 9 INFO neutron.wsgi [None req-eeda4d23-49ba-470e-9401-6688d63ce0be 04440ddfb1ec487a82f00d9836ef6a01 c2d8babcf32847278035b57dc2feb827 - - default default] 10.0.0.204 "DELETE /v2.0/subnets/74c78ed1-cc20-482d-83b3-c41cfa1a6fb7 HTTP/1.1" status: 204 len: 168 time: 0.2404048
2026-07-10 22:39:16.425 9 INFO neutron.db.ovn_revision_numbers_db [None req-65ae104c-c8ac-4fa8-884e-fc519e802786 1a3c39e827f54e5c8732496861e24d1e 9ac8dd8c303c4c66bdacee8c40381cb2 - - default default] Successfully bumped revision number for resource 8d190ac8-74be-4d41-b6a3-22401c3748f8 (type: floatingips) to 2
2026-07-10 22:39:16.463 9 INFO neutron.wsgi [None req-65ae104c-c8ac-4fa8-884e-fc519e802786 1a3c39e827f54e5c8732496861e24d1e 9ac8dd8c303c4c66bdacee8c40381cb2 - - default default] 10.0.0.204 "PUT /v2.0/floatingips/8d190ac8-74be-4d41-b6a3-22401c3748f8 HTTP/1.1" status: 200 len: 1038 time: 0.7514129
2026-07-10 22:39:16.591 10 INFO neutron.wsgi [None req-e1daf13f-3267-482e-b2e7-f75fa6c3fd7d 04440ddfb1ec487a82f00d9836ef6a01 c2d8babcf32847278035b57dc2feb827 - - default default] 10.0.0.204 "DELETE /v2.0/subnets/ccb164ea-d70b-45f1-9a97-697405346159 HTTP/1.1" status: 204 len: 168 time: 0.1748970
2026-07-10 22:39:16.603 9 INFO neutron.db.l3_db [None req-200c673d-8aca-4253-b488-9368b750a6d9 1a3c39e827f54e5c8732496861e24d1e 9ac8dd8c303c4c66bdacee8c40381cb2 - - default default] Floating IP 8d190ac8-74be-4d41-b6a3-22401c3748f8 disassociated. External IP: 10.96.250.209, port: f709ed61-7a70-4489-b3af-cd343c66ec54.
2026-07-10 22:39:16.656 9 INFO neutron.db.ovn_revision_numbers_db [None req-200c673d-8aca-4253-b488-9368b750a6d9 1a3c39e827f54e5c8732496861e24d1e 9ac8dd8c303c4c66bdacee8c40381cb2 - - default default] Successfully bumped revision number for resource 8d190ac8-74be-4d41-b6a3-22401c3748f8 (type: floatingips) to 3
2026-07-10 22:39:16.718 9 INFO neutron.wsgi [None req-200c673d-8aca-4253-b488-9368b750a6d9 1a3c39e827f54e5c8732496861e24d1e 9ac8dd8c303c4c66bdacee8c40381cb2 - - default default] 10.0.0.204 "PUT /v2.0/floatingips/8d190ac8-74be-4d41-b6a3-22401c3748f8 HTTP/1.1" status: 200 len: 748 time: 0.2499876
2026-07-10 22:39:16.958 9 INFO neutron.services.segments.plugin [-] Segment b605d2e5-05b0-4549-95ca-5ecdd634fb9b resource provider aggregate not found
2026-07-10 22:39:16.962 9 INFO neutron.services.segments.plugin [-] Segment b605d2e5-05b0-4549-95ca-5ecdd634fb9b resource provider aggregate not found
2026-07-10 22:39:16.978 9 INFO neutron.services.segments.plugin [-] Segment b605d2e5-05b0-4549-95ca-5ecdd634fb9b resource provider not found; error: Placement Client Error (4xx): {"errors": [{"status": 404, "title": "Not Found", "detail": "The resource could not be found.\n\n No resource provider with uuid b605d2e5-05b0-4549-95ca-5ecdd634fb9b found for delete ", "request_id": "req-66e5c5d2-3820-475a-97b0-fb3837c98fc2"}]}
2026-07-10 22:39:16.978 9 INFO neutron.services.segments.plugin [-] Segment b605d2e5-05b0-4549-95ca-5ecdd634fb9b resource provider not found; error: Placement Client Error (4xx): {"errors": [{"status": 404, "title": "Not Found", "detail": "The resource could not be found.\n\n No resource provider with uuid b605d2e5-05b0-4549-95ca-5ecdd634fb9b found for delete ", "request_id": "req-a21a8351-17b6-4e52-a383-e37e63bcfab5"}]}
2026-07-10 22:39:16.997 9 INFO neutron.wsgi [None req-a36cf55f-1bde-4b45-ba62-330c2d1875e6 04440ddfb1ec487a82f00d9836ef6a01 c2d8babcf32847278035b57dc2feb827 - - default default] 10.0.0.204 "DELETE /v2.0/networks/53aa229a-1706-4b37-bfdd-5fb7cfb47481 HTTP/1.1" status: 204 len: 168 time: 0.4015520
2026-07-10 22:39:17.080 10 INFO neutron.wsgi [None req-1e9c261d-9b9c-4f51-9a37-9a508be3632c 1a3c39e827f54e5c8732496861e24d1e 9ac8dd8c303c4c66bdacee8c40381cb2 - - default default] 10.0.0.204 "DELETE /v2.0/floatingips/8d190ac8-74be-4d41-b6a3-22401c3748f8 HTTP/1.1" status: 204 len: 168 time: 0.3580019
2026-07-10 22:39:17.114 9 INFO neutron.api.v2.resource [None req-497127ee-0482-4ac2-8399-fc4980c41cd5 1a3c39e827f54e5c8732496861e24d1e 9ac8dd8c303c4c66bdacee8c40381cb2 - - default default] delete failed (client error): The resource could not be found.
2026-07-10 22:39:17.117 9 INFO neutron.wsgi [None req-497127ee-0482-4ac2-8399-fc4980c41cd5 1a3c39e827f54e5c8732496861e24d1e 9ac8dd8c303c4c66bdacee8c40381cb2 - - default default] 10.0.0.204 "DELETE /v2.0/floatingips/8d190ac8-74be-4d41-b6a3-22401c3748f8 HTTP/1.1" status: 404 len: 345 time: 0.0307822
2026-07-10 22:39:17.146 9 WARNING neutron.plugins.ml2.drivers.ovn.mech_driver.ovsdb.ovn_client [None req-f2c7eec2-11f6-45df-bbd1-57dc96077e51 - - - - - -] No port found with ID 5c4138b5-baca-455e-9a2a-f58bc94ca296: RuntimeError: No port found with ID 5c4138b5-baca-455e-9a2a-f58bc94ca296 /var/lib/openstack/lib/python3.10/site-packages/pycadf/identifier.py:71: UserWarning: Invalid uuid: neutron. To ensure interoperability, identifiers should be a valid uuid. warnings.warn(('Invalid uuid: %s. To ensure interoperability, '
2026-07-10 22:39:17.243 9 INFO neutron.wsgi [req-871c4e15-458d-4e6d-ba31-2a05a65b351f req-04f92950-50ad-4acb-8ed8-9e87b347fe67 450f057a809d4ca4b27d1c6a9deec554 b0cb2812af4142dcb18bbb548a5a27d7 - - default default] 10.0.0.191 "GET /v2.0/ports?device_id=2f38e8f5-6299-4860-8b1f-1d37ee60c5b5 HTTP/1.1" status: 200 len: 1172 time: 0.0727916
2026-07-10 22:39:17.301 9 INFO neutron.wsgi [req-871c4e15-458d-4e6d-ba31-2a05a65b351f req-64d55ffe-069f-4425-b9b7-05fd8e011484 450f057a809d4ca4b27d1c6a9deec554 b0cb2812af4142dcb18bbb548a5a27d7 - - default default] 10.0.0.191 "GET /v2.0/security-groups?id=90d3986a-3137-4b58-a04b-c7eb1ff8b3ad&fields=id&fields=name HTTP/1.1" status: 200 len: 286 time: 0.0474916
2026-07-10 22:39:17.456 10 INFO neutron.wsgi [None req-b4602f65-9b50-4884-888b-15cd1932a4f1 1a3c39e827f54e5c8732496861e24d1e 9ac8dd8c303c4c66bdacee8c40381cb2 - - default default] 10.0.0.204 "DELETE /v2.0/ports/f709ed61-7a70-4489-b3af-cd343c66ec54 HTTP/1.1" status: 204 len: 168 time: 0.3302524
2026-07-10 22:39:17.498 9 INFO neutron.wsgi [None req-581b7149-2c8a-48d0-a316-82593eb23844 04440ddfb1ec487a82f00d9836ef6a01 c2d8babcf32847278035b57dc2feb827 - - default default] 10.0.0.204 "DELETE /v2.0/networks/53fe6406-6dc3-4219-ae29-f38c3066eeb4 HTTP/1.1" status: 204 len: 168 time: 0.4939475
2026-07-10 22:39:17.621 10 INFO neutron.db.segments_db [None req-27c1d821-fb72-4b94-8f2d-ecc3eed7404f 04440ddfb1ec487a82f00d9836ef6a01 c2d8babcf32847278035b57dc2feb827 - - default default] Added segment b2f76e0e-228b-40bd-8fb3-04de1ab06187 of type geneve for network b4aa8c0c-98c8-4efb-bf97-fd7cfa456bc8
2026-07-10 22:39:17.833 10 INFO neutron.db.ovn_revision_numbers_db [None req-27c1d821-fb72-4b94-8f2d-ecc3eed7404f 04440ddfb1ec487a82f00d9836ef6a01 c2d8babcf32847278035b57dc2feb827 - - default default] Successfully bumped revision number for resource b4aa8c0c-98c8-4efb-bf97-fd7cfa456bc8 (type: networks) to 1
2026-07-10 22:39:17.901 10 INFO neutron.wsgi [None req-0d5192a2-1026-4981-b427-a1179adb9c3e 1a3c39e827f54e5c8732496861e24d1e 9ac8dd8c303c4c66bdacee8c40381cb2 - - default default] 10.0.0.204 "DELETE /v2.0/ports/b7691a04-7a8d-4d02-b14e-853ca2440c18 HTTP/1.1" status: 204 len: 168 time: 0.4409955
2026-07-10 22:39:18.010 10 INFO neutron.wsgi [None req-eb0829ac-2ea0-42d4-9db4-b922897ad8e2 1a3c39e827f54e5c8732496861e24d1e 9ac8dd8c303c4c66bdacee8c40381cb2 - - default default] 10.0.0.204 "GET /v2.0/ports?device_id=a04660ab-9b26-455d-b3cb-28c5cb652337 HTTP/1.1" status: 200 len: 1138 time: 0.1036174
2026-07-10 22:39:18.044 10 WARNING neutron.scheduler.dhcp_agent_scheduler [None req-27c1d821-fb72-4b94-8f2d-ecc3eed7404f 04440ddfb1ec487a82f00d9836ef6a01 c2d8babcf32847278035b57dc2feb827 - - default default] No more DHCP agents
2026-07-10 22:39:18.047 10 WARNING neutron.api.rpc.agentnotifiers.dhcp_rpc_agent_api [None req-27c1d821-fb72-4b94-8f2d-ecc3eed7404f 04440ddfb1ec487a82f00d9836ef6a01 c2d8babcf32847278035b57dc2feb827 - - default default] Unable to schedule network b4aa8c0c-98c8-4efb-bf97-fd7cfa456bc8: no agents available; will retry on subsequent port and subnet creation events.
2026-07-10 22:39:18.119 10 INFO neutron.db.ovn_revision_numbers_db [None req-27c1d821-fb72-4b94-8f2d-ecc3eed7404f 04440ddfb1ec487a82f00d9836ef6a01 c2d8babcf32847278035b57dc2feb827 - - default default] Successfully bumped revision number for resource 3544cacb-b58c-4b26-a8bd-d9466c0e9f66 (type: ports) to 1
2026-07-10 22:39:18.136 10 INFO neutron.wsgi [None req-27c1d821-fb72-4b94-8f2d-ecc3eed7404f 04440ddfb1ec487a82f00d9836ef6a01 c2d8babcf32847278035b57dc2feb827 - - default default] 10.0.0.204 "POST /v2.0/networks HTTP/1.1" status: 201 len: 832 time: 0.6340027
2026-07-10 22:39:18.373 10 WARNING neutron.scheduler.dhcp_agent_scheduler [None req-dce4f62c-2ab2-4b82-a893-e13b6375634f 04440ddfb1ec487a82f00d9836ef6a01 c2d8babcf32847278035b57dc2feb827 - - default default] No more DHCP agents
2026-07-10 22:39:18.381 10 WARNING neutron.api.rpc.agentnotifiers.dhcp_rpc_agent_api [None req-dce4f62c-2ab2-4b82-a893-e13b6375634f 04440ddfb1ec487a82f00d9836ef6a01 c2d8babcf32847278035b57dc2feb827 - - default default] Unable to schedule network b4aa8c0c-98c8-4efb-bf97-fd7cfa456bc8: no agents available; will retry on subsequent port and subnet creation events.
2026-07-10 22:39:18.404 9 INFO neutron.wsgi [req-2d7ad73f-a6ea-4e4f-bfe9-64f987cc9ac5 req-09dbc75e-0fce-46b8-8071-d6c2ed4c74d3 450f057a809d4ca4b27d1c6a9deec554 b0cb2812af4142dcb18bbb548a5a27d7 - - default default] 10.0.0.191 "GET /v2.0/ports?device_id=2f38e8f5-6299-4860-8b1f-1d37ee60c5b5 HTTP/1.1" status: 200 len: 1172 time: 0.0305336
2026-07-10 22:39:18.413 10 INFO neutron.db.ovn_revision_numbers_db [None req-dce4f62c-2ab2-4b82-a893-e13b6375634f 04440ddfb1ec487a82f00d9836ef6a01 c2d8babcf32847278035b57dc2feb827 - - default default] Successfully bumped revision number for resource d0d7b891-caf7-4ea2-b50f-b19fd0e28715 (type: subnets) to 0
2026-07-10 22:39:18.433 10 INFO neutron.wsgi [None req-dce4f62c-2ab2-4b82-a893-e13b6375634f 04440ddfb1ec487a82f00d9836ef6a01 c2d8babcf32847278035b57dc2feb827 - - default default] 10.0.0.204 "POST /v2.0/subnets HTTP/1.1" status: 201 len: 821 time: 0.2916608
2026-07-10 22:39:18.455 9 INFO neutron.wsgi [req-2d7ad73f-a6ea-4e4f-bfe9-64f987cc9ac5 req-bd366da7-7812-4498-84b0-58dbc4d83988 450f057a809d4ca4b27d1c6a9deec554 b0cb2812af4142dcb18bbb548a5a27d7 - - default default] 10.0.0.191 "GET /v2.0/security-groups?id=90d3986a-3137-4b58-a04b-c7eb1ff8b3ad&fields=id&fields=name HTTP/1.1" status: 200 len: 286 time: 0.0400162
2026-07-10 22:39:18.627 10 INFO neutron.db.ovn_revision_numbers_db [None req-3732187e-2481-4273-b887-a955ffc42c45 04440ddfb1ec487a82f00d9836ef6a01 c2d8babcf32847278035b57dc2feb827 - - default default] Successfully bumped revision number for resource 75c5b1e5-4b68-4e01-9bfe-7ea9b7c532da (type: routers) to 1
2026-07-10 22:39:18.639 10 INFO neutron.wsgi [None req-3732187e-2481-4273-b887-a955ffc42c45 04440ddfb1ec487a82f00d9836ef6a01 c2d8babcf32847278035b57dc2feb827 - - default default] 10.0.0.204 "POST /v2.0/routers HTTP/1.1" status: 201 len: 691 time: 0.2003281
2026-07-10 22:39:18.929 9 INFO neutron.wsgi [None req-ee523b5d-83a5-4a5a-beb3-36fbf2689199 1a3c39e827f54e5c8732496861e24d1e 9ac8dd8c303c4c66bdacee8c40381cb2 - - default default] 10.0.0.204 "PUT /v2.0/routers/a04660ab-9b26-455d-b3cb-28c5cb652337/remove_router_interface HTTP/1.1" status: 200 len: 503 time: 0.9123278 /var/lib/openstack/lib/python3.10/site-packages/pycadf/identifier.py:71: UserWarning: Invalid uuid: neutron. To ensure interoperability, identifiers should be a valid uuid. warnings.warn(('Invalid uuid: %s. To ensure interoperability, '
2026-07-10 22:39:19.010 9 INFO neutron.services.segments.plugin [-] Segment 5ba58339-842b-4558-8efb-033e4ee1a7bd resource provider aggregate not found
2026-07-10 22:39:19.016 9 INFO neutron.services.segments.plugin [-] Segment 5ba58339-842b-4558-8efb-033e4ee1a7bd resource provider aggregate not found
2026-07-10 22:39:19.029 9 INFO neutron.services.segments.plugin [-] Segment 5ba58339-842b-4558-8efb-033e4ee1a7bd resource provider not found; error: Placement Client Error (4xx): {"errors": [{"status": 404, "title": "Not Found", "detail": "The resource could not be found.\n\n No resource provider with uuid 5ba58339-842b-4558-8efb-033e4ee1a7bd found for delete ", "request_id": "req-2f8ce7e6-973a-4b57-9d24-ac335ea95d0d"}]}
2026-07-10 22:39:19.031 9 INFO neutron.services.segments.plugin [-] Segment 5ba58339-842b-4558-8efb-033e4ee1a7bd resource provider not found; error: Placement Client Error (4xx): {"errors": [{"status": 404, "title": "Not Found", "detail": "The resource could not be found.\n\n No resource provider with uuid 5ba58339-842b-4558-8efb-033e4ee1a7bd found for delete ", "request_id": "req-1454da9a-186f-4c7d-842c-f1ab0c63e935"}]}
2026-07-10 22:39:19.060 10 WARNING neutron.plugins.ml2.drivers.ovn.mech_driver.ovsdb.ovn_client [None req-91e74f53-8d12-4ac6-a454-caadeb78ab05 - - - - - -] No port found with ID 94adb65c-b4e7-4747-9769-c2cbb172a2e9: RuntimeError: No port found with ID 94adb65c-b4e7-4747-9769-c2cbb172a2e9
2026-07-10 22:39:19.061 10 INFO neutron.plugins.ml2.drivers.ovn.mech_driver.mech_driver [None req-91e74f53-8d12-4ac6-a454-caadeb78ab05 - - - - - -] OVN reports status up for port: 55a9ec75-917b-4e70-adab-b3febe540a74
2026-07-10 22:39:19.137 10 INFO neutron.plugins.ml2.drivers.ovn.mech_driver.mech_driver [None req-91e74f53-8d12-4ac6-a454-caadeb78ab05 - - - - - -] OVN reports status up for port: dbe03ae8-4f84-4fd2-bd1f-7b31c91690e5
2026-07-10 22:39:19.155 10 INFO neutron.plugins.ml2.plugin [None req-91e74f53-8d12-4ac6-a454-caadeb78ab05 - - - - - -] Attempt 1 to provision port dbe03ae8-4f84-4fd2-bd1f-7b31c91690e5
2026-07-10 22:39:19.157 9 WARNING neutron.scheduler.dhcp_agent_scheduler [None req-e0921f91-c6b4-47cf-a03c-4ff3a922d817 04440ddfb1ec487a82f00d9836ef6a01 c2d8babcf32847278035b57dc2feb827 - - default default] No more DHCP agents
2026-07-10 22:39:19.160 9 WARNING neutron.api.rpc.agentnotifiers.dhcp_rpc_agent_api [None req-e0921f91-c6b4-47cf-a03c-4ff3a922d817 04440ddfb1ec487a82f00d9836ef6a01 c2d8babcf32847278035b57dc2feb827 - - default default] Unable to schedule network b4aa8c0c-98c8-4efb-bf97-fd7cfa456bc8: no agents available; will retry on subsequent port and subnet creation events.
2026-07-10 22:39:19.272 10 INFO neutron.notifiers.nova [-] Nova event matching ['req-f75d41a7-a504-47f7-9185-b1b09ee449b2'] response: {'server_uuid': '2f38e8f5-6299-4860-8b1f-1d37ee60c5b5', 'name': 'network-vif-plugged', 'status': 'completed', 'tag': 'dbe03ae8-4f84-4fd2-bd1f-7b31c91690e5', 'code': 200}
2026-07-10 22:39:19.455 10 INFO neutron.db.ovn_revision_numbers_db [None req-91e74f53-8d12-4ac6-a454-caadeb78ab05 - - - - - -] Successfully bumped revision number for resource dbe03ae8-4f84-4fd2-bd1f-7b31c91690e5 (type: ports) to 4 /var/lib/openstack/lib/python3.10/site-packages/pycadf/identifier.py:71: UserWarning: Invalid uuid: neutron. To ensure interoperability, identifiers should be a valid uuid. warnings.warn(('Invalid uuid: %s. To ensure interoperability, '
2026-07-10 22:39:19.570 9 INFO neutron.wsgi [req-550df995-9189-4cbc-8837-ec00e97bc4a6 req-6a7949b3-6a0d-4fd0-898d-91fd544cb86e 450f057a809d4ca4b27d1c6a9deec554 b0cb2812af4142dcb18bbb548a5a27d7 - - default default] 10.0.0.191 "GET /v2.0/ports?device_id=2f38e8f5-6299-4860-8b1f-1d37ee60c5b5 HTTP/1.1" status: 200 len: 1174 time: 0.0436900
2026-07-10 22:39:19.585 9 INFO neutron.db.ovn_revision_numbers_db [None req-e0921f91-c6b4-47cf-a03c-4ff3a922d817 04440ddfb1ec487a82f00d9836ef6a01 c2d8babcf32847278035b57dc2feb827 - - default default] Successfully bumped revision number for resource f8ed260f-6a67-4660-913b-5498d24270be (type: ports) to 1
2026-07-10 22:39:19.645 9 INFO neutron.wsgi [None req-e0921f91-c6b4-47cf-a03c-4ff3a922d817 04440ddfb1ec487a82f00d9836ef6a01 c2d8babcf32847278035b57dc2feb827 - - default default] 10.0.0.204 "POST /v2.0/ports HTTP/1.1" status: 201 len: 1158 time: 1.0008774
2026-07-10 22:39:19.648 9 INFO neutron.wsgi [req-550df995-9189-4cbc-8837-ec00e97bc4a6 req-4aa4ddbe-bbb4-4ec2-9ea1-f72a80b33a9d 450f057a809d4ca4b27d1c6a9deec554 b0cb2812af4142dcb18bbb548a5a27d7 - - default default] 10.0.0.191 "GET /v2.0/security-groups?id=90d3986a-3137-4b58-a04b-c7eb1ff8b3ad&fields=id&fields=name HTTP/1.1" status: 200 len: 286 time: 0.0701122 /var/lib/openstack/lib/python3.10/site-packages/pycadf/identifier.py:71: UserWarning: Invalid uuid: neutron. To ensure interoperability, identifiers should be a valid uuid. warnings.warn(('Invalid uuid: %s. To ensure interoperability, '
2026-07-10 22:39:20.025 9 INFO neutron.wsgi [None req-9815f331-e296-4780-afad-ff902824c910 1a3c39e827f54e5c8732496861e24d1e 9ac8dd8c303c4c66bdacee8c40381cb2 - - default default] 10.0.0.204 "DELETE /v2.0/routers/a04660ab-9b26-455d-b3cb-28c5cb652337 HTTP/1.1" status: 204 len: 168 time: 1.0918806
2026-07-10 22:39:20.121 10 INFO neutron.plugins.ml2.drivers.ovn.mech_driver.mech_driver [None req-91e74f53-8d12-4ac6-a454-caadeb78ab05 - - - - - -] OVN reports status down for port: dbe03ae8-4f84-4fd2-bd1f-7b31c91690e5
2026-07-10 22:39:20.151 9 INFO neutron.db.ovn_revision_numbers_db [None req-b6d18360-10ca-40d9-846c-ec69ea8b3888 ec6d0fcb497b4e21b69298d65bad6c66 63cd8c3b35e6465c9da29c9fda1bda51 - - default default] Successfully bumped revision number for resource 1e07d9e2-6b06-4549-bb00-d46f96966370 (type: security_groups) to 1
2026-07-10 22:39:20.175 9 INFO neutron.wsgi [req-3012ff54-ef9d-48a2-b1cd-33b51fce8910 req-f6fec83c-a787-40a4-9170-d035b2d3aafa 450f057a809d4ca4b27d1c6a9deec554 b0cb2812af4142dcb18bbb548a5a27d7 - - default default] 10.0.0.191 "GET /v2.0/ports?device_id=2f38e8f5-6299-4860-8b1f-1d37ee60c5b5 HTTP/1.1" status: 200 len: 1174 time: 0.0600948
2026-07-10 22:39:20.197 9 INFO neutron.db.ovn_revision_numbers_db [None req-b6d18360-10ca-40d9-846c-ec69ea8b3888 ec6d0fcb497b4e21b69298d65bad6c66 63cd8c3b35e6465c9da29c9fda1bda51 - - default default] Successfully bumped revision number for resource 1de94831-797c-4a37-bad2-b2087f0220b5 (type: security_group_rules) to 0
2026-07-10 22:39:20.229 9 INFO neutron.db.ovn_revision_numbers_db [None req-b6d18360-10ca-40d9-846c-ec69ea8b3888 ec6d0fcb497b4e21b69298d65bad6c66 63cd8c3b35e6465c9da29c9fda1bda51 - - default default] Successfully bumped revision number for resource 2a945c46-da6c-47a6-990b-d858c903e77c (type: security_group_rules) to 0
2026-07-10 22:39:20.234 9 INFO neutron.wsgi [req-3012ff54-ef9d-48a2-b1cd-33b51fce8910 req-41462618-ab14-466f-b67e-f12fa0dfd896 450f057a809d4ca4b27d1c6a9deec554 b0cb2812af4142dcb18bbb548a5a27d7 - - default default] 10.0.0.191 "GET /v2.0/security-groups?id=90d3986a-3137-4b58-a04b-c7eb1ff8b3ad&fields=id&fields=name HTTP/1.1" status: 200 len: 286 time: 0.0518768
2026-07-10 22:39:20.251 9 INFO neutron.db.ovn_revision_numbers_db [None req-b6d18360-10ca-40d9-846c-ec69ea8b3888 ec6d0fcb497b4e21b69298d65bad6c66 63cd8c3b35e6465c9da29c9fda1bda51 - - default default] Successfully bumped revision number for resource 939ba813-4b82-4b7f-bb23-3d5b59765c93 (type: security_group_rules) to 0
2026-07-10 22:39:20.302 9 INFO neutron.wsgi [None req-b763356a-70b6-4c9d-8bf5-cd933c699a2c 1a3c39e827f54e5c8732496861e24d1e 9ac8dd8c303c4c66bdacee8c40381cb2 - - default default] 10.0.0.204 "DELETE /v2.0/subnets/b71edfa2-4a1d-4788-b733-90d9e3a5c9f7 HTTP/1.1" status: 204 len: 168 time: 0.2698905
2026-07-10 22:39:20.303 9 INFO neutron.db.ovn_revision_numbers_db [None req-b6d18360-10ca-40d9-846c-ec69ea8b3888 ec6d0fcb497b4e21b69298d65bad6c66 63cd8c3b35e6465c9da29c9fda1bda51 - - default default] Successfully bumped revision number for resource c9aed8dc-dda3-4a61-9d4f-fec70ebf0b7d (type: security_group_rules) to 0
2026-07-10 22:39:20.350 9 INFO neutron.wsgi [None req-b6d18360-10ca-40d9-846c-ec69ea8b3888 ec6d0fcb497b4e21b69298d65bad6c66 63cd8c3b35e6465c9da29c9fda1bda51 - - default default] 10.0.0.204 "GET /v2.0/security-groups?tenant_id=d53a9feb433b4795a9ff898a3baac191&name=default HTTP/1.1" status: 200 len: 2996 time: 0.5938454 /var/lib/openstack/lib/python3.10/site-packages/pycadf/identifier.py:71: UserWarning: Invalid uuid: neutron. To ensure interoperability, identifiers should be a valid uuid. warnings.warn(('Invalid uuid: %s. To ensure interoperability, '
2026-07-10 22:39:20.455 9 INFO neutron.plugins.ml2.drivers.ovn.mech_driver.mech_driver [None req-f2c7eec2-11f6-45df-bbd1-57dc96077e51 - - - - - -] OVN reports status up for port: f8ed260f-6a67-4660-913b-5498d24270be
2026-07-10 22:39:20.478 9 INFO neutron.plugins.ml2.plugin [None req-f2c7eec2-11f6-45df-bbd1-57dc96077e51 - - - - - -] Attempt 1 to provision port f8ed260f-6a67-4660-913b-5498d24270be
2026-07-10 22:39:20.507 10 INFO neutron.db.ovn_revision_numbers_db [None req-3fabd7cd-6d31-4596-97d9-96adba609084 04440ddfb1ec487a82f00d9836ef6a01 c2d8babcf32847278035b57dc2feb827 - - default default] Successfully bumped revision number for resource f8ed260f-6a67-4660-913b-5498d24270be (type: router_ports) to 2
2026-07-10 22:39:20.528 10 INFO neutron.wsgi [req-54b30556-2fbd-43c6-9211-81cfd0282192 req-cc550130-234f-4608-8a81-42b3ddbede17 450f057a809d4ca4b27d1c6a9deec554 b0cb2812af4142dcb18bbb548a5a27d7 - - default default] 199.19.213.114 "GET /v2.0/ports?device_id=2f38e8f5-6299-4860-8b1f-1d37ee60c5b5 HTTP/1.1" status: 200 len: 1172 time: 0.1297958
2026-07-10 22:39:20.597 10 INFO neutron.db.ovn_revision_numbers_db [None req-91e74f53-8d12-4ac6-a454-caadeb78ab05 - - - - - -] Successfully bumped revision number for resource dbe03ae8-4f84-4fd2-bd1f-7b31c91690e5 (type: ports) to 5
2026-07-10 22:39:20.717 9 INFO neutron.wsgi [None req-48da1740-a096-4f9a-ba17-9fc5d7861263 ec6d0fcb497b4e21b69298d65bad6c66 63cd8c3b35e6465c9da29c9fda1bda51 - - default default] 10.0.0.204 "DELETE /v2.0/security-groups/1e07d9e2-6b06-4549-bb00-d46f96966370 HTTP/1.1" status: 204 len: 168 time: 0.3607218
2026-07-10 22:39:20.738 10 INFO neutron.db.ovn_revision_numbers_db [None req-3fabd7cd-6d31-4596-97d9-96adba609084 04440ddfb1ec487a82f00d9836ef6a01 c2d8babcf32847278035b57dc2feb827 - - default default] Successfully bumped revision number for resource f8ed260f-6a67-4660-913b-5498d24270be (type: ports) to 2
2026-07-10 22:39:20.884 9 INFO neutron.wsgi [None req-d0ed859c-7320-40c5-8c73-99089ae39204 1a3c39e827f54e5c8732496861e24d1e 9ac8dd8c303c4c66bdacee8c40381cb2 - - default default] 10.0.0.204 "DELETE /v2.0/networks/d5d7e078-2de1-42fc-a877-0b93eb850c0f HTTP/1.1" status: 204 len: 168 time: 0.5770042
2026-07-10 22:39:20.906 9 INFO neutron.db.ovn_revision_numbers_db [None req-f2c7eec2-11f6-45df-bbd1-57dc96077e51 - - - - - -] Successfully bumped revision number for resource f8ed260f-6a67-4660-913b-5498d24270be (type: ports) to 3
2026-07-10 22:39:20.910 10 INFO neutron.wsgi [req-54b30556-2fbd-43c6-9211-81cfd0282192 req-6d2d7840-a9be-4154-8289-56f683730de9 450f057a809d4ca4b27d1c6a9deec554 b0cb2812af4142dcb18bbb548a5a27d7 - - default default] 199.19.213.114 "DELETE /v2.0/ports/dbe03ae8-4f84-4fd2-bd1f-7b31c91690e5 HTTP/1.1" status: 204 len: 173 time: 0.3741384
2026-07-10 22:39:20.996 9 INFO neutron.db.ovn_revision_numbers_db [None req-719f892d-a986-4a2c-9ab6-5dd3ac5cde49 ec6d0fcb497b4e21b69298d65bad6c66 63cd8c3b35e6465c9da29c9fda1bda51 - - default default] Successfully bumped revision number for resource f5116f8a-e32d-4f09-a5fb-2e4f2ef50701 (type: security_groups) to 1
2026-07-10 22:39:21.028 9 INFO neutron.db.ovn_revision_numbers_db [None req-719f892d-a986-4a2c-9ab6-5dd3ac5cde49 ec6d0fcb497b4e21b69298d65bad6c66 63cd8c3b35e6465c9da29c9fda1bda51 - - default default] Successfully bumped revision number for resource 1197383e-6e56-4ffd-ab1b-9d1cc55c1dab (type: security_group_rules) to 0
2026-07-10 22:39:21.061 9 INFO neutron.services.segments.plugin [-] Segment fbef9351-f340-4455-9dc2-62df461bfb63 resource provider aggregate not found
2026-07-10 22:39:21.068 9 INFO neutron.db.ovn_revision_numbers_db [None req-719f892d-a986-4a2c-9ab6-5dd3ac5cde49 ec6d0fcb497b4e21b69298d65bad6c66 63cd8c3b35e6465c9da29c9fda1bda51 - - default default] Successfully bumped revision number for resource 208ff0de-a870-40f4-ae09-f41a78d6c493 (type: security_group_rules) to 0
2026-07-10 22:39:21.071 9 INFO neutron.services.segments.plugin [-] Segment fbef9351-f340-4455-9dc2-62df461bfb63 resource provider aggregate not found
2026-07-10 22:39:21.081 9 INFO neutron.services.segments.plugin [-] Segment fbef9351-f340-4455-9dc2-62df461bfb63 resource provider not found; error: Placement Client Error (4xx): {"errors": [{"status": 404, "title": "Not Found", "detail": "The resource could not be found.\n\n No resource provider with uuid fbef9351-f340-4455-9dc2-62df461bfb63 found for delete ", "request_id": "req-07e7e3d5-9dc8-481a-a41a-aaa83c6dca4f"}]}
2026-07-10 22:39:21.092 9 INFO neutron.services.segments.plugin [-] Segment fbef9351-f340-4455-9dc2-62df461bfb63 resource provider not found; error: Placement Client Error (4xx): {"errors": [{"status": 404, "title": "Not Found", "detail": "The resource could not be found.\n\n No resource provider with uuid fbef9351-f340-4455-9dc2-62df461bfb63 found for delete ", "request_id": "req-2cc0d376-489c-4cda-bb54-f77643fb77c6"}]}
2026-07-10 22:39:21.093 9 INFO neutron.db.ovn_revision_numbers_db [None req-f2c7eec2-11f6-45df-bbd1-57dc96077e51 - - - - - -] Successfully bumped revision number for resource f8ed260f-6a67-4660-913b-5498d24270be (type: router_ports) to 3
2026-07-10 22:39:21.109 9 INFO neutron.db.ovn_revision_numbers_db [None req-719f892d-a986-4a2c-9ab6-5dd3ac5cde49 ec6d0fcb497b4e21b69298d65bad6c66 63cd8c3b35e6465c9da29c9fda1bda51 - - default default] Successfully bumped revision number for resource 5db1823e-2dad-4dab-b9d7-3dba7e5b41c4 (type: security_group_rules) to 0
2026-07-10 22:39:21.129 9 INFO neutron.db.ovn_revision_numbers_db [None req-719f892d-a986-4a2c-9ab6-5dd3ac5cde49 ec6d0fcb497b4e21b69298d65bad6c66 63cd8c3b35e6465c9da29c9fda1bda51 - - default default] Successfully bumped revision number for resource 7d1770f0-35fe-448f-8e17-cf8f20e97ecb (type: security_group_rules) to 0
2026-07-10 22:39:21.152 9 INFO neutron.wsgi [None req-719f892d-a986-4a2c-9ab6-5dd3ac5cde49 ec6d0fcb497b4e21b69298d65bad6c66 63cd8c3b35e6465c9da29c9fda1bda51 - - default default] 10.0.0.204 "GET /v2.0/security-groups?tenant_id=e1fd9b0ecdb244c4b91a00044242514f&name=default HTTP/1.1" status: 200 len: 2996 time: 0.3487952 /var/lib/openstack/lib/python3.10/site-packages/pycadf/identifier.py:71: UserWarning: Invalid uuid: neutron. To ensure interoperability, identifiers should be a valid uuid. warnings.warn(('Invalid uuid: %s. To ensure interoperability, '
2026-07-10 22:39:21.313 10 INFO neutron.notifiers.nova [-] Nova event matching ['req-bd5ed44c-ce17-43e7-ad6b-2b878c260fa0'] response: {'server_uuid': '2f38e8f5-6299-4860-8b1f-1d37ee60c5b5', 'name': 'network-vif-plugged', 'status': 'completed', 'tag': 'dbe03ae8-4f84-4fd2-bd1f-7b31c91690e5', 'code': 200}
2026-07-10 22:39:21.313 10 INFO neutron.notifiers.nova [-] Nova event matching ['req-bd5ed44c-ce17-43e7-ad6b-2b878c260fa0'] response: {'server_uuid': '2f38e8f5-6299-4860-8b1f-1d37ee60c5b5', 'name': 'network-vif-unplugged', 'status': 'completed', 'tag': 'dbe03ae8-4f84-4fd2-bd1f-7b31c91690e5', 'code': 200}
2026-07-10 22:39:21.316 10 INFO neutron.notifiers.nova [-] Nova event matching ['req-bd5ed44c-ce17-43e7-ad6b-2b878c260fa0'] response: {'server_uuid': '2f38e8f5-6299-4860-8b1f-1d37ee60c5b5', 'name': 'network-vif-plugged', 'status': 'completed', 'tag': 'dbe03ae8-4f84-4fd2-bd1f-7b31c91690e5', 'code': 200}
2026-07-10 22:39:21.316 10 INFO neutron.notifiers.nova [-] Nova event matching ['req-bd5ed44c-ce17-43e7-ad6b-2b878c260fa0'] response: {'server_uuid': '2f38e8f5-6299-4860-8b1f-1d37ee60c5b5', 'name': 'network-vif-deleted', 'tag': 'dbe03ae8-4f84-4fd2-bd1f-7b31c91690e5', 'status': 'completed', 'code': 200}
2026-07-10 22:39:21.383 9 INFO neutron.wsgi [None req-62214824-d711-497a-89e5-f1b0154605fe ec6d0fcb497b4e21b69298d65bad6c66 63cd8c3b35e6465c9da29c9fda1bda51 - - default default] 10.0.0.204 "DELETE /v2.0/security-groups/f5116f8a-e32d-4f09-a5fb-2e4f2ef50701 HTTP/1.1" status: 204 len: 168 time: 0.2238715
2026-07-10 22:39:21.409 10 INFO neutron.db.ovn_revision_numbers_db [None req-3fabd7cd-6d31-4596-97d9-96adba609084 04440ddfb1ec487a82f00d9836ef6a01 c2d8babcf32847278035b57dc2feb827 - - default default] Successfully bumped revision number for resource f8ed260f-6a67-4660-913b-5498d24270be (type: ports) to 3
2026-07-10 22:39:21.487 10 WARNING neutron.scheduler.dhcp_agent_scheduler [None req-3fabd7cd-6d31-4596-97d9-96adba609084 04440ddfb1ec487a82f00d9836ef6a01 c2d8babcf32847278035b57dc2feb827 - - default default] No more DHCP agents
2026-07-10 22:39:21.489 10 WARNING neutron.api.rpc.agentnotifiers.dhcp_rpc_agent_api [None req-3fabd7cd-6d31-4596-97d9-96adba609084 04440ddfb1ec487a82f00d9836ef6a01 c2d8babcf32847278035b57dc2feb827 - - default default] Unable to schedule network b4aa8c0c-98c8-4efb-bf97-fd7cfa456bc8: no agents available; will retry on subsequent port and subnet creation events.
2026-07-10 22:39:21.664 10 INFO neutron.db.ovn_revision_numbers_db [None req-3fabd7cd-6d31-4596-97d9-96adba609084 04440ddfb1ec487a82f00d9836ef6a01 c2d8babcf32847278035b57dc2feb827 - - default default] Successfully bumped revision number for resource f8ed260f-6a67-4660-913b-5498d24270be (type: router_ports) to 3
2026-07-10 22:39:21.666 10 INFO neutron.wsgi [None req-3fabd7cd-6d31-4596-97d9-96adba609084 04440ddfb1ec487a82f00d9836ef6a01 c2d8babcf32847278035b57dc2feb827 - - default default] 10.0.0.204 "PUT /v2.0/routers/75c5b1e5-4b68-4e01-9bfe-7ea9b7c532da/add_router_interface HTTP/1.1" status: 200 len: 503 time: 2.0135317 /var/lib/openstack/lib/python3.10/site-packages/pycadf/identifier.py:71: UserWarning: Invalid uuid: neutron. To ensure interoperability, identifiers should be a valid uuid. warnings.warn(('Invalid uuid: %s. To ensure interoperability, '
2026-07-10 22:39:21.708 10 INFO neutron.wsgi [None req-33ca9ed1-2c61-48be-ac11-5f98a4051bd4 04440ddfb1ec487a82f00d9836ef6a01 c2d8babcf32847278035b57dc2feb827 - - default default] 10.0.0.204 "GET /v2.0/ports/f8ed260f-6a67-4660-913b-5498d24270be HTTP/1.1" status: 200 len: 1216 time: 0.0359159
2026-07-10 22:39:21.723 10 INFO neutron.wsgi [None req-b0a3cb06-9794-4318-98c3-729c6608b436 ec6d0fcb497b4e21b69298d65bad6c66 63cd8c3b35e6465c9da29c9fda1bda51 - - default default] 10.0.0.204 "GET /v2.0/security-groups?tenant_id=9ac8dd8c303c4c66bdacee8c40381cb2&name=default HTTP/1.1" status: 200 len: 2996 time: 0.2672403
2026-07-10 22:39:21.920 10 INFO neutron.wsgi [None req-3fe7eeed-d270-4131-a872-1db642e700fa ec6d0fcb497b4e21b69298d65bad6c66 63cd8c3b35e6465c9da29c9fda1bda51 - - default default] 10.0.0.204 "DELETE /v2.0/security-groups/17c07a69-ebd8-4695-8ce5-88c8368c5c5c HTTP/1.1" status: 204 len: 168 time: 0.1923618
2026-07-10 22:39:22.303 9 INFO neutron.wsgi [None req-313d56ec-3815-4d5f-99eb-8ce05b30f509 04440ddfb1ec487a82f00d9836ef6a01 c2d8babcf32847278035b57dc2feb827 - - default default] 10.0.0.204 "PUT /v2.0/routers/75c5b1e5-4b68-4e01-9bfe-7ea9b7c532da/remove_router_interface HTTP/1.1" status: 200 len: 503 time: 0.5887568 /var/lib/openstack/lib/python3.10/site-packages/pycadf/identifier.py:71: UserWarning: Invalid uuid: neutron. To ensure interoperability, identifiers should be a valid uuid. warnings.warn(('Invalid uuid: %s. To ensure interoperability, '
2026-07-10 22:39:22.361 9 INFO neutron.api.v2.resource [None req-a84607bf-6f9a-41a3-a6d9-a1f59deb85c8 04440ddfb1ec487a82f00d9836ef6a01 c2d8babcf32847278035b57dc2feb827 - - default default] remove_router_interface failed (client error): The resource could not be found.
2026-07-10 22:39:22.362 9 INFO neutron.wsgi [None req-a84607bf-6f9a-41a3-a6d9-a1f59deb85c8 04440ddfb1ec487a82f00d9836ef6a01 c2d8babcf32847278035b57dc2feb827 - - default default] 10.0.0.204 "PUT /v2.0/routers/75c5b1e5-4b68-4e01-9bfe-7ea9b7c532da/remove_router_interface HTTP/1.1" status: 404 len: 398 time: 0.0538697
2026-07-10 22:39:22.392 9 INFO neutron.wsgi [None req-c6d17e3c-2028-45e4-a184-4f920a56e6fe 04440ddfb1ec487a82f00d9836ef6a01 c2d8babcf32847278035b57dc2feb827 - - default default] 10.0.0.204 "GET /v2.0/ports?device_id=75c5b1e5-4b68-4e01-9bfe-7ea9b7c532da HTTP/1.1" status: 200 len: 205 time: 0.0254593
2026-07-10 22:39:22.593 9 INFO neutron.wsgi [None req-d860a087-4057-49f5-9326-b48dc2d99536 04440ddfb1ec487a82f00d9836ef6a01 c2d8babcf32847278035b57dc2feb827 - - default default] 10.0.0.204 "DELETE /v2.0/routers/75c5b1e5-4b68-4e01-9bfe-7ea9b7c532da HTTP/1.1" status: 204 len: 168 time: 0.1949382
2026-07-10 22:39:22.740 9 INFO neutron.wsgi [None req-5478af4e-a600-4441-a295-e0c35402f070 04440ddfb1ec487a82f00d9836ef6a01 c2d8babcf32847278035b57dc2feb827 - - default default] 10.0.0.204 "DELETE /v2.0/subnets/d0d7b891-caf7-4ea2-b50f-b19fd0e28715 HTTP/1.1" status: 204 len: 168 time: 0.1429901
2026-07-10 22:39:23.152 10 INFO neutron.services.segments.plugin [-] Segment b2f76e0e-228b-40bd-8fb3-04de1ab06187 resource provider aggregate not found
2026-07-10 22:39:23.158 10 INFO neutron.services.segments.plugin [-] Segment b2f76e0e-228b-40bd-8fb3-04de1ab06187 resource provider aggregate not found
2026-07-10 22:39:23.175 10 INFO neutron.services.segments.plugin [-] Segment b2f76e0e-228b-40bd-8fb3-04de1ab06187 resource provider not found; error: Placement Client Error (4xx): {"errors": [{"status": 404, "title": "Not Found", "detail": "The resource could not be found.\n\n No resource provider with uuid b2f76e0e-228b-40bd-8fb3-04de1ab06187 found for delete ", "request_id": "req-c252f7fb-cc70-45e8-b3ac-5c5624f6d6a6"}]}
2026-07-10 22:39:23.176 10 INFO neutron.services.segments.plugin [-] Segment b2f76e0e-228b-40bd-8fb3-04de1ab06187 resource provider not found; error: Placement Client Error (4xx): {"errors": [{"status": 404, "title": "Not Found", "detail": "The resource could not be found.\n\n No resource provider with uuid b2f76e0e-228b-40bd-8fb3-04de1ab06187 found for delete ", "request_id": "req-6fe365ea-efdf-4df0-8b67-6d42b3b37d12"}]}
2026-07-10 22:39:23.218 10 INFO neutron.wsgi [None req-c22e25c5-a64b-4228-9ff0-856ae7b82f24 04440ddfb1ec487a82f00d9836ef6a01 c2d8babcf32847278035b57dc2feb827 - - default default] 10.0.0.204 "DELETE /v2.0/networks/b4aa8c0c-98c8-4efb-bf97-fd7cfa456bc8 HTTP/1.1" status: 204 len: 168 time: 0.4728968
2026-07-10 22:39:23.301 9 INFO neutron.db.segments_db [None req-ee88c3c0-bc57-45c8-a06f-47b432b50653 04440ddfb1ec487a82f00d9836ef6a01 c2d8babcf32847278035b57dc2feb827 - - default default] Added segment d9a75361-476f-4976-b25d-ae297a06b2cb of type geneve for network d8af679f-89f6-45f0-8d35-47796a988ded
2026-07-10 22:39:23.446 10 INFO neutron.wsgi [None req-dd1f2eee-d7e6-44c1-a021-bc7b0a60cf73 ec6d0fcb497b4e21b69298d65bad6c66 63cd8c3b35e6465c9da29c9fda1bda51 - - default default] 10.0.0.204 "PUT /v2.0/routers/5f1bc22a-fa6a-4b53-9161-74cc79a172b3/remove_router_interface HTTP/1.1" status: 200 len: 503 time: 0.9334431 /var/lib/openstack/lib/python3.10/site-packages/pycadf/identifier.py:71: UserWarning: Invalid uuid: neutron. To ensure interoperability, identifiers should be a valid uuid. warnings.warn(('Invalid uuid: %s. To ensure interoperability, '
2026-07-10 22:39:23.516 9 INFO neutron.db.ovn_revision_numbers_db [None req-ee88c3c0-bc57-45c8-a06f-47b432b50653 04440ddfb1ec487a82f00d9836ef6a01 c2d8babcf32847278035b57dc2feb827 - - default default] Successfully bumped revision number for resource d8af679f-89f6-45f0-8d35-47796a988ded (type: networks) to 1
2026-07-10 22:39:23.578 9 INFO neutron.db.ovn_revision_numbers_db [None req-29fe6c38-148c-44f1-b97e-c5976134ce9f 8631b7ac266140ffaec68a214b1eaede f539afc04d524fa8bdb40a6e8f821d5e - - default default] Successfully bumped revision number for resource 1037fef5-c4c7-41c7-a4c7-e2a822970b6b (type: security_groups) to 1
2026-07-10 22:39:23.613 9 INFO neutron.db.ovn_revision_numbers_db [None req-29fe6c38-148c-44f1-b97e-c5976134ce9f 8631b7ac266140ffaec68a214b1eaede f539afc04d524fa8bdb40a6e8f821d5e - - default default] Successfully bumped revision number for resource 09a7f510-3e40-407f-824a-4d515addd611 (type: security_group_rules) to 0
2026-07-10 22:39:23.645 9 INFO neutron.db.ovn_revision_numbers_db [None req-29fe6c38-148c-44f1-b97e-c5976134ce9f 8631b7ac266140ffaec68a214b1eaede f539afc04d524fa8bdb40a6e8f821d5e - - default default] Successfully bumped revision number for resource 7c86b7bb-5ece-4f63-b8ab-a9e0253561c4 (type: security_group_rules) to 0
2026-07-10 22:39:23.672 9 INFO neutron.db.ovn_revision_numbers_db [None req-29fe6c38-148c-44f1-b97e-c5976134ce9f 8631b7ac266140ffaec68a214b1eaede f539afc04d524fa8bdb40a6e8f821d5e - - default default] Successfully bumped revision number for resource a55ca60c-5df3-481f-b009-18e77fead358 (type: security_group_rules) to 0
2026-07-10 22:39:23.705 9 INFO neutron.db.ovn_revision_numbers_db [None req-29fe6c38-148c-44f1-b97e-c5976134ce9f 8631b7ac266140ffaec68a214b1eaede f539afc04d524fa8bdb40a6e8f821d5e - - default default] Successfully bumped revision number for resource b61f07ed-3049-4954-ad79-7886fa1783c9 (type: security_group_rules) to 0
2026-07-10 22:39:23.751 9 WARNING neutron.scheduler.dhcp_agent_scheduler [None req-ee88c3c0-bc57-45c8-a06f-47b432b50653 04440ddfb1ec487a82f00d9836ef6a01 c2d8babcf32847278035b57dc2feb827 - - default default] No more DHCP agents
2026-07-10 22:39:23.758 9 WARNING neutron.api.rpc.agentnotifiers.dhcp_rpc_agent_api [None req-ee88c3c0-bc57-45c8-a06f-47b432b50653 04440ddfb1ec487a82f00d9836ef6a01 c2d8babcf32847278035b57dc2feb827 - - default default] Unable to schedule network d8af679f-89f6-45f0-8d35-47796a988ded: no agents available; will retry on subsequent port and subnet creation events.
2026-07-10 22:39:23.774 9 INFO neutron.db.segments_db [None req-29fe6c38-148c-44f1-b97e-c5976134ce9f 8631b7ac266140ffaec68a214b1eaede f539afc04d524fa8bdb40a6e8f821d5e - - default default] Added segment e2e3b313-3800-4731-a113-77b4b52b5488 of type geneve for network 313fe679-f891-49f9-8c76-18936519b4ac
2026-07-10 22:39:23.901 9 INFO neutron.db.ovn_revision_numbers_db [None req-659c72a8-181b-43b0-b8ec-47ffbffc8bcc da0f035bebdb47bf814dc63f1e42371a fa39fc1083624c0fbd1e609cf780946e - - default default] Successfully bumped revision number for resource 8775c80d-f795-4af1-8479-7996d8cfc580 (type: security_groups) to 1
2026-07-10 22:39:23.905 9 INFO neutron.db.ovn_revision_numbers_db [None req-ee88c3c0-bc57-45c8-a06f-47b432b50653 04440ddfb1ec487a82f00d9836ef6a01 c2d8babcf32847278035b57dc2feb827 - - default default] Successfully bumped revision number for resource 7b14edf6-59c2-4ce0-b25c-62d240972d99 (type: ports) to 1
2026-07-10 22:39:23.952 9 INFO neutron.db.ovn_revision_numbers_db [None req-659c72a8-181b-43b0-b8ec-47ffbffc8bcc da0f035bebdb47bf814dc63f1e42371a fa39fc1083624c0fbd1e609cf780946e - - default default] Successfully bumped revision number for resource 5a628a96-16ed-4def-b43a-f009fa14ef15 (type: security_group_rules) to 0
2026-07-10 22:39:23.957 9 INFO neutron.wsgi [None req-ee88c3c0-bc57-45c8-a06f-47b432b50653 04440ddfb1ec487a82f00d9836ef6a01 c2d8babcf32847278035b57dc2feb827 - - default default] 10.0.0.204 "POST /v2.0/networks HTTP/1.1" status: 201 len: 832 time: 0.7344224
