2026-07-10 22:38:07.576 9 INFO neutron.db.ovn_revision_numbers_db [None req-a4e89353-a2a3-4b3e-9ac0-ae2c1c112e83 ec6d0fcb497b4e21b69298d65bad6c66 63cd8c3b35e6465c9da29c9fda1bda51 - - default default] Successfully bumped revision number for resource ad3fc33a-7d1d-4f0f-a45b-d8cd4261959c (type: subnets) to 0
2026-07-10 22:38:07.593 9 INFO neutron.wsgi [None req-a4e89353-a2a3-4b3e-9ac0-ae2c1c112e83 ec6d0fcb497b4e21b69298d65bad6c66 63cd8c3b35e6465c9da29c9fda1bda51 - - default default] 10.0.0.204 "POST /v2.0/subnets HTTP/1.1" status: 201 len: 860 time: 0.7073576
2026-07-10 22:38:07.897 9 INFO neutron.plugins.ml2.drivers.ovn.mech_driver.mech_driver [None req-f2c7eec2-11f6-45df-bbd1-57dc96077e51 - - - - - -] OVN reports status up for port: 3867b814-d5ba-45c2-bcfa-f6f7480498b2
2026-07-10 22:38:07.909 9 INFO neutron.plugins.ml2.drivers.ovn.mech_driver.ovsdb.ovsdb_monitor [None req-aae72bab-7521-4346-9543-38056a0b9f62 - - - - - -] Router f3d0c5ac-b700-4a29-b2cf-6cb3ab1fd6a4 is bound to host instance
2026-07-10 22:38:07.911 9 INFO neutron.plugins.ml2.plugin [None req-f2c7eec2-11f6-45df-bbd1-57dc96077e51 - - - - - -] Attempt 1 to provision port 3867b814-d5ba-45c2-bcfa-f6f7480498b2
2026-07-10 22:38:07.927 10 INFO neutron.db.ovn_revision_numbers_db [None req-79530a05-a0c3-426e-b2e4-5d21984a2016 ec6d0fcb497b4e21b69298d65bad6c66 63cd8c3b35e6465c9da29c9fda1bda51 - - default default] Successfully bumped revision number for resource 3867b814-d5ba-45c2-bcfa-f6f7480498b2 (type: router_ports) to 1
2026-07-10 22:38:08.023 10 INFO neutron.db.ovn_revision_numbers_db [None req-79530a05-a0c3-426e-b2e4-5d21984a2016 ec6d0fcb497b4e21b69298d65bad6c66 63cd8c3b35e6465c9da29c9fda1bda51 - - default default] Successfully bumped revision number for resource f3d0c5ac-b700-4a29-b2cf-6cb3ab1fd6a4 (type: routers) to 2
2026-07-10 22:38:08.040 10 INFO neutron.wsgi [None req-79530a05-a0c3-426e-b2e4-5d21984a2016 ec6d0fcb497b4e21b69298d65bad6c66 63cd8c3b35e6465c9da29c9fda1bda51 - - default default] 10.0.0.204 "POST /v2.0/routers HTTP/1.1" status: 201 len: 876 time: 1.3783236
2026-07-10 22:38:08.169 10 INFO neutron.db.ovn_revision_numbers_db [None req-6d02ad8f-242f-4e6b-a835-11a0ef01760a a367fa51ef6b4d6bb72e63f1fddaaa20 3d419c2ae0924ae981744466866b0e54 - - default default] Successfully bumped revision number for resource c396b716-7265-4a16-a3b2-be2d03dc0089 (type: security_groups) to 1
2026-07-10 22:38:08.184 10 INFO neutron.db.ovn_revision_numbers_db [None req-6d02ad8f-242f-4e6b-a835-11a0ef01760a a367fa51ef6b4d6bb72e63f1fddaaa20 3d419c2ae0924ae981744466866b0e54 - - default default] Successfully bumped revision number for resource a8197406-0872-4709-ad5f-7fb90acdb17f (type: security_group_rules) to 0
2026-07-10 22:38:08.190 9 INFO neutron.wsgi [req-dc8098e0-cc7b-4dc8-9dc9-e3b75a07351d req-76c4c883-a70b-46f3-a0de-c0bac1b34596 22a11f2aee52441a97600a2652ab2395 90ed7444f26242b78cc632af72d440b0 - - a5783d9bcf4442cfab0eeeda87f0a75d a5783d9bcf4442cfab0eeeda87f0a75d] 10.0.0.197 "GET /v2.0/ports?device_id=bc10d3fb-9f6e-464e-b9bb-54aeb9267c3b HTTP/1.1" status: 200 len: 1409 time: 0.1570318
2026-07-10 22:38:08.204 10 INFO neutron.db.ovn_revision_numbers_db [None req-6d02ad8f-242f-4e6b-a835-11a0ef01760a a367fa51ef6b4d6bb72e63f1fddaaa20 3d419c2ae0924ae981744466866b0e54 - - default default] Successfully bumped revision number for resource d4f374b3-2e6b-442c-8005-9a416b10ac9b (type: security_group_rules) to 0
2026-07-10 22:38:08.224 10 INFO neutron.db.ovn_revision_numbers_db [None req-6d02ad8f-242f-4e6b-a835-11a0ef01760a a367fa51ef6b4d6bb72e63f1fddaaa20 3d419c2ae0924ae981744466866b0e54 - - default default] Successfully bumped revision number for resource dfbd4290-b61c-4003-a80f-01c6ad893b08 (type: security_group_rules) to 0
2026-07-10 22:38:08.245 10 INFO neutron.db.ovn_revision_numbers_db [None req-6d02ad8f-242f-4e6b-a835-11a0ef01760a a367fa51ef6b4d6bb72e63f1fddaaa20 3d419c2ae0924ae981744466866b0e54 - - default default] Successfully bumped revision number for resource fabc9b4a-e601-4c55-8acd-cc5d3710d6a9 (type: security_group_rules) to 0
2026-07-10 22:38:08.261 9 INFO neutron.wsgi [req-dc8098e0-cc7b-4dc8-9dc9-e3b75a07351d req-cd1c2c6a-43b0-4f41-9b5d-2ca5c99a2da8 22a11f2aee52441a97600a2652ab2395 90ed7444f26242b78cc632af72d440b0 - - a5783d9bcf4442cfab0eeeda87f0a75d a5783d9bcf4442cfab0eeeda87f0a75d] 10.0.0.197 "GET /v2.0/security-groups?id=c655af7c-07a7-48c7-8b79-12b0ed2397b4&fields=id&fields=name HTTP/1.1" status: 200 len: 313 time: 0.0604348
2026-07-10 22:38:08.323 10 INFO neutron.db.segments_db [None req-6d02ad8f-242f-4e6b-a835-11a0ef01760a a367fa51ef6b4d6bb72e63f1fddaaa20 3d419c2ae0924ae981744466866b0e54 - - default default] Added segment 932f5ddc-ae0a-4598-bf77-bc981467fd2f of type geneve for network 432522f2-e9f3-4269-b205-92f5f1e361e4
2026-07-10 22:38:08.413 9 WARNING neutron.scheduler.dhcp_agent_scheduler [None req-a40ed705-f4a5-4102-8daf-74ac7219f210 ec6d0fcb497b4e21b69298d65bad6c66 63cd8c3b35e6465c9da29c9fda1bda51 - - default default] No more DHCP agents
2026-07-10 22:38:08.418 9 WARNING neutron.api.rpc.agentnotifiers.dhcp_rpc_agent_api [None req-a40ed705-f4a5-4102-8daf-74ac7219f210 ec6d0fcb497b4e21b69298d65bad6c66 63cd8c3b35e6465c9da29c9fda1bda51 - - default default] Unable to schedule network f2721e15-9c67-45ca-ae93-4aefd8d44e65: no agents available; will retry on subsequent port and subnet creation events.
2026-07-10 22:38:08.461 10 INFO neutron.db.segments_db [None req-6d02ad8f-242f-4e6b-a835-11a0ef01760a a367fa51ef6b4d6bb72e63f1fddaaa20 3d419c2ae0924ae981744466866b0e54 - - default default] Added segment 51d832ad-69fb-469a-b57d-bb0ef371a93d of type geneve for network 3508c2de-7962-4b15-a862-9f521739fa47
2026-07-10 22:38:08.557 10 WARNING neutron.scheduler.dhcp_agent_scheduler [None req-6f5648a7-b656-4ffd-906c-c868cc5483b6 ec6d0fcb497b4e21b69298d65bad6c66 63cd8c3b35e6465c9da29c9fda1bda51 - - default default] No more DHCP agents
2026-07-10 22:38:08.566 10 WARNING neutron.api.rpc.agentnotifiers.dhcp_rpc_agent_api [None req-6f5648a7-b656-4ffd-906c-c868cc5483b6 ec6d0fcb497b4e21b69298d65bad6c66 63cd8c3b35e6465c9da29c9fda1bda51 - - default default] Unable to schedule network 0d9b157a-a047-4f22-b9d1-51c32eb6725e: no agents available; will retry on subsequent port and subnet creation events.
2026-07-10 22:38:08.608 9 INFO neutron.db.ovn_revision_numbers_db [None req-a40ed705-f4a5-4102-8daf-74ac7219f210 ec6d0fcb497b4e21b69298d65bad6c66 63cd8c3b35e6465c9da29c9fda1bda51 - - default default] Successfully bumped revision number for resource cc691bd3-0fef-4829-97e8-b9936a4a8fa6 (type: ports) to 1
2026-07-10 22:38:08.640 9 INFO neutron.db.ovn_revision_numbers_db [None req-aae72bab-7521-4346-9543-38056a0b9f62 - - - - - -] Successfully bumped revision number for resource 3867b814-d5ba-45c2-bcfa-f6f7480498b2 (type: ports) to 1
2026-07-10 22:38:08.839 10 INFO neutron.db.ovn_revision_numbers_db [None req-6d02ad8f-242f-4e6b-a835-11a0ef01760a a367fa51ef6b4d6bb72e63f1fddaaa20 3d419c2ae0924ae981744466866b0e54 - - default default] Successfully bumped revision number for resource 432522f2-e9f3-4269-b205-92f5f1e361e4 (type: networks) to 1
2026-07-10 22:38:09.036 10 INFO neutron.db.ovn_revision_numbers_db [None req-6f5648a7-b656-4ffd-906c-c868cc5483b6 ec6d0fcb497b4e21b69298d65bad6c66 63cd8c3b35e6465c9da29c9fda1bda51 - - default default] Successfully bumped revision number for resource 2ae4aa11-2ba4-4dea-aaf6-d700e11ed69e (type: ports) to 1
2026-07-10 22:38:09.118 10 WARNING neutron.scheduler.dhcp_agent_scheduler [None req-6d02ad8f-242f-4e6b-a835-11a0ef01760a a367fa51ef6b4d6bb72e63f1fddaaa20 3d419c2ae0924ae981744466866b0e54 - - default default] No more DHCP agents
2026-07-10 22:38:09.119 10 WARNING neutron.api.rpc.agentnotifiers.dhcp_rpc_agent_api [None req-6d02ad8f-242f-4e6b-a835-11a0ef01760a a367fa51ef6b4d6bb72e63f1fddaaa20 3d419c2ae0924ae981744466866b0e54 - - default default] Unable to schedule network 432522f2-e9f3-4269-b205-92f5f1e361e4: no agents available; will retry on subsequent port and subnet creation events.
2026-07-10 22:38:09.148 9 INFO neutron.db.ovn_revision_numbers_db [None req-aae72bab-7521-4346-9543-38056a0b9f62 - - - - - -] Successfully bumped revision number for resource 3867b814-d5ba-45c2-bcfa-f6f7480498b2 (type: router_ports) to 3
2026-07-10 22:38:09.224 10 INFO neutron.db.ovn_revision_numbers_db [None req-6d02ad8f-242f-4e6b-a835-11a0ef01760a a367fa51ef6b4d6bb72e63f1fddaaa20 3d419c2ae0924ae981744466866b0e54 - - default default] Successfully bumped revision number for resource fefdb687-2aa2-4bb2-a262-961b4e8e15e0 (type: ports) to 1
2026-07-10 22:38:09.338 10 INFO neutron.db.ovn_revision_numbers_db [None req-6d02ad8f-242f-4e6b-a835-11a0ef01760a a367fa51ef6b4d6bb72e63f1fddaaa20 3d419c2ae0924ae981744466866b0e54 - - default default] Successfully bumped revision number for resource 3508c2de-7962-4b15-a862-9f521739fa47 (type: networks) to 1
2026-07-10 22:38:09.402 9 INFO neutron.db.ovn_revision_numbers_db [None req-aae72bab-7521-4346-9543-38056a0b9f62 - - - - - -] Successfully bumped revision number for resource 3867b814-d5ba-45c2-bcfa-f6f7480498b2 (type: ports) to 2
2026-07-10 22:38:09.452 10 INFO neutron.plugins.ml2.drivers.ovn.mech_driver.mech_driver [None req-91e74f53-8d12-4ac6-a454-caadeb78ab05 - - - - - -] OVN reports status up for port: cc691bd3-0fef-4829-97e8-b9936a4a8fa6
2026-07-10 22:38:09.455 9 INFO neutron.db.ovn_revision_numbers_db [None req-a40ed705-f4a5-4102-8daf-74ac7219f210 ec6d0fcb497b4e21b69298d65bad6c66 63cd8c3b35e6465c9da29c9fda1bda51 - - default default] Successfully bumped revision number for resource cc691bd3-0fef-4829-97e8-b9936a4a8fa6 (type: router_ports) to 1
2026-07-10 22:38:09.470 10 INFO neutron.plugins.ml2.drivers.ovn.mech_driver.ovsdb.ovsdb_monitor [None req-9a4b69ea-0191-468b-bb73-65a1e3cd00b6 - - - - - -] Router d2650d33-799e-4ad9-b1b1-bb34b56a264b is bound to host instance
2026-07-10 22:38:09.509 10 INFO neutron.plugins.ml2.plugin [None req-91e74f53-8d12-4ac6-a454-caadeb78ab05 - - - - - -] Attempt 1 to provision port cc691bd3-0fef-4829-97e8-b9936a4a8fa6
2026-07-10 22:38:09.525 10 INFO neutron.wsgi [req-620f5d5d-7873-413e-ac37-458b727de6c6 req-be9a22b5-0d22-4b40-831c-19b9d626f57d 22a11f2aee52441a97600a2652ab2395 90ed7444f26242b78cc632af72d440b0 - - a5783d9bcf4442cfab0eeeda87f0a75d a5783d9bcf4442cfab0eeeda87f0a75d] 199.19.213.114 "GET /v2.0/ports?device_id=bc10d3fb-9f6e-464e-b9bb-54aeb9267c3b&fields=binding%3Ahost_id&fields=binding%3Avif_type HTTP/1.1" status: 200 len: 265 time: 0.1038852
2026-07-10 22:38:09.534 9 INFO neutron.db.ovn_revision_numbers_db [None req-a40ed705-f4a5-4102-8daf-74ac7219f210 ec6d0fcb497b4e21b69298d65bad6c66 63cd8c3b35e6465c9da29c9fda1bda51 - - default default] Successfully bumped revision number for resource d2650d33-799e-4ad9-b1b1-bb34b56a264b (type: routers) to 2
2026-07-10 22:38:09.554 9 INFO neutron.wsgi [None req-a40ed705-f4a5-4102-8daf-74ac7219f210 ec6d0fcb497b4e21b69298d65bad6c66 63cd8c3b35e6465c9da29c9fda1bda51 - - default default] 10.0.0.204 "POST /v2.0/routers HTTP/1.1" status: 201 len: 871 time: 1.9540470
2026-07-10 22:38:09.645 10 INFO neutron.wsgi [req-620f5d5d-7873-413e-ac37-458b727de6c6 req-4b294bf2-8167-47be-9316-e3c62c875cdf 22a11f2aee52441a97600a2652ab2395 90ed7444f26242b78cc632af72d440b0 - - a5783d9bcf4442cfab0eeeda87f0a75d a5783d9bcf4442cfab0eeeda87f0a75d] 199.19.213.114 "GET /v2.0/ports?tenant_id=9cfed1cbe5cb4a0f82c1f9e3c906f998&device_id=bc10d3fb-9f6e-464e-b9bb-54aeb9267c3b HTTP/1.1" status: 200 len: 1409 time: 0.0756547
2026-07-10 22:38:09.714 9 INFO neutron.db.ovn_revision_numbers_db [None req-aae72bab-7521-4346-9543-38056a0b9f62 - - - - - -] Successfully bumped revision number for resource 3867b814-d5ba-45c2-bcfa-f6f7480498b2 (type: ports) to 4
2026-07-10 22:38:09.749 10 WARNING neutron.scheduler.dhcp_agent_scheduler [None req-6d02ad8f-242f-4e6b-a835-11a0ef01760a a367fa51ef6b4d6bb72e63f1fddaaa20 3d419c2ae0924ae981744466866b0e54 - - default default] No more DHCP agents
2026-07-10 22:38:09.766 10 WARNING neutron.api.rpc.agentnotifiers.dhcp_rpc_agent_api [None req-6d02ad8f-242f-4e6b-a835-11a0ef01760a a367fa51ef6b4d6bb72e63f1fddaaa20 3d419c2ae0924ae981744466866b0e54 - - default default] Unable to schedule network 3508c2de-7962-4b15-a862-9f521739fa47: no agents available; will retry on subsequent port and subnet creation events.
2026-07-10 22:38:09.842 10 INFO neutron.wsgi [req-620f5d5d-7873-413e-ac37-458b727de6c6 req-91ccc28b-ac24-42ea-ba15-1c750835b859 22a11f2aee52441a97600a2652ab2395 90ed7444f26242b78cc632af72d440b0 - - a5783d9bcf4442cfab0eeeda87f0a75d a5783d9bcf4442cfab0eeeda87f0a75d] 199.19.213.114 "GET /v2.0/networks?id=10892cb7-f890-4d7a-b9b1-9a5a2677e8f5 HTTP/1.1" status: 200 len: 981 time: 0.1616049
2026-07-10 22:38:09.934 10 INFO neutron.wsgi [req-620f5d5d-7873-413e-ac37-458b727de6c6 req-35a800fe-6c1a-4d75-8a1a-8186084a6f1c 22a11f2aee52441a97600a2652ab2395 90ed7444f26242b78cc632af72d440b0 - - a5783d9bcf4442cfab0eeeda87f0a75d a5783d9bcf4442cfab0eeeda87f0a75d] 199.19.213.114 "GET /v2.0/floatingips?fixed_ip_address=10.100.0.8&port_id=1c9b3f87-5516-4061-8fce-e653189d62d5 HTTP/1.1" status: 200 len: 1059 time: 0.0809979
2026-07-10 22:38:09.950 10 INFO neutron.db.ovn_revision_numbers_db [None req-6f5648a7-b656-4ffd-906c-c868cc5483b6 ec6d0fcb497b4e21b69298d65bad6c66 63cd8c3b35e6465c9da29c9fda1bda51 - - default default] Successfully bumped revision number for resource 2ae4aa11-2ba4-4dea-aaf6-d700e11ed69e (type: router_ports) to 1
2026-07-10 22:38:09.971 10 INFO neutron.db.ovn_revision_numbers_db [None req-6d02ad8f-242f-4e6b-a835-11a0ef01760a a367fa51ef6b4d6bb72e63f1fddaaa20 3d419c2ae0924ae981744466866b0e54 - - default default] Successfully bumped revision number for resource 50f89e05-b36c-49a0-95c4-fae20702ca1b (type: ports) to 1
2026-07-10 22:38:10.028 9 INFO neutron.db.ovn_revision_numbers_db [None req-aae72bab-7521-4346-9543-38056a0b9f62 - - - - - -] Successfully bumped revision number for resource 3867b814-d5ba-45c2-bcfa-f6f7480498b2 (type: router_ports) to 4
2026-07-10 22:38:10.062 9 WARNING neutron.scheduler.dhcp_agent_scheduler [None req-072787ca-31c9-4734-9ea4-ae940ecdeae6 ec6d0fcb497b4e21b69298d65bad6c66 63cd8c3b35e6465c9da29c9fda1bda51 - - default default] No more DHCP agents
2026-07-10 22:38:10.069 9 WARNING neutron.api.rpc.agentnotifiers.dhcp_rpc_agent_api [None req-072787ca-31c9-4734-9ea4-ae940ecdeae6 ec6d0fcb497b4e21b69298d65bad6c66 63cd8c3b35e6465c9da29c9fda1bda51 - - default default] Unable to schedule network 74633363-9258-42c4-8933-3c8f29ca52ee: no agents available; will retry on subsequent port and subnet creation events.
2026-07-10 22:38:10.119 9 INFO neutron.plugins.ml2.drivers.ovn.mech_driver.mech_driver [None req-f2c7eec2-11f6-45df-bbd1-57dc96077e51 - - - - - -] OVN reports status up for port: 2ae4aa11-2ba4-4dea-aaf6-d700e11ed69e
2026-07-10 22:38:10.127 9 INFO neutron.plugins.ml2.plugin [None req-f2c7eec2-11f6-45df-bbd1-57dc96077e51 - - - - - -] Attempt 1 to provision port 2ae4aa11-2ba4-4dea-aaf6-d700e11ed69e
2026-07-10 22:38:10.204 10 INFO neutron.wsgi [req-620f5d5d-7873-413e-ac37-458b727de6c6 req-4a490cb8-c794-4352-b853-29538110ff11 22a11f2aee52441a97600a2652ab2395 90ed7444f26242b78cc632af72d440b0 - - a5783d9bcf4442cfab0eeeda87f0a75d a5783d9bcf4442cfab0eeeda87f0a75d] 199.19.213.114 "GET /v2.0/subnets?id=8be6c9b6-58c2-4b81-94b3-09b935c689db HTTP/1.1" status: 200 len: 876 time: 0.2597573
2026-07-10 22:38:10.226 10 INFO neutron.wsgi [None req-6d02ad8f-242f-4e6b-a835-11a0ef01760a a367fa51ef6b4d6bb72e63f1fddaaa20 3d419c2ae0924ae981744466866b0e54 - - default default] 10.0.0.204 "POST /v2.0/networks HTTP/1.1" status: 201 len: 1444 time: 2.3066728
2026-07-10 22:38:10.249 10 INFO neutron.wsgi [req-620f5d5d-7873-413e-ac37-458b727de6c6 req-3a5a02bb-af2e-425f-921a-bede7fa18512 22a11f2aee52441a97600a2652ab2395 90ed7444f26242b78cc632af72d440b0 - - a5783d9bcf4442cfab0eeeda87f0a75d a5783d9bcf4442cfab0eeeda87f0a75d] 199.19.213.114 "GET /v2.0/ports?network_id=10892cb7-f890-4d7a-b9b1-9a5a2677e8f5&device_owner=network%3Adhcp HTTP/1.1" status: 200 len: 210 time: 0.0374215
2026-07-10 22:38:10.411 9 INFO neutron.db.ovn_revision_numbers_db [None req-072787ca-31c9-4734-9ea4-ae940ecdeae6 ec6d0fcb497b4e21b69298d65bad6c66 63cd8c3b35e6465c9da29c9fda1bda51 - - default default] Successfully bumped revision number for resource 52b2506c-3170-4328-911e-b566c48748f6 (type: ports) to 1
2026-07-10 22:38:10.442 10 INFO neutron.wsgi [req-620f5d5d-7873-413e-ac37-458b727de6c6 req-08074465-94d0-4c6c-9c59-a1ac2f777f21 22a11f2aee52441a97600a2652ab2395 90ed7444f26242b78cc632af72d440b0 - - a5783d9bcf4442cfab0eeeda87f0a75d a5783d9bcf4442cfab0eeeda87f0a75d] 199.19.213.114 "GET /v2.0/networks/10892cb7-f890-4d7a-b9b1-9a5a2677e8f5?fields=segments HTTP/1.1" status: 200 len: 212 time: 0.1843691
2026-07-10 22:38:10.448 10 INFO neutron.wsgi [None req-38c3dcfd-f2bc-40e0-8926-62510eda2916 a367fa51ef6b4d6bb72e63f1fddaaa20 3d419c2ae0924ae981744466866b0e54 - - default default] 10.0.0.204 "GET /v2.0/networks HTTP/1.1" status: 200 len: 2050 time: 0.2040484
2026-07-10 22:38:10.551 10 INFO neutron.wsgi [req-620f5d5d-7873-413e-ac37-458b727de6c6 req-8a8d6a7b-3cfb-4202-aa56-447881f668f2 22a11f2aee52441a97600a2652ab2395 90ed7444f26242b78cc632af72d440b0 - - a5783d9bcf4442cfab0eeeda87f0a75d a5783d9bcf4442cfab0eeeda87f0a75d] 199.19.213.114 "GET /v2.0/networks/10892cb7-f890-4d7a-b9b1-9a5a2677e8f5?fields=provider%3Aphysical_network&fields=provider%3Anetwork_type HTTP/1.1" status: 200 len: 277 time: 0.1020572
2026-07-10 22:38:10.561 10 INFO neutron.db.ovn_revision_numbers_db [None req-6f5648a7-b656-4ffd-906c-c868cc5483b6 ec6d0fcb497b4e21b69298d65bad6c66 63cd8c3b35e6465c9da29c9fda1bda51 - - default default] Successfully bumped revision number for resource 2ae4aa11-2ba4-4dea-aaf6-d700e11ed69e (type: ports) to 1
2026-07-10 22:38:10.652 10 WARNING neutron.scheduler.dhcp_agent_scheduler [None req-6f5648a7-b656-4ffd-906c-c868cc5483b6 ec6d0fcb497b4e21b69298d65bad6c66 63cd8c3b35e6465c9da29c9fda1bda51 - - default default] No more DHCP agents
2026-07-10 22:38:10.654 10 WARNING neutron.api.rpc.agentnotifiers.dhcp_rpc_agent_api [None req-6f5648a7-b656-4ffd-906c-c868cc5483b6 ec6d0fcb497b4e21b69298d65bad6c66 63cd8c3b35e6465c9da29c9fda1bda51 - - default default] Unable to schedule network 0d9b157a-a047-4f22-b9d1-51c32eb6725e: no agents available; will retry on subsequent port and subnet creation events.
2026-07-10 22:38:10.732 10 INFO neutron.db.ovn_revision_numbers_db [None req-9a4b69ea-0191-468b-bb73-65a1e3cd00b6 - - - - - -] Successfully bumped revision number for resource cc691bd3-0fef-4829-97e8-b9936a4a8fa6 (type: ports) to 1
2026-07-10 22:38:10.737 9 INFO neutron.db.ovn_revision_numbers_db [None req-f2c7eec2-11f6-45df-bbd1-57dc96077e51 - - - - - -] Successfully bumped revision number for resource 2ae4aa11-2ba4-4dea-aaf6-d700e11ed69e (type: ports) to 2
2026-07-10 22:38:10.941 9 INFO neutron.db.ovn_revision_numbers_db [None req-f2c7eec2-11f6-45df-bbd1-57dc96077e51 - - - - - -] Successfully bumped revision number for resource 2ae4aa11-2ba4-4dea-aaf6-d700e11ed69e (type: router_ports) to 2
2026-07-10 22:38:11.083 9 INFO neutron.services.segments.plugin [-] Segment 932f5ddc-ae0a-4598-bf77-bc981467fd2f resource provider aggregate not found
2026-07-10 22:38:11.089 9 INFO neutron.services.segments.plugin [-] Segment 932f5ddc-ae0a-4598-bf77-bc981467fd2f resource provider aggregate not found
2026-07-10 22:38:11.102 9 INFO neutron.services.segments.plugin [-] Segment 932f5ddc-ae0a-4598-bf77-bc981467fd2f resource provider not found; error: Placement Client Error (4xx): {"errors": [{"status": 404, "title": "Not Found", "detail": "The resource could not be found.\n\n No resource provider with uuid 932f5ddc-ae0a-4598-bf77-bc981467fd2f found for delete ", "request_id": "req-f6bee889-2af0-4cc0-99f5-3be1e803a444"}]}
2026-07-10 22:38:11.123 9 INFO neutron.services.segments.plugin [-] Segment 932f5ddc-ae0a-4598-bf77-bc981467fd2f resource provider not found; error: Placement Client Error (4xx): {"errors": [{"status": 404, "title": "Not Found", "detail": "The resource could not be found.\n\n No resource provider with uuid 932f5ddc-ae0a-4598-bf77-bc981467fd2f found for delete ", "request_id": "req-68e64af8-1519-42e6-8d37-cf2e4a78ca73"}]}
2026-07-10 22:38:11.145 9 INFO neutron.wsgi [None req-cb5806b6-5184-4f19-b575-ba8e739075d4 a367fa51ef6b4d6bb72e63f1fddaaa20 3d419c2ae0924ae981744466866b0e54 - - default default] 10.0.0.204 "DELETE /v2.0/networks/432522f2-e9f3-4269-b205-92f5f1e361e4 HTTP/1.1" status: 204 len: 168 time: 0.6821413
2026-07-10 22:38:11.153 9 INFO neutron.db.ovn_revision_numbers_db [None req-072787ca-31c9-4734-9ea4-ae940ecdeae6 ec6d0fcb497b4e21b69298d65bad6c66 63cd8c3b35e6465c9da29c9fda1bda51 - - default default] Successfully bumped revision number for resource 52b2506c-3170-4328-911e-b566c48748f6 (type: router_ports) to 1
2026-07-10 22:38:11.209 10 INFO neutron.db.ovn_revision_numbers_db [None req-9a4b69ea-0191-468b-bb73-65a1e3cd00b6 - - - - - -] Successfully bumped revision number for resource cc691bd3-0fef-4829-97e8-b9936a4a8fa6 (type: router_ports) to 3
2026-07-10 22:38:11.298 9 INFO neutron.db.ovn_revision_numbers_db [None req-072787ca-31c9-4734-9ea4-ae940ecdeae6 ec6d0fcb497b4e21b69298d65bad6c66 63cd8c3b35e6465c9da29c9fda1bda51 - - default default] Successfully bumped revision number for resource 52b2506c-3170-4328-911e-b566c48748f6 (type: ports) to 1
2026-07-10 22:38:11.355 9 WARNING neutron.scheduler.dhcp_agent_scheduler [None req-072787ca-31c9-4734-9ea4-ae940ecdeae6 ec6d0fcb497b4e21b69298d65bad6c66 63cd8c3b35e6465c9da29c9fda1bda51 - - default default] No more DHCP agents
2026-07-10 22:38:11.356 9 WARNING neutron.api.rpc.agentnotifiers.dhcp_rpc_agent_api [None req-072787ca-31c9-4734-9ea4-ae940ecdeae6 ec6d0fcb497b4e21b69298d65bad6c66 63cd8c3b35e6465c9da29c9fda1bda51 - - default default] Unable to schedule network 74633363-9258-42c4-8933-3c8f29ca52ee: no agents available; will retry on subsequent port and subnet creation events.
2026-07-10 22:38:11.645 10 INFO neutron.db.ovn_revision_numbers_db [None req-9a4b69ea-0191-468b-bb73-65a1e3cd00b6 - - - - - -] Successfully bumped revision number for resource cc691bd3-0fef-4829-97e8-b9936a4a8fa6 (type: ports) to 2
2026-07-10 22:38:11.795 10 INFO neutron.db.ovn_revision_numbers_db [None req-6f5648a7-b656-4ffd-906c-c868cc5483b6 ec6d0fcb497b4e21b69298d65bad6c66 63cd8c3b35e6465c9da29c9fda1bda51 - - default default] Successfully bumped revision number for resource 2ae4aa11-2ba4-4dea-aaf6-d700e11ed69e (type: router_ports) to 2
2026-07-10 22:38:11.798 10 INFO neutron.wsgi [None req-6f5648a7-b656-4ffd-906c-c868cc5483b6 ec6d0fcb497b4e21b69298d65bad6c66 63cd8c3b35e6465c9da29c9fda1bda51 - - default default] 10.0.0.204 "PUT /v2.0/routers/f3d0c5ac-b700-4a29-b2cf-6cb3ab1fd6a4/add_router_interface HTTP/1.1" status: 200 len: 503 time: 3.7502847
2026-07-10 22:38:11.918 10 INFO neutron.services.segments.plugin [-] Segment 51d832ad-69fb-469a-b57d-bb0ef371a93d resource provider aggregate not found
2026-07-10 22:38:11.924 10 INFO neutron.services.segments.plugin [-] Segment 51d832ad-69fb-469a-b57d-bb0ef371a93d resource provider aggregate not found
2026-07-10 22:38:11.942 10 INFO neutron.services.segments.plugin [-] Segment 51d832ad-69fb-469a-b57d-bb0ef371a93d resource provider not found; error: Placement Client Error (4xx): {"errors": [{"status": 404, "title": "Not Found", "detail": "The resource could not be found.\n\n No resource provider with uuid 51d832ad-69fb-469a-b57d-bb0ef371a93d found for delete ", "request_id": "req-9041c631-f7e4-4b1e-a315-643ad3ceaf0a"}]}
2026-07-10 22:38:11.946 10 INFO neutron.services.segments.plugin [-] Segment 51d832ad-69fb-469a-b57d-bb0ef371a93d resource provider not found; error: Placement Client Error (4xx): {"errors": [{"status": 404, "title": "Not Found", "detail": "The resource could not be found.\n\n No resource provider with uuid 51d832ad-69fb-469a-b57d-bb0ef371a93d found for delete ", "request_id": "req-5c32906e-65c5-43f3-81c1-e237a9a077ab"}]}
2026-07-10 22:38:11.975 10 INFO neutron.wsgi [None req-68ee7bb0-e75a-4e57-94bc-d6af5e983fb1 a367fa51ef6b4d6bb72e63f1fddaaa20 3d419c2ae0924ae981744466866b0e54 - - default default] 10.0.0.204 "DELETE /v2.0/networks/3508c2de-7962-4b15-a862-9f521739fa47 HTTP/1.1" status: 204 len: 168 time: 0.8216374
2026-07-10 22:38:12.088 10 INFO neutron.db.ovn_revision_numbers_db [None req-9a4b69ea-0191-468b-bb73-65a1e3cd00b6 - - - - - -] Successfully bumped revision number for resource cc691bd3-0fef-4829-97e8-b9936a4a8fa6 (type: ports) to 4
2026-07-10 22:38:12.338 9 INFO neutron.db.ovn_revision_numbers_db [None req-072787ca-31c9-4734-9ea4-ae940ecdeae6 ec6d0fcb497b4e21b69298d65bad6c66 63cd8c3b35e6465c9da29c9fda1bda51 - - default default] Successfully bumped revision number for resource 52b2506c-3170-4328-911e-b566c48748f6 (type: router_ports) to 1
2026-07-10 22:38:12.339 10 INFO neutron.db.ovn_revision_numbers_db [None req-9a4b69ea-0191-468b-bb73-65a1e3cd00b6 - - - - - -] Successfully bumped revision number for resource cc691bd3-0fef-4829-97e8-b9936a4a8fa6 (type: router_ports) to 4
2026-07-10 22:38:12.340 9 INFO neutron.wsgi [None req-072787ca-31c9-4734-9ea4-ae940ecdeae6 ec6d0fcb497b4e21b69298d65bad6c66 63cd8c3b35e6465c9da29c9fda1bda51 - - default default] 10.0.0.204 "PUT /v2.0/routers/d2650d33-799e-4ad9-b1b1-bb34b56a264b/add_router_interface HTTP/1.1" status: 200 len: 503 time: 2.7771435
2026-07-10 22:38:12.354 9 INFO neutron.wsgi [None req-16d7d9a3-8e98-4b94-a273-2a87843247ab a367fa51ef6b4d6bb72e63f1fddaaa20 3d419c2ae0924ae981744466866b0e54 - - default default] 10.0.0.204 "GET /v2.0/networks HTTP/1.1" status: 200 len: 845 time: 0.3727891
2026-07-10 22:38:12.443 9 INFO neutron.db.segments_db [None req-76a78c10-bbb3-4b4c-8094-6a856e96fe4a a367fa51ef6b4d6bb72e63f1fddaaa20 3d419c2ae0924ae981744466866b0e54 - - default default] Added segment 4a6ce72a-9a8e-4073-88f7-8bedd2fd8073 of type geneve for network 6d2dca9f-ad9e-448e-987d-d2954828f4cf
2026-07-10 22:38:12.446 9 INFO neutron.db.ovn_revision_numbers_db [None req-6c4a2ecd-3f89-4413-92ab-08060c2b4680 3600a31095e24a50941fd9eb843c71ec 88665a6178214f2fbc2c8b40c42d8a59 - - default default] Successfully bumped revision number for resource 2809de46-40a5-44b3-8750-ec5a1dfe802b (type: security_groups) to 1
2026-07-10 22:38:12.467 9 INFO neutron.db.ovn_revision_numbers_db [None req-6c4a2ecd-3f89-4413-92ab-08060c2b4680 3600a31095e24a50941fd9eb843c71ec 88665a6178214f2fbc2c8b40c42d8a59 - - default default] Successfully bumped revision number for resource c114fb70-8d82-49ba-8a6f-fdcca9acc11d (type: security_group_rules) to 0
2026-07-10 22:38:12.495 9 INFO neutron.db.ovn_revision_numbers_db [None req-6c4a2ecd-3f89-4413-92ab-08060c2b4680 3600a31095e24a50941fd9eb843c71ec 88665a6178214f2fbc2c8b40c42d8a59 - - default default] Successfully bumped revision number for resource e805d9a5-f230-45a1-a2de-521cc22963d0 (type: security_group_rules) to 0
2026-07-10 22:38:12.524 9 INFO neutron.wsgi [None req-6c4a2ecd-3f89-4413-92ab-08060c2b4680 3600a31095e24a50941fd9eb843c71ec 88665a6178214f2fbc2c8b40c42d8a59 - - default default] 10.0.0.204 "POST /v2.0/security-groups HTTP/1.1" status: 201 len: 1796 time: 0.2123508
2026-07-10 22:38:12.605 9 INFO neutron.db.ovn_revision_numbers_db [None req-76a78c10-bbb3-4b4c-8094-6a856e96fe4a a367fa51ef6b4d6bb72e63f1fddaaa20 3d419c2ae0924ae981744466866b0e54 - - default default] Successfully bumped revision number for resource 6d2dca9f-ad9e-448e-987d-d2954828f4cf (type: networks) to 1
2026-07-10 22:38:12.606 10 INFO neutron.plugins.ml2.drivers.ovn.mech_driver.mech_driver [None req-91e74f53-8d12-4ac6-a454-caadeb78ab05 - - - - - -] OVN reports status up for port: 52b2506c-3170-4328-911e-b566c48748f6
2026-07-10 22:38:12.613 10 INFO neutron.plugins.ml2.plugin [None req-91e74f53-8d12-4ac6-a454-caadeb78ab05 - - - - - -] Attempt 1 to provision port 52b2506c-3170-4328-911e-b566c48748f6
2026-07-10 22:38:12.728 10 INFO neutron.db.ovn_revision_numbers_db [None req-c43d5a23-3ad3-4044-9a2d-0498100c0a6a 3600a31095e24a50941fd9eb843c71ec 88665a6178214f2fbc2c8b40c42d8a59 - - default default] Successfully bumped revision number for resource f7a39c58-01a5-49cc-b0d5-0f6cc44dae0b (type: security_group_rules) to 0
2026-07-10 22:38:12.780 10 INFO neutron.wsgi [None req-c43d5a23-3ad3-4044-9a2d-0498100c0a6a 3600a31095e24a50941fd9eb843c71ec 88665a6178214f2fbc2c8b40c42d8a59 - - default default] 10.0.0.204 "POST /v2.0/security-group-rules HTTP/1.1" status: 201 len: 764 time: 0.2478561
2026-07-10 22:38:12.878 9 WARNING neutron.scheduler.dhcp_agent_scheduler [None req-76a78c10-bbb3-4b4c-8094-6a856e96fe4a a367fa51ef6b4d6bb72e63f1fddaaa20 3d419c2ae0924ae981744466866b0e54 - - default default] No more DHCP agents
2026-07-10 22:38:12.880 9 WARNING neutron.api.rpc.agentnotifiers.dhcp_rpc_agent_api [None req-76a78c10-bbb3-4b4c-8094-6a856e96fe4a a367fa51ef6b4d6bb72e63f1fddaaa20 3d419c2ae0924ae981744466866b0e54 - - default default] Unable to schedule network 6d2dca9f-ad9e-448e-987d-d2954828f4cf: no agents available; will retry on subsequent port and subnet creation events.
2026-07-10 22:38:12.966 9 INFO neutron.db.ovn_revision_numbers_db [None req-76a78c10-bbb3-4b4c-8094-6a856e96fe4a a367fa51ef6b4d6bb72e63f1fddaaa20 3d419c2ae0924ae981744466866b0e54 - - default default] Successfully bumped revision number for resource c71f2aaa-9fe1-4294-a705-c544f8bf95ce (type: ports) to 1
2026-07-10 22:38:12.973 10 INFO neutron.db.ovn_revision_numbers_db [None req-91e74f53-8d12-4ac6-a454-caadeb78ab05 - - - - - -] Successfully bumped revision number for resource 52b2506c-3170-4328-911e-b566c48748f6 (type: ports) to 2
2026-07-10 22:38:12.974 10 INFO neutron.db.ovn_revision_numbers_db [None req-a8545c88-6226-46ed-9913-80adf8d78495 3600a31095e24a50941fd9eb843c71ec 88665a6178214f2fbc2c8b40c42d8a59 - - default default] Successfully bumped revision number for resource 1ea6bee3-150b-46f8-b3d3-0fc078edabc8 (type: security_group_rules) to 0
2026-07-10 22:38:12.987 9 INFO neutron.wsgi [None req-76a78c10-bbb3-4b4c-8094-6a856e96fe4a a367fa51ef6b4d6bb72e63f1fddaaa20 3d419c2ae0924ae981744466866b0e54 - - default default] 10.0.0.204 "POST /v2.0/networks HTTP/1.1" status: 201 len: 853 time: 0.6251547
2026-07-10 22:38:13.035 10 INFO neutron.wsgi [None req-a8545c88-6226-46ed-9913-80adf8d78495 3600a31095e24a50941fd9eb843c71ec 88665a6178214f2fbc2c8b40c42d8a59 - - default default] 10.0.0.204 "POST /v2.0/security-group-rules HTTP/1.1" status: 201 len: 769 time: 0.2490129
2026-07-10 22:38:13.086 10 INFO neutron.db.ovn_revision_numbers_db [None req-2e640341-deed-44bf-9897-b164ab6ad116 81628c13d3b9440dabacb3f0ac062a80 05bddd31cad946fcb968d4e37fff0bb4 - - default default] Successfully bumped revision number for resource f29334c7-da9d-4be3-91c1-87ce39410c80 (type: security_groups) to 1
2026-07-10 22:38:13.111 10 INFO neutron.db.ovn_revision_numbers_db [None req-2e640341-deed-44bf-9897-b164ab6ad116 81628c13d3b9440dabacb3f0ac062a80 05bddd31cad946fcb968d4e37fff0bb4 - - default default] Successfully bumped revision number for resource 7e8f640e-530e-4153-b2ac-697c95dfbfbc (type: security_group_rules) to 0
2026-07-10 22:38:13.143 10 INFO neutron.db.ovn_revision_numbers_db [None req-2e640341-deed-44bf-9897-b164ab6ad116 81628c13d3b9440dabacb3f0ac062a80 05bddd31cad946fcb968d4e37fff0bb4 - - default default] Successfully bumped revision number for resource f27f5932-89b8-433e-a8e5-68d6ec46266f (type: security_group_rules) to 0
2026-07-10 22:38:13.145 9 INFO neutron.db.segments_db [None req-47aef511-25c0-4ffa-ae48-17a777883b24 a367fa51ef6b4d6bb72e63f1fddaaa20 3d419c2ae0924ae981744466866b0e54 - - default default] Added segment bf1fd114-5235-4182-8051-3c9241f2b43c of type geneve for network c35b442f-22d5-435e-b5f6-4abad4b388da
2026-07-10 22:38:13.160 10 INFO neutron.wsgi [None req-2e640341-deed-44bf-9897-b164ab6ad116 81628c13d3b9440dabacb3f0ac062a80 05bddd31cad946fcb968d4e37fff0bb4 - - default default] 10.0.0.204 "POST /v2.0/security-groups HTTP/1.1" status: 201 len: 1797 time: 0.2946398
2026-07-10 22:38:13.162 10 INFO neutron.db.ovn_revision_numbers_db [None req-91e74f53-8d12-4ac6-a454-caadeb78ab05 - - - - - -] Successfully bumped revision number for resource 52b2506c-3170-4328-911e-b566c48748f6 (type: router_ports) to 2
2026-07-10 22:38:13.316 10 INFO neutron.db.ovn_revision_numbers_db [None req-4a1d31f0-c220-42fc-a011-dbdd56731544 81628c13d3b9440dabacb3f0ac062a80 05bddd31cad946fcb968d4e37fff0bb4 - - default default] Successfully bumped revision number for resource d67593d7-51d7-470b-a14f-6405a09bd7a6 (type: security_group_rules) to 0
2026-07-10 22:38:13.337 10 INFO neutron.wsgi [None req-4a1d31f0-c220-42fc-a011-dbdd56731544 81628c13d3b9440dabacb3f0ac062a80 05bddd31cad946fcb968d4e37fff0bb4 - - default default] 10.0.0.204 "POST /v2.0/security-group-rules HTTP/1.1" status: 201 len: 764 time: 0.1723437
2026-07-10 22:38:13.370 9 INFO neutron.db.ovn_revision_numbers_db [None req-47aef511-25c0-4ffa-ae48-17a777883b24 a367fa51ef6b4d6bb72e63f1fddaaa20 3d419c2ae0924ae981744466866b0e54 - - default default] Successfully bumped revision number for resource c35b442f-22d5-435e-b5f6-4abad4b388da (type: networks) to 1
2026-07-10 22:38:13.441 10 INFO neutron.db.ovn_revision_numbers_db [None req-aa5e4ff1-34f8-4123-8242-ffb6dbdafbac 81628c13d3b9440dabacb3f0ac062a80 05bddd31cad946fcb968d4e37fff0bb4 - - default default] Successfully bumped revision number for resource d70c9ac2-77e9-4445-80f8-d83bb3d9222a (type: security_group_rules) to 0
2026-07-10 22:38:13.466 10 INFO neutron.wsgi [None req-aa5e4ff1-34f8-4123-8242-ffb6dbdafbac 81628c13d3b9440dabacb3f0ac062a80 05bddd31cad946fcb968d4e37fff0bb4 - - default default] 10.0.0.204 "POST /v2.0/security-group-rules HTTP/1.1" status: 201 len: 769 time: 0.1240802
2026-07-10 22:38:13.480 9 INFO neutron.wsgi [req-1c431c71-842a-480e-ab3b-59297cb3f12a req-8b94c1c3-ac85-43c2-8173-c4461cdb94a1 80f6b2c55a3741008981e319e386d543 9cfed1cbe5cb4a0f82c1f9e3c906f998 - - default default] 10.0.0.191 "GET /v2.0/ports?device_id=bc10d3fb-9f6e-464e-b9bb-54aeb9267c3b HTTP/1.1" status: 200 len: 1170 time: 0.1779959
2026-07-10 22:38:13.486 9 WARNING neutron.scheduler.dhcp_agent_scheduler [None req-e4078767-1ba3-41ae-8f4b-365b0b9661e0 3600a31095e24a50941fd9eb843c71ec 88665a6178214f2fbc2c8b40c42d8a59 - - default default] No more DHCP agents
2026-07-10 22:38:13.494 9 WARNING neutron.api.rpc.agentnotifiers.dhcp_rpc_agent_api [None req-e4078767-1ba3-41ae-8f4b-365b0b9661e0 3600a31095e24a50941fd9eb843c71ec 88665a6178214f2fbc2c8b40c42d8a59 - - default default] Unable to schedule network f2721e15-9c67-45ca-ae93-4aefd8d44e65: no agents available; will retry on subsequent port and subnet creation events.
2026-07-10 22:38:13.584 9 INFO neutron.wsgi [req-8b0a3f78-27b3-4b64-8d37-4f5cb5507705 req-98f60d1b-f77a-433f-825c-75ca597de14d 80f6b2c55a3741008981e319e386d543 9cfed1cbe5cb4a0f82c1f9e3c906f998 - - default default] 10.0.0.191 "GET /v2.0/ports/1c9b3f87-5516-4061-8fce-e653189d62d5 HTTP/1.1" status: 200 len: 1167 time: 0.0381098
2026-07-10 22:38:13.619 9 WARNING neutron.scheduler.dhcp_agent_scheduler [None req-47aef511-25c0-4ffa-ae48-17a777883b24 a367fa51ef6b4d6bb72e63f1fddaaa20 3d419c2ae0924ae981744466866b0e54 - - default default] No more DHCP agents
2026-07-10 22:38:13.622 9 WARNING neutron.api.rpc.agentnotifiers.dhcp_rpc_agent_api [None req-47aef511-25c0-4ffa-ae48-17a777883b24 a367fa51ef6b4d6bb72e63f1fddaaa20 3d419c2ae0924ae981744466866b0e54 - - default default] Unable to schedule network c35b442f-22d5-435e-b5f6-4abad4b388da: no agents available; will retry on subsequent port and subnet creation events.
2026-07-10 22:38:13.718 10 WARNING neutron.scheduler.dhcp_agent_scheduler [None req-777ece3c-66f6-40e0-9d42-995e24d2b109 81628c13d3b9440dabacb3f0ac062a80 05bddd31cad946fcb968d4e37fff0bb4 - - default default] No more DHCP agents
2026-07-10 22:38:13.720 10 WARNING neutron.api.rpc.agentnotifiers.dhcp_rpc_agent_api [None req-777ece3c-66f6-40e0-9d42-995e24d2b109 81628c13d3b9440dabacb3f0ac062a80 05bddd31cad946fcb968d4e37fff0bb4 - - default default] Unable to schedule network f2721e15-9c67-45ca-ae93-4aefd8d44e65: no agents available; will retry on subsequent port and subnet creation events.
2026-07-10 22:38:13.741 9 INFO neutron.wsgi [-] 10.0.0.184 "GET / HTTP/1.1" status: 200 len: 246 time: 0.0013742
2026-07-10 22:38:13.745 10 INFO neutron.wsgi [-] 10.0.0.184 "GET / HTTP/1.1" status: 200 len: 246 time: 0.0047393
2026-07-10 22:38:13.750 9 INFO neutron.db.ovn_revision_numbers_db [None req-47aef511-25c0-4ffa-ae48-17a777883b24 a367fa51ef6b4d6bb72e63f1fddaaa20 3d419c2ae0924ae981744466866b0e54 - - default default] Successfully bumped revision number for resource 55b46b98-b9fa-4fa9-93b1-973b55bfbf16 (type: ports) to 1
2026-07-10 22:38:13.791 9 INFO neutron.wsgi [None req-47aef511-25c0-4ffa-ae48-17a777883b24 a367fa51ef6b4d6bb72e63f1fddaaa20 3d419c2ae0924ae981744466866b0e54 - - default default] 10.0.0.204 "POST /v2.0/networks HTTP/1.1" status: 201 len: 853 time: 0.7870071
2026-07-10 22:38:13.827 10 INFO neutron.wsgi [req-6768f183-4666-4152-ae94-2fd5b091da1a req-4ba3c55f-9999-4798-93bf-982c9b0193eb 80f6b2c55a3741008981e319e386d543 9cfed1cbe5cb4a0f82c1f9e3c906f998 - - default default] 199.19.213.114 "GET /v2.0/subnets?network_id=10892cb7-f890-4d7a-b9b1-9a5a2677e8f5 HTTP/1.1" status: 200 len: 858 time: 0.0533500
2026-07-10 22:38:13.965 10 INFO neutron.wsgi [req-6768f183-4666-4152-ae94-2fd5b091da1a req-cbd0c4e8-bb23-4870-9afc-a2e9451a6113 80f6b2c55a3741008981e319e386d543 9cfed1cbe5cb4a0f82c1f9e3c906f998 - - default default] 199.19.213.114 "GET /v2.0/ports?device_id=bc10d3fb-9f6e-464e-b9bb-54aeb9267c3b&device_owner=compute%3Anova&network_id=10892cb7-f890-4d7a-b9b1-9a5a2677e8f5 HTTP/1.1" status: 200 len: 1170 time: 0.1318681
2026-07-10 22:38:13.983 9 INFO neutron.db.ovn_revision_numbers_db [None req-e4078767-1ba3-41ae-8f4b-365b0b9661e0 3600a31095e24a50941fd9eb843c71ec 88665a6178214f2fbc2c8b40c42d8a59 - - default default] Successfully bumped revision number for resource 20e0d7ec-e143-4125-b563-f28cc43fdec4 (type: floatingips) to 0
2026-07-10 22:38:14.017 9 INFO neutron.wsgi [None req-e4078767-1ba3-41ae-8f4b-365b0b9661e0 3600a31095e24a50941fd9eb843c71ec 88665a6178214f2fbc2c8b40c42d8a59 - - default default] 10.0.0.204 "POST /v2.0/floatingips HTTP/1.1" status: 201 len: 751 time: 0.9719727
2026-07-10 22:38:14.198 10 INFO neutron.db.ovn_revision_numbers_db [None req-777ece3c-66f6-40e0-9d42-995e24d2b109 81628c13d3b9440dabacb3f0ac062a80 05bddd31cad946fcb968d4e37fff0bb4 - - default default] Successfully bumped revision number for resource 9489db51-fcba-4712-8e43-872821d80396 (type: floatingips) to 0
2026-07-10 22:38:14.229 10 INFO neutron.wsgi [None req-777ece3c-66f6-40e0-9d42-995e24d2b109 81628c13d3b9440dabacb3f0ac062a80 05bddd31cad946fcb968d4e37fff0bb4 - - default default] 10.0.0.204 "POST /v2.0/floatingips HTTP/1.1" status: 201 len: 751 time: 0.7575481
2026-07-10 22:38:14.346 9 WARNING neutron.scheduler.dhcp_agent_scheduler [None req-4cd03089-740d-4beb-a4f6-ba7a1cd4d378 a367fa51ef6b4d6bb72e63f1fddaaa20 3d419c2ae0924ae981744466866b0e54 - - default default] No more DHCP agents
2026-07-10 22:38:14.349 9 WARNING neutron.api.rpc.agentnotifiers.dhcp_rpc_agent_api [None req-4cd03089-740d-4beb-a4f6-ba7a1cd4d378 a367fa51ef6b4d6bb72e63f1fddaaa20 3d419c2ae0924ae981744466866b0e54 - - default default] Unable to schedule network 6d2dca9f-ad9e-448e-987d-d2954828f4cf: no agents available; will retry on subsequent port and subnet creation events. /var/lib/openstack/lib/python3.10/site-packages/pycadf/identifier.py:71: UserWarning: Invalid uuid: neutron. To ensure interoperability, identifiers should be a valid uuid. warnings.warn(('Invalid uuid: %s. To ensure interoperability, '
2026-07-10 22:38:14.428 9 INFO neutron.db.ovn_revision_numbers_db [None req-4cd03089-740d-4beb-a4f6-ba7a1cd4d378 a367fa51ef6b4d6bb72e63f1fddaaa20 3d419c2ae0924ae981744466866b0e54 - - default default] Successfully bumped revision number for resource ddb905c4-a4d9-41c7-8f5c-3f17f493f9bc (type: ports) to 1
2026-07-10 22:38:14.468 9 WARNING neutron.scheduler.dhcp_agent_scheduler [None req-4cd03089-740d-4beb-a4f6-ba7a1cd4d378 a367fa51ef6b4d6bb72e63f1fddaaa20 3d419c2ae0924ae981744466866b0e54 - - default default] No more DHCP agents
2026-07-10 22:38:14.471 9 WARNING neutron.api.rpc.agentnotifiers.dhcp_rpc_agent_api [None req-4cd03089-740d-4beb-a4f6-ba7a1cd4d378 a367fa51ef6b4d6bb72e63f1fddaaa20 3d419c2ae0924ae981744466866b0e54 - - default default] Unable to schedule network c35b442f-22d5-435e-b5f6-4abad4b388da: no agents available; will retry on subsequent port and subnet creation events.
2026-07-10 22:38:14.476 9 INFO neutron.wsgi [req-46ed527f-2094-46cb-8221-26fdf1410da0 req-f24a013b-f862-4ded-96bc-1d081848140f 3600a31095e24a50941fd9eb843c71ec 88665a6178214f2fbc2c8b40c42d8a59 - - default default] 10.0.0.191 "GET /v2.0/security-groups?name=tempest-securitygroup--491334678&fields=id&tenant_id=88665a6178214f2fbc2c8b40c42d8a59 HTTP/1.1" status: 200 len: 267 time: 0.0544562 /var/lib/openstack/lib/python3.10/site-packages/pycadf/identifier.py:71: UserWarning: Invalid uuid: neutron. To ensure interoperability, identifiers should be a valid uuid. warnings.warn(('Invalid uuid: %s. To ensure interoperability, '
2026-07-10 22:38:14.489 10 INFO neutron.db.ovn_revision_numbers_db [req-6768f183-4666-4152-ae94-2fd5b091da1a req-3372233d-d0d5-46d7-aa22-b5f1f2bcb3f4 80f6b2c55a3741008981e319e386d543 9cfed1cbe5cb4a0f82c1f9e3c906f998 - - default default] Successfully bumped revision number for resource 1c9b3f87-5516-4061-8fce-e653189d62d5 (type: ports) to 5
2026-07-10 22:38:14.498 10 INFO neutron.wsgi [req-6768f183-4666-4152-ae94-2fd5b091da1a req-3372233d-d0d5-46d7-aa22-b5f1f2bcb3f4 80f6b2c55a3741008981e319e386d543 9cfed1cbe5cb4a0f82c1f9e3c906f998 - - default default] 199.19.213.114 "PUT /v2.0/ports/1c9b3f87-5516-4061-8fce-e653189d62d5 HTTP/1.1" status: 200 len: 1345 time: 0.5260115 /var/lib/openstack/lib/python3.10/site-packages/pycadf/identifier.py:71: UserWarning: Invalid uuid: neutron. To ensure interoperability, identifiers should be a valid uuid. warnings.warn(('Invalid uuid: %s. To ensure interoperability, '
2026-07-10 22:38:14.530 10 INFO neutron.notifiers.nova [-] Nova event matching ['req-27f1104b-40d6-4300-8cf6-d61844a1d4ca'] response: {'name': 'network-changed', 'server_uuid': 'bc10d3fb-9f6e-464e-b9bb-54aeb9267c3b', 'tag': '1c9b3f87-5516-4061-8fce-e653189d62d5', 'status': 'completed', 'code': 200}
2026-07-10 22:38:14.554 10 INFO neutron.wsgi [req-6768f183-4666-4152-ae94-2fd5b091da1a req-cbac4a0a-1d52-4f53-8fb6-f1a3c2beaa3c 22a11f2aee52441a97600a2652ab2395 90ed7444f26242b78cc632af72d440b0 - - a5783d9bcf4442cfab0eeeda87f0a75d a5783d9bcf4442cfab0eeeda87f0a75d] 199.19.213.114 "GET /v2.0/ports?tenant_id=9cfed1cbe5cb4a0f82c1f9e3c906f998&device_id=bc10d3fb-9f6e-464e-b9bb-54aeb9267c3b HTTP/1.1" status: 200 len: 1586 time: 0.0317483
2026-07-10 22:38:14.627 10 INFO neutron.wsgi [req-6768f183-4666-4152-ae94-2fd5b091da1a req-2db47a47-5782-41e0-86e1-47c62dc739b8 22a11f2aee52441a97600a2652ab2395 90ed7444f26242b78cc632af72d440b0 - - a5783d9bcf4442cfab0eeeda87f0a75d a5783d9bcf4442cfab0eeeda87f0a75d] 199.19.213.114 "GET /v2.0/networks?id=10892cb7-f890-4d7a-b9b1-9a5a2677e8f5 HTTP/1.1" status: 200 len: 981 time: 0.0590229
2026-07-10 22:38:14.661 10 INFO neutron.wsgi [req-6768f183-4666-4152-ae94-2fd5b091da1a req-c2bb24c9-8430-4f04-a319-355ce9c36e0c 22a11f2aee52441a97600a2652ab2395 90ed7444f26242b78cc632af72d440b0 - - a5783d9bcf4442cfab0eeeda87f0a75d a5783d9bcf4442cfab0eeeda87f0a75d] 199.19.213.114 "GET /v2.0/floatingips?fixed_ip_address=10.100.0.5&port_id=1c9b3f87-5516-4061-8fce-e653189d62d5 HTTP/1.1" status: 200 len: 217 time: 0.0269172
2026-07-10 22:38:14.723 10 INFO neutron.wsgi [req-6768f183-4666-4152-ae94-2fd5b091da1a req-78ce6656-722d-4702-9abf-95f023c1f5cd 22a11f2aee52441a97600a2652ab2395 90ed7444f26242b78cc632af72d440b0 - - a5783d9bcf4442cfab0eeeda87f0a75d a5783d9bcf4442cfab0eeeda87f0a75d] 199.19.213.114 "GET /v2.0/floatingips?fixed_ip_address=10.100.0.8&port_id=1c9b3f87-5516-4061-8fce-e653189d62d5 HTTP/1.1" status: 200 len: 1059 time: 0.0504673
2026-07-10 22:38:14.743 9 INFO neutron.wsgi [req-46ed527f-2094-46cb-8221-26fdf1410da0 req-a1db7cfb-c494-427d-a986-2a66bebf7f87 3600a31095e24a50941fd9eb843c71ec 88665a6178214f2fbc2c8b40c42d8a59 - - default default] 10.0.0.191 "GET /v2.0/networks?id=0d9b157a-a047-4f22-b9d1-51c32eb6725e HTTP/1.1" status: 200 len: 874 time: 0.2612367
2026-07-10 22:38:14.746 9 INFO neutron.wsgi [req-9882d244-cf4e-4737-a7d0-322e69a811b9 req-9d84e4a7-fe2f-4276-ba0a-63771bf2d1c8 81628c13d3b9440dabacb3f0ac062a80 05bddd31cad946fcb968d4e37fff0bb4 - - default default] 10.0.0.191 "GET /v2.0/security-groups?name=tempest-securitygroup--1717488979&fields=id&tenant_id=05bddd31cad946fcb968d4e37fff0bb4 HTTP/1.1" status: 200 len: 267 time: 0.0711119
2026-07-10 22:38:14.770 10 INFO neutron.wsgi [req-6768f183-4666-4152-ae94-2fd5b091da1a req-2b482c7b-cc2b-42cc-b15c-43b1b04a2362 22a11f2aee52441a97600a2652ab2395 90ed7444f26242b78cc632af72d440b0 - - a5783d9bcf4442cfab0eeeda87f0a75d a5783d9bcf4442cfab0eeeda87f0a75d] 199.19.213.114 "GET /v2.0/subnets?id=8be6c9b6-58c2-4b81-94b3-09b935c689db HTTP/1.1" status: 200 len: 876 time: 0.0413237
2026-07-10 22:38:14.784 9 INFO neutron.wsgi [req-46ed527f-2094-46cb-8221-26fdf1410da0 req-ef82e7e8-d2cb-4350-a6be-1549a26ba58c 3600a31095e24a50941fd9eb843c71ec 88665a6178214f2fbc2c8b40c42d8a59 - - default default] 10.0.0.191 "GET /v2.0/quotas/88665a6178214f2fbc2c8b40c42d8a59 HTTP/1.1" status: 200 len: 386 time: 0.0277956
2026-07-10 22:38:14.788 9 INFO neutron.db.ovn_revision_numbers_db [None req-4cd03089-740d-4beb-a4f6-ba7a1cd4d378 a367fa51ef6b4d6bb72e63f1fddaaa20 3d419c2ae0924ae981744466866b0e54 - - default default] Successfully bumped revision number for resource d35803e1-dcba-4666-b8dc-540a14f2960e (type: ports) to 1
2026-07-10 22:38:14.799 10 INFO neutron.wsgi [req-6768f183-4666-4152-ae94-2fd5b091da1a req-76cfc344-e109-4c62-bec6-0510f3998222 22a11f2aee52441a97600a2652ab2395 90ed7444f26242b78cc632af72d440b0 - - a5783d9bcf4442cfab0eeeda87f0a75d a5783d9bcf4442cfab0eeeda87f0a75d] 199.19.213.114 "GET /v2.0/ports?network_id=10892cb7-f890-4d7a-b9b1-9a5a2677e8f5&device_owner=network%3Adhcp HTTP/1.1" status: 200 len: 210 time: 0.0192864
2026-07-10 22:38:14.842 9 INFO neutron.wsgi [None req-4cd03089-740d-4beb-a4f6-ba7a1cd4d378 a367fa51ef6b4d6bb72e63f1fddaaa20 3d419c2ae0924ae981744466866b0e54 - - default default] 10.0.0.204 "POST /v2.0/ports HTTP/1.1" status: 201 len: 1706 time: 1.0471399
2026-07-10 22:38:14.882 9 INFO neutron.wsgi [req-9882d244-cf4e-4737-a7d0-322e69a811b9 req-281bff71-9037-48ab-a169-d5d9f83b2a00 81628c13d3b9440dabacb3f0ac062a80 05bddd31cad946fcb968d4e37fff0bb4 - - default default] 10.0.0.191 "GET /v2.0/networks?id=74633363-9258-42c4-8933-3c8f29ca52ee HTTP/1.1" status: 200 len: 869 time: 0.1253350
2026-07-10 22:38:14.895 10 INFO neutron.wsgi [req-6768f183-4666-4152-ae94-2fd5b091da1a req-005f8af3-1134-4c18-a9b6-ffe38ad8ebae 22a11f2aee52441a97600a2652ab2395 90ed7444f26242b78cc632af72d440b0 - - a5783d9bcf4442cfab0eeeda87f0a75d a5783d9bcf4442cfab0eeeda87f0a75d] 199.19.213.114 "GET /v2.0/networks/10892cb7-f890-4d7a-b9b1-9a5a2677e8f5?fields=segments HTTP/1.1" status: 200 len: 212 time: 0.0881901
2026-07-10 22:38:14.903 9 INFO neutron.wsgi [req-9882d244-cf4e-4737-a7d0-322e69a811b9 req-5632e53b-b5a7-4c89-a8d3-a6d94a8046bb 81628c13d3b9440dabacb3f0ac062a80 05bddd31cad946fcb968d4e37fff0bb4 - - default default] 10.0.0.191 "GET /v2.0/quotas/05bddd31cad946fcb968d4e37fff0bb4 HTTP/1.1" status: 200 len: 386 time: 0.0126901
2026-07-10 22:38:14.911 9 INFO neutron.wsgi [req-46ed527f-2094-46cb-8221-26fdf1410da0 req-77f49271-f7ba-43d3-99f1-348f43007f2f 3600a31095e24a50941fd9eb843c71ec 88665a6178214f2fbc2c8b40c42d8a59 - - default default] 10.0.0.191 "GET /v2.0/ports?tenant_id=88665a6178214f2fbc2c8b40c42d8a59&fields=id HTTP/1.1" status: 200 len: 302 time: 0.1157792
2026-07-10 22:38:14.987 10 INFO neutron.wsgi [req-6768f183-4666-4152-ae94-2fd5b091da1a req-9e738278-a6d5-4802-a3ab-901b10f02191 22a11f2aee52441a97600a2652ab2395 90ed7444f26242b78cc632af72d440b0 - - a5783d9bcf4442cfab0eeeda87f0a75d a5783d9bcf4442cfab0eeeda87f0a75d] 199.19.213.114 "GET /v2.0/networks/10892cb7-f890-4d7a-b9b1-9a5a2677e8f5?fields=provider%3Aphysical_network&fields=provider%3Anetwork_type HTTP/1.1" status: 200 len: 277 time: 0.0845795
2026-07-10 22:38:14.999 9 INFO neutron.wsgi [req-9882d244-cf4e-4737-a7d0-322e69a811b9 req-828e4f01-2816-48f8-bca9-c82bb4f7253f 81628c13d3b9440dabacb3f0ac062a80 05bddd31cad946fcb968d4e37fff0bb4 - - default default] 10.0.0.191 "GET /v2.0/ports?tenant_id=05bddd31cad946fcb968d4e37fff0bb4&fields=id HTTP/1.1" status: 200 len: 302 time: 0.0882592
2026-07-10 22:38:15.000 10 INFO neutron.wsgi [None req-81624da8-2d87-44de-87b0-5fb7d7604fd4 a367fa51ef6b4d6bb72e63f1fddaaa20 3d419c2ae0924ae981744466866b0e54 - - default default] 10.0.0.204 "GET /v2.0/ports HTTP/1.1" status: 200 len: 3213 time: 0.1521907
2026-07-10 22:38:15.080 10 INFO neutron.wsgi [req-feda28d5-1995-4c56-b683-27874743ce7c req-7df95dab-b40a-4e36-a09d-26fccbaba3b1 22a11f2aee52441a97600a2652ab2395 90ed7444f26242b78cc632af72d440b0 - - a5783d9bcf4442cfab0eeeda87f0a75d a5783d9bcf4442cfab0eeeda87f0a75d] 199.19.213.114 "GET /v2.0/ports?tenant_id=9cfed1cbe5cb4a0f82c1f9e3c906f998&device_id=bc10d3fb-9f6e-464e-b9bb-54aeb9267c3b HTTP/1.1" status: 200 len: 1586 time: 0.0454869
2026-07-10 22:38:15.094 9 INFO neutron.wsgi [req-9882d244-cf4e-4737-a7d0-322e69a811b9 req-8816f584-9602-462d-a161-14fa062dd682 22a11f2aee52441a97600a2652ab2395 90ed7444f26242b78cc632af72d440b0 - - a5783d9bcf4442cfab0eeeda87f0a75d a5783d9bcf4442cfab0eeeda87f0a75d] 10.0.0.191 "GET /v2.0/networks/74633363-9258-42c4-8933-3c8f29ca52ee?fields=segments HTTP/1.1" status: 200 len: 212 time: 0.0811763
