2026-07-10 22:41:53.194 9 INFO neutron.services.segments.plugin [-] Segment 710b6564-dd29-459f-806d-0876cb7f3238 resource provider aggregate not found
2026-07-10 22:41:53.199 9 INFO neutron.services.segments.plugin [-] Segment 710b6564-dd29-459f-806d-0876cb7f3238 resource provider aggregate not found
2026-07-10 22:41:53.219 9 INFO neutron.services.segments.plugin [-] Segment 710b6564-dd29-459f-806d-0876cb7f3238 resource provider not found; error: Placement Client Error (4xx): {"errors": [{"status": 404, "title": "Not Found", "detail": "The resource could not be found.\n\n No resource provider with uuid 710b6564-dd29-459f-806d-0876cb7f3238 found for delete ", "request_id": "req-23f63951-8c07-4f68-997f-2dc2b7d5d5f7"}]}
2026-07-10 22:41:53.220 9 INFO neutron.services.segments.plugin [-] Segment 710b6564-dd29-459f-806d-0876cb7f3238 resource provider not found; error: Placement Client Error (4xx): {"errors": [{"status": 404, "title": "Not Found", "detail": "The resource could not be found.\n\n No resource provider with uuid 710b6564-dd29-459f-806d-0876cb7f3238 found for delete ", "request_id": "req-14f65679-5822-476d-b3ae-69ef48b0c2fe"}]}
2026-07-10 22:41:53.236 9 INFO neutron.wsgi [None req-d9c61998-a8b5-4ad8-be86-e7062f929ba9 bee973b966514c7a994351dee60c4df7 a59cb25ef7374f2fa1f28db5eac32f4c - - default default] 10.0.0.204 "DELETE /v2.0/networks/c9bc0fc8-5479-4061-813b-9a62d6157b85 HTTP/1.1" status: 204 len: 168 time: 0.4047897
2026-07-10 22:41:53.601 10 INFO neutron.services.segments.plugin [-] Segment fc2f2e40-a614-4c78-84bf-00363d8e39ee resource provider aggregate not found
2026-07-10 22:41:53.606 10 INFO neutron.services.segments.plugin [-] Segment fc2f2e40-a614-4c78-84bf-00363d8e39ee resource provider aggregate not found
2026-07-10 22:41:53.624 10 INFO neutron.services.segments.plugin [-] Segment fc2f2e40-a614-4c78-84bf-00363d8e39ee resource provider not found; error: Placement Client Error (4xx): {"errors": [{"status": 404, "title": "Not Found", "detail": "The resource could not be found.\n\n No resource provider with uuid fc2f2e40-a614-4c78-84bf-00363d8e39ee found for delete ", "request_id": "req-69044a4f-dcd4-473e-95b7-e8c7bc168c06"}]}
2026-07-10 22:41:53.625 10 INFO neutron.services.segments.plugin [-] Segment fc2f2e40-a614-4c78-84bf-00363d8e39ee resource provider not found; error: Placement Client Error (4xx): {"errors": [{"status": 404, "title": "Not Found", "detail": "The resource could not be found.\n\n No resource provider with uuid fc2f2e40-a614-4c78-84bf-00363d8e39ee found for delete ", "request_id": "req-8949f33d-0266-4714-b3e7-a3edc99102bd"}]}
2026-07-10 22:41:53.650 10 INFO neutron.wsgi [None req-2936b34b-420e-4773-abcb-7af4630d50b4 bee973b966514c7a994351dee60c4df7 a59cb25ef7374f2fa1f28db5eac32f4c - - default default] 10.0.0.204 "DELETE /v2.0/networks/9dcdc72e-1ab9-4db1-9508-e4bc25eac515 HTTP/1.1" status: 204 len: 168 time: 0.4087713
2026-07-10 22:41:54.430 9 INFO neutron.wsgi [None req-b7c15810-2912-496a-b422-d6baf7a59e19 ec6d0fcb497b4e21b69298d65bad6c66 63cd8c3b35e6465c9da29c9fda1bda51 - - default default] 10.0.0.204 "GET /v2.0/security-groups?tenant_id=a59cb25ef7374f2fa1f28db5eac32f4c&name=default HTTP/1.1" status: 200 len: 3000 time: 0.1944149
2026-07-10 22:41:54.626 9 INFO neutron.wsgi [None req-1470cc87-5189-4d67-b9cb-79881047bfc0 ec6d0fcb497b4e21b69298d65bad6c66 63cd8c3b35e6465c9da29c9fda1bda51 - - default default] 10.0.0.204 "DELETE /v2.0/security-groups/1444260f-a4a5-4490-91ce-cf820b9fc73b HTTP/1.1" status: 204 len: 168 time: 0.1922610
2026-07-10 22:41:54.819 10 INFO neutron.db.ovn_revision_numbers_db [None req-9e0edf2c-14d7-42e9-b29c-9122b67a9af0 ec6d0fcb497b4e21b69298d65bad6c66 63cd8c3b35e6465c9da29c9fda1bda51 - - default default] Successfully bumped revision number for resource 5bf8e242-fd29-4ed2-8fd9-ee2e4d78bd03 (type: security_groups) to 1
2026-07-10 22:41:54.834 10 INFO neutron.db.ovn_revision_numbers_db [None req-9e0edf2c-14d7-42e9-b29c-9122b67a9af0 ec6d0fcb497b4e21b69298d65bad6c66 63cd8c3b35e6465c9da29c9fda1bda51 - - default default] Successfully bumped revision number for resource 540fda8b-ba34-4a1d-9c09-a90a8309bdf7 (type: security_group_rules) to 0
2026-07-10 22:41:54.848 10 INFO neutron.db.ovn_revision_numbers_db [None req-9e0edf2c-14d7-42e9-b29c-9122b67a9af0 ec6d0fcb497b4e21b69298d65bad6c66 63cd8c3b35e6465c9da29c9fda1bda51 - - default default] Successfully bumped revision number for resource 800c6d3c-a0e2-4318-85ab-4bb26ca49c44 (type: security_group_rules) to 0
2026-07-10 22:41:54.860 10 INFO neutron.db.ovn_revision_numbers_db [None req-9e0edf2c-14d7-42e9-b29c-9122b67a9af0 ec6d0fcb497b4e21b69298d65bad6c66 63cd8c3b35e6465c9da29c9fda1bda51 - - default default] Successfully bumped revision number for resource be255daf-33f3-49a7-baac-53ae8e46f1a8 (type: security_group_rules) to 0
2026-07-10 22:41:54.874 10 INFO neutron.db.ovn_revision_numbers_db [None req-9e0edf2c-14d7-42e9-b29c-9122b67a9af0 ec6d0fcb497b4e21b69298d65bad6c66 63cd8c3b35e6465c9da29c9fda1bda51 - - default default] Successfully bumped revision number for resource e66f74a3-f86f-46f0-ad09-a88916994897 (type: security_group_rules) to 0
2026-07-10 22:41:54.897 10 INFO neutron.wsgi [None req-9e0edf2c-14d7-42e9-b29c-9122b67a9af0 ec6d0fcb497b4e21b69298d65bad6c66 63cd8c3b35e6465c9da29c9fda1bda51 - - default default] 10.0.0.204 "GET /v2.0/security-groups?tenant_id=ab7e5bdef1ea4484947196b71482c7b7&name=default HTTP/1.1" status: 200 len: 3000 time: 0.1863918
2026-07-10 22:41:55.064 10 INFO neutron.wsgi [None req-d22011cc-bf47-47c2-b4a7-691e2d58711f ec6d0fcb497b4e21b69298d65bad6c66 63cd8c3b35e6465c9da29c9fda1bda51 - - default default] 10.0.0.204 "DELETE /v2.0/security-groups/5bf8e242-fd29-4ed2-8fd9-ee2e4d78bd03 HTTP/1.1" status: 204 len: 168 time: 0.1627347
2026-07-10 22:41:55.744 9 INFO neutron.wsgi [None req-325e2c06-a158-49b3-91c9-0cb397dce946 9c9a15fde8dd468991f968f1fc8aa15c a479dbf4390043209018b6a07a1b7fc2 - - default default] 10.0.0.204 "POST /v2.0/qos/policies HTTP/1.1" status: 201 len: 558 time: 0.1389592
2026-07-10 22:41:55.772 10 INFO neutron.wsgi [None req-e6e1acf1-bf7e-4393-a4d0-62a6daedf817 9c9a15fde8dd468991f968f1fc8aa15c a479dbf4390043209018b6a07a1b7fc2 - - default default] 10.0.0.204 "PUT /v2.0/policies/cceaf52d-d549-4e71-a0a5-a21cc9ff2185/tags HTTP/1.1" status: 200 len: 218 time: 0.0217500
2026-07-10 22:41:55.789 9 INFO neutron.wsgi [None req-70a63cd9-aec6-4dd3-90ec-9228a5438be8 9c9a15fde8dd468991f968f1fc8aa15c a479dbf4390043209018b6a07a1b7fc2 - - default default] 10.0.0.204 "GET /v2.0/policies/cceaf52d-d549-4e71-a0a5-a21cc9ff2185/tags HTTP/1.1" status: 200 len: 218 time: 0.0128708
2026-07-10 22:41:55.815 10 INFO neutron.wsgi [None req-78e64e28-4864-49fc-95a2-08776cfed2b1 9c9a15fde8dd468991f968f1fc8aa15c a479dbf4390043209018b6a07a1b7fc2 - - default default] 10.0.0.204 "PUT /v2.0/policies/cceaf52d-d549-4e71-a0a5-a21cc9ff2185/tags/green HTTP/1.1" status: 201 len: 201 time: 0.0220056
2026-07-10 22:41:55.832 9 INFO neutron.wsgi [None req-a7c1d90c-1b8d-49c7-96c3-c8fc5925e3bd 9c9a15fde8dd468991f968f1fc8aa15c a479dbf4390043209018b6a07a1b7fc2 - - default default] 10.0.0.204 "GET /v2.0/policies/cceaf52d-d549-4e71-a0a5-a21cc9ff2185/tags HTTP/1.1" status: 200 len: 227 time: 0.0128949
2026-07-10 22:41:55.849 10 INFO neutron.wsgi [None req-ae190ea9-5c0a-4765-8132-42e2a835386a 9c9a15fde8dd468991f968f1fc8aa15c a479dbf4390043209018b6a07a1b7fc2 - - default default] 10.0.0.204 "PUT /v2.0/policies/cceaf52d-d549-4e71-a0a5-a21cc9ff2185/tags/red HTTP/1.1" status: 201 len: 201 time: 0.0138915
2026-07-10 22:41:55.864 9 INFO neutron.wsgi [None req-4d2fd838-e87b-4ea1-a57f-bdcf70069a40 9c9a15fde8dd468991f968f1fc8aa15c a479dbf4390043209018b6a07a1b7fc2 - - default default] 10.0.0.204 "GET /v2.0/policies/cceaf52d-d549-4e71-a0a5-a21cc9ff2185/tags HTTP/1.1" status: 200 len: 227 time: 0.0111647
2026-07-10 22:41:55.891 10 INFO neutron.wsgi [None req-128c3a38-2d4e-4d2d-8d22-53e02397eb16 9c9a15fde8dd468991f968f1fc8aa15c a479dbf4390043209018b6a07a1b7fc2 - - default default] 10.0.0.204 "PUT /v2.0/policies/cceaf52d-d549-4e71-a0a5-a21cc9ff2185/tags/black.or.white HTTP/1.1" status: 201 len: 201 time: 0.0230916
2026-07-10 22:41:55.908 9 INFO neutron.wsgi [None req-69e4db34-fea8-46a2-8bda-2460410f53dc 9c9a15fde8dd468991f968f1fc8aa15c a479dbf4390043209018b6a07a1b7fc2 - - default default] 10.0.0.204 "GET /v2.0/policies/cceaf52d-d549-4e71-a0a5-a21cc9ff2185/tags HTTP/1.1" status: 200 len: 245 time: 0.0116367
2026-07-10 22:41:55.944 10 INFO neutron.wsgi [None req-ea2d7aed-6284-4a48-84ef-9bc29d83a1b9 9c9a15fde8dd468991f968f1fc8aa15c a479dbf4390043209018b6a07a1b7fc2 - - default default] 10.0.0.204 "PUT /v2.0/policies/cceaf52d-d549-4e71-a0a5-a21cc9ff2185/tags HTTP/1.1" status: 200 len: 230 time: 0.0324247
2026-07-10 22:41:55.964 10 INFO neutron.wsgi [None req-278c8230-855a-4113-a8d5-36b4256ff282 9c9a15fde8dd468991f968f1fc8aa15c a479dbf4390043209018b6a07a1b7fc2 - - default default] 10.0.0.204 "GET /v2.0/policies/cceaf52d-d549-4e71-a0a5-a21cc9ff2185/tags HTTP/1.1" status: 200 len: 230 time: 0.0153863
2026-07-10 22:41:55.985 10 INFO neutron.wsgi [None req-ded43ded-9d30-4647-bd90-295a981e52c8 9c9a15fde8dd468991f968f1fc8aa15c a479dbf4390043209018b6a07a1b7fc2 - - default default] 10.0.0.204 "GET /v2.0/policies/cceaf52d-d549-4e71-a0a5-a21cc9ff2185/tags/red HTTP/1.1" status: 204 len: 168 time: 0.0165434
2026-07-10 22:41:56.003 10 INFO neutron.api.v2.resource [None req-c4ff8a3e-d2de-4070-8aec-ae822b24135b 9c9a15fde8dd468991f968f1fc8aa15c a479dbf4390043209018b6a07a1b7fc2 - - default default] show failed (client error): The resource could not be found.
2026-07-10 22:41:56.005 10 INFO neutron.wsgi [None req-c4ff8a3e-d2de-4070-8aec-ae822b24135b 9c9a15fde8dd468991f968f1fc8aa15c a479dbf4390043209018b6a07a1b7fc2 - - default default] 10.0.0.204 "GET /v2.0/policies/cceaf52d-d549-4e71-a0a5-a21cc9ff2185/tags/green HTTP/1.1" status: 404 len: 299 time: 0.0146875
2026-07-10 22:41:56.046 10 INFO neutron.wsgi [None req-c2f06e9e-eb7b-4f8f-9344-e72a560fb127 9c9a15fde8dd468991f968f1fc8aa15c a479dbf4390043209018b6a07a1b7fc2 - - default default] 10.0.0.204 "DELETE /v2.0/policies/cceaf52d-d549-4e71-a0a5-a21cc9ff2185/tags/red HTTP/1.1" status: 204 len: 168 time: 0.0350814
2026-07-10 22:41:56.064 9 INFO neutron.wsgi [None req-fac13c52-e68a-4fe1-9608-fc77ccdb68e2 9c9a15fde8dd468991f968f1fc8aa15c a479dbf4390043209018b6a07a1b7fc2 - - default default] 10.0.0.204 "GET /v2.0/policies/cceaf52d-d549-4e71-a0a5-a21cc9ff2185/tags HTTP/1.1" status: 200 len: 223 time: 0.0121751
2026-07-10 22:41:56.086 9 INFO neutron.api.v2.resource [None req-e4e758df-5784-4405-b663-c6e97232380f 9c9a15fde8dd468991f968f1fc8aa15c a479dbf4390043209018b6a07a1b7fc2 - - default default] delete failed (client error): The resource could not be found.
2026-07-10 22:41:56.088 9 INFO neutron.wsgi [None req-e4e758df-5784-4405-b663-c6e97232380f 9c9a15fde8dd468991f968f1fc8aa15c a479dbf4390043209018b6a07a1b7fc2 - - default default] 10.0.0.204 "DELETE /v2.0/policies/cceaf52d-d549-4e71-a0a5-a21cc9ff2185/tags/green HTTP/1.1" status: 404 len: 299 time: 0.0203876
2026-07-10 22:41:56.124 9 INFO neutron.wsgi [None req-7c2e47db-88b3-41d5-86ee-dfb57e9551fd 9c9a15fde8dd468991f968f1fc8aa15c a479dbf4390043209018b6a07a1b7fc2 - - default default] 10.0.0.204 "DELETE /v2.0/policies/cceaf52d-d549-4e71-a0a5-a21cc9ff2185/tags HTTP/1.1" status: 204 len: 168 time: 0.0305002
2026-07-10 22:41:56.145 9 INFO neutron.wsgi [None req-26fe8539-0990-4501-abe4-2114249e412d 9c9a15fde8dd468991f968f1fc8aa15c a479dbf4390043209018b6a07a1b7fc2 - - default default] 10.0.0.204 "GET /v2.0/policies/cceaf52d-d549-4e71-a0a5-a21cc9ff2185/tags HTTP/1.1" status: 200 len: 205 time: 0.0143154
2026-07-10 22:41:56.202 9 INFO neutron.wsgi [None req-598447ee-052e-4bc1-9d28-127a6b083126 9c9a15fde8dd468991f968f1fc8aa15c a479dbf4390043209018b6a07a1b7fc2 - - default default] 10.0.0.204 "DELETE /v2.0/qos/policies/cceaf52d-d549-4e71-a0a5-a21cc9ff2185 HTTP/1.1" status: 204 len: 168 time: 0.0510857
2026-07-10 22:41:56.948 10 INFO neutron.db.ovn_revision_numbers_db [None req-f829fa6f-067f-49d6-854c-42b984e98221 ec6d0fcb497b4e21b69298d65bad6c66 63cd8c3b35e6465c9da29c9fda1bda51 - - default default] Successfully bumped revision number for resource dc2fce6f-8291-4eaa-9e06-81723108868b (type: security_groups) to 1
2026-07-10 22:41:56.963 10 INFO neutron.db.ovn_revision_numbers_db [None req-f829fa6f-067f-49d6-854c-42b984e98221 ec6d0fcb497b4e21b69298d65bad6c66 63cd8c3b35e6465c9da29c9fda1bda51 - - default default] Successfully bumped revision number for resource 2ea7e117-3b84-48bc-8efd-f91d53723f00 (type: security_group_rules) to 0
2026-07-10 22:41:56.976 10 INFO neutron.db.ovn_revision_numbers_db [None req-f829fa6f-067f-49d6-854c-42b984e98221 ec6d0fcb497b4e21b69298d65bad6c66 63cd8c3b35e6465c9da29c9fda1bda51 - - default default] Successfully bumped revision number for resource 7f3f01b5-dd18-49c5-b1bb-406b5454df89 (type: security_group_rules) to 0
2026-07-10 22:41:56.992 10 INFO neutron.db.ovn_revision_numbers_db [None req-f829fa6f-067f-49d6-854c-42b984e98221 ec6d0fcb497b4e21b69298d65bad6c66 63cd8c3b35e6465c9da29c9fda1bda51 - - default default] Successfully bumped revision number for resource f9a277fb-b54f-49cc-9175-4984e5bd27ce (type: security_group_rules) to 0
2026-07-10 22:41:57.010 10 INFO neutron.db.ovn_revision_numbers_db [None req-f829fa6f-067f-49d6-854c-42b984e98221 ec6d0fcb497b4e21b69298d65bad6c66 63cd8c3b35e6465c9da29c9fda1bda51 - - default default] Successfully bumped revision number for resource ff5ea429-60dd-4e1d-a58e-fd74d2f99ab8 (type: security_group_rules) to 0
2026-07-10 22:41:57.034 10 INFO neutron.wsgi [None req-f829fa6f-067f-49d6-854c-42b984e98221 ec6d0fcb497b4e21b69298d65bad6c66 63cd8c3b35e6465c9da29c9fda1bda51 - - default default] 10.0.0.204 "GET /v2.0/security-groups?tenant_id=cdd26a538c9245d497897edef4a49069&name=default HTTP/1.1" status: 200 len: 3000 time: 0.3322494
2026-07-10 22:41:57.158 10 INFO neutron.wsgi [None req-d1307ff8-e12a-487f-8bf4-6500b1f1251a ec6d0fcb497b4e21b69298d65bad6c66 63cd8c3b35e6465c9da29c9fda1bda51 - - default default] 10.0.0.45 "GET /v2.0/subnets HTTP/1.1" status: 200 len: 1437 time: 0.1711755
2026-07-10 22:41:57.208 10 INFO neutron.wsgi [None req-c8d55fca-7976-405d-a66d-99a839fdf383 ec6d0fcb497b4e21b69298d65bad6c66 63cd8c3b35e6465c9da29c9fda1bda51 - - default default] 10.0.0.45 "GET /v2.0/ports HTTP/1.1" status: 200 len: 5351 time: 0.0476797
2026-07-10 22:41:57.222 10 INFO neutron.wsgi [None req-95c85bbd-7361-476d-84d5-717c027ae0fd ec6d0fcb497b4e21b69298d65bad6c66 63cd8c3b35e6465c9da29c9fda1bda51 - - default default] 10.0.0.45 "GET /v2.0/agents HTTP/1.1" status: 200 len: 997 time: 0.0107768
2026-07-10 22:41:57.248 10 INFO neutron.wsgi [None req-2eb7b1fc-0822-43f3-bf18-385b6a85e397 ec6d0fcb497b4e21b69298d65bad6c66 63cd8c3b35e6465c9da29c9fda1bda51 - - default default] 10.0.0.45 "GET /v2.0/routers HTTP/1.1" status: 200 len: 189 time: 0.0251241
2026-07-10 22:41:57.262 10 INFO neutron.wsgi [None req-2cb4f4e8-0ba0-405c-baf7-04b727108f49 ec6d0fcb497b4e21b69298d65bad6c66 63cd8c3b35e6465c9da29c9fda1bda51 - - default default] 10.0.0.45 "GET /v2.0/agents?binary=ovn-controller HTTP/1.1" status: 200 len: 591 time: 0.0125613
2026-07-10 22:41:57.320 10 INFO neutron.wsgi [None req-0c0ba4bb-91ff-4548-94ea-a81c487a25e9 ec6d0fcb497b4e21b69298d65bad6c66 63cd8c3b35e6465c9da29c9fda1bda51 - - default default] 10.0.0.45 "GET /v2.0/networks HTTP/1.1" status: 200 len: 2350 time: 0.0576575
2026-07-10 22:41:57.354 10 INFO neutron.wsgi [None req-61871360-1b02-4617-9048-2a7bdd3e77a5 ec6d0fcb497b4e21b69298d65bad6c66 63cd8c3b35e6465c9da29c9fda1bda51 - - default default] 10.0.0.204 "DELETE /v2.0/security-groups/dc2fce6f-8291-4eaa-9e06-81723108868b HTTP/1.1" status: 204 len: 168 time: 0.3152666
2026-07-10 22:41:57.368 10 INFO neutron.wsgi [None req-a8b8e190-2678-4241-9bee-290f62506553 ec6d0fcb497b4e21b69298d65bad6c66 63cd8c3b35e6465c9da29c9fda1bda51 - - default default] 10.0.0.45 "GET /v2.0/security-groups HTTP/1.1" status: 200 len: 16803 time: 0.0455725
2026-07-10 22:41:57.405 10 INFO neutron.wsgi [None req-d0b547ac-8bd3-45d7-9bbe-b005a9684d05 ec6d0fcb497b4e21b69298d65bad6c66 63cd8c3b35e6465c9da29c9fda1bda51 - - default default] 10.0.0.45 "GET /v2.0/subnets HTTP/1.1" status: 200 len: 1437 time: 0.0311944
2026-07-10 22:41:57.414 10 INFO neutron.wsgi [None req-9460ea3f-cddb-4f39-ae82-45dccf3104ad ec6d0fcb497b4e21b69298d65bad6c66 63cd8c3b35e6465c9da29c9fda1bda51 - - default default] 10.0.0.45 "GET /v2.0/subnetpools HTTP/1.1" status: 200 len: 193 time: 0.0087578
2026-07-10 22:41:57.424 10 INFO neutron.wsgi [None req-743daeee-abf3-4487-b2a4-6023e86e3aec ec6d0fcb497b4e21b69298d65bad6c66 63cd8c3b35e6465c9da29c9fda1bda51 - - default default] 10.0.0.45 "GET /v2.0/network-ip-availabilities HTTP/1.1" status: 200 len: 1280 time: 0.0089960
2026-07-10 22:41:57.452 10 INFO neutron.wsgi [None req-ceb1fa87-1c09-444f-9475-573970a17499 ec6d0fcb497b4e21b69298d65bad6c66 63cd8c3b35e6465c9da29c9fda1bda51 - - default default] 10.0.0.45 "GET /v2.0/floatingips HTTP/1.1" status: 200 len: 193 time: 0.0272560
2026-07-10 22:41:57.614 10 INFO neutron.db.ovn_revision_numbers_db [None req-9e493d5f-1979-406d-a66f-d675bed63e25 ec6d0fcb497b4e21b69298d65bad6c66 63cd8c3b35e6465c9da29c9fda1bda51 - - default default] Successfully bumped revision number for resource 024641ba-bcad-4b35-9a6d-287adbcb36b1 (type: security_groups) to 1
2026-07-10 22:41:57.625 10 INFO neutron.db.ovn_revision_numbers_db [None req-9e493d5f-1979-406d-a66f-d675bed63e25 ec6d0fcb497b4e21b69298d65bad6c66 63cd8c3b35e6465c9da29c9fda1bda51 - - default default] Successfully bumped revision number for resource 39509419-b874-4688-9330-6b9177d37a7c (type: security_group_rules) to 0
2026-07-10 22:41:57.638 10 INFO neutron.db.ovn_revision_numbers_db [None req-9e493d5f-1979-406d-a66f-d675bed63e25 ec6d0fcb497b4e21b69298d65bad6c66 63cd8c3b35e6465c9da29c9fda1bda51 - - default default] Successfully bumped revision number for resource 89908a04-a55f-44b3-9d12-2ea3295b833c (type: security_group_rules) to 0
2026-07-10 22:41:57.653 10 INFO neutron.db.ovn_revision_numbers_db [None req-9e493d5f-1979-406d-a66f-d675bed63e25 ec6d0fcb497b4e21b69298d65bad6c66 63cd8c3b35e6465c9da29c9fda1bda51 - - default default] Successfully bumped revision number for resource 9e20c25b-8004-48f9-b917-98454d0fc9d2 (type: security_group_rules) to 0
2026-07-10 22:41:57.667 10 INFO neutron.db.ovn_revision_numbers_db [None req-9e493d5f-1979-406d-a66f-d675bed63e25 ec6d0fcb497b4e21b69298d65bad6c66 63cd8c3b35e6465c9da29c9fda1bda51 - - default default] Successfully bumped revision number for resource 9fb5ac75-4e85-4dc8-9e4f-84e5ea2a4c50 (type: security_group_rules) to 0
2026-07-10 22:41:57.691 10 INFO neutron.wsgi [None req-9e493d5f-1979-406d-a66f-d675bed63e25 ec6d0fcb497b4e21b69298d65bad6c66 63cd8c3b35e6465c9da29c9fda1bda51 - - default default] 10.0.0.204 "GET /v2.0/security-groups?tenant_id=a479dbf4390043209018b6a07a1b7fc2&name=default HTTP/1.1" status: 200 len: 3000 time: 0.1937940
2026-07-10 22:41:57.886 10 INFO neutron.wsgi [None req-1639f0ce-48a6-4df5-84ad-6a8b20d8f9ee ec6d0fcb497b4e21b69298d65bad6c66 63cd8c3b35e6465c9da29c9fda1bda51 - - default default] 10.0.0.204 "DELETE /v2.0/security-groups/024641ba-bcad-4b35-9a6d-287adbcb36b1 HTTP/1.1" status: 204 len: 168 time: 0.1908371
2026-07-10 22:41:58.695 10 INFO neutron.db.ovn_revision_numbers_db [None req-fa2afb9c-2e4d-4c76-85ae-aab3e0dca423 ec6d0fcb497b4e21b69298d65bad6c66 63cd8c3b35e6465c9da29c9fda1bda51 - - default default] Successfully bumped revision number for resource 8a9799ba-e046-4a11-9862-cf46b0541876 (type: security_groups) to 1
2026-07-10 22:41:58.708 10 INFO neutron.db.ovn_revision_numbers_db [None req-fa2afb9c-2e4d-4c76-85ae-aab3e0dca423 ec6d0fcb497b4e21b69298d65bad6c66 63cd8c3b35e6465c9da29c9fda1bda51 - - default default] Successfully bumped revision number for resource 0c964790-89cf-4899-aa19-9449aabe280c (type: security_group_rules) to 0
2026-07-10 22:41:58.720 10 INFO neutron.db.ovn_revision_numbers_db [None req-fa2afb9c-2e4d-4c76-85ae-aab3e0dca423 ec6d0fcb497b4e21b69298d65bad6c66 63cd8c3b35e6465c9da29c9fda1bda51 - - default default] Successfully bumped revision number for resource 385b57f2-c2df-44d6-bdaf-0be29830c208 (type: security_group_rules) to 0
2026-07-10 22:41:58.738 10 INFO neutron.db.ovn_revision_numbers_db [None req-fa2afb9c-2e4d-4c76-85ae-aab3e0dca423 ec6d0fcb497b4e21b69298d65bad6c66 63cd8c3b35e6465c9da29c9fda1bda51 - - default default] Successfully bumped revision number for resource 9fdb901a-80aa-42a9-854d-1f76199d50c7 (type: security_group_rules) to 0
2026-07-10 22:41:58.742 10 INFO neutron.wsgi [-] 10.0.0.184 "GET / HTTP/1.1" status: 200 len: 246 time: 0.0020652
2026-07-10 22:41:58.743 9 INFO neutron.wsgi [-] 10.0.0.184 "GET / HTTP/1.1" status: 200 len: 246 time: 0.0027342
2026-07-10 22:41:58.757 10 INFO neutron.db.ovn_revision_numbers_db [None req-fa2afb9c-2e4d-4c76-85ae-aab3e0dca423 ec6d0fcb497b4e21b69298d65bad6c66 63cd8c3b35e6465c9da29c9fda1bda51 - - default default] Successfully bumped revision number for resource b769f5c8-2e31-4307-9827-44fb08cbf434 (type: security_group_rules) to 0
2026-07-10 22:41:58.779 10 INFO neutron.wsgi [None req-fa2afb9c-2e4d-4c76-85ae-aab3e0dca423 ec6d0fcb497b4e21b69298d65bad6c66 63cd8c3b35e6465c9da29c9fda1bda51 - - default default] 10.0.0.204 "GET /v2.0/security-groups?tenant_id=1fc068a894864f009d502191113c1104&name=default HTTP/1.1" status: 200 len: 3000 time: 0.2818246
2026-07-10 22:41:59.009 9 INFO neutron.wsgi [None req-44c11b69-8091-4858-b7f0-1bad3da72bde ec6d0fcb497b4e21b69298d65bad6c66 63cd8c3b35e6465c9da29c9fda1bda51 - - default default] 10.0.0.204 "DELETE /v2.0/security-groups/8a9799ba-e046-4a11-9862-cf46b0541876 HTTP/1.1" status: 204 len: 168 time: 0.2235792
2026-07-10 22:41:59.240 9 INFO neutron.db.ovn_revision_numbers_db [None req-4d8970b3-0e72-4dc1-bafc-03b97cbc7cbd ec6d0fcb497b4e21b69298d65bad6c66 63cd8c3b35e6465c9da29c9fda1bda51 - - default default] Successfully bumped revision number for resource f6c99e5b-d63a-4e4e-988e-1a7ad757818a (type: security_groups) to 1
2026-07-10 22:41:59.257 9 INFO neutron.db.ovn_revision_numbers_db [None req-4d8970b3-0e72-4dc1-bafc-03b97cbc7cbd ec6d0fcb497b4e21b69298d65bad6c66 63cd8c3b35e6465c9da29c9fda1bda51 - - default default] Successfully bumped revision number for resource 0551f189-e968-4456-b0d5-ce7409433289 (type: security_group_rules) to 0
2026-07-10 22:41:59.269 9 INFO neutron.db.ovn_revision_numbers_db [None req-4d8970b3-0e72-4dc1-bafc-03b97cbc7cbd ec6d0fcb497b4e21b69298d65bad6c66 63cd8c3b35e6465c9da29c9fda1bda51 - - default default] Successfully bumped revision number for resource 79ea62bc-974c-473c-98c3-a9a5a57bc1dc (type: security_group_rules) to 0
2026-07-10 22:41:59.283 9 INFO neutron.db.ovn_revision_numbers_db [None req-4d8970b3-0e72-4dc1-bafc-03b97cbc7cbd ec6d0fcb497b4e21b69298d65bad6c66 63cd8c3b35e6465c9da29c9fda1bda51 - - default default] Successfully bumped revision number for resource ac182a99-6331-4081-8db8-8b173809ce63 (type: security_group_rules) to 0
2026-07-10 22:41:59.296 9 INFO neutron.db.ovn_revision_numbers_db [None req-4d8970b3-0e72-4dc1-bafc-03b97cbc7cbd ec6d0fcb497b4e21b69298d65bad6c66 63cd8c3b35e6465c9da29c9fda1bda51 - - default default] Successfully bumped revision number for resource ca922e8c-5be8-4dcb-b13f-8d55372af8a4 (type: security_group_rules) to 0
2026-07-10 22:41:59.319 9 INFO neutron.wsgi [None req-4d8970b3-0e72-4dc1-bafc-03b97cbc7cbd ec6d0fcb497b4e21b69298d65bad6c66 63cd8c3b35e6465c9da29c9fda1bda51 - - default default] 10.0.0.204 "GET /v2.0/security-groups?tenant_id=7ea008f5fbbe45bf8623c13defbb6c02&name=default HTTP/1.1" status: 200 len: 3000 time: 0.1993003
2026-07-10 22:41:59.509 9 INFO neutron.wsgi [None req-cbdf31e9-bac6-4415-9d44-edf075a29b33 ec6d0fcb497b4e21b69298d65bad6c66 63cd8c3b35e6465c9da29c9fda1bda51 - - default default] 10.0.0.204 "DELETE /v2.0/security-groups/f6c99e5b-d63a-4e4e-988e-1a7ad757818a HTTP/1.1" status: 204 len: 168 time: 0.1856673
2026-07-10 22:42:01.374 9 INFO neutron.db.ovn_revision_numbers_db [None req-35741ae0-2f0d-44da-9e68-588ce1a34b07 62b5d172aea246678a95b63d9d0e5d8b 38d03a4b31484e9aafe01a361ef0a71d - - default default] Successfully bumped revision number for resource 427fcbdf-ce25-4954-a8bd-571756cca91d (type: security_groups) to 1
2026-07-10 22:42:01.385 9 INFO neutron.db.ovn_revision_numbers_db [None req-35741ae0-2f0d-44da-9e68-588ce1a34b07 62b5d172aea246678a95b63d9d0e5d8b 38d03a4b31484e9aafe01a361ef0a71d - - default default] Successfully bumped revision number for resource 15f74024-03fe-4266-93fb-7c5914f372a7 (type: security_group_rules) to 0
2026-07-10 22:42:01.395 9 INFO neutron.db.ovn_revision_numbers_db [None req-35741ae0-2f0d-44da-9e68-588ce1a34b07 62b5d172aea246678a95b63d9d0e5d8b 38d03a4b31484e9aafe01a361ef0a71d - - default default] Successfully bumped revision number for resource 781f92fe-98a6-4e70-bc5f-baa147fb1470 (type: security_group_rules) to 0
2026-07-10 22:42:01.407 9 INFO neutron.db.ovn_revision_numbers_db [None req-35741ae0-2f0d-44da-9e68-588ce1a34b07 62b5d172aea246678a95b63d9d0e5d8b 38d03a4b31484e9aafe01a361ef0a71d - - default default] Successfully bumped revision number for resource 89425562-b769-4ace-a70a-0f4edc181449 (type: security_group_rules) to 0
2026-07-10 22:42:01.420 9 INFO neutron.db.ovn_revision_numbers_db [None req-35741ae0-2f0d-44da-9e68-588ce1a34b07 62b5d172aea246678a95b63d9d0e5d8b 38d03a4b31484e9aafe01a361ef0a71d - - default default] Successfully bumped revision number for resource 957f172a-21c1-4493-b88f-616ba38b7bdf (type: security_group_rules) to 0
2026-07-10 22:42:01.493 9 INFO neutron.db.ovn_revision_numbers_db [None req-35741ae0-2f0d-44da-9e68-588ce1a34b07 62b5d172aea246678a95b63d9d0e5d8b 38d03a4b31484e9aafe01a361ef0a71d - - default default] Successfully bumped revision number for resource 91fa735f-3b00-4238-8046-09738c6d0d97 (type: security_groups) to 1
2026-07-10 22:42:01.505 9 INFO neutron.db.ovn_revision_numbers_db [None req-35741ae0-2f0d-44da-9e68-588ce1a34b07 62b5d172aea246678a95b63d9d0e5d8b 38d03a4b31484e9aafe01a361ef0a71d - - default default] Successfully bumped revision number for resource 4fbeb8be-3e0b-479c-b3fd-610fc84710ea (type: security_group_rules) to 0
2026-07-10 22:42:01.522 9 INFO neutron.db.ovn_revision_numbers_db [None req-35741ae0-2f0d-44da-9e68-588ce1a34b07 62b5d172aea246678a95b63d9d0e5d8b 38d03a4b31484e9aafe01a361ef0a71d - - default default] Successfully bumped revision number for resource d57d13c0-bdad-4df0-aa94-1d1e678afc56 (type: security_group_rules) to 0
2026-07-10 22:42:01.540 9 INFO neutron.wsgi [None req-35741ae0-2f0d-44da-9e68-588ce1a34b07 62b5d172aea246678a95b63d9d0e5d8b 38d03a4b31484e9aafe01a361ef0a71d - - default default] 10.0.0.204 "POST /v2.0/security-groups HTTP/1.1" status: 201 len: 1739 time: 0.5010991
2026-07-10 22:42:01.572 10 INFO neutron.wsgi [None req-8075ce68-4500-4a78-9763-6544590120ed 62b5d172aea246678a95b63d9d0e5d8b 38d03a4b31484e9aafe01a361ef0a71d - - default default] 10.0.0.204 "PUT /v2.0/security-groups/91fa735f-3b00-4238-8046-09738c6d0d97/tags HTTP/1.1" status: 200 len: 218 time: 0.0267918
2026-07-10 22:42:01.595 10 INFO neutron.wsgi [None req-dfd42830-55cf-4702-9754-3baf34775052 62b5d172aea246678a95b63d9d0e5d8b 38d03a4b31484e9aafe01a361ef0a71d - - default default] 10.0.0.204 "GET /v2.0/security-groups/91fa735f-3b00-4238-8046-09738c6d0d97/tags HTTP/1.1" status: 200 len: 218 time: 0.0180426
2026-07-10 22:42:01.629 10 INFO neutron.wsgi [None req-e70dda44-14c1-4f29-92ba-17d18a4b2e92 62b5d172aea246678a95b63d9d0e5d8b 38d03a4b31484e9aafe01a361ef0a71d - - default default] 10.0.0.204 "PUT /v2.0/security-groups/91fa735f-3b00-4238-8046-09738c6d0d97/tags/green HTTP/1.1" status: 201 len: 201 time: 0.0287890
2026-07-10 22:42:01.652 10 INFO neutron.wsgi [None req-9926eec7-51a6-43d9-86a9-65c6d9fd6c00 62b5d172aea246678a95b63d9d0e5d8b 38d03a4b31484e9aafe01a361ef0a71d - - default default] 10.0.0.204 "GET /v2.0/security-groups/91fa735f-3b00-4238-8046-09738c6d0d97/tags HTTP/1.1" status: 200 len: 227 time: 0.0176172
2026-07-10 22:42:01.676 10 INFO neutron.wsgi [None req-accd7c86-fd6b-4e3b-ae24-360e4e4daa33 62b5d172aea246678a95b63d9d0e5d8b 38d03a4b31484e9aafe01a361ef0a71d - - default default] 10.0.0.204 "PUT /v2.0/security-groups/91fa735f-3b00-4238-8046-09738c6d0d97/tags/red HTTP/1.1" status: 201 len: 201 time: 0.0192044
2026-07-10 22:42:01.696 10 INFO neutron.wsgi [None req-748c2a13-601f-4d8f-80ac-973e8c9ba8e7 62b5d172aea246678a95b63d9d0e5d8b 38d03a4b31484e9aafe01a361ef0a71d - - default default] 10.0.0.204 "GET /v2.0/security-groups/91fa735f-3b00-4238-8046-09738c6d0d97/tags HTTP/1.1" status: 200 len: 227 time: 0.0161037
2026-07-10 22:42:01.735 10 INFO neutron.wsgi [None req-b427123f-ccd4-44d9-bda9-01b58d7bcd07 62b5d172aea246678a95b63d9d0e5d8b 38d03a4b31484e9aafe01a361ef0a71d - - default default] 10.0.0.204 "PUT /v2.0/security-groups/91fa735f-3b00-4238-8046-09738c6d0d97/tags/black.or.white HTTP/1.1" status: 201 len: 201 time: 0.0347548
2026-07-10 22:42:01.759 10 INFO neutron.wsgi [None req-58369b72-c373-46fa-84d3-fda62f5572e8 62b5d172aea246678a95b63d9d0e5d8b 38d03a4b31484e9aafe01a361ef0a71d - - default default] 10.0.0.204 "GET /v2.0/security-groups/91fa735f-3b00-4238-8046-09738c6d0d97/tags HTTP/1.1" status: 200 len: 245 time: 0.0194080
2026-07-10 22:42:01.794 10 INFO neutron.wsgi [None req-09484ae2-0005-4128-90c4-001d0e86fbcb 62b5d172aea246678a95b63d9d0e5d8b 38d03a4b31484e9aafe01a361ef0a71d - - default default] 10.0.0.204 "PUT /v2.0/security-groups/91fa735f-3b00-4238-8046-09738c6d0d97/tags HTTP/1.1" status: 200 len: 230 time: 0.0321016
2026-07-10 22:42:01.818 10 INFO neutron.wsgi [None req-cd1df44b-fcf8-4ae7-ae0d-349bf4f237f5 62b5d172aea246678a95b63d9d0e5d8b 38d03a4b31484e9aafe01a361ef0a71d - - default default] 10.0.0.204 "GET /v2.0/security-groups/91fa735f-3b00-4238-8046-09738c6d0d97/tags HTTP/1.1" status: 200 len: 230 time: 0.0185747
2026-07-10 22:42:01.838 10 INFO neutron.wsgi [None req-b8663e24-3225-48f6-968d-782e54ed3684 62b5d172aea246678a95b63d9d0e5d8b 38d03a4b31484e9aafe01a361ef0a71d - - default default] 10.0.0.204 "GET /v2.0/security-groups/91fa735f-3b00-4238-8046-09738c6d0d97/tags/red HTTP/1.1" status: 204 len: 168 time: 0.0165527
2026-07-10 22:42:01.863 9 INFO neutron.api.v2.resource [None req-ee0b0c29-3de4-4972-86ff-0bcfdde92ff8 62b5d172aea246678a95b63d9d0e5d8b 38d03a4b31484e9aafe01a361ef0a71d - - default default] show failed (client error): The resource could not be found.
2026-07-10 22:42:01.865 9 INFO neutron.wsgi [None req-ee0b0c29-3de4-4972-86ff-0bcfdde92ff8 62b5d172aea246678a95b63d9d0e5d8b 38d03a4b31484e9aafe01a361ef0a71d - - default default] 10.0.0.204 "GET /v2.0/security-groups/91fa735f-3b00-4238-8046-09738c6d0d97/tags/green HTTP/1.1" status: 404 len: 299 time: 0.0197699
2026-07-10 22:42:01.896 9 INFO neutron.wsgi [None req-63c322ff-8f00-40ca-b8de-98ffff84f5b8 62b5d172aea246678a95b63d9d0e5d8b 38d03a4b31484e9aafe01a361ef0a71d - - default default] 10.0.0.204 "DELETE /v2.0/security-groups/91fa735f-3b00-4238-8046-09738c6d0d97/tags/red HTTP/1.1" status: 204 len: 168 time: 0.0275805
2026-07-10 22:42:01.920 9 INFO neutron.wsgi [None req-6578a9b5-821c-4d60-bbe1-59fe7437dbe5 62b5d172aea246678a95b63d9d0e5d8b 38d03a4b31484e9aafe01a361ef0a71d - - default default] 10.0.0.204 "GET /v2.0/security-groups/91fa735f-3b00-4238-8046-09738c6d0d97/tags HTTP/1.1" status: 200 len: 223 time: 0.0193455
2026-07-10 22:42:01.944 9 INFO neutron.api.v2.resource [None req-ae050bbd-7b21-4f16-9f1d-805306d0d9a6 62b5d172aea246678a95b63d9d0e5d8b 38d03a4b31484e9aafe01a361ef0a71d - - default default] delete failed (client error): The resource could not be found.
2026-07-10 22:42:01.945 9 INFO neutron.wsgi [None req-ae050bbd-7b21-4f16-9f1d-805306d0d9a6 62b5d172aea246678a95b63d9d0e5d8b 38d03a4b31484e9aafe01a361ef0a71d - - default default] 10.0.0.204 "DELETE /v2.0/security-groups/91fa735f-3b00-4238-8046-09738c6d0d97/tags/green HTTP/1.1" status: 404 len: 299 time: 0.0207045
2026-07-10 22:42:01.977 9 INFO neutron.wsgi [None req-b71ab7fc-dc1a-4ac7-8c7f-041aed8946bc 62b5d172aea246678a95b63d9d0e5d8b 38d03a4b31484e9aafe01a361ef0a71d - - default default] 10.0.0.204 "DELETE /v2.0/security-groups/91fa735f-3b00-4238-8046-09738c6d0d97/tags HTTP/1.1" status: 204 len: 168 time: 0.0281281
2026-07-10 22:42:01.998 9 INFO neutron.wsgi [None req-c5a0e329-edbd-4b55-b87f-2d2956cb7301 62b5d172aea246678a95b63d9d0e5d8b 38d03a4b31484e9aafe01a361ef0a71d - - default default] 10.0.0.204 "GET /v2.0/security-groups/91fa735f-3b00-4238-8046-09738c6d0d97/tags HTTP/1.1" status: 200 len: 205 time: 0.0168834
2026-07-10 22:42:02.116 9 INFO neutron.wsgi [None req-5ffae625-fccb-4b35-8e33-d63d858e92a1 62b5d172aea246678a95b63d9d0e5d8b 38d03a4b31484e9aafe01a361ef0a71d - - default default] 10.0.0.204 "DELETE /v2.0/security-groups/91fa735f-3b00-4238-8046-09738c6d0d97 HTTP/1.1" status: 204 len: 168 time: 0.1114857
2026-07-10 22:42:02.955 10 INFO neutron.wsgi [None req-6b356d01-0990-4589-85dd-3099a5bd85c1 ec6d0fcb497b4e21b69298d65bad6c66 63cd8c3b35e6465c9da29c9fda1bda51 - - default default] 10.0.0.204 "GET /v2.0/security-groups?tenant_id=38d03a4b31484e9aafe01a361ef0a71d&name=default HTTP/1.1" status: 200 len: 3000 time: 0.2185736
2026-07-10 22:42:03.157 10 INFO neutron.wsgi [None req-48c4c897-27a4-4d74-bb90-ab38e02fc64a ec6d0fcb497b4e21b69298d65bad6c66 63cd8c3b35e6465c9da29c9fda1bda51 - - default default] 10.0.0.204 "DELETE /v2.0/security-groups/427fcbdf-ce25-4954-a8bd-571756cca91d HTTP/1.1" status: 204 len: 168 time: 0.1964111
2026-07-10 22:42:03.347 10 INFO neutron.db.ovn_revision_numbers_db [None req-ffb278ba-e925-4c23-89eb-665cf7ef691e ec6d0fcb497b4e21b69298d65bad6c66 63cd8c3b35e6465c9da29c9fda1bda51 - - default default] Successfully bumped revision number for resource 45709ccb-ba5a-4129-9608-f47ddaba181b (type: security_groups) to 1
2026-07-10 22:42:03.360 10 INFO neutron.db.ovn_revision_numbers_db [None req-ffb278ba-e925-4c23-89eb-665cf7ef691e ec6d0fcb497b4e21b69298d65bad6c66 63cd8c3b35e6465c9da29c9fda1bda51 - - default default] Successfully bumped revision number for resource 4ec92415-4bd6-4f15-b6f1-93ee65c3c1fd (type: security_group_rules) to 0
2026-07-10 22:42:03.372 10 INFO neutron.db.ovn_revision_numbers_db [None req-ffb278ba-e925-4c23-89eb-665cf7ef691e ec6d0fcb497b4e21b69298d65bad6c66 63cd8c3b35e6465c9da29c9fda1bda51 - - default default] Successfully bumped revision number for resource 6a343e0a-0c51-4853-bf0c-9c2b08b0e8e4 (type: security_group_rules) to 0
2026-07-10 22:42:03.386 10 INFO neutron.db.ovn_revision_numbers_db [None req-ffb278ba-e925-4c23-89eb-665cf7ef691e ec6d0fcb497b4e21b69298d65bad6c66 63cd8c3b35e6465c9da29c9fda1bda51 - - default default] Successfully bumped revision number for resource ce970a5c-2a81-4de3-a580-46bdcec08c97 (type: security_group_rules) to 0
2026-07-10 22:42:03.398 10 INFO neutron.db.ovn_revision_numbers_db [None req-ffb278ba-e925-4c23-89eb-665cf7ef691e ec6d0fcb497b4e21b69298d65bad6c66 63cd8c3b35e6465c9da29c9fda1bda51 - - default default] Successfully bumped revision number for resource dad5afba-ccc4-4bbf-ab29-d89587d615b8 (type: security_group_rules) to 0
2026-07-10 22:42:03.422 10 INFO neutron.wsgi [None req-ffb278ba-e925-4c23-89eb-665cf7ef691e ec6d0fcb497b4e21b69298d65bad6c66 63cd8c3b35e6465c9da29c9fda1bda51 - - default default] 10.0.0.204 "GET /v2.0/security-groups?tenant_id=68fa0fee27d54022be40ed099e2b9fab&name=default HTTP/1.1" status: 200 len: 3000 time: 0.1718824
2026-07-10 22:42:03.840 10 INFO neutron.wsgi [None req-b6a0c9ae-8988-4761-91c8-b24ff3f7d11f ec6d0fcb497b4e21b69298d65bad6c66 63cd8c3b35e6465c9da29c9fda1bda51 - - default default] 10.0.0.204 "DELETE /v2.0/security-groups/45709ccb-ba5a-4129-9608-f47ddaba181b HTTP/1.1" status: 204 len: 168 time: 0.4130924
2026-07-10 22:42:07.319 10 INFO neutron.db.ovn_revision_numbers_db [None req-1268e6c4-e82d-419d-b9a5-ab8da1150227 f9fd43b8657d47219a152b9e28c0d06a b72e2a32b462479b94eaeaaf41f61e25 - - default default] Successfully bumped revision number for resource 51400e93-abfa-40d5-8aab-293b76508330 (type: security_groups) to 1
2026-07-10 22:42:07.330 10 INFO neutron.db.ovn_revision_numbers_db [None req-1268e6c4-e82d-419d-b9a5-ab8da1150227 f9fd43b8657d47219a152b9e28c0d06a b72e2a32b462479b94eaeaaf41f61e25 - - default default] Successfully bumped revision number for resource a6cf6408-1784-450c-8569-c6aab94aeeb9 (type: security_group_rules) to 0
2026-07-10 22:42:07.344 10 INFO neutron.db.ovn_revision_numbers_db [None req-1268e6c4-e82d-419d-b9a5-ab8da1150227 f9fd43b8657d47219a152b9e28c0d06a b72e2a32b462479b94eaeaaf41f61e25 - - default default] Successfully bumped revision number for resource ac86b012-2fec-47da-9f59-edcca3f36b3c (type: security_group_rules) to 0
2026-07-10 22:42:07.357 10 INFO neutron.db.ovn_revision_numbers_db [None req-1268e6c4-e82d-419d-b9a5-ab8da1150227 f9fd43b8657d47219a152b9e28c0d06a b72e2a32b462479b94eaeaaf41f61e25 - - default default] Successfully bumped revision number for resource ba754ccc-6d52-4af7-9443-6f23364fbbe7 (type: security_group_rules) to 0
2026-07-10 22:42:07.369 10 INFO neutron.db.ovn_revision_numbers_db [None req-1268e6c4-e82d-419d-b9a5-ab8da1150227 f9fd43b8657d47219a152b9e28c0d06a b72e2a32b462479b94eaeaaf41f61e25 - - default default] Successfully bumped revision number for resource d5266ad2-78a7-4c74-ae6c-eeac815c5482 (type: security_group_rules) to 0
2026-07-10 22:42:07.422 10 INFO neutron.db.segments_db [None req-1268e6c4-e82d-419d-b9a5-ab8da1150227 f9fd43b8657d47219a152b9e28c0d06a b72e2a32b462479b94eaeaaf41f61e25 - - default default] Added segment da1d9c26-3aa0-494e-8315-4ba930d38251 of type geneve for network 1d17c80b-815c-4127-a990-914e0fcd3eff
2026-07-10 22:42:07.559 10 INFO neutron.db.ovn_revision_numbers_db [None req-1268e6c4-e82d-419d-b9a5-ab8da1150227 f9fd43b8657d47219a152b9e28c0d06a b72e2a32b462479b94eaeaaf41f61e25 - - default default] Successfully bumped revision number for resource 1d17c80b-815c-4127-a990-914e0fcd3eff (type: networks) to 1
2026-07-10 22:42:07.736 10 WARNING neutron.scheduler.dhcp_agent_scheduler [None req-1268e6c4-e82d-419d-b9a5-ab8da1150227 f9fd43b8657d47219a152b9e28c0d06a b72e2a32b462479b94eaeaaf41f61e25 - - default default] No more DHCP agents
2026-07-10 22:42:07.739 10 WARNING neutron.api.rpc.agentnotifiers.dhcp_rpc_agent_api [None req-1268e6c4-e82d-419d-b9a5-ab8da1150227 f9fd43b8657d47219a152b9e28c0d06a b72e2a32b462479b94eaeaaf41f61e25 - - default default] Unable to schedule network 1d17c80b-815c-4127-a990-914e0fcd3eff: no agents available; will retry on subsequent port and subnet creation events.
2026-07-10 22:42:07.816 10 INFO neutron.db.ovn_revision_numbers_db [None req-1268e6c4-e82d-419d-b9a5-ab8da1150227 f9fd43b8657d47219a152b9e28c0d06a b72e2a32b462479b94eaeaaf41f61e25 - - default default] Successfully bumped revision number for resource 4dc3a0c8-5e0e-47fe-b264-d8861c3419f1 (type: ports) to 1
2026-07-10 22:42:07.837 10 INFO neutron.wsgi [None req-1268e6c4-e82d-419d-b9a5-ab8da1150227 f9fd43b8657d47219a152b9e28c0d06a b72e2a32b462479b94eaeaaf41f61e25 - - default default] 10.0.0.204 "POST /v2.0/networks HTTP/1.1" status: 201 len: 831 time: 0.7900548
2026-07-10 22:42:08.114 10 WARNING neutron.scheduler.dhcp_agent_scheduler [None req-a0247740-a747-4cec-83c3-7af6c6d7218b f9fd43b8657d47219a152b9e28c0d06a b72e2a32b462479b94eaeaaf41f61e25 - - default default] No more DHCP agents
2026-07-10 22:42:08.116 10 WARNING neutron.api.rpc.agentnotifiers.dhcp_rpc_agent_api [None req-a0247740-a747-4cec-83c3-7af6c6d7218b f9fd43b8657d47219a152b9e28c0d06a b72e2a32b462479b94eaeaaf41f61e25 - - default default] Unable to schedule network 1d17c80b-815c-4127-a990-914e0fcd3eff: no agents available; will retry on subsequent port and subnet creation events.
2026-07-10 22:42:08.434 9 INFO neutron.db.ovn_revision_numbers_db [None req-fc4d30f8-e8fb-4be6-9074-afd29e2869ba 2785187052ba40fa9e8e0f9b6ea224e8 30049d2e98f44644b434cb13a9d02e4e - - default default] Successfully bumped revision number for resource ed90a3d2-6de6-4698-9c92-c087b6a7c7b9 (type: security_groups) to 1
2026-07-10 22:42:08.447 9 INFO neutron.db.ovn_revision_numbers_db [None req-fc4d30f8-e8fb-4be6-9074-afd29e2869ba 2785187052ba40fa9e8e0f9b6ea224e8 30049d2e98f44644b434cb13a9d02e4e - - default default] Successfully bumped revision number for resource 40384bf8-ecbf-4e56-a14f-9cc27fc79a4e (type: security_group_rules) to 0
2026-07-10 22:42:08.460 9 INFO neutron.db.ovn_revision_numbers_db [None req-fc4d30f8-e8fb-4be6-9074-afd29e2869ba 2785187052ba40fa9e8e0f9b6ea224e8 30049d2e98f44644b434cb13a9d02e4e - - default default] Successfully bumped revision number for resource 4e1e9b0b-98d5-40f4-8201-57e382cbf6f7 (type: security_group_rules) to 0
2026-07-10 22:42:08.475 9 INFO neutron.db.ovn_revision_numbers_db [None req-fc4d30f8-e8fb-4be6-9074-afd29e2869ba 2785187052ba40fa9e8e0f9b6ea224e8 30049d2e98f44644b434cb13a9d02e4e - - default default] Successfully bumped revision number for resource 696b3971-42e8-4df9-8715-60f330ceff0f (type: security_group_rules) to 0
2026-07-10 22:42:08.488 9 INFO neutron.db.ovn_revision_numbers_db [None req-fc4d30f8-e8fb-4be6-9074-afd29e2869ba 2785187052ba40fa9e8e0f9b6ea224e8 30049d2e98f44644b434cb13a9d02e4e - - default default] Successfully bumped revision number for resource 6d01cd25-5a39-4de8-b26c-a515f88fae00 (type: security_group_rules) to 0
2026-07-10 22:42:08.536 9 INFO neutron.db.segments_db [None req-fc4d30f8-e8fb-4be6-9074-afd29e2869ba 2785187052ba40fa9e8e0f9b6ea224e8 30049d2e98f44644b434cb13a9d02e4e - - default default] Added segment cba1e4f2-99de-41fd-a0ff-aa286965e8af of type geneve for network cb4595ed-6dca-4422-97af-72da3ba12dbf
2026-07-10 22:42:08.634 10 INFO neutron.db.ovn_revision_numbers_db [None req-a0247740-a747-4cec-83c3-7af6c6d7218b f9fd43b8657d47219a152b9e28c0d06a b72e2a32b462479b94eaeaaf41f61e25 - - default default] Successfully bumped revision number for resource 4dc3a0c8-5e0e-47fe-b264-d8861c3419f1 (type: ports) to 2
2026-07-10 22:42:08.676 10 INFO neutron.db.ovn_revision_numbers_db [None req-a0247740-a747-4cec-83c3-7af6c6d7218b f9fd43b8657d47219a152b9e28c0d06a b72e2a32b462479b94eaeaaf41f61e25 - - default default] Successfully bumped revision number for resource d0f171e4-badf-435b-8924-71ef8336b4ae (type: subnets) to 0
2026-07-10 22:42:08.684 9 INFO neutron.db.ovn_revision_numbers_db [None req-fc4d30f8-e8fb-4be6-9074-afd29e2869ba 2785187052ba40fa9e8e0f9b6ea224e8 30049d2e98f44644b434cb13a9d02e4e - - default default] Successfully bumped revision number for resource cb4595ed-6dca-4422-97af-72da3ba12dbf (type: networks) to 1
2026-07-10 22:42:08.691 10 INFO neutron.wsgi [None req-a0247740-a747-4cec-83c3-7af6c6d7218b f9fd43b8657d47219a152b9e28c0d06a b72e2a32b462479b94eaeaaf41f61e25 - - default default] 10.0.0.204 "POST /v2.0/subnets HTTP/1.1" status: 201 len: 801 time: 0.8490486
2026-07-10 22:42:08.764 10 INFO neutron.wsgi [None req-ced130bd-2468-484f-b22d-c53d321b416b f9fd43b8657d47219a152b9e28c0d06a b72e2a32b462479b94eaeaaf41f61e25 - - default default] 10.0.0.204 "PUT /v2.0/subnets/d0f171e4-badf-435b-8924-71ef8336b4ae/tags HTTP/1.1" status: 200 len: 218 time: 0.0675595
2026-07-10 22:42:08.823 9 INFO neutron.wsgi [None req-2aa37701-8d29-455f-8132-9a77f6aedc35 f9fd43b8657d47219a152b9e28c0d06a b72e2a32b462479b94eaeaaf41f61e25 - - default default] 10.0.0.204 "GET /v2.0/subnets/d0f171e4-badf-435b-8924-71ef8336b4ae/tags HTTP/1.1" status: 200 len: 218 time: 0.0562632
2026-07-10 22:42:08.873 10 INFO neutron.wsgi [None req-534534d7-ab6a-4ab4-9497-702db0dd527e f9fd43b8657d47219a152b9e28c0d06a b72e2a32b462479b94eaeaaf41f61e25 - - default default] 10.0.0.204 "PUT /v2.0/subnets/d0f171e4-badf-435b-8924-71ef8336b4ae/tags/green HTTP/1.1" status: 201 len: 201 time: 0.0452125
2026-07-10 22:42:08.893 9 WARNING neutron.scheduler.dhcp_agent_scheduler [None req-fc4d30f8-e8fb-4be6-9074-afd29e2869ba 2785187052ba40fa9e8e0f9b6ea224e8 30049d2e98f44644b434cb13a9d02e4e - - default default] No more DHCP agents
2026-07-10 22:42:08.897 9 WARNING neutron.api.rpc.agentnotifiers.dhcp_rpc_agent_api [None req-fc4d30f8-e8fb-4be6-9074-afd29e2869ba 2785187052ba40fa9e8e0f9b6ea224e8 30049d2e98f44644b434cb13a9d02e4e - - default default] Unable to schedule network cb4595ed-6dca-4422-97af-72da3ba12dbf: no agents available; will retry on subsequent port and subnet creation events.
2026-07-10 22:42:08.905 10 INFO neutron.wsgi [None req-ca142327-1b73-4b33-9e57-77479e301822 f9fd43b8657d47219a152b9e28c0d06a b72e2a32b462479b94eaeaaf41f61e25 - - default default] 10.0.0.204 "GET /v2.0/subnets/d0f171e4-badf-435b-8924-71ef8336b4ae/tags HTTP/1.1" status: 200 len: 227 time: 0.0275092
2026-07-10 22:42:08.953 9 INFO neutron.wsgi [None req-0ee346d2-c768-43d9-affa-89ccc1c1e0d9 f9fd43b8657d47219a152b9e28c0d06a b72e2a32b462479b94eaeaaf41f61e25 - - default default] 10.0.0.204 "PUT /v2.0/subnets/d0f171e4-badf-435b-8924-71ef8336b4ae/tags/red HTTP/1.1" status: 201 len: 201 time: 0.0417635
2026-07-10 22:42:08.999 9 INFO neutron.wsgi [None req-1a673271-6732-44dd-bbe0-585396ccc128 f9fd43b8657d47219a152b9e28c0d06a b72e2a32b462479b94eaeaaf41f61e25 - - default default] 10.0.0.204 "GET /v2.0/subnets/d0f171e4-badf-435b-8924-71ef8336b4ae/tags HTTP/1.1" status: 200 len: 227 time: 0.0398257
2026-07-10 22:42:09.003 9 INFO neutron.db.ovn_revision_numbers_db [None req-fc4d30f8-e8fb-4be6-9074-afd29e2869ba 2785187052ba40fa9e8e0f9b6ea224e8 30049d2e98f44644b434cb13a9d02e4e - - default default] Successfully bumped revision number for resource fbea3ec5-4c24-436c-9cf1-62a4f6f92dfb (type: ports) to 1
2026-07-10 22:42:09.028 9 INFO neutron.wsgi [None req-fc4d30f8-e8fb-4be6-9074-afd29e2869ba 2785187052ba40fa9e8e0f9b6ea224e8 30049d2e98f44644b434cb13a9d02e4e - - default default] 10.0.0.204 "POST /v2.0/networks HTTP/1.1" status: 201 len: 838 time: 0.8681686
2026-07-10 22:42:09.055 10 INFO neutron.wsgi [None req-40014b77-265e-43cb-894a-91a969f10e65 f9fd43b8657d47219a152b9e28c0d06a b72e2a32b462479b94eaeaaf41f61e25 - - default default] 10.0.0.204 "PUT /v2.0/subnets/d0f171e4-badf-435b-8924-71ef8336b4ae/tags/black.or.white HTTP/1.1" status: 201 len: 201 time: 0.0496113
2026-07-10 22:42:09.101 10 INFO neutron.wsgi [None req-e89f637b-3a00-4c77-8278-f9e43e4f0689 f9fd43b8657d47219a152b9e28c0d06a b72e2a32b462479b94eaeaaf41f61e25 - - default default] 10.0.0.204 "GET /v2.0/subnets/d0f171e4-badf-435b-8924-71ef8336b4ae/tags HTTP/1.1" status: 200 len: 245 time: 0.0423732
2026-07-10 22:42:09.176 9 INFO neutron.wsgi [None req-7f5cfbf5-fe2f-42c3-bbf7-195bc5a447fb f9fd43b8657d47219a152b9e28c0d06a b72e2a32b462479b94eaeaaf41f61e25 - - default default] 10.0.0.204 "PUT /v2.0/subnets/d0f171e4-badf-435b-8924-71ef8336b4ae/tags HTTP/1.1" status: 200 len: 230 time: 0.0690007
2026-07-10 22:42:09.215 10 INFO neutron.wsgi [None req-5aa07491-f1b1-4dfc-a66e-8a0114fc0159 f9fd43b8657d47219a152b9e28c0d06a b72e2a32b462479b94eaeaaf41f61e25 - - default default] 10.0.0.204 "GET /v2.0/subnets/d0f171e4-badf-435b-8924-71ef8336b4ae/tags HTTP/1.1" status: 200 len: 230 time: 0.0344329
2026-07-10 22:42:09.259 9 INFO neutron.wsgi [None req-4efc4260-93ab-4d04-92f5-515b0aebb23c f9fd43b8657d47219a152b9e28c0d06a b72e2a32b462479b94eaeaaf41f61e25 - - default default] 10.0.0.204 "GET /v2.0/subnets/d0f171e4-badf-435b-8924-71ef8336b4ae/tags/red HTTP/1.1" status: 204 len: 168 time: 0.0397649
2026-07-10 22:42:09.298 10 INFO neutron.api.v2.resource [None req-992faf20-bc53-4971-8fcf-a2162e1a4f8d f9fd43b8657d47219a152b9e28c0d06a b72e2a32b462479b94eaeaaf41f61e25 - - default default] show failed (client error): The resource could not be found.
2026-07-10 22:42:09.299 10 INFO neutron.wsgi [None req-992faf20-bc53-4971-8fcf-a2162e1a4f8d f9fd43b8657d47219a152b9e28c0d06a b72e2a32b462479b94eaeaaf41f61e25 - - default default] 10.0.0.204 "GET /v2.0/subnets/d0f171e4-badf-435b-8924-71ef8336b4ae/tags/green HTTP/1.1" status: 404 len: 299 time: 0.0349398
2026-07-10 22:42:09.316 9 WARNING neutron.scheduler.dhcp_agent_scheduler [None req-6fc8817c-9fb3-4b68-ada3-818a51df58e6 2785187052ba40fa9e8e0f9b6ea224e8 30049d2e98f44644b434cb13a9d02e4e - - default default] No more DHCP agents
2026-07-10 22:42:09.319 9 WARNING neutron.api.rpc.agentnotifiers.dhcp_rpc_agent_api [None req-6fc8817c-9fb3-4b68-ada3-818a51df58e6 2785187052ba40fa9e8e0f9b6ea224e8 30049d2e98f44644b434cb13a9d02e4e - - default default] Unable to schedule network cb4595ed-6dca-4422-97af-72da3ba12dbf: no agents available; will retry on subsequent port and subnet creation events.
2026-07-10 22:42:09.346 10 INFO neutron.wsgi [None req-dc7f3c07-73cf-439e-931e-a3ebda970788 f9fd43b8657d47219a152b9e28c0d06a b72e2a32b462479b94eaeaaf41f61e25 - - default default] 10.0.0.204 "DELETE /v2.0/subnets/d0f171e4-badf-435b-8924-71ef8336b4ae/tags/red HTTP/1.1" status: 204 len: 168 time: 0.0420003
2026-07-10 22:42:09.386 10 INFO neutron.wsgi [None req-4909f220-c70e-4988-bc02-c6134bb7f59d f9fd43b8657d47219a152b9e28c0d06a b72e2a32b462479b94eaeaaf41f61e25 - - default default] 10.0.0.204 "GET /v2.0/subnets/d0f171e4-badf-435b-8924-71ef8336b4ae/tags HTTP/1.1" status: 200 len: 223 time: 0.0345757
2026-07-10 22:42:09.421 10 INFO neutron.api.v2.resource [None req-f111859d-5501-4d77-b6c8-e1f9dd4c622e f9fd43b8657d47219a152b9e28c0d06a b72e2a32b462479b94eaeaaf41f61e25 - - default default] delete failed (client error): The resource could not be found.
2026-07-10 22:42:09.422 10 INFO neutron.wsgi [None req-f111859d-5501-4d77-b6c8-e1f9dd4c622e f9fd43b8657d47219a152b9e28c0d06a b72e2a32b462479b94eaeaaf41f61e25 - - default default] 10.0.0.204 "DELETE /v2.0/subnets/d0f171e4-badf-435b-8924-71ef8336b4ae/tags/green HTTP/1.1" status: 404 len: 299 time: 0.0323462
2026-07-10 22:42:09.485 9 INFO neutron.wsgi [None req-e202de03-af57-4119-be3f-be0940958e2e f9fd43b8657d47219a152b9e28c0d06a b72e2a32b462479b94eaeaaf41f61e25 - - default default] 10.0.0.204 "DELETE /v2.0/subnets/d0f171e4-badf-435b-8924-71ef8336b4ae/tags HTTP/1.1" status: 204 len: 168 time: 0.0578496
