2026-07-10 22:38:46.987 9 INFO neutron.services.segments.plugin [-] Segment 4f8c4bc4-7a3d-4cff-8b4d-2cf5f5483cad resource provider not found; error: Placement Client Error (4xx): {"errors": [{"status": 404, "title": "Not Found", "detail": "The resource could not be found.\n\n No resource provider with uuid 4f8c4bc4-7a3d-4cff-8b4d-2cf5f5483cad found for delete ", "request_id": "req-6904ab2c-5d57-4870-bfdd-544379ce07fd"}]}
2026-07-10 22:38:46.994 9 INFO neutron.services.segments.plugin [-] Segment 4f8c4bc4-7a3d-4cff-8b4d-2cf5f5483cad resource provider not found; error: Placement Client Error (4xx): {"errors": [{"status": 404, "title": "Not Found", "detail": "The resource could not be found.\n\n No resource provider with uuid 4f8c4bc4-7a3d-4cff-8b4d-2cf5f5483cad found for delete ", "request_id": "req-935c6773-be09-488e-b0cc-4b2e5bd3120e"}]}
2026-07-10 22:38:47.020 9 INFO neutron.wsgi [None req-8be3824a-d250-4821-814c-af443b130e19 ec6d0fcb497b4e21b69298d65bad6c66 63cd8c3b35e6465c9da29c9fda1bda51 - - default default] 10.0.0.204 "DELETE /v2.0/networks/e612a2af-4cf5-4b9d-a8e0-915dbabe48eb HTTP/1.1" status: 204 len: 168 time: 0.3988912
2026-07-10 22:38:47.051 9 INFO neutron.wsgi [None req-cda91828-46c8-43f0-9906-cb1e87c61a36 2213cb66cbad4e1a81fd6c1f7fecc707 5ebc8d6b06f1446c9099eb90d5e58ac2 - - default default] 10.0.0.204 "GET /v2.0/ HTTP/1.1" status: 200 len: 826 time: 0.2320817
2026-07-10 22:38:47.201 9 INFO neutron.wsgi [None req-22296717-6e3c-445d-b043-63f9f840fc66 ec6d0fcb497b4e21b69298d65bad6c66 63cd8c3b35e6465c9da29c9fda1bda51 - - default default] 10.0.0.204 "GET /v2.0/security-groups?tenant_id=968801dff28d41eaba458353e09bb622&name=default HTTP/1.1" status: 200 len: 2996 time: 0.0331123
2026-07-10 22:38:47.376 9 INFO neutron.wsgi [None req-74a855a5-0f34-4b47-bfa5-f12f26f3fb42 ec6d0fcb497b4e21b69298d65bad6c66 63cd8c3b35e6465c9da29c9fda1bda51 - - default default] 10.0.0.204 "DELETE /v2.0/security-groups/362d2e0c-3cc3-4dc8-b6a9-6c2cf175476d HTTP/1.1" status: 204 len: 168 time: 0.1699810
2026-07-10 22:38:47.722 10 INFO neutron.db.ovn_revision_numbers_db [None req-2d53ac7d-9be1-4cdb-8683-09a358b1a756 ec6d0fcb497b4e21b69298d65bad6c66 63cd8c3b35e6465c9da29c9fda1bda51 - - default default] Successfully bumped revision number for resource 45394382-5bf8-46d3-9e41-db2fe1cd9d4a (type: security_groups) to 1
2026-07-10 22:38:47.734 10 INFO neutron.db.ovn_revision_numbers_db [None req-2d53ac7d-9be1-4cdb-8683-09a358b1a756 ec6d0fcb497b4e21b69298d65bad6c66 63cd8c3b35e6465c9da29c9fda1bda51 - - default default] Successfully bumped revision number for resource 045a752c-fee9-45dd-9a1d-1919f14c2dc4 (type: security_group_rules) to 0
2026-07-10 22:38:47.752 10 INFO neutron.db.ovn_revision_numbers_db [None req-2d53ac7d-9be1-4cdb-8683-09a358b1a756 ec6d0fcb497b4e21b69298d65bad6c66 63cd8c3b35e6465c9da29c9fda1bda51 - - default default] Successfully bumped revision number for resource 067411d9-1d08-4c29-a988-e18a1c4a346f (type: security_group_rules) to 0
2026-07-10 22:38:47.782 10 INFO neutron.db.ovn_revision_numbers_db [None req-2d53ac7d-9be1-4cdb-8683-09a358b1a756 ec6d0fcb497b4e21b69298d65bad6c66 63cd8c3b35e6465c9da29c9fda1bda51 - - default default] Successfully bumped revision number for resource 5d818df1-9e4b-433f-917d-f130603d1dce (type: security_group_rules) to 0
2026-07-10 22:38:47.794 10 INFO neutron.db.ovn_revision_numbers_db [None req-2d53ac7d-9be1-4cdb-8683-09a358b1a756 ec6d0fcb497b4e21b69298d65bad6c66 63cd8c3b35e6465c9da29c9fda1bda51 - - default default] Successfully bumped revision number for resource f0f0cd7b-714d-4558-85a7-41094ea24751 (type: security_group_rules) to 0
2026-07-10 22:38:47.815 10 INFO neutron.wsgi [None req-2d53ac7d-9be1-4cdb-8683-09a358b1a756 ec6d0fcb497b4e21b69298d65bad6c66 63cd8c3b35e6465c9da29c9fda1bda51 - - default default] 10.0.0.204 "GET /v2.0/security-groups?tenant_id=5ebc8d6b06f1446c9099eb90d5e58ac2&name=default HTTP/1.1" status: 200 len: 2996 time: 0.3360093
2026-07-10 22:38:48.018 10 INFO neutron.wsgi [None req-a5364bac-c6df-42ce-90a9-8e8b5bbfa4d9 ec6d0fcb497b4e21b69298d65bad6c66 63cd8c3b35e6465c9da29c9fda1bda51 - - default default] 10.0.0.204 "DELETE /v2.0/security-groups/45394382-5bf8-46d3-9e41-db2fe1cd9d4a HTTP/1.1" status: 204 len: 168 time: 0.1990919
2026-07-10 22:38:49.348 9 INFO neutron.db.ovn_revision_numbers_db [None req-0e6dd6ee-718c-4990-b801-654e5a1b8423 ec6d0fcb497b4e21b69298d65bad6c66 63cd8c3b35e6465c9da29c9fda1bda51 - - default default] Successfully bumped revision number for resource 48b9494a-f14d-434b-b170-3178b4b86f21 (type: security_groups) to 1
2026-07-10 22:38:49.361 9 INFO neutron.db.ovn_revision_numbers_db [None req-0e6dd6ee-718c-4990-b801-654e5a1b8423 ec6d0fcb497b4e21b69298d65bad6c66 63cd8c3b35e6465c9da29c9fda1bda51 - - default default] Successfully bumped revision number for resource 40fd8ed5-f7fc-43c1-8e2a-579a7423b374 (type: security_group_rules) to 0
2026-07-10 22:38:49.375 9 INFO neutron.db.ovn_revision_numbers_db [None req-0e6dd6ee-718c-4990-b801-654e5a1b8423 ec6d0fcb497b4e21b69298d65bad6c66 63cd8c3b35e6465c9da29c9fda1bda51 - - default default] Successfully bumped revision number for resource 47b2b0e1-bd8a-41fe-a2cf-8fa81566c9cc (type: security_group_rules) to 0
2026-07-10 22:38:49.390 9 INFO neutron.db.ovn_revision_numbers_db [None req-0e6dd6ee-718c-4990-b801-654e5a1b8423 ec6d0fcb497b4e21b69298d65bad6c66 63cd8c3b35e6465c9da29c9fda1bda51 - - default default] Successfully bumped revision number for resource 6990ff01-56b9-4c8b-859f-5e02ebe3e8c7 (type: security_group_rules) to 0
2026-07-10 22:38:49.404 9 INFO neutron.db.ovn_revision_numbers_db [None req-0e6dd6ee-718c-4990-b801-654e5a1b8423 ec6d0fcb497b4e21b69298d65bad6c66 63cd8c3b35e6465c9da29c9fda1bda51 - - default default] Successfully bumped revision number for resource eb40742f-d317-4949-9165-3635e68d0407 (type: security_group_rules) to 0
2026-07-10 22:38:49.456 9 INFO neutron.db.segments_db [None req-0e6dd6ee-718c-4990-b801-654e5a1b8423 ec6d0fcb497b4e21b69298d65bad6c66 63cd8c3b35e6465c9da29c9fda1bda51 - - default default] Added segment 0d349b08-5b5f-4473-9de7-fb89bd05c431 of type geneve for network b5374d4f-71cf-4ccb-8f75-9f3daf060851
2026-07-10 22:38:49.582 9 INFO neutron.db.ovn_revision_numbers_db [None req-0e6dd6ee-718c-4990-b801-654e5a1b8423 ec6d0fcb497b4e21b69298d65bad6c66 63cd8c3b35e6465c9da29c9fda1bda51 - - default default] Successfully bumped revision number for resource b5374d4f-71cf-4ccb-8f75-9f3daf060851 (type: networks) to 1
2026-07-10 22:38:49.721 9 WARNING neutron.scheduler.dhcp_agent_scheduler [None req-0e6dd6ee-718c-4990-b801-654e5a1b8423 ec6d0fcb497b4e21b69298d65bad6c66 63cd8c3b35e6465c9da29c9fda1bda51 - - default default] No more DHCP agents
2026-07-10 22:38:49.723 9 WARNING neutron.api.rpc.agentnotifiers.dhcp_rpc_agent_api [None req-0e6dd6ee-718c-4990-b801-654e5a1b8423 ec6d0fcb497b4e21b69298d65bad6c66 63cd8c3b35e6465c9da29c9fda1bda51 - - default default] Unable to schedule network b5374d4f-71cf-4ccb-8f75-9f3daf060851: no agents available; will retry on subsequent port and subnet creation events.
2026-07-10 22:38:49.797 9 INFO neutron.db.ovn_revision_numbers_db [None req-0e6dd6ee-718c-4990-b801-654e5a1b8423 ec6d0fcb497b4e21b69298d65bad6c66 63cd8c3b35e6465c9da29c9fda1bda51 - - default default] Successfully bumped revision number for resource f1c83b89-aab0-4818-abb4-44ba49f86024 (type: ports) to 1
2026-07-10 22:38:49.817 9 INFO neutron.wsgi [None req-0e6dd6ee-718c-4990-b801-654e5a1b8423 ec6d0fcb497b4e21b69298d65bad6c66 63cd8c3b35e6465c9da29c9fda1bda51 - - default default] 10.0.0.204 "POST /v2.0/networks HTTP/1.1" status: 201 len: 947 time: 0.7028954
2026-07-10 22:38:49.963 9 WARNING neutron.scheduler.dhcp_agent_scheduler [None req-142b5312-2716-4ca4-b77c-5b53846be4d3 ec6d0fcb497b4e21b69298d65bad6c66 63cd8c3b35e6465c9da29c9fda1bda51 - - default default] No more DHCP agents
2026-07-10 22:38:49.965 9 WARNING neutron.api.rpc.agentnotifiers.dhcp_rpc_agent_api [None req-142b5312-2716-4ca4-b77c-5b53846be4d3 ec6d0fcb497b4e21b69298d65bad6c66 63cd8c3b35e6465c9da29c9fda1bda51 - - default default] Unable to schedule network b5374d4f-71cf-4ccb-8f75-9f3daf060851: no agents available; will retry on subsequent port and subnet creation events.
2026-07-10 22:38:50.400 9 INFO neutron.db.ovn_revision_numbers_db [None req-142b5312-2716-4ca4-b77c-5b53846be4d3 ec6d0fcb497b4e21b69298d65bad6c66 63cd8c3b35e6465c9da29c9fda1bda51 - - default default] Successfully bumped revision number for resource f1c83b89-aab0-4818-abb4-44ba49f86024 (type: ports) to 2
2026-07-10 22:38:50.432 9 INFO neutron.db.ovn_revision_numbers_db [None req-142b5312-2716-4ca4-b77c-5b53846be4d3 ec6d0fcb497b4e21b69298d65bad6c66 63cd8c3b35e6465c9da29c9fda1bda51 - - default default] Successfully bumped revision number for resource d5fbbe36-8432-4ada-90b7-3f4530661bf5 (type: subnets) to 0
2026-07-10 22:38:50.444 9 INFO neutron.wsgi [None req-142b5312-2716-4ca4-b77c-5b53846be4d3 ec6d0fcb497b4e21b69298d65bad6c66 63cd8c3b35e6465c9da29c9fda1bda51 - - default default] 10.0.0.204 "POST /v2.0/subnets HTTP/1.1" status: 201 len: 868 time: 0.6213748
2026-07-10 22:38:50.882 9 WARNING neutron.scheduler.dhcp_agent_scheduler [None req-aeba2535-5d39-47cb-9bda-f60b689650a7 ec6d0fcb497b4e21b69298d65bad6c66 63cd8c3b35e6465c9da29c9fda1bda51 - - default default] No more DHCP agents
2026-07-10 22:38:50.884 9 WARNING neutron.api.rpc.agentnotifiers.dhcp_rpc_agent_api [None req-aeba2535-5d39-47cb-9bda-f60b689650a7 ec6d0fcb497b4e21b69298d65bad6c66 63cd8c3b35e6465c9da29c9fda1bda51 - - default default] Unable to schedule network f2721e15-9c67-45ca-ae93-4aefd8d44e65: no agents available; will retry on subsequent port and subnet creation events.
2026-07-10 22:38:51.044 9 INFO neutron.db.ovn_revision_numbers_db [None req-aeba2535-5d39-47cb-9bda-f60b689650a7 ec6d0fcb497b4e21b69298d65bad6c66 63cd8c3b35e6465c9da29c9fda1bda51 - - default default] Successfully bumped revision number for resource fc098e94-698b-46f0-92e3-6e156dfffcc6 (type: ports) to 1
2026-07-10 22:38:51.629 10 INFO neutron.plugins.ml2.drivers.ovn.mech_driver.mech_driver [None req-91e74f53-8d12-4ac6-a454-caadeb78ab05 - - - - - -] OVN reports status up for port: fc098e94-698b-46f0-92e3-6e156dfffcc6
2026-07-10 22:38:51.637 10 INFO neutron.plugins.ml2.plugin [None req-91e74f53-8d12-4ac6-a454-caadeb78ab05 - - - - - -] Attempt 1 to provision port fc098e94-698b-46f0-92e3-6e156dfffcc6
2026-07-10 22:38:51.651 10 INFO neutron.plugins.ml2.drivers.ovn.mech_driver.ovsdb.ovsdb_monitor [None req-9a4b69ea-0191-468b-bb73-65a1e3cd00b6 - - - - - -] Router b0584f4b-ca46-4272-950e-1cbe76b3740f is bound to host instance
2026-07-10 22:38:51.654 9 INFO neutron.db.ovn_revision_numbers_db [None req-aeba2535-5d39-47cb-9bda-f60b689650a7 ec6d0fcb497b4e21b69298d65bad6c66 63cd8c3b35e6465c9da29c9fda1bda51 - - default default] Successfully bumped revision number for resource fc098e94-698b-46f0-92e3-6e156dfffcc6 (type: router_ports) to 1
2026-07-10 22:38:51.714 9 INFO neutron.db.ovn_revision_numbers_db [None req-aeba2535-5d39-47cb-9bda-f60b689650a7 ec6d0fcb497b4e21b69298d65bad6c66 63cd8c3b35e6465c9da29c9fda1bda51 - - default default] Successfully bumped revision number for resource b0584f4b-ca46-4272-950e-1cbe76b3740f (type: routers) to 2
2026-07-10 22:38:51.728 9 INFO neutron.wsgi [None req-aeba2535-5d39-47cb-9bda-f60b689650a7 ec6d0fcb497b4e21b69298d65bad6c66 63cd8c3b35e6465c9da29c9fda1bda51 - - default default] 10.0.0.204 "POST /v2.0/routers HTTP/1.1" status: 201 len: 879 time: 1.2793429
2026-07-10 22:38:52.486 10 WARNING neutron.scheduler.dhcp_agent_scheduler [None req-dcc2f3e9-a6c5-466f-81f6-a45a94e2213b ec6d0fcb497b4e21b69298d65bad6c66 63cd8c3b35e6465c9da29c9fda1bda51 - - default default] No more DHCP agents
2026-07-10 22:38:52.492 10 WARNING neutron.api.rpc.agentnotifiers.dhcp_rpc_agent_api [None req-dcc2f3e9-a6c5-466f-81f6-a45a94e2213b ec6d0fcb497b4e21b69298d65bad6c66 63cd8c3b35e6465c9da29c9fda1bda51 - - default default] Unable to schedule network b5374d4f-71cf-4ccb-8f75-9f3daf060851: no agents available; will retry on subsequent port and subnet creation events.
2026-07-10 22:38:52.509 10 INFO neutron.db.ovn_revision_numbers_db [None req-9a4b69ea-0191-468b-bb73-65a1e3cd00b6 - - - - - -] Successfully bumped revision number for resource fc098e94-698b-46f0-92e3-6e156dfffcc6 (type: ports) to 1
2026-07-10 22:38:52.644 9 INFO neutron.db.ovn_revision_numbers_db [None req-41633a5a-7d68-4c3f-9961-13e376755b47 ec6d0fcb497b4e21b69298d65bad6c66 63cd8c3b35e6465c9da29c9fda1bda51 - - default default] Successfully bumped revision number for resource 4f9fff4a-bfda-4c14-a20e-7ad970d1778e (type: security_groups) to 1
2026-07-10 22:38:52.663 9 INFO neutron.db.ovn_revision_numbers_db [None req-41633a5a-7d68-4c3f-9961-13e376755b47 ec6d0fcb497b4e21b69298d65bad6c66 63cd8c3b35e6465c9da29c9fda1bda51 - - default default] Successfully bumped revision number for resource 003270b5-7082-468b-b670-2fa6d2767b01 (type: security_group_rules) to 0
2026-07-10 22:38:52.678 9 INFO neutron.db.ovn_revision_numbers_db [None req-41633a5a-7d68-4c3f-9961-13e376755b47 ec6d0fcb497b4e21b69298d65bad6c66 63cd8c3b35e6465c9da29c9fda1bda51 - - default default] Successfully bumped revision number for resource 4e5c9f0e-ff9f-474e-8a54-b755ecc6e6f3 (type: security_group_rules) to 0
2026-07-10 22:38:52.696 9 INFO neutron.db.ovn_revision_numbers_db [None req-41633a5a-7d68-4c3f-9961-13e376755b47 ec6d0fcb497b4e21b69298d65bad6c66 63cd8c3b35e6465c9da29c9fda1bda51 - - default default] Successfully bumped revision number for resource 64dafe63-6632-497b-8309-656773a140f0 (type: security_group_rules) to 0
2026-07-10 22:38:52.706 10 INFO neutron.db.ovn_revision_numbers_db [None req-dcc2f3e9-a6c5-466f-81f6-a45a94e2213b ec6d0fcb497b4e21b69298d65bad6c66 63cd8c3b35e6465c9da29c9fda1bda51 - - default default] Successfully bumped revision number for resource 7e05fc42-cc16-43d4-beaa-3605f1cb57f3 (type: ports) to 1
2026-07-10 22:38:52.710 9 INFO neutron.db.ovn_revision_numbers_db [None req-41633a5a-7d68-4c3f-9961-13e376755b47 ec6d0fcb497b4e21b69298d65bad6c66 63cd8c3b35e6465c9da29c9fda1bda51 - - default default] Successfully bumped revision number for resource e0f71e6d-1144-4c2b-89ee-1214bfa7b813 (type: security_group_rules) to 0
2026-07-10 22:38:52.736 9 INFO neutron.wsgi [None req-41633a5a-7d68-4c3f-9961-13e376755b47 ec6d0fcb497b4e21b69298d65bad6c66 63cd8c3b35e6465c9da29c9fda1bda51 - - default default] 10.0.0.204 "GET /v2.0/security-groups?tenant_id=3c99d202e33140209ea9b41e8725df3b&name=default HTTP/1.1" status: 200 len: 2996 time: 0.3031168
2026-07-10 22:38:52.845 10 INFO neutron.db.ovn_revision_numbers_db [None req-9a4b69ea-0191-468b-bb73-65a1e3cd00b6 - - - - - -] Successfully bumped revision number for resource fc098e94-698b-46f0-92e3-6e156dfffcc6 (type: router_ports) to 3
2026-07-10 22:38:52.938 9 INFO neutron.wsgi [None req-1376a2d4-9bcc-47d9-8e31-01a8e29b942b ec6d0fcb497b4e21b69298d65bad6c66 63cd8c3b35e6465c9da29c9fda1bda51 - - default default] 10.0.0.204 "DELETE /v2.0/security-groups/4f9fff4a-bfda-4c14-a20e-7ad970d1778e HTTP/1.1" status: 204 len: 168 time: 0.1962891
2026-07-10 22:38:53.037 10 INFO neutron.db.ovn_revision_numbers_db [None req-9a4b69ea-0191-468b-bb73-65a1e3cd00b6 - - - - - -] Successfully bumped revision number for resource fc098e94-698b-46f0-92e3-6e156dfffcc6 (type: ports) to 2
2026-07-10 22:38:53.199 9 INFO neutron.db.ovn_revision_numbers_db [None req-20ac60d9-3d64-41fe-a55d-3fe6f5ec3c3d ec6d0fcb497b4e21b69298d65bad6c66 63cd8c3b35e6465c9da29c9fda1bda51 - - default default] Successfully bumped revision number for resource f8ac4eed-db23-4004-9b07-22cda58c86e2 (type: security_groups) to 1
2026-07-10 22:38:53.213 9 INFO neutron.db.ovn_revision_numbers_db [None req-20ac60d9-3d64-41fe-a55d-3fe6f5ec3c3d ec6d0fcb497b4e21b69298d65bad6c66 63cd8c3b35e6465c9da29c9fda1bda51 - - default default] Successfully bumped revision number for resource 788c7533-ebf8-4b2a-86ab-64794940f950 (type: security_group_rules) to 0
2026-07-10 22:38:53.226 9 INFO neutron.db.ovn_revision_numbers_db [None req-20ac60d9-3d64-41fe-a55d-3fe6f5ec3c3d ec6d0fcb497b4e21b69298d65bad6c66 63cd8c3b35e6465c9da29c9fda1bda51 - - default default] Successfully bumped revision number for resource 84e51f5e-39ae-408d-8c83-b31d003bc437 (type: security_group_rules) to 0
2026-07-10 22:38:53.241 9 INFO neutron.db.ovn_revision_numbers_db [None req-20ac60d9-3d64-41fe-a55d-3fe6f5ec3c3d ec6d0fcb497b4e21b69298d65bad6c66 63cd8c3b35e6465c9da29c9fda1bda51 - - default default] Successfully bumped revision number for resource 953fa526-4fb9-4e0e-8499-72102360c997 (type: security_group_rules) to 0
2026-07-10 22:38:53.245 10 INFO neutron.db.ovn_revision_numbers_db [None req-dcc2f3e9-a6c5-466f-81f6-a45a94e2213b ec6d0fcb497b4e21b69298d65bad6c66 63cd8c3b35e6465c9da29c9fda1bda51 - - default default] Successfully bumped revision number for resource 7e05fc42-cc16-43d4-beaa-3605f1cb57f3 (type: router_ports) to 1
2026-07-10 22:38:53.257 9 INFO neutron.db.ovn_revision_numbers_db [None req-20ac60d9-3d64-41fe-a55d-3fe6f5ec3c3d ec6d0fcb497b4e21b69298d65bad6c66 63cd8c3b35e6465c9da29c9fda1bda51 - - default default] Successfully bumped revision number for resource e0968d60-ca62-42a4-a72d-c3a8fb25227e (type: security_group_rules) to 0
2026-07-10 22:38:53.282 9 INFO neutron.wsgi [None req-20ac60d9-3d64-41fe-a55d-3fe6f5ec3c3d ec6d0fcb497b4e21b69298d65bad6c66 63cd8c3b35e6465c9da29c9fda1bda51 - - default default] 10.0.0.204 "GET /v2.0/security-groups?tenant_id=f83f27bde7004e85ac32dcb31a2c001c&name=default HTTP/1.1" status: 200 len: 2996 time: 0.1729131
2026-07-10 22:38:53.385 10 INFO neutron.db.ovn_revision_numbers_db [None req-9a4b69ea-0191-468b-bb73-65a1e3cd00b6 - - - - - -] Successfully bumped revision number for resource fc098e94-698b-46f0-92e3-6e156dfffcc6 (type: ports) to 4
2026-07-10 22:38:53.445 10 INFO neutron.db.ovn_revision_numbers_db [None req-dcc2f3e9-a6c5-466f-81f6-a45a94e2213b ec6d0fcb497b4e21b69298d65bad6c66 63cd8c3b35e6465c9da29c9fda1bda51 - - default default] Successfully bumped revision number for resource 7e05fc42-cc16-43d4-beaa-3605f1cb57f3 (type: ports) to 1
2026-07-10 22:38:53.482 9 INFO neutron.wsgi [None req-62d11a04-c2f2-48e5-a66d-bc7d5f5f6312 ec6d0fcb497b4e21b69298d65bad6c66 63cd8c3b35e6465c9da29c9fda1bda51 - - default default] 10.0.0.204 "DELETE /v2.0/security-groups/f8ac4eed-db23-4004-9b07-22cda58c86e2 HTTP/1.1" status: 204 len: 168 time: 0.1948347
2026-07-10 22:38:53.593 10 WARNING neutron.scheduler.dhcp_agent_scheduler [None req-dcc2f3e9-a6c5-466f-81f6-a45a94e2213b ec6d0fcb497b4e21b69298d65bad6c66 63cd8c3b35e6465c9da29c9fda1bda51 - - default default] No more DHCP agents
2026-07-10 22:38:53.596 10 WARNING neutron.api.rpc.agentnotifiers.dhcp_rpc_agent_api [None req-dcc2f3e9-a6c5-466f-81f6-a45a94e2213b ec6d0fcb497b4e21b69298d65bad6c66 63cd8c3b35e6465c9da29c9fda1bda51 - - default default] Unable to schedule network b5374d4f-71cf-4ccb-8f75-9f3daf060851: no agents available; will retry on subsequent port and subnet creation events.
2026-07-10 22:38:53.700 10 INFO neutron.db.ovn_revision_numbers_db [None req-9a4b69ea-0191-468b-bb73-65a1e3cd00b6 - - - - - -] Successfully bumped revision number for resource fc098e94-698b-46f0-92e3-6e156dfffcc6 (type: router_ports) to 4
2026-07-10 22:38:53.801 9 INFO neutron.db.ovn_revision_numbers_db [None req-11b2eb6b-16ec-46ec-a360-96add5d50432 ec6d0fcb497b4e21b69298d65bad6c66 63cd8c3b35e6465c9da29c9fda1bda51 - - default default] Successfully bumped revision number for resource 77875fd6-3923-41d0-988f-3ff7d4262fbc (type: security_groups) to 1
2026-07-10 22:38:53.814 9 INFO neutron.db.ovn_revision_numbers_db [None req-11b2eb6b-16ec-46ec-a360-96add5d50432 ec6d0fcb497b4e21b69298d65bad6c66 63cd8c3b35e6465c9da29c9fda1bda51 - - default default] Successfully bumped revision number for resource 1ed50fd0-20c1-473f-adf3-acb79e9a4202 (type: security_group_rules) to 0
2026-07-10 22:38:53.824 9 INFO neutron.db.ovn_revision_numbers_db [None req-11b2eb6b-16ec-46ec-a360-96add5d50432 ec6d0fcb497b4e21b69298d65bad6c66 63cd8c3b35e6465c9da29c9fda1bda51 - - default default] Successfully bumped revision number for resource 53aaadc4-e1b7-41ae-afac-a9197fe35936 (type: security_group_rules) to 0
2026-07-10 22:38:53.838 9 INFO neutron.db.ovn_revision_numbers_db [None req-11b2eb6b-16ec-46ec-a360-96add5d50432 ec6d0fcb497b4e21b69298d65bad6c66 63cd8c3b35e6465c9da29c9fda1bda51 - - default default] Successfully bumped revision number for resource ba649aa2-a11e-4d07-bff3-708b5aed9a08 (type: security_group_rules) to 0
2026-07-10 22:38:53.851 9 INFO neutron.db.ovn_revision_numbers_db [None req-11b2eb6b-16ec-46ec-a360-96add5d50432 ec6d0fcb497b4e21b69298d65bad6c66 63cd8c3b35e6465c9da29c9fda1bda51 - - default default] Successfully bumped revision number for resource bbbb0b4d-e1d8-41ba-9563-7f97526424a9 (type: security_group_rules) to 0
2026-07-10 22:38:53.880 9 INFO neutron.wsgi [None req-11b2eb6b-16ec-46ec-a360-96add5d50432 ec6d0fcb497b4e21b69298d65bad6c66 63cd8c3b35e6465c9da29c9fda1bda51 - - default default] 10.0.0.204 "GET /v2.0/security-groups?tenant_id=71a837daf364471488cead898fb0ec17&name=default HTTP/1.1" status: 200 len: 2996 time: 0.4158890
2026-07-10 22:38:54.078 9 INFO neutron.wsgi [None req-9729cc91-fccd-4a1c-bfe4-199c926efe1c ec6d0fcb497b4e21b69298d65bad6c66 63cd8c3b35e6465c9da29c9fda1bda51 - - default default] 10.0.0.204 "DELETE /v2.0/security-groups/77875fd6-3923-41d0-988f-3ff7d4262fbc HTTP/1.1" status: 204 len: 168 time: 0.1914093
2026-07-10 22:38:54.161 9 INFO neutron.wsgi [req-6220a3a4-1904-442a-99c5-348652a7cec0 req-fe120f9f-8bb0-4335-8c0f-b66ba78b0430 22a11f2aee52441a97600a2652ab2395 90ed7444f26242b78cc632af72d440b0 - - a5783d9bcf4442cfab0eeeda87f0a75d a5783d9bcf4442cfab0eeeda87f0a75d] 10.0.0.197 "GET /v2.0/ports?device_id=89121cd8-47a1-4eb6-bb96-05eb0af235a7 HTTP/1.1" status: 200 len: 1413 time: 0.1142998
2026-07-10 22:38:54.182 10 INFO neutron.db.ovn_revision_numbers_db [None req-dcc2f3e9-a6c5-466f-81f6-a45a94e2213b ec6d0fcb497b4e21b69298d65bad6c66 63cd8c3b35e6465c9da29c9fda1bda51 - - default default] Successfully bumped revision number for resource 7e05fc42-cc16-43d4-beaa-3605f1cb57f3 (type: router_ports) to 1
2026-07-10 22:38:54.185 10 INFO neutron.wsgi [None req-dcc2f3e9-a6c5-466f-81f6-a45a94e2213b ec6d0fcb497b4e21b69298d65bad6c66 63cd8c3b35e6465c9da29c9fda1bda51 - - default default] 10.0.0.204 "PUT /v2.0/routers/b0584f4b-ca46-4272-950e-1cbe76b3740f/add_router_interface HTTP/1.1" status: 200 len: 503 time: 2.4516439
2026-07-10 22:38:54.203 9 INFO neutron.wsgi [req-6220a3a4-1904-442a-99c5-348652a7cec0 req-ed5d1d5e-1a9e-4e2b-b83f-e24759355da8 22a11f2aee52441a97600a2652ab2395 90ed7444f26242b78cc632af72d440b0 - - a5783d9bcf4442cfab0eeeda87f0a75d a5783d9bcf4442cfab0eeeda87f0a75d] 10.0.0.197 "GET /v2.0/security-groups?id=2809de46-40a5-44b3-8750-ec5a1dfe802b&fields=id&fields=name HTTP/1.1" status: 200 len: 312 time: 0.0338893
2026-07-10 22:38:54.315 10 INFO neutron.db.ovn_revision_numbers_db [None req-e4132c16-04d0-458a-b05f-9f90bfd991f7 ec6d0fcb497b4e21b69298d65bad6c66 63cd8c3b35e6465c9da29c9fda1bda51 - - default default] Successfully bumped revision number for resource 4cbab327-8f50-489b-8bf2-379369b45775 (type: security_groups) to 1
2026-07-10 22:38:54.330 10 INFO neutron.db.ovn_revision_numbers_db [None req-e4132c16-04d0-458a-b05f-9f90bfd991f7 ec6d0fcb497b4e21b69298d65bad6c66 63cd8c3b35e6465c9da29c9fda1bda51 - - default default] Successfully bumped revision number for resource 490ed77d-0838-44e2-996c-30280c1f41be (type: security_group_rules) to 0
2026-07-10 22:38:54.354 10 INFO neutron.db.ovn_revision_numbers_db [None req-e4132c16-04d0-458a-b05f-9f90bfd991f7 ec6d0fcb497b4e21b69298d65bad6c66 63cd8c3b35e6465c9da29c9fda1bda51 - - default default] Successfully bumped revision number for resource 8e7ab085-1bac-4252-ad3b-ce0e7faed544 (type: security_group_rules) to 0
2026-07-10 22:38:54.379 10 INFO neutron.db.ovn_revision_numbers_db [None req-e4132c16-04d0-458a-b05f-9f90bfd991f7 ec6d0fcb497b4e21b69298d65bad6c66 63cd8c3b35e6465c9da29c9fda1bda51 - - default default] Successfully bumped revision number for resource a9028e84-e1e6-41b5-9d7b-08ac2dc35d51 (type: security_group_rules) to 0
2026-07-10 22:38:54.393 10 INFO neutron.plugins.ml2.drivers.ovn.mech_driver.mech_driver [None req-91e74f53-8d12-4ac6-a454-caadeb78ab05 - - - - - -] OVN reports status up for port: 7e05fc42-cc16-43d4-beaa-3605f1cb57f3
2026-07-10 22:38:54.399 10 INFO neutron.plugins.ml2.plugin [None req-91e74f53-8d12-4ac6-a454-caadeb78ab05 - - - - - -] Attempt 1 to provision port 7e05fc42-cc16-43d4-beaa-3605f1cb57f3
2026-07-10 22:38:54.401 10 INFO neutron.db.ovn_revision_numbers_db [None req-e4132c16-04d0-458a-b05f-9f90bfd991f7 ec6d0fcb497b4e21b69298d65bad6c66 63cd8c3b35e6465c9da29c9fda1bda51 - - default default] Successfully bumped revision number for resource ef3dd097-ec3a-4922-8468-0c445c0a97dd (type: security_group_rules) to 0
2026-07-10 22:38:54.430 10 INFO neutron.wsgi [None req-e4132c16-04d0-458a-b05f-9f90bfd991f7 ec6d0fcb497b4e21b69298d65bad6c66 63cd8c3b35e6465c9da29c9fda1bda51 - - default default] 10.0.0.204 "GET /v2.0/security-groups?tenant_id=b2f7df3c492b41a299c282e345125d83&name=default HTTP/1.1" status: 200 len: 2996 time: 0.2185862
2026-07-10 22:38:54.692 9 INFO neutron.wsgi [None req-53be88fe-0070-4574-a90b-0aaeb2225156 ec6d0fcb497b4e21b69298d65bad6c66 63cd8c3b35e6465c9da29c9fda1bda51 - - default default] 10.0.0.204 "DELETE /v2.0/security-groups/4cbab327-8f50-489b-8bf2-379369b45775 HTTP/1.1" status: 204 len: 168 time: 0.2562771
2026-07-10 22:38:54.703 10 INFO neutron.db.ovn_revision_numbers_db [None req-91e74f53-8d12-4ac6-a454-caadeb78ab05 - - - - - -] Successfully bumped revision number for resource 7e05fc42-cc16-43d4-beaa-3605f1cb57f3 (type: ports) to 2
2026-07-10 22:38:54.828 10 INFO neutron.db.ovn_revision_numbers_db [None req-91e74f53-8d12-4ac6-a454-caadeb78ab05 - - - - - -] Successfully bumped revision number for resource 7e05fc42-cc16-43d4-beaa-3605f1cb57f3 (type: router_ports) to 2
2026-07-10 22:38:55.232 9 INFO neutron.wsgi [req-e713c36d-c049-4d23-bfa7-295a1404ac89 req-06609a12-8ede-4d6d-be0e-37d418d12af3 d3585c36962b45af9e6127acf3cec44d 4d814b66e7d04e119a7c402d5fd81379 - - default default] 10.0.0.191 "GET /v2.0/networks?id=b5374d4f-71cf-4ccb-8f75-9f3daf060851 HTTP/1.1" status: 200 len: 877 time: 0.0666237
2026-07-10 22:38:55.249 9 INFO neutron.wsgi [req-e713c36d-c049-4d23-bfa7-295a1404ac89 req-5810f9db-6f52-4d15-b7d3-29a75ec6c974 d3585c36962b45af9e6127acf3cec44d 4d814b66e7d04e119a7c402d5fd81379 - - default default] 10.0.0.191 "GET /v2.0/quotas/4d814b66e7d04e119a7c402d5fd81379 HTTP/1.1" status: 200 len: 386 time: 0.0093312
2026-07-10 22:38:55.346 9 INFO neutron.wsgi [req-e713c36d-c049-4d23-bfa7-295a1404ac89 req-dbdae7bd-413a-473e-98d9-fa9070862a67 d3585c36962b45af9e6127acf3cec44d 4d814b66e7d04e119a7c402d5fd81379 - - default default] 10.0.0.191 "GET /v2.0/ports?tenant_id=4d814b66e7d04e119a7c402d5fd81379&fields=id HTTP/1.1" status: 200 len: 302 time: 0.0903838
2026-07-10 22:38:55.413 9 INFO neutron.wsgi [req-e713c36d-c049-4d23-bfa7-295a1404ac89 req-0836a93c-4c1c-4668-9e4e-fc4953eb50ca 22a11f2aee52441a97600a2652ab2395 90ed7444f26242b78cc632af72d440b0 - - a5783d9bcf4442cfab0eeeda87f0a75d a5783d9bcf4442cfab0eeeda87f0a75d] 10.0.0.191 "GET /v2.0/networks/b5374d4f-71cf-4ccb-8f75-9f3daf060851?fields=segments HTTP/1.1" status: 200 len: 212 time: 0.0614216
2026-07-10 22:38:55.485 9 INFO neutron.wsgi [req-e713c36d-c049-4d23-bfa7-295a1404ac89 req-e68896f8-b486-4e02-99d5-07afec9fb085 22a11f2aee52441a97600a2652ab2395 90ed7444f26242b78cc632af72d440b0 - - a5783d9bcf4442cfab0eeeda87f0a75d a5783d9bcf4442cfab0eeeda87f0a75d] 10.0.0.191 "GET /v2.0/networks/b5374d4f-71cf-4ccb-8f75-9f3daf060851?fields=provider%3Aphysical_network&fields=provider%3Anetwork_type HTTP/1.1" status: 200 len: 277 time: 0.0649285
2026-07-10 22:38:55.608 9 INFO neutron.wsgi [req-7b3b6920-5c9b-44d0-b12d-39102debadc6 req-05ef468b-4897-45bf-baf7-731e9c89a195 d3585c36962b45af9e6127acf3cec44d 4d814b66e7d04e119a7c402d5fd81379 - - default default] 10.0.0.191 "GET /v2.0/ports?device_id=38c24040-f2b4-4441-86ed-48ca9fab5e46 HTTP/1.1" status: 200 len: 210 time: 0.0241733
2026-07-10 22:38:56.283 10 INFO neutron.wsgi [req-e713c36d-c049-4d23-bfa7-295a1404ac89 req-e4ba1ee2-77a9-41a9-9bba-8353d652fe2b d3585c36962b45af9e6127acf3cec44d 4d814b66e7d04e119a7c402d5fd81379 - - default default] 199.19.213.114 "GET /v2.0/networks?id=b5374d4f-71cf-4ccb-8f75-9f3daf060851 HTTP/1.1" status: 200 len: 877 time: 0.0744364
2026-07-10 22:38:56.636 10 WARNING neutron.scheduler.dhcp_agent_scheduler [req-e713c36d-c049-4d23-bfa7-295a1404ac89 req-bd3427b4-220f-4bcf-bf68-0a6d463a11df d3585c36962b45af9e6127acf3cec44d 4d814b66e7d04e119a7c402d5fd81379 - - default default] No more DHCP agents
2026-07-10 22:38:56.639 10 WARNING neutron.api.rpc.agentnotifiers.dhcp_rpc_agent_api [req-e713c36d-c049-4d23-bfa7-295a1404ac89 req-bd3427b4-220f-4bcf-bf68-0a6d463a11df d3585c36962b45af9e6127acf3cec44d 4d814b66e7d04e119a7c402d5fd81379 - - default default] Unable to schedule network b5374d4f-71cf-4ccb-8f75-9f3daf060851: no agents available; will retry on subsequent port and subnet creation events.
2026-07-10 22:38:56.707 9 INFO neutron.wsgi [req-4e83bf14-9d87-4849-bf2d-2873392c71ab req-66243b82-82a5-4328-8781-8bb1f17a7103 d3585c36962b45af9e6127acf3cec44d 4d814b66e7d04e119a7c402d5fd81379 - - default default] 10.0.0.191 "GET /v2.0/ports?device_id=38c24040-f2b4-4441-86ed-48ca9fab5e46 HTTP/1.1" status: 200 len: 1156 time: 0.0376067
2026-07-10 22:38:56.752 9 INFO neutron.wsgi [req-4e83bf14-9d87-4849-bf2d-2873392c71ab req-99901e94-8e2b-4a2f-9614-11101db9759c d3585c36962b45af9e6127acf3cec44d 4d814b66e7d04e119a7c402d5fd81379 - - default default] 10.0.0.191 "GET /v2.0/security-groups?id=48b9494a-f14d-434b-b170-3178b4b86f21&fields=id&fields=name HTTP/1.1" status: 200 len: 286 time: 0.0369167
2026-07-10 22:38:56.800 10 INFO neutron.db.ovn_revision_numbers_db [req-e713c36d-c049-4d23-bfa7-295a1404ac89 req-bd3427b4-220f-4bcf-bf68-0a6d463a11df d3585c36962b45af9e6127acf3cec44d 4d814b66e7d04e119a7c402d5fd81379 - - default default] Successfully bumped revision number for resource f4d0226b-e3fd-4858-b8db-c50b15954d6b (type: ports) to 1
2026-07-10 22:38:56.824 10 INFO neutron.wsgi [req-e713c36d-c049-4d23-bfa7-295a1404ac89 req-bd3427b4-220f-4bcf-bf68-0a6d463a11df d3585c36962b45af9e6127acf3cec44d 4d814b66e7d04e119a7c402d5fd81379 - - default default] 199.19.213.114 "POST /v2.0/ports HTTP/1.1" status: 201 len: 1158 time: 0.5316916 /var/lib/openstack/lib/python3.10/site-packages/pycadf/identifier.py:71: UserWarning: Invalid uuid: neutron. To ensure interoperability, identifiers should be a valid uuid. warnings.warn(('Invalid uuid: %s. To ensure interoperability, ' /var/lib/openstack/lib/python3.10/site-packages/pycadf/identifier.py:71: UserWarning: Invalid uuid: neutron. To ensure interoperability, identifiers should be a valid uuid. warnings.warn(('Invalid uuid: %s. To ensure interoperability, '
2026-07-10 22:38:57.215 10 INFO neutron.wsgi [None req-21a45065-9b5e-4cea-92b3-49077e9ba7b9 ec6d0fcb497b4e21b69298d65bad6c66 63cd8c3b35e6465c9da29c9fda1bda51 - - default default] 10.0.0.45 "GET /v2.0/network-ip-availabilities HTTP/1.1" status: 200 len: 2238 time: 0.1828425
2026-07-10 22:38:57.243 9 INFO neutron.wsgi [req-872eaf3a-968c-41a6-93c0-da6e2cd44cef req-40a66ed9-1232-46b9-8e05-98cae4a7f892 3600a31095e24a50941fd9eb843c71ec 88665a6178214f2fbc2c8b40c42d8a59 - - default default] 10.0.0.191 "GET /v2.0/ports?device_id=89121cd8-47a1-4eb6-bb96-05eb0af235a7 HTTP/1.1" status: 200 len: 1174 time: 0.1165440
2026-07-10 22:38:57.302 9 INFO neutron.wsgi [req-872eaf3a-968c-41a6-93c0-da6e2cd44cef req-d84312b8-218e-4c89-9ac2-f184286e0576 3600a31095e24a50941fd9eb843c71ec 88665a6178214f2fbc2c8b40c42d8a59 - - default default] 10.0.0.191 "GET /v2.0/security-groups?id=2809de46-40a5-44b3-8750-ec5a1dfe802b&fields=id&fields=name HTTP/1.1" status: 200 len: 312 time: 0.0499210
2026-07-10 22:38:57.506 10 INFO neutron.wsgi [None req-b1d9820d-5832-4fe2-a98f-2e640534bfe5 ec6d0fcb497b4e21b69298d65bad6c66 63cd8c3b35e6465c9da29c9fda1bda51 - - default default] 10.0.0.45 "GET /v2.0/subnets HTTP/1.1" status: 200 len: 2752 time: 0.2871072
2026-07-10 22:38:57.532 9 INFO neutron.plugins.ml2.drivers.ovn.mech_driver.mech_driver [None req-f2c7eec2-11f6-45df-bbd1-57dc96077e51 - - - - - -] OVN reports status down for port: d9ecd63e-fcc7-4530-b3bd-aaf5a18fe889
2026-07-10 22:38:57.534 10 INFO neutron.wsgi [None req-ce1e5d92-8ab9-409c-8b02-dbb3caefa90d ec6d0fcb497b4e21b69298d65bad6c66 63cd8c3b35e6465c9da29c9fda1bda51 - - default default] 10.0.0.45 "GET /v2.0/subnetpools HTTP/1.1" status: 200 len: 193 time: 0.0254047
2026-07-10 22:38:57.539 9 INFO neutron.wsgi [req-22d72a63-2d63-4931-9f92-55765f05a243 req-8e13b0e7-dea6-4f28-9b60-26a740a160d3 3600a31095e24a50941fd9eb843c71ec 88665a6178214f2fbc2c8b40c42d8a59 - - default default] 10.0.0.191 "GET /v2.0/ports?device_id=89121cd8-47a1-4eb6-bb96-05eb0af235a7 HTTP/1.1" status: 200 len: 1174 time: 0.0442636
2026-07-10 22:38:57.584 10 INFO neutron.db.ovn_revision_numbers_db [req-e713c36d-c049-4d23-bfa7-295a1404ac89 req-38156fd2-2259-4317-ad7c-3ccaebe8381f 22a11f2aee52441a97600a2652ab2395 90ed7444f26242b78cc632af72d440b0 - - a5783d9bcf4442cfab0eeeda87f0a75d a5783d9bcf4442cfab0eeeda87f0a75d] Successfully bumped revision number for resource f4d0226b-e3fd-4858-b8db-c50b15954d6b (type: ports) to 2
2026-07-10 22:38:57.589 10 INFO neutron.wsgi [None req-7b3e876d-0cee-42ca-91c1-0af46280627a ec6d0fcb497b4e21b69298d65bad6c66 63cd8c3b35e6465c9da29c9fda1bda51 - - default default] 10.0.0.45 "GET /v2.0/floatingips HTTP/1.1" status: 200 len: 1036 time: 0.0543830
2026-07-10 22:38:57.592 9 INFO neutron.wsgi [req-22d72a63-2d63-4931-9f92-55765f05a243 req-0aaf6cfc-63f5-4009-aaeb-7adbd08f511f 3600a31095e24a50941fd9eb843c71ec 88665a6178214f2fbc2c8b40c42d8a59 - - default default] 10.0.0.191 "GET /v2.0/security-groups?id=2809de46-40a5-44b3-8750-ec5a1dfe802b&fields=id&fields=name HTTP/1.1" status: 200 len: 312 time: 0.0433140
2026-07-10 22:38:57.659 10 INFO neutron.wsgi [None req-533b2d66-8554-438a-9481-649bed2907a9 ec6d0fcb497b4e21b69298d65bad6c66 63cd8c3b35e6465c9da29c9fda1bda51 - - default default] 10.0.0.45 "GET /v2.0/security-groups HTTP/1.1" status: 200 len: 25104 time: 0.0681915
2026-07-10 22:38:57.704 9 INFO neutron.notifiers.nova [-] Nova event matching ['req-3626e73a-ee6b-4af6-9eed-e8c7cd0c7f1f'] response: {'server_uuid': '89121cd8-47a1-4eb6-bb96-05eb0af235a7', 'name': 'network-vif-unplugged', 'status': 'completed', 'tag': 'd9ecd63e-fcc7-4530-b3bd-aaf5a18fe889', 'code': 200}
2026-07-10 22:38:57.708 10 INFO neutron.wsgi [None req-fe26ab11-c025-48bd-ba36-179e09a02418 ec6d0fcb497b4e21b69298d65bad6c66 63cd8c3b35e6465c9da29c9fda1bda51 - - default default] 10.0.0.45 "GET /v2.0/ports HTTP/1.1" status: 200 len: 15084 time: 0.0429511
2026-07-10 22:38:57.825 10 INFO neutron.wsgi [None req-6c47d8bc-46ed-4b1f-90ad-50fbf1b20ea9 ec6d0fcb497b4e21b69298d65bad6c66 63cd8c3b35e6465c9da29c9fda1bda51 - - default default] 10.0.0.45 "GET /v2.0/networks HTTP/1.1" status: 200 len: 3872 time: 0.1038563 /var/lib/openstack/lib/python3.10/site-packages/pycadf/identifier.py:71: UserWarning: Invalid uuid: neutron. To ensure interoperability, identifiers should be a valid uuid. warnings.warn(('Invalid uuid: %s. To ensure interoperability, '
2026-07-10 22:38:57.855 9 INFO neutron.wsgi [req-ab2875ff-baa6-40b4-a3a5-2e6493cec7ef req-a2911180-24aa-4584-9f86-d6f23fbd1f6c d3585c36962b45af9e6127acf3cec44d 4d814b66e7d04e119a7c402d5fd81379 - - default default] 10.0.0.191 "GET /v2.0/ports?device_id=38c24040-f2b4-4441-86ed-48ca9fab5e46 HTTP/1.1" status: 200 len: 1168 time: 0.0405405
2026-07-10 22:38:57.895 10 INFO neutron.wsgi [None req-b409ea9c-4f82-40ea-b239-7f25b25bbb1d ec6d0fcb497b4e21b69298d65bad6c66 63cd8c3b35e6465c9da29c9fda1bda51 - - default default] 10.0.0.45 "GET /v2.0/subnets HTTP/1.1" status: 200 len: 2752 time: 0.0523624
2026-07-10 22:38:57.900 9 INFO neutron.wsgi [req-ab2875ff-baa6-40b4-a3a5-2e6493cec7ef req-a028930c-3a57-4c41-b206-b819083e6430 d3585c36962b45af9e6127acf3cec44d 4d814b66e7d04e119a7c402d5fd81379 - - default default] 10.0.0.191 "GET /v2.0/security-groups?id=48b9494a-f14d-434b-b170-3178b4b86f21&fields=id&fields=name HTTP/1.1" status: 200 len: 286 time: 0.0379221
2026-07-10 22:38:57.901 9 INFO neutron.db.ovn_revision_numbers_db [None req-f2c7eec2-11f6-45df-bbd1-57dc96077e51 - - - - - -] Successfully bumped revision number for resource d9ecd63e-fcc7-4530-b3bd-aaf5a18fe889 (type: ports) to 7
2026-07-10 22:38:58.021 10 INFO neutron.wsgi [req-4998074d-08da-4212-b658-a0afcb8fd6d1 req-d9e123ae-5dc9-49df-ae38-50c8739f7839 3600a31095e24a50941fd9eb843c71ec 88665a6178214f2fbc2c8b40c42d8a59 - - default default] 199.19.213.114 "GET /v2.0/ports?device_id=89121cd8-47a1-4eb6-bb96-05eb0af235a7 HTTP/1.1" status: 200 len: 1172 time: 0.1796658
2026-07-10 22:38:58.026 10 INFO neutron.db.ovn_revision_numbers_db [req-e713c36d-c049-4d23-bfa7-295a1404ac89 req-38156fd2-2259-4317-ad7c-3ccaebe8381f 22a11f2aee52441a97600a2652ab2395 90ed7444f26242b78cc632af72d440b0 - - a5783d9bcf4442cfab0eeeda87f0a75d a5783d9bcf4442cfab0eeeda87f0a75d] Successfully bumped revision number for resource f4d0226b-e3fd-4858-b8db-c50b15954d6b (type: ports) to 2
2026-07-10 22:38:58.047 10 INFO neutron.wsgi [None req-01961ad9-a19d-4c3a-a81a-a24b9af5dcf3 ec6d0fcb497b4e21b69298d65bad6c66 63cd8c3b35e6465c9da29c9fda1bda51 - - default default] 10.0.0.45 "GET /v2.0/routers HTTP/1.1" status: 200 len: 1538 time: 0.1490402
2026-07-10 22:38:58.067 10 INFO neutron.wsgi [None req-0d5a98f0-7c34-4f63-8ee1-0475176bb6ec ec6d0fcb497b4e21b69298d65bad6c66 63cd8c3b35e6465c9da29c9fda1bda51 - - default default] 10.0.0.45 "GET /v2.0/agents?binary=ovn-controller HTTP/1.1" status: 200 len: 591 time: 0.0177245
2026-07-10 22:38:58.083 10 INFO neutron.wsgi [req-e713c36d-c049-4d23-bfa7-295a1404ac89 req-38156fd2-2259-4317-ad7c-3ccaebe8381f 22a11f2aee52441a97600a2652ab2395 90ed7444f26242b78cc632af72d440b0 - - a5783d9bcf4442cfab0eeeda87f0a75d a5783d9bcf4442cfab0eeeda87f0a75d] 199.19.213.114 "PUT /v2.0/ports/f4d0226b-e3fd-4858-b8db-c50b15954d6b HTTP/1.1" status: 200 len: 1376 time: 1.2515609
2026-07-10 22:38:58.096 10 INFO neutron.wsgi [None req-831dbcf5-8628-4578-ba22-216428960eec ec6d0fcb497b4e21b69298d65bad6c66 63cd8c3b35e6465c9da29c9fda1bda51 - - default default] 10.0.0.45 "GET /v2.0/agents HTTP/1.1" status: 200 len: 997 time: 0.0271835
2026-07-10 22:38:58.141 10 INFO neutron.notifiers.nova [-] Nova event matching ['req-b1af768c-c5f8-4431-a016-4aac5ea56b4a'] response: {'name': 'network-changed', 'server_uuid': '38c24040-f2b4-4441-86ed-48ca9fab5e46', 'tag': 'f4d0226b-e3fd-4858-b8db-c50b15954d6b', 'status': 'completed', 'code': 200}
2026-07-10 22:38:58.184 10 INFO neutron.wsgi [req-e713c36d-c049-4d23-bfa7-295a1404ac89 req-52c25dc2-d135-45cd-9a17-9d7cde66f66c 22a11f2aee52441a97600a2652ab2395 90ed7444f26242b78cc632af72d440b0 - - a5783d9bcf4442cfab0eeeda87f0a75d a5783d9bcf4442cfab0eeeda87f0a75d] 199.19.213.114 "GET /v2.0/ports?tenant_id=4d814b66e7d04e119a7c402d5fd81379&device_id=38c24040-f2b4-4441-86ed-48ca9fab5e46 HTTP/1.1" status: 200 len: 1407 time: 0.0338936
2026-07-10 22:38:58.220 10 INFO neutron.wsgi [req-e713c36d-c049-4d23-bfa7-295a1404ac89 req-f45b4198-32d2-41ad-ab4c-3489bd3b863e 22a11f2aee52441a97600a2652ab2395 90ed7444f26242b78cc632af72d440b0 - - a5783d9bcf4442cfab0eeeda87f0a75d a5783d9bcf4442cfab0eeeda87f0a75d] 199.19.213.114 "GET /v2.0/floatingips?fixed_ip_address=10.100.0.9&port_id=f4d0226b-e3fd-4858-b8db-c50b15954d6b HTTP/1.1" status: 200 len: 217 time: 0.0274630
2026-07-10 22:38:58.270 10 INFO neutron.wsgi [req-e713c36d-c049-4d23-bfa7-295a1404ac89 req-eec5c717-15ff-4b0d-a7dd-b5004ca5a940 22a11f2aee52441a97600a2652ab2395 90ed7444f26242b78cc632af72d440b0 - - a5783d9bcf4442cfab0eeeda87f0a75d a5783d9bcf4442cfab0eeeda87f0a75d] 199.19.213.114 "GET /v2.0/subnets?id=d5fbbe36-8432-4ada-90b7-3f4530661bf5 HTTP/1.1" status: 200 len: 871 time: 0.0461397
2026-07-10 22:38:58.299 10 INFO neutron.wsgi [req-e713c36d-c049-4d23-bfa7-295a1404ac89 req-27443600-86a6-47f1-92f4-fd1f2c6642a6 22a11f2aee52441a97600a2652ab2395 90ed7444f26242b78cc632af72d440b0 - - a5783d9bcf4442cfab0eeeda87f0a75d a5783d9bcf4442cfab0eeeda87f0a75d] 199.19.213.114 "GET /v2.0/ports?network_id=b5374d4f-71cf-4ccb-8f75-9f3daf060851&device_owner=network%3Adhcp HTTP/1.1" status: 200 len: 210 time: 0.0250673 /var/lib/openstack/lib/python3.10/site-packages/pycadf/identifier.py:71: UserWarning: Invalid uuid: neutron. To ensure interoperability, identifiers should be a valid uuid. warnings.warn(('Invalid uuid: %s. To ensure interoperability, '
2026-07-10 22:38:58.382 10 INFO neutron.wsgi [req-e713c36d-c049-4d23-bfa7-295a1404ac89 req-f7708ef7-1ca4-4b98-90e7-81020b538fb1 22a11f2aee52441a97600a2652ab2395 90ed7444f26242b78cc632af72d440b0 - - a5783d9bcf4442cfab0eeeda87f0a75d a5783d9bcf4442cfab0eeeda87f0a75d] 199.19.213.114 "GET /v2.0/networks/b5374d4f-71cf-4ccb-8f75-9f3daf060851?fields=segments HTTP/1.1" status: 200 len: 212 time: 0.0744808
2026-07-10 22:38:58.389 10 INFO neutron.db.l3_db [req-4998074d-08da-4212-b658-a0afcb8fd6d1 req-878700e1-4144-472a-9ef7-fa12d826e688 3600a31095e24a50941fd9eb843c71ec 88665a6178214f2fbc2c8b40c42d8a59 - - default default] Floating IP 20e0d7ec-e143-4125-b563-f28cc43fdec4 disassociated. External IP: 10.96.250.213, port: d9ecd63e-fcc7-4530-b3bd-aaf5a18fe889.
2026-07-10 22:38:58.475 9 INFO neutron.db.ovn_revision_numbers_db [None req-1a08ed59-9921-49c5-885f-eb4aee15efc7 ec6d0fcb497b4e21b69298d65bad6c66 63cd8c3b35e6465c9da29c9fda1bda51 - - default default] Successfully bumped revision number for resource 014c1b15-b6e8-4a6b-ae0a-39ac635205c0 (type: security_groups) to 1
2026-07-10 22:38:58.478 10 INFO neutron.wsgi [req-e713c36d-c049-4d23-bfa7-295a1404ac89 req-cd2b48e9-18ce-4b3e-a2b7-a8440b2c6797 22a11f2aee52441a97600a2652ab2395 90ed7444f26242b78cc632af72d440b0 - - a5783d9bcf4442cfab0eeeda87f0a75d a5783d9bcf4442cfab0eeeda87f0a75d] 199.19.213.114 "GET /v2.0/networks/b5374d4f-71cf-4ccb-8f75-9f3daf060851?fields=provider%3Aphysical_network&fields=provider%3Anetwork_type HTTP/1.1" status: 200 len: 277 time: 0.0895624
2026-07-10 22:38:58.485 9 INFO neutron.db.ovn_revision_numbers_db [None req-70a1737b-92a3-4265-b82b-e7b44ac2362c ec6d0fcb497b4e21b69298d65bad6c66 63cd8c3b35e6465c9da29c9fda1bda51 - - default default] Successfully bumped revision number for resource 018b029f-85d8-42c5-851a-7f00e64644ab (type: security_groups) to 1
2026-07-10 22:38:58.492 9 INFO neutron.db.ovn_revision_numbers_db [None req-1a08ed59-9921-49c5-885f-eb4aee15efc7 ec6d0fcb497b4e21b69298d65bad6c66 63cd8c3b35e6465c9da29c9fda1bda51 - - default default] Successfully bumped revision number for resource 5686ab90-47e5-4516-a993-3f061d5b1444 (type: security_group_rules) to 0
2026-07-10 22:38:58.500 9 INFO neutron.db.ovn_revision_numbers_db [None req-70a1737b-92a3-4265-b82b-e7b44ac2362c ec6d0fcb497b4e21b69298d65bad6c66 63cd8c3b35e6465c9da29c9fda1bda51 - - default default] Successfully bumped revision number for resource 3c143492-9a7d-4834-a479-66708dfd1e1d (type: security_group_rules) to 0
2026-07-10 22:38:58.505 9 INFO neutron.db.ovn_revision_numbers_db [None req-1a08ed59-9921-49c5-885f-eb4aee15efc7 ec6d0fcb497b4e21b69298d65bad6c66 63cd8c3b35e6465c9da29c9fda1bda51 - - default default] Successfully bumped revision number for resource 88bb6e15-51c3-4a50-b859-268a873734f7 (type: security_group_rules) to 0
2026-07-10 22:38:58.512 9 INFO neutron.db.ovn_revision_numbers_db [None req-70a1737b-92a3-4265-b82b-e7b44ac2362c ec6d0fcb497b4e21b69298d65bad6c66 63cd8c3b35e6465c9da29c9fda1bda51 - - default default] Successfully bumped revision number for resource 8ae3e899-88e3-4839-983e-0435de5c76d6 (type: security_group_rules) to 0
2026-07-10 22:38:58.517 9 INFO neutron.db.ovn_revision_numbers_db [None req-1a08ed59-9921-49c5-885f-eb4aee15efc7 ec6d0fcb497b4e21b69298d65bad6c66 63cd8c3b35e6465c9da29c9fda1bda51 - - default default] Successfully bumped revision number for resource c545a92b-461b-4367-837e-1f649f0d4801 (type: security_group_rules) to 0
2026-07-10 22:38:58.523 9 INFO neutron.db.ovn_revision_numbers_db [None req-70a1737b-92a3-4265-b82b-e7b44ac2362c ec6d0fcb497b4e21b69298d65bad6c66 63cd8c3b35e6465c9da29c9fda1bda51 - - default default] Successfully bumped revision number for resource 999e5ce1-0553-43e7-bf27-f7aeff257f80 (type: security_group_rules) to 0
2026-07-10 22:38:58.540 9 INFO neutron.db.ovn_revision_numbers_db [None req-70a1737b-92a3-4265-b82b-e7b44ac2362c ec6d0fcb497b4e21b69298d65bad6c66 63cd8c3b35e6465c9da29c9fda1bda51 - - default default] Successfully bumped revision number for resource d125ee81-d0bb-473d-94bc-b6d68f92deb4 (type: security_group_rules) to 0
2026-07-10 22:38:58.564 10 INFO neutron.wsgi [req-5e3e3e7a-a259-4ed2-ace2-3323b698fcdc req-23285d77-2e39-42b7-b5ee-fb670ce0fd66 22a11f2aee52441a97600a2652ab2395 90ed7444f26242b78cc632af72d440b0 - - a5783d9bcf4442cfab0eeeda87f0a75d a5783d9bcf4442cfab0eeeda87f0a75d] 199.19.213.114 "GET /v2.0/ports?tenant_id=4d814b66e7d04e119a7c402d5fd81379&device_id=38c24040-f2b4-4441-86ed-48ca9fab5e46 HTTP/1.1" status: 200 len: 1407 time: 0.0460939
2026-07-10 22:38:58.583 10 INFO neutron.wsgi [req-4998074d-08da-4212-b658-a0afcb8fd6d1 req-878700e1-4144-472a-9ef7-fa12d826e688 3600a31095e24a50941fd9eb843c71ec 88665a6178214f2fbc2c8b40c42d8a59 - - default default] 199.19.213.114 "DELETE /v2.0/ports/d9ecd63e-fcc7-4530-b3bd-aaf5a18fe889 HTTP/1.1" status: 204 len: 173 time: 0.5577686
2026-07-10 22:38:58.671 10 INFO neutron.wsgi [req-5e3e3e7a-a259-4ed2-ace2-3323b698fcdc req-822ffb72-e8b1-4ce4-9ffc-13351a4d9733 22a11f2aee52441a97600a2652ab2395 90ed7444f26242b78cc632af72d440b0 - - a5783d9bcf4442cfab0eeeda87f0a75d a5783d9bcf4442cfab0eeeda87f0a75d] 199.19.213.114 "GET /v2.0/networks?id=b5374d4f-71cf-4ccb-8f75-9f3daf060851 HTTP/1.1" status: 200 len: 975 time: 0.1018348
2026-07-10 22:38:58.707 10 INFO neutron.wsgi [req-5e3e3e7a-a259-4ed2-ace2-3323b698fcdc req-0fe5643b-e0bb-462e-b462-f057d0a527b5 22a11f2aee52441a97600a2652ab2395 90ed7444f26242b78cc632af72d440b0 - - a5783d9bcf4442cfab0eeeda87f0a75d a5783d9bcf4442cfab0eeeda87f0a75d] 199.19.213.114 "GET /v2.0/floatingips?fixed_ip_address=10.100.0.9&port_id=f4d0226b-e3fd-4858-b8db-c50b15954d6b HTTP/1.1" status: 200 len: 217 time: 0.0320408
2026-07-10 22:38:58.726 9 INFO neutron.db.ovn_revision_numbers_db [None req-1a08ed59-9921-49c5-885f-eb4aee15efc7 ec6d0fcb497b4e21b69298d65bad6c66 63cd8c3b35e6465c9da29c9fda1bda51 - - default default] Successfully bumped revision number for resource f2a1f0a5-b413-4a9f-b6c3-042a9e7c8469 (type: security_group_rules) to 0
2026-07-10 22:38:58.742 10 INFO neutron.wsgi [-] 10.0.0.184 "GET / HTTP/1.1" status: 200 len: 246 time: 0.0014055
2026-07-10 22:38:58.743 10 INFO neutron.wsgi [-] 10.0.0.184 "GET / HTTP/1.1" status: 200 len: 246 time: 0.0012136
2026-07-10 22:38:58.745 9 INFO neutron.plugins.ml2.drivers.ovn.mech_driver.mech_driver [None req-f2c7eec2-11f6-45df-bbd1-57dc96077e51 - - - - - -] OVN reports status up for port: f4d0226b-e3fd-4858-b8db-c50b15954d6b
2026-07-10 22:38:58.755 9 INFO neutron.wsgi [req-8be71ff9-1b20-4dc6-b375-00e79b378baa req-91e28d90-54d1-453f-8a22-f0db425a34b7 3600a31095e24a50941fd9eb843c71ec 88665a6178214f2fbc2c8b40c42d8a59 - - default default] 10.0.0.191 "GET /v2.0/ports?device_id=89121cd8-47a1-4eb6-bb96-05eb0af235a7 HTTP/1.1" status: 200 len: 210 time: 0.0302629
2026-07-10 22:38:58.762 9 INFO neutron.wsgi [None req-70a1737b-92a3-4265-b82b-e7b44ac2362c ec6d0fcb497b4e21b69298d65bad6c66 63cd8c3b35e6465c9da29c9fda1bda51 - - default default] 10.0.0.204 "GET /v2.0/security-groups?tenant_id=8e1e2bfeb3d64f1cb35bee492f3bbc09&name=default HTTP/1.1" status: 200 len: 2996 time: 0.5490935
2026-07-10 22:38:58.768 9 INFO neutron.plugins.ml2.plugin [None req-f2c7eec2-11f6-45df-bbd1-57dc96077e51 - - - - - -] Attempt 1 to provision port f4d0226b-e3fd-4858-b8db-c50b15954d6b
2026-07-10 22:38:58.771 9 INFO neutron.wsgi [None req-1a08ed59-9921-49c5-885f-eb4aee15efc7 ec6d0fcb497b4e21b69298d65bad6c66 63cd8c3b35e6465c9da29c9fda1bda51 - - default default] 10.0.0.204 "GET /v2.0/security-groups?tenant_id=6d55d45a6be44ca996e765c8ef5b6775&name=default HTTP/1.1" status: 200 len: 2996 time: 0.5373559
2026-07-10 22:38:58.776 10 INFO neutron.wsgi [req-5e3e3e7a-a259-4ed2-ace2-3323b698fcdc req-24afa677-ff41-4d3b-aaba-04e6f0370460 22a11f2aee52441a97600a2652ab2395 90ed7444f26242b78cc632af72d440b0 - - a5783d9bcf4442cfab0eeeda87f0a75d a5783d9bcf4442cfab0eeeda87f0a75d] 199.19.213.114 "GET /v2.0/subnets?id=d5fbbe36-8432-4ada-90b7-3f4530661bf5 HTTP/1.1" status: 200 len: 871 time: 0.0519674
2026-07-10 22:38:58.810 10 INFO neutron.wsgi [req-5e3e3e7a-a259-4ed2-ace2-3323b698fcdc req-287c667d-1e37-45be-812a-34aaf47a9ad6 22a11f2aee52441a97600a2652ab2395 90ed7444f26242b78cc632af72d440b0 - - a5783d9bcf4442cfab0eeeda87f0a75d a5783d9bcf4442cfab0eeeda87f0a75d] 199.19.213.114 "GET /v2.0/ports?network_id=b5374d4f-71cf-4ccb-8f75-9f3daf060851&device_owner=network%3Adhcp HTTP/1.1" status: 200 len: 210 time: 0.0244832
2026-07-10 22:38:58.908 10 INFO neutron.wsgi [req-5e3e3e7a-a259-4ed2-ace2-3323b698fcdc req-762069c0-fe21-47f1-88ae-aee02123e834 22a11f2aee52441a97600a2652ab2395 90ed7444f26242b78cc632af72d440b0 - - a5783d9bcf4442cfab0eeeda87f0a75d a5783d9bcf4442cfab0eeeda87f0a75d] 199.19.213.114 "GET /v2.0/networks/b5374d4f-71cf-4ccb-8f75-9f3daf060851?fields=segments HTTP/1.1" status: 200 len: 212 time: 0.0916402
2026-07-10 22:38:59.004 10 INFO neutron.wsgi [req-5e3e3e7a-a259-4ed2-ace2-3323b698fcdc req-d859f201-5d13-49e1-b370-2f19ad060898 22a11f2aee52441a97600a2652ab2395 90ed7444f26242b78cc632af72d440b0 - - a5783d9bcf4442cfab0eeeda87f0a75d a5783d9bcf4442cfab0eeeda87f0a75d] 199.19.213.114 "GET /v2.0/networks/b5374d4f-71cf-4ccb-8f75-9f3daf060851?fields=provider%3Aphysical_network&fields=provider%3Anetwork_type HTTP/1.1" status: 200 len: 277 time: 0.0884247
