Jun 29 04:29:05.681364 np0000183325 systemd[1]: Starting devstack@n-api-meta.service - Devstack devstack@n-api-meta.service...
Jun 29 04:29:05.691989 np0000183325 devstack@n-api-meta.service[108468]: [uWSGI] getting INI configuration from /etc/nova/nova-metadata-uwsgi.ini
Jun 29 04:29:05.694353 np0000183325 devstack@n-api-meta.service[108468]: *** Starting uWSGI 2.0.24-debian (64bit) on [Mon Jun 29 04:29:05 2026] ***
Jun 29 04:29:05.694353 np0000183325 devstack@n-api-meta.service[108468]: compiled with version: 13.2.0 on 17 April 2024 16:23:48
Jun 29 04:29:05.694353 np0000183325 devstack@n-api-meta.service[108468]: os: Linux-6.8.0-124-generic #124-Ubuntu SMP PREEMPT_DYNAMIC Tue May 26 13:00:45 UTC 2026
Jun 29 04:29:05.694353 np0000183325 devstack@n-api-meta.service[108468]: nodename: np0000183325
Jun 29 04:29:05.694353 np0000183325 devstack@n-api-meta.service[108468]: machine: x86_64
Jun 29 04:29:05.694353 np0000183325 devstack@n-api-meta.service[108468]: clock source: unix
Jun 29 04:29:05.694353 np0000183325 devstack@n-api-meta.service[108468]: pcre jit disabled
Jun 29 04:29:05.694353 np0000183325 devstack@n-api-meta.service[108468]: detected number of CPU cores: 16
Jun 29 04:29:05.694353 np0000183325 devstack@n-api-meta.service[108468]: current working directory: /
Jun 29 04:29:05.694353 np0000183325 devstack@n-api-meta.service[108468]: detected binary path: /usr/bin/uwsgi-core
Jun 29 04:29:05.694353 np0000183325 devstack@n-api-meta.service[108468]: your processes number limit is 256917
Jun 29 04:29:05.694353 np0000183325 devstack@n-api-meta.service[108468]: your memory page size is 4096 bytes
Jun 29 04:29:05.694353 np0000183325 devstack@n-api-meta.service[108468]: detected max file descriptor number: 2048
Jun 29 04:29:05.694353 np0000183325 devstack@n-api-meta.service[108468]: lock engine: pthread robust mutexes
Jun 29 04:29:05.695211 np0000183325 devstack@n-api-meta.service[108468]: thunder lock: enabled
Jun 29 04:29:05.695211 np0000183325 devstack@n-api-meta.service[108468]: uWSGI http bound on 0.0.0.0:8775 fd 5
Jun 29 04:29:05.695211 np0000183325 devstack@n-api-meta.service[108468]: uwsgi socket 0 bound to TCP address 127.0.0.1:36027 (port auto-assigned) fd 4
Jun 29 04:29:05.695211 np0000183325 devstack@n-api-meta.service[108468]: Python version: 3.12.3 (main, Mar 23 2026, 19:04:32) [GCC 13.3.0]
Jun 29 04:29:05.695211 np0000183325 devstack@n-api-meta.service[108468]: PEP 405 virtualenv detected: /opt/stack/data/venv
Jun 29 04:29:05.695211 np0000183325 devstack@n-api-meta.service[108468]: Set PythonHome to /opt/stack/data/venv
Jun 29 04:29:05.731809 np0000183325 devstack@n-api-meta.service[108468]: Python main interpreter initialized at 0x73c7a9aa3668
Jun 29 04:29:05.731809 np0000183325 devstack@n-api-meta.service[108468]: python threads support enabled
Jun 29 04:29:05.731809 np0000183325 devstack@n-api-meta.service[108468]: your server socket listen backlog is limited to 100 connections
Jun 29 04:29:05.731809 np0000183325 devstack@n-api-meta.service[108468]: your mercy for graceful operations on workers is 80 seconds
Jun 29 04:29:05.732505 np0000183325 devstack@n-api-meta.service[108468]: mapped 671795 bytes (656 KB) for 4 cores
Jun 29 04:29:05.732666 np0000183325 devstack@n-api-meta.service[108468]: *** Operational MODE: preforking ***
Jun 29 04:29:05.732839 np0000183325 devstack@n-api-meta.service[108468]: *** uWSGI is running in multiple interpreter mode ***
Jun 29 04:29:05.732839 np0000183325 devstack@n-api-meta.service[108468]: spawned uWSGI master process (pid: 108468)
Jun 29 04:29:05.733076 np0000183325 systemd[1]: Started devstack@n-api-meta.service - Devstack devstack@n-api-meta.service.
Jun 29 04:29:05.733527 np0000183325 devstack@n-api-meta.service[108468]: spawned uWSGI worker 1 (pid: 108469, cores: 1)
Jun 29 04:29:05.734012 np0000183325 devstack@n-api-meta.service[108468]: spawned uWSGI worker 2 (pid: 108470, cores: 1)
Jun 29 04:29:05.734488 np0000183325 devstack@n-api-meta.service[108468]: spawned uWSGI worker 3 (pid: 108471, cores: 1)
Jun 29 04:29:05.735110 np0000183325 devstack@n-api-meta.service[108468]: spawned uWSGI worker 4 (pid: 108472, cores: 1)
Jun 29 04:29:05.735599 np0000183325 devstack@n-api-meta.service[108468]: spawned uWSGI http 1 (pid: 108473)
Jun 29 04:29:05.735599 np0000183325 devstack@n-api-meta.service[108468]: running "unix_signal:15 gracefully_kill_them_all" (master-start)...
Jun 29 04:29:07.785153 np0000183325 devstack@n-api-meta.service[108469]: INFO dbcounter [None req-5ca71977-28d1-43fe-9a3a-9b74f10daebc None None] Registered counter for database nova_api
Jun 29 04:29:07.826084 np0000183325 devstack@n-api-meta.service[108471]: INFO dbcounter [None req-15ef13be-d4d1-4acb-b1ae-be95b2143dd2 None None] Registered counter for database nova_api
Jun 29 04:29:07.843087 np0000183325 devstack@n-api-meta.service[108469]: DEBUG oslo_db.sqlalchemy.engines [None req-5ca71977-28d1-43fe-9a3a-9b74f10daebc None None] MySQL server mode set to STRICT_TRANS_TABLES,STRICT_ALL_TABLES,NO_ZERO_IN_DATE,NO_ZERO_DATE,ERROR_FOR_DIVISION_BY_ZERO,TRADITIONAL,NO_ENGINE_SUBSTITUTION {{(pid=108469) _check_effective_sql_mode /opt/stack/data/venv/lib/python3.12/site-packages/oslo_db/sqlalchemy/engines.py:325}}
Jun 29 04:29:07.857091 np0000183325 devstack@n-api-meta.service[108470]: INFO dbcounter [None req-a2fdf6bc-fd81-4947-8121-86a3b8684dec None None] Registered counter for database nova_api
Jun 29 04:29:07.877208 np0000183325 devstack@n-api-meta.service[108471]: DEBUG oslo_db.sqlalchemy.engines [None req-15ef13be-d4d1-4acb-b1ae-be95b2143dd2 None None] MySQL server mode set to STRICT_TRANS_TABLES,STRICT_ALL_TABLES,NO_ZERO_IN_DATE,NO_ZERO_DATE,ERROR_FOR_DIVISION_BY_ZERO,TRADITIONAL,NO_ENGINE_SUBSTITUTION {{(pid=108471) _check_effective_sql_mode /opt/stack/data/venv/lib/python3.12/site-packages/oslo_db/sqlalchemy/engines.py:325}}
Jun 29 04:29:07.883710 np0000183325 devstack@n-api-meta.service[108469]: DEBUG dbcounter [-] [108469] Writer thread running {{(pid=108469) stat_writer /opt/stack/data/venv/lib/python3.12/site-packages/dbcounter.py:102}}
Jun 29 04:29:07.887166 np0000183325 devstack@n-api-meta.service[108469]: DEBUG nova.context [None req-5ca71977-28d1-43fe-9a3a-9b74f10daebc None None] Found 2 cells: 00000000-0000-0000-0000-000000000000(cell0),e51bf31a-884a-416a-89f8-beefd0588dbc(cell1) {{(pid=108469) load_cells /opt/stack/nova/nova/context.py:509}}
Jun 29 04:29:07.887468 np0000183325 devstack@n-api-meta.service[108469]: INFO nova.utils [None req-5ca71977-28d1-43fe-9a3a-9b74f10daebc None None] The cell worker thread pool MainProcess.cell_worker is initialized
Jun 29 04:29:07.890248 np0000183325 devstack@n-api-meta.service[108469]: DEBUG oslo_concurrency.lockutils [None req-5ca71977-28d1-43fe-9a3a-9b74f10daebc None None] Acquiring lock "00000000-0000-0000-0000-000000000000" by "nova.context.set_target_cell..get_or_set_cached_cell_and_set_connections" {{(pid=108469) inner /opt/stack/data/venv/lib/python3.12/site-packages/oslo_concurrency/lockutils.py:511}}
Jun 29 04:29:07.890580 np0000183325 devstack@n-api-meta.service[108469]: DEBUG oslo_concurrency.lockutils [None req-5ca71977-28d1-43fe-9a3a-9b74f10daebc None None] Lock "00000000-0000-0000-0000-000000000000" acquired by "nova.context.set_target_cell..get_or_set_cached_cell_and_set_connections" :: waited 0.000s {{(pid=108469) inner /opt/stack/data/venv/lib/python3.12/site-packages/oslo_concurrency/lockutils.py:524}}
Jun 29 04:29:07.891228 np0000183325 devstack@n-api-meta.service[108469]: DEBUG oslo_concurrency.lockutils [None req-5ca71977-28d1-43fe-9a3a-9b74f10daebc None None] Lock "00000000-0000-0000-0000-000000000000" "released" by "nova.context.set_target_cell..get_or_set_cached_cell_and_set_connections" :: held 0.001s {{(pid=108469) inner /opt/stack/data/venv/lib/python3.12/site-packages/oslo_concurrency/lockutils.py:543}}
Jun 29 04:29:07.892271 np0000183325 devstack@n-api-meta.service[108469]: DEBUG oslo_concurrency.lockutils [None req-5ca71977-28d1-43fe-9a3a-9b74f10daebc None None] Acquiring lock "e51bf31a-884a-416a-89f8-beefd0588dbc" by "nova.context.set_target_cell..get_or_set_cached_cell_and_set_connections" {{(pid=108469) inner /opt/stack/data/venv/lib/python3.12/site-packages/oslo_concurrency/lockutils.py:511}}
Jun 29 04:29:07.892472 np0000183325 devstack@n-api-meta.service[108469]: DEBUG oslo_concurrency.lockutils [None req-5ca71977-28d1-43fe-9a3a-9b74f10daebc None None] Lock "e51bf31a-884a-416a-89f8-beefd0588dbc" acquired by "nova.context.set_target_cell..get_or_set_cached_cell_and_set_connections" :: waited 0.000s {{(pid=108469) inner /opt/stack/data/venv/lib/python3.12/site-packages/oslo_concurrency/lockutils.py:524}}
Jun 29 04:29:07.893902 np0000183325 devstack@n-api-meta.service[108469]: DEBUG oslo_concurrency.lockutils [None req-5ca71977-28d1-43fe-9a3a-9b74f10daebc None None] Lock "e51bf31a-884a-416a-89f8-beefd0588dbc" "released" by "nova.context.set_target_cell..get_or_set_cached_cell_and_set_connections" :: held 0.001s {{(pid=108469) inner /opt/stack/data/venv/lib/python3.12/site-packages/oslo_concurrency/lockutils.py:543}}
Jun 29 04:29:07.896944 np0000183325 devstack@n-api-meta.service[108469]: INFO dbcounter [None req-5ca71977-28d1-43fe-9a3a-9b74f10daebc None None] Registered counter for database nova_cell0
Jun 29 04:29:07.897389 np0000183325 devstack@n-api-meta.service[108472]: INFO dbcounter [None req-ebf6798a-f8c9-4d72-bf5f-9480634dee7e None None] Registered counter for database nova_api
Jun 29 04:29:07.903709 np0000183325 devstack@n-api-meta.service[108469]: INFO dbcounter [None req-5ca71977-28d1-43fe-9a3a-9b74f10daebc None None] Registered counter for database nova_cell1
Jun 29 04:29:07.911716 np0000183325 devstack@n-api-meta.service[108471]: DEBUG dbcounter [-] [108471] Writer thread running {{(pid=108471) stat_writer /opt/stack/data/venv/lib/python3.12/site-packages/dbcounter.py:102}}
Jun 29 04:29:07.913290 np0000183325 devstack@n-api-meta.service[108470]: DEBUG oslo_db.sqlalchemy.engines [None req-a2fdf6bc-fd81-4947-8121-86a3b8684dec None None] MySQL server mode set to STRICT_TRANS_TABLES,STRICT_ALL_TABLES,NO_ZERO_IN_DATE,NO_ZERO_DATE,ERROR_FOR_DIVISION_BY_ZERO,TRADITIONAL,NO_ENGINE_SUBSTITUTION {{(pid=108470) _check_effective_sql_mode /opt/stack/data/venv/lib/python3.12/site-packages/oslo_db/sqlalchemy/engines.py:325}}
Jun 29 04:29:07.919173 np0000183325 devstack@n-api-meta.service[108471]: DEBUG nova.context [None req-15ef13be-d4d1-4acb-b1ae-be95b2143dd2 None None] Found 2 cells: 00000000-0000-0000-0000-000000000000(cell0),e51bf31a-884a-416a-89f8-beefd0588dbc(cell1) {{(pid=108471) load_cells /opt/stack/nova/nova/context.py:509}}
Jun 29 04:29:07.919173 np0000183325 devstack@n-api-meta.service[108471]: INFO nova.utils [None req-15ef13be-d4d1-4acb-b1ae-be95b2143dd2 None None] The cell worker thread pool MainProcess.cell_worker is initialized
Jun 29 04:29:07.919173 np0000183325 devstack@n-api-meta.service[108471]: DEBUG oslo_concurrency.lockutils [None req-15ef13be-d4d1-4acb-b1ae-be95b2143dd2 None None] Acquiring lock "00000000-0000-0000-0000-000000000000" by "nova.context.set_target_cell..get_or_set_cached_cell_and_set_connections" {{(pid=108471) inner /opt/stack/data/venv/lib/python3.12/site-packages/oslo_concurrency/lockutils.py:511}}
Jun 29 04:29:07.919173 np0000183325 devstack@n-api-meta.service[108471]: DEBUG oslo_concurrency.lockutils [None req-15ef13be-d4d1-4acb-b1ae-be95b2143dd2 None None] Lock "00000000-0000-0000-0000-000000000000" acquired by "nova.context.set_target_cell..get_or_set_cached_cell_and_set_connections" :: waited 0.000s {{(pid=108471) inner /opt/stack/data/venv/lib/python3.12/site-packages/oslo_concurrency/lockutils.py:524}}
Jun 29 04:29:07.919173 np0000183325 devstack@n-api-meta.service[108471]: DEBUG oslo_concurrency.lockutils [None req-15ef13be-d4d1-4acb-b1ae-be95b2143dd2 None None] Lock "00000000-0000-0000-0000-000000000000" "released" by "nova.context.set_target_cell..get_or_set_cached_cell_and_set_connections" :: held 0.000s {{(pid=108471) inner /opt/stack/data/venv/lib/python3.12/site-packages/oslo_concurrency/lockutils.py:543}}
Jun 29 04:29:07.922483 np0000183325 devstack@n-api-meta.service[108471]: DEBUG oslo_concurrency.lockutils [None req-15ef13be-d4d1-4acb-b1ae-be95b2143dd2 None None] Acquiring lock "e51bf31a-884a-416a-89f8-beefd0588dbc" by "nova.context.set_target_cell..get_or_set_cached_cell_and_set_connections" {{(pid=108471) inner /opt/stack/data/venv/lib/python3.12/site-packages/oslo_concurrency/lockutils.py:511}}
Jun 29 04:29:07.925258 np0000183325 devstack@n-api-meta.service[108471]: INFO dbcounter [None req-15ef13be-d4d1-4acb-b1ae-be95b2143dd2 None None] Registered counter for database nova_cell0
Jun 29 04:29:07.927231 np0000183325 devstack@n-api-meta.service[108471]: DEBUG oslo_concurrency.lockutils [None req-15ef13be-d4d1-4acb-b1ae-be95b2143dd2 None None] Lock "e51bf31a-884a-416a-89f8-beefd0588dbc" acquired by "nova.context.set_target_cell..get_or_set_cached_cell_and_set_connections" :: waited 0.003s {{(pid=108471) inner /opt/stack/data/venv/lib/python3.12/site-packages/oslo_concurrency/lockutils.py:524}}
Jun 29 04:29:07.930137 np0000183325 devstack@n-api-meta.service[108471]: DEBUG oslo_concurrency.lockutils [None req-15ef13be-d4d1-4acb-b1ae-be95b2143dd2 None None] Lock "e51bf31a-884a-416a-89f8-beefd0588dbc" "released" by "nova.context.set_target_cell..get_or_set_cached_cell_and_set_connections" :: held 0.005s {{(pid=108471) inner /opt/stack/data/venv/lib/python3.12/site-packages/oslo_concurrency/lockutils.py:543}}
Jun 29 04:29:07.933213 np0000183325 devstack@n-api-meta.service[108471]: INFO dbcounter [None req-15ef13be-d4d1-4acb-b1ae-be95b2143dd2 None None] Registered counter for database nova_cell1
Jun 29 04:29:07.951885 np0000183325 devstack@n-api-meta.service[108472]: DEBUG oslo_db.sqlalchemy.engines [None req-ebf6798a-f8c9-4d72-bf5f-9480634dee7e None None] MySQL server mode set to STRICT_TRANS_TABLES,STRICT_ALL_TABLES,NO_ZERO_IN_DATE,NO_ZERO_DATE,ERROR_FOR_DIVISION_BY_ZERO,TRADITIONAL,NO_ENGINE_SUBSTITUTION {{(pid=108472) _check_effective_sql_mode /opt/stack/data/venv/lib/python3.12/site-packages/oslo_db/sqlalchemy/engines.py:325}}
Jun 29 04:29:07.953013 np0000183325 devstack@n-api-meta.service[108470]: DEBUG dbcounter [-] [108470] Writer thread running {{(pid=108470) stat_writer /opt/stack/data/venv/lib/python3.12/site-packages/dbcounter.py:102}}
Jun 29 04:29:07.955988 np0000183325 devstack@n-api-meta.service[108470]: DEBUG nova.context [None req-a2fdf6bc-fd81-4947-8121-86a3b8684dec None None] Found 2 cells: 00000000-0000-0000-0000-000000000000(cell0),e51bf31a-884a-416a-89f8-beefd0588dbc(cell1) {{(pid=108470) load_cells /opt/stack/nova/nova/context.py:509}}
Jun 29 04:29:07.956273 np0000183325 devstack@n-api-meta.service[108470]: INFO nova.utils [None req-a2fdf6bc-fd81-4947-8121-86a3b8684dec None None] The cell worker thread pool MainProcess.cell_worker is initialized
Jun 29 04:29:07.958424 np0000183325 devstack@n-api-meta.service[108470]: DEBUG oslo_concurrency.lockutils [None req-a2fdf6bc-fd81-4947-8121-86a3b8684dec None None] Acquiring lock "00000000-0000-0000-0000-000000000000" by "nova.context.set_target_cell..get_or_set_cached_cell_and_set_connections" {{(pid=108470) inner /opt/stack/data/venv/lib/python3.12/site-packages/oslo_concurrency/lockutils.py:511}}
Jun 29 04:29:07.958468 np0000183325 devstack@n-api-meta.service[108470]: DEBUG oslo_concurrency.lockutils [None req-a2fdf6bc-fd81-4947-8121-86a3b8684dec None None] Lock "00000000-0000-0000-0000-000000000000" acquired by "nova.context.set_target_cell..get_or_set_cached_cell_and_set_connections" :: waited 0.000s {{(pid=108470) inner /opt/stack/data/venv/lib/python3.12/site-packages/oslo_concurrency/lockutils.py:524}}
Jun 29 04:29:07.958848 np0000183325 devstack@n-api-meta.service[108470]: DEBUG oslo_concurrency.lockutils [None req-a2fdf6bc-fd81-4947-8121-86a3b8684dec None None] Lock "00000000-0000-0000-0000-000000000000" "released" by "nova.context.set_target_cell..get_or_set_cached_cell_and_set_connections" :: held 0.000s {{(pid=108470) inner /opt/stack/data/venv/lib/python3.12/site-packages/oslo_concurrency/lockutils.py:543}}
Jun 29 04:29:07.959503 np0000183325 devstack@n-api-meta.service[108470]: DEBUG oslo_concurrency.lockutils [None req-a2fdf6bc-fd81-4947-8121-86a3b8684dec None None] Acquiring lock "e51bf31a-884a-416a-89f8-beefd0588dbc" by "nova.context.set_target_cell..get_or_set_cached_cell_and_set_connections" {{(pid=108470) inner /opt/stack/data/venv/lib/python3.12/site-packages/oslo_concurrency/lockutils.py:511}}
Jun 29 04:29:07.959706 np0000183325 devstack@n-api-meta.service[108470]: DEBUG oslo_concurrency.lockutils [None req-a2fdf6bc-fd81-4947-8121-86a3b8684dec None None] Lock "e51bf31a-884a-416a-89f8-beefd0588dbc" acquired by "nova.context.set_target_cell..get_or_set_cached_cell_and_set_connections" :: waited 0.000s {{(pid=108470) inner /opt/stack/data/venv/lib/python3.12/site-packages/oslo_concurrency/lockutils.py:524}}
Jun 29 04:29:07.962272 np0000183325 devstack@n-api-meta.service[108470]: INFO dbcounter [None req-a2fdf6bc-fd81-4947-8121-86a3b8684dec None None] Registered counter for database nova_cell0
Jun 29 04:29:07.964251 np0000183325 devstack@n-api-meta.service[108470]: DEBUG oslo_concurrency.lockutils [None req-a2fdf6bc-fd81-4947-8121-86a3b8684dec None None] Lock "e51bf31a-884a-416a-89f8-beefd0588dbc" "released" by "nova.context.set_target_cell..get_or_set_cached_cell_and_set_connections" :: held 0.002s {{(pid=108470) inner /opt/stack/data/venv/lib/python3.12/site-packages/oslo_concurrency/lockutils.py:543}}
Jun 29 04:29:07.966113 np0000183325 devstack@n-api-meta.service[108469]: DEBUG oslo_db.sqlalchemy.engines [None req-5ca71977-28d1-43fe-9a3a-9b74f10daebc None None] MySQL server mode set to STRICT_TRANS_TABLES,STRICT_ALL_TABLES,NO_ZERO_IN_DATE,NO_ZERO_DATE,ERROR_FOR_DIVISION_BY_ZERO,TRADITIONAL,NO_ENGINE_SUBSTITUTION {{(pid=108469) _check_effective_sql_mode /opt/stack/data/venv/lib/python3.12/site-packages/oslo_db/sqlalchemy/engines.py:325}}
Jun 29 04:29:07.967918 np0000183325 devstack@n-api-meta.service[108470]: INFO dbcounter [None req-a2fdf6bc-fd81-4947-8121-86a3b8684dec None None] Registered counter for database nova_cell1
Jun 29 04:29:07.993468 np0000183325 devstack@n-api-meta.service[108472]: DEBUG dbcounter [-] [108472] Writer thread running {{(pid=108472) stat_writer /opt/stack/data/venv/lib/python3.12/site-packages/dbcounter.py:102}}
Jun 29 04:29:07.993699 np0000183325 devstack@n-api-meta.service[108469]: DEBUG oslo_db.sqlalchemy.engines [None req-5ca71977-28d1-43fe-9a3a-9b74f10daebc None None] MySQL server mode set to STRICT_TRANS_TABLES,STRICT_ALL_TABLES,NO_ZERO_IN_DATE,NO_ZERO_DATE,ERROR_FOR_DIVISION_BY_ZERO,TRADITIONAL,NO_ENGINE_SUBSTITUTION {{(pid=108469) _check_effective_sql_mode /opt/stack/data/venv/lib/python3.12/site-packages/oslo_db/sqlalchemy/engines.py:325}}
Jun 29 04:29:07.994768 np0000183325 devstack@n-api-meta.service[108471]: DEBUG oslo_db.sqlalchemy.engines [None req-15ef13be-d4d1-4acb-b1ae-be95b2143dd2 None None] MySQL server mode set to STRICT_TRANS_TABLES,STRICT_ALL_TABLES,NO_ZERO_IN_DATE,NO_ZERO_DATE,ERROR_FOR_DIVISION_BY_ZERO,TRADITIONAL,NO_ENGINE_SUBSTITUTION {{(pid=108471) _check_effective_sql_mode /opt/stack/data/venv/lib/python3.12/site-packages/oslo_db/sqlalchemy/engines.py:325}}
Jun 29 04:29:08.005412 np0000183325 devstack@n-api-meta.service[108472]: DEBUG nova.context [None req-ebf6798a-f8c9-4d72-bf5f-9480634dee7e None None] Found 2 cells: 00000000-0000-0000-0000-000000000000(cell0),e51bf31a-884a-416a-89f8-beefd0588dbc(cell1) {{(pid=108472) load_cells /opt/stack/nova/nova/context.py:509}}
Jun 29 04:29:08.005958 np0000183325 devstack@n-api-meta.service[108472]: INFO nova.utils [None req-ebf6798a-f8c9-4d72-bf5f-9480634dee7e None None] The cell worker thread pool MainProcess.cell_worker is initialized
Jun 29 04:29:08.010002 np0000183325 devstack@n-api-meta.service[108472]: DEBUG oslo_concurrency.lockutils [None req-ebf6798a-f8c9-4d72-bf5f-9480634dee7e None None] Acquiring lock "00000000-0000-0000-0000-000000000000" by "nova.context.set_target_cell..get_or_set_cached_cell_and_set_connections" {{(pid=108472) inner /opt/stack/data/venv/lib/python3.12/site-packages/oslo_concurrency/lockutils.py:511}}
Jun 29 04:29:08.010390 np0000183325 devstack@n-api-meta.service[108472]: DEBUG oslo_concurrency.lockutils [None req-ebf6798a-f8c9-4d72-bf5f-9480634dee7e None None] Lock "00000000-0000-0000-0000-000000000000" acquired by "nova.context.set_target_cell..get_or_set_cached_cell_and_set_connections" :: waited 0.000s {{(pid=108472) inner /opt/stack/data/venv/lib/python3.12/site-packages/oslo_concurrency/lockutils.py:524}}
Jun 29 04:29:08.011229 np0000183325 devstack@n-api-meta.service[108472]: DEBUG oslo_concurrency.lockutils [None req-ebf6798a-f8c9-4d72-bf5f-9480634dee7e None None] Lock "00000000-0000-0000-0000-000000000000" "released" by "nova.context.set_target_cell..get_or_set_cached_cell_and_set_connections" :: held 0.001s {{(pid=108472) inner /opt/stack/data/venv/lib/python3.12/site-packages/oslo_concurrency/lockutils.py:543}}
Jun 29 04:29:08.012184 np0000183325 devstack@n-api-meta.service[108472]: DEBUG oslo_concurrency.lockutils [None req-ebf6798a-f8c9-4d72-bf5f-9480634dee7e None None] Acquiring lock "e51bf31a-884a-416a-89f8-beefd0588dbc" by "nova.context.set_target_cell..get_or_set_cached_cell_and_set_connections" {{(pid=108472) inner /opt/stack/data/venv/lib/python3.12/site-packages/oslo_concurrency/lockutils.py:511}}
Jun 29 04:29:08.012378 np0000183325 devstack@n-api-meta.service[108472]: DEBUG oslo_concurrency.lockutils [None req-ebf6798a-f8c9-4d72-bf5f-9480634dee7e None None] Lock "e51bf31a-884a-416a-89f8-beefd0588dbc" acquired by "nova.context.set_target_cell..get_or_set_cached_cell_and_set_connections" :: waited 0.000s {{(pid=108472) inner /opt/stack/data/venv/lib/python3.12/site-packages/oslo_concurrency/lockutils.py:524}}
Jun 29 04:29:08.013698 np0000183325 devstack@n-api-meta.service[108472]: DEBUG oslo_concurrency.lockutils [None req-ebf6798a-f8c9-4d72-bf5f-9480634dee7e None None] Lock "e51bf31a-884a-416a-89f8-beefd0588dbc" "released" by "nova.context.set_target_cell..get_or_set_cached_cell_and_set_connections" :: held 0.001s {{(pid=108472) inner /opt/stack/data/venv/lib/python3.12/site-packages/oslo_concurrency/lockutils.py:543}}
Jun 29 04:29:08.016905 np0000183325 devstack@n-api-meta.service[108471]: DEBUG oslo_db.sqlalchemy.engines [None req-15ef13be-d4d1-4acb-b1ae-be95b2143dd2 None None] MySQL server mode set to STRICT_TRANS_TABLES,STRICT_ALL_TABLES,NO_ZERO_IN_DATE,NO_ZERO_DATE,ERROR_FOR_DIVISION_BY_ZERO,TRADITIONAL,NO_ENGINE_SUBSTITUTION {{(pid=108471) _check_effective_sql_mode /opt/stack/data/venv/lib/python3.12/site-packages/oslo_db/sqlalchemy/engines.py:325}}
Jun 29 04:29:08.017450 np0000183325 devstack@n-api-meta.service[108472]: INFO dbcounter [None req-ebf6798a-f8c9-4d72-bf5f-9480634dee7e None None] Registered counter for database nova_cell0
Jun 29 04:29:08.022444 np0000183325 devstack@n-api-meta.service[108472]: INFO dbcounter [None req-ebf6798a-f8c9-4d72-bf5f-9480634dee7e None None] Registered counter for database nova_cell1
Jun 29 04:29:08.045072 np0000183325 devstack@n-api-meta.service[108470]: DEBUG oslo_db.sqlalchemy.engines [None req-a2fdf6bc-fd81-4947-8121-86a3b8684dec None None] MySQL server mode set to STRICT_TRANS_TABLES,STRICT_ALL_TABLES,NO_ZERO_IN_DATE,NO_ZERO_DATE,ERROR_FOR_DIVISION_BY_ZERO,TRADITIONAL,NO_ENGINE_SUBSTITUTION {{(pid=108470) _check_effective_sql_mode /opt/stack/data/venv/lib/python3.12/site-packages/oslo_db/sqlalchemy/engines.py:325}}
Jun 29 04:29:08.061455 np0000183325 devstack@n-api-meta.service[108470]: DEBUG oslo_db.sqlalchemy.engines [None req-a2fdf6bc-fd81-4947-8121-86a3b8684dec None None] MySQL server mode set to STRICT_TRANS_TABLES,STRICT_ALL_TABLES,NO_ZERO_IN_DATE,NO_ZERO_DATE,ERROR_FOR_DIVISION_BY_ZERO,TRADITIONAL,NO_ENGINE_SUBSTITUTION {{(pid=108470) _check_effective_sql_mode /opt/stack/data/venv/lib/python3.12/site-packages/oslo_db/sqlalchemy/engines.py:325}}
Jun 29 04:29:08.080253 np0000183325 devstack@n-api-meta.service[108469]: DEBUG dbcounter [-] [108469] Writer thread running {{(pid=108469) stat_writer /opt/stack/data/venv/lib/python3.12/site-packages/dbcounter.py:102}}
Jun 29 04:29:08.085697 np0000183325 devstack@n-api-meta.service[108469]: DEBUG dbcounter [-] [108469] Writer thread running {{(pid=108469) stat_writer /opt/stack/data/venv/lib/python3.12/site-packages/dbcounter.py:102}}
Jun 29 04:29:08.089099 np0000183325 devstack@n-api-meta.service[108469]: INFO dbcounter [None req-5ca71977-28d1-43fe-9a3a-9b74f10daebc None None] Registered counter for database nova_cell0
Jun 29 04:29:08.094306 np0000183325 devstack@n-api-meta.service[108472]: DEBUG oslo_db.sqlalchemy.engines [None req-ebf6798a-f8c9-4d72-bf5f-9480634dee7e None None] MySQL server mode set to STRICT_TRANS_TABLES,STRICT_ALL_TABLES,NO_ZERO_IN_DATE,NO_ZERO_DATE,ERROR_FOR_DIVISION_BY_ZERO,TRADITIONAL,NO_ENGINE_SUBSTITUTION {{(pid=108472) _check_effective_sql_mode /opt/stack/data/venv/lib/python3.12/site-packages/oslo_db/sqlalchemy/engines.py:325}}
Jun 29 04:29:08.100602 np0000183325 devstack@n-api-meta.service[108472]: DEBUG oslo_db.sqlalchemy.engines [None req-ebf6798a-f8c9-4d72-bf5f-9480634dee7e None None] MySQL server mode set to STRICT_TRANS_TABLES,STRICT_ALL_TABLES,NO_ZERO_IN_DATE,NO_ZERO_DATE,ERROR_FOR_DIVISION_BY_ZERO,TRADITIONAL,NO_ENGINE_SUBSTITUTION {{(pid=108472) _check_effective_sql_mode /opt/stack/data/venv/lib/python3.12/site-packages/oslo_db/sqlalchemy/engines.py:325}}
Jun 29 04:29:08.112845 np0000183325 devstack@n-api-meta.service[108471]: DEBUG dbcounter [-] [108471] Writer thread running {{(pid=108471) stat_writer /opt/stack/data/venv/lib/python3.12/site-packages/dbcounter.py:102}}
Jun 29 04:29:08.114015 np0000183325 devstack@n-api-meta.service[108471]: DEBUG dbcounter [-] [108471] Writer thread running {{(pid=108471) stat_writer /opt/stack/data/venv/lib/python3.12/site-packages/dbcounter.py:102}}
Jun 29 04:29:08.124419 np0000183325 devstack@n-api-meta.service[108471]: INFO dbcounter [None req-15ef13be-d4d1-4acb-b1ae-be95b2143dd2 None None] Registered counter for database nova_cell0
Jun 29 04:29:08.136791 np0000183325 devstack@n-api-meta.service[108469]: DEBUG oslo_db.sqlalchemy.engines [None req-5ca71977-28d1-43fe-9a3a-9b74f10daebc None None] MySQL server mode set to STRICT_TRANS_TABLES,STRICT_ALL_TABLES,NO_ZERO_IN_DATE,NO_ZERO_DATE,ERROR_FOR_DIVISION_BY_ZERO,TRADITIONAL,NO_ENGINE_SUBSTITUTION {{(pid=108469) _check_effective_sql_mode /opt/stack/data/venv/lib/python3.12/site-packages/oslo_db/sqlalchemy/engines.py:325}}
Jun 29 04:29:08.154899 np0000183325 devstack@n-api-meta.service[108469]: DEBUG dbcounter [-] [108469] Writer thread running {{(pid=108469) stat_writer /opt/stack/data/venv/lib/python3.12/site-packages/dbcounter.py:102}}
Jun 29 04:29:08.164851 np0000183325 devstack@n-api-meta.service[108470]: DEBUG dbcounter [-] [108470] Writer thread running {{(pid=108470) stat_writer /opt/stack/data/venv/lib/python3.12/site-packages/dbcounter.py:102}}
Jun 29 04:29:08.165772 np0000183325 devstack@n-api-meta.service[108470]: DEBUG dbcounter [-] [108470] Writer thread running {{(pid=108470) stat_writer /opt/stack/data/venv/lib/python3.12/site-packages/dbcounter.py:102}}
Jun 29 04:29:08.170166 np0000183325 devstack@n-api-meta.service[108470]: INFO dbcounter [None req-a2fdf6bc-fd81-4947-8121-86a3b8684dec None None] Registered counter for database nova_cell0
Jun 29 04:29:08.176834 np0000183325 devstack@n-api-meta.service[108471]: DEBUG oslo_db.sqlalchemy.engines [None req-15ef13be-d4d1-4acb-b1ae-be95b2143dd2 None None] MySQL server mode set to STRICT_TRANS_TABLES,STRICT_ALL_TABLES,NO_ZERO_IN_DATE,NO_ZERO_DATE,ERROR_FOR_DIVISION_BY_ZERO,TRADITIONAL,NO_ENGINE_SUBSTITUTION {{(pid=108471) _check_effective_sql_mode /opt/stack/data/venv/lib/python3.12/site-packages/oslo_db/sqlalchemy/engines.py:325}}
Jun 29 04:29:08.188391 np0000183325 devstack@n-api-meta.service[108471]: DEBUG dbcounter [-] [108471] Writer thread running {{(pid=108471) stat_writer /opt/stack/data/venv/lib/python3.12/site-packages/dbcounter.py:102}}
Jun 29 04:29:08.189164 np0000183325 devstack@n-api-meta.service[108472]: DEBUG dbcounter [-] [108472] Writer thread running {{(pid=108472) stat_writer /opt/stack/data/venv/lib/python3.12/site-packages/dbcounter.py:102}}
Jun 29 04:29:08.197044 np0000183325 devstack@n-api-meta.service[108472]: DEBUG dbcounter [-] [108472] Writer thread running {{(pid=108472) stat_writer /opt/stack/data/venv/lib/python3.12/site-packages/dbcounter.py:102}}
Jun 29 04:29:08.202868 np0000183325 devstack@n-api-meta.service[108472]: INFO dbcounter [None req-ebf6798a-f8c9-4d72-bf5f-9480634dee7e None None] Registered counter for database nova_cell0
Jun 29 04:29:08.209072 np0000183325 devstack@n-api-meta.service[108469]: WARNING nova.api.metadata.handler [None req-5ca71977-28d1-43fe-9a3a-9b74f10daebc None None] metadata_proxy_shared_secret is not configured, the metadata information returned by the proxy cannot be trusted
Jun 29 04:29:08.211732 np0000183325 devstack@n-api-meta.service[108469]: DEBUG nova.api.openstack.wsgi_app [None req-5ca71977-28d1-43fe-9a3a-9b74f10daebc None None] ******************************************************************************** {{(pid=108469) log_opt_values /opt/stack/data/venv/lib/python3.12/site-packages/oslo_config/cfg.py:3226}}
Jun 29 04:29:08.211824 np0000183325 devstack@n-api-meta.service[108469]: DEBUG nova.api.openstack.wsgi_app [None req-5ca71977-28d1-43fe-9a3a-9b74f10daebc None None] Configuration options gathered from: {{(pid=108469) log_opt_values /opt/stack/data/venv/lib/python3.12/site-packages/oslo_config/cfg.py:3227}}
Jun 29 04:29:08.211958 np0000183325 devstack@n-api-meta.service[108469]: DEBUG nova.api.openstack.wsgi_app [None req-5ca71977-28d1-43fe-9a3a-9b74f10daebc None None] command line args: [] {{(pid=108469) log_opt_values /opt/stack/data/venv/lib/python3.12/site-packages/oslo_config/cfg.py:3228}}
Jun 29 04:29:08.212118 np0000183325 devstack@n-api-meta.service[108469]: DEBUG nova.api.openstack.wsgi_app [None req-5ca71977-28d1-43fe-9a3a-9b74f10daebc None None] config files: ['/etc/nova/api-paste.ini', '/etc/nova/nova.conf'] {{(pid=108469) log_opt_values /opt/stack/data/venv/lib/python3.12/site-packages/oslo_config/cfg.py:3229}}
Jun 29 04:29:08.212227 np0000183325 devstack@n-api-meta.service[108469]: DEBUG nova.api.openstack.wsgi_app [None req-5ca71977-28d1-43fe-9a3a-9b74f10daebc None None] ================================================================================ {{(pid=108469) log_opt_values /opt/stack/data/venv/lib/python3.12/site-packages/oslo_config/cfg.py:3234}}
Jun 29 04:29:08.212395 np0000183325 devstack@n-api-meta.service[108469]: DEBUG nova.api.openstack.wsgi_app [None req-5ca71977-28d1-43fe-9a3a-9b74f10daebc None None] allow_resize_to_same_host = True {{(pid=108469) log_opt_values /opt/stack/data/venv/lib/python3.12/site-packages/oslo_config/cfg.py:3242}}
Jun 29 04:29:08.212523 np0000183325 devstack@n-api-meta.service[108469]: DEBUG nova.api.openstack.wsgi_app [None req-5ca71977-28d1-43fe-9a3a-9b74f10daebc None None] arq_binding_timeout = 300 {{(pid=108469) log_opt_values /opt/stack/data/venv/lib/python3.12/site-packages/oslo_config/cfg.py:3242}}
Jun 29 04:29:08.212684 np0000183325 devstack@n-api-meta.service[108469]: DEBUG nova.api.openstack.wsgi_app [None req-5ca71977-28d1-43fe-9a3a-9b74f10daebc None None] block_device_allocate_retries = 60 {{(pid=108469) log_opt_values /opt/stack/data/venv/lib/python3.12/site-packages/oslo_config/cfg.py:3242}}
Jun 29 04:29:08.212808 np0000183325 devstack@n-api-meta.service[108469]: DEBUG nova.api.openstack.wsgi_app [None req-5ca71977-28d1-43fe-9a3a-9b74f10daebc None None] block_device_allocate_retries_interval = 3 {{(pid=108469) log_opt_values /opt/stack/data/venv/lib/python3.12/site-packages/oslo_config/cfg.py:3242}}
Jun 29 04:29:08.212939 np0000183325 devstack@n-api-meta.service[108469]: DEBUG nova.api.openstack.wsgi_app [None req-5ca71977-28d1-43fe-9a3a-9b74f10daebc None None] cell_worker_thread_pool_size = 5 {{(pid=108469) log_opt_values /opt/stack/data/venv/lib/python3.12/site-packages/oslo_config/cfg.py:3242}}
Jun 29 04:29:08.213078 np0000183325 devstack@n-api-meta.service[108469]: DEBUG nova.api.openstack.wsgi_app [None req-5ca71977-28d1-43fe-9a3a-9b74f10daebc None None] cert = self.pem {{(pid=108469) log_opt_values /opt/stack/data/venv/lib/python3.12/site-packages/oslo_config/cfg.py:3242}}
Jun 29 04:29:08.213215 np0000183325 devstack@n-api-meta.service[108469]: DEBUG nova.api.openstack.wsgi_app [None req-5ca71977-28d1-43fe-9a3a-9b74f10daebc None None] compute_driver = libvirt.LibvirtDriver {{(pid=108469) log_opt_values /opt/stack/data/venv/lib/python3.12/site-packages/oslo_config/cfg.py:3242}}
Jun 29 04:29:08.213351 np0000183325 devstack@n-api-meta.service[108469]: DEBUG nova.api.openstack.wsgi_app [None req-5ca71977-28d1-43fe-9a3a-9b74f10daebc None None] compute_monitors = [] {{(pid=108469) log_opt_values /opt/stack/data/venv/lib/python3.12/site-packages/oslo_config/cfg.py:3242}}
Jun 29 04:29:08.213484 np0000183325 devstack@n-api-meta.service[108469]: DEBUG nova.api.openstack.wsgi_app [None req-5ca71977-28d1-43fe-9a3a-9b74f10daebc None None] config_dir = [] {{(pid=108469) log_opt_values /opt/stack/data/venv/lib/python3.12/site-packages/oslo_config/cfg.py:3242}}
Jun 29 04:29:08.213623 np0000183325 devstack@n-api-meta.service[108469]: DEBUG nova.api.openstack.wsgi_app [None req-5ca71977-28d1-43fe-9a3a-9b74f10daebc None None] config_drive_format = iso9660 {{(pid=108469) log_opt_values /opt/stack/data/venv/lib/python3.12/site-packages/oslo_config/cfg.py:3242}}
Jun 29 04:29:08.213755 np0000183325 devstack@n-api-meta.service[108469]: DEBUG nova.api.openstack.wsgi_app [None req-5ca71977-28d1-43fe-9a3a-9b74f10daebc None None] config_file = ['/etc/nova/api-paste.ini', '/etc/nova/nova.conf'] {{(pid=108469) log_opt_values /opt/stack/data/venv/lib/python3.12/site-packages/oslo_config/cfg.py:3242}}
Jun 29 04:29:08.213888 np0000183325 devstack@n-api-meta.service[108469]: DEBUG nova.api.openstack.wsgi_app [None req-5ca71977-28d1-43fe-9a3a-9b74f10daebc None None] config_source = [] {{(pid=108469) log_opt_values /opt/stack/data/venv/lib/python3.12/site-packages/oslo_config/cfg.py:3242}}
Jun 29 04:29:08.214024 np0000183325 devstack@n-api-meta.service[108469]: DEBUG nova.api.openstack.wsgi_app [None req-5ca71977-28d1-43fe-9a3a-9b74f10daebc None None] console_host = np0000183325 {{(pid=108469) log_opt_values /opt/stack/data/venv/lib/python3.12/site-packages/oslo_config/cfg.py:3242}}
Jun 29 04:29:08.214160 np0000183325 devstack@n-api-meta.service[108469]: DEBUG nova.api.openstack.wsgi_app [None req-5ca71977-28d1-43fe-9a3a-9b74f10daebc None None] control_exchange = nova {{(pid=108469) log_opt_values /opt/stack/data/venv/lib/python3.12/site-packages/oslo_config/cfg.py:3242}}
Jun 29 04:29:08.214291 np0000183325 devstack@n-api-meta.service[108469]: DEBUG nova.api.openstack.wsgi_app [None req-5ca71977-28d1-43fe-9a3a-9b74f10daebc None None] cpu_allocation_ratio = None {{(pid=108469) log_opt_values /opt/stack/data/venv/lib/python3.12/site-packages/oslo_config/cfg.py:3242}}
Jun 29 04:29:08.214420 np0000183325 devstack@n-api-meta.service[108469]: DEBUG nova.api.openstack.wsgi_app [None req-5ca71977-28d1-43fe-9a3a-9b74f10daebc None None] daemon = False {{(pid=108469) log_opt_values /opt/stack/data/venv/lib/python3.12/site-packages/oslo_config/cfg.py:3242}}
Jun 29 04:29:08.214553 np0000183325 devstack@n-api-meta.service[108469]: DEBUG nova.api.openstack.wsgi_app [None req-5ca71977-28d1-43fe-9a3a-9b74f10daebc None None] debug = True {{(pid=108469) log_opt_values /opt/stack/data/venv/lib/python3.12/site-packages/oslo_config/cfg.py:3242}}
Jun 29 04:29:08.214701 np0000183325 devstack@n-api-meta.service[108469]: DEBUG nova.api.openstack.wsgi_app [None req-5ca71977-28d1-43fe-9a3a-9b74f10daebc None None] default_access_ip_network_name = None {{(pid=108469) log_opt_values /opt/stack/data/venv/lib/python3.12/site-packages/oslo_config/cfg.py:3242}}
Jun 29 04:29:08.214838 np0000183325 devstack@n-api-meta.service[108469]: DEBUG nova.api.openstack.wsgi_app [None req-5ca71977-28d1-43fe-9a3a-9b74f10daebc None None] default_availability_zone = nova {{(pid=108469) log_opt_values /opt/stack/data/venv/lib/python3.12/site-packages/oslo_config/cfg.py:3242}}
Jun 29 04:29:08.214970 np0000183325 devstack@n-api-meta.service[108469]: DEBUG nova.api.openstack.wsgi_app [None req-5ca71977-28d1-43fe-9a3a-9b74f10daebc None None] default_ephemeral_format = ext4 {{(pid=108469) log_opt_values /opt/stack/data/venv/lib/python3.12/site-packages/oslo_config/cfg.py:3242}}
Jun 29 04:29:08.215101 np0000183325 devstack@n-api-meta.service[108469]: DEBUG nova.api.openstack.wsgi_app [None req-5ca71977-28d1-43fe-9a3a-9b74f10daebc None None] default_green_pool_size = 1000 {{(pid=108469) log_opt_values /opt/stack/data/venv/lib/python3.12/site-packages/oslo_config/cfg.py:3242}}
Jun 29 04:29:08.215371 np0000183325 devstack@n-api-meta.service[108469]: DEBUG nova.api.openstack.wsgi_app [None req-5ca71977-28d1-43fe-9a3a-9b74f10daebc None None] default_log_levels = ['amqp=WARN', 'boto=WARN', 'sqlalchemy=WARN', 'suds=INFO', 'oslo.messaging=INFO', 'oslo_messaging=INFO', 'iso8601=WARN', 'requests.packages.urllib3.connectionpool=WARN', 'urllib3.connectionpool=WARN', 'websocket=WARN', 'requests.packages.urllib3.util.retry=WARN', 'urllib3.util.retry=WARN', 'keystonemiddleware=WARN', 'routes.middleware=WARN', 'stevedore=WARN', 'taskflow=WARN', 'keystoneauth=WARN', 'oslo.cache=INFO', 'oslo_policy=INFO', 'dogpile.core.dogpile=INFO', 'glanceclient=WARN', 'oslo.privsep.daemon=INFO'] {{(pid=108469) log_opt_values /opt/stack/data/venv/lib/python3.12/site-packages/oslo_config/cfg.py:3242}}
Jun 29 04:29:08.215517 np0000183325 devstack@n-api-meta.service[108469]: DEBUG nova.api.openstack.wsgi_app [None req-5ca71977-28d1-43fe-9a3a-9b74f10daebc None None] default_schedule_zone = None {{(pid=108469) log_opt_values /opt/stack/data/venv/lib/python3.12/site-packages/oslo_config/cfg.py:3242}}
Jun 29 04:29:08.215621 np0000183325 devstack@n-api-meta.service[108469]: DEBUG nova.api.openstack.wsgi_app [None req-5ca71977-28d1-43fe-9a3a-9b74f10daebc None None] default_thread_pool_size = 10 {{(pid=108469) log_opt_values /opt/stack/data/venv/lib/python3.12/site-packages/oslo_config/cfg.py:3242}}
Jun 29 04:29:08.215774 np0000183325 devstack@n-api-meta.service[108469]: DEBUG nova.api.openstack.wsgi_app [None req-5ca71977-28d1-43fe-9a3a-9b74f10daebc None None] disk_allocation_ratio = None {{(pid=108469) log_opt_values /opt/stack/data/venv/lib/python3.12/site-packages/oslo_config/cfg.py:3242}}
Jun 29 04:29:08.215903 np0000183325 devstack@n-api-meta.service[108469]: DEBUG nova.api.openstack.wsgi_app [None req-5ca71977-28d1-43fe-9a3a-9b74f10daebc None None] enable_new_services = True {{(pid=108469) log_opt_values /opt/stack/data/venv/lib/python3.12/site-packages/oslo_config/cfg.py:3242}}
Jun 29 04:29:08.216031 np0000183325 devstack@n-api-meta.service[108469]: DEBUG nova.api.openstack.wsgi_app [None req-5ca71977-28d1-43fe-9a3a-9b74f10daebc None None] flat_injected = False {{(pid=108469) log_opt_values /opt/stack/data/venv/lib/python3.12/site-packages/oslo_config/cfg.py:3242}}
Jun 29 04:29:08.216162 np0000183325 devstack@n-api-meta.service[108469]: DEBUG nova.api.openstack.wsgi_app [None req-5ca71977-28d1-43fe-9a3a-9b74f10daebc None None] force_config_drive = False {{(pid=108469) log_opt_values /opt/stack/data/venv/lib/python3.12/site-packages/oslo_config/cfg.py:3242}}
Jun 29 04:29:08.216289 np0000183325 devstack@n-api-meta.service[108469]: DEBUG nova.api.openstack.wsgi_app [None req-5ca71977-28d1-43fe-9a3a-9b74f10daebc None None] force_raw_images = True {{(pid=108469) log_opt_values /opt/stack/data/venv/lib/python3.12/site-packages/oslo_config/cfg.py:3242}}
Jun 29 04:29:08.216428 np0000183325 devstack@n-api-meta.service[108469]: DEBUG nova.api.openstack.wsgi_app [None req-5ca71977-28d1-43fe-9a3a-9b74f10daebc None None] graceful_shutdown_timeout = 5 {{(pid=108469) log_opt_values /opt/stack/data/venv/lib/python3.12/site-packages/oslo_config/cfg.py:3242}}
Jun 29 04:29:08.216558 np0000183325 devstack@n-api-meta.service[108469]: DEBUG nova.api.openstack.wsgi_app [None req-5ca71977-28d1-43fe-9a3a-9b74f10daebc None None] heal_instance_info_cache_interval = -1 {{(pid=108469) log_opt_values /opt/stack/data/venv/lib/python3.12/site-packages/oslo_config/cfg.py:3242}}
Jun 29 04:29:08.216763 np0000183325 devstack@n-api-meta.service[108469]: DEBUG nova.api.openstack.wsgi_app [None req-5ca71977-28d1-43fe-9a3a-9b74f10daebc None None] host = np0000183325 {{(pid=108469) log_opt_values /opt/stack/data/venv/lib/python3.12/site-packages/oslo_config/cfg.py:3242}}
Jun 29 04:29:08.216898 np0000183325 devstack@n-api-meta.service[108469]: DEBUG nova.api.openstack.wsgi_app [None req-5ca71977-28d1-43fe-9a3a-9b74f10daebc None None] initial_cpu_allocation_ratio = 4.0 {{(pid=108469) log_opt_values /opt/stack/data/venv/lib/python3.12/site-packages/oslo_config/cfg.py:3242}}
Jun 29 04:29:08.217027 np0000183325 devstack@n-api-meta.service[108469]: DEBUG nova.api.openstack.wsgi_app [None req-5ca71977-28d1-43fe-9a3a-9b74f10daebc None None] initial_disk_allocation_ratio = 1.0 {{(pid=108469) log_opt_values /opt/stack/data/venv/lib/python3.12/site-packages/oslo_config/cfg.py:3242}}
Jun 29 04:29:08.217155 np0000183325 devstack@n-api-meta.service[108469]: DEBUG nova.api.openstack.wsgi_app [None req-5ca71977-28d1-43fe-9a3a-9b74f10daebc None None] initial_ram_allocation_ratio = 1.0 {{(pid=108469) log_opt_values /opt/stack/data/venv/lib/python3.12/site-packages/oslo_config/cfg.py:3242}}
Jun 29 04:29:08.217342 np0000183325 devstack@n-api-meta.service[108469]: DEBUG nova.api.openstack.wsgi_app [None req-5ca71977-28d1-43fe-9a3a-9b74f10daebc None None] injected_network_template = /opt/stack/nova/nova/virt/interfaces.template {{(pid=108469) log_opt_values /opt/stack/data/venv/lib/python3.12/site-packages/oslo_config/cfg.py:3242}}
Jun 29 04:29:08.217472 np0000183325 devstack@n-api-meta.service[108469]: DEBUG nova.api.openstack.wsgi_app [None req-5ca71977-28d1-43fe-9a3a-9b74f10daebc None None] instance_build_timeout = 0 {{(pid=108469) log_opt_values /opt/stack/data/venv/lib/python3.12/site-packages/oslo_config/cfg.py:3242}}
Jun 29 04:29:08.217603 np0000183325 devstack@n-api-meta.service[108469]: DEBUG nova.api.openstack.wsgi_app [None req-5ca71977-28d1-43fe-9a3a-9b74f10daebc None None] instance_delete_interval = 300 {{(pid=108469) log_opt_values /opt/stack/data/venv/lib/python3.12/site-packages/oslo_config/cfg.py:3242}}
Jun 29 04:29:08.217758 np0000183325 devstack@n-api-meta.service[108469]: DEBUG nova.api.openstack.wsgi_app [None req-5ca71977-28d1-43fe-9a3a-9b74f10daebc None None] instance_format = [instance: %(uuid)s] {{(pid=108469) log_opt_values /opt/stack/data/venv/lib/python3.12/site-packages/oslo_config/cfg.py:3242}}
Jun 29 04:29:08.217892 np0000183325 devstack@n-api-meta.service[108469]: DEBUG nova.api.openstack.wsgi_app [None req-5ca71977-28d1-43fe-9a3a-9b74f10daebc None None] instance_name_template = instance-%08x {{(pid=108469) log_opt_values /opt/stack/data/venv/lib/python3.12/site-packages/oslo_config/cfg.py:3242}}
Jun 29 04:29:08.218030 np0000183325 devstack@n-api-meta.service[108469]: DEBUG nova.api.openstack.wsgi_app [None req-5ca71977-28d1-43fe-9a3a-9b74f10daebc None None] instance_usage_audit = False {{(pid=108469) log_opt_values /opt/stack/data/venv/lib/python3.12/site-packages/oslo_config/cfg.py:3242}}
Jun 29 04:29:08.218168 np0000183325 devstack@n-api-meta.service[108469]: DEBUG nova.api.openstack.wsgi_app [None req-5ca71977-28d1-43fe-9a3a-9b74f10daebc None None] instance_usage_audit_period = month {{(pid=108469) log_opt_values /opt/stack/data/venv/lib/python3.12/site-packages/oslo_config/cfg.py:3242}}
Jun 29 04:29:08.218300 np0000183325 devstack@n-api-meta.service[108469]: DEBUG nova.api.openstack.wsgi_app [None req-5ca71977-28d1-43fe-9a3a-9b74f10daebc None None] instance_uuid_format = [instance: %(uuid)s] {{(pid=108469) log_opt_values /opt/stack/data/venv/lib/python3.12/site-packages/oslo_config/cfg.py:3242}}
Jun 29 04:29:08.218492 np0000183325 devstack@n-api-meta.service[108469]: DEBUG nova.api.openstack.wsgi_app [None req-5ca71977-28d1-43fe-9a3a-9b74f10daebc None None] instances_path = /opt/stack/data/nova/instances {{(pid=108469) log_opt_values /opt/stack/data/venv/lib/python3.12/site-packages/oslo_config/cfg.py:3242}}
Jun 29 04:29:08.218627 np0000183325 devstack@n-api-meta.service[108469]: DEBUG nova.api.openstack.wsgi_app [None req-5ca71977-28d1-43fe-9a3a-9b74f10daebc None None] internal_service_availability_zone = internal {{(pid=108469) log_opt_values /opt/stack/data/venv/lib/python3.12/site-packages/oslo_config/cfg.py:3242}}
Jun 29 04:29:08.218771 np0000183325 devstack@n-api-meta.service[108469]: DEBUG nova.api.openstack.wsgi_app [None req-5ca71977-28d1-43fe-9a3a-9b74f10daebc None None] key = None {{(pid=108469) log_opt_values /opt/stack/data/venv/lib/python3.12/site-packages/oslo_config/cfg.py:3242}}
Jun 29 04:29:08.218899 np0000183325 devstack@n-api-meta.service[108469]: DEBUG nova.api.openstack.wsgi_app [None req-5ca71977-28d1-43fe-9a3a-9b74f10daebc None None] live_migration_retry_count = 30 {{(pid=108469) log_opt_values /opt/stack/data/venv/lib/python3.12/site-packages/oslo_config/cfg.py:3242}}
Jun 29 04:29:08.219035 np0000183325 devstack@n-api-meta.service[108469]: DEBUG nova.api.openstack.wsgi_app [None req-5ca71977-28d1-43fe-9a3a-9b74f10daebc None None] log_color = False {{(pid=108469) log_opt_values /opt/stack/data/venv/lib/python3.12/site-packages/oslo_config/cfg.py:3242}}
Jun 29 04:29:08.219180 np0000183325 devstack@n-api-meta.service[108469]: DEBUG nova.api.openstack.wsgi_app [None req-5ca71977-28d1-43fe-9a3a-9b74f10daebc None None] log_config_append = None {{(pid=108469) log_opt_values /opt/stack/data/venv/lib/python3.12/site-packages/oslo_config/cfg.py:3242}}
Jun 29 04:29:08.219319 np0000183325 devstack@n-api-meta.service[108469]: DEBUG nova.api.openstack.wsgi_app [None req-5ca71977-28d1-43fe-9a3a-9b74f10daebc None None] log_date_format = %Y-%m-%d %H:%M:%S {{(pid=108469) log_opt_values /opt/stack/data/venv/lib/python3.12/site-packages/oslo_config/cfg.py:3242}}
Jun 29 04:29:08.219447 np0000183325 devstack@n-api-meta.service[108469]: DEBUG nova.api.openstack.wsgi_app [None req-5ca71977-28d1-43fe-9a3a-9b74f10daebc None None] log_dir = None {{(pid=108469) log_opt_values /opt/stack/data/venv/lib/python3.12/site-packages/oslo_config/cfg.py:3242}}
Jun 29 04:29:08.219577 np0000183325 devstack@n-api-meta.service[108469]: DEBUG nova.api.openstack.wsgi_app [None req-5ca71977-28d1-43fe-9a3a-9b74f10daebc None None] log_file = None {{(pid=108469) log_opt_values /opt/stack/data/venv/lib/python3.12/site-packages/oslo_config/cfg.py:3242}}
Jun 29 04:29:08.219700 np0000183325 devstack@n-api-meta.service[108469]: DEBUG nova.api.openstack.wsgi_app [None req-5ca71977-28d1-43fe-9a3a-9b74f10daebc None None] log_options = True {{(pid=108469) log_opt_values /opt/stack/data/venv/lib/python3.12/site-packages/oslo_config/cfg.py:3242}}
Jun 29 04:29:08.219830 np0000183325 devstack@n-api-meta.service[108469]: DEBUG nova.api.openstack.wsgi_app [None req-5ca71977-28d1-43fe-9a3a-9b74f10daebc None None] log_rotate_interval = 1 {{(pid=108469) log_opt_values /opt/stack/data/venv/lib/python3.12/site-packages/oslo_config/cfg.py:3242}}
Jun 29 04:29:08.219967 np0000183325 devstack@n-api-meta.service[108469]: DEBUG nova.api.openstack.wsgi_app [None req-5ca71977-28d1-43fe-9a3a-9b74f10daebc None None] log_rotate_interval_type = days {{(pid=108469) log_opt_values /opt/stack/data/venv/lib/python3.12/site-packages/oslo_config/cfg.py:3242}}
Jun 29 04:29:08.220100 np0000183325 devstack@n-api-meta.service[108469]: DEBUG nova.api.openstack.wsgi_app [None req-5ca71977-28d1-43fe-9a3a-9b74f10daebc None None] log_rotation_type = none {{(pid=108469) log_opt_values /opt/stack/data/venv/lib/python3.12/site-packages/oslo_config/cfg.py:3242}}
Jun 29 04:29:08.220214 np0000183325 devstack@n-api-meta.service[108469]: DEBUG nova.api.openstack.wsgi_app [None req-5ca71977-28d1-43fe-9a3a-9b74f10daebc None None] logging_context_format_string = %(color)s%(levelname)s %(name)s [%(global_request_id)s %(request_id)s %(project_name)s %(user_name)s%(color)s] %(instance)s%(color)s%(message)s {{(pid=108469) log_opt_values /opt/stack/data/venv/lib/python3.12/site-packages/oslo_config/cfg.py:3242}}
Jun 29 04:29:08.220305 np0000183325 devstack@n-api-meta.service[108469]: DEBUG nova.api.openstack.wsgi_app [None req-5ca71977-28d1-43fe-9a3a-9b74f10daebc None None] logging_debug_format_suffix = {{(pid=%(process)d) %(funcName)s %(pathname)s:%(lineno)d}} {{(pid=108469) log_opt_values /opt/stack/data/venv/lib/python3.12/site-packages/oslo_config/cfg.py:3242}}
Jun 29 04:29:08.220439 np0000183325 devstack@n-api-meta.service[108469]: DEBUG nova.api.openstack.wsgi_app [None req-5ca71977-28d1-43fe-9a3a-9b74f10daebc None None] logging_default_format_string = %(color)s%(levelname)s %(name)s [-%(color)s] %(instance)s%(color)s%(message)s {{(pid=108469) log_opt_values /opt/stack/data/venv/lib/python3.12/site-packages/oslo_config/cfg.py:3242}}
Jun 29 04:29:08.220569 np0000183325 devstack@n-api-meta.service[108469]: DEBUG nova.api.openstack.wsgi_app [None req-5ca71977-28d1-43fe-9a3a-9b74f10daebc None None] logging_exception_prefix = ERROR %(name)s %(instance)s {{(pid=108469) log_opt_values /opt/stack/data/venv/lib/python3.12/site-packages/oslo_config/cfg.py:3242}}
Jun 29 04:29:08.220688 np0000183325 devstack@n-api-meta.service[108469]: DEBUG nova.api.openstack.wsgi_app [None req-5ca71977-28d1-43fe-9a3a-9b74f10daebc None None] logging_user_identity_format = %(user)s %(project)s %(domain)s %(system_scope)s %(user_domain)s %(project_domain)s {{(pid=108469) log_opt_values /opt/stack/data/venv/lib/python3.12/site-packages/oslo_config/cfg.py:3242}}
