2026-03-06 21:25:06.923 8 INFO placement.requestlog [None req-9b817b7b-5135-4043-8d81-2fa6fe141412 - - - - - -] 10.0.0.128 "GET /" status: 200 len: 136 microversion: 1.0
2026-03-06 21:25:16.923 8 INFO placement.requestlog [None req-56ed0c30-1ffa-45e6-9a1a-c9315ed09b5c - - - - - -] 10.0.0.128 "GET /" status: 200 len: 136 microversion: 1.0
2026-03-06 21:25:16.923 7 INFO placement.requestlog [None req-9cd1fd15-09ca-4563-8b84-0a722644d883 - - - - - -] 10.0.0.128 "GET /" status: 200 len: 136 microversion: 1.0
2026-03-06 21:25:23.252 8 INFO placement.requestlog [req-6c1de098-db65-4533-b722-844e71515498 req-66fc6624-cfa2-4d6b-b656-40c392b259ca 5d589a4a4c55445a974983ae27db17cd eee889b9061047bf94a86e9b1b381594 - - b880acfe569949fc84dff6df10d1df88 b880acfe569949fc84dff6df10d1df88] 162.253.55.52 "GET /resource_providers/103e60ae-bf86-4e62-bb0c-eee837df46c8/allocations" status: 200 len: 54 microversion: 1.0 [pid: 8|app: 0|req: 274/551] 162.253.55.52 () {32 vars in 856 bytes} [Fri Mar 6 21:25:23 2026] GET /resource_providers/103e60ae-bf86-4e62-bb0c-eee837df46c8/allocations => generated 54 bytes in 13 msecs (HTTP/1.1 200) 6 headers in 223 bytes (1 switches on core 0)
2026-03-06 21:25:23.271 7 INFO placement.requestlog [req-6c1de098-db65-4533-b722-844e71515498 req-356dc58b-6ab7-4e50-a303-489af8033b8a 5d589a4a4c55445a974983ae27db17cd eee889b9061047bf94a86e9b1b381594 - - b880acfe569949fc84dff6df10d1df88 b880acfe569949fc84dff6df10d1df88] 162.253.55.52 "GET /resource_providers/103e60ae-bf86-4e62-bb0c-eee837df46c8/allocations" status: 200 len: 54 microversion: 1.0 [pid: 7|app: 0|req: 278/552] 162.253.55.52 () {32 vars in 856 bytes} [Fri Mar 6 21:25:23 2026] GET /resource_providers/103e60ae-bf86-4e62-bb0c-eee837df46c8/allocations => generated 54 bytes in 10 msecs (HTTP/1.1 200) 6 headers in 223 bytes (1 switches on core 0)
2026-03-06 21:25:26.923 8 INFO placement.requestlog [None req-2e0dd535-20fe-467d-9546-1cb01c9dc9a4 - - - - - -] 10.0.0.128 "GET /" status: 200 len: 136 microversion: 1.0
2026-03-06 21:25:26.924 7 INFO placement.requestlog [None req-5751ffce-e109-427a-994d-2773afe402e2 - - - - - -] 10.0.0.128 "GET /" status: 200 len: 136 microversion: 1.0
2026-03-06 21:25:36.923 7 INFO placement.requestlog [None req-4ed061cc-156c-4c67-8801-89fabbba3e9b - - - - - -] 10.0.0.128 "GET /" status: 200 len: 136 microversion: 1.0
2026-03-06 21:25:36.923 8 INFO placement.requestlog [None req-0b26cc2d-a621-4f11-a7e0-98dc3f7f5beb - - - - - -] 10.0.0.128 "GET /" status: 200 len: 136 microversion: 1.0
2026-03-06 21:25:46.923 8 INFO placement.requestlog [None req-80c74bf5-782b-43c6-bc39-66ba45765250 - - - - - -] 10.0.0.128 "GET /" status: 200 len: 136 microversion: 1.0
2026-03-06 21:25:46.923 7 INFO placement.requestlog [None req-2532b009-8e4e-4338-8ea7-4154cc680a48 - - - - - -] 10.0.0.128 "GET /" status: 200 len: 136 microversion: 1.0
2026-03-06 21:25:56.923 8 INFO placement.requestlog [None req-7a9ec760-e10b-40eb-a869-4eab4faf74f2 - - - - - -] 10.0.0.128 "GET /" status: 200 len: 136 microversion: 1.0
2026-03-06 21:25:56.925 7 INFO placement.requestlog [None req-fbfabee4-a27a-4a41-9eb2-d3e94f8458cf - - - - - -] 10.0.0.128 "GET /" status: 200 len: 136 microversion: 1.0
2026-03-06 21:26:04.591 8 INFO placement.requestlog [None req-2fa06721-4405-4fce-9d61-b8b10fa7f4b3 d73d9a35351b4cb88e5fdccdd2fdb6d1 3606f6981f2d40588bae7aea821f991d - - default default] 10.0.0.48 "GET /resource_providers" status: 200 len: 405 microversion: 1.0 [pid: 8|app: 0|req: 279/561] 10.0.0.48 () {28 vars in 592 bytes} [Fri Mar 6 21:26:04 2026] GET /resource_providers => generated 405 bytes in 68 msecs (HTTP/1.1 200) 6 headers in 224 bytes (1 switches on core 0)
2026-03-06 21:26:04.613 7 INFO placement.requestlog [None req-225bd8d2-2896-46cf-947b-6e1366725b5b d73d9a35351b4cb88e5fdccdd2fdb6d1 3606f6981f2d40588bae7aea821f991d - - default default] 10.0.0.48 "GET /resource_providers/103e60ae-bf86-4e62-bb0c-eee837df46c8/inventories" status: 200 len: 400 microversion: 1.0 [pid: 7|app: 0|req: 283/562] 10.0.0.48 () {28 vars in 690 bytes} [Fri Mar 6 21:26:04 2026] GET /resource_providers/103e60ae-bf86-4e62-bb0c-eee837df46c8/inventories => generated 400 bytes in 19 msecs (HTTP/1.1 200) 6 headers in 224 bytes (1 switches on core 0)
2026-03-06 21:26:04.640 8 INFO placement.requestlog [None req-bdf58b08-f419-4877-b866-c54214f4441d d73d9a35351b4cb88e5fdccdd2fdb6d1 3606f6981f2d40588bae7aea821f991d - - default default] 10.0.0.48 "GET /resource_providers/103e60ae-bf86-4e62-bb0c-eee837df46c8/usages" status: 200 len: 88 microversion: 1.0 [pid: 8|app: 0|req: 280/563] 10.0.0.48 () {28 vars in 680 bytes} [Fri Mar 6 21:26:04 2026] GET /resource_providers/103e60ae-bf86-4e62-bb0c-eee837df46c8/usages => generated 88 bytes in 21 msecs (HTTP/1.1 200) 6 headers in 223 bytes (1 switches on core 0)
2026-03-06 21:26:06.923 8 INFO placement.requestlog [None req-e86385d5-05f4-417b-a0fa-a17c5bb5ae81 - - - - - -] 10.0.0.128 "GET /" status: 200 len: 136 microversion: 1.0
2026-03-06 21:26:06.923 7 INFO placement.requestlog [None req-5a170e96-7e18-4b31-92d0-6c41f669c278 - - - - - -] 10.0.0.128 "GET /" status: 200 len: 136 microversion: 1.0
2026-03-06 21:26:16.922 8 INFO placement.requestlog [None req-0383b03f-aa13-4789-abac-a27e95dc4ea7 - - - - - -] 10.0.0.128 "GET /" status: 200 len: 136 microversion: 1.0
2026-03-06 21:26:16.923 7 INFO placement.requestlog [None req-4935c4cc-ab4a-43fe-8eba-c63f81c81ba4 - - - - - -] 10.0.0.128 "GET /" status: 200 len: 136 microversion: 1.0
2026-03-06 21:26:23.300 8 INFO placement.requestlog [req-992abb14-6f1e-482a-b6e4-b468257a475e req-f8e938ce-a41e-4b90-b4bb-9e56ab163e4a 5d589a4a4c55445a974983ae27db17cd eee889b9061047bf94a86e9b1b381594 - - b880acfe569949fc84dff6df10d1df88 b880acfe569949fc84dff6df10d1df88] 162.253.55.52 "GET /resource_providers/103e60ae-bf86-4e62-bb0c-eee837df46c8/allocations" status: 200 len: 54 microversion: 1.0 [pid: 8|app: 0|req: 283/568] 162.253.55.52 () {32 vars in 856 bytes} [Fri Mar 6 21:26:23 2026] GET /resource_providers/103e60ae-bf86-4e62-bb0c-eee837df46c8/allocations => generated 54 bytes in 13 msecs (HTTP/1.1 200) 6 headers in 223 bytes (1 switches on core 0)
2026-03-06 21:26:23.323 7 INFO placement.requestlog [req-992abb14-6f1e-482a-b6e4-b468257a475e req-10da8ef4-0f3b-4fc3-8f72-42190e7364f9 5d589a4a4c55445a974983ae27db17cd eee889b9061047bf94a86e9b1b381594 - - b880acfe569949fc84dff6df10d1df88 b880acfe569949fc84dff6df10d1df88] 162.253.55.52 "GET /resource_providers/103e60ae-bf86-4e62-bb0c-eee837df46c8/allocations" status: 200 len: 54 microversion: 1.0 [pid: 7|app: 0|req: 286/569] 162.253.55.52 () {32 vars in 856 bytes} [Fri Mar 6 21:26:23 2026] GET /resource_providers/103e60ae-bf86-4e62-bb0c-eee837df46c8/allocations => generated 54 bytes in 16 msecs (HTTP/1.1 200) 6 headers in 223 bytes (1 switches on core 0)
2026-03-06 21:26:26.923 7 INFO placement.requestlog [None req-d7e79aec-2c01-44a3-abbb-c42ec9a9db69 - - - - - -] 10.0.0.128 "GET /" status: 200 len: 136 microversion: 1.0
2026-03-06 21:26:26.923 8 INFO placement.requestlog [None req-2a3e6627-6326-4591-86f8-cb7b78e8e786 - - - - - -] 10.0.0.128 "GET /" status: 200 len: 136 microversion: 1.0
2026-03-06 21:26:36.923 7 INFO placement.requestlog [None req-90d02e06-208e-443a-a837-5a7ba622d602 - - - - - -] 10.0.0.128 "GET /" status: 200 len: 136 microversion: 1.0
2026-03-06 21:26:36.923 8 INFO placement.requestlog [None req-ff78edab-59e0-47dd-8095-64c6bd8a838b - - - - - -] 10.0.0.128 "GET /" status: 200 len: 136 microversion: 1.0
2026-03-06 21:26:46.923 8 INFO placement.requestlog [None req-30a4a1b5-b8de-4b52-8aa3-9d9e33b6a92f - - - - - -] 10.0.0.128 "GET /" status: 200 len: 136 microversion: 1.0
2026-03-06 21:26:46.923 7 INFO placement.requestlog [None req-628f3a14-7b17-4d14-8bbf-0bccbda35f27 - - - - - -] 10.0.0.128 "GET /" status: 200 len: 136 microversion: 1.0
2026-03-06 21:26:56.922 8 INFO placement.requestlog [None req-008d4ab4-5274-456f-a948-126bed5d59e5 - - - - - -] 10.0.0.128 "GET /" status: 200 len: 136 microversion: 1.0
2026-03-06 21:26:56.923 7 INFO placement.requestlog [None req-a1a81f26-6f96-4c62-97f9-ae96ad62c338 - - - - - -] 10.0.0.128 "GET /" status: 200 len: 136 microversion: 1.0
2026-03-06 21:27:04.539 8 INFO placement.requestlog [None req-480d087e-7d21-48c6-81e3-c0ad5a542efe d73d9a35351b4cb88e5fdccdd2fdb6d1 3606f6981f2d40588bae7aea821f991d - - default default] 10.0.0.48 "GET /resource_providers" status: 200 len: 405 microversion: 1.0 [pid: 8|app: 0|req: 288/578] 10.0.0.48 () {28 vars in 592 bytes} [Fri Mar 6 21:27:04 2026] GET /resource_providers => generated 405 bytes in 52 msecs (HTTP/1.1 200) 6 headers in 224 bytes (1 switches on core 0)
2026-03-06 21:27:04.561 7 INFO placement.requestlog [None req-326abb67-a358-4c56-b88f-064fee3a1e16 d73d9a35351b4cb88e5fdccdd2fdb6d1 3606f6981f2d40588bae7aea821f991d - - default default] 10.0.0.48 "GET /resource_providers/103e60ae-bf86-4e62-bb0c-eee837df46c8/inventories" status: 200 len: 400 microversion: 1.0 [pid: 7|app: 0|req: 291/579] 10.0.0.48 () {28 vars in 690 bytes} [Fri Mar 6 21:27:04 2026] GET /resource_providers/103e60ae-bf86-4e62-bb0c-eee837df46c8/inventories => generated 400 bytes in 17 msecs (HTTP/1.1 200) 6 headers in 224 bytes (1 switches on core 0)
2026-03-06 21:27:04.582 8 INFO placement.requestlog [None req-f8ac6245-b4a7-4849-9fed-cb8b071e3a6b d73d9a35351b4cb88e5fdccdd2fdb6d1 3606f6981f2d40588bae7aea821f991d - - default default] 10.0.0.48 "GET /resource_providers/103e60ae-bf86-4e62-bb0c-eee837df46c8/usages" status: 200 len: 88 microversion: 1.0 [pid: 8|app: 0|req: 289/580] 10.0.0.48 () {28 vars in 680 bytes} [Fri Mar 6 21:27:04 2026] GET /resource_providers/103e60ae-bf86-4e62-bb0c-eee837df46c8/usages => generated 88 bytes in 17 msecs (HTTP/1.1 200) 6 headers in 223 bytes (1 switches on core 0)
2026-03-06 21:27:06.922 7 INFO placement.requestlog [None req-21a13906-fec3-4d7f-86f9-eace64229073 - - - - - -] 10.0.0.128 "GET /" status: 200 len: 136 microversion: 1.0
2026-03-06 21:27:06.923 8 INFO placement.requestlog [None req-fd688104-e02a-4624-97e8-ba604f82daee - - - - - -] 10.0.0.128 "GET /" status: 200 len: 136 microversion: 1.0
2026-03-06 21:27:16.923 7 INFO placement.requestlog [None req-0bbd1314-8932-464a-9c09-7feae5cbd705 - - - - - -] 10.0.0.128 "GET /" status: 200 len: 136 microversion: 1.0
2026-03-06 21:27:16.923 8 INFO placement.requestlog [None req-e0053c1d-1c2a-43f0-9a1a-0120f7131a33 - - - - - -] 10.0.0.128 "GET /" status: 200 len: 136 microversion: 1.0
2026-03-06 21:27:23.270 8 INFO placement.requestlog [req-88f0a0e2-599c-4b9f-a66b-6849d331f779 req-17702fc8-2034-4eaa-875a-82382899b35e 5d589a4a4c55445a974983ae27db17cd eee889b9061047bf94a86e9b1b381594 - - b880acfe569949fc84dff6df10d1df88 b880acfe569949fc84dff6df10d1df88] 162.253.55.52 "GET /resource_providers/103e60ae-bf86-4e62-bb0c-eee837df46c8/allocations" status: 200 len: 54 microversion: 1.0 [pid: 8|app: 0|req: 292/585] 162.253.55.52 () {32 vars in 856 bytes} [Fri Mar 6 21:27:23 2026] GET /resource_providers/103e60ae-bf86-4e62-bb0c-eee837df46c8/allocations => generated 54 bytes in 14 msecs (HTTP/1.1 200) 6 headers in 223 bytes (1 switches on core 0)
2026-03-06 21:27:23.292 7 INFO placement.requestlog [req-88f0a0e2-599c-4b9f-a66b-6849d331f779 req-6c9ba1d5-0162-472a-b415-e713cc8be48f 5d589a4a4c55445a974983ae27db17cd eee889b9061047bf94a86e9b1b381594 - - b880acfe569949fc84dff6df10d1df88 b880acfe569949fc84dff6df10d1df88] 162.253.55.52 "GET /resource_providers/103e60ae-bf86-4e62-bb0c-eee837df46c8/allocations" status: 200 len: 54 microversion: 1.0 [pid: 7|app: 0|req: 294/586] 162.253.55.52 () {32 vars in 856 bytes} [Fri Mar 6 21:27:23 2026] GET /resource_providers/103e60ae-bf86-4e62-bb0c-eee837df46c8/allocations => generated 54 bytes in 14 msecs (HTTP/1.1 200) 6 headers in 223 bytes (1 switches on core 0)
2026-03-06 21:27:26.923 8 INFO placement.requestlog [None req-c519104f-bd7d-45ef-8be3-9fad2de53f7b - - - - - -] 10.0.0.128 "GET /" status: 200 len: 136 microversion: 1.0
2026-03-06 21:27:26.924 7 INFO placement.requestlog [None req-fc824569-f817-4a65-bd5d-aa4e93a7e329 - - - - - -] 10.0.0.128 "GET /" status: 200 len: 136 microversion: 1.0
2026-03-06 21:27:36.923 7 INFO placement.requestlog [None req-ae1f5b31-f542-4735-a2bc-5bf2968e2629 - - - - - -] 10.0.0.128 "GET /" status: 200 len: 136 microversion: 1.0
2026-03-06 21:27:36.923 8 INFO placement.requestlog [None req-08390ba7-b817-4ebb-b398-68f609c4ff96 - - - - - -] 10.0.0.128 "GET /" status: 200 len: 136 microversion: 1.0
2026-03-06 21:27:46.923 7 INFO placement.requestlog [None req-78c74221-3bf0-4aee-8868-a7405536f8e6 - - - - - -] 10.0.0.128 "GET /" status: 200 len: 136 microversion: 1.0
2026-03-06 21:27:46.924 8 INFO placement.requestlog [None req-1194b268-c892-4f1e-9759-7ae75efe23ff - - - - - -] 10.0.0.128 "GET /" status: 200 len: 136 microversion: 1.0
2026-03-06 21:27:56.923 7 INFO placement.requestlog [None req-4850d81b-8b37-4b67-93e4-5f26d0d94497 - - - - - -] 10.0.0.128 "GET /" status: 200 len: 136 microversion: 1.0
2026-03-06 21:27:56.923 8 INFO placement.requestlog [None req-8fb26633-4ef9-4275-ae4f-d17a89fb08ef - - - - - -] 10.0.0.128 "GET /" status: 200 len: 136 microversion: 1.0
2026-03-06 21:28:04.647 7 INFO placement.requestlog [None req-fbfcf5b8-73e1-4138-87b9-75f501a16c4f d73d9a35351b4cb88e5fdccdd2fdb6d1 3606f6981f2d40588bae7aea821f991d - - default default] 10.0.0.48 "GET /resource_providers" status: 200 len: 405 microversion: 1.0 [pid: 7|app: 0|req: 299/595] 10.0.0.48 () {28 vars in 592 bytes} [Fri Mar 6 21:28:04 2026] GET /resource_providers => generated 405 bytes in 88 msecs (HTTP/1.1 200) 6 headers in 224 bytes (1 switches on core 0)
2026-03-06 21:28:04.669 8 INFO placement.requestlog [None req-14f07b08-0d75-46d6-8e11-cda1e42a97ac d73d9a35351b4cb88e5fdccdd2fdb6d1 3606f6981f2d40588bae7aea821f991d - - default default] 10.0.0.48 "GET /resource_providers/103e60ae-bf86-4e62-bb0c-eee837df46c8/inventories" status: 200 len: 400 microversion: 1.0 [pid: 8|app: 0|req: 297/596] 10.0.0.48 () {28 vars in 690 bytes} [Fri Mar 6 21:28:04 2026] GET /resource_providers/103e60ae-bf86-4e62-bb0c-eee837df46c8/inventories => generated 400 bytes in 16 msecs (HTTP/1.1 200) 6 headers in 224 bytes (1 switches on core 0)
2026-03-06 21:28:04.687 7 INFO placement.requestlog [None req-c8f3c1d9-b8c1-442c-8668-c84ebdc843e6 d73d9a35351b4cb88e5fdccdd2fdb6d1 3606f6981f2d40588bae7aea821f991d - - default default] 10.0.0.48 "GET /resource_providers/103e60ae-bf86-4e62-bb0c-eee837df46c8/usages" status: 200 len: 88 microversion: 1.0 [pid: 7|app: 0|req: 300/597] 10.0.0.48 () {28 vars in 680 bytes} [Fri Mar 6 21:28:04 2026] GET /resource_providers/103e60ae-bf86-4e62-bb0c-eee837df46c8/usages => generated 88 bytes in 14 msecs (HTTP/1.1 200) 6 headers in 223 bytes (1 switches on core 0)
2026-03-06 21:28:06.923 8 INFO placement.requestlog [None req-07ab2917-b301-467f-8633-fc6f7411ff4f - - - - - -] 10.0.0.128 "GET /" status: 200 len: 136 microversion: 1.0
2026-03-06 21:28:06.923 7 INFO placement.requestlog [None req-48a492d9-80d0-4255-8c41-a6fcabee852c - - - - - -] 10.0.0.128 "GET /" status: 200 len: 136 microversion: 1.0
2026-03-06 21:28:16.922 8 INFO placement.requestlog [None req-705bd5dc-ca4e-4a67-b29b-0e90bda88bb1 - - - - - -] 10.0.0.128 "GET /" status: 200 len: 136 microversion: 1.0
2026-03-06 21:28:16.923 7 INFO placement.requestlog [None req-b74dbe16-c8a6-4a22-8e4f-db442d6f9832 - - - - - -] 10.0.0.128 "GET /" status: 200 len: 136 microversion: 1.0
2026-03-06 21:28:24.273 8 INFO placement.requestlog [req-4d890fd5-ed59-4c8d-9917-764e3f9d4c4e req-0b5ee74f-e2e8-4d0d-8468-7c3b9d659955 5d589a4a4c55445a974983ae27db17cd eee889b9061047bf94a86e9b1b381594 - - b880acfe569949fc84dff6df10d1df88 b880acfe569949fc84dff6df10d1df88] 162.253.55.52 "GET /resource_providers/103e60ae-bf86-4e62-bb0c-eee837df46c8/allocations" status: 200 len: 54 microversion: 1.0 [pid: 8|app: 0|req: 300/602] 162.253.55.52 () {32 vars in 856 bytes} [Fri Mar 6 21:28:24 2026] GET /resource_providers/103e60ae-bf86-4e62-bb0c-eee837df46c8/allocations => generated 54 bytes in 10 msecs (HTTP/1.1 200) 6 headers in 223 bytes (1 switches on core 0)
2026-03-06 21:28:24.298 7 INFO placement.requestlog [req-4d890fd5-ed59-4c8d-9917-764e3f9d4c4e req-19778c9d-9770-4ca1-88b2-97c32ccf6b94 5d589a4a4c55445a974983ae27db17cd eee889b9061047bf94a86e9b1b381594 - - b880acfe569949fc84dff6df10d1df88 b880acfe569949fc84dff6df10d1df88] 162.253.55.52 "GET /resource_providers/103e60ae-bf86-4e62-bb0c-eee837df46c8/allocations" status: 200 len: 54 microversion: 1.0 [pid: 7|app: 0|req: 303/603] 162.253.55.52 () {32 vars in 856 bytes} [Fri Mar 6 21:28:24 2026] GET /resource_providers/103e60ae-bf86-4e62-bb0c-eee837df46c8/allocations => generated 54 bytes in 16 msecs (HTTP/1.1 200) 6 headers in 223 bytes (1 switches on core 0)
2026-03-06 21:28:26.923 8 INFO placement.requestlog [None req-75e17eb6-ee5e-46a8-9dba-12f3e2325e3b - - - - - -] 10.0.0.128 "GET /" status: 200 len: 136 microversion: 1.0
2026-03-06 21:28:26.923 7 INFO placement.requestlog [None req-ccf55eb8-acc3-40f1-a112-53ae53b24cc4 - - - - - -] 10.0.0.128 "GET /" status: 200 len: 136 microversion: 1.0
2026-03-06 21:28:36.923 8 INFO placement.requestlog [None req-47e8dd80-aa71-4fdc-9900-2afa1cfa52cd - - - - - -] 10.0.0.128 "GET /" status: 200 len: 136 microversion: 1.0
2026-03-06 21:28:36.923 7 INFO placement.requestlog [None req-185923ee-6050-4339-8648-2738b17332f5 - - - - - -] 10.0.0.128 "GET /" status: 200 len: 136 microversion: 1.0
2026-03-06 21:28:46.924 8 INFO placement.requestlog [None req-19a7b2af-ffc0-4064-8abf-87561c7d242a - - - - - -] 10.0.0.128 "GET /" status: 200 len: 136 microversion: 1.0
2026-03-06 21:28:46.924 7 INFO placement.requestlog [None req-2cf7d064-2227-459e-8d66-2c1599b4de9e - - - - - -] 10.0.0.128 "GET /" status: 200 len: 136 microversion: 1.0
2026-03-06 21:28:56.922 8 INFO placement.requestlog [None req-cfb16cb5-1b6c-47b1-84e3-e8e94ffdb96a - - - - - -] 10.0.0.128 "GET /" status: 200 len: 136 microversion: 1.0
2026-03-06 21:28:56.923 7 INFO placement.requestlog [None req-f246c98c-854f-496f-a4f4-4bfd835f4280 - - - - - -] 10.0.0.128 "GET /" status: 200 len: 136 microversion: 1.0
2026-03-06 21:29:04.466 7 INFO placement.requestlog [None req-6573097b-8a71-49ab-8743-e00b2442274b d73d9a35351b4cb88e5fdccdd2fdb6d1 3606f6981f2d40588bae7aea821f991d - - default default] 10.0.0.48 "GET /resource_providers" status: 200 len: 405 microversion: 1.0 [pid: 7|app: 0|req: 308/612] 10.0.0.48 () {28 vars in 592 bytes} [Fri Mar 6 21:29:04 2026] GET /resource_providers => generated 405 bytes in 49 msecs (HTTP/1.1 200) 6 headers in 224 bytes (1 switches on core 0)
2026-03-06 21:29:04.490 8 INFO placement.requestlog [None req-18fdd7c4-244a-4030-9a13-79015f3ad97e d73d9a35351b4cb88e5fdccdd2fdb6d1 3606f6981f2d40588bae7aea821f991d - - default default] 10.0.0.48 "GET /resource_providers/103e60ae-bf86-4e62-bb0c-eee837df46c8/inventories" status: 200 len: 400 microversion: 1.0 [pid: 8|app: 0|req: 305/613] 10.0.0.48 () {28 vars in 690 bytes} [Fri Mar 6 21:29:04 2026] GET /resource_providers/103e60ae-bf86-4e62-bb0c-eee837df46c8/inventories => generated 400 bytes in 19 msecs (HTTP/1.1 200) 6 headers in 224 bytes (1 switches on core 0)
2026-03-06 21:29:04.510 7 INFO placement.requestlog [None req-0e262590-5779-456c-862b-40e3b34bc50e d73d9a35351b4cb88e5fdccdd2fdb6d1 3606f6981f2d40588bae7aea821f991d - - default default] 10.0.0.48 "GET /resource_providers/103e60ae-bf86-4e62-bb0c-eee837df46c8/usages" status: 200 len: 88 microversion: 1.0 [pid: 7|app: 0|req: 309/614] 10.0.0.48 () {28 vars in 680 bytes} [Fri Mar 6 21:29:04 2026] GET /resource_providers/103e60ae-bf86-4e62-bb0c-eee837df46c8/usages => generated 88 bytes in 17 msecs (HTTP/1.1 200) 6 headers in 223 bytes (1 switches on core 0)
2026-03-06 21:29:06.923 7 INFO placement.requestlog [None req-37814938-3b07-496b-921d-dacca770915f - - - - - -] 10.0.0.128 "GET /" status: 200 len: 136 microversion: 1.0
2026-03-06 21:29:06.923 8 INFO placement.requestlog [None req-803d7eb2-dee7-46de-8980-4876619facac - - - - - -] 10.0.0.128 "GET /" status: 200 len: 136 microversion: 1.0
2026-03-06 21:29:16.923 8 INFO placement.requestlog [None req-54cfa1e4-015f-4b72-a3bc-fd5e8deb05cc - - - - - -] 10.0.0.128 "GET /" status: 200 len: 136 microversion: 1.0
2026-03-06 21:29:16.924 7 INFO placement.requestlog [None req-07e362ad-be92-46b9-a837-f791353c89c8 - - - - - -] 10.0.0.128 "GET /" status: 200 len: 136 microversion: 1.0
2026-03-06 21:29:26.288 8 INFO placement.requestlog [req-9cf04c4c-c5c9-47e5-b924-990fe7e2c617 req-357a081c-cba5-46b2-841d-dc25644f5bb3 5d589a4a4c55445a974983ae27db17cd eee889b9061047bf94a86e9b1b381594 - - b880acfe569949fc84dff6df10d1df88 b880acfe569949fc84dff6df10d1df88] 162.253.55.52 "GET /resource_providers/103e60ae-bf86-4e62-bb0c-eee837df46c8/allocations" status: 200 len: 54 microversion: 1.0 [pid: 8|app: 0|req: 308/619] 162.253.55.52 () {32 vars in 856 bytes} [Fri Mar 6 21:29:26 2026] GET /resource_providers/103e60ae-bf86-4e62-bb0c-eee837df46c8/allocations => generated 54 bytes in 86 msecs (HTTP/1.1 200) 6 headers in 223 bytes (1 switches on core 0)
2026-03-06 21:29:26.306 7 INFO placement.requestlog [req-9cf04c4c-c5c9-47e5-b924-990fe7e2c617 req-856b3bf9-acca-4730-9ace-5d94a411b567 5d589a4a4c55445a974983ae27db17cd eee889b9061047bf94a86e9b1b381594 - - b880acfe569949fc84dff6df10d1df88 b880acfe569949fc84dff6df10d1df88] 162.253.55.52 "GET /resource_providers?in_tree=103e60ae-bf86-4e62-bb0c-eee837df46c8" status: 200 len: 797 microversion: 1.14 [pid: 7|app: 0|req: 312/620] 162.253.55.52 () {34 vars in 891 bytes} [Fri Mar 6 21:29:26 2026] GET /resource_providers?in_tree=103e60ae-bf86-4e62-bb0c-eee837df46c8 => generated 797 bytes in 14 msecs (HTTP/1.1 200) 6 headers in 225 bytes (1 switches on core 0)
2026-03-06 21:29:26.323 8 INFO placement.requestlog [req-9cf04c4c-c5c9-47e5-b924-990fe7e2c617 req-f33f598e-3cb7-4cab-bc40-18f5ccd39299 5d589a4a4c55445a974983ae27db17cd eee889b9061047bf94a86e9b1b381594 - - b880acfe569949fc84dff6df10d1df88 b880acfe569949fc84dff6df10d1df88] 162.253.55.52 "GET /resource_providers/103e60ae-bf86-4e62-bb0c-eee837df46c8/inventories" status: 200 len: 400 microversion: 1.0 [pid: 8|app: 0|req: 309/621] 162.253.55.52 () {32 vars in 856 bytes} [Fri Mar 6 21:29:26 2026] GET /resource_providers/103e60ae-bf86-4e62-bb0c-eee837df46c8/inventories => generated 400 bytes in 10 msecs (HTTP/1.1 200) 6 headers in 224 bytes (1 switches on core 0)
2026-03-06 21:29:26.338 7 INFO placement.requestlog [req-9cf04c4c-c5c9-47e5-b924-990fe7e2c617 req-1d002fba-ee60-4a01-ac5c-fd7135db589f 5d589a4a4c55445a974983ae27db17cd eee889b9061047bf94a86e9b1b381594 - - b880acfe569949fc84dff6df10d1df88 b880acfe569949fc84dff6df10d1df88] 162.253.55.52 "GET /resource_providers/103e60ae-bf86-4e62-bb0c-eee837df46c8/aggregates" status: 200 len: 53 microversion: 1.19 [pid: 7|app: 0|req: 313/622] 162.253.55.52 () {34 vars in 898 bytes} [Fri Mar 6 21:29:26 2026] GET /resource_providers/103e60ae-bf86-4e62-bb0c-eee837df46c8/aggregates => generated 53 bytes in 12 msecs (HTTP/1.1 200) 8 headers in 295 bytes (1 switches on core 0)
2026-03-06 21:29:26.379 8 INFO placement.requestlog [req-9cf04c4c-c5c9-47e5-b924-990fe7e2c617 req-138aff9f-8a43-4c25-9128-fa8a2bbf2ccc 5d589a4a4c55445a974983ae27db17cd eee889b9061047bf94a86e9b1b381594 - - b880acfe569949fc84dff6df10d1df88 b880acfe569949fc84dff6df10d1df88] 162.253.55.52 "GET /resource_providers/103e60ae-bf86-4e62-bb0c-eee837df46c8/traits" status: 200 len: 2316 microversion: 1.6 [pid: 8|app: 0|req: 310/623] 162.253.55.52 () {34 vars in 889 bytes} [Fri Mar 6 21:29:26 2026] GET /resource_providers/103e60ae-bf86-4e62-bb0c-eee837df46c8/traits => generated 2316 bytes in 36 msecs (HTTP/1.1 200) 6 headers in 225 bytes (1 switches on core 0)
2026-03-06 21:29:26.396 7 INFO placement.requestlog [req-9cf04c4c-c5c9-47e5-b924-990fe7e2c617 req-5196ac05-1987-4281-8e14-2af5b95a377a 5d589a4a4c55445a974983ae27db17cd eee889b9061047bf94a86e9b1b381594 - - b880acfe569949fc84dff6df10d1df88 b880acfe569949fc84dff6df10d1df88] 162.253.55.52 "GET /resource_providers/103e60ae-bf86-4e62-bb0c-eee837df46c8/allocations" status: 200 len: 54 microversion: 1.0 [pid: 7|app: 0|req: 314/624] 162.253.55.52 () {32 vars in 856 bytes} [Fri Mar 6 21:29:26 2026] GET /resource_providers/103e60ae-bf86-4e62-bb0c-eee837df46c8/allocations => generated 54 bytes in 13 msecs (HTTP/1.1 200) 6 headers in 223 bytes (1 switches on core 0)
2026-03-06 21:29:26.923 8 INFO placement.requestlog [None req-0f425a5b-3c99-434c-b47b-88d0b8d66bda - - - - - -] 10.0.0.128 "GET /" status: 200 len: 136 microversion: 1.0
2026-03-06 21:29:26.924 7 INFO placement.requestlog [None req-59186073-86a4-45dc-8903-64d97d1c0f9e - - - - - -] 10.0.0.128 "GET /" status: 200 len: 136 microversion: 1.0
2026-03-06 21:29:36.923 7 INFO placement.requestlog [None req-54418250-32e9-47c1-a67c-9682165fe742 - - - - - -] 10.0.0.128 "GET /" status: 200 len: 136 microversion: 1.0
2026-03-06 21:29:36.923 8 INFO placement.requestlog [None req-ed5f1011-46e6-4dd1-a4e3-f94455672832 - - - - - -] 10.0.0.128 "GET /" status: 200 len: 136 microversion: 1.0
2026-03-06 21:29:46.923 7 INFO placement.requestlog [None req-7229c076-8126-4095-9ffc-a938782c21d9 - - - - - -] 10.0.0.128 "GET /" status: 200 len: 136 microversion: 1.0
2026-03-06 21:29:46.923 8 INFO placement.requestlog [None req-6f5fc047-bc0a-4ffc-8014-42324d8cce55 - - - - - -] 10.0.0.128 "GET /" status: 200 len: 136 microversion: 1.0
2026-03-06 21:29:56.924 7 INFO placement.requestlog [None req-f2178ff9-cea7-46ee-9602-e4d90bf5362d - - - - - -] 10.0.0.128 "GET /" status: 200 len: 136 microversion: 1.0
2026-03-06 21:29:56.924 8 INFO placement.requestlog [None req-116287f3-73a0-43fb-a3a7-558a6f15b46d - - - - - -] 10.0.0.128 "GET /" status: 200 len: 136 microversion: 1.0
2026-03-06 21:30:04.750 8 INFO placement.requestlog [None req-ebece851-92d5-43ac-818d-7b305f5845f3 d73d9a35351b4cb88e5fdccdd2fdb6d1 3606f6981f2d40588bae7aea821f991d - - default default] 10.0.0.48 "GET /resource_providers" status: 200 len: 405 microversion: 1.0 [pid: 8|app: 0|req: 315/633] 10.0.0.48 () {28 vars in 592 bytes} [Fri Mar 6 21:30:04 2026] GET /resource_providers => generated 405 bytes in 175 msecs (HTTP/1.1 200) 6 headers in 224 bytes (1 switches on core 0)
2026-03-06 21:30:04.773 7 INFO placement.requestlog [None req-2adb71c7-3423-4826-8ec7-4a82c3b611cd d73d9a35351b4cb88e5fdccdd2fdb6d1 3606f6981f2d40588bae7aea821f991d - - default default] 10.0.0.48 "GET /resource_providers/103e60ae-bf86-4e62-bb0c-eee837df46c8/inventories" status: 200 len: 400 microversion: 1.0 [pid: 7|app: 0|req: 319/634] 10.0.0.48 () {28 vars in 690 bytes} [Fri Mar 6 21:30:04 2026] GET /resource_providers/103e60ae-bf86-4e62-bb0c-eee837df46c8/inventories => generated 400 bytes in 18 msecs (HTTP/1.1 200) 6 headers in 224 bytes (1 switches on core 0)
2026-03-06 21:30:04.805 8 INFO placement.requestlog [None req-f45d8c1e-4b19-496d-a994-42a5e51d5f1b d73d9a35351b4cb88e5fdccdd2fdb6d1 3606f6981f2d40588bae7aea821f991d - - default default] 10.0.0.48 "GET /resource_providers/103e60ae-bf86-4e62-bb0c-eee837df46c8/usages" status: 200 len: 88 microversion: 1.0 [pid: 8|app: 0|req: 316/635] 10.0.0.48 () {28 vars in 680 bytes} [Fri Mar 6 21:30:04 2026] GET /resource_providers/103e60ae-bf86-4e62-bb0c-eee837df46c8/usages => generated 88 bytes in 25 msecs (HTTP/1.1 200) 6 headers in 223 bytes (1 switches on core 0)
2026-03-06 21:30:06.922 7 INFO placement.requestlog [None req-f7722f52-8a64-480e-95f6-8192dcb6b02a - - - - - -] 10.0.0.128 "GET /" status: 200 len: 136 microversion: 1.0
2026-03-06 21:30:06.923 8 INFO placement.requestlog [None req-c2398e4e-c20a-418b-a110-fd5ebfa1aaa3 - - - - - -] 10.0.0.128 "GET /" status: 200 len: 136 microversion: 1.0
2026-03-06 21:30:16.923 7 INFO placement.requestlog [None req-32f14980-a89a-4904-9a8b-90aca7e368d3 - - - - - -] 10.0.0.128 "GET /" status: 200 len: 136 microversion: 1.0
2026-03-06 21:30:16.924 8 INFO placement.requestlog [None req-90204593-b6bb-4a7b-b182-3ba81b5b80b1 - - - - - -] 10.0.0.128 "GET /" status: 200 len: 136 microversion: 1.0
2026-03-06 21:30:26.923 7 INFO placement.requestlog [None req-cc7d9d5a-3a8a-48af-9174-9ae9d25d970a - - - - - -] 10.0.0.128 "GET /" status: 200 len: 136 microversion: 1.0
2026-03-06 21:30:26.924 8 INFO placement.requestlog [None req-ee35f96d-8706-4a37-a83b-5a74a0c781a1 - - - - - -] 10.0.0.128 "GET /" status: 200 len: 136 microversion: 1.0
2026-03-06 21:30:28.432 7 INFO placement.requestlog [req-05d6fc68-4668-4368-9cf1-aa4b39b99fd2 req-23aad081-afe1-4aae-8d5b-3d4a97958664 5d589a4a4c55445a974983ae27db17cd eee889b9061047bf94a86e9b1b381594 - - b880acfe569949fc84dff6df10d1df88 b880acfe569949fc84dff6df10d1df88] 162.253.55.52 "GET /resource_providers/103e60ae-bf86-4e62-bb0c-eee837df46c8/allocations" status: 200 len: 54 microversion: 1.0 [pid: 7|app: 0|req: 323/642] 162.253.55.52 () {32 vars in 856 bytes} [Fri Mar 6 21:30:28 2026] GET /resource_providers/103e60ae-bf86-4e62-bb0c-eee837df46c8/allocations => generated 54 bytes in 15 msecs (HTTP/1.1 200) 6 headers in 223 bytes (1 switches on core 0)
2026-03-06 21:30:28.454 8 INFO placement.requestlog [req-05d6fc68-4668-4368-9cf1-aa4b39b99fd2 req-9a60cbe3-47ec-411f-8cfd-668ab64c1c93 5d589a4a4c55445a974983ae27db17cd eee889b9061047bf94a86e9b1b381594 - - b880acfe569949fc84dff6df10d1df88 b880acfe569949fc84dff6df10d1df88] 162.253.55.52 "GET /resource_providers/103e60ae-bf86-4e62-bb0c-eee837df46c8/allocations" status: 200 len: 54 microversion: 1.0 [pid: 8|app: 0|req: 320/643] 162.253.55.52 () {32 vars in 856 bytes} [Fri Mar 6 21:30:28 2026] GET /resource_providers/103e60ae-bf86-4e62-bb0c-eee837df46c8/allocations => generated 54 bytes in 14 msecs (HTTP/1.1 200) 6 headers in 223 bytes (1 switches on core 0)
2026-03-06 21:30:29.640 8 INFO placement.requestlog [None req-5a8e6dd8-b816-405b-9d38-6325ef9027fe 38290937523e468a993db37c4b076cac eee889b9061047bf94a86e9b1b381594 - - b880acfe569949fc84dff6df10d1df88 b880acfe569949fc84dff6df10d1df88] 10.0.0.55 "GET /resource_providers/b91f694a-4139-4154-a56b-a2aa4e69c9d6/aggregates" status: 404 len: 235 microversion: 1.1 [pid: 8|app: 0|req: 321/644] 10.0.0.55 () {32 vars in 815 bytes} [Fri Mar 6 21:30:29 2026] GET /resource_providers/b91f694a-4139-4154-a56b-a2aa4e69c9d6/aggregates => generated 235 bytes in 258 msecs (HTTP/1.1 404) 5 headers in 202 bytes (1 switches on core 0)
2026-03-06 21:30:29.664 8 INFO placement.requestlog [None req-e1b90ad9-e077-4260-a8b4-15d8e95ad0d0 38290937523e468a993db37c4b076cac eee889b9061047bf94a86e9b1b381594 - - b880acfe569949fc84dff6df10d1df88 b880acfe569949fc84dff6df10d1df88] 10.0.0.55 "DELETE /resource_providers/b91f694a-4139-4154-a56b-a2aa4e69c9d6" status: 404 len: 246 microversion: 1.1 [pid: 8|app: 0|req: 322/645] 10.0.0.55 () {34 vars in 815 bytes} [Fri Mar 6 21:30:29 2026] DELETE /resource_providers/b91f694a-4139-4154-a56b-a2aa4e69c9d6 => generated 246 bytes in 16 msecs (HTTP/1.1 404) 6 headers in 231 bytes (1 switches on core 0)
2026-03-06 21:30:29.710 7 INFO placement.requestlog [None req-c9f631b7-476f-4322-aafe-c8b2eacc2912 38290937523e468a993db37c4b076cac eee889b9061047bf94a86e9b1b381594 - - b880acfe569949fc84dff6df10d1df88 b880acfe569949fc84dff6df10d1df88] 10.0.0.55 "GET /resource_providers/b91f694a-4139-4154-a56b-a2aa4e69c9d6/aggregates" status: 404 len: 235 microversion: 1.1 [pid: 7|app: 0|req: 324/646] 10.0.0.55 () {32 vars in 815 bytes} [Fri Mar 6 21:30:29 2026] GET /resource_providers/b91f694a-4139-4154-a56b-a2aa4e69c9d6/aggregates => generated 235 bytes in 333 msecs (HTTP/1.1 404) 5 headers in 202 bytes (1 switches on core 0)
2026-03-06 21:30:29.728 8 INFO placement.requestlog [None req-03e2f00b-534c-4aef-acba-355025694557 38290937523e468a993db37c4b076cac eee889b9061047bf94a86e9b1b381594 - - b880acfe569949fc84dff6df10d1df88 b880acfe569949fc84dff6df10d1df88] 10.0.0.55 "DELETE /resource_providers/b91f694a-4139-4154-a56b-a2aa4e69c9d6" status: 404 len: 246 microversion: 1.1 [pid: 8|app: 0|req: 323/647] 10.0.0.55 () {34 vars in 815 bytes} [Fri Mar 6 21:30:29 2026] DELETE /resource_providers/b91f694a-4139-4154-a56b-a2aa4e69c9d6 => generated 246 bytes in 11 msecs (HTTP/1.1 404) 6 headers in 231 bytes (1 switches on core 0)
2026-03-06 21:30:30.891 7 INFO placement.requestlog [None req-bb840cc9-a96d-4674-b695-9b98d14a68f1 38290937523e468a993db37c4b076cac eee889b9061047bf94a86e9b1b381594 - - b880acfe569949fc84dff6df10d1df88 b880acfe569949fc84dff6df10d1df88] 10.0.0.55 "GET /resource_providers/f9248e6b-e22d-445f-a417-6bec53d2e2f6/aggregates" status: 404 len: 235 microversion: 1.1 [pid: 7|app: 0|req: 325/648] 10.0.0.55 () {32 vars in 815 bytes} [Fri Mar 6 21:30:30 2026] GET /resource_providers/f9248e6b-e22d-445f-a417-6bec53d2e2f6/aggregates => generated 235 bytes in 227 msecs (HTTP/1.1 404) 5 headers in 202 bytes (1 switches on core 0)
2026-03-06 21:30:30.893 8 INFO placement.requestlog [None req-76633217-f76d-403f-9c06-9deb10856329 38290937523e468a993db37c4b076cac eee889b9061047bf94a86e9b1b381594 - - b880acfe569949fc84dff6df10d1df88 b880acfe569949fc84dff6df10d1df88] 10.0.0.55 "GET /resource_providers/f9248e6b-e22d-445f-a417-6bec53d2e2f6/aggregates" status: 404 len: 235 microversion: 1.1 [pid: 8|app: 0|req: 324/649] 10.0.0.55 () {32 vars in 815 bytes} [Fri Mar 6 21:30:30 2026] GET /resource_providers/f9248e6b-e22d-445f-a417-6bec53d2e2f6/aggregates => generated 235 bytes in 213 msecs (HTTP/1.1 404) 5 headers in 202 bytes (1 switches on core 0)
2026-03-06 21:30:30.940 7 INFO placement.requestlog [None req-cb063b7c-56eb-477b-9e7f-a05405247e56 38290937523e468a993db37c4b076cac eee889b9061047bf94a86e9b1b381594 - - b880acfe569949fc84dff6df10d1df88 b880acfe569949fc84dff6df10d1df88] 10.0.0.55 "DELETE /resource_providers/f9248e6b-e22d-445f-a417-6bec53d2e2f6" status: 404 len: 246 microversion: 1.1
2026-03-06 21:30:30.941 8 INFO placement.requestlog [None req-a57db821-a053-493e-8410-c273405d39a2 38290937523e468a993db37c4b076cac eee889b9061047bf94a86e9b1b381594 - - b880acfe569949fc84dff6df10d1df88 b880acfe569949fc84dff6df10d1df88] 10.0.0.55 "DELETE /resource_providers/f9248e6b-e22d-445f-a417-6bec53d2e2f6" status: 404 len: 246 microversion: 1.1 [pid: 8|app: 0|req: 325/650] 10.0.0.55 () {34 vars in 815 bytes} [Fri Mar 6 21:30:30 2026] DELETE /resource_providers/f9248e6b-e22d-445f-a417-6bec53d2e2f6 => generated 246 bytes in 10 msecs (HTTP/1.1 404) 6 headers in 231 bytes (1 switches on core 0) [pid: 7|app: 0|req: 326/651] 10.0.0.55 () {34 vars in 815 bytes} [Fri Mar 6 21:30:30 2026] DELETE /resource_providers/f9248e6b-e22d-445f-a417-6bec53d2e2f6 => generated 246 bytes in 19 msecs (HTTP/1.1 404) 6 headers in 231 bytes (1 switches on core 0)
2026-03-06 21:30:32.436 8 INFO placement.requestlog [req-51aca774-d0c5-4393-9f0d-4174b803d225 req-95983965-6f30-4abd-8ca5-bfd0a420df8e 5d589a4a4c55445a974983ae27db17cd eee889b9061047bf94a86e9b1b381594 - - b880acfe569949fc84dff6df10d1df88 b880acfe569949fc84dff6df10d1df88] 10.0.0.113 "GET /allocation_candidates?limit=1000&resources=MEMORY_MB%3A512%2CVCPU%3A1&root_required=%21COMPUTE_STATUS_DISABLED" status: 200 len: 2767 microversion: 1.36 [pid: 8|app: 0|req: 326/652] 10.0.0.113 () {34 vars in 984 bytes} [Fri Mar 6 21:30:32 2026] GET /allocation_candidates?limit=1000&resources=MEMORY_MB%3A512%2CVCPU%3A1&root_required=%21COMPUTE_STATUS_DISABLED => generated 2767 bytes in 212 msecs (HTTP/1.1 200) 8 headers in 297 bytes (1 switches on core 0)
2026-03-06 21:30:32.480 7 INFO placement.requestlog [req-51aca774-d0c5-4393-9f0d-4174b803d225 req-1b933734-cccd-4132-88cb-ea4d05874fc7 5d589a4a4c55445a974983ae27db17cd eee889b9061047bf94a86e9b1b381594 - - b880acfe569949fc84dff6df10d1df88 b880acfe569949fc84dff6df10d1df88] 10.0.0.113 "GET /allocations/49ea56c9-044c-48c1-9894-1064f5de815c" status: 200 len: 19 microversion: 1.28 [pid: 7|app: 0|req: 327/653] 10.0.0.113 () {34 vars in 861 bytes} [Fri Mar 6 21:30:32 2026] GET /allocations/49ea56c9-044c-48c1-9894-1064f5de815c => generated 19 bytes in 11 msecs (HTTP/1.1 200) 8 headers in 295 bytes (1 switches on core 0)
2026-03-06 21:30:32.571 8 INFO placement.requestlog [req-51aca774-d0c5-4393-9f0d-4174b803d225 req-b733aa28-88d4-4f53-a066-3e89d8abbc8a 5d589a4a4c55445a974983ae27db17cd eee889b9061047bf94a86e9b1b381594 - - b880acfe569949fc84dff6df10d1df88 b880acfe569949fc84dff6df10d1df88] 10.0.0.113 "PUT /allocations/49ea56c9-044c-48c1-9894-1064f5de815c" status: 204 len: 0 microversion: 1.36 [pid: 8|app: 0|req: 327/654] 10.0.0.113 () {38 vars in 914 bytes} [Fri Mar 6 21:30:32 2026] PUT /allocations/49ea56c9-044c-48c1-9894-1064f5de815c => generated 0 bytes in 83 msecs (HTTP/1.1 204) 5 headers in 199 bytes (1 switches on core 0)
2026-03-06 21:30:34.016 7 INFO placement.requestlog [req-51aca774-d0c5-4393-9f0d-4174b803d225 req-69371eab-a701-4007-bf1b-75e082383897 5d589a4a4c55445a974983ae27db17cd eee889b9061047bf94a86e9b1b381594 - - b880acfe569949fc84dff6df10d1df88 b880acfe569949fc84dff6df10d1df88] 162.253.55.52 "GET /allocations/49ea56c9-044c-48c1-9894-1064f5de815c" status: 200 len: 243 microversion: 1.28 [pid: 7|app: 0|req: 328/655] 162.253.55.52 () {34 vars in 862 bytes} [Fri Mar 6 21:30:34 2026] GET /allocations/49ea56c9-044c-48c1-9894-1064f5de815c => generated 243 bytes in 10 msecs (HTTP/1.1 200) 8 headers in 296 bytes (1 switches on core 0)
2026-03-06 21:30:35.077 8 INFO placement.requestlog [req-51aca774-d0c5-4393-9f0d-4174b803d225 req-78f77180-cd97-492a-af08-646417eb883b 5d589a4a4c55445a974983ae27db17cd eee889b9061047bf94a86e9b1b381594 - - b880acfe569949fc84dff6df10d1df88 b880acfe569949fc84dff6df10d1df88] 162.253.55.52 "GET /resource_providers/103e60ae-bf86-4e62-bb0c-eee837df46c8/allocations" status: 200 len: 138 microversion: 1.0 [pid: 8|app: 0|req: 328/656] 162.253.55.52 () {32 vars in 856 bytes} [Fri Mar 6 21:30:35 2026] GET /resource_providers/103e60ae-bf86-4e62-bb0c-eee837df46c8/allocations => generated 138 bytes in 37 msecs (HTTP/1.1 200) 6 headers in 224 bytes (1 switches on core 0)
2026-03-06 21:30:35.097 7 INFO placement.requestlog [req-51aca774-d0c5-4393-9f0d-4174b803d225 req-fd88e10e-d352-40c8-837e-6b9c4a86ca73 5d589a4a4c55445a974983ae27db17cd eee889b9061047bf94a86e9b1b381594 - - b880acfe569949fc84dff6df10d1df88 b880acfe569949fc84dff6df10d1df88] 162.253.55.52 "GET /allocations/49ea56c9-044c-48c1-9894-1064f5de815c" status: 200 len: 243 microversion: 1.28 [pid: 7|app: 0|req: 329/657] 162.253.55.52 () {34 vars in 862 bytes} [Fri Mar 6 21:30:35 2026] GET /allocations/49ea56c9-044c-48c1-9894-1064f5de815c => generated 243 bytes in 14 msecs (HTTP/1.1 200) 8 headers in 296 bytes (1 switches on core 0)
2026-03-06 21:30:36.923 8 INFO placement.requestlog [None req-17bfe03c-9e6d-4594-aa95-38d4b9cd3671 - - - - - -] 10.0.0.128 "GET /" status: 200 len: 136 microversion: 1.0
2026-03-06 21:30:36.924 7 INFO placement.requestlog [None req-d90ff96c-d7a8-4749-9b79-7fcc1f46c62a - - - - - -] 10.0.0.128 "GET /" status: 200 len: 136 microversion: 1.0
2026-03-06 21:30:41.695 8 INFO placement.requestlog [req-4cab7e22-7365-4817-9fde-41a126ee023e req-7edb386e-b8ff-479a-9400-fed2646c3b18 5d589a4a4c55445a974983ae27db17cd eee889b9061047bf94a86e9b1b381594 - - b880acfe569949fc84dff6df10d1df88 b880acfe569949fc84dff6df10d1df88] 10.0.0.113 "GET /allocation_candidates?limit=1000&resources=DISK_GB%3A1%2CMEMORY_MB%3A512%2CVCPU%3A1&root_required=%21COMPUTE_STATUS_DISABLED" status: 200 len: 2783 microversion: 1.36 [pid: 8|app: 0|req: 330/660] 10.0.0.113 () {34 vars in 1012 bytes} [Fri Mar 6 21:30:41 2026] GET /allocation_candidates?limit=1000&resources=DISK_GB%3A1%2CMEMORY_MB%3A512%2CVCPU%3A1&root_required=%21COMPUTE_STATUS_DISABLED => generated 2783 bytes in 46 msecs (HTTP/1.1 200) 8 headers in 297 bytes (1 switches on core 0)
2026-03-06 21:30:41.748 7 INFO placement.requestlog [req-4cab7e22-7365-4817-9fde-41a126ee023e req-5a7bc93e-67f7-4015-965c-e3ea19fc25d4 5d589a4a4c55445a974983ae27db17cd eee889b9061047bf94a86e9b1b381594 - - b880acfe569949fc84dff6df10d1df88 b880acfe569949fc84dff6df10d1df88] 10.0.0.113 "GET /allocations/b7e92958-3892-4df8-9534-28811c8ee42c" status: 200 len: 19 microversion: 1.28 [pid: 7|app: 0|req: 331/661] 10.0.0.113 () {34 vars in 861 bytes} [Fri Mar 6 21:30:41 2026] GET /allocations/b7e92958-3892-4df8-9534-28811c8ee42c => generated 19 bytes in 12 msecs (HTTP/1.1 200) 8 headers in 295 bytes (1 switches on core 0)
2026-03-06 21:30:41.829 8 INFO placement.requestlog [req-4cab7e22-7365-4817-9fde-41a126ee023e req-32f3136f-ea2a-43ce-9d3a-dad45501e367 5d589a4a4c55445a974983ae27db17cd eee889b9061047bf94a86e9b1b381594 - - b880acfe569949fc84dff6df10d1df88 b880acfe569949fc84dff6df10d1df88] 10.0.0.113 "PUT /allocations/b7e92958-3892-4df8-9534-28811c8ee42c" status: 204 len: 0 microversion: 1.36 [pid: 8|app: 0|req: 331/662] 10.0.0.113 () {38 vars in 914 bytes} [Fri Mar 6 21:30:41 2026] PUT /allocations/b7e92958-3892-4df8-9534-28811c8ee42c => generated 0 bytes in 68 msecs (HTTP/1.1 204) 5 headers in 199 bytes (1 switches on core 0)
2026-03-06 21:30:43.455 7 INFO placement.requestlog [req-4cab7e22-7365-4817-9fde-41a126ee023e req-9053a3ab-06b2-4c2c-b662-8bf754a5d137 5d589a4a4c55445a974983ae27db17cd eee889b9061047bf94a86e9b1b381594 - - b880acfe569949fc84dff6df10d1df88 b880acfe569949fc84dff6df10d1df88] 162.253.55.52 "GET /allocations/b7e92958-3892-4df8-9534-28811c8ee42c" status: 200 len: 257 microversion: 1.28 [pid: 7|app: 0|req: 332/663] 162.253.55.52 () {34 vars in 862 bytes} [Fri Mar 6 21:30:43 2026] GET /allocations/b7e92958-3892-4df8-9534-28811c8ee42c => generated 257 bytes in 12 msecs (HTTP/1.1 200) 8 headers in 296 bytes (1 switches on core 0)
2026-03-06 21:30:44.036 8 INFO placement.requestlog [req-4cab7e22-7365-4817-9fde-41a126ee023e req-35320482-aa2a-40e7-a45b-e371acb570f0 5d589a4a4c55445a974983ae27db17cd eee889b9061047bf94a86e9b1b381594 - - b880acfe569949fc84dff6df10d1df88 b880acfe569949fc84dff6df10d1df88] 162.253.55.52 "GET /resource_providers/103e60ae-bf86-4e62-bb0c-eee837df46c8/allocations" status: 200 len: 238 microversion: 1.0 [pid: 8|app: 0|req: 332/664] 162.253.55.52 () {32 vars in 856 bytes} [Fri Mar 6 21:30:44 2026] GET /resource_providers/103e60ae-bf86-4e62-bb0c-eee837df46c8/allocations => generated 238 bytes in 18 msecs (HTTP/1.1 200) 6 headers in 224 bytes (1 switches on core 0)
2026-03-06 21:30:44.072 7 INFO placement.requestlog [req-4cab7e22-7365-4817-9fde-41a126ee023e req-a3826e24-2fcf-4ddb-8545-793d3f4aa6ef 5d589a4a4c55445a974983ae27db17cd eee889b9061047bf94a86e9b1b381594 - - b880acfe569949fc84dff6df10d1df88 b880acfe569949fc84dff6df10d1df88] 162.253.55.52 "GET /allocations/49ea56c9-044c-48c1-9894-1064f5de815c" status: 200 len: 243 microversion: 1.28 [pid: 7|app: 0|req: 333/665] 162.253.55.52 () {34 vars in 862 bytes} [Fri Mar 6 21:30:44 2026] GET /allocations/49ea56c9-044c-48c1-9894-1064f5de815c => generated 243 bytes in 11 msecs (HTTP/1.1 200) 8 headers in 296 bytes (1 switches on core 0)
2026-03-06 21:30:44.093 8 INFO placement.requestlog [req-4cab7e22-7365-4817-9fde-41a126ee023e req-90204864-016a-4463-862d-3c013f5dc695 5d589a4a4c55445a974983ae27db17cd eee889b9061047bf94a86e9b1b381594 - - b880acfe569949fc84dff6df10d1df88 b880acfe569949fc84dff6df10d1df88] 162.253.55.52 "GET /allocations/b7e92958-3892-4df8-9534-28811c8ee42c" status: 200 len: 257 microversion: 1.28 [pid: 8|app: 0|req: 333/666] 162.253.55.52 () {34 vars in 862 bytes} [Fri Mar 6 21:30:44 2026] GET /allocations/b7e92958-3892-4df8-9534-28811c8ee42c => generated 257 bytes in 16 msecs (HTTP/1.1 200) 8 headers in 296 bytes (1 switches on core 0)
2026-03-06 21:30:46.923 8 INFO placement.requestlog [None req-4d5d1b55-4ce8-410a-b344-256da34c98cf - - - - - -] 10.0.0.128 "GET /" status: 200 len: 136 microversion: 1.0
2026-03-06 21:30:46.923 7 INFO placement.requestlog [None req-bacd85e2-9303-4c13-ad2f-5d3a0fc32db0 - - - - - -] 10.0.0.128 "GET /" status: 200 len: 136 microversion: 1.0
2026-03-06 21:30:53.315 8 INFO placement.requestlog [None req-8dcf80a3-6c8f-4fc3-9c98-19851d496193 38290937523e468a993db37c4b076cac eee889b9061047bf94a86e9b1b381594 - - b880acfe569949fc84dff6df10d1df88 b880acfe569949fc84dff6df10d1df88] 10.0.0.55 "GET /resource_providers/e86af98b-8259-4733-9e77-86b1f5cadb98/aggregates" status: 404 len: 235 microversion: 1.1 [pid: 8|app: 0|req: 335/669] 10.0.0.55 () {32 vars in 815 bytes} [Fri Mar 6 21:30:53 2026] GET /resource_providers/e86af98b-8259-4733-9e77-86b1f5cadb98/aggregates => generated 235 bytes in 8 msecs (HTTP/1.1 404) 5 headers in 202 bytes (1 switches on core 0)
2026-03-06 21:30:53.323 7 INFO placement.requestlog [None req-9d946c56-da0e-4ee7-94b3-3a59f54f2411 38290937523e468a993db37c4b076cac eee889b9061047bf94a86e9b1b381594 - - b880acfe569949fc84dff6df10d1df88 b880acfe569949fc84dff6df10d1df88] 10.0.0.55 "GET /resource_providers/e86af98b-8259-4733-9e77-86b1f5cadb98/aggregates" status: 404 len: 235 microversion: 1.1 [pid: 7|app: 0|req: 335/670] 10.0.0.55 () {32 vars in 815 bytes} [Fri Mar 6 21:30:53 2026] GET /resource_providers/e86af98b-8259-4733-9e77-86b1f5cadb98/aggregates => generated 235 bytes in 13 msecs (HTTP/1.1 404) 5 headers in 202 bytes (1 switches on core 0)
2026-03-06 21:30:53.330 8 INFO placement.requestlog [None req-75c7a0b8-35e9-444f-a71e-f7b2520d2ed0 38290937523e468a993db37c4b076cac eee889b9061047bf94a86e9b1b381594 - - b880acfe569949fc84dff6df10d1df88 b880acfe569949fc84dff6df10d1df88] 10.0.0.55 "DELETE /resource_providers/e86af98b-8259-4733-9e77-86b1f5cadb98" status: 404 len: 246 microversion: 1.1 [pid: 8|app: 0|req: 336/671] 10.0.0.55 () {34 vars in 815 bytes} [Fri Mar 6 21:30:53 2026] DELETE /resource_providers/e86af98b-8259-4733-9e77-86b1f5cadb98 => generated 246 bytes in 8 msecs (HTTP/1.1 404) 6 headers in 231 bytes (1 switches on core 0)
2026-03-06 21:30:53.339 7 INFO placement.requestlog [None req-9ad2efa2-3075-4392-8a5a-d2ede05016dd 38290937523e468a993db37c4b076cac eee889b9061047bf94a86e9b1b381594 - - b880acfe569949fc84dff6df10d1df88 b880acfe569949fc84dff6df10d1df88] 10.0.0.55 "DELETE /resource_providers/e86af98b-8259-4733-9e77-86b1f5cadb98" status: 404 len: 246 microversion: 1.1 [pid: 7|app: 0|req: 336/672] 10.0.0.55 () {34 vars in 815 bytes} [Fri Mar 6 21:30:53 2026] DELETE /resource_providers/e86af98b-8259-4733-9e77-86b1f5cadb98 => generated 246 bytes in 7 msecs (HTTP/1.1 404) 6 headers in 231 bytes (1 switches on core 0)
2026-03-06 21:30:55.354 8 INFO placement.requestlog [None req-ccfbf49e-1c30-4252-8c93-26ba35e5356f 38290937523e468a993db37c4b076cac eee889b9061047bf94a86e9b1b381594 - - b880acfe569949fc84dff6df10d1df88 b880acfe569949fc84dff6df10d1df88] 10.0.0.55 "GET /resource_providers/f3e4ae8a-d529-4218-87d4-435f4b0b658c/aggregates" status: 404 len: 235 microversion: 1.1 [pid: 8|app: 0|req: 337/673] 10.0.0.55 () {32 vars in 815 bytes} [Fri Mar 6 21:30:55 2026] GET /resource_providers/f3e4ae8a-d529-4218-87d4-435f4b0b658c/aggregates => generated 235 bytes in 7 msecs (HTTP/1.1 404) 5 headers in 202 bytes (1 switches on core 0)
2026-03-06 21:30:55.361 7 INFO placement.requestlog [None req-7b957d6d-7dc2-456b-9488-73a493a4911f 38290937523e468a993db37c4b076cac eee889b9061047bf94a86e9b1b381594 - - b880acfe569949fc84dff6df10d1df88 b880acfe569949fc84dff6df10d1df88] 10.0.0.55 "GET /resource_providers/f3e4ae8a-d529-4218-87d4-435f4b0b658c/aggregates" status: 404 len: 235 microversion: 1.1 [pid: 7|app: 0|req: 337/674] 10.0.0.55 () {32 vars in 815 bytes} [Fri Mar 6 21:30:55 2026] GET /resource_providers/f3e4ae8a-d529-4218-87d4-435f4b0b658c/aggregates => generated 235 bytes in 13 msecs (HTTP/1.1 404) 5 headers in 202 bytes (1 switches on core 0)
2026-03-06 21:30:55.366 8 INFO placement.requestlog [None req-e6fbbd5e-e643-4b53-8119-eeb8b256a93c 38290937523e468a993db37c4b076cac eee889b9061047bf94a86e9b1b381594 - - b880acfe569949fc84dff6df10d1df88 b880acfe569949fc84dff6df10d1df88] 10.0.0.55 "DELETE /resource_providers/f3e4ae8a-d529-4218-87d4-435f4b0b658c" status: 404 len: 246 microversion: 1.1 [pid: 8|app: 0|req: 338/675] 10.0.0.55 () {34 vars in 815 bytes} [Fri Mar 6 21:30:55 2026] DELETE /resource_providers/f3e4ae8a-d529-4218-87d4-435f4b0b658c => generated 246 bytes in 7 msecs (HTTP/1.1 404) 6 headers in 231 bytes (1 switches on core 0)
2026-03-06 21:30:55.382 7 INFO placement.requestlog [None req-a891ea44-2777-4c4d-bf7a-198e2f3be83b 38290937523e468a993db37c4b076cac eee889b9061047bf94a86e9b1b381594 - - b880acfe569949fc84dff6df10d1df88 b880acfe569949fc84dff6df10d1df88] 10.0.0.55 "DELETE /resource_providers/f3e4ae8a-d529-4218-87d4-435f4b0b658c" status: 404 len: 246 microversion: 1.1 [pid: 7|app: 0|req: 338/676] 10.0.0.55 () {34 vars in 815 bytes} [Fri Mar 6 21:30:55 2026] DELETE /resource_providers/f3e4ae8a-d529-4218-87d4-435f4b0b658c => generated 246 bytes in 13 msecs (HTTP/1.1 404) 6 headers in 231 bytes (1 switches on core 0)
2026-03-06 21:30:56.923 8 INFO placement.requestlog [None req-8f721a1c-e73b-4bf0-80f7-a345befa72d1 - - - - - -] 10.0.0.128 "GET /" status: 200 len: 136 microversion: 1.0
2026-03-06 21:30:56.925 7 INFO placement.requestlog [None req-1464b3c5-4de7-44f3-b35a-b770bbfdbea3 - - - - - -] 10.0.0.128 "GET /" status: 200 len: 136 microversion: 1.0
2026-03-06 21:31:00.416 8 INFO placement.requestlog [None req-9230f1e7-e115-441c-af1f-e7471bf91681 38290937523e468a993db37c4b076cac eee889b9061047bf94a86e9b1b381594 - - b880acfe569949fc84dff6df10d1df88 b880acfe569949fc84dff6df10d1df88] 10.0.0.55 "GET /resource_providers/8bcde6a6-bf72-4e5a-bb94-3081362a7d5e/aggregates" status: 404 len: 235 microversion: 1.1 [pid: 8|app: 0|req: 340/679] 10.0.0.55 () {32 vars in 815 bytes} [Fri Mar 6 21:31:00 2026] GET /resource_providers/8bcde6a6-bf72-4e5a-bb94-3081362a7d5e/aggregates => generated 235 bytes in 8 msecs (HTTP/1.1 404) 5 headers in 202 bytes (1 switches on core 0)
