2026-03-06 21:38:25.903 7 INFO placement.requestlog [req-6604985f-dc39-4704-8621-fe00f713dbdf req-9edec8f6-2cac-4205-aa64-6aaa2f026cf8 5d589a4a4c55445a974983ae27db17cd eee889b9061047bf94a86e9b1b381594 - - b880acfe569949fc84dff6df10d1df88 b880acfe569949fc84dff6df10d1df88] 162.253.55.52 "GET /allocations/31b63fae-c5f8-46c7-9745-1163ec8f15e0" status: 200 len: 258 microversion: 1.28 [pid: 7|app: 0|req: 612/1227] 162.253.55.52 () {34 vars in 862 bytes} [Fri Mar 6 21:38:25 2026] GET /allocations/31b63fae-c5f8-46c7-9745-1163ec8f15e0 => generated 258 bytes in 14 msecs (HTTP/1.1 200) 8 headers in 296 bytes (1 switches on core 0)
2026-03-06 21:38:25.930 8 INFO placement.requestlog [req-6604985f-dc39-4704-8621-fe00f713dbdf req-531414d9-7448-419e-b626-eb1b30e805d0 5d589a4a4c55445a974983ae27db17cd eee889b9061047bf94a86e9b1b381594 - - b880acfe569949fc84dff6df10d1df88 b880acfe569949fc84dff6df10d1df88] 162.253.55.52 "GET /allocations/66a9e708-05eb-44ba-9268-0d54cf0fed70" status: 200 len: 245 microversion: 1.28 [pid: 8|app: 0|req: 616/1228] 162.253.55.52 () {34 vars in 862 bytes} [Fri Mar 6 21:38:25 2026] GET /allocations/66a9e708-05eb-44ba-9268-0d54cf0fed70 => generated 245 bytes in 22 msecs (HTTP/1.1 200) 8 headers in 296 bytes (1 switches on core 0)
2026-03-06 21:38:26.924 7 INFO placement.requestlog [None req-6b9a8193-c770-448d-b785-feb6c12409ba - - - - - -] 10.0.0.128 "GET /" status: 200 len: 136 microversion: 1.0
2026-03-06 21:38:26.924 8 INFO placement.requestlog [None req-95e09e4d-4726-491b-bc73-e3c6e94bd5d0 - - - - - -] 10.0.0.128 "GET /" status: 200 len: 136 microversion: 1.0
2026-03-06 21:38:36.923 7 INFO placement.requestlog [None req-69364880-8f31-4294-bba8-3df4cd481935 - - - - - -] 10.0.0.128 "GET /" status: 200 len: 136 microversion: 1.0
2026-03-06 21:38:36.923 8 INFO placement.requestlog [None req-26299f0a-0478-44fd-ba92-25b60929b57b - - - - - -] 10.0.0.128 "GET /" status: 200 len: 136 microversion: 1.0
2026-03-06 21:38:39.837 7 INFO placement.requestlog [req-9e1341c9-fd92-4cf6-a840-e3fcfcc4e06a req-acced3bb-13fd-498b-a595-d9ae7d50e1df 5d589a4a4c55445a974983ae27db17cd eee889b9061047bf94a86e9b1b381594 - - b880acfe569949fc84dff6df10d1df88 b880acfe569949fc84dff6df10d1df88] 162.253.55.52 "GET /resource_providers/103e60ae-bf86-4e62-bb0c-eee837df46c8/allocations" status: 200 len: 340 microversion: 1.0 [pid: 7|app: 0|req: 615/1233] 162.253.55.52 () {32 vars in 856 bytes} [Fri Mar 6 21:38:39 2026] GET /resource_providers/103e60ae-bf86-4e62-bb0c-eee837df46c8/allocations => generated 340 bytes in 15 msecs (HTTP/1.1 200) 6 headers in 224 bytes (1 switches on core 0)
2026-03-06 21:38:39.862 8 INFO placement.requestlog [req-9e1341c9-fd92-4cf6-a840-e3fcfcc4e06a req-bad60e01-af53-4682-9c57-1461c917874c 5d589a4a4c55445a974983ae27db17cd eee889b9061047bf94a86e9b1b381594 - - b880acfe569949fc84dff6df10d1df88 b880acfe569949fc84dff6df10d1df88] 162.253.55.52 "GET /resource_providers/103e60ae-bf86-4e62-bb0c-eee837df46c8/allocations" status: 200 len: 340 microversion: 1.0 [pid: 8|app: 0|req: 619/1234] 162.253.55.52 () {32 vars in 856 bytes} [Fri Mar 6 21:38:39 2026] GET /resource_providers/103e60ae-bf86-4e62-bb0c-eee837df46c8/allocations => generated 340 bytes in 17 msecs (HTTP/1.1 200) 6 headers in 224 bytes (1 switches on core 0)
2026-03-06 21:38:39.878 7 INFO placement.requestlog [req-9e1341c9-fd92-4cf6-a840-e3fcfcc4e06a req-be7d4202-0127-4b37-8b19-ea46ead45adb 5d589a4a4c55445a974983ae27db17cd eee889b9061047bf94a86e9b1b381594 - - b880acfe569949fc84dff6df10d1df88 b880acfe569949fc84dff6df10d1df88] 162.253.55.52 "GET /allocations/7b72fbdd-5444-4e41-afde-8514e3713375" status: 200 len: 258 microversion: 1.28 [pid: 7|app: 0|req: 616/1235] 162.253.55.52 () {34 vars in 862 bytes} [Fri Mar 6 21:38:39 2026] GET /allocations/7b72fbdd-5444-4e41-afde-8514e3713375 => generated 258 bytes in 11 msecs (HTTP/1.1 200) 8 headers in 296 bytes (1 switches on core 0)
2026-03-06 21:38:39.898 8 INFO placement.requestlog [req-9e1341c9-fd92-4cf6-a840-e3fcfcc4e06a req-c3fbeab7-c15c-4734-b4fd-f28a8319ad62 5d589a4a4c55445a974983ae27db17cd eee889b9061047bf94a86e9b1b381594 - - b880acfe569949fc84dff6df10d1df88 b880acfe569949fc84dff6df10d1df88] 162.253.55.52 "GET /allocations/31b63fae-c5f8-46c7-9745-1163ec8f15e0" status: 200 len: 258 microversion: 1.28 [pid: 8|app: 0|req: 620/1236] 162.253.55.52 () {34 vars in 862 bytes} [Fri Mar 6 21:38:39 2026] GET /allocations/31b63fae-c5f8-46c7-9745-1163ec8f15e0 => generated 258 bytes in 13 msecs (HTTP/1.1 200) 8 headers in 296 bytes (1 switches on core 0)
2026-03-06 21:38:39.919 7 INFO placement.requestlog [req-9e1341c9-fd92-4cf6-a840-e3fcfcc4e06a req-42b1778c-9217-4fb0-a794-02c6bbdfa529 5d589a4a4c55445a974983ae27db17cd eee889b9061047bf94a86e9b1b381594 - - b880acfe569949fc84dff6df10d1df88 b880acfe569949fc84dff6df10d1df88] 162.253.55.52 "GET /allocations/66a9e708-05eb-44ba-9268-0d54cf0fed70" status: 200 len: 245 microversion: 1.28 [pid: 7|app: 0|req: 617/1237] 162.253.55.52 () {34 vars in 862 bytes} [Fri Mar 6 21:38:39 2026] GET /allocations/66a9e708-05eb-44ba-9268-0d54cf0fed70 => generated 245 bytes in 13 msecs (HTTP/1.1 200) 8 headers in 296 bytes (1 switches on core 0)
2026-03-06 21:38:46.923 8 INFO placement.requestlog [None req-14810cda-5237-405f-be43-93ed8c850670 - - - - - -] 10.0.0.128 "GET /" status: 200 len: 136 microversion: 1.0
2026-03-06 21:38:46.923 7 INFO placement.requestlog [None req-5f8e6478-267a-4738-b915-0adc3a39ec17 - - - - - -] 10.0.0.128 "GET /" status: 200 len: 136 microversion: 1.0
2026-03-06 21:38:56.923 8 INFO placement.requestlog [None req-f9b7c819-8943-47b5-b9d3-ec4b4e25537f - - - - - -] 10.0.0.128 "GET /" status: 200 len: 136 microversion: 1.0
2026-03-06 21:38:56.924 7 INFO placement.requestlog [None req-00621d3e-72f3-4176-8249-e815f27b769e - - - - - -] 10.0.0.128 "GET /" status: 200 len: 136 microversion: 1.0
2026-03-06 21:39:04.679 8 INFO placement.requestlog [None req-0a525c54-3758-4967-9446-795759c6dd75 d73d9a35351b4cb88e5fdccdd2fdb6d1 3606f6981f2d40588bae7aea821f991d - - default default] 10.0.0.48 "GET /resource_providers" status: 200 len: 406 microversion: 1.0 [pid: 8|app: 0|req: 623/1242] 10.0.0.48 () {28 vars in 592 bytes} [Fri Mar 6 21:39:04 2026] GET /resource_providers => generated 406 bytes in 86 msecs (HTTP/1.1 200) 6 headers in 224 bytes (1 switches on core 0)
2026-03-06 21:39:04.707 7 INFO placement.requestlog [None req-0048c591-1463-40c7-a1b7-3ba2a1a90f2d d73d9a35351b4cb88e5fdccdd2fdb6d1 3606f6981f2d40588bae7aea821f991d - - default default] 10.0.0.48 "GET /resource_providers/103e60ae-bf86-4e62-bb0c-eee837df46c8/inventories" status: 200 len: 401 microversion: 1.0 [pid: 7|app: 0|req: 620/1243] 10.0.0.48 () {28 vars in 690 bytes} [Fri Mar 6 21:39:04 2026] GET /resource_providers/103e60ae-bf86-4e62-bb0c-eee837df46c8/inventories => generated 401 bytes in 21 msecs (HTTP/1.1 200) 6 headers in 224 bytes (1 switches on core 0)
2026-03-06 21:39:04.727 8 INFO placement.requestlog [None req-3931fc6f-1f05-4274-a422-c7823e1c5cd4 d73d9a35351b4cb88e5fdccdd2fdb6d1 3606f6981f2d40588bae7aea821f991d - - default default] 10.0.0.48 "GET /resource_providers/103e60ae-bf86-4e62-bb0c-eee837df46c8/usages" status: 200 len: 92 microversion: 1.0 [pid: 8|app: 0|req: 624/1244] 10.0.0.48 () {28 vars in 680 bytes} [Fri Mar 6 21:39:04 2026] GET /resource_providers/103e60ae-bf86-4e62-bb0c-eee837df46c8/usages => generated 92 bytes in 17 msecs (HTTP/1.1 200) 6 headers in 223 bytes (1 switches on core 0)
2026-03-06 21:39:06.924 7 INFO placement.requestlog [None req-17e8825a-d160-45d0-8e03-4e6e4ccaf2ed - - - - - -] 10.0.0.128 "GET /" status: 200 len: 136 microversion: 1.0
2026-03-06 21:39:06.924 8 INFO placement.requestlog [None req-97febbb0-26ce-4692-be52-8aa50ef1c8b2 - - - - - -] 10.0.0.128 "GET /" status: 200 len: 136 microversion: 1.0
2026-03-06 21:39:16.922 7 INFO placement.requestlog [None req-7b3bd318-ad1d-4a8f-a639-de187dc16861 - - - - - -] 10.0.0.128 "GET /" status: 200 len: 136 microversion: 1.0
2026-03-06 21:39:16.922 8 INFO placement.requestlog [None req-1eb182a6-888c-4177-b8f2-da2c96eb1381 - - - - - -] 10.0.0.128 "GET /" status: 200 len: 136 microversion: 1.0
2026-03-06 21:39:26.924 8 INFO placement.requestlog [None req-d3e19ed4-d508-40e6-a0a2-6852ff97d306 - - - - - -] 10.0.0.128 "GET /" status: 200 len: 136 microversion: 1.0
2026-03-06 21:39:26.924 7 INFO placement.requestlog [None req-313ad475-7f92-43bb-98e4-1740218e4f94 - - - - - -] 10.0.0.128 "GET /" status: 200 len: 136 microversion: 1.0
2026-03-06 21:39:36.923 8 INFO placement.requestlog [None req-af9e2af7-ac0c-49f1-aa21-08c3a3feacd9 - - - - - -] 10.0.0.128 "GET /" status: 200 len: 136 microversion: 1.0
2026-03-06 21:39:36.926 7 INFO placement.requestlog [None req-660f2250-035e-4ca3-a994-aa05a5aaa02b - - - - - -] 10.0.0.128 "GET /" status: 200 len: 136 microversion: 1.0
2026-03-06 21:39:38.706 8 INFO placement.requestlog [req-93fb8819-ad58-442a-9381-ea912aaba66c req-ab1c9f83-e523-4855-bf29-3df2c2e48fd1 5d589a4a4c55445a974983ae27db17cd eee889b9061047bf94a86e9b1b381594 - - b880acfe569949fc84dff6df10d1df88 b880acfe569949fc84dff6df10d1df88] 162.253.55.52 "GET /resource_providers/103e60ae-bf86-4e62-bb0c-eee837df46c8/allocations" status: 200 len: 340 microversion: 1.0 [pid: 8|app: 0|req: 629/1253] 162.253.55.52 () {32 vars in 856 bytes} [Fri Mar 6 21:39:38 2026] GET /resource_providers/103e60ae-bf86-4e62-bb0c-eee837df46c8/allocations => generated 340 bytes in 108 msecs (HTTP/1.1 200) 6 headers in 224 bytes (1 switches on core 0)
2026-03-06 21:39:38.747 7 INFO placement.requestlog [req-93fb8819-ad58-442a-9381-ea912aaba66c req-dc25d299-123b-48fb-9b72-d0bd6a31ca3a 5d589a4a4c55445a974983ae27db17cd eee889b9061047bf94a86e9b1b381594 - - b880acfe569949fc84dff6df10d1df88 b880acfe569949fc84dff6df10d1df88] 162.253.55.52 "GET /resource_providers?in_tree=103e60ae-bf86-4e62-bb0c-eee837df46c8" status: 200 len: 798 microversion: 1.14 [pid: 7|app: 0|req: 625/1254] 162.253.55.52 () {34 vars in 891 bytes} [Fri Mar 6 21:39:38 2026] GET /resource_providers?in_tree=103e60ae-bf86-4e62-bb0c-eee837df46c8 => generated 798 bytes in 34 msecs (HTTP/1.1 200) 6 headers in 225 bytes (1 switches on core 0)
2026-03-06 21:39:38.773 8 INFO placement.requestlog [req-93fb8819-ad58-442a-9381-ea912aaba66c req-21145b52-2235-4d34-a36f-264721ddbf84 5d589a4a4c55445a974983ae27db17cd eee889b9061047bf94a86e9b1b381594 - - b880acfe569949fc84dff6df10d1df88 b880acfe569949fc84dff6df10d1df88] 162.253.55.52 "GET /resource_providers/103e60ae-bf86-4e62-bb0c-eee837df46c8/inventories" status: 200 len: 401 microversion: 1.0 [pid: 8|app: 0|req: 630/1255] 162.253.55.52 () {32 vars in 856 bytes} [Fri Mar 6 21:39:38 2026] GET /resource_providers/103e60ae-bf86-4e62-bb0c-eee837df46c8/inventories => generated 401 bytes in 15 msecs (HTTP/1.1 200) 6 headers in 224 bytes (1 switches on core 0)
2026-03-06 21:39:38.793 7 INFO placement.requestlog [req-93fb8819-ad58-442a-9381-ea912aaba66c req-935c9592-030d-4e46-b5f6-ac062f830e94 5d589a4a4c55445a974983ae27db17cd eee889b9061047bf94a86e9b1b381594 - - b880acfe569949fc84dff6df10d1df88 b880acfe569949fc84dff6df10d1df88] 162.253.55.52 "GET /resource_providers/103e60ae-bf86-4e62-bb0c-eee837df46c8/aggregates" status: 200 len: 54 microversion: 1.19 [pid: 7|app: 0|req: 626/1256] 162.253.55.52 () {34 vars in 898 bytes} [Fri Mar 6 21:39:38 2026] GET /resource_providers/103e60ae-bf86-4e62-bb0c-eee837df46c8/aggregates => generated 54 bytes in 14 msecs (HTTP/1.1 200) 8 headers in 295 bytes (1 switches on core 0)
2026-03-06 21:39:38.830 8 INFO placement.requestlog [req-93fb8819-ad58-442a-9381-ea912aaba66c req-c944c071-3ce4-4444-986d-9114e41f8c8e 5d589a4a4c55445a974983ae27db17cd eee889b9061047bf94a86e9b1b381594 - - b880acfe569949fc84dff6df10d1df88 b880acfe569949fc84dff6df10d1df88] 162.253.55.52 "GET /resource_providers/103e60ae-bf86-4e62-bb0c-eee837df46c8/traits" status: 200 len: 2317 microversion: 1.6 [pid: 8|app: 0|req: 631/1257] 162.253.55.52 () {34 vars in 889 bytes} [Fri Mar 6 21:39:38 2026] GET /resource_providers/103e60ae-bf86-4e62-bb0c-eee837df46c8/traits => generated 2317 bytes in 29 msecs (HTTP/1.1 200) 6 headers in 225 bytes (1 switches on core 0)
2026-03-06 21:39:38.861 7 INFO placement.requestlog [req-93fb8819-ad58-442a-9381-ea912aaba66c req-7b4e8b93-6026-4386-94eb-135160a7f425 5d589a4a4c55445a974983ae27db17cd eee889b9061047bf94a86e9b1b381594 - - b880acfe569949fc84dff6df10d1df88 b880acfe569949fc84dff6df10d1df88] 162.253.55.52 "GET /resource_providers/103e60ae-bf86-4e62-bb0c-eee837df46c8/allocations" status: 200 len: 340 microversion: 1.0 [pid: 7|app: 0|req: 627/1258] 162.253.55.52 () {32 vars in 856 bytes} [Fri Mar 6 21:39:38 2026] GET /resource_providers/103e60ae-bf86-4e62-bb0c-eee837df46c8/allocations => generated 340 bytes in 23 msecs (HTTP/1.1 200) 6 headers in 224 bytes (1 switches on core 0)
2026-03-06 21:39:38.883 8 INFO placement.requestlog [req-93fb8819-ad58-442a-9381-ea912aaba66c req-128c639d-f3eb-48e9-b4f7-dbe25f339550 5d589a4a4c55445a974983ae27db17cd eee889b9061047bf94a86e9b1b381594 - - b880acfe569949fc84dff6df10d1df88 b880acfe569949fc84dff6df10d1df88] 162.253.55.52 "GET /allocations/7b72fbdd-5444-4e41-afde-8514e3713375" status: 200 len: 258 microversion: 1.28 [pid: 8|app: 0|req: 632/1259] 162.253.55.52 () {34 vars in 862 bytes} [Fri Mar 6 21:39:38 2026] GET /allocations/7b72fbdd-5444-4e41-afde-8514e3713375 => generated 258 bytes in 13 msecs (HTTP/1.1 200) 8 headers in 296 bytes (1 switches on core 0)
2026-03-06 21:39:38.906 7 INFO placement.requestlog [req-93fb8819-ad58-442a-9381-ea912aaba66c req-262524ac-740b-4336-ab98-d28ca3447d5e 5d589a4a4c55445a974983ae27db17cd eee889b9061047bf94a86e9b1b381594 - - b880acfe569949fc84dff6df10d1df88 b880acfe569949fc84dff6df10d1df88] 162.253.55.52 "GET /allocations/31b63fae-c5f8-46c7-9745-1163ec8f15e0" status: 200 len: 258 microversion: 1.28 [pid: 7|app: 0|req: 628/1260] 162.253.55.52 () {34 vars in 862 bytes} [Fri Mar 6 21:39:38 2026] GET /allocations/31b63fae-c5f8-46c7-9745-1163ec8f15e0 => generated 258 bytes in 17 msecs (HTTP/1.1 200) 8 headers in 296 bytes (1 switches on core 0)
2026-03-06 21:39:38.924 8 INFO placement.requestlog [req-93fb8819-ad58-442a-9381-ea912aaba66c req-0dc78500-98c9-4d9b-80e5-71447e00896f 5d589a4a4c55445a974983ae27db17cd eee889b9061047bf94a86e9b1b381594 - - b880acfe569949fc84dff6df10d1df88 b880acfe569949fc84dff6df10d1df88] 162.253.55.52 "GET /allocations/66a9e708-05eb-44ba-9268-0d54cf0fed70" status: 200 len: 245 microversion: 1.28 [pid: 8|app: 0|req: 633/1261] 162.253.55.52 () {34 vars in 862 bytes} [Fri Mar 6 21:39:38 2026] GET /allocations/66a9e708-05eb-44ba-9268-0d54cf0fed70 => generated 245 bytes in 13 msecs (HTTP/1.1 200) 8 headers in 296 bytes (1 switches on core 0)
2026-03-06 21:39:46.923 7 INFO placement.requestlog [None req-ebaa28dc-9212-4b01-afbf-722c2b1ad5bd - - - - - -] 10.0.0.128 "GET /" status: 200 len: 136 microversion: 1.0
2026-03-06 21:39:46.923 8 INFO placement.requestlog [None req-f0dc7ecd-b36e-4916-9fea-fb63b5699e3c - - - - - -] 10.0.0.128 "GET /" status: 200 len: 136 microversion: 1.0
2026-03-06 21:39:56.923 8 INFO placement.requestlog [None req-bde7778a-136a-4201-8778-4ef0532e36b0 - - - - - -] 10.0.0.128 "GET /" status: 200 len: 136 microversion: 1.0
2026-03-06 21:39:56.923 7 INFO placement.requestlog [None req-c195eae8-cfe7-484b-a01e-fa651998c271 - - - - - -] 10.0.0.128 "GET /" status: 200 len: 136 microversion: 1.0
2026-03-06 21:40:04.690 8 INFO placement.requestlog [None req-c050d062-5ae3-4c4c-b091-11458a6256b5 d73d9a35351b4cb88e5fdccdd2fdb6d1 3606f6981f2d40588bae7aea821f991d - - default default] 10.0.0.48 "GET /resource_providers" status: 200 len: 406 microversion: 1.0 [pid: 8|app: 0|req: 636/1266] 10.0.0.48 () {28 vars in 592 bytes} [Fri Mar 6 21:40:04 2026] GET /resource_providers => generated 406 bytes in 100 msecs (HTTP/1.1 200) 6 headers in 224 bytes (1 switches on core 0)
2026-03-06 21:40:04.721 7 INFO placement.requestlog [None req-64bddd41-2f47-40d1-96b1-fe950e372238 d73d9a35351b4cb88e5fdccdd2fdb6d1 3606f6981f2d40588bae7aea821f991d - - default default] 10.0.0.48 "GET /resource_providers/103e60ae-bf86-4e62-bb0c-eee837df46c8/inventories" status: 200 len: 401 microversion: 1.0 [pid: 7|app: 0|req: 631/1267] 10.0.0.48 () {28 vars in 690 bytes} [Fri Mar 6 21:40:04 2026] GET /resource_providers/103e60ae-bf86-4e62-bb0c-eee837df46c8/inventories => generated 401 bytes in 18 msecs (HTTP/1.1 200) 6 headers in 224 bytes (1 switches on core 0)
2026-03-06 21:40:04.747 8 INFO placement.requestlog [None req-3e861b48-d056-47a6-bd9d-84800388a332 d73d9a35351b4cb88e5fdccdd2fdb6d1 3606f6981f2d40588bae7aea821f991d - - default default] 10.0.0.48 "GET /resource_providers/103e60ae-bf86-4e62-bb0c-eee837df46c8/usages" status: 200 len: 92 microversion: 1.0 [pid: 8|app: 0|req: 637/1268] 10.0.0.48 () {28 vars in 680 bytes} [Fri Mar 6 21:40:04 2026] GET /resource_providers/103e60ae-bf86-4e62-bb0c-eee837df46c8/usages => generated 92 bytes in 15 msecs (HTTP/1.1 200) 6 headers in 223 bytes (1 switches on core 0)
2026-03-06 21:40:06.927 7 INFO placement.requestlog [None req-2695b0a5-5a06-433c-badb-13035a7b0386 - - - - - -] 10.0.0.128 "GET /" status: 200 len: 136 microversion: 1.0
2026-03-06 21:40:06.928 8 INFO placement.requestlog [None req-95fb6e15-0255-4ef0-b6fa-4421253475d0 - - - - - -] 10.0.0.128 "GET /" status: 200 len: 136 microversion: 1.0
2026-03-06 21:40:16.923 8 INFO placement.requestlog [None req-151920a2-ace2-4870-b692-7d96ef7e4d8a - - - - - -] 10.0.0.128 "GET /" status: 200 len: 136 microversion: 1.0
2026-03-06 21:40:16.923 7 INFO placement.requestlog [None req-2d225de0-ea57-4dc7-b7df-3f2e1cbc3f36 - - - - - -] 10.0.0.128 "GET /" status: 200 len: 136 microversion: 1.0
2026-03-06 21:40:26.923 8 INFO placement.requestlog [None req-1d9d2c12-37d5-41a2-8c81-9edfbbc92d9c - - - - - -] 10.0.0.128 "GET /" status: 200 len: 136 microversion: 1.0
2026-03-06 21:40:26.926 7 INFO placement.requestlog [None req-3ea09200-c54e-4428-b71b-3562015717f8 - - - - - -] 10.0.0.128 "GET /" status: 200 len: 136 microversion: 1.0
2026-03-06 21:40:36.923 7 INFO placement.requestlog [None req-a63152e5-81b5-459f-b513-e66ebb437379 - - - - - -] 10.0.0.128 "GET /" status: 200 len: 136 microversion: 1.0
2026-03-06 21:40:36.923 8 INFO placement.requestlog [None req-39f5b7a5-0e82-4674-9a6c-75f5230c41e6 - - - - - -] 10.0.0.128 "GET /" status: 200 len: 136 microversion: 1.0
2026-03-06 21:40:40.622 7 INFO placement.requestlog [req-619fcbc4-7e4b-4d50-a3fc-96d1db206651 req-aee1aa70-3165-4c22-a6c8-b7dfe7f67c69 5d589a4a4c55445a974983ae27db17cd eee889b9061047bf94a86e9b1b381594 - - b880acfe569949fc84dff6df10d1df88 b880acfe569949fc84dff6df10d1df88] 162.253.55.52 "GET /resource_providers/103e60ae-bf86-4e62-bb0c-eee837df46c8/allocations" status: 200 len: 340 microversion: 1.0 [pid: 7|app: 0|req: 636/1277] 162.253.55.52 () {32 vars in 856 bytes} [Fri Mar 6 21:40:40 2026] GET /resource_providers/103e60ae-bf86-4e62-bb0c-eee837df46c8/allocations => generated 340 bytes in 16 msecs (HTTP/1.1 200) 6 headers in 224 bytes (1 switches on core 0)
2026-03-06 21:40:40.647 8 INFO placement.requestlog [req-619fcbc4-7e4b-4d50-a3fc-96d1db206651 req-87615a2f-fefa-4293-93b9-698ffa12afdf 5d589a4a4c55445a974983ae27db17cd eee889b9061047bf94a86e9b1b381594 - - b880acfe569949fc84dff6df10d1df88 b880acfe569949fc84dff6df10d1df88] 162.253.55.52 "GET /resource_providers/103e60ae-bf86-4e62-bb0c-eee837df46c8/allocations" status: 200 len: 340 microversion: 1.0 [pid: 8|app: 0|req: 642/1278] 162.253.55.52 () {32 vars in 856 bytes} [Fri Mar 6 21:40:40 2026] GET /resource_providers/103e60ae-bf86-4e62-bb0c-eee837df46c8/allocations => generated 340 bytes in 16 msecs (HTTP/1.1 200) 6 headers in 224 bytes (1 switches on core 0)
2026-03-06 21:40:40.678 7 INFO placement.requestlog [req-619fcbc4-7e4b-4d50-a3fc-96d1db206651 req-c69171dc-5a80-44b6-b0d2-927dc27151eb 5d589a4a4c55445a974983ae27db17cd eee889b9061047bf94a86e9b1b381594 - - b880acfe569949fc84dff6df10d1df88 b880acfe569949fc84dff6df10d1df88] 162.253.55.52 "GET /allocations/7b72fbdd-5444-4e41-afde-8514e3713375" status: 200 len: 258 microversion: 1.28 [pid: 7|app: 0|req: 637/1279] 162.253.55.52 () {34 vars in 862 bytes} [Fri Mar 6 21:40:40 2026] GET /allocations/7b72fbdd-5444-4e41-afde-8514e3713375 => generated 258 bytes in 24 msecs (HTTP/1.1 200) 8 headers in 296 bytes (1 switches on core 0)
2026-03-06 21:40:40.748 8 INFO placement.requestlog [req-619fcbc4-7e4b-4d50-a3fc-96d1db206651 req-32ac81ce-1885-44ee-ba8e-cfabc7d4ff48 5d589a4a4c55445a974983ae27db17cd eee889b9061047bf94a86e9b1b381594 - - b880acfe569949fc84dff6df10d1df88 b880acfe569949fc84dff6df10d1df88] 162.253.55.52 "GET /allocations/31b63fae-c5f8-46c7-9745-1163ec8f15e0" status: 200 len: 258 microversion: 1.28 [pid: 8|app: 0|req: 643/1280] 162.253.55.52 () {34 vars in 862 bytes} [Fri Mar 6 21:40:40 2026] GET /allocations/31b63fae-c5f8-46c7-9745-1163ec8f15e0 => generated 258 bytes in 61 msecs (HTTP/1.1 200) 8 headers in 296 bytes (1 switches on core 0)
2026-03-06 21:40:40.782 7 INFO placement.requestlog [req-619fcbc4-7e4b-4d50-a3fc-96d1db206651 req-f6d9558d-2ea2-4940-a342-979db9962b60 5d589a4a4c55445a974983ae27db17cd eee889b9061047bf94a86e9b1b381594 - - b880acfe569949fc84dff6df10d1df88 b880acfe569949fc84dff6df10d1df88] 162.253.55.52 "GET /allocations/66a9e708-05eb-44ba-9268-0d54cf0fed70" status: 200 len: 245 microversion: 1.28 [pid: 7|app: 0|req: 638/1281] 162.253.55.52 () {34 vars in 862 bytes} [Fri Mar 6 21:40:40 2026] GET /allocations/66a9e708-05eb-44ba-9268-0d54cf0fed70 => generated 245 bytes in 28 msecs (HTTP/1.1 200) 8 headers in 296 bytes (1 switches on core 0)
2026-03-06 21:40:46.923 8 INFO placement.requestlog [None req-0e3d155c-018b-4545-b462-40eac966d975 - - - - - -] 10.0.0.128 "GET /" status: 200 len: 136 microversion: 1.0
2026-03-06 21:40:46.923 7 INFO placement.requestlog [None req-f9c7913f-e480-4e08-a69b-887a22cfe8f6 - - - - - -] 10.0.0.128 "GET /" status: 200 len: 136 microversion: 1.0
2026-03-06 21:40:56.924 8 INFO placement.requestlog [None req-eadd0abd-bfd3-4ebe-a226-2733f05475d3 - - - - - -] 10.0.0.128 "GET /" status: 200 len: 136 microversion: 1.0
2026-03-06 21:40:56.924 7 INFO placement.requestlog [None req-df67cee4-3b95-47a4-9285-3b123ff1523d - - - - - -] 10.0.0.128 "GET /" status: 200 len: 136 microversion: 1.0
2026-03-06 21:41:04.570 8 INFO placement.requestlog [None req-86ae9e65-47f9-4a56-ad60-295f35122b7f d73d9a35351b4cb88e5fdccdd2fdb6d1 3606f6981f2d40588bae7aea821f991d - - default default] 10.0.0.48 "GET /resource_providers" status: 200 len: 406 microversion: 1.0 [pid: 8|app: 0|req: 646/1286] 10.0.0.48 () {28 vars in 592 bytes} [Fri Mar 6 21:41:04 2026] GET /resource_providers => generated 406 bytes in 67 msecs (HTTP/1.1 200) 6 headers in 224 bytes (1 switches on core 0)
2026-03-06 21:41:04.592 7 INFO placement.requestlog [None req-c51c4cc3-9411-43ac-a820-e0c561c0c2a6 d73d9a35351b4cb88e5fdccdd2fdb6d1 3606f6981f2d40588bae7aea821f991d - - default default] 10.0.0.48 "GET /resource_providers/103e60ae-bf86-4e62-bb0c-eee837df46c8/inventories" status: 200 len: 401 microversion: 1.0 [pid: 7|app: 0|req: 641/1287] 10.0.0.48 () {28 vars in 690 bytes} [Fri Mar 6 21:41:04 2026] GET /resource_providers/103e60ae-bf86-4e62-bb0c-eee837df46c8/inventories => generated 401 bytes in 17 msecs (HTTP/1.1 200) 6 headers in 224 bytes (1 switches on core 0)
2026-03-06 21:41:04.624 8 INFO placement.requestlog [None req-55ec25e6-84e7-4c12-b7f5-bcec664fd45e d73d9a35351b4cb88e5fdccdd2fdb6d1 3606f6981f2d40588bae7aea821f991d - - default default] 10.0.0.48 "GET /resource_providers/103e60ae-bf86-4e62-bb0c-eee837df46c8/usages" status: 200 len: 92 microversion: 1.0 [pid: 8|app: 0|req: 647/1288] 10.0.0.48 () {28 vars in 680 bytes} [Fri Mar 6 21:41:04 2026] GET /resource_providers/103e60ae-bf86-4e62-bb0c-eee837df46c8/usages => generated 92 bytes in 23 msecs (HTTP/1.1 200) 6 headers in 223 bytes (1 switches on core 0)
2026-03-06 21:41:06.922 8 INFO placement.requestlog [None req-2e8d173e-7981-4daf-966a-e0049929f7a9 - - - - - -] 10.0.0.128 "GET /" status: 200 len: 136 microversion: 1.0
2026-03-06 21:41:06.922 7 INFO placement.requestlog [None req-d45dacda-dc4e-45e6-983a-55f24f3ec1f4 - - - - - -] 10.0.0.128 "GET /" status: 200 len: 136 microversion: 1.0
2026-03-06 21:41:16.923 8 INFO placement.requestlog [None req-9be93c06-1b02-4fa1-a433-f4cc9e62709f - - - - - -] 10.0.0.128 "GET /" status: 200 len: 136 microversion: 1.0
2026-03-06 21:41:16.924 7 INFO placement.requestlog [None req-094d7e89-c900-41f4-999e-44be36e58068 - - - - - -] 10.0.0.128 "GET /" status: 200 len: 136 microversion: 1.0
2026-03-06 21:41:19.836 8 INFO placement.requestlog [req-7f4deb96-abcc-4f87-a4a4-aef3225d7e7b req-cfe37cb1-ebf7-437a-a889-57e6cab0b0aa 5d589a4a4c55445a974983ae27db17cd eee889b9061047bf94a86e9b1b381594 - - b880acfe569949fc84dff6df10d1df88 b880acfe569949fc84dff6df10d1df88] 162.253.55.52 "GET /resource_providers/103e60ae-bf86-4e62-bb0c-eee837df46c8/allocations" status: 200 len: 340 microversion: 1.0 [pid: 8|app: 0|req: 650/1293] 162.253.55.52 () {32 vars in 856 bytes} [Fri Mar 6 21:41:19 2026] GET /resource_providers/103e60ae-bf86-4e62-bb0c-eee837df46c8/allocations => generated 340 bytes in 27 msecs (HTTP/1.1 200) 6 headers in 224 bytes (1 switches on core 0)
2026-03-06 21:41:19.859 7 INFO placement.requestlog [req-7f4deb96-abcc-4f87-a4a4-aef3225d7e7b req-7da2c5ab-2e6b-4226-aa11-09baf1d5d83f 5d589a4a4c55445a974983ae27db17cd eee889b9061047bf94a86e9b1b381594 - - b880acfe569949fc84dff6df10d1df88 b880acfe569949fc84dff6df10d1df88] 162.253.55.52 "GET /allocations/7b72fbdd-5444-4e41-afde-8514e3713375" status: 200 len: 258 microversion: 1.28 [pid: 7|app: 0|req: 644/1294] 162.253.55.52 () {34 vars in 862 bytes} [Fri Mar 6 21:41:19 2026] GET /allocations/7b72fbdd-5444-4e41-afde-8514e3713375 => generated 258 bytes in 15 msecs (HTTP/1.1 200) 8 headers in 296 bytes (1 switches on core 0)
2026-03-06 21:41:19.879 8 INFO placement.requestlog [req-7f4deb96-abcc-4f87-a4a4-aef3225d7e7b req-caf02d1e-87e2-4f0e-8449-8c5e35218d0c 5d589a4a4c55445a974983ae27db17cd eee889b9061047bf94a86e9b1b381594 - - b880acfe569949fc84dff6df10d1df88 b880acfe569949fc84dff6df10d1df88] 162.253.55.52 "GET /allocations/31b63fae-c5f8-46c7-9745-1163ec8f15e0" status: 200 len: 258 microversion: 1.28 [pid: 8|app: 0|req: 651/1295] 162.253.55.52 () {34 vars in 862 bytes} [Fri Mar 6 21:41:19 2026] GET /allocations/31b63fae-c5f8-46c7-9745-1163ec8f15e0 => generated 258 bytes in 15 msecs (HTTP/1.1 200) 8 headers in 296 bytes (1 switches on core 0)
2026-03-06 21:41:19.901 7 INFO placement.requestlog [req-7f4deb96-abcc-4f87-a4a4-aef3225d7e7b req-bda880b6-3934-43ba-a187-c74d353b2d40 5d589a4a4c55445a974983ae27db17cd eee889b9061047bf94a86e9b1b381594 - - b880acfe569949fc84dff6df10d1df88 b880acfe569949fc84dff6df10d1df88] 162.253.55.52 "GET /allocations/66a9e708-05eb-44ba-9268-0d54cf0fed70" status: 200 len: 245 microversion: 1.28 [pid: 7|app: 0|req: 645/1296] 162.253.55.52 () {34 vars in 862 bytes} [Fri Mar 6 21:41:19 2026] GET /allocations/66a9e708-05eb-44ba-9268-0d54cf0fed70 => generated 245 bytes in 17 msecs (HTTP/1.1 200) 8 headers in 296 bytes (1 switches on core 0)
2026-03-06 21:41:20.955 8 INFO placement.requestlog [req-7f4deb96-abcc-4f87-a4a4-aef3225d7e7b req-c93e7e4c-37bc-406a-b4cb-04b4f3182c58 5d589a4a4c55445a974983ae27db17cd eee889b9061047bf94a86e9b1b381594 - - b880acfe569949fc84dff6df10d1df88 b880acfe569949fc84dff6df10d1df88] 162.253.55.52 "DELETE /allocations/66a9e708-05eb-44ba-9268-0d54cf0fed70" status: 204 len: 0 microversion: 1.0 [pid: 8|app: 0|req: 652/1297] 162.253.55.52 () {34 vars in 840 bytes} [Fri Mar 6 21:41:20 2026] DELETE /allocations/66a9e708-05eb-44ba-9268-0d54cf0fed70 => generated 0 bytes in 27 msecs (HTTP/1.1 204) 5 headers in 198 bytes (1 switches on core 0)
2026-03-06 21:41:22.963 7 INFO placement.requestlog [req-f7b15424-2271-49ae-9be1-3a3bcc8c165d req-e2b139d1-cbec-4004-a209-2b7dc733448a 5d589a4a4c55445a974983ae27db17cd eee889b9061047bf94a86e9b1b381594 - - b880acfe569949fc84dff6df10d1df88 b880acfe569949fc84dff6df10d1df88] 162.253.55.52 "GET /resource_providers/103e60ae-bf86-4e62-bb0c-eee837df46c8/allocations" status: 200 len: 253 microversion: 1.0 [pid: 7|app: 0|req: 646/1298] 162.253.55.52 () {32 vars in 856 bytes} [Fri Mar 6 21:41:22 2026] GET /resource_providers/103e60ae-bf86-4e62-bb0c-eee837df46c8/allocations => generated 253 bytes in 18 msecs (HTTP/1.1 200) 6 headers in 224 bytes (1 switches on core 0)
2026-03-06 21:41:22.983 8 INFO placement.requestlog [req-f7b15424-2271-49ae-9be1-3a3bcc8c165d req-252e647d-4a61-4ade-8d07-1774eef48b0a 5d589a4a4c55445a974983ae27db17cd eee889b9061047bf94a86e9b1b381594 - - b880acfe569949fc84dff6df10d1df88 b880acfe569949fc84dff6df10d1df88] 162.253.55.52 "GET /allocations/7b72fbdd-5444-4e41-afde-8514e3713375" status: 200 len: 258 microversion: 1.28 [pid: 8|app: 0|req: 653/1299] 162.253.55.52 () {34 vars in 862 bytes} [Fri Mar 6 21:41:22 2026] GET /allocations/7b72fbdd-5444-4e41-afde-8514e3713375 => generated 258 bytes in 14 msecs (HTTP/1.1 200) 8 headers in 296 bytes (1 switches on core 0)
2026-03-06 21:41:23.001 7 INFO placement.requestlog [req-f7b15424-2271-49ae-9be1-3a3bcc8c165d req-7f8bbfba-1e3c-4f8e-af01-907dc830656e 5d589a4a4c55445a974983ae27db17cd eee889b9061047bf94a86e9b1b381594 - - b880acfe569949fc84dff6df10d1df88 b880acfe569949fc84dff6df10d1df88] 162.253.55.52 "GET /allocations/31b63fae-c5f8-46c7-9745-1163ec8f15e0" status: 200 len: 258 microversion: 1.28 [pid: 7|app: 0|req: 647/1300] 162.253.55.52 () {34 vars in 862 bytes} [Fri Mar 6 21:41:22 2026] GET /allocations/31b63fae-c5f8-46c7-9745-1163ec8f15e0 => generated 258 bytes in 11 msecs (HTTP/1.1 200) 8 headers in 296 bytes (1 switches on core 0)
2026-03-06 21:41:24.060 8 INFO placement.requestlog [req-f7b15424-2271-49ae-9be1-3a3bcc8c165d req-b63780e6-5f32-4bd9-9225-477d30be820d 5d589a4a4c55445a974983ae27db17cd eee889b9061047bf94a86e9b1b381594 - - b880acfe569949fc84dff6df10d1df88 b880acfe569949fc84dff6df10d1df88] 162.253.55.52 "DELETE /allocations/7b72fbdd-5444-4e41-afde-8514e3713375" status: 204 len: 0 microversion: 1.0 [pid: 8|app: 0|req: 654/1301] 162.253.55.52 () {34 vars in 840 bytes} [Fri Mar 6 21:41:24 2026] DELETE /allocations/7b72fbdd-5444-4e41-afde-8514e3713375 => generated 0 bytes in 26 msecs (HTTP/1.1 204) 5 headers in 198 bytes (1 switches on core 0)
2026-03-06 21:41:26.923 7 INFO placement.requestlog [None req-3ea57ad0-5265-4d08-bc1f-5be16059e5b0 - - - - - -] 10.0.0.128 "GET /" status: 200 len: 136 microversion: 1.0
2026-03-06 21:41:26.923 8 INFO placement.requestlog [None req-6a5c8b1b-9936-4635-acbf-964faa35317d - - - - - -] 10.0.0.128 "GET /" status: 200 len: 136 microversion: 1.0
2026-03-06 21:41:33.879 7 INFO placement.requestlog [req-5143681c-020f-49a1-8390-721716ec1093 req-8d910b15-995f-4013-963b-6379b7d0c69e 5d589a4a4c55445a974983ae27db17cd eee889b9061047bf94a86e9b1b381594 - - b880acfe569949fc84dff6df10d1df88 b880acfe569949fc84dff6df10d1df88] 162.253.55.52 "GET /resource_providers/103e60ae-bf86-4e62-bb0c-eee837df46c8/allocations" status: 200 len: 153 microversion: 1.0 [pid: 7|app: 0|req: 649/1304] 162.253.55.52 () {32 vars in 856 bytes} [Fri Mar 6 21:41:33 2026] GET /resource_providers/103e60ae-bf86-4e62-bb0c-eee837df46c8/allocations => generated 153 bytes in 17 msecs (HTTP/1.1 200) 6 headers in 224 bytes (1 switches on core 0)
2026-03-06 21:41:33.896 8 INFO placement.requestlog [req-5143681c-020f-49a1-8390-721716ec1093 req-9c3d4693-8a62-4dd6-a692-0ae697bb78f6 5d589a4a4c55445a974983ae27db17cd eee889b9061047bf94a86e9b1b381594 - - b880acfe569949fc84dff6df10d1df88 b880acfe569949fc84dff6df10d1df88] 162.253.55.52 "GET /allocations/31b63fae-c5f8-46c7-9745-1163ec8f15e0" status: 200 len: 258 microversion: 1.28 [pid: 8|app: 0|req: 656/1305] 162.253.55.52 () {34 vars in 862 bytes} [Fri Mar 6 21:41:33 2026] GET /allocations/31b63fae-c5f8-46c7-9745-1163ec8f15e0 => generated 258 bytes in 10 msecs (HTTP/1.1 200) 8 headers in 296 bytes (1 switches on core 0)
2026-03-06 21:41:34.946 7 INFO placement.requestlog [req-5143681c-020f-49a1-8390-721716ec1093 req-9812f1c7-51d5-4d09-9b48-4958ee9329fe 5d589a4a4c55445a974983ae27db17cd eee889b9061047bf94a86e9b1b381594 - - b880acfe569949fc84dff6df10d1df88 b880acfe569949fc84dff6df10d1df88] 162.253.55.52 "DELETE /allocations/31b63fae-c5f8-46c7-9745-1163ec8f15e0" status: 204 len: 0 microversion: 1.0 [pid: 7|app: 0|req: 650/1306] 162.253.55.52 () {34 vars in 840 bytes} [Fri Mar 6 21:41:34 2026] DELETE /allocations/31b63fae-c5f8-46c7-9745-1163ec8f15e0 => generated 0 bytes in 19 msecs (HTTP/1.1 204) 5 headers in 198 bytes (1 switches on core 0)
2026-03-06 21:41:36.923 8 INFO placement.requestlog [None req-4d6d959c-b7fb-45a8-900a-b2951105caf1 - - - - - -] 10.0.0.128 "GET /" status: 200 len: 136 microversion: 1.0
2026-03-06 21:41:36.923 7 INFO placement.requestlog [None req-8387a856-52b0-4e02-a0a5-14c8c3a9a6de - - - - - -] 10.0.0.128 "GET /" status: 200 len: 136 microversion: 1.0
2026-03-06 21:41:40.345 8 INFO placement.requestlog [req-42741a45-f38d-464c-9e09-2ab33b771b5d req-4def4675-c6cc-4614-8c06-a891e1bd5b1a 5d589a4a4c55445a974983ae27db17cd eee889b9061047bf94a86e9b1b381594 - - b880acfe569949fc84dff6df10d1df88 b880acfe569949fc84dff6df10d1df88] 162.253.55.52 "GET /resource_providers/103e60ae-bf86-4e62-bb0c-eee837df46c8/allocations" status: 200 len: 55 microversion: 1.0 [pid: 8|app: 0|req: 658/1309] 162.253.55.52 () {32 vars in 856 bytes} [Fri Mar 6 21:41:40 2026] GET /resource_providers/103e60ae-bf86-4e62-bb0c-eee837df46c8/allocations => generated 55 bytes in 14 msecs (HTTP/1.1 200) 6 headers in 223 bytes (1 switches on core 0)
2026-03-06 21:41:40.362 7 INFO placement.requestlog [req-42741a45-f38d-464c-9e09-2ab33b771b5d req-59d64faa-4957-46e2-8217-a98d1290a84e 5d589a4a4c55445a974983ae27db17cd eee889b9061047bf94a86e9b1b381594 - - b880acfe569949fc84dff6df10d1df88 b880acfe569949fc84dff6df10d1df88] 162.253.55.52 "GET /resource_providers/103e60ae-bf86-4e62-bb0c-eee837df46c8/allocations" status: 200 len: 55 microversion: 1.0 [pid: 7|app: 0|req: 652/1310] 162.253.55.52 () {32 vars in 856 bytes} [Fri Mar 6 21:41:40 2026] GET /resource_providers/103e60ae-bf86-4e62-bb0c-eee837df46c8/allocations => generated 55 bytes in 11 msecs (HTTP/1.1 200) 6 headers in 223 bytes (1 switches on core 0)
2026-03-06 21:41:46.616 7 INFO placement.requestlog [None req-cefad6f6-be6f-4822-a065-8bf96beb2b07 38290937523e468a993db37c4b076cac eee889b9061047bf94a86e9b1b381594 - - b880acfe569949fc84dff6df10d1df88 b880acfe569949fc84dff6df10d1df88] 10.0.0.55 "GET /resource_providers/72d5153d-02b5-411d-940a-a01911453aea/aggregates" status: 404 len: 235 microversion: 1.1 [pid: 7|app: 0|req: 653/1311] 10.0.0.55 () {32 vars in 815 bytes} [Fri Mar 6 21:41:46 2026] GET /resource_providers/72d5153d-02b5-411d-940a-a01911453aea/aggregates => generated 235 bytes in 56 msecs (HTTP/1.1 404) 5 headers in 202 bytes (1 switches on core 0)
2026-03-06 21:41:46.618 8 INFO placement.requestlog [None req-0e90156f-3bee-4254-8b4c-5f08639184c5 38290937523e468a993db37c4b076cac eee889b9061047bf94a86e9b1b381594 - - b880acfe569949fc84dff6df10d1df88 b880acfe569949fc84dff6df10d1df88] 10.0.0.55 "GET /resource_providers/72d5153d-02b5-411d-940a-a01911453aea/aggregates" status: 404 len: 235 microversion: 1.1 [pid: 8|app: 0|req: 659/1312] 10.0.0.55 () {32 vars in 815 bytes} [Fri Mar 6 21:41:46 2026] GET /resource_providers/72d5153d-02b5-411d-940a-a01911453aea/aggregates => generated 235 bytes in 59 msecs (HTTP/1.1 404) 5 headers in 202 bytes (1 switches on core 0)
2026-03-06 21:41:46.638 7 INFO placement.requestlog [None req-84db096b-747c-4fe1-8f8a-4123b0f9150c 38290937523e468a993db37c4b076cac eee889b9061047bf94a86e9b1b381594 - - b880acfe569949fc84dff6df10d1df88 b880acfe569949fc84dff6df10d1df88] 10.0.0.55 "DELETE /resource_providers/72d5153d-02b5-411d-940a-a01911453aea" status: 404 len: 246 microversion: 1.1 [pid: 7|app: 0|req: 654/1313] 10.0.0.55 () {34 vars in 815 bytes} [Fri Mar 6 21:41:46 2026] DELETE /resource_providers/72d5153d-02b5-411d-940a-a01911453aea => generated 246 bytes in 8 msecs (HTTP/1.1 404) 6 headers in 231 bytes (1 switches on core 0)
2026-03-06 21:41:46.651 8 INFO placement.requestlog [None req-03aacb08-ab19-4a59-9dfa-62ccb2014e75 38290937523e468a993db37c4b076cac eee889b9061047bf94a86e9b1b381594 - - b880acfe569949fc84dff6df10d1df88 b880acfe569949fc84dff6df10d1df88] 10.0.0.55 "DELETE /resource_providers/72d5153d-02b5-411d-940a-a01911453aea" status: 404 len: 246 microversion: 1.1 [pid: 8|app: 0|req: 660/1314] 10.0.0.55 () {34 vars in 815 bytes} [Fri Mar 6 21:41:46 2026] DELETE /resource_providers/72d5153d-02b5-411d-940a-a01911453aea => generated 246 bytes in 16 msecs (HTTP/1.1 404) 6 headers in 231 bytes (1 switches on core 0)
2026-03-06 21:41:46.923 7 INFO placement.requestlog [None req-fbdaf4a6-d7f6-4b1b-9a0e-fcea61e36039 - - - - - -] 10.0.0.128 "GET /" status: 200 len: 136 microversion: 1.0
2026-03-06 21:41:46.923 8 INFO placement.requestlog [None req-70a71424-802a-4037-a18f-c1ac6bec6f58 - - - - - -] 10.0.0.128 "GET /" status: 200 len: 136 microversion: 1.0
2026-03-06 21:41:47.369 8 INFO placement.requestlog [None req-4dc6cbcf-10fb-4711-bddc-5ebb1b97b43d 38290937523e468a993db37c4b076cac eee889b9061047bf94a86e9b1b381594 - - b880acfe569949fc84dff6df10d1df88 b880acfe569949fc84dff6df10d1df88] 10.0.0.55 "GET /resource_providers/d916518e-68bd-4648-9eee-c6b1c348e8c9/aggregates" status: 404 len: 235 microversion: 1.1 [pid: 8|app: 0|req: 662/1317] 10.0.0.55 () {32 vars in 815 bytes} [Fri Mar 6 21:41:47 2026] GET /resource_providers/d916518e-68bd-4648-9eee-c6b1c348e8c9/aggregates => generated 235 bytes in 50 msecs (HTTP/1.1 404) 5 headers in 202 bytes (1 switches on core 0)
2026-03-06 21:41:47.372 7 INFO placement.requestlog [None req-35f7d19f-0d7b-489a-9285-9a6fac94607a 38290937523e468a993db37c4b076cac eee889b9061047bf94a86e9b1b381594 - - b880acfe569949fc84dff6df10d1df88 b880acfe569949fc84dff6df10d1df88] 10.0.0.55 "GET /resource_providers/d916518e-68bd-4648-9eee-c6b1c348e8c9/aggregates" status: 404 len: 235 microversion: 1.1 [pid: 7|app: 0|req: 656/1318] 10.0.0.55 () {32 vars in 815 bytes} [Fri Mar 6 21:41:47 2026] GET /resource_providers/d916518e-68bd-4648-9eee-c6b1c348e8c9/aggregates => generated 235 bytes in 53 msecs (HTTP/1.1 404) 5 headers in 202 bytes (1 switches on core 0)
2026-03-06 21:41:47.386 7 INFO placement.requestlog [None req-148fbc21-18c6-4c7a-b9d2-79ccc872d8f1 38290937523e468a993db37c4b076cac eee889b9061047bf94a86e9b1b381594 - - b880acfe569949fc84dff6df10d1df88 b880acfe569949fc84dff6df10d1df88] 10.0.0.55 "DELETE /resource_providers/d916518e-68bd-4648-9eee-c6b1c348e8c9" status: 404 len: 246 microversion: 1.1 [pid: 7|app: 0|req: 657/1319] 10.0.0.55 () {34 vars in 815 bytes} [Fri Mar 6 21:41:47 2026] DELETE /resource_providers/d916518e-68bd-4648-9eee-c6b1c348e8c9 => generated 246 bytes in 6 msecs (HTTP/1.1 404) 6 headers in 231 bytes (1 switches on core 0)
2026-03-06 21:41:47.390 8 INFO placement.requestlog [None req-10c68169-3287-4447-805b-76313bb3285b 38290937523e468a993db37c4b076cac eee889b9061047bf94a86e9b1b381594 - - b880acfe569949fc84dff6df10d1df88 b880acfe569949fc84dff6df10d1df88] 10.0.0.55 "DELETE /resource_providers/d916518e-68bd-4648-9eee-c6b1c348e8c9" status: 404 len: 246 microversion: 1.1 [pid: 8|app: 0|req: 663/1320] 10.0.0.55 () {34 vars in 815 bytes} [Fri Mar 6 21:41:47 2026] DELETE /resource_providers/d916518e-68bd-4648-9eee-c6b1c348e8c9 => generated 246 bytes in 10 msecs (HTTP/1.1 404) 6 headers in 231 bytes (1 switches on core 0)
2026-03-06 21:41:49.405 7 INFO placement.requestlog [None req-49413248-bb4b-4c2d-bc7a-53ce50f2740e 38290937523e468a993db37c4b076cac eee889b9061047bf94a86e9b1b381594 - - b880acfe569949fc84dff6df10d1df88 b880acfe569949fc84dff6df10d1df88] 10.0.0.55 "GET /resource_providers/aebca225-1d2f-43d8-b881-d84205a3690d/aggregates" status: 404 len: 235 microversion: 1.1 [pid: 7|app: 0|req: 658/1321] 10.0.0.55 () {32 vars in 815 bytes} [Fri Mar 6 21:41:49 2026] GET /resource_providers/aebca225-1d2f-43d8-b881-d84205a3690d/aggregates => generated 235 bytes in 10 msecs (HTTP/1.1 404) 5 headers in 202 bytes (1 switches on core 0)
2026-03-06 21:41:49.411 8 INFO placement.requestlog [None req-3b41cfc9-44cd-4618-b638-2e01ac1cbf37 38290937523e468a993db37c4b076cac eee889b9061047bf94a86e9b1b381594 - - b880acfe569949fc84dff6df10d1df88 b880acfe569949fc84dff6df10d1df88] 10.0.0.55 "GET /resource_providers/aebca225-1d2f-43d8-b881-d84205a3690d/aggregates" status: 404 len: 235 microversion: 1.1 [pid: 8|app: 0|req: 664/1322] 10.0.0.55 () {32 vars in 815 bytes} [Fri Mar 6 21:41:49 2026] GET /resource_providers/aebca225-1d2f-43d8-b881-d84205a3690d/aggregates => generated 235 bytes in 12 msecs (HTTP/1.1 404) 5 headers in 202 bytes (1 switches on core 0)
2026-03-06 21:41:49.419 7 INFO placement.requestlog [None req-2d406dc0-deb9-487d-9837-72998cea2240 38290937523e468a993db37c4b076cac eee889b9061047bf94a86e9b1b381594 - - b880acfe569949fc84dff6df10d1df88 b880acfe569949fc84dff6df10d1df88] 10.0.0.55 "DELETE /resource_providers/aebca225-1d2f-43d8-b881-d84205a3690d" status: 404 len: 246 microversion: 1.1 [pid: 7|app: 0|req: 659/1323] 10.0.0.55 () {34 vars in 815 bytes} [Fri Mar 6 21:41:49 2026] DELETE /resource_providers/aebca225-1d2f-43d8-b881-d84205a3690d => generated 246 bytes in 8 msecs (HTTP/1.1 404) 6 headers in 231 bytes (1 switches on core 0)
2026-03-06 21:41:49.428 8 INFO placement.requestlog [None req-fbfc75be-f049-40c1-bf65-d877e81603c3 38290937523e468a993db37c4b076cac eee889b9061047bf94a86e9b1b381594 - - b880acfe569949fc84dff6df10d1df88 b880acfe569949fc84dff6df10d1df88] 10.0.0.55 "DELETE /resource_providers/aebca225-1d2f-43d8-b881-d84205a3690d" status: 404 len: 246 microversion: 1.1 [pid: 8|app: 0|req: 665/1324] 10.0.0.55 () {34 vars in 815 bytes} [Fri Mar 6 21:41:49 2026] DELETE /resource_providers/aebca225-1d2f-43d8-b881-d84205a3690d => generated 246 bytes in 7 msecs (HTTP/1.1 404) 6 headers in 231 bytes (1 switches on core 0)
2026-03-06 21:41:56.923 8 INFO placement.requestlog [None req-1adc9be9-2783-4d52-aa08-be3afbad0d2c - - - - - -] 10.0.0.128 "GET /" status: 200 len: 136 microversion: 1.0
2026-03-06 21:41:56.924 7 INFO placement.requestlog [None req-854bf943-a441-4708-8510-7963c7189d8d - - - - - -] 10.0.0.128 "GET /" status: 200 len: 136 microversion: 1.0
2026-03-06 21:42:04.767 8 INFO placement.requestlog [None req-7ddfbcb4-0500-44f2-9015-b4ad18a615f4 d73d9a35351b4cb88e5fdccdd2fdb6d1 3606f6981f2d40588bae7aea821f991d - - default default] 10.0.0.48 "GET /resource_providers" status: 200 len: 406 microversion: 1.0 [pid: 8|app: 0|req: 667/1327] 10.0.0.48 () {28 vars in 592 bytes} [Fri Mar 6 21:42:04 2026] GET /resource_providers => generated 406 bytes in 115 msecs (HTTP/1.1 200) 6 headers in 224 bytes (1 switches on core 0)
2026-03-06 21:42:04.788 7 INFO placement.requestlog [None req-3c2e1f2a-9193-4399-824f-805b45e29d62 d73d9a35351b4cb88e5fdccdd2fdb6d1 3606f6981f2d40588bae7aea821f991d - - default default] 10.0.0.48 "GET /resource_providers/103e60ae-bf86-4e62-bb0c-eee837df46c8/inventories" status: 200 len: 401 microversion: 1.0 [pid: 7|app: 0|req: 661/1328] 10.0.0.48 () {28 vars in 690 bytes} [Fri Mar 6 21:42:04 2026] GET /resource_providers/103e60ae-bf86-4e62-bb0c-eee837df46c8/inventories => generated 401 bytes in 19 msecs (HTTP/1.1 200) 6 headers in 224 bytes (1 switches on core 0)
2026-03-06 21:42:04.814 8 INFO placement.requestlog [None req-9a996b66-0aa1-4fe1-acd9-05d06489d6ef d73d9a35351b4cb88e5fdccdd2fdb6d1 3606f6981f2d40588bae7aea821f991d - - default default] 10.0.0.48 "GET /resource_providers/103e60ae-bf86-4e62-bb0c-eee837df46c8/usages" status: 200 len: 89 microversion: 1.0 [pid: 8|app: 0|req: 668/1329] 10.0.0.48 () {28 vars in 680 bytes} [Fri Mar 6 21:42:04 2026] GET /resource_providers/103e60ae-bf86-4e62-bb0c-eee837df46c8/usages => generated 89 bytes in 23 msecs (HTTP/1.1 200) 6 headers in 223 bytes (1 switches on core 0)
2026-03-06 21:42:06.923 7 INFO placement.requestlog [None req-fad0fc6d-d742-43c7-ba40-f1b9de667669 - - - - - -] 10.0.0.128 "GET /" status: 200 len: 136 microversion: 1.0
2026-03-06 21:42:06.923 8 INFO placement.requestlog [None req-3733ba8e-2c99-4a08-b497-0ad3a402b5bd - - - - - -] 10.0.0.128 "GET /" status: 200 len: 136 microversion: 1.0
2026-03-06 21:42:16.923 8 INFO placement.requestlog [None req-df6911f9-1243-4815-9a20-1cba4d86526e - - - - - -] 10.0.0.128 "GET /" status: 200 len: 136 microversion: 1.0
2026-03-06 21:42:16.923 7 INFO placement.requestlog [None req-de819650-d82a-4101-b1c4-f8b5f534c095 - - - - - -] 10.0.0.128 "GET /" status: 200 len: 136 microversion: 1.0
2026-03-06 21:42:26.923 8 INFO placement.requestlog [None req-781b560c-c692-4cec-b40e-eaa6313e611b - - - - - -] 10.0.0.128 "GET /" status: 200 len: 136 microversion: 1.0
2026-03-06 21:42:26.923 7 INFO placement.requestlog [None req-665e4bce-bfd7-4509-8254-07b7c2ba869b - - - - - -] 10.0.0.128 "GET /" status: 200 len: 136 microversion: 1.0
2026-03-06 21:42:36.923 8 INFO placement.requestlog [None req-3e2725c7-86f6-41c5-9cf2-ebeef56a27ac - - - - - -] 10.0.0.128 "GET /" status: 200 len: 136 microversion: 1.0
2026-03-06 21:42:36.923 7 INFO placement.requestlog [None req-62bf1873-8a0a-4481-8c8e-b34a688b2925 - - - - - -] 10.0.0.128 "GET /" status: 200 len: 136 microversion: 1.0
2026-03-06 21:42:41.929 8 INFO placement.requestlog [req-3875965c-a227-49b4-ad92-132082f643c2 req-b1bf7289-7180-4e9f-825a-c670e76ecd9b 5d589a4a4c55445a974983ae27db17cd eee889b9061047bf94a86e9b1b381594 - - b880acfe569949fc84dff6df10d1df88 b880acfe569949fc84dff6df10d1df88] 162.253.55.52 "GET /resource_providers/103e60ae-bf86-4e62-bb0c-eee837df46c8/allocations" status: 200 len: 55 microversion: 1.0 [pid: 8|app: 0|req: 673/1338] 162.253.55.52 () {32 vars in 856 bytes} [Fri Mar 6 21:42:41 2026] GET /resource_providers/103e60ae-bf86-4e62-bb0c-eee837df46c8/allocations => generated 55 bytes in 16 msecs (HTTP/1.1 200) 6 headers in 223 bytes (1 switches on core 0)
2026-03-06 21:42:41.954 7 INFO placement.requestlog [req-3875965c-a227-49b4-ad92-132082f643c2 req-931ac3fd-ada4-41fd-b5dd-5928a47238ad 5d589a4a4c55445a974983ae27db17cd eee889b9061047bf94a86e9b1b381594 - - b880acfe569949fc84dff6df10d1df88 b880acfe569949fc84dff6df10d1df88] 162.253.55.52 "GET /resource_providers/103e60ae-bf86-4e62-bb0c-eee837df46c8/allocations" status: 200 len: 55 microversion: 1.0 [pid: 7|app: 0|req: 666/1339] 162.253.55.52 () {32 vars in 856 bytes} [Fri Mar 6 21:42:41 2026] GET /resource_providers/103e60ae-bf86-4e62-bb0c-eee837df46c8/allocations => generated 55 bytes in 15 msecs (HTTP/1.1 200) 6 headers in 223 bytes (1 switches on core 0)
2026-03-06 21:42:46.924 7 INFO placement.requestlog [None req-b13349b5-720c-4501-920e-2e86680c821e - - - - - -] 10.0.0.128 "GET /" status: 200 len: 136 microversion: 1.0
2026-03-06 21:42:46.923 8 INFO placement.requestlog [None req-bbd0b09f-601f-4470-862f-0b5d0932e793 - - - - - -] 10.0.0.128 "GET /" status: 200 len: 136 microversion: 1.0
2026-03-06 21:42:56.923 8 INFO placement.requestlog [None req-434b62cc-7050-45a5-ab45-8a9279df6220 - - - - - -] 10.0.0.128 "GET /" status: 200 len: 136 microversion: 1.0
2026-03-06 21:42:56.925 7 INFO placement.requestlog [None req-6103f2a2-fe68-4622-a5cd-b036c1fc9e47 - - - - - -] 10.0.0.128 "GET /" status: 200 len: 136 microversion: 1.0
2026-03-06 21:43:04.707 8 INFO placement.requestlog [None req-cc6be735-6b08-4461-bbd7-d74ac33cdcd5 d73d9a35351b4cb88e5fdccdd2fdb6d1 3606f6981f2d40588bae7aea821f991d - - default default] 10.0.0.48 "GET /resource_providers" status: 200 len: 406 microversion: 1.0 [pid: 8|app: 0|req: 676/1344] 10.0.0.48 () {28 vars in 592 bytes} [Fri Mar 6 21:43:04 2026] GET /resource_providers => generated 406 bytes in 65 msecs (HTTP/1.1 200) 6 headers in 224 bytes (1 switches on core 0)
2026-03-06 21:43:04.741 7 INFO placement.requestlog [None req-86d92083-0664-4e1e-abec-6f88dfa88897 d73d9a35351b4cb88e5fdccdd2fdb6d1 3606f6981f2d40588bae7aea821f991d - - default default] 10.0.0.48 "GET /resource_providers/103e60ae-bf86-4e62-bb0c-eee837df46c8/inventories" status: 200 len: 401 microversion: 1.0 [pid: 7|app: 0|req: 669/1345] 10.0.0.48 () {28 vars in 690 bytes} [Fri Mar 6 21:43:04 2026] GET /resource_providers/103e60ae-bf86-4e62-bb0c-eee837df46c8/inventories => generated 401 bytes in 27 msecs (HTTP/1.1 200) 6 headers in 224 bytes (1 switches on core 0)
2026-03-06 21:43:04.763 8 INFO placement.requestlog [None req-a8814946-fc14-4d54-a3fc-1750fc2268b8 d73d9a35351b4cb88e5fdccdd2fdb6d1 3606f6981f2d40588bae7aea821f991d - - default default] 10.0.0.48 "GET /resource_providers/103e60ae-bf86-4e62-bb0c-eee837df46c8/usages" status: 200 len: 89 microversion: 1.0 [pid: 8|app: 0|req: 677/1346] 10.0.0.48 () {28 vars in 680 bytes} [Fri Mar 6 21:43:04 2026] GET /resource_providers/103e60ae-bf86-4e62-bb0c-eee837df46c8/usages => generated 89 bytes in 12 msecs (HTTP/1.1 200) 6 headers in 223 bytes (1 switches on core 0)
2026-03-06 21:43:06.923 8 INFO placement.requestlog [None req-cb517a40-33bd-453d-bbf8-fd5c9c54e3dd - - - - - -] 10.0.0.128 "GET /" status: 200 len: 136 microversion: 1.0
2026-03-06 21:43:06.924 7 INFO placement.requestlog [None req-90a21cfb-b841-4506-a8d0-6dcefbbae70b - - - - - -] 10.0.0.128 "GET /" status: 200 len: 136 microversion: 1.0
2026-03-06 21:43:16.923 8 INFO placement.requestlog [None req-c60dfe52-f2b6-41c1-8958-100f25afa981 - - - - - -] 10.0.0.128 "GET /" status: 200 len: 136 microversion: 1.0
2026-03-06 21:43:16.924 7 INFO placement.requestlog [None req-b16949db-26e2-4fcd-9b94-550cf4886f9f - - - - - -] 10.0.0.128 "GET /" status: 200 len: 136 microversion: 1.0
2026-03-06 21:43:26.923 8 INFO placement.requestlog [None req-b0e5ecd8-8e28-40d2-95ee-cbb1f7728db3 - - - - - -] 10.0.0.128 "GET /" status: 200 len: 136 microversion: 1.0
2026-03-06 21:43:26.924 7 INFO placement.requestlog [None req-77c71eb5-374c-4818-aacc-0c0dbfacb688 - - - - - -] 10.0.0.128 "GET /" status: 200 len: 136 microversion: 1.0
2026-03-06 21:43:36.922 8 INFO placement.requestlog [None req-118054ef-7cc3-433a-a10b-2317ea1506c8 - - - - - -] 10.0.0.128 "GET /" status: 200 len: 136 microversion: 1.0
