2026-03-06 21:33:51.801 8 INFO neutron.db.ovn_revision_numbers_db [None req-5be8b329-d7de-4406-be30-e5708e7b9415 d73d9a35351b4cb88e5fdccdd2fdb6d1 3606f6981f2d40588bae7aea821f991d - - default default] Successfully bumped revision number for resource 3416d928-0dcb-4b53-9e7d-fc3019077deb (type: security_group_rules) to 0
2026-03-06 21:33:51.815 8 INFO neutron.db.ovn_revision_numbers_db [None req-5be8b329-d7de-4406-be30-e5708e7b9415 d73d9a35351b4cb88e5fdccdd2fdb6d1 3606f6981f2d40588bae7aea821f991d - - default default] Successfully bumped revision number for resource a1cefa3e-efd9-484c-a986-1aec5da6a852 (type: security_group_rules) to 0
2026-03-06 21:33:51.828 8 INFO neutron.db.ovn_revision_numbers_db [None req-5be8b329-d7de-4406-be30-e5708e7b9415 d73d9a35351b4cb88e5fdccdd2fdb6d1 3606f6981f2d40588bae7aea821f991d - - default default] Successfully bumped revision number for resource b42b1bd6-d508-40e4-ad5b-9eddaa6aefcd (type: security_group_rules) to 0
2026-03-06 21:33:51.839 8 INFO neutron.db.ovn_revision_numbers_db [None req-5be8b329-d7de-4406-be30-e5708e7b9415 d73d9a35351b4cb88e5fdccdd2fdb6d1 3606f6981f2d40588bae7aea821f991d - - default default] Successfully bumped revision number for resource e199527a-2362-4e87-937d-fb4ef587a800 (type: security_group_rules) to 0 [pid: 8|app: 0|req: 1129/2095] 10.0.0.198 () {32 vars in 773 bytes} [Fri Mar 6 21:33:51 2026] GET /v2.0/security-groups?tenant_id=d31d09e3d531447886ab6e7cd17c8cf2&name=default => generated 2925 bytes in 313 msecs (HTTP/1.1 200) 4 headers in 158 bytes (1 switches on core 0) [pid: 8|app: 0|req: 1130/2096] 10.0.0.198 () {34 vars in 750 bytes} [Fri Mar 6 21:33:51 2026] PUT /v2.0/subnets/7aa89ffd-4d5e-473e-a289-9d931f8ccc21/tags => generated 34 bytes in 53 msecs (HTTP/1.1 200) 4 headers in 156 bytes (1 switches on core 0) [pid: 8|app: 0|req: 1131/2097] 10.0.0.198 () {32 vars in 739 bytes} [Fri Mar 6 21:33:51 2026] DELETE /v2.0/security-groups/ad295034-09ff-4917-aaa8-0a41a9094262 => generated 0 bytes in 322 msecs (HTTP/1.1 204) 2 headers in 112 bytes (1 switches on core 0) [pid: 8|app: 0|req: 1132/2098] 10.0.0.198 () {34 vars in 750 bytes} [Fri Mar 6 21:33:52 2026] PUT /v2.0/subnets/55037b74-1777-4e39-9831-24ff161f9bfe/tags => generated 19 bytes in 47 msecs (HTTP/1.1 200) 4 headers in 156 bytes (1 switches on core 0) [pid: 8|app: 0|req: 1133/2099] 10.0.0.198 () {32 vars in 663 bytes} [Fri Mar 6 21:33:52 2026] GET /v2.0/subnets?tags=red => generated 1904 bytes in 45 msecs (HTTP/1.1 200) 4 headers in 158 bytes (1 switches on core 0) [pid: 8|app: 0|req: 1134/2100] 10.0.0.198 () {32 vars in 677 bytes} [Fri Mar 6 21:33:52 2026] GET /v2.0/subnets?tags=red%2Cblue => generated 1283 bytes in 53 msecs (HTTP/1.1 200) 4 headers in 158 bytes (1 switches on core 0) [pid: 8|app: 0|req: 1135/2101] 10.0.0.198 () {32 vars in 673 bytes} [Fri Mar 6 21:33:52 2026] GET /v2.0/subnets?tags-any=blue => generated 1283 bytes in 36 msecs (HTTP/1.1 200) 4 headers in 158 bytes (1 switches on core 0) [pid: 8|app: 0|req: 1136/2102] 10.0.0.198 () {32 vars in 685 bytes} [Fri Mar 6 21:33:52 2026] GET /v2.0/subnets?tags-any=red%2Cblue => generated 1904 bytes in 30 msecs (HTTP/1.1 200) 4 headers in 158 bytes (1 switches on core 0)
2026-03-06 21:33:52.518 7 INFO neutron.plugins.ml2.drivers.ovn.mech_driver.ovsdb.commands [-] Schedule LRP lrp-b82ffb72-0cbf-4405-b25c-37abd9b22db8 on gateway f9191dd3-98a6-4a3e-8b24-fc6a32fec822 with priority 1 [pid: 8|app: 0|req: 1137/2103] 10.0.0.198 () {32 vars in 671 bytes} [Fri Mar 6 21:33:52 2026] GET /v2.0/subnets?not-tags=red => generated 1894 bytes in 60 msecs (HTTP/1.1 200) 4 headers in 158 bytes (1 switches on core 0) [pid: 8|app: 0|req: 1138/2104] 10.0.0.198 () {32 vars in 685 bytes} [Fri Mar 6 21:33:52 2026] GET /v2.0/subnets?not-tags=red%2Cblue => generated 2515 bytes in 86 msecs (HTTP/1.1 200) 4 headers in 158 bytes (1 switches on core 0)
2026-03-06 21:33:52.649 7 INFO neutron.plugins.ml2.drivers.ovn.mech_driver.ovsdb.ovsdb_monitor [None req-72ff6979-4993-43bc-ae33-8d70ff398393 - - - - - -] Router 5234fee1-2643-4f74-adae-5bc65cf35976 is bound to host instance
2026-03-06 21:33:52.674 7 INFO neutron.plugins.ml2.drivers.ovn.mech_driver.mech_driver [None req-5946db45-999e-4374-8ec7-9bf41cb8b075 - - - - - -] OVN reports status up for port: b82ffb72-0cbf-4405-b25c-37abd9b22db8 [pid: 8|app: 0|req: 1139/2105] 10.0.0.198 () {32 vars in 681 bytes} [Fri Mar 6 21:33:52 2026] GET /v2.0/subnets?not-tags-any=blue => generated 2515 bytes in 71 msecs (HTTP/1.1 200) 4 headers in 158 bytes (1 switches on core 0)
2026-03-06 21:33:52.732 7 INFO neutron.plugins.ml2.plugin [None req-5946db45-999e-4374-8ec7-9bf41cb8b075 - - - - - -] Attempt 1 to provision port b82ffb72-0cbf-4405-b25c-37abd9b22db8 [pid: 8|app: 0|req: 1140/2106] 10.0.0.198 () {32 vars in 693 bytes} [Fri Mar 6 21:33:52 2026] GET /v2.0/subnets?not-tags-any=red%2Cblue => generated 1894 bytes in 30 msecs (HTTP/1.1 200) 4 headers in 158 bytes (1 switches on core 0)
2026-03-06 21:33:52.790 7 INFO neutron.db.ovn_revision_numbers_db [None req-049fd7a8-6a0e-407b-8dcf-c53f2d096cc0 d73d9a35351b4cb88e5fdccdd2fdb6d1 3606f6981f2d40588bae7aea821f991d - - default default] Successfully bumped revision number for resource b82ffb72-0cbf-4405-b25c-37abd9b22db8 (type: router_ports) to 1 [pid: 8|app: 0|req: 1141/2107] 10.0.0.198 () {32 vars in 723 bytes} [Fri Mar 6 21:33:52 2026] DELETE /v2.0/subnets/6ff10564-68a6-44f4-9b14-0d86429e90ca => generated 0 bytes in 173 msecs (HTTP/1.1 204) 3 headers in 131 bytes (1 switches on core 0)
2026-03-06 21:33:52.973 7 INFO neutron.db.ovn_revision_numbers_db [None req-049fd7a8-6a0e-407b-8dcf-c53f2d096cc0 d73d9a35351b4cb88e5fdccdd2fdb6d1 3606f6981f2d40588bae7aea821f991d - - default default] Successfully bumped revision number for resource 5234fee1-2643-4f74-adae-5bc65cf35976 (type: routers) to 2 [pid: 7|app: 0|req: 967/2108] 10.0.0.198 () {34 vars in 668 bytes} [Fri Mar 6 21:33:51 2026] POST /v2.0/routers => generated 965 bytes in 1921 msecs (HTTP/1.1 201) 4 headers in 162 bytes (1 switches on core 0) [pid: 8|app: 0|req: 1142/2109] 10.0.0.198 () {32 vars in 723 bytes} [Fri Mar 6 21:33:52 2026] DELETE /v2.0/subnets/84c3726f-7e8d-4fc7-96ae-ccf923ceef12 => generated 0 bytes in 171 msecs (HTTP/1.1 204) 3 headers in 131 bytes (1 switches on core 0) [pid: 8|app: 0|req: 1143/2110] 10.0.0.198 () {32 vars in 723 bytes} [Fri Mar 6 21:33:53 2026] DELETE /v2.0/subnets/7aa89ffd-4d5e-473e-a289-9d931f8ccc21 => generated 0 bytes in 164 msecs (HTTP/1.1 204) 3 headers in 131 bytes (1 switches on core 0) [pid: 8|app: 0|req: 1144/2111] 10.0.0.198 () {32 vars in 723 bytes} [Fri Mar 6 21:33:53 2026] DELETE /v2.0/subnets/55037b74-1777-4e39-9831-24ff161f9bfe => generated 0 bytes in 154 msecs (HTTP/1.1 204) 3 headers in 131 bytes (1 switches on core 0) [pid: 8|app: 0|req: 1145/2112] 10.0.0.198 () {32 vars in 723 bytes} [Fri Mar 6 21:33:53 2026] DELETE /v2.0/subnets/7c29b5b7-2a41-4b69-af9a-bc7aed44f6cc => generated 0 bytes in 154 msecs (HTTP/1.1 204) 3 headers in 131 bytes (1 switches on core 0)
2026-03-06 21:33:53.746 8 INFO neutron_taas.services.taas.taas_plugin [None req-81e9d6cf-5497-4dbb-a2b1-9e6d336c0956 c51ff773c0f14ca8b32c7f5e0f0b2348 1a7eb026a90d46b8925d12d2b0682f9e - - default default] TaaS: Handle Delete Port: 32cce754-b972-4c75-bc23-dad098f0c42b
2026-03-06 21:33:53.750 8 INFO neutron_taas.services.taas.tap_mirror_plugin [None req-81e9d6cf-5497-4dbb-a2b1-9e6d336c0956 c51ff773c0f14ca8b32c7f5e0f0b2348 1a7eb026a90d46b8925d12d2b0682f9e - - default default] Tap Mirror: Handle Delete Port: 32cce754-b972-4c75-bc23-dad098f0c42b
2026-03-06 21:33:53.950 7 WARNING neutron.scheduler.dhcp_agent_scheduler [None req-a82861bf-c318-487e-9816-7dc457ed8834 d73d9a35351b4cb88e5fdccdd2fdb6d1 3606f6981f2d40588bae7aea821f991d - - default default] No more DHCP agents
2026-03-06 21:33:53.956 7 WARNING neutron.api.rpc.agentnotifiers.dhcp_rpc_agent_api [None req-a82861bf-c318-487e-9816-7dc457ed8834 d73d9a35351b4cb88e5fdccdd2fdb6d1 3606f6981f2d40588bae7aea821f991d - - default default] Unable to schedule network ab2931c1-88d6-4522-9719-3d28fd7c30f3: no agents available; will retry on subsequent port and subnet creation events.
2026-03-06 21:33:53.969 8 INFO neutron.services.segments.plugin [-] Segment 59865e1e-d458-4b10-9eb7-71b183def0f1 resource provider aggregate not found
2026-03-06 21:33:53.976 8 INFO neutron.services.segments.plugin [-] Segment 59865e1e-d458-4b10-9eb7-71b183def0f1 resource provider aggregate not found
2026-03-06 21:33:53.990 8 INFO neutron.services.segments.plugin [-] Segment 59865e1e-d458-4b10-9eb7-71b183def0f1 resource provider not found; error: Placement Client Error (4xx): {"errors": [{"status": 404, "title": "Not Found", "detail": "The resource could not be found.\n\n No resource provider with uuid 59865e1e-d458-4b10-9eb7-71b183def0f1 found for delete ", "request_id": "req-c11e1127-e5ae-4f8c-9ef7-2c118e821d9d"}]}
2026-03-06 21:33:53.993 8 INFO neutron.services.segments.plugin [-] Segment 59865e1e-d458-4b10-9eb7-71b183def0f1 resource provider not found; error: Placement Client Error (4xx): {"errors": [{"status": 404, "title": "Not Found", "detail": "The resource could not be found.\n\n No resource provider with uuid 59865e1e-d458-4b10-9eb7-71b183def0f1 found for delete ", "request_id": "req-5fc97dac-31e2-4667-9057-a55e7113c572"}]} [pid: 8|app: 0|req: 1146/2113] 10.0.0.198 () {32 vars in 725 bytes} [Fri Mar 6 21:33:53 2026] DELETE /v2.0/networks/a3374ffb-b91c-4006-848e-44eb4cd1616f => generated 0 bytes in 418 msecs (HTTP/1.1 204) 3 headers in 131 bytes (1 switches on core 0)
2026-03-06 21:33:54.158 8 INFO neutron_taas.services.taas.taas_plugin [None req-d28e9fce-d4e3-47d5-96c6-7f59235c7ff6 c51ff773c0f14ca8b32c7f5e0f0b2348 1a7eb026a90d46b8925d12d2b0682f9e - - default default] TaaS: Handle Delete Port: 483bcdb5-5094-42c5-9c24-9d2361fbc3b1
2026-03-06 21:33:54.160 8 INFO neutron_taas.services.taas.tap_mirror_plugin [None req-d28e9fce-d4e3-47d5-96c6-7f59235c7ff6 c51ff773c0f14ca8b32c7f5e0f0b2348 1a7eb026a90d46b8925d12d2b0682f9e - - default default] Tap Mirror: Handle Delete Port: 483bcdb5-5094-42c5-9c24-9d2361fbc3b1
2026-03-06 21:33:54.375 7 INFO neutron.db.ovn_revision_numbers_db [None req-a82861bf-c318-487e-9816-7dc457ed8834 d73d9a35351b4cb88e5fdccdd2fdb6d1 3606f6981f2d40588bae7aea821f991d - - default default] Successfully bumped revision number for resource d2232c14-0de5-447e-a018-6891a15dfae4 (type: ports) to 1 [pid: 8|app: 0|req: 1147/2114] 10.0.0.198 () {32 vars in 725 bytes} [Fri Mar 6 21:33:54 2026] DELETE /v2.0/networks/da8615a5-7bd5-4984-9405-fd43f3001725 => generated 0 bytes in 408 msecs (HTTP/1.1 204) 3 headers in 131 bytes (1 switches on core 0)
2026-03-06 21:33:54.561 8 INFO neutron_taas.services.taas.taas_plugin [None req-fef33d41-18b4-4174-a290-204cca32b1be c51ff773c0f14ca8b32c7f5e0f0b2348 1a7eb026a90d46b8925d12d2b0682f9e - - default default] TaaS: Handle Delete Port: 3aef40c6-01cd-4d0c-8a7d-5420fccbf233
2026-03-06 21:33:54.563 8 INFO neutron_taas.services.taas.tap_mirror_plugin [None req-fef33d41-18b4-4174-a290-204cca32b1be c51ff773c0f14ca8b32c7f5e0f0b2348 1a7eb026a90d46b8925d12d2b0682f9e - - default default] Tap Mirror: Handle Delete Port: 3aef40c6-01cd-4d0c-8a7d-5420fccbf233 [pid: 8|app: 0|req: 1148/2115] 10.0.0.198 () {32 vars in 725 bytes} [Fri Mar 6 21:33:54 2026] DELETE /v2.0/networks/f8b99c36-663f-4cc9-98df-5940ad81977c => generated 0 bytes in 353 msecs (HTTP/1.1 204) 3 headers in 131 bytes (1 switches on core 0)
2026-03-06 21:33:55.109 8 INFO neutron.db.ovn_revision_numbers_db [None req-f381fb7f-443a-4f3a-bf5e-9a7bc0709add d73d9a35351b4cb88e5fdccdd2fdb6d1 3606f6981f2d40588bae7aea821f991d - - default default] Successfully bumped revision number for resource c686284a-c263-4dfd-9c90-c1ec0649ab74 (type: security_groups) to 1
2026-03-06 21:33:55.119 8 INFO neutron.db.ovn_revision_numbers_db [None req-f381fb7f-443a-4f3a-bf5e-9a7bc0709add d73d9a35351b4cb88e5fdccdd2fdb6d1 3606f6981f2d40588bae7aea821f991d - - default default] Successfully bumped revision number for resource 5ffa94e3-5b1c-4c6c-bc82-9ff28f1ccca3 (type: security_group_rules) to 0
2026-03-06 21:33:55.131 8 INFO neutron.db.ovn_revision_numbers_db [None req-f381fb7f-443a-4f3a-bf5e-9a7bc0709add d73d9a35351b4cb88e5fdccdd2fdb6d1 3606f6981f2d40588bae7aea821f991d - - default default] Successfully bumped revision number for resource 77058666-0c4a-400f-83fa-da09d560916b (type: security_group_rules) to 0
2026-03-06 21:33:55.143 8 INFO neutron.db.ovn_revision_numbers_db [None req-f381fb7f-443a-4f3a-bf5e-9a7bc0709add d73d9a35351b4cb88e5fdccdd2fdb6d1 3606f6981f2d40588bae7aea821f991d - - default default] Successfully bumped revision number for resource 7f878ed2-c30d-4b53-a83d-2a9b2b062c88 (type: security_group_rules) to 0
2026-03-06 21:33:55.155 8 INFO neutron.db.ovn_revision_numbers_db [None req-f381fb7f-443a-4f3a-bf5e-9a7bc0709add d73d9a35351b4cb88e5fdccdd2fdb6d1 3606f6981f2d40588bae7aea821f991d - - default default] Successfully bumped revision number for resource a3d8e390-ae62-4a30-bed0-54b15ab77882 (type: security_group_rules) to 0 [pid: 8|app: 0|req: 1149/2116] 10.0.0.198 () {32 vars in 773 bytes} [Fri Mar 6 21:33:54 2026] GET /v2.0/security-groups?tenant_id=97ea7d6bff02452ea0eb95663ee5680a&name=default => generated 2925 bytes in 397 msecs (HTTP/1.1 200) 4 headers in 158 bytes (1 switches on core 0)
2026-03-06 21:33:55.333 8 INFO neutron_taas.services.taas.taas_plugin [None req-4077e0b4-2aa4-45c4-8740-59f55986a418 c51ff773c0f14ca8b32c7f5e0f0b2348 1a7eb026a90d46b8925d12d2b0682f9e - - default default] TaaS: Handle Delete Port: 27060df4-222a-43be-b1c5-a2e3c901172e
2026-03-06 21:33:55.336 8 INFO neutron_taas.services.taas.tap_mirror_plugin [None req-4077e0b4-2aa4-45c4-8740-59f55986a418 c51ff773c0f14ca8b32c7f5e0f0b2348 1a7eb026a90d46b8925d12d2b0682f9e - - default default] Tap Mirror: Handle Delete Port: 27060df4-222a-43be-b1c5-a2e3c901172e
2026-03-06 21:33:55.377 7 INFO neutron.db.ovn_revision_numbers_db [None req-8d13c7eb-145a-4a94-8c82-83b2a3dec8ad - - - - - -] Successfully bumped revision number for resource b82ffb72-0cbf-4405-b25c-37abd9b22db8 (type: ports) to 4 [pid: 8|app: 0|req: 1150/2117] 10.0.0.198 () {32 vars in 725 bytes} [Fri Mar 6 21:33:55 2026] DELETE /v2.0/networks/492f7cc2-fec4-4a14-be5b-749b9f1b0d09 => generated 0 bytes in 408 msecs (HTTP/1.1 204) 3 headers in 131 bytes (1 switches on core 0) [pid: 8|app: 0|req: 1151/2118] 10.0.0.198 () {32 vars in 739 bytes} [Fri Mar 6 21:33:55 2026] DELETE /v2.0/security-groups/c686284a-c263-4dfd-9c90-c1ec0649ab74 => generated 0 bytes in 368 msecs (HTTP/1.1 204) 2 headers in 112 bytes (1 switches on core 0)
2026-03-06 21:33:56.003 7 INFO neutron.plugins.ml2.drivers.ovn.mech_driver.mech_driver [None req-5946db45-999e-4374-8ec7-9bf41cb8b075 - - - - - -] OVN reports status down for port: d2232c14-0de5-447e-a018-6891a15dfae4
2026-03-06 21:33:56.026 8 INFO neutron.services.segments.plugin [-] Segment 4774435b-0347-4256-ae24-23e41fc2eaca resource provider aggregate not found
2026-03-06 21:33:56.037 8 INFO neutron.services.segments.plugin [-] Segment 4774435b-0347-4256-ae24-23e41fc2eaca resource provider aggregate not found
2026-03-06 21:33:56.054 8 INFO neutron.services.segments.plugin [-] Segment 4774435b-0347-4256-ae24-23e41fc2eaca resource provider not found; error: Placement Client Error (4xx): {"errors": [{"status": 404, "title": "Not Found", "detail": "The resource could not be found.\n\n No resource provider with uuid 4774435b-0347-4256-ae24-23e41fc2eaca found for delete ", "request_id": "req-5154069a-c4f1-480d-bd65-b11ad03e0721"}]}
2026-03-06 21:33:56.059 8 INFO neutron.services.segments.plugin [-] Segment 4774435b-0347-4256-ae24-23e41fc2eaca resource provider not found; error: Placement Client Error (4xx): {"errors": [{"status": 404, "title": "Not Found", "detail": "The resource could not be found.\n\n No resource provider with uuid 4774435b-0347-4256-ae24-23e41fc2eaca found for delete ", "request_id": "req-618f03a2-d3ae-43e1-b75b-9a61a32eda3e"}]}
2026-03-06 21:33:56.083 8 INFO neutron.services.segments.plugin [-] Segment a44b523b-6af0-4e45-9f17-bf6f5ae4b033 resource provider aggregate not found
2026-03-06 21:33:56.087 8 INFO neutron.services.segments.plugin [-] Segment a44b523b-6af0-4e45-9f17-bf6f5ae4b033 resource provider aggregate not found
2026-03-06 21:33:56.120 8 INFO neutron.services.segments.plugin [-] Segment a44b523b-6af0-4e45-9f17-bf6f5ae4b033 resource provider not found; error: Placement Client Error (4xx): {"errors": [{"status": 404, "title": "Not Found", "detail": "The resource could not be found.\n\n No resource provider with uuid a44b523b-6af0-4e45-9f17-bf6f5ae4b033 found for delete ", "request_id": "req-f89044eb-0ad3-4d46-9bb2-633433aa485b"}]}
2026-03-06 21:33:56.129 8 INFO neutron.services.segments.plugin [-] Segment a44b523b-6af0-4e45-9f17-bf6f5ae4b033 resource provider not found; error: Placement Client Error (4xx): {"errors": [{"status": 404, "title": "Not Found", "detail": "The resource could not be found.\n\n No resource provider with uuid a44b523b-6af0-4e45-9f17-bf6f5ae4b033 found for delete ", "request_id": "req-8987e1d7-e99c-4735-8f63-bb5a10d50a6a"}]}
2026-03-06 21:33:56.148 8 INFO neutron.services.segments.plugin [-] Segment 0494a970-54f3-4d55-9ee5-ae8bbe93aa49 resource provider aggregate not found
2026-03-06 21:33:56.165 8 INFO neutron.services.segments.plugin [-] Segment 0494a970-54f3-4d55-9ee5-ae8bbe93aa49 resource provider not found; error: Placement Client Error (4xx): {"errors": [{"status": 404, "title": "Not Found", "detail": "The resource could not be found.\n\n No resource provider with uuid 0494a970-54f3-4d55-9ee5-ae8bbe93aa49 found for delete ", "request_id": "req-6a894749-5fbd-4f66-bf09-03bf8f6ecd37"}]}
2026-03-06 21:33:56.166 8 INFO neutron.services.segments.plugin [-] Segment 0494a970-54f3-4d55-9ee5-ae8bbe93aa49 resource provider aggregate not found
2026-03-06 21:33:56.184 8 INFO neutron.services.segments.plugin [-] Segment 0494a970-54f3-4d55-9ee5-ae8bbe93aa49 resource provider not found; error: Placement Client Error (4xx): {"errors": [{"status": 404, "title": "Not Found", "detail": "The resource could not be found.\n\n No resource provider with uuid 0494a970-54f3-4d55-9ee5-ae8bbe93aa49 found for delete ", "request_id": "req-66b6d575-df48-4f87-a74c-0d95a5dc0988"}]}
2026-03-06 21:33:56.215 7 WARNING neutron.plugins.ml2.drivers.ovn.mech_driver.ovsdb.ovn_client [None req-5946db45-999e-4374-8ec7-9bf41cb8b075 - - - - - -] Logical_Switch_Port %s host information not removed, the port state is up
2026-03-06 21:33:56.215 7 INFO neutron.plugins.ml2.drivers.ovn.mech_driver.mech_driver [None req-5946db45-999e-4374-8ec7-9bf41cb8b075 - - - - - -] OVN reports status up for port: d2232c14-0de5-447e-a018-6891a15dfae4
2026-03-06 21:33:56.225 8 INFO neutron_taas.services.taas.taas_plugin [None req-bb60313a-416c-4728-aff6-6fa3f7ca974e c51ff773c0f14ca8b32c7f5e0f0b2348 1a7eb026a90d46b8925d12d2b0682f9e - - default default] TaaS: Handle Delete Port: 031e5e57-343f-4f1e-8fdf-c89b7e8d37cb
2026-03-06 21:33:56.229 8 INFO neutron_taas.services.taas.tap_mirror_plugin [None req-bb60313a-416c-4728-aff6-6fa3f7ca974e c51ff773c0f14ca8b32c7f5e0f0b2348 1a7eb026a90d46b8925d12d2b0682f9e - - default default] Tap Mirror: Handle Delete Port: 031e5e57-343f-4f1e-8fdf-c89b7e8d37cb
2026-03-06 21:33:56.267 7 INFO neutron.plugins.ml2.plugin [None req-5946db45-999e-4374-8ec7-9bf41cb8b075 - - - - - -] Attempt 1 to provision port d2232c14-0de5-447e-a018-6891a15dfae4
2026-03-06 21:33:56.436 7 WARNING neutron.scheduler.dhcp_agent_scheduler [None req-a82861bf-c318-487e-9816-7dc457ed8834 d73d9a35351b4cb88e5fdccdd2fdb6d1 3606f6981f2d40588bae7aea821f991d - - default default] No more DHCP agents
2026-03-06 21:33:56.443 7 WARNING neutron.api.rpc.agentnotifiers.dhcp_rpc_agent_api [None req-a82861bf-c318-487e-9816-7dc457ed8834 d73d9a35351b4cb88e5fdccdd2fdb6d1 3606f6981f2d40588bae7aea821f991d - - default default] Unable to schedule network ab2931c1-88d6-4522-9719-3d28fd7c30f3: no agents available; will retry on subsequent port and subnet creation events. [pid: 8|app: 0|req: 1152/2119] 10.0.0.198 () {32 vars in 725 bytes} [Fri Mar 6 21:33:55 2026] DELETE /v2.0/networks/152690c8-c8df-4676-9ec1-12f2e0008bdd => generated 0 bytes in 522 msecs (HTTP/1.1 204) 3 headers in 131 bytes (1 switches on core 0)
2026-03-06 21:33:56.734 7 INFO neutron.db.ovn_revision_numbers_db [None req-8d13c7eb-145a-4a94-8c82-83b2a3dec8ad - - - - - -] Successfully bumped revision number for resource b82ffb72-0cbf-4405-b25c-37abd9b22db8 (type: ports) to 5
2026-03-06 21:33:57.289 7 INFO neutron.db.ovn_revision_numbers_db [None req-5946db45-999e-4374-8ec7-9bf41cb8b075 - - - - - -] Successfully bumped revision number for resource d2232c14-0de5-447e-a018-6891a15dfae4 (type: ports) to 2
2026-03-06 21:33:57.576 7 INFO neutron.db.ovn_revision_numbers_db [None req-a82861bf-c318-487e-9816-7dc457ed8834 d73d9a35351b4cb88e5fdccdd2fdb6d1 3606f6981f2d40588bae7aea821f991d - - default default] Successfully bumped revision number for resource d2232c14-0de5-447e-a018-6891a15dfae4 (type: router_ports) to 1 [pid: 7|app: 0|req: 968/2120] 10.0.0.198 () {34 vars in 782 bytes} [Fri Mar 6 21:33:53 2026] PUT /v2.0/routers/5234fee1-2643-4f74-adae-5bc65cf35976/add_router_interface => generated 309 bytes in 4535 msecs (HTTP/1.1 200) 4 headers in 157 bytes (1 switches on core 0)
2026-03-06 21:33:57.723 8 INFO neutron.db.ovn_revision_numbers_db [None req-9268fed4-f9ff-45b4-9a0d-9bf72f7a2574 d73d9a35351b4cb88e5fdccdd2fdb6d1 3606f6981f2d40588bae7aea821f991d - - default default] Successfully bumped revision number for resource 57623917-a5ff-49fb-9e39-d9ecf38f3810 (type: security_groups) to 1
2026-03-06 21:33:57.735 8 INFO neutron.db.ovn_revision_numbers_db [None req-9268fed4-f9ff-45b4-9a0d-9bf72f7a2574 d73d9a35351b4cb88e5fdccdd2fdb6d1 3606f6981f2d40588bae7aea821f991d - - default default] Successfully bumped revision number for resource 267744c0-4dc5-4c68-8182-53f492508062 (type: security_group_rules) to 0
2026-03-06 21:33:57.746 8 INFO neutron.db.ovn_revision_numbers_db [None req-9268fed4-f9ff-45b4-9a0d-9bf72f7a2574 d73d9a35351b4cb88e5fdccdd2fdb6d1 3606f6981f2d40588bae7aea821f991d - - default default] Successfully bumped revision number for resource afd2414e-f49b-42dc-92a3-16834e9cbe7e (type: security_group_rules) to 0
2026-03-06 21:33:57.760 8 INFO neutron.db.ovn_revision_numbers_db [None req-9268fed4-f9ff-45b4-9a0d-9bf72f7a2574 d73d9a35351b4cb88e5fdccdd2fdb6d1 3606f6981f2d40588bae7aea821f991d - - default default] Successfully bumped revision number for resource c1150c0a-adc9-424b-9b2e-cc3b31adc320 (type: security_group_rules) to 0
2026-03-06 21:33:57.774 8 INFO neutron.db.ovn_revision_numbers_db [None req-9268fed4-f9ff-45b4-9a0d-9bf72f7a2574 d73d9a35351b4cb88e5fdccdd2fdb6d1 3606f6981f2d40588bae7aea821f991d - - default default] Successfully bumped revision number for resource c8e895a5-4a41-41e5-ac07-75d90e93a27c (type: security_group_rules) to 0 [pid: 8|app: 0|req: 1153/2121] 10.0.0.198 () {32 vars in 773 bytes} [Fri Mar 6 21:33:57 2026] GET /v2.0/security-groups?tenant_id=2d098c42df244d689b96affbad207349&name=default => generated 2925 bytes in 429 msecs (HTTP/1.1 200) 4 headers in 158 bytes (1 switches on core 0)
2026-03-06 21:33:58.027 7 INFO neutron.db.ovn_revision_numbers_db [None req-aecffd5d-fa79-41dc-ad29-1777fba31705 9951618f722e420593beb811e8f87546 96c29030f07145ccaafff440804c90e1 - - default default] Successfully bumped revision number for resource a9780392-f63e-463d-8186-84ca77f645c9 (type: security_groups) to 1
2026-03-06 21:33:58.043 7 INFO neutron.db.ovn_revision_numbers_db [None req-aecffd5d-fa79-41dc-ad29-1777fba31705 9951618f722e420593beb811e8f87546 96c29030f07145ccaafff440804c90e1 - - default default] Successfully bumped revision number for resource 81fd1731-7d8b-4a80-b8f1-dc367966f5f7 (type: security_group_rules) to 0
2026-03-06 21:33:58.062 7 INFO neutron.db.ovn_revision_numbers_db [None req-aecffd5d-fa79-41dc-ad29-1777fba31705 9951618f722e420593beb811e8f87546 96c29030f07145ccaafff440804c90e1 - - default default] Successfully bumped revision number for resource ac14a3f3-deea-4179-8895-93d940f64ed8 (type: security_group_rules) to 0
2026-03-06 21:33:58.078 7 INFO neutron.db.ovn_revision_numbers_db [None req-aecffd5d-fa79-41dc-ad29-1777fba31705 9951618f722e420593beb811e8f87546 96c29030f07145ccaafff440804c90e1 - - default default] Successfully bumped revision number for resource d98043f3-841b-4d03-8c73-6b67138366e0 (type: security_group_rules) to 0
2026-03-06 21:33:58.093 7 INFO neutron.db.ovn_revision_numbers_db [None req-aecffd5d-fa79-41dc-ad29-1777fba31705 9951618f722e420593beb811e8f87546 96c29030f07145ccaafff440804c90e1 - - default default] Successfully bumped revision number for resource fefc45fe-1f40-4b7a-bbaf-ae5521b3dc88 (type: security_group_rules) to 0 [pid: 8|app: 0|req: 1154/2122] 10.0.0.198 () {32 vars in 739 bytes} [Fri Mar 6 21:33:57 2026] DELETE /v2.0/security-groups/57623917-a5ff-49fb-9e39-d9ecf38f3810 => generated 0 bytes in 343 msecs (HTTP/1.1 204) 2 headers in 112 bytes (1 switches on core 0)
2026-03-06 21:33:58.185 8 INFO neutron.services.segments.plugin [-] Segment 6416a3e1-ed62-4f4f-884c-24ee5ed4a208 resource provider aggregate not found
2026-03-06 21:33:58.199 8 INFO neutron.services.segments.plugin [-] Segment 6416a3e1-ed62-4f4f-884c-24ee5ed4a208 resource provider not found; error: Placement Client Error (4xx): {"errors": [{"status": 404, "title": "Not Found", "detail": "The resource could not be found.\n\n No resource provider with uuid 6416a3e1-ed62-4f4f-884c-24ee5ed4a208 found for delete ", "request_id": "req-f71ea18a-b6b5-4076-9a79-058af8c37d3a"}]}
2026-03-06 21:33:58.207 7 INFO neutron.db.segments_db [None req-aecffd5d-fa79-41dc-ad29-1777fba31705 9951618f722e420593beb811e8f87546 96c29030f07145ccaafff440804c90e1 - - default default] Added segment bfc69287-eb8f-4656-b44e-b375004d4f3a of type geneve for network c228eee6-ef39-483b-923c-04558d328466
2026-03-06 21:33:58.207 8 INFO neutron.services.segments.plugin [-] Segment 6416a3e1-ed62-4f4f-884c-24ee5ed4a208 resource provider aggregate not found
2026-03-06 21:33:58.222 8 INFO neutron.services.segments.plugin [-] Segment 6416a3e1-ed62-4f4f-884c-24ee5ed4a208 resource provider not found; error: Placement Client Error (4xx): {"errors": [{"status": 404, "title": "Not Found", "detail": "The resource could not be found.\n\n No resource provider with uuid 6416a3e1-ed62-4f4f-884c-24ee5ed4a208 found for delete ", "request_id": "req-57c00ea8-8d12-46a4-b80f-2b634bce2752"}]} [pid: 8|app: 0|req: 1155/2123] 10.0.0.198 () {32 vars in 773 bytes} [Fri Mar 6 21:33:58 2026] GET /v2.0/security-groups?tenant_id=1a7eb026a90d46b8925d12d2b0682f9e&name=default => generated 2925 bytes in 36 msecs (HTTP/1.1 200) 4 headers in 158 bytes (1 switches on core 0)
2026-03-06 21:33:58.288 7 INFO neutron.db.segments_db [None req-aecffd5d-fa79-41dc-ad29-1777fba31705 9951618f722e420593beb811e8f87546 96c29030f07145ccaafff440804c90e1 - - default default] Added segment 39cca021-5557-462f-8d1f-9b2adc0b102a of type geneve for network 6a32b46b-18f7-4152-a283-88e7f0afe1b9
2026-03-06 21:33:58.403 7 INFO neutron.db.ovn_revision_numbers_db [None req-aecffd5d-fa79-41dc-ad29-1777fba31705 9951618f722e420593beb811e8f87546 96c29030f07145ccaafff440804c90e1 - - default default] Successfully bumped revision number for resource c228eee6-ef39-483b-923c-04558d328466 (type: networks) to 1 [pid: 8|app: 0|req: 1156/2124] 10.0.0.198 () {32 vars in 739 bytes} [Fri Mar 6 21:33:58 2026] DELETE /v2.0/security-groups/594db11a-40c6-499d-9582-2d2ed982fa9c => generated 0 bytes in 309 msecs (HTTP/1.1 204) 2 headers in 112 bytes (1 switches on core 0)
2026-03-06 21:33:58.616 7 WARNING neutron.scheduler.dhcp_agent_scheduler [None req-aecffd5d-fa79-41dc-ad29-1777fba31705 9951618f722e420593beb811e8f87546 96c29030f07145ccaafff440804c90e1 - - default default] No more DHCP agents
2026-03-06 21:33:58.618 7 WARNING neutron.api.rpc.agentnotifiers.dhcp_rpc_agent_api [None req-aecffd5d-fa79-41dc-ad29-1777fba31705 9951618f722e420593beb811e8f87546 96c29030f07145ccaafff440804c90e1 - - default default] Unable to schedule network c228eee6-ef39-483b-923c-04558d328466: no agents available; will retry on subsequent port and subnet creation events.
2026-03-06 21:33:58.730 7 INFO neutron.db.ovn_revision_numbers_db [None req-aecffd5d-fa79-41dc-ad29-1777fba31705 9951618f722e420593beb811e8f87546 96c29030f07145ccaafff440804c90e1 - - default default] Successfully bumped revision number for resource ccbb8cf9-3c51-40cb-95f0-ccef1024d2e3 (type: ports) to 1
2026-03-06 21:33:58.820 7 INFO neutron.db.ovn_revision_numbers_db [None req-aecffd5d-fa79-41dc-ad29-1777fba31705 9951618f722e420593beb811e8f87546 96c29030f07145ccaafff440804c90e1 - - default default] Successfully bumped revision number for resource 6a32b46b-18f7-4152-a283-88e7f0afe1b9 (type: networks) to 1
2026-03-06 21:33:58.913 8 INFO neutron.db.ovn_revision_numbers_db [None req-855727e5-b58f-4b79-b390-e03d09691ac1 d73d9a35351b4cb88e5fdccdd2fdb6d1 3606f6981f2d40588bae7aea821f991d - - default default] Successfully bumped revision number for resource ce89d9fe-f9b0-4230-a7f6-c2181e39dfbf (type: security_groups) to 1
2026-03-06 21:33:58.923 8 INFO neutron.db.ovn_revision_numbers_db [None req-855727e5-b58f-4b79-b390-e03d09691ac1 d73d9a35351b4cb88e5fdccdd2fdb6d1 3606f6981f2d40588bae7aea821f991d - - default default] Successfully bumped revision number for resource 3830fd53-c54c-464f-bce3-d4793c494820 (type: security_group_rules) to 0
2026-03-06 21:33:58.936 8 INFO neutron.db.ovn_revision_numbers_db [None req-855727e5-b58f-4b79-b390-e03d09691ac1 d73d9a35351b4cb88e5fdccdd2fdb6d1 3606f6981f2d40588bae7aea821f991d - - default default] Successfully bumped revision number for resource 555442b3-4180-40fc-a857-d9b2d20c8907 (type: security_group_rules) to 0
2026-03-06 21:33:58.946 8 INFO neutron.db.ovn_revision_numbers_db [None req-855727e5-b58f-4b79-b390-e03d09691ac1 d73d9a35351b4cb88e5fdccdd2fdb6d1 3606f6981f2d40588bae7aea821f991d - - default default] Successfully bumped revision number for resource 8449ccfc-d69b-43b9-8aae-bf64f8260dbe (type: security_group_rules) to 0
2026-03-06 21:33:58.961 8 INFO neutron.db.ovn_revision_numbers_db [None req-855727e5-b58f-4b79-b390-e03d09691ac1 d73d9a35351b4cb88e5fdccdd2fdb6d1 3606f6981f2d40588bae7aea821f991d - - default default] Successfully bumped revision number for resource af406e00-39ad-4f88-bdfe-8ce643dea6cd (type: security_group_rules) to 0 [pid: 8|app: 0|req: 1157/2125] 10.0.0.198 () {32 vars in 773 bytes} [Fri Mar 6 21:33:58 2026] GET /v2.0/security-groups?tenant_id=8f37c5c4630f4430bf8f2b2dbaf9ac74&name=default => generated 2925 bytes in 257 msecs (HTTP/1.1 200) 4 headers in 158 bytes (1 switches on core 0)
2026-03-06 21:33:59.028 7 WARNING neutron.scheduler.dhcp_agent_scheduler [None req-aecffd5d-fa79-41dc-ad29-1777fba31705 9951618f722e420593beb811e8f87546 96c29030f07145ccaafff440804c90e1 - - default default] No more DHCP agents
2026-03-06 21:33:59.030 7 WARNING neutron.api.rpc.agentnotifiers.dhcp_rpc_agent_api [None req-aecffd5d-fa79-41dc-ad29-1777fba31705 9951618f722e420593beb811e8f87546 96c29030f07145ccaafff440804c90e1 - - default default] Unable to schedule network 6a32b46b-18f7-4152-a283-88e7f0afe1b9: no agents available; will retry on subsequent port and subnet creation events.
2026-03-06 21:33:59.162 7 INFO neutron.db.ovn_revision_numbers_db [None req-aecffd5d-fa79-41dc-ad29-1777fba31705 9951618f722e420593beb811e8f87546 96c29030f07145ccaafff440804c90e1 - - default default] Successfully bumped revision number for resource ad175c51-39fb-46f9-981c-6a34b964a962 (type: ports) to 1 [pid: 7|app: 0|req: 969/2126] 10.0.0.198 () {34 vars in 669 bytes} [Fri Mar 6 21:33:57 2026] POST /v2.0/networks => generated 1284 bytes in 1412 msecs (HTTP/1.1 201) 4 headers in 163 bytes (1 switches on core 0) [pid: 7|app: 0|req: 970/2127] 10.0.0.198 () {32 vars in 648 bytes} [Fri Mar 6 21:33:59 2026] GET /v2.0/networks => generated 1971 bytes in 73 msecs (HTTP/1.1 200) 4 headers in 158 bytes (1 switches on core 0) [pid: 8|app: 0|req: 1158/2128] 10.0.0.198 () {32 vars in 739 bytes} [Fri Mar 6 21:33:58 2026] DELETE /v2.0/security-groups/ce89d9fe-f9b0-4230-a7f6-c2181e39dfbf => generated 0 bytes in 337 msecs (HTTP/1.1 204) 2 headers in 112 bytes (1 switches on core 0)
2026-03-06 21:33:59.442 7 INFO neutron_taas.services.taas.taas_plugin [None req-7160c897-85cd-4ee5-9b25-8048ac0ca015 9951618f722e420593beb811e8f87546 96c29030f07145ccaafff440804c90e1 - - default default] TaaS: Handle Delete Port: ccbb8cf9-3c51-40cb-95f0-ccef1024d2e3
2026-03-06 21:33:59.445 7 INFO neutron_taas.services.taas.tap_mirror_plugin [None req-7160c897-85cd-4ee5-9b25-8048ac0ca015 9951618f722e420593beb811e8f87546 96c29030f07145ccaafff440804c90e1 - - default default] Tap Mirror: Handle Delete Port: ccbb8cf9-3c51-40cb-95f0-ccef1024d2e3
2026-03-06 21:33:59.675 7 INFO neutron.services.segments.plugin [-] Segment bfc69287-eb8f-4656-b44e-b375004d4f3a resource provider aggregate not found
2026-03-06 21:33:59.682 7 INFO neutron.services.segments.plugin [-] Segment bfc69287-eb8f-4656-b44e-b375004d4f3a resource provider aggregate not found
2026-03-06 21:33:59.706 7 INFO neutron.services.segments.plugin [-] Segment bfc69287-eb8f-4656-b44e-b375004d4f3a resource provider not found; error: Placement Client Error (4xx): {"errors": [{"status": 404, "title": "Not Found", "detail": "The resource could not be found.\n\n No resource provider with uuid bfc69287-eb8f-4656-b44e-b375004d4f3a found for delete ", "request_id": "req-d857b7d5-c205-463b-837f-b5baf5624788"}]}
2026-03-06 21:33:59.707 7 INFO neutron.services.segments.plugin [-] Segment bfc69287-eb8f-4656-b44e-b375004d4f3a resource provider not found; error: Placement Client Error (4xx): {"errors": [{"status": 404, "title": "Not Found", "detail": "The resource could not be found.\n\n No resource provider with uuid bfc69287-eb8f-4656-b44e-b375004d4f3a found for delete ", "request_id": "req-86321c5b-e132-41cd-ae79-11d63774287f"}]} [pid: 7|app: 0|req: 971/2129] 10.0.0.198 () {32 vars in 725 bytes} [Fri Mar 6 21:33:59 2026] DELETE /v2.0/networks/c228eee6-ef39-483b-923c-04558d328466 => generated 0 bytes in 463 msecs (HTTP/1.1 204) 3 headers in 131 bytes (1 switches on core 0) [pid: 8|app: 0|req: 1159/2130] 10.0.0.23 () {34 vars in 980 bytes} [Fri Mar 6 21:33:59 2026] GET /v2.0/networks?id=ab2931c1-88d6-4522-9719-3d28fd7c30f3 => generated 710 bytes in 46 msecs (HTTP/1.1 200) 4 headers in 157 bytes (1 switches on core 0) [pid: 8|app: 0|req: 1160/2131] 10.0.0.23 () {34 vars in 963 bytes} [Fri Mar 6 21:33:59 2026] GET /v2.0/quotas/4c43b6f271ae4503844cc05d166072c9 => generated 292 bytes in 9 msecs (HTTP/1.1 200) 4 headers in 157 bytes (1 switches on core 0) [pid: 8|app: 0|req: 1161/2132] 10.0.0.23 () {34 vars in 1000 bytes} [Fri Mar 6 21:33:59 2026] GET /v2.0/ports?tenant_id=4c43b6f271ae4503844cc05d166072c9&fields=id => generated 103 bytes in 69 msecs (HTTP/1.1 200) 4 headers in 157 bytes (1 switches on core 0)
2026-03-06 21:33:59.878 7 INFO neutron_taas.services.taas.taas_plugin [None req-4279bb57-42b4-4258-942f-0d5460fc96de 9951618f722e420593beb811e8f87546 96c29030f07145ccaafff440804c90e1 - - default default] TaaS: Handle Delete Port: ad175c51-39fb-46f9-981c-6a34b964a962
2026-03-06 21:33:59.882 7 INFO neutron_taas.services.taas.tap_mirror_plugin [None req-4279bb57-42b4-4258-942f-0d5460fc96de 9951618f722e420593beb811e8f87546 96c29030f07145ccaafff440804c90e1 - - default default] Tap Mirror: Handle Delete Port: ad175c51-39fb-46f9-981c-6a34b964a962 [pid: 8|app: 0|req: 1162/2133] 10.0.0.23 () {34 vars in 1006 bytes} [Fri Mar 6 21:33:59 2026] GET /v2.0/networks/ab2931c1-88d6-4522-9719-3d28fd7c30f3?fields=segments => generated 14 bytes in 37 msecs (HTTP/1.1 200) 4 headers in 156 bytes (1 switches on core 0) [pid: 8|app: 0|req: 1163/2134] 10.0.0.23 () {34 vars in 1106 bytes} [Fri Mar 6 21:33:59 2026] GET /v2.0/networks/ab2931c1-88d6-4522-9719-3d28fd7c30f3?fields=provider%3Aphysical_network&fields=provider%3Anetwork_type => generated 79 bytes in 62 msecs (HTTP/1.1 200) 4 headers in 156 bytes (1 switches on core 0) [pid: 8|app: 0|req: 1164/2135] 10.0.0.23 () {34 vars in 988 bytes} [Fri Mar 6 21:34:00 2026] GET /v2.0/ports?device_id=796641b5-6170-4598-b137-40d2fab7e12d => generated 12 bytes in 39 msecs (HTTP/1.1 200) 4 headers in 156 bytes (1 switches on core 0) [pid: 7|app: 0|req: 972/2136] 10.0.0.198 () {32 vars in 725 bytes} [Fri Mar 6 21:33:59 2026] DELETE /v2.0/networks/6a32b46b-18f7-4152-a283-88e7f0afe1b9 => generated 0 bytes in 419 msecs (HTTP/1.1 204) 3 headers in 131 bytes (1 switches on core 0) [pid: 8|app: 0|req: 1165/2137] 10.0.0.198 () {32 vars in 648 bytes} [Fri Mar 6 21:34:00 2026] GET /v2.0/networks => generated 689 bytes in 44 msecs (HTTP/1.1 200) 4 headers in 157 bytes (1 switches on core 0)
2026-03-06 21:34:00.314 7 INFO neutron.db.segments_db [None req-4bc4c882-bfaf-4cb7-a5f7-68d018289789 9951618f722e420593beb811e8f87546 96c29030f07145ccaafff440804c90e1 - - default default] Added segment b814949d-7c80-4c13-8ed4-1046e8ae94bb of type geneve for network 725a6b7c-39e8-4c09-a4b4-ca9dfff8a68a
2026-03-06 21:34:00.436 7 INFO neutron.db.ovn_revision_numbers_db [None req-4bc4c882-bfaf-4cb7-a5f7-68d018289789 9951618f722e420593beb811e8f87546 96c29030f07145ccaafff440804c90e1 - - default default] Successfully bumped revision number for resource 725a6b7c-39e8-4c09-a4b4-ca9dfff8a68a (type: networks) to 1
2026-03-06 21:34:00.589 7 WARNING neutron.scheduler.dhcp_agent_scheduler [None req-4bc4c882-bfaf-4cb7-a5f7-68d018289789 9951618f722e420593beb811e8f87546 96c29030f07145ccaafff440804c90e1 - - default default] No more DHCP agents
2026-03-06 21:34:00.590 7 WARNING neutron.api.rpc.agentnotifiers.dhcp_rpc_agent_api [None req-4bc4c882-bfaf-4cb7-a5f7-68d018289789 9951618f722e420593beb811e8f87546 96c29030f07145ccaafff440804c90e1 - - default default] Unable to schedule network 725a6b7c-39e8-4c09-a4b4-ca9dfff8a68a: no agents available; will retry on subsequent port and subnet creation events.
2026-03-06 21:34:00.702 7 INFO neutron.db.ovn_revision_numbers_db [None req-4bc4c882-bfaf-4cb7-a5f7-68d018289789 9951618f722e420593beb811e8f87546 96c29030f07145ccaafff440804c90e1 - - default default] Successfully bumped revision number for resource 28e46792-53db-4613-94cf-059b8e1efcb3 (type: ports) to 1 [pid: 7|app: 0|req: 973/2138] 10.0.0.198 () {34 vars in 669 bytes} [Fri Mar 6 21:34:00 2026] POST /v2.0/networks => generated 673 bytes in 506 msecs (HTTP/1.1 201) 4 headers in 162 bytes (1 switches on core 0)
2026-03-06 21:34:00.825 8 INFO neutron.db.segments_db [None req-0f223d88-a138-44d3-95f7-3667f101b4ad 9951618f722e420593beb811e8f87546 96c29030f07145ccaafff440804c90e1 - - default default] Added segment 4b2f15f0-3ba2-4610-8fc0-23bf446e647c of type geneve for network 49b80848-c8a5-424d-ad3d-c3be96a7af99
2026-03-06 21:34:00.940 8 INFO neutron.db.ovn_revision_numbers_db [None req-0f223d88-a138-44d3-95f7-3667f101b4ad 9951618f722e420593beb811e8f87546 96c29030f07145ccaafff440804c90e1 - - default default] Successfully bumped revision number for resource 49b80848-c8a5-424d-ad3d-c3be96a7af99 (type: networks) to 1
2026-03-06 21:34:01.092 8 WARNING neutron.scheduler.dhcp_agent_scheduler [None req-0f223d88-a138-44d3-95f7-3667f101b4ad 9951618f722e420593beb811e8f87546 96c29030f07145ccaafff440804c90e1 - - default default] No more DHCP agents
2026-03-06 21:34:01.093 8 WARNING neutron.api.rpc.agentnotifiers.dhcp_rpc_agent_api [None req-0f223d88-a138-44d3-95f7-3667f101b4ad 9951618f722e420593beb811e8f87546 96c29030f07145ccaafff440804c90e1 - - default default] Unable to schedule network 49b80848-c8a5-424d-ad3d-c3be96a7af99: no agents available; will retry on subsequent port and subnet creation events.
2026-03-06 21:34:01.204 8 INFO neutron.db.ovn_revision_numbers_db [None req-0f223d88-a138-44d3-95f7-3667f101b4ad 9951618f722e420593beb811e8f87546 96c29030f07145ccaafff440804c90e1 - - default default] Successfully bumped revision number for resource 6a59f760-2449-49fd-ba57-1533486b0805 (type: ports) to 1 [pid: 8|app: 0|req: 1166/2139] 10.0.0.198 () {34 vars in 669 bytes} [Fri Mar 6 21:34:00 2026] POST /v2.0/networks => generated 673 bytes in 489 msecs (HTTP/1.1 201) 4 headers in 162 bytes (1 switches on core 0) [pid: 7|app: 0|req: 974/2140] 10.0.0.23 () {34 vars in 988 bytes} [Fri Mar 6 21:34:01 2026] GET /v2.0/ports?device_id=796641b5-6170-4598-b137-40d2fab7e12d => generated 12 bytes in 26 msecs (HTTP/1.1 200) 4 headers in 156 bytes (1 switches on core 0)
2026-03-06 21:34:01.582 8 WARNING neutron.scheduler.dhcp_agent_scheduler [None req-48a93637-5f9b-482c-8edb-f7a08b947d1e 9951618f722e420593beb811e8f87546 96c29030f07145ccaafff440804c90e1 - - default default] No more DHCP agents
2026-03-06 21:34:01.584 8 WARNING neutron.api.rpc.agentnotifiers.dhcp_rpc_agent_api [None req-48a93637-5f9b-482c-8edb-f7a08b947d1e 9951618f722e420593beb811e8f87546 96c29030f07145ccaafff440804c90e1 - - default default] Unable to schedule network 725a6b7c-39e8-4c09-a4b4-ca9dfff8a68a: no agents available; will retry on subsequent port and subnet creation events.
2026-03-06 21:34:01.730 7 INFO neutron.services.segments.plugin [-] Segment 39cca021-5557-462f-8d1f-9b2adc0b102a resource provider aggregate not found
2026-03-06 21:34:01.752 7 INFO neutron.services.segments.plugin [-] Segment 39cca021-5557-462f-8d1f-9b2adc0b102a resource provider aggregate not found
2026-03-06 21:34:01.758 7 INFO neutron.services.segments.plugin [-] Segment 39cca021-5557-462f-8d1f-9b2adc0b102a resource provider not found; error: Placement Client Error (4xx): {"errors": [{"status": 404, "title": "Not Found", "detail": "The resource could not be found.\n\n No resource provider with uuid 39cca021-5557-462f-8d1f-9b2adc0b102a found for delete ", "request_id": "req-3b31e42b-45b5-4be8-a145-b2080512a2d8"}]}
2026-03-06 21:34:01.765 8 INFO neutron.db.ovn_revision_numbers_db [None req-48a93637-5f9b-482c-8edb-f7a08b947d1e 9951618f722e420593beb811e8f87546 96c29030f07145ccaafff440804c90e1 - - default default] Successfully bumped revision number for resource 113094c3-23d8-4d10-8164-7aaa84265342 (type: ports) to 1
2026-03-06 21:34:01.767 7 INFO neutron.services.segments.plugin [-] Segment 39cca021-5557-462f-8d1f-9b2adc0b102a resource provider not found; error: Placement Client Error (4xx): {"errors": [{"status": 404, "title": "Not Found", "detail": "The resource could not be found.\n\n No resource provider with uuid 39cca021-5557-462f-8d1f-9b2adc0b102a found for delete ", "request_id": "req-72be0c22-13e8-4674-9bc8-0ff4abed5ef9"}]}
2026-03-06 21:34:01.815 8 WARNING neutron.scheduler.dhcp_agent_scheduler [None req-48a93637-5f9b-482c-8edb-f7a08b947d1e 9951618f722e420593beb811e8f87546 96c29030f07145ccaafff440804c90e1 - - default default] No more DHCP agents
2026-03-06 21:34:01.817 8 WARNING neutron.api.rpc.agentnotifiers.dhcp_rpc_agent_api [None req-48a93637-5f9b-482c-8edb-f7a08b947d1e 9951618f722e420593beb811e8f87546 96c29030f07145ccaafff440804c90e1 - - default default] Unable to schedule network 49b80848-c8a5-424d-ad3d-c3be96a7af99: no agents available; will retry on subsequent port and subnet creation events.
2026-03-06 21:34:01.942 8 INFO neutron.db.ovn_revision_numbers_db [None req-48a93637-5f9b-482c-8edb-f7a08b947d1e 9951618f722e420593beb811e8f87546 96c29030f07145ccaafff440804c90e1 - - default default] Successfully bumped revision number for resource 9ed6c4ac-ca49-4341-9377-9bda6c476e28 (type: ports) to 1 [pid: 8|app: 0|req: 1167/2143] 10.0.0.198 () {34 vars in 664 bytes} [Fri Mar 6 21:34:01 2026] POST /v2.0/ports => generated 1506 bytes in 804 msecs (HTTP/1.1 201) 4 headers in 163 bytes (1 switches on core 0) [pid: 7|app: 0|req: 977/2144] 10.0.0.198 () {32 vars in 642 bytes} [Fri Mar 6 21:34:02 2026] GET /v2.0/ports => generated 3018 bytes in 91 msecs (HTTP/1.1 200) 4 headers in 158 bytes (1 switches on core 0) /var/lib/openstack/lib/python3.12/site-packages/pycadf/identifier.py:70: UserWarning: Invalid uuid: neutron. To ensure interoperability, identifiers should be a valid uuid. warnings.warn(('Invalid uuid: %s. To ensure interoperability, '
2026-03-06 21:34:02.270 8 INFO neutron_taas.services.taas.taas_plugin [None req-99d4fa97-3a73-455c-8b2c-ab38de747207 9951618f722e420593beb811e8f87546 96c29030f07145ccaafff440804c90e1 - - default default] TaaS: Handle Delete Port: 113094c3-23d8-4d10-8164-7aaa84265342
2026-03-06 21:34:02.275 8 INFO neutron_taas.services.taas.tap_mirror_plugin [None req-99d4fa97-3a73-455c-8b2c-ab38de747207 9951618f722e420593beb811e8f87546 96c29030f07145ccaafff440804c90e1 - - default default] Tap Mirror: Handle Delete Port: 113094c3-23d8-4d10-8164-7aaa84265342
2026-03-06 21:34:02.279 7 WARNING neutron.plugins.ml2.drivers.ovn.mech_driver.ovsdb.ovn_client [None req-de25b096-6fb6-4db3-a296-a7359e4ebe14 - - - - - -] No hosting information found for port d2232c14-0de5-447e-a018-6891a15dfae4: RuntimeError: No hosting information found for port d2232c14-0de5-447e-a018-6891a15dfae4 [pid: 7|app: 0|req: 978/2145] 10.0.0.23 () {34 vars in 988 bytes} [Fri Mar 6 21:34:02 2026] GET /v2.0/ports?device_id=796641b5-6170-4598-b137-40d2fab7e12d => generated 12 bytes in 48 msecs (HTTP/1.1 200) 4 headers in 156 bytes (1 switches on core 0)
2026-03-06 21:34:02.419 7 INFO neutron.db.ovn_revision_numbers_db [None req-de25b096-6fb6-4db3-a296-a7359e4ebe14 - - - - - -] Successfully bumped revision number for resource d2232c14-0de5-447e-a018-6891a15dfae4 (type: router_ports) to 2
2026-03-06 21:34:02.421 7 INFO neutron.plugins.ml2.drivers.ovn.mech_driver.mech_driver [None req-de25b096-6fb6-4db3-a296-a7359e4ebe14 - - - - - -] OVN reports status down for port: ccbb8cf9-3c51-40cb-95f0-ccef1024d2e3 [pid: 8|app: 0|req: 1168/2146] 10.0.0.198 () {32 vars in 719 bytes} [Fri Mar 6 21:34:02 2026] DELETE /v2.0/ports/113094c3-23d8-4d10-8164-7aaa84265342 => generated 0 bytes in 306 msecs (HTTP/1.1 204) 3 headers in 131 bytes (1 switches on core 0)
2026-03-06 21:34:02.460 7 INFO neutron.plugins.ml2.drivers.ovn.mech_driver.mech_driver [None req-de25b096-6fb6-4db3-a296-a7359e4ebe14 - - - - - -] OVN reports status down for port: ad175c51-39fb-46f9-981c-6a34b964a962
2026-03-06 21:34:02.471 7 INFO neutron.plugins.ml2.drivers.ovn.mech_driver.mech_driver [None req-de25b096-6fb6-4db3-a296-a7359e4ebe14 - - - - - -] OVN reports status down for port: 28e46792-53db-4613-94cf-059b8e1efcb3
2026-03-06 21:34:02.612 7 INFO neutron.plugins.ml2.drivers.ovn.mech_driver.mech_driver [None req-de25b096-6fb6-4db3-a296-a7359e4ebe14 - - - - - -] OVN reports status down for port: 6a59f760-2449-49fd-ba57-1533486b0805
2026-03-06 21:34:02.669 7 INFO neutron_taas.services.taas.taas_plugin [None req-ca665696-6e34-44b5-ac1d-127e2df6dc14 9951618f722e420593beb811e8f87546 96c29030f07145ccaafff440804c90e1 - - default default] TaaS: Handle Delete Port: 9ed6c4ac-ca49-4341-9377-9bda6c476e28
2026-03-06 21:34:02.674 7 INFO neutron_taas.services.taas.tap_mirror_plugin [None req-ca665696-6e34-44b5-ac1d-127e2df6dc14 9951618f722e420593beb811e8f87546 96c29030f07145ccaafff440804c90e1 - - default default] Tap Mirror: Handle Delete Port: 9ed6c4ac-ca49-4341-9377-9bda6c476e28
2026-03-06 21:34:02.736 7 INFO neutron.plugins.ml2.drivers.ovn.mech_driver.mech_driver [None req-de25b096-6fb6-4db3-a296-a7359e4ebe14 - - - - - -] OVN reports status down for port: 113094c3-23d8-4d10-8164-7aaa84265342
2026-03-06 21:34:02.749 7 INFO neutron.plugins.ml2.drivers.ovn.mech_driver.mech_driver [None req-de25b096-6fb6-4db3-a296-a7359e4ebe14 - - - - - -] OVN reports status down for port: 9ed6c4ac-ca49-4341-9377-9bda6c476e28
2026-03-06 21:34:02.810 7 INFO neutron.plugins.ml2.db [None req-de25b096-6fb6-4db3-a296-a7359e4ebe14 - - - - - -] No ports have port_id starting with 9ed6c4ac-ca49-4341-9377-9bda6c476e28 [pid: 7|app: 0|req: 979/2147] 10.0.0.198 () {32 vars in 719 bytes} [Fri Mar 6 21:34:02 2026] DELETE /v2.0/ports/9ed6c4ac-ca49-4341-9377-9bda6c476e28 => generated 0 bytes in 421 msecs (HTTP/1.1 204) 3 headers in 131 bytes (1 switches on core 0) [pid: 8|app: 0|req: 1169/2148] 10.0.0.198 () {32 vars in 642 bytes} [Fri Mar 6 21:34:02 2026] GET /v2.0/ports => generated 1523 bytes in 47 msecs (HTTP/1.1 200) 4 headers in 158 bytes (1 switches on core 0)
2026-03-06 21:34:03.053 7 INFO neutron.db.segments_db [None req-9df033cb-fbfa-41c0-ae6a-4750ce6e4545 9951618f722e420593beb811e8f87546 96c29030f07145ccaafff440804c90e1 - - default default] Added segment a6faa8df-5c90-4324-9eb6-b292bc239ac1 of type geneve for network c51b85f4-85bf-47f7-8761-e66c1744d97b
2026-03-06 21:34:03.181 7 INFO neutron.db.ovn_revision_numbers_db [None req-9df033cb-fbfa-41c0-ae6a-4750ce6e4545 9951618f722e420593beb811e8f87546 96c29030f07145ccaafff440804c90e1 - - default default] Successfully bumped revision number for resource c51b85f4-85bf-47f7-8761-e66c1744d97b (type: networks) to 1
2026-03-06 21:34:03.338 7 WARNING neutron.scheduler.dhcp_agent_scheduler [None req-9df033cb-fbfa-41c0-ae6a-4750ce6e4545 9951618f722e420593beb811e8f87546 96c29030f07145ccaafff440804c90e1 - - default default] No more DHCP agents
2026-03-06 21:34:03.340 7 WARNING neutron.api.rpc.agentnotifiers.dhcp_rpc_agent_api [None req-9df033cb-fbfa-41c0-ae6a-4750ce6e4545 9951618f722e420593beb811e8f87546 96c29030f07145ccaafff440804c90e1 - - default default] Unable to schedule network c51b85f4-85bf-47f7-8761-e66c1744d97b: no agents available; will retry on subsequent port and subnet creation events.
2026-03-06 21:34:03.421 7 INFO neutron.plugins.ml2.drivers.ovn.mech_driver.mech_driver [None req-de25b096-6fb6-4db3-a296-a7359e4ebe14 - - - - - -] OVN reports status down for port: 907b29ab-b3c0-4a7a-bab3-158569234544
