2026-06-23 19:53:34.343 9 INFO neutron.plugins.ml2.plugin [None req-63070703-d56b-464a-a6ce-206a7a4f8545 - - - - - -] Attempt 1 to provision port 3ef7d4e5-06f9-4d05-aaec-27fa11539182 /var/lib/openstack/lib/python3.10/site-packages/oslo_db/sqlalchemy/enginefacade.py:676: SAWarning: DELETE statement on table 'portsecuritybindings' expected to delete 1 row(s); 0 were matched. Please set confirm_deleted_rows=False within the mapper configuration to prevent this warning. self.session.flush() /var/lib/openstack/lib/python3.10/site-packages/oslo_db/sqlalchemy/enginefacade.py:676: SAWarning: DELETE statement on table 'ml2_port_bindings' expected to delete 1 row(s); 0 were matched. Please set confirm_deleted_rows=False within the mapper configuration to prevent this warning. self.session.flush() /var/lib/openstack/lib/python3.10/site-packages/oslo_db/sqlalchemy/enginefacade.py:676: SAWarning: DELETE statement on table 'ml2_port_binding_levels' expected to delete 1 row(s); 0 were matched. Please set confirm_deleted_rows=False within the mapper configuration to prevent this warning. self.session.flush() /var/lib/openstack/lib/python3.10/site-packages/oslo_db/sqlalchemy/enginefacade.py:676: SAWarning: DELETE statement on table 'ports' expected to delete 1 row(s); 0 were matched. Please set confirm_deleted_rows=False within the mapper configuration to prevent this warning. self.session.flush()
2026-06-23 19:53:36.162 9 INFO neutron.plugins.ml2.plugin [None req-73fd9cc9-c0af-4869-9a3e-c93e2fadfc6c - - - - - -] Attempt 1 to provision port b5424a75-dca1-406d-b662-d41380fe6737
2026-06-23 19:53:38.402 9 INFO neutron.plugins.ml2.plugin [None req-63070703-d56b-464a-a6ce-206a7a4f8545 - - - - - -] Attempt 1 to provision port b5424a75-dca1-406d-b662-d41380fe6737
2026-06-23 19:53:38.521 9 INFO neutron.notifiers.nova [-] Nova event matching ['req-76601cb0-314d-40fa-a4e5-a801c186f804'] response: {'server_uuid': '211395ef-181f-4297-a3d5-5da4a7c059a3', 'name': 'network-vif-plugged', 'status': 'completed', 'tag': 'b5424a75-dca1-406d-b662-d41380fe6737', 'code': 200}
2026-06-23 19:53:39.648 9 INFO neutron.plugins.ml2.plugin [None req-ad2de238-dbb2-4eae-90c2-da1cbb200b68 - - - - - -] Attempt 1 to provision port 2787bd43-8c46-4f4c-9e96-3faab9397ae8
2026-06-23 19:53:40.359 10 INFO neutron.plugins.ml2.plugin [None req-63070703-d56b-464a-a6ce-206a7a4f8545 - - - - - -] Attempt 1 to provision port ab057924-722e-4f01-9ecb-e4c173421e46
2026-06-23 19:53:40.909 10 INFO neutron.plugins.ml2.plugin [None req-63070703-d56b-464a-a6ce-206a7a4f8545 - - - - - -] Attempt 1 to provision port b5424a75-dca1-406d-b662-d41380fe6737
2026-06-23 19:53:41.625 10 INFO neutron.plugins.ml2.plugin [None req-18a41ce2-a1eb-49a2-b66a-0775c011ce14 - - - - - -] Attempt 1 to provision port ab057924-722e-4f01-9ecb-e4c173421e46
2026-06-23 19:53:41.833 9 INFO neutron.plugins.ml2.plugin [None req-98af6852-e98c-4647-b0b5-ed134eb2eb38 - - - - - -] Attempt 1 to provision port ab057924-722e-4f01-9ecb-e4c173421e46
2026-06-23 19:53:42.249 9 INFO neutron.plugins.ml2.plugin [None req-c244c191-04d7-44a2-b95e-acc9cb001534 - - - - - -] Attempt 1 to provision port 93e48f8b-2d20-4200-bcde-2fd33f5c92f0
2026-06-23 19:53:42.363 10 INFO neutron.plugins.ml2.plugin [None req-63070703-d56b-464a-a6ce-206a7a4f8545 - - - - - -] Attempt 1 to provision port ab057924-722e-4f01-9ecb-e4c173421e46
2026-06-23 19:53:42.908 9 INFO neutron.plugins.ml2.plugin [None req-9a4ddee1-5ff7-476d-a838-462c908876df - - - - - -] Attempt 1 to provision port 93e48f8b-2d20-4200-bcde-2fd33f5c92f0
2026-06-23 19:53:44.331 10 INFO neutron.plugins.ml2.plugin [None req-63070703-d56b-464a-a6ce-206a7a4f8545 - - - - - -] Attempt 1 to provision port 7c731b84-b1a9-4982-a624-cc2d4ff8c0b1
2026-06-23 19:53:46.366 10 INFO neutron.plugins.ml2.plugin [None req-63070703-d56b-464a-a6ce-206a7a4f8545 - - - - - -] Attempt 1 to provision port 7c731b84-b1a9-4982-a624-cc2d4ff8c0b1
2026-06-23 19:53:52.257 10 INFO neutron.plugins.ml2.plugin [None req-311d8ea6-bea4-45d6-8190-b97d9203b246 - - - - - -] Attempt 1 to provision port 8b02b53f-d440-4431-85b6-e00f3157eea1
2026-06-23 19:53:52.309 9 INFO neutron.plugins.ml2.plugin [None req-63070703-d56b-464a-a6ce-206a7a4f8545 - - - - - -] Attempt 1 to provision port 0afd8a47-6233-4cb0-a5c7-890c4e7ca174
2026-06-23 19:53:54.443 9 INFO neutron.plugins.ml2.plugin [None req-63070703-d56b-464a-a6ce-206a7a4f8545 - - - - - -] Attempt 1 to provision port 0afd8a47-6233-4cb0-a5c7-890c4e7ca174
2026-06-23 19:53:54.657 9 INFO neutron.plugins.ml2.plugin [None req-63070703-d56b-464a-a6ce-206a7a4f8545 - - - - - -] Attempt 1 to provision port d9af806b-fdf6-4e5c-94bc-c90e3bf76241
2026-06-23 19:53:56.488 10 INFO neutron.plugins.ml2.plugin [None req-63070703-d56b-464a-a6ce-206a7a4f8545 - - - - - -] Attempt 1 to provision port 8b02b53f-d440-4431-85b6-e00f3157eea1
2026-06-23 19:53:56.630 10 INFO neutron.notifiers.nova [-] Nova event matching ['req-bd5db10b-3a61-4094-be69-7667b43fe477'] response: {'server_uuid': '88435c74-f01f-40b7-b1e3-5c982e0d1fcd', 'name': 'network-vif-plugged', 'status': 'completed', 'tag': '8b02b53f-d440-4431-85b6-e00f3157eea1', 'code': 200}
2026-06-23 19:53:57.189 10 INFO neutron.plugins.ml2.plugin [None req-63070703-d56b-464a-a6ce-206a7a4f8545 - - - - - -] Attempt 1 to provision port d9af806b-fdf6-4e5c-94bc-c90e3bf76241
2026-06-23 19:53:58.417 9 INFO neutron.notifiers.nova [-] Nova event matching ['req-135c1f1a-e22d-4e04-b871-30e811366e5c'] response: {'server_uuid': '211395ef-181f-4297-a3d5-5da4a7c059a3', 'name': 'network-vif-unplugged', 'status': 'completed', 'tag': 'b5424a75-dca1-406d-b662-d41380fe6737', 'code': 200}
2026-06-23 19:53:59.460 10 INFO neutron.plugins.ml2.plugin [None req-63070703-d56b-464a-a6ce-206a7a4f8545 - - - - - -] Attempt 1 to provision port b5424a75-dca1-406d-b662-d41380fe6737
2026-06-23 19:53:59.666 10 INFO neutron.notifiers.nova [-] Nova event matching ['req-084d9972-64d7-4d1f-b581-7cb4dca36b26'] response: {'server_uuid': '211395ef-181f-4297-a3d5-5da4a7c059a3', 'name': 'network-vif-plugged', 'status': 'completed', 'tag': 'b5424a75-dca1-406d-b662-d41380fe6737', 'code': 200}
2026-06-23 19:54:00.298 10 INFO neutron.plugins.ml2.plugin [None req-63070703-d56b-464a-a6ce-206a7a4f8545 - - - - - -] Attempt 1 to provision port 8b02b53f-d440-4431-85b6-e00f3157eea1
2026-06-23 19:54:01.105 9 INFO neutron.plugins.ml2.plugin [None req-63070703-d56b-464a-a6ce-206a7a4f8545 - - - - - -] Attempt 1 to provision port 93e48f8b-2d20-4200-bcde-2fd33f5c92f0
2026-06-23 19:54:01.506 9 INFO neutron.plugins.ml2.plugin [None req-63070703-d56b-464a-a6ce-206a7a4f8545 - - - - - -] Attempt 1 to provision port 2787bd43-8c46-4f4c-9e96-3faab9397ae8
2026-06-23 19:54:02.017 9 INFO neutron.plugins.ml2.plugin [None req-63070703-d56b-464a-a6ce-206a7a4f8545 - - - - - -] Attempt 1 to provision port b5424a75-dca1-406d-b662-d41380fe6737
2026-06-23 19:54:02.797 10 INFO neutron.plugins.ml2.plugin [None req-63070703-d56b-464a-a6ce-206a7a4f8545 - - - - - -] Attempt 1 to provision port 93e48f8b-2d20-4200-bcde-2fd33f5c92f0
2026-06-23 19:54:03.107 10 INFO neutron.plugins.ml2.plugin [None req-63070703-d56b-464a-a6ce-206a7a4f8545 - - - - - -] Attempt 1 to provision port 2787bd43-8c46-4f4c-9e96-3faab9397ae8
2026-06-23 19:54:07.304 10 INFO neutron.plugins.ml2.plugin [None req-63070703-d56b-464a-a6ce-206a7a4f8545 - - - - - -] Attempt 1 to provision port ba21c36e-527c-4cb2-b69e-2d9904d0be57
2026-06-23 19:54:08.902 9 INFO neutron.plugins.ml2.plugin [None req-63070703-d56b-464a-a6ce-206a7a4f8545 - - - - - -] Attempt 1 to provision port be27f29c-d5dc-423c-9dd8-55d51f4319ca
2026-06-23 19:54:09.213 9 INFO neutron.plugins.ml2.plugin [None req-4c6a9e37-3937-454a-b4c1-ccdb216b2bd8 - - - - - -] Attempt 1 to provision port be27f29c-d5dc-423c-9dd8-55d51f4319ca
2026-06-23 19:54:09.450 10 INFO neutron.plugins.ml2.plugin [None req-6be8bdaa-ed61-41bf-ab18-9559c037849a - - - - - -] Attempt 1 to provision port ba21c36e-527c-4cb2-b69e-2d9904d0be57
2026-06-23 19:54:09.468 9 INFO neutron.plugins.ml2.plugin [None req-63070703-d56b-464a-a6ce-206a7a4f8545 - - - - - -] Attempt 1 to provision port ba21c36e-527c-4cb2-b69e-2d9904d0be57
2026-06-23 19:54:09.676 9 INFO neutron.plugins.ml2.plugin [None req-db7df7f4-dd34-4d57-b979-2c37f69ba2a2 - - - - - -] Attempt 1 to provision port be27f29c-d5dc-423c-9dd8-55d51f4319ca
2026-06-23 19:54:10.069 10 INFO neutron.plugins.ml2.plugin [None req-5ed22977-751f-48fd-87a9-35a381b35547 - - - - - -] Attempt 1 to provision port ba21c36e-527c-4cb2-b69e-2d9904d0be57
2026-06-23 19:54:10.173 10 INFO neutron.plugins.ml2.plugin [None req-5ed22977-751f-48fd-87a9-35a381b35547 - - - - - -] Attempt 1 to provision port 0741c4a7-ffbc-490c-8dec-8c3097ef79d2
2026-06-23 19:54:10.412 10 INFO neutron.plugins.ml2.plugin [None req-a8a90ff9-8389-4cb1-a29e-aeb80c4b6017 - - - - - -] Attempt 1 to provision port 0741c4a7-ffbc-490c-8dec-8c3097ef79d2
2026-06-23 19:54:10.561 9 INFO neutron.plugins.ml2.plugin [None req-d1c7d417-dcbc-4d11-a1bd-c21f899b011a - - - - - -] Attempt 1 to provision port 907feb97-363c-4061-ae1e-19cab96e213b
2026-06-23 19:54:10.816 10 INFO neutron.plugins.ml2.plugin [None req-63070703-d56b-464a-a6ce-206a7a4f8545 - - - - - -] Attempt 1 to provision port be27f29c-d5dc-423c-9dd8-55d51f4319ca
2026-06-23 19:54:11.114 9 INFO neutron.plugins.ml2.plugin [None req-b5d71857-8483-4639-9191-7b9a67fd7fef - - - - - -] Attempt 1 to provision port 907feb97-363c-4061-ae1e-19cab96e213b
2026-06-23 19:54:19.012 10 INFO neutron.plugins.ml2.plugin [None req-63070703-d56b-464a-a6ce-206a7a4f8545 - - - - - -] Attempt 1 to provision port 56e784ef-8ae6-46c1-9528-1f3416372b57
2026-06-23 19:54:19.822 10 INFO neutron.plugins.ml2.plugin [None req-4666e867-96b8-424e-b3a9-7458f64a3087 - - - - - -] Attempt 1 to provision port 56e784ef-8ae6-46c1-9528-1f3416372b57
2026-06-23 19:54:20.229 9 INFO neutron.plugins.ml2.plugin [None req-c6e253c8-9a90-433b-94aa-8cc338e3a85d - - - - - -] Attempt 1 to provision port 56e784ef-8ae6-46c1-9528-1f3416372b57
2026-06-23 19:54:20.494 9 INFO neutron.plugins.ml2.plugin [None req-c6e253c8-9a90-433b-94aa-8cc338e3a85d - - - - - -] Attempt 1 to provision port 8410c328-4648-4a09-84fb-fafd4eac6480
2026-06-23 19:54:20.652 10 INFO neutron.plugins.ml2.plugin [None req-32c1d7d0-4ada-424d-8f34-4b3749be7c79 - - - - - -] Attempt 1 to provision port 8410c328-4648-4a09-84fb-fafd4eac6480
2026-06-23 19:54:20.972 9 INFO neutron.plugins.ml2.plugin [None req-63070703-d56b-464a-a6ce-206a7a4f8545 - - - - - -] Attempt 1 to provision port 56e784ef-8ae6-46c1-9528-1f3416372b57
2026-06-23 19:54:21.033 10 INFO neutron.plugins.ml2.plugin [None req-2e614e39-34e3-4e5e-bf3d-acd917aebe20 - - - - - -] Attempt 1 to provision port 8410c328-4648-4a09-84fb-fafd4eac6480 /var/lib/openstack/lib/python3.10/site-packages/oslo_db/sqlalchemy/enginefacade.py:676: SAWarning: DELETE statement on table 'portsecuritybindings' expected to delete 1 row(s); 0 were matched. Please set confirm_deleted_rows=False within the mapper configuration to prevent this warning. self.session.flush() /var/lib/openstack/lib/python3.10/site-packages/oslo_db/sqlalchemy/enginefacade.py:676: SAWarning: DELETE statement on table 'ml2_port_bindings' expected to delete 1 row(s); 0 were matched. Please set confirm_deleted_rows=False within the mapper configuration to prevent this warning. self.session.flush() /var/lib/openstack/lib/python3.10/site-packages/oslo_db/sqlalchemy/enginefacade.py:676: SAWarning: DELETE statement on table 'ml2_port_binding_levels' expected to delete 1 row(s); 0 were matched. Please set confirm_deleted_rows=False within the mapper configuration to prevent this warning. self.session.flush() /var/lib/openstack/lib/python3.10/site-packages/oslo_db/sqlalchemy/enginefacade.py:676: SAWarning: DELETE statement on table 'ports' expected to delete 1 row(s); 0 were matched. Please set confirm_deleted_rows=False within the mapper configuration to prevent this warning. self.session.flush()
2026-06-23 19:54:26.838 9 INFO neutron.plugins.ml2.plugin [None req-63070703-d56b-464a-a6ce-206a7a4f8545 - - - - - -] Attempt 1 to provision port ba227acc-5cb5-4dc2-b38c-e801cf6b2c3b
2026-06-23 19:54:28.443 10 INFO neutron.plugins.ml2.plugin [None req-fc487ff7-7115-4673-9254-c76bc111faae - - - - - -] Attempt 1 to provision port ba227acc-5cb5-4dc2-b38c-e801cf6b2c3b
2026-06-23 19:54:28.731 9 INFO neutron.plugins.ml2.plugin [None req-57a3b1d8-b52a-4e5c-a329-8532eeb4883f - - - - - -] Attempt 1 to provision port 66f19c29-7e72-416a-a41e-a77d38f828ed
2026-06-23 19:54:28.792 9 INFO neutron.plugins.ml2.plugin [None req-57a3b1d8-b52a-4e5c-a329-8532eeb4883f - - - - - -] Attempt 1 to provision port ba227acc-5cb5-4dc2-b38c-e801cf6b2c3b
2026-06-23 19:54:28.848 9 INFO neutron.plugins.ml2.plugin [None req-63070703-d56b-464a-a6ce-206a7a4f8545 - - - - - -] Attempt 1 to provision port ba227acc-5cb5-4dc2-b38c-e801cf6b2c3b
2026-06-23 19:54:28.996 10 INFO neutron.plugins.ml2.plugin [None req-aab8a71f-3e41-4703-b4f2-95bac03b6e11 - - - - - -] Attempt 1 to provision port 66f19c29-7e72-416a-a41e-a77d38f828ed
2026-06-23 19:54:29.243 9 INFO neutron.plugins.ml2.plugin [None req-b126c2db-d4be-4b36-b2b7-c36049fb6df8 - - - - - -] Attempt 1 to provision port 66f19c29-7e72-416a-a41e-a77d38f828ed
2026-06-23 19:54:32.817 10 INFO neutron.plugins.ml2.plugin [None req-3b48d05a-1380-41ed-975f-b6abfd7d5df5 - - - - - -] Attempt 1 to provision port 0d7affdb-b018-4089-8f2e-74a2d83c6974
2026-06-23 19:54:38.853 10 INFO neutron.plugins.ml2.plugin [None req-63070703-d56b-464a-a6ce-206a7a4f8545 - - - - - -] Attempt 1 to provision port df2c1700-7ec3-4086-abff-7661a0a0d4a5
2026-06-23 19:54:41.143 9 INFO neutron.plugins.ml2.plugin [None req-3e659f43-7116-44b7-b37c-53fa2fc2a570 - - - - - -] Attempt 1 to provision port 6cd52ddc-44eb-4c7e-a1f8-1385c8bb3027
2026-06-23 19:54:46.866 9 INFO neutron.plugins.ml2.plugin [None req-63070703-d56b-464a-a6ce-206a7a4f8545 - - - - - -] Attempt 1 to provision port f360067b-695c-48bf-a016-d9111d23ba3e
2026-06-23 19:54:47.381 9 INFO neutron.plugins.ml2.plugin [None req-63070703-d56b-464a-a6ce-206a7a4f8545 - - - - - -] Attempt 1 to provision port 6aa7b3e6-48ea-414f-819e-5e47b241f2bc
2026-06-23 19:54:48.174 10 INFO neutron.plugins.ml2.plugin [None req-f07a0c49-5730-43e0-b03a-d6139c7e4065 - - - - - -] Attempt 1 to provision port f360067b-695c-48bf-a016-d9111d23ba3e
2026-06-23 19:54:48.257 10 INFO neutron.plugins.ml2.plugin [None req-f07a0c49-5730-43e0-b03a-d6139c7e4065 - - - - - -] Attempt 1 to provision port 6aa7b3e6-48ea-414f-819e-5e47b241f2bc
2026-06-23 19:54:48.551 9 INFO neutron.plugins.ml2.plugin [None req-1c2beb07-bfd5-49f3-b7c3-e45ddff6f6d5 - - - - - -] Attempt 1 to provision port f360067b-695c-48bf-a016-d9111d23ba3e
2026-06-23 19:54:48.618 9 INFO neutron.plugins.ml2.plugin [None req-1c2beb07-bfd5-49f3-b7c3-e45ddff6f6d5 - - - - - -] Attempt 1 to provision port 6aa7b3e6-48ea-414f-819e-5e47b241f2bc
2026-06-23 19:54:48.804 10 INFO neutron.plugins.ml2.plugin [None req-2d73230d-73f8-4f96-a5ba-a46725126a14 - - - - - -] Attempt 1 to provision port 158ebe4e-4c15-4f7d-b7fb-71aef20f79fc
2026-06-23 19:54:48.850 9 INFO neutron.plugins.ml2.plugin [None req-63070703-d56b-464a-a6ce-206a7a4f8545 - - - - - -] Attempt 1 to provision port 6aa7b3e6-48ea-414f-819e-5e47b241f2bc
2026-06-23 19:54:49.153 9 INFO neutron.plugins.ml2.plugin [None req-63070703-d56b-464a-a6ce-206a7a4f8545 - - - - - -] Attempt 1 to provision port f360067b-695c-48bf-a016-d9111d23ba3e
2026-06-23 19:54:49.158 10 INFO neutron.plugins.ml2.plugin [None req-1710f717-7a5a-4157-9020-008c26a48e1c - - - - - -] Attempt 1 to provision port 158ebe4e-4c15-4f7d-b7fb-71aef20f79fc
2026-06-23 19:54:50.240 10 INFO neutron.plugins.ml2.plugin [None req-8c6084a1-28b3-43d9-a063-0d43f9cf389a - - - - - -] Attempt 1 to provision port 754fb93b-8a27-42d7-ad62-4d5f2a214e33
2026-06-23 19:54:51.084 9 INFO neutron.plugins.ml2.plugin [None req-e0e81374-b423-4f17-928a-816b1e45af32 - - - - - -] Attempt 1 to provision port 754fb93b-8a27-42d7-ad62-4d5f2a214e33
2026-06-23 19:54:55.051 9 INFO neutron.plugins.ml2.plugin [None req-f78d14b2-5eec-4826-b855-f34133c0ac88 - - - - - -] Attempt 1 to provision port 13f81c0d-0a8d-489b-94f1-7d70cc269695
2026-06-23 19:54:58.975 10 INFO neutron.plugins.ml2.plugin [None req-63070703-d56b-464a-a6ce-206a7a4f8545 - - - - - -] Attempt 1 to provision port 5f618e59-519f-4126-ba90-eeb22c670ce2
2026-06-23 19:55:00.982 10 INFO neutron.plugins.ml2.plugin [None req-63070703-d56b-464a-a6ce-206a7a4f8545 - - - - - -] Attempt 1 to provision port a1d73d5d-88d0-4e67-ab7a-dde4e29e9983
2026-06-23 19:55:01.618 10 INFO neutron.plugins.ml2.plugin [None req-63070703-d56b-464a-a6ce-206a7a4f8545 - - - - - -] Attempt 1 to provision port 9f5fb5d3-e995-43ac-8b44-2906e5c9eeea
2026-06-23 19:55:01.879 10 INFO neutron.plugins.ml2.plugin [None req-d06d18d7-f4ce-40b3-a7d5-702c1f1aea06 - - - - - -] Attempt 1 to provision port a1d73d5d-88d0-4e67-ab7a-dde4e29e9983
2026-06-23 19:55:02.275 10 INFO neutron.plugins.ml2.plugin [None req-18c02fe0-86d0-4514-aa49-ecb16a54f83a - - - - - -] Attempt 1 to provision port a1d73d5d-88d0-4e67-ab7a-dde4e29e9983
2026-06-23 19:55:02.302 10 INFO neutron.plugins.ml2.plugin [None req-63070703-d56b-464a-a6ce-206a7a4f8545 - - - - - -] Attempt 1 to provision port 5f618e59-519f-4126-ba90-eeb22c670ce2
2026-06-23 19:55:02.379 10 INFO neutron.plugins.ml2.plugin [None req-18c02fe0-86d0-4514-aa49-ecb16a54f83a - - - - - -] Attempt 1 to provision port 9a4d6e8e-c82c-411c-be72-9c6326713ec9
2026-06-23 19:55:02.573 9 INFO neutron.plugins.ml2.plugin [None req-001b2cb3-3868-4b2a-b4d3-ccd78d390b2f - - - - - -] Attempt 1 to provision port 9a4d6e8e-c82c-411c-be72-9c6326713ec9
2026-06-23 19:55:02.854 10 INFO neutron.plugins.ml2.plugin [None req-29839765-da53-4921-914e-03a0337c9367 - - - - - -] Attempt 1 to provision port 9a4d6e8e-c82c-411c-be72-9c6326713ec9
2026-06-23 19:55:02.950 9 INFO neutron.plugins.ml2.plugin [None req-63070703-d56b-464a-a6ce-206a7a4f8545 - - - - - -] Attempt 1 to provision port 9f5fb5d3-e995-43ac-8b44-2906e5c9eeea
2026-06-23 19:55:03.020 9 INFO neutron.plugins.ml2.plugin [None req-152a2ddd-621d-4f8e-b792-7a0da9a91433 - - - - - -] Attempt 1 to provision port 9f5fb5d3-e995-43ac-8b44-2906e5c9eeea
2026-06-23 19:55:03.261 9 INFO neutron.plugins.ml2.plugin [None req-63070703-d56b-464a-a6ce-206a7a4f8545 - - - - - -] Attempt 1 to provision port a1d73d5d-88d0-4e67-ab7a-dde4e29e9983
2026-06-23 19:55:03.412 9 INFO neutron.plugins.ml2.plugin [None req-db9784a2-40f6-46c6-a5a7-b4fe8ce2ad95 - - - - - -] Attempt 1 to provision port cc406e11-72ff-4332-91b8-4ab1b468cd86
2026-06-23 19:55:03.472 9 INFO neutron.plugins.ml2.plugin [None req-db9784a2-40f6-46c6-a5a7-b4fe8ce2ad95 - - - - - -] Attempt 1 to provision port 9f5fb5d3-e995-43ac-8b44-2906e5c9eeea
2026-06-23 19:55:03.829 10 INFO neutron.plugins.ml2.plugin [None req-b9ccb2a0-4afb-42c7-8ea1-e590add5d2ce - - - - - -] Attempt 1 to provision port cc406e11-72ff-4332-91b8-4ab1b468cd86
2026-06-23 19:55:04.016 9 INFO neutron.plugins.ml2.plugin [None req-1baf12c8-a1f3-451a-9eea-e9c117890f4d - - - - - -] Attempt 1 to provision port cc406e11-72ff-4332-91b8-4ab1b468cd86
2026-06-23 19:55:07.086 10 INFO neutron.plugins.ml2.plugin [None req-63070703-d56b-464a-a6ce-206a7a4f8545 - - - - - -] Attempt 1 to provision port 6a83893a-2e25-48f9-8459-ce082992d1ee
2026-06-23 19:55:07.196 10 INFO neutron.plugins.ml2.plugin [None req-b943eeb5-cf5c-4ade-8a1a-03367e9c4161 - - - - - -] Attempt 1 to provision port 6a83893a-2e25-48f9-8459-ce082992d1ee
2026-06-23 19:55:07.603 10 INFO neutron.plugins.ml2.plugin [None req-d5bb371b-de2b-420d-be6d-acd3370ed236 - - - - - -] Attempt 1 to provision port 6a83893a-2e25-48f9-8459-ce082992d1ee
2026-06-23 19:55:08.491 9 INFO neutron.plugins.ml2.plugin [None req-dee865d3-49c6-4263-ad6b-9499a7868aed - - - - - -] Attempt 1 to provision port 643cf482-8c26-4c90-9931-c832244ea5da
2026-06-23 19:55:08.997 10 INFO neutron.plugins.ml2.plugin [None req-63070703-d56b-464a-a6ce-206a7a4f8545 - - - - - -] Attempt 1 to provision port 6a83893a-2e25-48f9-8459-ce082992d1ee
2026-06-23 19:55:10.997 10 INFO neutron.plugins.ml2.plugin [None req-63070703-d56b-464a-a6ce-206a7a4f8545 - - - - - -] Attempt 1 to provision port 643cf482-8c26-4c90-9931-c832244ea5da
2026-06-23 19:55:11.191 10 INFO neutron.notifiers.nova [-] Nova event matching ['req-77b9a5be-df41-40f2-86f2-d29866f072ad'] response: {'server_uuid': '97b0c0f3-53f4-47b2-9608-b7a4fedd6103', 'name': 'network-vif-plugged', 'status': 'completed', 'tag': '643cf482-8c26-4c90-9931-c832244ea5da', 'code': 200}
2026-06-23 19:55:11.573 10 INFO neutron.plugins.ml2.plugin [None req-63070703-d56b-464a-a6ce-206a7a4f8545 - - - - - -] Attempt 1 to provision port 1fda3b65-9415-4a8a-91f8-e0d6f5280da2
2026-06-23 19:55:11.966 10 INFO neutron.plugins.ml2.plugin [None req-177db890-56d5-4635-be49-1e992a5f44b0 - - - - - -] Attempt 1 to provision port 1fda3b65-9415-4a8a-91f8-e0d6f5280da2
2026-06-23 19:55:12.374 10 INFO neutron.plugins.ml2.plugin [None req-6b4fc285-ccc3-4478-a2f3-8cf7fa1ae789 - - - - - -] Attempt 1 to provision port 1fda3b65-9415-4a8a-91f8-e0d6f5280da2
2026-06-23 19:55:12.449 10 INFO neutron.plugins.ml2.plugin [None req-6b4fc285-ccc3-4478-a2f3-8cf7fa1ae789 - - - - - -] Attempt 1 to provision port 15499c9b-cc98-4383-93c4-8e9b2ebb1a39
2026-06-23 19:55:12.593 10 INFO neutron.plugins.ml2.plugin [None req-fd527efa-eb8f-4ddd-8970-83ee7f681dbe - - - - - -] Attempt 1 to provision port 15499c9b-cc98-4383-93c4-8e9b2ebb1a39
2026-06-23 19:55:12.938 9 INFO neutron.plugins.ml2.plugin [None req-63070703-d56b-464a-a6ce-206a7a4f8545 - - - - - -] Attempt 1 to provision port 643cf482-8c26-4c90-9931-c832244ea5da
2026-06-23 19:55:12.940 10 INFO neutron.plugins.ml2.plugin [None req-ca6fa0ac-8694-4a1c-a5df-773d8a24c1f3 - - - - - -] Attempt 1 to provision port 15499c9b-cc98-4383-93c4-8e9b2ebb1a39
2026-06-23 19:55:13.343 9 INFO neutron.plugins.ml2.plugin [None req-63070703-d56b-464a-a6ce-206a7a4f8545 - - - - - -] Attempt 1 to provision port 1fda3b65-9415-4a8a-91f8-e0d6f5280da2
2026-06-23 19:55:13.920 9 INFO neutron.plugins.ml2.plugin [None req-2ad22e38-9cae-4c2c-8248-b92c996d18a1 - - - - - -] Attempt 1 to provision port cf16711e-4f13-4d05-8014-a29041ee7aef
2026-06-23 19:55:15.068 9 INFO neutron.plugins.ml2.plugin [None req-63070703-d56b-464a-a6ce-206a7a4f8545 - - - - - -] Attempt 1 to provision port 13f81c0d-0a8d-489b-94f1-7d70cc269695
2026-06-23 19:55:15.642 9 INFO neutron.plugins.ml2.plugin [None req-63070703-d56b-464a-a6ce-206a7a4f8545 - - - - - -] Attempt 1 to provision port 9a4d6e8e-c82c-411c-be72-9c6326713ec9
2026-06-23 19:55:16.006 9 INFO neutron.plugins.ml2.plugin [None req-162bc407-bcca-4022-83ba-8ccc72793f8a - - - - - -] Attempt 1 to provision port 73746e50-0b8e-4cce-8723-9aedfcc9045a
2026-06-23 19:55:16.404 9 INFO neutron.plugins.ml2.plugin [None req-63070703-d56b-464a-a6ce-206a7a4f8545 - - - - - -] Attempt 1 to provision port 73746e50-0b8e-4cce-8723-9aedfcc9045a
2026-06-23 19:55:16.599 10 INFO neutron.plugins.ml2.plugin [None req-91dfa69a-ef18-486c-a79a-58dfc0a39f75 - - - - - -] Attempt 1 to provision port 73746e50-0b8e-4cce-8723-9aedfcc9045a
2026-06-23 19:55:17.192 9 INFO neutron.plugins.ml2.plugin [None req-63070703-d56b-464a-a6ce-206a7a4f8545 - - - - - -] Attempt 1 to provision port 13f81c0d-0a8d-489b-94f1-7d70cc269695
2026-06-23 19:55:17.388 10 INFO neutron.plugins.ml2.plugin [None req-d9ca3678-19cc-49b7-9325-0ba43ea45ec5 - - - - - -] Attempt 1 to provision port 2905859d-89fd-420e-994e-1e3858ced0a2
2026-06-23 19:55:17.572 9 INFO neutron.plugins.ml2.plugin [None req-63070703-d56b-464a-a6ce-206a7a4f8545 - - - - - -] Attempt 1 to provision port 9a4d6e8e-c82c-411c-be72-9c6326713ec9
2026-06-23 19:55:17.930 9 INFO neutron.plugins.ml2.plugin [None req-63070703-d56b-464a-a6ce-206a7a4f8545 - - - - - -] Attempt 1 to provision port 73746e50-0b8e-4cce-8723-9aedfcc9045a
2026-06-23 19:55:18.036 9 INFO neutron.plugins.ml2.plugin [None req-6df0dc18-eafc-4a10-918b-710abdd9e195 - - - - - -] Attempt 1 to provision port 2905859d-89fd-420e-994e-1e3858ced0a2 /var/lib/openstack/lib/python3.10/site-packages/oslo_db/sqlalchemy/enginefacade.py:676: SAWarning: DELETE statement on table 'portsecuritybindings' expected to delete 1 row(s); 0 were matched. Please set confirm_deleted_rows=False within the mapper configuration to prevent this warning. self.session.flush() /var/lib/openstack/lib/python3.10/site-packages/oslo_db/sqlalchemy/enginefacade.py:676: SAWarning: DELETE statement on table 'ml2_port_bindings' expected to delete 1 row(s); 0 were matched. Please set confirm_deleted_rows=False within the mapper configuration to prevent this warning. self.session.flush() /var/lib/openstack/lib/python3.10/site-packages/oslo_db/sqlalchemy/enginefacade.py:676: SAWarning: DELETE statement on table 'ml2_port_binding_levels' expected to delete 1 row(s); 0 were matched. Please set confirm_deleted_rows=False within the mapper configuration to prevent this warning. self.session.flush() /var/lib/openstack/lib/python3.10/site-packages/oslo_db/sqlalchemy/enginefacade.py:676: SAWarning: DELETE statement on table 'ports' expected to delete 1 row(s); 0 were matched. Please set confirm_deleted_rows=False within the mapper configuration to prevent this warning. self.session.flush()
2026-06-23 19:55:19.195 10 INFO neutron.plugins.ml2.plugin [None req-63070703-d56b-464a-a6ce-206a7a4f8545 - - - - - -] Attempt 1 to provision port c1b328ee-b4b1-40e4-b444-dc54e09675ba
2026-06-23 19:55:19.863 10 INFO neutron.plugins.ml2.plugin [None req-63070703-d56b-464a-a6ce-206a7a4f8545 - - - - - -] Attempt 1 to provision port ba9636e7-d481-4529-9a27-70f3f9f73f1c
2026-06-23 19:55:19.896 9 INFO neutron.plugins.ml2.plugin [None req-cc5bad7e-e5c4-4fd7-ba3c-998758c3f660 - - - - - -] Attempt 1 to provision port c1b328ee-b4b1-40e4-b444-dc54e09675ba
2026-06-23 19:55:20.400 9 INFO neutron.plugins.ml2.plugin [None req-d8e44428-58d8-4c77-aab4-852f241e3178 - - - - - -] Attempt 1 to provision port c1b328ee-b4b1-40e4-b444-dc54e09675ba
2026-06-23 19:55:20.596 10 INFO neutron.plugins.ml2.plugin [None req-6e689665-73be-4ddd-94aa-153aa6bf03ab - - - - - -] Attempt 1 to provision port 6564e7f5-6e6d-41b6-bac7-d357f6a5b88b
2026-06-23 19:55:21.242 10 INFO neutron.plugins.ml2.plugin [None req-63070703-d56b-464a-a6ce-206a7a4f8545 - - - - - -] Attempt 1 to provision port c1b328ee-b4b1-40e4-b444-dc54e09675ba
2026-06-23 19:55:21.535 10 INFO neutron.plugins.ml2.plugin [None req-63070703-d56b-464a-a6ce-206a7a4f8545 - - - - - -] Attempt 1 to provision port ba9636e7-d481-4529-9a27-70f3f9f73f1c
2026-06-23 19:55:22.688 10 INFO neutron.plugins.ml2.plugin [None req-d363767c-d232-4d51-9b81-adf671f16e3a - - - - - -] Attempt 1 to provision port 84c39b19-3d0d-4815-9fe9-38623e7f815a
2026-06-23 19:55:23.134 10 INFO neutron.plugins.ml2.plugin [None req-63070703-d56b-464a-a6ce-206a7a4f8545 - - - - - -] Attempt 1 to provision port 46af1c95-9922-4d98-afdf-e1e8fb38b58f
2026-06-23 19:55:24.750 9 INFO neutron.plugins.ml2.plugin [None req-07b9f643-4e10-48e2-a4e8-5986cfddfab2 - - - - - -] Attempt 1 to provision port 46af1c95-9922-4d98-afdf-e1e8fb38b58f
2026-06-23 19:55:25.088 10 INFO neutron.plugins.ml2.plugin [None req-01570879-64cd-409d-bb2b-5f6fecd29017 - - - - - -] Attempt 1 to provision port 15d7902d-1cf3-4396-9f6a-d471cba84437
2026-06-23 19:55:25.126 10 INFO neutron.plugins.ml2.plugin [None req-01570879-64cd-409d-bb2b-5f6fecd29017 - - - - - -] Attempt 1 to provision port 46af1c95-9922-4d98-afdf-e1e8fb38b58f
2026-06-23 19:55:25.233 9 INFO neutron.plugins.ml2.plugin [None req-63070703-d56b-464a-a6ce-206a7a4f8545 - - - - - -] Attempt 1 to provision port 46af1c95-9922-4d98-afdf-e1e8fb38b58f
2026-06-23 19:55:25.317 10 INFO neutron.plugins.ml2.plugin [None req-b78cb84a-07e1-4f8f-9d5b-35302d998a9f - - - - - -] Attempt 1 to provision port 15d7902d-1cf3-4396-9f6a-d471cba84437
2026-06-23 19:55:25.666 9 INFO neutron.plugins.ml2.plugin [None req-50cacb52-bb0d-4605-9276-770bcc62ae20 - - - - - -] Attempt 1 to provision port 15d7902d-1cf3-4396-9f6a-d471cba84437
2026-06-23 19:55:27.189 10 INFO neutron.plugins.ml2.plugin [None req-63070703-d56b-464a-a6ce-206a7a4f8545 - - - - - -] Attempt 1 to provision port daced485-2204-446e-a841-027ebd13452f
2026-06-23 19:55:29.113 10 INFO neutron.plugins.ml2.plugin [None req-63070703-d56b-464a-a6ce-206a7a4f8545 - - - - - -] Attempt 1 to provision port daced485-2204-446e-a841-027ebd13452f
2026-06-23 19:55:33.280 10 INFO neutron.plugins.ml2.plugin [None req-99efb3fb-1e5b-4506-94b1-aeb7bcc33462 - - - - - -] Attempt 1 to provision port 227e1ac0-cbf7-4300-a09a-bf0e1ad279b8
2026-06-23 19:55:35.360 10 INFO neutron.plugins.ml2.plugin [None req-63070703-d56b-464a-a6ce-206a7a4f8545 - - - - - -] Attempt 1 to provision port 2905859d-89fd-420e-994e-1e3858ced0a2
2026-06-23 19:55:35.754 10 INFO neutron.plugins.ml2.plugin [None req-63070703-d56b-464a-a6ce-206a7a4f8545 - - - - - -] Attempt 1 to provision port 227e1ac0-cbf7-4300-a09a-bf0e1ad279b8
2026-06-23 19:55:35.917 10 INFO neutron.notifiers.nova [-] Nova event matching ['req-474d46cc-55a6-4700-b15d-9fd3b1c34428'] response: {'server_uuid': 'edb33782-bc69-49a7-b087-4b55b89dcb3b', 'name': 'network-vif-plugged', 'status': 'completed', 'tag': '227e1ac0-cbf7-4300-a09a-bf0e1ad279b8', 'code': 200}
2026-06-23 19:55:37.372 9 INFO neutron.plugins.ml2.plugin [None req-63070703-d56b-464a-a6ce-206a7a4f8545 - - - - - -] Attempt 1 to provision port cf16711e-4f13-4d05-8014-a29041ee7aef
2026-06-23 19:55:37.761 9 INFO neutron.plugins.ml2.plugin [None req-63070703-d56b-464a-a6ce-206a7a4f8545 - - - - - -] Attempt 1 to provision port 2905859d-89fd-420e-994e-1e3858ced0a2
2026-06-23 19:55:37.794 10 INFO neutron.plugins.ml2.plugin [None req-279ce768-1d5a-4db5-99fc-5f81eb0dad97 - - - - - -] Attempt 1 to provision port c8d23de4-3553-4259-9ffe-f4c006df8205
2026-06-23 19:55:38.055 9 INFO neutron.plugins.ml2.plugin [None req-63070703-d56b-464a-a6ce-206a7a4f8545 - - - - - -] Attempt 1 to provision port 227e1ac0-cbf7-4300-a09a-bf0e1ad279b8
2026-06-23 19:55:39.246 9 INFO neutron.plugins.ml2.plugin [None req-63070703-d56b-464a-a6ce-206a7a4f8545 - - - - - -] Attempt 1 to provision port cf16711e-4f13-4d05-8014-a29041ee7aef
2026-06-23 19:55:41.231 10 INFO neutron.plugins.ml2.plugin [None req-63070703-d56b-464a-a6ce-206a7a4f8545 - - - - - -] Attempt 1 to provision port c8d23de4-3553-4259-9ffe-f4c006df8205
2026-06-23 19:55:41.347 10 INFO neutron.notifiers.nova [-] Nova event matching ['req-c4a53ec7-2d18-4e06-9fac-6bf28cad72e8'] response: {'server_uuid': 'f23c4598-acff-4787-8a0c-84f5d0ba5f0b', 'name': 'network-vif-plugged', 'status': 'completed', 'tag': 'c8d23de4-3553-4259-9ffe-f4c006df8205', 'code': 200}
2026-06-23 19:55:41.643 10 INFO neutron.plugins.ml2.plugin [None req-63070703-d56b-464a-a6ce-206a7a4f8545 - - - - - -] Attempt 1 to provision port 15d7902d-1cf3-4396-9f6a-d471cba84437
2026-06-23 19:55:43.201 9 INFO neutron.plugins.ml2.plugin [None req-63070703-d56b-464a-a6ce-206a7a4f8545 - - - - - -] Attempt 1 to provision port c8d23de4-3553-4259-9ffe-f4c006df8205
2026-06-23 19:55:43.502 9 INFO neutron.plugins.ml2.plugin [None req-63070703-d56b-464a-a6ce-206a7a4f8545 - - - - - -] Attempt 1 to provision port 15d7902d-1cf3-4396-9f6a-d471cba84437
2026-06-23 19:55:43.740 9 INFO neutron.plugins.ml2.plugin [None req-63070703-d56b-464a-a6ce-206a7a4f8545 - - - - - -] Attempt 1 to provision port 84c39b19-3d0d-4815-9fe9-38623e7f815a
2026-06-23 19:55:45.136 10 INFO neutron.plugins.ml2.plugin [None req-63070703-d56b-464a-a6ce-206a7a4f8545 - - - - - -] Attempt 1 to provision port 84c39b19-3d0d-4815-9fe9-38623e7f815a
2026-06-23 19:55:49.201 9 INFO neutron.plugins.ml2.plugin [None req-63070703-d56b-464a-a6ce-206a7a4f8545 - - - - - -] Attempt 1 to provision port 5207df00-da59-492b-a189-a1fb9c3acf4a
2026-06-23 19:55:51.283 9 INFO neutron.plugins.ml2.plugin [None req-ee09b388-4cd3-4ac2-adae-8eafc2208c4b - - - - - -] Attempt 1 to provision port 5207df00-da59-492b-a189-a1fb9c3acf4a
2026-06-23 19:55:51.435 10 INFO neutron.plugins.ml2.plugin [None req-63070703-d56b-464a-a6ce-206a7a4f8545 - - - - - -] Attempt 1 to provision port 53e4846e-8d1f-45c7-8110-01505ccc14b5
2026-06-23 19:55:51.581 9 INFO neutron.plugins.ml2.plugin [None req-9d24c702-2e08-436a-b79e-0bb740d01ab3 - - - - - -] Attempt 1 to provision port 5207df00-da59-492b-a189-a1fb9c3acf4a
2026-06-23 19:55:51.902 9 INFO neutron.plugins.ml2.plugin [None req-7075f14d-8abe-403f-b639-319895d4b7f1 - - - - - -] Attempt 1 to provision port 91ce43cc-a027-4ca1-872f-2f20adfa7de1
2026-06-23 19:55:51.939 10 INFO neutron.plugins.ml2.plugin [None req-63070703-d56b-464a-a6ce-206a7a4f8545 - - - - - -] Attempt 1 to provision port 5207df00-da59-492b-a189-a1fb9c3acf4a
2026-06-23 19:55:52.344 9 INFO neutron.plugins.ml2.plugin [None req-f5d72c38-ee90-47e4-87d1-6b7e50f52d88 - - - - - -] Attempt 1 to provision port 91ce43cc-a027-4ca1-872f-2f20adfa7de1
2026-06-23 19:55:52.532 10 INFO neutron.plugins.ml2.plugin [None req-63070703-d56b-464a-a6ce-206a7a4f8545 - - - - - -] Attempt 1 to provision port 91ce43cc-a027-4ca1-872f-2f20adfa7de1
2026-06-23 19:55:53.278 10 INFO neutron.plugins.ml2.plugin [None req-93e4e9b1-9621-4a6b-8781-06362c92e8ef - - - - - -] Attempt 1 to provision port 53e4846e-8d1f-45c7-8110-01505ccc14b5
2026-06-23 19:55:53.323 9 INFO neutron.plugins.ml2.plugin [None req-63070703-d56b-464a-a6ce-206a7a4f8545 - - - - - -] Attempt 1 to provision port 7f5566eb-1c39-4201-a405-dc142a2f6ffd
2026-06-23 19:55:53.603 10 INFO neutron.plugins.ml2.plugin [None req-1189688c-71f2-4a38-af1d-1797c25928c7 - - - - - -] Attempt 1 to provision port a093d8a2-0660-4b78-a5c4-f1f3844ca3c2
2026-06-23 19:55:53.803 9 INFO neutron.plugins.ml2.plugin [None req-63070703-d56b-464a-a6ce-206a7a4f8545 - - - - - -] Attempt 1 to provision port a093d8a2-0660-4b78-a5c4-f1f3844ca3c2
2026-06-23 19:55:54.109 9 INFO neutron.plugins.ml2.plugin [None req-8ce49af5-0289-4425-8eea-b2a54f68fae9 - - - - - -] Attempt 1 to provision port 7f5566eb-1c39-4201-a405-dc142a2f6ffd
2026-06-23 19:55:54.902 9 INFO neutron.plugins.ml2.plugin [None req-ccb3e992-f749-468f-ad1d-2b7acb30613c - - - - - -] Attempt 1 to provision port 6904b9cd-9cdd-4c58-a0c3-5565d1a62fd6
2026-06-23 19:55:55.327 9 INFO neutron.plugins.ml2.plugin [None req-63070703-d56b-464a-a6ce-206a7a4f8545 - - - - - -] Attempt 1 to provision port 360fedb2-23db-4efd-881d-10a5789187fd
2026-06-23 19:55:56.889 10 INFO neutron.plugins.ml2.plugin [None req-27dac57f-73f5-4211-b284-9d485a3d17d7 - - - - - -] Attempt 1 to provision port 360fedb2-23db-4efd-881d-10a5789187fd
2026-06-23 19:55:57.313 9 INFO neutron.plugins.ml2.plugin [None req-72810f7e-0abe-48e1-8e9a-25860112e1bf - - - - - -] Attempt 1 to provision port 360fedb2-23db-4efd-881d-10a5789187fd
2026-06-23 19:55:57.552 10 INFO neutron.plugins.ml2.plugin [None req-63070703-d56b-464a-a6ce-206a7a4f8545 - - - - - -] Attempt 1 to provision port 360fedb2-23db-4efd-881d-10a5789187fd
2026-06-23 19:55:58.360 9 INFO neutron.plugins.ml2.plugin [None req-52b06125-9f48-433e-9df8-cae92d4767d5 - - - - - -] Attempt 1 to provision port 4b1469e4-99cb-4c3f-a8d2-7316383245c9
2026-06-23 19:55:58.701 10 INFO neutron.plugins.ml2.plugin [None req-802df951-29d1-4cbf-90cc-9b74807a74bf - - - - - -] Attempt 1 to provision port 4b1469e4-99cb-4c3f-a8d2-7316383245c9
2026-06-23 19:55:59.299 10 INFO neutron.plugins.ml2.plugin [None req-63070703-d56b-464a-a6ce-206a7a4f8545 - - - - - -] Attempt 1 to provision port 5f65050c-7ab4-4267-bf29-34a151e08756
2026-06-23 19:56:01.347 10 INFO neutron.plugins.ml2.plugin [None req-63070703-d56b-464a-a6ce-206a7a4f8545 - - - - - -] Attempt 1 to provision port 5f65050c-7ab4-4267-bf29-34a151e08756
2026-06-23 19:56:04.311 10 INFO neutron.plugins.ml2.plugin [None req-56b66d03-bfce-41e4-bcdd-968013028045 - - - - - -] Attempt 1 to provision port f853f82d-acdf-4c7e-8540-f59d48eacfe9
2026-06-23 19:56:07.546 10 INFO neutron.plugins.ml2.plugin [None req-63070703-d56b-464a-a6ce-206a7a4f8545 - - - - - -] Attempt 1 to provision port f853f82d-acdf-4c7e-8540-f59d48eacfe9
2026-06-23 19:56:07.677 10 INFO neutron.notifiers.nova [-] Nova event matching ['req-de224906-5acc-4db0-baa9-195de17db9c5'] response: {'server_uuid': '50dfd075-978d-4f4a-9515-85af65145217', 'name': 'network-vif-plugged', 'status': 'completed', 'tag': 'f853f82d-acdf-4c7e-8540-f59d48eacfe9', 'code': 200}
2026-06-23 19:56:09.189 9 INFO neutron.plugins.ml2.plugin [None req-63070703-d56b-464a-a6ce-206a7a4f8545 - - - - - -] Attempt 1 to provision port f853f82d-acdf-4c7e-8540-f59d48eacfe9
2026-06-23 19:56:21.911 9 ERROR oslo_messaging.rpc.server [None req-981bfe7d-d52d-40df-a430-ce9162fdb5dd - - - - - -] Exception during message handling: neutron_lib.exceptions.SubnetInUse: Unable to complete operation on subnet 478b43a2-4032-49e2-aba2-a43ba1f6a5ce: This subnet is being modified by another concurrent operation.
2026-06-23 19:56:21.911 9 ERROR oslo_messaging.rpc.server
Traceback (most recent call last):
2026-06-23 19:56:21.911 9 ERROR oslo_messaging.rpc.server
File "/var/lib/openstack/lib/python3.10/site-packages/oslo_messaging/rpc/server.py", line 165, in _process_incoming
2026-06-23 19:56:21.911 9 ERROR oslo_messaging.rpc.server res = self.dispatcher.dispatch(message)
2026-06-23 19:56:21.911 9 ERROR oslo_messaging.rpc.server
File "/var/lib/openstack/lib/python3.10/site-packages/oslo_messaging/rpc/dispatcher.py", line 309, in dispatch
2026-06-23 19:56:21.911 9 ERROR oslo_messaging.rpc.server return self._do_dispatch(endpoint, method, ctxt, args)
2026-06-23 19:56:21.911 9 ERROR oslo_messaging.rpc.server
File "/var/lib/openstack/lib/python3.10/site-packages/oslo_messaging/rpc/dispatcher.py", line 229, in _do_dispatch
2026-06-23 19:56:21.911 9 ERROR oslo_messaging.rpc.server result = func(ctxt, **new_args)
2026-06-23 19:56:21.911 9 ERROR oslo_messaging.rpc.server
File "/var/lib/openstack/lib/python3.10/site-packages/oslo_messaging/rpc/server.py", line 241, in inner
2026-06-23 19:56:21.911 9 ERROR oslo_messaging.rpc.server return func(*args, **kwargs)
2026-06-23 19:56:21.911 9 ERROR oslo_messaging.rpc.server
File "/var/lib/openstack/lib/python3.10/site-packages/neutron_lib/db/api.py", line 140, in wrapped
2026-06-23 19:56:21.911 9 ERROR oslo_messaging.rpc.server with excutils.save_and_reraise_exception():
2026-06-23 19:56:21.911 9 ERROR oslo_messaging.rpc.server
File "/var/lib/openstack/lib/python3.10/site-packages/oslo_utils/excutils.py", line 227, in __exit__
2026-06-23 19:56:21.911 9 ERROR oslo_messaging.rpc.server self.force_reraise()
2026-06-23 19:56:21.911 9 ERROR oslo_messaging.rpc.server
File "/var/lib/openstack/lib/python3.10/site-packages/oslo_utils/excutils.py", line 200, in force_reraise
2026-06-23 19:56:21.911 9 ERROR oslo_messaging.rpc.server raise self.value
2026-06-23 19:56:21.911 9 ERROR oslo_messaging.rpc.server
File "/var/lib/openstack/lib/python3.10/site-packages/neutron_lib/db/api.py", line 138, in wrapped
2026-06-23 19:56:21.911 9 ERROR oslo_messaging.rpc.server return f(*args, **kwargs)
2026-06-23 19:56:21.911 9 ERROR oslo_messaging.rpc.server
File "/var/lib/openstack/lib/python3.10/site-packages/oslo_db/api.py", line 144, in wrapper
2026-06-23 19:56:21.911 9 ERROR oslo_messaging.rpc.server with excutils.save_and_reraise_exception() as ectxt:
2026-06-23 19:56:21.911 9 ERROR oslo_messaging.rpc.server
File "/var/lib/openstack/lib/python3.10/site-packages/oslo_utils/excutils.py", line 227, in __exit__
2026-06-23 19:56:21.911 9 ERROR oslo_messaging.rpc.server self.force_reraise()
2026-06-23 19:56:21.911 9 ERROR oslo_messaging.rpc.server
File "/var/lib/openstack/lib/python3.10/site-packages/oslo_utils/excutils.py", line 200, in force_reraise
2026-06-23 19:56:21.911 9 ERROR oslo_messaging.rpc.server raise self.value
2026-06-23 19:56:21.911 9 ERROR oslo_messaging.rpc.server
File "/var/lib/openstack/lib/python3.10/site-packages/oslo_db/api.py", line 142, in wrapper
2026-06-23 19:56:21.911 9 ERROR oslo_messaging.rpc.server return f(*args, **kwargs)
2026-06-23 19:56:21.911 9 ERROR oslo_messaging.rpc.server
File "/var/lib/openstack/lib/python3.10/site-packages/neutron_lib/db/api.py", line 186, in wrapped
2026-06-23 19:56:21.911 9 ERROR oslo_messaging.rpc.server with excutils.save_and_reraise_exception():
2026-06-23 19:56:21.911 9 ERROR oslo_messaging.rpc.server
File "/var/lib/openstack/lib/python3.10/site-packages/oslo_utils/excutils.py", line 227, in __exit__
2026-06-23 19:56:21.911 9 ERROR oslo_messaging.rpc.server self.force_reraise()
2026-06-23 19:56:21.911 9 ERROR oslo_messaging.rpc.server
File "/var/lib/openstack/lib/python3.10/site-packages/oslo_utils/excutils.py", line 200, in force_reraise
2026-06-23 19:56:21.911 9 ERROR oslo_messaging.rpc.server raise self.value
2026-06-23 19:56:21.911 9 ERROR oslo_messaging.rpc.server
File "/var/lib/openstack/lib/python3.10/site-packages/neutron_lib/db/api.py", line 184, in wrapped
2026-06-23 19:56:21.911 9 ERROR oslo_messaging.rpc.server return f(*dup_args, **dup_kwargs)
2026-06-23 19:56:21.911 9 ERROR oslo_messaging.rpc.server
File "/var/lib/openstack/lib/python3.10/site-packages/neutron/quota/resource_registry.py", line 95, in wrapper
2026-06-23 19:56:21.911 9 ERROR oslo_messaging.rpc.server ret_val = f(_self, context, *args, **kwargs)
2026-06-23 19:56:21.911 9 ERROR oslo_messaging.rpc.server
File "/var/lib/openstack/lib/python3.10/site-packages/neutron/api/rpc/handlers/dhcp_rpc.py", line 292, in create_dhcp_port
2026-06-23 19:56:21.911 9 ERROR oslo_messaging.rpc.server return self._port_action(plugin, context, port, 'create_port')
2026-06-23 19:56:21.911 9 ERROR oslo_messaging.rpc.server
File "/var/lib/openstack/lib/python3.10/site-packages/neutron/api/rpc/handlers/dhcp_rpc.py", line 118, in _port_action
2026-06-23 19:56:21.911 9 ERROR oslo_messaging.rpc.server return p_utils.create_port(plugin, context, port)
2026-06-23 19:56:21.911 9 ERROR oslo_messaging.rpc.server
File "/var/lib/openstack/lib/python3.10/site-packages/neutron_lib/plugins/utils.py", line 337, in create_port
2026-06-23 19:56:21.911 9 ERROR oslo_messaging.rpc.server return core_plugin.create_port(
2026-06-23 19:56:21.911 9 ERROR oslo_messaging.rpc.server
File "/var/lib/openstack/lib/python3.10/site-packages/neutron/common/utils.py", line 707, in inner
2026-06-23 19:56:21.911 9 ERROR oslo_messaging.rpc.server return f(*args, **kwargs)
2026-06-23 19:56:21.911 9 ERROR oslo_messaging.rpc.server
File "/var/lib/openstack/lib/python3.10/site-packages/neutron_lib/db/api.py", line 226, in wrapped
2026-06-23 19:56:21.911 9 ERROR oslo_messaging.rpc.server return f_with_retry(*args, **kwargs,
2026-06-23 19:56:21.911 9 ERROR oslo_messaging.rpc.server
File "/var/lib/openstack/lib/python3.10/site-packages/neutron_lib/db/api.py", line 140, in wrapped
2026-06-23 19:56:21.911 9 ERROR oslo_messaging.rpc.server with excutils.save_and_reraise_exception():
2026-06-23 19:56:21.911 9 ERROR oslo_messaging.rpc.server
File "/var/lib/openstack/lib/python3.10/site-packages/oslo_utils/excutils.py", line 227, in __exit__
2026-06-23 19:56:21.911 9 ERROR oslo_messaging.rpc.server self.force_reraise()
2026-06-23 19:56:21.911 9 ERROR oslo_messaging.rpc.server
File "/var/lib/openstack/lib/python3.10/site-packages/oslo_utils/excutils.py", line 200, in force_reraise
2026-06-23 19:56:21.911 9 ERROR oslo_messaging.rpc.server raise self.value
2026-06-23 19:56:21.911 9 ERROR oslo_messaging.rpc.server
File "/var/lib/openstack/lib/python3.10/site-packages/neutron_lib/db/api.py", line 138, in wrapped
2026-06-23 19:56:21.911 9 ERROR oslo_messaging.rpc.server return f(*args, **kwargs)
2026-06-23 19:56:21.911 9 ERROR oslo_messaging.rpc.server
File "/var/lib/openstack/lib/python3.10/site-packages/oslo_db/api.py", line 144, in wrapper
2026-06-23 19:56:21.911 9 ERROR oslo_messaging.rpc.server with excutils.save_and_reraise_exception() as ectxt:
2026-06-23 19:56:21.911 9 ERROR oslo_messaging.rpc.server
File "/var/lib/openstack/lib/python3.10/site-packages/oslo_utils/excutils.py", line 227, in __exit__
2026-06-23 19:56:21.911 9 ERROR oslo_messaging.rpc.server self.force_reraise()
2026-06-23 19:56:21.911 9 ERROR oslo_messaging.rpc.server
File "/var/lib/openstack/lib/python3.10/site-packages/oslo_utils/excutils.py", line 200, in force_reraise
2026-06-23 19:56:21.911 9 ERROR oslo_messaging.rpc.server raise self.value
2026-06-23 19:56:21.911 9 ERROR oslo_messaging.rpc.server
File "/var/lib/openstack/lib/python3.10/site-packages/oslo_db/api.py", line 142, in wrapper
2026-06-23 19:56:21.911 9 ERROR oslo_messaging.rpc.server return f(*args, **kwargs)
2026-06-23 19:56:21.911 9 ERROR oslo_messaging.rpc.server
File "/var/lib/openstack/lib/python3.10/site-packages/neutron_lib/db/api.py", line 186, in wrapped
2026-06-23 19:56:21.911 9 ERROR oslo_messaging.rpc.server with excutils.save_and_reraise_exception():
2026-06-23 19:56:21.911 9 ERROR oslo_messaging.rpc.server
File "/var/lib/openstack/lib/python3.10/site-packages/oslo_utils/excutils.py", line 227, in __exit__
2026-06-23 19:56:21.911 9 ERROR oslo_messaging.rpc.server self.force_reraise()
2026-06-23 19:56:21.911 9 ERROR oslo_messaging.rpc.server
File "/var/lib/openstack/lib/python3.10/site-packages/oslo_utils/excutils.py", line 200, in force_reraise
2026-06-23 19:56:21.911 9 ERROR oslo_messaging.rpc.server raise self.value
2026-06-23 19:56:21.911 9 ERROR oslo_messaging.rpc.server
File "/var/lib/openstack/lib/python3.10/site-packages/neutron_lib/db/api.py", line 184, in wrapped
2026-06-23 19:56:21.911 9 ERROR oslo_messaging.rpc.server return f(*dup_args, **dup_kwargs)
2026-06-23 19:56:21.911 9 ERROR oslo_messaging.rpc.server
File "/var/lib/openstack/lib/python3.10/site-packages/neutron/plugins/ml2/plugin.py", line 1579, in create_port
2026-06-23 19:56:21.911 9 ERROR oslo_messaging.rpc.server result, mech_context = self._create_port_db(context, port)
2026-06-23 19:56:21.911 9 ERROR oslo_messaging.rpc.server
File "/var/lib/openstack/lib/python3.10/site-packages/neutron/plugins/ml2/plugin.py", line 1544, in _create_port_db
2026-06-23 19:56:21.911 9 ERROR oslo_messaging.rpc.server port_db = self.create_port_db(context, port)
2026-06-23 19:56:21.911 9 ERROR oslo_messaging.rpc.server
File "/var/lib/openstack/lib/python3.10/site-packages/neutron/db/db_base_plugin_v2.py", line 1491, in create_port_db
2026-06-23 19:56:21.911 9 ERROR oslo_messaging.rpc.server self.ipam.allocate_ips_for_port_and_store(
2026-06-23 19:56:21.911 9 ERROR oslo_messaging.rpc.server
File "/var/lib/openstack/lib/python3.10/site-packages/neutron/db/ipam_pluggable_backend.py", line 219, in allocate_ips_for_port_and_store
2026-06-23 19:56:21.911 9 ERROR oslo_messaging.rpc.server ips = self.allocate_ips_for_port(context, port_copy)
2026-06-23 19:56:21.911 9 ERROR oslo_messaging.rpc.server
File "/var/lib/openstack/lib/python3.10/site-packages/neutron_lib/db/api.py", line 224, in wrapped
2026-06-23 19:56:21.911 9 ERROR oslo_messaging.rpc.server return f(*args, **kwargs)
2026-06-23 19:56:21.911 9 ERROR oslo_messaging.rpc.server
File "/var/lib/openstack/lib/python3.10/site-packages/oslo_db/sqlalchemy/enginefacade.py", line 1010, in wrapper
2026-06-23 19:56:21.911 9 ERROR oslo_messaging.rpc.server return fn(*args, **kwargs)
2026-06-23 19:56:21.911 9 ERROR oslo_messaging.rpc.server
File "/var/lib/openstack/lib/python3.10/site-packages/neutron/db/ipam_pluggable_backend.py", line 226, in allocate_ips_for_port
2026-06-23 19:56:21.911 9 ERROR oslo_messaging.rpc.server return self._allocate_ips_for_port(context, port)
2026-06-23 19:56:21.911 9 ERROR oslo_messaging.rpc.server
File "/var/lib/openstack/lib/python3.10/site-packages/neutron/db/ipam_pluggable_backend.py", line 258, in _allocate_ips_for_port
2026-06-23 19:56:21.911 9 ERROR oslo_messaging.rpc.server subnets = self._ipam_get_subnets(
2026-06-23 19:56:21.911 9 ERROR oslo_messaging.rpc.server
File "/var/lib/openstack/lib/python3.10/site-packages/neutron/db/ipam_backend_mixin.py", line 686, in _ipam_get_subnets
2026-06-23 19:56:21.911 9 ERROR oslo_messaging.rpc.server subnet.read_lock_register(
2026-06-23 19:56:21.911 9 ERROR oslo_messaging.rpc.server
File "/var/lib/openstack/lib/python3.10/site-packages/neutron/db/models_v2.py", line 81, in read_lock_register
2026-06-23 19:56:21.911 9 ERROR oslo_messaging.rpc.server raise exception
2026-06-23 19:56:21.911 9 ERROR oslo_messaging.rpc.server neutron_lib.exceptions.SubnetInUse: Unable to complete operation on subnet 478b43a2-4032-49e2-aba2-a43ba1f6a5ce: This subnet is being modified by another concurrent operation.
2026-06-23 19:56:21.911 9 ERROR oslo_messaging.rpc.server 
2026-06-23 19:56:23.080 9 ERROR neutron.plugins.ml2.managers [None req-e03446ef-d4eb-4e8e-8812-f065717a8fdb - - - - - -] Mechanism driver openvswitch failed in bind_port: neutron_lib.exceptions.SubnetNotFound: Subnet 748f4953-8eb2-4ea8-9fb9-49451871621d could not be found.
2026-06-23 19:56:23.080 9 ERROR neutron.plugins.ml2.managers
Traceback (most recent call last):
2026-06-23 19:56:23.080 9 ERROR neutron.plugins.ml2.managers
File "/var/lib/openstack/lib/python3.10/site-packages/neutron/plugins/ml2/managers.py", line 866, in _bind_port_level
2026-06-23 19:56:23.080 9 ERROR neutron.plugins.ml2.managers driver.obj.bind_port(context)
2026-06-23 19:56:23.080 9 ERROR neutron.plugins.ml2.managers
File "/var/lib/openstack/lib/python3.10/site-packages/neutron/plugins/ml2/drivers/openvswitch/mech_driver/mech_openvswitch.py", line 133, in bind_port
2026-06-23 19:56:23.080 9 ERROR neutron.plugins.ml2.managers super(OpenvswitchMechanismDriver, self).bind_port(context)
2026-06-23 19:56:23.080 9 ERROR neutron.plugins.ml2.managers
File "/var/lib/openstack/lib/python3.10/site-packages/neutron/plugins/ml2/drivers/mech_agent.py", line 104, in bind_port
2026-06-23 19:56:23.080 9 ERROR neutron.plugins.ml2.managers subnets = self.get_subnets_from_fixed_ips(context)
2026-06-23 19:56:23.080 9 ERROR neutron.plugins.ml2.managers
File "/var/lib/openstack/lib/python3.10/site-packages/neutron/plugins/ml2/drivers/mech_agent.py", line 149, in get_subnets_from_fixed_ips
2026-06-23 19:56:23.080 9 ERROR neutron.plugins.ml2.managers subnets.append(context._plugin.get_subnet(
2026-06-23 19:56:23.080 9 ERROR neutron.plugins.ml2.managers
