+ COMMAND=start + start + exec neutron-rpc-server --config-file /etc/neutron/neutron.conf --config-file /etc/neutron/plugins/ml2/ml2_conf.ini /var/lib/openstack/lib/python3.10/site-packages/munch/__init__.py:24: UserWarning: pkg_resources is deprecated as an API. See https://setuptools.pypa.io/en/latest/pkg_resources.html. The pkg_resources package is slated for removal as early as 2025-11-30. Refrain from using this package or pin to Setuptools<81. import pkg_resources
2026-06-23 19:17:20.466 1 INFO neutron.common.config [-] Logging enabled!
2026-06-23 19:17:20.466 1 INFO neutron.common.config [-] /var/lib/openstack/bin/neutron-rpc-server version 21.2.2.dev24
2026-06-23 19:17:20.466 1 INFO neutron.server.rpc_eventlet [-] Eventlet based AMQP RPC server starting...
2026-06-23 19:17:20.467 1 INFO neutron.manager [-] Loading core plugin: ml2
2026-06-23 19:17:21.250 1 INFO neutron.plugins.ml2.managers [-] Configured type driver names: ['flat', 'gre', 'vlan', 'vxlan']
2026-06-23 19:17:21.253 1 INFO neutron.plugins.ml2.drivers.type_flat [-] Arbitrary flat physical_network names allowed
2026-06-23 19:17:21.255 1 INFO neutron.plugins.ml2.drivers.type_vlan [-] Network VLAN ranges: OrderedDict([('external', [(1, 4094)])])
2026-06-23 19:17:21.256 1 INFO neutron.plugins.ml2.managers [-] Loaded type driver names: ['flat', 'gre', 'vlan', 'vxlan']
2026-06-23 19:17:21.256 1 INFO neutron.plugins.ml2.managers [-] Registered types: dict_keys(['flat', 'gre', 'vlan', 'vxlan'])
2026-06-23 19:17:21.256 1 INFO neutron.plugins.ml2.managers [-] Tenant network_types: ['vxlan']
2026-06-23 19:17:21.256 1 INFO neutron.plugins.ml2.managers [-] Configured extension driver names: ['dns_domain_ports', 'port_security', 'qos']
2026-06-23 19:17:21.261 1 INFO neutron.plugins.ml2.managers [-] Loaded extension driver names: ['dns_domain_ports', 'port_security', 'qos']
2026-06-23 19:17:21.261 1 INFO neutron.plugins.ml2.managers [-] Registered extension drivers: ['dns_domain_ports', 'port_security', 'qos']
2026-06-23 19:17:21.261 1 INFO neutron.plugins.ml2.managers [-] Configured mechanism driver names: ['openvswitch', 'l2population']
2026-06-23 19:17:21.277 1 INFO neutron.plugins.ml2.drivers.mech_agent [-] Open vSwitch agent's supported_vnic_types: ['normal', 'direct', 'smart-nic', 'vdpa']
2026-06-23 19:17:21.278 1 INFO neutron.plugins.ml2.managers [-] Loaded mechanism driver names: ['openvswitch', 'l2population']
2026-06-23 19:17:21.278 1 INFO neutron.plugins.ml2.managers [-] Registered mechanism drivers: ['openvswitch', 'l2population']
2026-06-23 19:17:21.306 1 INFO neutron.plugins.ml2.managers [-] Initializing driver for type 'flat'
2026-06-23 19:17:21.306 1 INFO neutron.plugins.ml2.drivers.type_flat [-] ML2 FlatTypeDriver initialization complete
2026-06-23 19:17:21.306 1 INFO neutron.plugins.ml2.managers [-] Initializing driver for type 'gre'
2026-06-23 19:17:21.306 1 INFO neutron.plugins.ml2.drivers.type_tunnel [-] gre ID ranges: [(1, 1000)]
2026-06-23 19:17:21.553 1 INFO neutron.plugins.ml2.managers [None req-d3dc0c1a-6fdd-4621-9240-306091179a5d - - - - - -] Initializing driver for type 'vlan'
2026-06-23 19:17:21.906 1 INFO neutron.plugins.ml2.drivers.type_vlan [None req-d3dc0c1a-6fdd-4621-9240-306091179a5d - - - - - -] VlanTypeDriver initialization complete
2026-06-23 19:17:21.907 1 INFO neutron.plugins.ml2.managers [None req-d3dc0c1a-6fdd-4621-9240-306091179a5d - - - - - -] Initializing driver for type 'vxlan'
2026-06-23 19:17:21.907 1 INFO neutron.plugins.ml2.drivers.type_tunnel [None req-d3dc0c1a-6fdd-4621-9240-306091179a5d - - - - - -] vxlan ID ranges: [(1, 1000)]
2026-06-23 19:17:21.948 1 INFO neutron.plugins.ml2.managers [None req-d3dc0c1a-6fdd-4621-9240-306091179a5d - - - - - -] Initializing extension driver 'dns_domain_ports'
2026-06-23 19:17:21.949 1 INFO neutron.plugins.ml2.extensions.dns_integration [None req-d3dc0c1a-6fdd-4621-9240-306091179a5d - - - - - -] DNSDomainPortsExtensionDriver initialization complete
2026-06-23 19:17:21.949 1 INFO neutron.plugins.ml2.managers [None req-d3dc0c1a-6fdd-4621-9240-306091179a5d - - - - - -] Initializing extension driver 'port_security'
2026-06-23 19:17:21.950 1 INFO neutron.plugins.ml2.extensions.port_security [None req-d3dc0c1a-6fdd-4621-9240-306091179a5d - - - - - -] PortSecurityExtensionDriver initialization complete
2026-06-23 19:17:21.950 1 INFO neutron.plugins.ml2.managers [None req-d3dc0c1a-6fdd-4621-9240-306091179a5d - - - - - -] Initializing extension driver 'qos'
2026-06-23 19:17:21.951 1 INFO neutron.plugins.ml2.managers [None req-d3dc0c1a-6fdd-4621-9240-306091179a5d - - - - - -] Initializing mechanism driver 'openvswitch'
2026-06-23 19:17:21.951 1 INFO neutron.plugins.ml2.managers [None req-d3dc0c1a-6fdd-4621-9240-306091179a5d - - - - - -] Initializing mechanism driver 'l2population'
2026-06-23 19:17:21.964 1 INFO neutron.quota [None req-8644d4ec-f273-4815-bd71-8e631c6cda84 - - - - - -] Loaded quota_driver: .
2026-06-23 19:17:21.964 1 INFO neutron.plugins.ml2.plugin [None req-8644d4ec-f273-4815-bd71-8e631c6cda84 - - - - - -] Modular L2 Plugin initialization complete
2026-06-23 19:17:21.964 1 INFO neutron.plugins.ml2.managers [None req-8644d4ec-f273-4815-bd71-8e631c6cda84 - - - - - -] Got dns-integration extension from driver 'dns_domain_ports'
2026-06-23 19:17:21.965 1 INFO neutron.plugins.ml2.managers [None req-8644d4ec-f273-4815-bd71-8e631c6cda84 - - - - - -] Got dns-domain-ports extension from driver 'dns_domain_ports'
2026-06-23 19:17:21.965 1 INFO neutron.plugins.ml2.managers [None req-8644d4ec-f273-4815-bd71-8e631c6cda84 - - - - - -] Got port-security extension from driver 'port_security'
2026-06-23 19:17:21.965 1 INFO neutron.extensions.vlantransparent [None req-8644d4ec-f273-4815-bd71-8e631c6cda84 - - - - - -] Disabled vlantransparent extension.
2026-06-23 19:17:21.965 1 INFO neutron.manager [None req-8644d4ec-f273-4815-bd71-8e631c6cda84 - - - - - -] Loading Plugin: qos
2026-06-23 19:17:21.975 1 INFO neutron.manager [None req-8644d4ec-f273-4815-bd71-8e631c6cda84 - - - - - -] Loading Plugin: router
2026-06-23 19:17:22.004 1 INFO neutron.services.service_base [None req-8644d4ec-f273-4815-bd71-8e631c6cda84 - - - - - -] Default provider is not specified for service type L3_ROUTER_NAT
2026-06-23 19:17:22.004 1 INFO neutron.manager [None req-8644d4ec-f273-4815-bd71-8e631c6cda84 - - - - - -] Loading Plugin: segments
2026-06-23 19:17:22.069 1 INFO neutron.manager [None req-8644d4ec-f273-4815-bd71-8e631c6cda84 - - - - - -] Loading Plugin: trunk
2026-06-23 19:17:22.121 1 INFO neutron.manager [None req-8644d4ec-f273-4815-bd71-8e631c6cda84 - - - - - -] Loading Plugin: vpnaas
2026-06-23 19:17:22.156 1 WARNING stevedore.named [None req-8644d4ec-f273-4815-bd71-8e631c6cda84 - - - - - -] Could not load neutron_vpnaas.services.vpn.service_drivers.ipsec.IPsecVPNDriver
2026-06-23 19:17:22.214 1 INFO neutron_vpnaas.services.vpn.plugin [None req-8644d4ec-f273-4815-bd71-8e631c6cda84 - - - - - -] VPN plugin using service drivers: dict_keys(['strongswan']), default: strongswan
2026-06-23 19:17:22.215 1 INFO neutron.common.utils [None req-8644d4ec-f273-4815-bd71-8e631c6cda84 - - - - - -] Disable filter validation extension by service plugin VPNDriverPlugin.
2026-06-23 19:17:22.215 1 INFO neutron.manager [None req-8644d4ec-f273-4815-bd71-8e631c6cda84 - - - - - -] Loading Plugin: auto_allocate
2026-06-23 19:17:22.218 1 INFO neutron.manager [None req-8644d4ec-f273-4815-bd71-8e631c6cda84 - - - - - -] Loading Plugin: tag
2026-06-23 19:17:22.224 1 INFO neutron.manager [None req-8644d4ec-f273-4815-bd71-8e631c6cda84 - - - - - -] Loading Plugin: timestamp
2026-06-23 19:17:22.227 1 INFO neutron.manager [None req-8644d4ec-f273-4815-bd71-8e631c6cda84 - - - - - -] Loading Plugin: network_ip_availability
2026-06-23 19:17:22.230 1 INFO neutron.manager [None req-8644d4ec-f273-4815-bd71-8e631c6cda84 - - - - - -] Loading Plugin: flavors
2026-06-23 19:17:22.233 1 INFO neutron.manager [None req-8644d4ec-f273-4815-bd71-8e631c6cda84 - - - - - -] Loading Plugin: revisions
2026-06-23 19:17:22.235 1 INFO neutron.api.extensions [None req-8644d4ec-f273-4815-bd71-8e631c6cda84 - - - - - -] Initializing extension manager.
2026-06-23 19:17:22.236 1 INFO neutron.api.extensions [None req-8644d4ec-f273-4815-bd71-8e631c6cda84 - - - - - -] Loaded extension: address-group
2026-06-23 19:17:22.237 1 INFO neutron.api.extensions [None req-8644d4ec-f273-4815-bd71-8e631c6cda84 - - - - - -] Loaded extension: address-scope
2026-06-23 19:17:22.238 1 INFO neutron.api.extensions [None req-8644d4ec-f273-4815-bd71-8e631c6cda84 - - - - - -] Loaded extension: router-admin-state-down-before-update
2026-06-23 19:17:22.238 1 INFO neutron.api.extensions [None req-8644d4ec-f273-4815-bd71-8e631c6cda84 - - - - - -] Loaded extension: agent
2026-06-23 19:17:22.239 1 INFO neutron.api.extensions [None req-8644d4ec-f273-4815-bd71-8e631c6cda84 - - - - - -] Loaded extension: agent-resources-synced
2026-06-23 19:17:22.240 1 INFO neutron.api.extensions [None req-8644d4ec-f273-4815-bd71-8e631c6cda84 - - - - - -] Loaded extension: allowed-address-pairs
2026-06-23 19:17:22.241 1 INFO neutron.api.extensions [None req-8644d4ec-f273-4815-bd71-8e631c6cda84 - - - - - -] Loaded extension: auto-allocated-topology
2026-06-23 19:17:22.241 1 INFO neutron.api.extensions [None req-8644d4ec-f273-4815-bd71-8e631c6cda84 - - - - - -] Loaded extension: availability_zone
2026-06-23 19:17:22.242 1 INFO neutron.api.extensions [None req-8644d4ec-f273-4815-bd71-8e631c6cda84 - - - - - -] Loaded extension: availability_zone_filter
2026-06-23 19:17:22.242 1 INFO neutron.api.extensions [None req-8644d4ec-f273-4815-bd71-8e631c6cda84 - - - - - -] Extension data-plane-status not supported by any of loaded plugins
2026-06-23 19:17:22.243 1 INFO neutron.api.extensions [None req-8644d4ec-f273-4815-bd71-8e631c6cda84 - - - - - -] Loaded extension: default-subnetpools
2026-06-23 19:17:22.245 1 INFO neutron.api.extensions [None req-8644d4ec-f273-4815-bd71-8e631c6cda84 - - - - - -] Loaded extension: dhcp_agent_scheduler
2026-06-23 19:17:22.245 1 INFO neutron.api.extensions [None req-8644d4ec-f273-4815-bd71-8e631c6cda84 - - - - - -] Loaded extension: dns-integration
2026-06-23 19:17:22.246 1 INFO neutron.api.extensions [None req-8644d4ec-f273-4815-bd71-8e631c6cda84 - - - - - -] Loaded extension: dns-domain-ports
2026-06-23 19:17:22.246 1 INFO neutron.api.extensions [None req-8644d4ec-f273-4815-bd71-8e631c6cda84 - - - - - -] Extension dns-integration-domain-keywords not supported by any of loaded plugins
2026-06-23 19:17:22.247 1 INFO neutron.api.extensions [None req-8644d4ec-f273-4815-bd71-8e631c6cda84 - - - - - -] Loaded extension: dvr
2026-06-23 19:17:22.247 1 INFO neutron.api.extensions [None req-8644d4ec-f273-4815-bd71-8e631c6cda84 - - - - - -] Extension ecmp_routes not supported by any of loaded plugins
2026-06-23 19:17:22.248 1 INFO neutron.api.extensions [None req-8644d4ec-f273-4815-bd71-8e631c6cda84 - - - - - -] Loaded extension: empty-string-filtering
2026-06-23 19:17:22.248 1 INFO neutron.api.extensions [None req-8644d4ec-f273-4815-bd71-8e631c6cda84 - - - - - -] Extension expose-l3-conntrack-helper not supported by any of loaded plugins
2026-06-23 19:17:22.249 1 INFO neutron.api.extensions [None req-8644d4ec-f273-4815-bd71-8e631c6cda84 - - - - - -] Extension expose-port-forwarding-in-fip not supported by any of loaded plugins
2026-06-23 19:17:22.249 1 INFO neutron.api.extensions [None req-8644d4ec-f273-4815-bd71-8e631c6cda84 - - - - - -] Loaded extension: external-net
2026-06-23 19:17:22.250 1 INFO neutron.api.extensions [None req-8644d4ec-f273-4815-bd71-8e631c6cda84 - - - - - -] Loaded extension: extra_dhcp_opt
2026-06-23 19:17:22.250 1 INFO neutron.api.extensions [None req-8644d4ec-f273-4815-bd71-8e631c6cda84 - - - - - -] Loaded extension: extraroute
2026-06-23 19:17:22.251 1 INFO neutron.api.extensions [None req-8644d4ec-f273-4815-bd71-8e631c6cda84 - - - - - -] Loaded extension: extraroute-atomic
2026-06-23 19:17:22.252 1 INFO neutron.api.extensions [None req-8644d4ec-f273-4815-bd71-8e631c6cda84 - - - - - -] Extension filter-validation not supported by any of loaded plugins
2026-06-23 19:17:22.252 1 INFO neutron.api.extensions [None req-8644d4ec-f273-4815-bd71-8e631c6cda84 - - - - - -] Extension floating-ip-port-forwarding-description not supported by any of loaded plugins
2026-06-23 19:17:22.253 1 INFO neutron.api.extensions [None req-8644d4ec-f273-4815-bd71-8e631c6cda84 - - - - - -] Loaded extension: floating-ip-port-forwarding-detail
2026-06-23 19:17:22.253 1 INFO neutron.api.extensions [None req-8644d4ec-f273-4815-bd71-8e631c6cda84 - - - - - -] Extension floating-ip-port-forwarding-port-ranges not supported by any of loaded plugins
2026-06-23 19:17:22.254 1 INFO neutron.api.extensions [None req-8644d4ec-f273-4815-bd71-8e631c6cda84 - - - - - -] Loaded extension: fip-port-details
2026-06-23 19:17:22.254 1 INFO neutron.api.extensions [None req-8644d4ec-f273-4815-bd71-8e631c6cda84 - - - - - -] Loaded extension: flavors
2026-06-23 19:17:22.255 1 INFO neutron.api.extensions [None req-8644d4ec-f273-4815-bd71-8e631c6cda84 - - - - - -] Extension floating-ip-port-forwarding not supported by any of loaded plugins
2026-06-23 19:17:22.256 1 INFO neutron.api.extensions [None req-8644d4ec-f273-4815-bd71-8e631c6cda84 - - - - - -] Loaded extension: floatingip-pools
2026-06-23 19:17:22.257 1 INFO neutron.api.extensions [None req-8644d4ec-f273-4815-bd71-8e631c6cda84 - - - - - -] Loaded extension: ip_allocation
2026-06-23 19:17:22.257 1 INFO neutron.api.extensions [None req-8644d4ec-f273-4815-bd71-8e631c6cda84 - - - - - -] Loaded extension: ip-substring-filtering
2026-06-23 19:17:22.258 1 INFO neutron.api.extensions [None req-8644d4ec-f273-4815-bd71-8e631c6cda84 - - - - - -] Loaded extension: l2_adjacency
2026-06-23 19:17:22.259 1 INFO neutron.api.extensions [None req-8644d4ec-f273-4815-bd71-8e631c6cda84 - - - - - -] Loaded extension: router
2026-06-23 19:17:22.260 1 INFO neutron.api.extensions [None req-8644d4ec-f273-4815-bd71-8e631c6cda84 - - - - - -] Extension l3-conntrack-helper not supported by any of loaded plugins
2026-06-23 19:17:22.260 1 INFO neutron.api.extensions [None req-8644d4ec-f273-4815-bd71-8e631c6cda84 - - - - - -] Loaded extension: ext-gw-mode
2026-06-23 19:17:22.261 1 INFO neutron.api.extensions [None req-8644d4ec-f273-4815-bd71-8e631c6cda84 - - - - - -] Loaded extension: l3-ha
2026-06-23 19:17:22.262 1 INFO neutron.api.extensions [None req-8644d4ec-f273-4815-bd71-8e631c6cda84 - - - - - -] Extension l3-ext-ndp-proxy not supported by any of loaded plugins
2026-06-23 19:17:22.262 1 INFO neutron.api.extensions [None req-8644d4ec-f273-4815-bd71-8e631c6cda84 - - - - - -] Loaded extension: l3-flavors
2026-06-23 19:17:22.263 1 INFO neutron.api.extensions [None req-8644d4ec-f273-4815-bd71-8e631c6cda84 - - - - - -] Extension l3-ndp-proxy not supported by any of loaded plugins
2026-06-23 19:17:22.263 1 INFO neutron.api.extensions [None req-8644d4ec-f273-4815-bd71-8e631c6cda84 - - - - - -] Loaded extension: l3-port-ip-change-not-allowed
2026-06-23 19:17:22.265 1 INFO neutron.api.extensions [None req-8644d4ec-f273-4815-bd71-8e631c6cda84 - - - - - -] Loaded extension: l3_agent_scheduler
2026-06-23 19:17:22.266 1 INFO neutron.api.extensions [None req-8644d4ec-f273-4815-bd71-8e631c6cda84 - - - - - -] Extension local_ip not supported by any of loaded plugins
2026-06-23 19:17:22.269 1 INFO neutron.api.extensions [None req-8644d4ec-f273-4815-bd71-8e631c6cda84 - - - - - -] Extension logging not supported by any of loaded plugins
2026-06-23 19:17:22.270 1 INFO neutron.api.extensions [None req-8644d4ec-f273-4815-bd71-8e631c6cda84 - - - - - -] Extension metering not supported by any of loaded plugins
2026-06-23 19:17:22.270 1 INFO neutron.api.extensions [None req-8644d4ec-f273-4815-bd71-8e631c6cda84 - - - - - -] Extension metering_source_and_destination_fields not supported by any of loaded plugins
2026-06-23 19:17:22.271 1 INFO neutron.api.extensions [None req-8644d4ec-f273-4815-bd71-8e631c6cda84 - - - - - -] Loaded extension: multi-provider
2026-06-23 19:17:22.271 1 INFO neutron.api.extensions [None req-8644d4ec-f273-4815-bd71-8e631c6cda84 - - - - - -] Loaded extension: net-mtu
2026-06-23 19:17:22.272 1 INFO neutron.api.extensions [None req-8644d4ec-f273-4815-bd71-8e631c6cda84 - - - - - -] Loaded extension: net-mtu-writable
2026-06-23 19:17:22.272 1 INFO neutron.api.extensions [None req-8644d4ec-f273-4815-bd71-8e631c6cda84 - - - - - -] Loaded extension: network_availability_zone
2026-06-23 19:17:22.273 1 INFO neutron.api.extensions [None req-8644d4ec-f273-4815-bd71-8e631c6cda84 - - - - - -] Loaded extension: network-ip-availability
2026-06-23 19:17:22.274 1 INFO neutron.api.extensions [None req-8644d4ec-f273-4815-bd71-8e631c6cda84 - - - - - -] Extension network-segment-range not supported by any of loaded plugins
2026-06-23 19:17:22.274 1 INFO neutron.api.extensions [None req-8644d4ec-f273-4815-bd71-8e631c6cda84 - - - - - -] Loaded extension: pagination
2026-06-23 19:17:22.275 1 INFO neutron.api.extensions [None req-8644d4ec-f273-4815-bd71-8e631c6cda84 - - - - - -] Loaded extension: port-device-profile
2026-06-23 19:17:22.275 1 INFO neutron.api.extensions [None req-8644d4ec-f273-4815-bd71-8e631c6cda84 - - - - - -] Loaded extension: port-mac-override
2026-06-23 19:17:22.276 1 INFO neutron.api.extensions [None req-8644d4ec-f273-4815-bd71-8e631c6cda84 - - - - - -] Loaded extension: port-mac-address-regenerate
2026-06-23 19:17:22.276 1 INFO neutron.api.extensions [None req-8644d4ec-f273-4815-bd71-8e631c6cda84 - - - - - -] Loaded extension: port-numa-affinity-policy
2026-06-23 19:17:22.277 1 INFO neutron.api.extensions [None req-8644d4ec-f273-4815-bd71-8e631c6cda84 - - - - - -] Loaded extension: port-resource-request
2026-06-23 19:17:22.277 1 INFO neutron.api.extensions [None req-8644d4ec-f273-4815-bd71-8e631c6cda84 - - - - - -] Loaded extension: port-resource-request-groups
2026-06-23 19:17:22.278 1 INFO neutron.api.extensions [None req-8644d4ec-f273-4815-bd71-8e631c6cda84 - - - - - -] Loaded extension: binding
2026-06-23 19:17:22.279 1 INFO neutron.api.extensions [None req-8644d4ec-f273-4815-bd71-8e631c6cda84 - - - - - -] Loaded extension: binding-extended
2026-06-23 19:17:22.279 1 INFO neutron.api.extensions [None req-8644d4ec-f273-4815-bd71-8e631c6cda84 - - - - - -] Loaded extension: port-security
2026-06-23 19:17:22.280 1 INFO neutron.api.extensions [None req-8644d4ec-f273-4815-bd71-8e631c6cda84 - - - - - -] Loaded extension: project-id
2026-06-23 19:17:22.280 1 INFO neutron.api.extensions [None req-8644d4ec-f273-4815-bd71-8e631c6cda84 - - - - - -] Loaded extension: provider
2026-06-23 19:17:22.282 1 INFO neutron.api.extensions [None req-8644d4ec-f273-4815-bd71-8e631c6cda84 - - - - - -] Loaded extension: qos
2026-06-23 19:17:22.283 1 INFO neutron.api.extensions [None req-8644d4ec-f273-4815-bd71-8e631c6cda84 - - - - - -] Loaded extension: qos-bw-limit-direction
2026-06-23 19:17:22.283 1 INFO neutron.api.extensions [None req-8644d4ec-f273-4815-bd71-8e631c6cda84 - - - - - -] Loaded extension: qos-bw-minimum-ingress
2026-06-23 19:17:22.284 1 INFO neutron.api.extensions [None req-8644d4ec-f273-4815-bd71-8e631c6cda84 - - - - - -] Loaded extension: qos-default
2026-06-23 19:17:22.284 1 INFO neutron.api.extensions [None req-8644d4ec-f273-4815-bd71-8e631c6cda84 - - - - - -] Loaded extension: qos-fip
2026-06-23 19:17:22.285 1 INFO neutron.api.extensions [None req-8644d4ec-f273-4815-bd71-8e631c6cda84 - - - - - -] Extension qos-fip-network-policy not supported by any of loaded plugins
2026-06-23 19:17:22.286 1 INFO neutron.api.extensions [None req-8644d4ec-f273-4815-bd71-8e631c6cda84 - - - - - -] Loaded extension: qos-gateway-ip
2026-06-23 19:17:22.286 1 INFO neutron.api.extensions [None req-8644d4ec-f273-4815-bd71-8e631c6cda84 - - - - - -] Loaded extension: qos-port-network-policy
2026-06-23 19:17:22.287 1 INFO neutron.api.extensions [None req-8644d4ec-f273-4815-bd71-8e631c6cda84 - - - - - -] Loaded extension: qos-pps-minimum
2026-06-23 19:17:22.287 1 INFO neutron.api.extensions [None req-8644d4ec-f273-4815-bd71-8e631c6cda84 - - - - - -] Loaded extension: qos-pps-minimum-rule-alias
2026-06-23 19:17:22.288 1 INFO neutron.api.extensions [None req-8644d4ec-f273-4815-bd71-8e631c6cda84 - - - - - -] Loaded extension: qos-pps
2026-06-23 19:17:22.288 1 INFO neutron.api.extensions [None req-8644d4ec-f273-4815-bd71-8e631c6cda84 - - - - - -] Loaded extension: qos-rule-type-details
2026-06-23 19:17:22.289 1 INFO neutron.api.extensions [None req-8644d4ec-f273-4815-bd71-8e631c6cda84 - - - - - -] Loaded extension: qos-rule-type-filter
2026-06-23 19:17:22.290 1 INFO neutron.api.extensions [None req-8644d4ec-f273-4815-bd71-8e631c6cda84 - - - - - -] Loaded extension: qos-rules-alias
2026-06-23 19:17:22.290 1 INFO neutron.api.extensions [None req-8644d4ec-f273-4815-bd71-8e631c6cda84 - - - - - -] Loaded extension: quota-check-limit
2026-06-23 19:17:22.292 1 INFO neutron.api.extensions [None req-8644d4ec-f273-4815-bd71-8e631c6cda84 - - - - - -] Loaded extension: quotas
2026-06-23 19:17:22.294 1 INFO neutron.api.extensions [None req-8644d4ec-f273-4815-bd71-8e631c6cda84 - - - - - -] Loaded extension: quota_details
2026-06-23 19:17:22.295 1 INFO neutron.api.extensions [None req-8644d4ec-f273-4815-bd71-8e631c6cda84 - - - - - -] Loaded extension: rbac-policies
2026-06-23 19:17:22.296 1 INFO neutron.api.extensions [None req-8644d4ec-f273-4815-bd71-8e631c6cda84 - - - - - -] Loaded extension: rbac-address-group
2026-06-23 19:17:22.296 1 INFO neutron.api.extensions [None req-8644d4ec-f273-4815-bd71-8e631c6cda84 - - - - - -] Loaded extension: rbac-address-scope
2026-06-23 19:17:22.297 1 INFO neutron.api.extensions [None req-8644d4ec-f273-4815-bd71-8e631c6cda84 - - - - - -] Loaded extension: rbac-security-groups
2026-06-23 19:17:22.297 1 INFO neutron.api.extensions [None req-8644d4ec-f273-4815-bd71-8e631c6cda84 - - - - - -] Loaded extension: rbac-subnetpool
2026-06-23 19:17:22.298 1 INFO neutron.api.extensions [None req-8644d4ec-f273-4815-bd71-8e631c6cda84 - - - - - -] Loaded extension: revision-if-match
2026-06-23 19:17:22.298 1 INFO neutron.api.extensions [None req-8644d4ec-f273-4815-bd71-8e631c6cda84 - - - - - -] Loaded extension: standard-attr-revisions
2026-06-23 19:17:22.299 1 INFO neutron.api.extensions [None req-8644d4ec-f273-4815-bd71-8e631c6cda84 - - - - - -] Loaded extension: router_availability_zone
2026-06-23 19:17:22.299 1 INFO neutron.api.extensions [None req-8644d4ec-f273-4815-bd71-8e631c6cda84 - - - - - -] Extension router-service-type not supported by any of loaded plugins
2026-06-23 19:17:22.300 1 INFO neutron.api.extensions [None req-8644d4ec-f273-4815-bd71-8e631c6cda84 - - - - - -] Loaded extension: security-groups-normalized-cidr
2026-06-23 19:17:22.300 1 INFO neutron.api.extensions [None req-8644d4ec-f273-4815-bd71-8e631c6cda84 - - - - - -] Loaded extension: port-security-groups-filtering
2026-06-23 19:17:22.301 1 INFO neutron.api.extensions [None req-8644d4ec-f273-4815-bd71-8e631c6cda84 - - - - - -] Loaded extension: security-groups-remote-address-group
2026-06-23 19:17:22.301 1 INFO neutron.api.extensions [None req-8644d4ec-f273-4815-bd71-8e631c6cda84 - - - - - -] Loaded extension: security-groups-shared-filtering
2026-06-23 19:17:22.308 1 INFO neutron.api.extensions [None req-8644d4ec-f273-4815-bd71-8e631c6cda84 - - - - - -] Loaded extension: security-group
2026-06-23 19:17:22.309 1 INFO neutron.api.extensions [None req-8644d4ec-f273-4815-bd71-8e631c6cda84 - - - - - -] Loaded extension: segment
2026-06-23 19:17:22.309 1 INFO neutron.api.extensions [None req-8644d4ec-f273-4815-bd71-8e631c6cda84 - - - - - -] Loaded extension: segments-peer-subnet-host-routes
2026-06-23 19:17:22.310 1 INFO neutron.api.extensions [None req-8644d4ec-f273-4815-bd71-8e631c6cda84 - - - - - -] Loaded extension: service-type
2026-06-23 19:17:22.310 1 INFO neutron.api.extensions [None req-8644d4ec-f273-4815-bd71-8e631c6cda84 - - - - - -] Loaded extension: sorting
2026-06-23 19:17:22.311 1 INFO neutron.api.extensions [None req-8644d4ec-f273-4815-bd71-8e631c6cda84 - - - - - -] Loaded extension: standard-attr-segment
2026-06-23 19:17:22.311 1 INFO neutron.api.extensions [None req-8644d4ec-f273-4815-bd71-8e631c6cda84 - - - - - -] Loaded extension: standard-attr-description
2026-06-23 19:17:22.312 1 INFO neutron.api.extensions [None req-8644d4ec-f273-4815-bd71-8e631c6cda84 - - - - - -] Loaded extension: stateful-security-group
2026-06-23 19:17:22.312 1 WARNING neutron.api.extensions [None req-8644d4ec-f273-4815-bd71-8e631c6cda84 - - - - - -] Did not find expected name "Stdattrs_common" in /var/lib/openstack/lib/python3.10/site-packages/neutron/extensions/stdattrs_common.py
2026-06-23 19:17:22.313 1 INFO neutron.api.extensions [None req-8644d4ec-f273-4815-bd71-8e631c6cda84 - - - - - -] Extension subnet-dns-publish-fixed-ip not supported by any of loaded plugins
2026-06-23 19:17:22.313 1 INFO neutron.api.extensions [None req-8644d4ec-f273-4815-bd71-8e631c6cda84 - - - - - -] Loaded extension: subnet_onboard
2026-06-23 19:17:22.314 1 INFO neutron.api.extensions [None req-8644d4ec-f273-4815-bd71-8e631c6cda84 - - - - - -] Loaded extension: subnet-segmentid-writable
2026-06-23 19:17:22.314 1 INFO neutron.api.extensions [None req-8644d4ec-f273-4815-bd71-8e631c6cda84 - - - - - -] Loaded extension: subnet-service-types
2026-06-23 19:17:22.315 1 INFO neutron.api.extensions [None req-8644d4ec-f273-4815-bd71-8e631c6cda84 - - - - - -] Loaded extension: subnet_allocation
2026-06-23 19:17:22.315 1 INFO neutron.api.extensions [None req-8644d4ec-f273-4815-bd71-8e631c6cda84 - - - - - -] Loaded extension: subnetpool-prefix-ops
2026-06-23 19:17:22.316 1 INFO neutron.api.extensions [None req-8644d4ec-f273-4815-bd71-8e631c6cda84 - - - - - -] Extension tag-ports-during-bulk-creation not supported by any of loaded plugins
2026-06-23 19:17:22.318 1 INFO neutron.api.extensions [None req-8644d4ec-f273-4815-bd71-8e631c6cda84 - - - - - -] Loaded extension: standard-attr-tag
2026-06-23 19:17:22.318 1 INFO neutron.api.extensions [None req-8644d4ec-f273-4815-bd71-8e631c6cda84 - - - - - -] Loaded extension: standard-attr-timestamp
2026-06-23 19:17:22.319 1 INFO neutron.api.extensions [None req-8644d4ec-f273-4815-bd71-8e631c6cda84 - - - - - -] Loaded extension: trunk
2026-06-23 19:17:22.319 1 INFO neutron.api.extensions [None req-8644d4ec-f273-4815-bd71-8e631c6cda84 - - - - - -] Loaded extension: trunk-details
2026-06-23 19:17:22.320 1 INFO neutron.api.extensions [None req-8644d4ec-f273-4815-bd71-8e631c6cda84 - - - - - -] Extension uplink-status-propagation not supported by any of loaded plugins
2026-06-23 19:17:22.320 1 INFO neutron.api.extensions [None req-8644d4ec-f273-4815-bd71-8e631c6cda84 - - - - - -] Extension vlan-transparent not supported by any of loaded plugins
2026-06-23 19:17:22.321 1 INFO neutron.api.extensions [None req-8644d4ec-f273-4815-bd71-8e631c6cda84 - - - - - -] Loaded extension: vpn-endpoint-groups
2026-06-23 19:17:22.321 1 INFO neutron.api.extensions [None req-8644d4ec-f273-4815-bd71-8e631c6cda84 - - - - - -] Loaded extension: vpn-flavors
2026-06-23 19:17:22.322 1 INFO neutron.api.extensions [None req-8644d4ec-f273-4815-bd71-8e631c6cda84 - - - - - -] Loaded extension: vpnaas
2026-06-23 19:17:22.325 1 INFO oslo_service.service [None req-8644d4ec-f273-4815-bd71-8e631c6cda84 - - - - - -] Starting 2 workers
2026-06-23 19:17:22.329 1 INFO oslo_service.service [None req-8644d4ec-f273-4815-bd71-8e631c6cda84 - - - - - -] Starting 1 workers
2026-06-23 19:17:57.069 10 INFO neutron.db.l3_hamode_db [None req-c749cec8-6865-4fd6-99a7-3ff4a375c032 - - - - - -] Number of active agents lower than max_l3_agents_per_router. L3 agents available: 1
2026-06-23 19:18:09.379 9 INFO neutron.plugins.ml2.plugin [None req-63070703-d56b-464a-a6ce-206a7a4f8545 - - - - - -] Attempt 1 to provision port 5723b0ca-dede-4c6a-bfa8-bb976cc0e370
2026-06-23 19:18:09.489 9 INFO neutron.plugins.ml2.plugin [None req-afeb2310-c4dd-4c20-8acf-f3a8b500216e - - - - - -] Attempt 1 to provision port 5723b0ca-dede-4c6a-bfa8-bb976cc0e370
2026-06-23 19:18:09.731 10 INFO neutron.plugins.ml2.plugin [None req-000e8efe-637e-4ac6-abef-459330d90a53 - - - - - -] Attempt 1 to provision port 5723b0ca-dede-4c6a-bfa8-bb976cc0e370
2026-06-23 19:18:11.141 9 INFO neutron.plugins.ml2.plugin [None req-63070703-d56b-464a-a6ce-206a7a4f8545 - - - - - -] Attempt 1 to provision port 5723b0ca-dede-4c6a-bfa8-bb976cc0e370
2026-06-23 19:24:37.431 9 INFO neutron.plugins.ml2.plugin [None req-63070703-d56b-464a-a6ce-206a7a4f8545 - - - - - -] Attempt 1 to provision port 4987300e-abf3-40c9-977e-a1d0d55e4a07
2026-06-23 19:24:38.331 9 INFO neutron.plugins.ml2.plugin [None req-e9b04251-39c2-4142-aaeb-51637042a53a - - - - - -] Attempt 1 to provision port 4987300e-abf3-40c9-977e-a1d0d55e4a07
2026-06-23 19:24:38.503 10 INFO neutron.plugins.ml2.plugin [None req-aed80fea-a6c0-44ba-8bba-0e17a48cbacb - - - - - -] Attempt 1 to provision port 4987300e-abf3-40c9-977e-a1d0d55e4a07
2026-06-23 19:24:39.411 9 INFO neutron.plugins.ml2.plugin [None req-63070703-d56b-464a-a6ce-206a7a4f8545 - - - - - -] Attempt 1 to provision port 4987300e-abf3-40c9-977e-a1d0d55e4a07
2026-06-23 19:24:44.625 10 INFO neutron.plugins.ml2.plugin [None req-c0cfcc31-c284-4abe-9174-59dc2e1fed99 - - - - - -] Attempt 1 to provision port 65c57e04-be0a-4825-bf8b-9ec45abb0829
2026-06-23 19:28:29.681 10 INFO neutron.plugins.ml2.plugin [None req-63070703-d56b-464a-a6ce-206a7a4f8545 - - - - - -] Attempt 1 to provision port 65c57e04-be0a-4825-bf8b-9ec45abb0829
2026-06-23 19:28:31.555 9 INFO neutron.plugins.ml2.plugin [None req-63070703-d56b-464a-a6ce-206a7a4f8545 - - - - - -] Attempt 1 to provision port 65c57e04-be0a-4825-bf8b-9ec45abb0829
2026-06-23 19:36:43.886 10 INFO neutron.plugins.ml2.plugin [None req-63070703-d56b-464a-a6ce-206a7a4f8545 - - - - - -] Attempt 1 to provision port 2b955909-18c6-41b4-8339-ee727f855f64
2026-06-23 19:36:45.880 9 INFO neutron.plugins.ml2.plugin [None req-63070703-d56b-464a-a6ce-206a7a4f8545 - - - - - -] Attempt 1 to provision port 2b955909-18c6-41b4-8339-ee727f855f64
2026-06-23 19:52:40.454 9 INFO neutron.plugins.ml2.plugin [None req-e5aa5359-6eee-4ba3-a2fc-f94f549b7f43 - - - - - -] Attempt 1 to provision port 0cd5264e-a360-4ae4-bebc-e1710772d0fa
2026-06-23 19:52:40.565 10 INFO neutron.plugins.ml2.plugin [None req-63070703-d56b-464a-a6ce-206a7a4f8545 - - - - - -] Attempt 1 to provision port f2f9bcea-e191-419c-93d5-8d824b31189c
2026-06-23 19:52:40.892 9 INFO neutron.plugins.ml2.plugin [None req-41c489b5-bd20-4cd2-882d-cb7fbc86ec53 - - - - - -] Attempt 1 to provision port 03005988-a561-4648-ae77-2b4f9b17cd86
2026-06-23 19:52:41.068 10 INFO neutron.plugins.ml2.plugin [None req-63070703-d56b-464a-a6ce-206a7a4f8545 - - - - - -] Attempt 1 to provision port f377dba1-e2d0-4209-bc27-733447d40be6
2026-06-23 19:52:41.494 10 INFO neutron.plugins.ml2.plugin [None req-63070703-d56b-464a-a6ce-206a7a4f8545 - - - - - -] Attempt 1 to provision port 640491dd-6a4e-4a7a-824e-aa7c47a07155
2026-06-23 19:52:41.660 9 INFO neutron.plugins.ml2.plugin [None req-4ebb2605-73f8-4369-a1cc-ca5b575c6b22 - - - - - -] Attempt 1 to provision port f2f9bcea-e191-419c-93d5-8d824b31189c
2026-06-23 19:52:41.927 10 INFO neutron.plugins.ml2.plugin [None req-f20f5f8a-23c5-428e-9477-9d11063f1043 - - - - - -] Attempt 1 to provision port f2f9bcea-e191-419c-93d5-8d824b31189c
2026-06-23 19:52:42.111 10 INFO neutron.plugins.ml2.plugin [None req-ff02016e-4e9e-4088-864a-a3446946dc8e - - - - - -] Attempt 1 to provision port f377dba1-e2d0-4209-bc27-733447d40be6
2026-06-23 19:52:42.571 9 INFO neutron.plugins.ml2.plugin [None req-63070703-d56b-464a-a6ce-206a7a4f8545 - - - - - -] Attempt 1 to provision port f377dba1-e2d0-4209-bc27-733447d40be6
2026-06-23 19:52:42.615 10 INFO neutron.plugins.ml2.plugin [None req-35768ccc-62a4-4876-9c3a-4a65e1f021b4 - - - - - -] Attempt 1 to provision port f377dba1-e2d0-4209-bc27-733447d40be6
2026-06-23 19:52:42.982 10 INFO neutron.plugins.ml2.plugin [None req-d82e057b-d0ae-476e-89c0-7ba87dc08bae - - - - - -] Attempt 1 to provision port 640491dd-6a4e-4a7a-824e-aa7c47a07155
2026-06-23 19:52:43.208 9 INFO neutron.plugins.ml2.plugin [None req-63070703-d56b-464a-a6ce-206a7a4f8545 - - - - - -] Attempt 1 to provision port f2f9bcea-e191-419c-93d5-8d824b31189c
2026-06-23 19:52:43.417 9 INFO neutron.plugins.ml2.plugin [None req-8e2efa41-ea77-4571-8e3d-5277e608acb0 - - - - - -] Attempt 1 to provision port 640491dd-6a4e-4a7a-824e-aa7c47a07155
2026-06-23 19:52:43.641 10 INFO neutron.plugins.ml2.plugin [None req-5580df43-4cd0-4d01-aaef-5033467d063d - - - - - -] Attempt 1 to provision port 985e3588-dcb0-4b75-8020-5123b6625409
2026-06-23 19:52:43.771 9 INFO neutron.plugins.ml2.plugin [None req-63070703-d56b-464a-a6ce-206a7a4f8545 - - - - - -] Attempt 1 to provision port 640491dd-6a4e-4a7a-824e-aa7c47a07155
2026-06-23 19:52:43.991 9 INFO neutron.plugins.ml2.plugin [None req-63c891be-5ab0-4a3e-aec4-5ded7c5a7b14 - - - - - -] Attempt 1 to provision port 10a5758e-4e5f-4955-887a-22fe03af4e38
2026-06-23 19:52:44.354 10 INFO neutron.plugins.ml2.plugin [None req-a28ba7db-8f05-41e2-bdad-f5277141494c - - - - - -] Attempt 1 to provision port 10a5758e-4e5f-4955-887a-22fe03af4e38
2026-06-23 19:52:45.601 10 INFO neutron.plugins.ml2.plugin [None req-eed6d427-6dd9-409a-9ea2-b955e09a0759 - - - - - -] Attempt 1 to provision port 85021c98-ac56-4ba6-b06e-2d1d5b49b138
2026-06-23 19:52:46.143 9 INFO neutron.plugins.ml2.plugin [None req-9a8084e7-4f46-4823-9498-4a193266f64e - - - - - -] Attempt 1 to provision port 85021c98-ac56-4ba6-b06e-2d1d5b49b138
2026-06-23 19:52:46.684 9 INFO neutron.plugins.ml2.plugin [None req-815d2a5e-4742-4da4-809c-1ed8faf2d9d4 - - - - - -] Attempt 1 to provision port 1d9a262e-2350-4fa1-9777-1cd8d7b9f7f8
2026-06-23 19:52:47.259 10 INFO neutron.plugins.ml2.plugin [None req-3430a7d4-7d30-461c-bf94-64165c5e6180 - - - - - -] Attempt 1 to provision port 1d9a262e-2350-4fa1-9777-1cd8d7b9f7f8
2026-06-23 19:52:47.903 9 INFO neutron.plugins.ml2.plugin [None req-de212a8d-0e7d-45be-b249-163ec7307369 - - - - - -] Attempt 1 to provision port e207225b-362b-4112-8065-0059e3523d9f
2026-06-23 19:52:48.501 10 INFO neutron.plugins.ml2.plugin [None req-63070703-d56b-464a-a6ce-206a7a4f8545 - - - - - -] Attempt 1 to provision port 2951de1c-3d82-46db-b13f-a4ded66092da
2026-06-23 19:52:49.290 10 INFO neutron.plugins.ml2.plugin [None req-b1368902-9bae-4f8a-bc37-1a7c18409243 - - - - - -] Attempt 1 to provision port 2951de1c-3d82-46db-b13f-a4ded66092da
2026-06-23 19:52:49.638 9 INFO neutron.plugins.ml2.plugin [None req-966da29f-d8f9-4ea5-a44d-a950c3d3ddd4 - - - - - -] Attempt 1 to provision port 2951de1c-3d82-46db-b13f-a4ded66092da
2026-06-23 19:52:50.221 9 INFO neutron.plugins.ml2.plugin [None req-f3c0af9f-9cf6-4ede-9aef-4c16d2c897ac - - - - - -] Attempt 1 to provision port e57d5910-2656-4fd1-97a8-a1455eae88b7
2026-06-23 19:52:50.489 10 INFO neutron.plugins.ml2.plugin [None req-63070703-d56b-464a-a6ce-206a7a4f8545 - - - - - -] Attempt 1 to provision port 2951de1c-3d82-46db-b13f-a4ded66092da
2026-06-23 19:52:51.189 9 INFO neutron.plugins.ml2.plugin [None req-fa3e58e3-a26c-4fae-add3-26adbf36898f - - - - - -] Attempt 1 to provision port e57d5910-2656-4fd1-97a8-a1455eae88b7
2026-06-23 19:52:52.528 10 INFO neutron.plugins.ml2.plugin [None req-63070703-d56b-464a-a6ce-206a7a4f8545 - - - - - -] Attempt 1 to provision port 75f26c0c-87f3-45f2-b912-98a097481f53
2026-06-23 19:52:53.179 10 INFO neutron.plugins.ml2.plugin [None req-63070703-d56b-464a-a6ce-206a7a4f8545 - - - - - -] Attempt 1 to provision port 9656764f-b952-4c3f-b45a-7c90662243f7
2026-06-23 19:52:53.760 10 INFO neutron.plugins.ml2.plugin [None req-63070703-d56b-464a-a6ce-206a7a4f8545 - - - - - -] Attempt 1 to provision port e1f5dc97-b5d6-42a7-8438-83d2995537fe
2026-06-23 19:52:54.358 10 INFO neutron.plugins.ml2.plugin [None req-63070703-d56b-464a-a6ce-206a7a4f8545 - - - - - -] Attempt 1 to provision port 292f084a-9018-4db4-b76b-8c5d1daeb260
2026-06-23 19:52:55.079 9 INFO neutron.plugins.ml2.plugin [None req-63070703-d56b-464a-a6ce-206a7a4f8545 - - - - - -] Attempt 1 to provision port 9656764f-b952-4c3f-b45a-7c90662243f7 /var/lib/openstack/lib/python3.10/site-packages/oslo_db/sqlalchemy/enginefacade.py:676: SAWarning: DELETE statement on table 'portsecuritybindings' expected to delete 1 row(s); 0 were matched. Please set confirm_deleted_rows=False within the mapper configuration to prevent this warning. self.session.flush() /var/lib/openstack/lib/python3.10/site-packages/oslo_db/sqlalchemy/enginefacade.py:676: SAWarning: DELETE statement on table 'ml2_port_bindings' expected to delete 1 row(s); 0 were matched. Please set confirm_deleted_rows=False within the mapper configuration to prevent this warning. self.session.flush() /var/lib/openstack/lib/python3.10/site-packages/oslo_db/sqlalchemy/enginefacade.py:676: SAWarning: DELETE statement on table 'ml2_port_binding_levels' expected to delete 1 row(s); 0 were matched. Please set confirm_deleted_rows=False within the mapper configuration to prevent this warning. self.session.flush() /var/lib/openstack/lib/python3.10/site-packages/oslo_db/sqlalchemy/enginefacade.py:676: SAWarning: DELETE statement on table 'ports' expected to delete 1 row(s); 0 were matched. Please set confirm_deleted_rows=False within the mapper configuration to prevent this warning. self.session.flush()
2026-06-23 19:52:55.572 9 INFO neutron.plugins.ml2.plugin [None req-63070703-d56b-464a-a6ce-206a7a4f8545 - - - - - -] Attempt 1 to provision port e1f5dc97-b5d6-42a7-8438-83d2995537fe
2026-06-23 19:52:56.095 9 INFO neutron.plugins.ml2.plugin [None req-1d63d6e1-7f13-4fe9-b142-ab31e6ed0d5b - - - - - -] Attempt 1 to provision port 7567bcfb-b6a5-4840-99bb-c4ab6a35d390
2026-06-23 19:53:00.784 10 INFO neutron.plugins.ml2.plugin [None req-3a9602ca-ff9e-4382-9ee1-cf0b4c4ba345 - - - - - -] Attempt 1 to provision port e1661eb8-6360-4e92-9590-9c47df1d3455
2026-06-23 19:53:01.200 10 INFO neutron.plugins.ml2.plugin [None req-63070703-d56b-464a-a6ce-206a7a4f8545 - - - - - -] Attempt 1 to provision port 47178f06-15ef-4d5e-b9f2-120315d3c5d6
2026-06-23 19:53:01.664 9 INFO neutron.plugins.ml2.plugin [None req-3aa7a7da-78cf-4ded-ac5d-4a3801a5e28e - - - - - -] Attempt 1 to provision port f48615d2-fec4-45f1-ae0b-5184774f33f9
2026-06-23 19:53:02.055 10 INFO neutron.plugins.ml2.plugin [None req-63070703-d56b-464a-a6ce-206a7a4f8545 - - - - - -] Attempt 1 to provision port e909da0b-9f33-4f79-a967-192b012a6565
2026-06-23 19:53:02.692 10 INFO neutron.plugins.ml2.plugin [None req-63070703-d56b-464a-a6ce-206a7a4f8545 - - - - - -] Attempt 1 to provision port 7567bcfb-b6a5-4840-99bb-c4ab6a35d390
2026-06-23 19:53:02.754 9 INFO neutron.plugins.ml2.plugin [None req-17887f11-4851-475a-af46-c39fc89c8615 - - - - - -] Attempt 1 to provision port 47178f06-15ef-4d5e-b9f2-120315d3c5d6
2026-06-23 19:53:02.976 9 INFO neutron.plugins.ml2.plugin [None req-80ba7e3c-7753-414c-aef3-58c3a667a35d - - - - - -] Attempt 1 to provision port e909da0b-9f33-4f79-a967-192b012a6565
2026-06-23 19:53:03.195 10 INFO neutron.plugins.ml2.plugin [None req-450d14d6-f3cd-4c9d-acbf-5c8cd8b88b3b - - - - - -] Attempt 1 to provision port 47178f06-15ef-4d5e-b9f2-120315d3c5d6
2026-06-23 19:53:03.337 10 INFO neutron.notifiers.nova [-] Nova event matching ['req-8f75bc1c-60d3-4469-8a19-d4936c9b47fd'] response: {'server_uuid': '0459c120-9a5c-4c55-ac03-15ec47c666e7', 'name': 'network-vif-plugged', 'status': 'completed', 'tag': '7567bcfb-b6a5-4840-99bb-c4ab6a35d390', 'code': 200}
2026-06-23 19:53:03.557 9 INFO neutron.plugins.ml2.plugin [None req-2c176c96-ed7b-43dc-b09b-5e69a897660b - - - - - -] Attempt 1 to provision port e909da0b-9f33-4f79-a967-192b012a6565
2026-06-23 19:53:03.842 9 INFO neutron.plugins.ml2.plugin [None req-5e57b69c-f1e1-4e9d-90f5-9d2d1add70e0 - - - - - -] Attempt 1 to provision port 30ca2f8d-01da-45e0-a8ce-1b64e15556a1
2026-06-23 19:53:04.168 10 INFO neutron.plugins.ml2.plugin [None req-63070703-d56b-464a-a6ce-206a7a4f8545 - - - - - -] Attempt 1 to provision port 47178f06-15ef-4d5e-b9f2-120315d3c5d6
2026-06-23 19:53:04.223 9 INFO neutron.plugins.ml2.plugin [None req-936cc73b-8195-426a-86fe-0f17aa1751a3 - - - - - -] Attempt 1 to provision port 6def2603-beec-4df6-8eae-449849c60cc4
2026-06-23 19:53:04.577 10 INFO neutron.plugins.ml2.plugin [None req-d1a0e2bf-8e04-4d57-b542-21a30ab4c674 - - - - - -] Attempt 1 to provision port 30ca2f8d-01da-45e0-a8ce-1b64e15556a1
2026-06-23 19:53:04.599 10 INFO neutron.plugins.ml2.plugin [None req-63070703-d56b-464a-a6ce-206a7a4f8545 - - - - - -] Attempt 1 to provision port e909da0b-9f33-4f79-a967-192b012a6565
2026-06-23 19:53:04.957 9 INFO neutron.plugins.ml2.plugin [None req-5b434b79-8f9e-4d04-b927-439817d4f323 - - - - - -] Attempt 1 to provision port 6def2603-beec-4df6-8eae-449849c60cc4
2026-06-23 19:53:05.045 10 INFO neutron.plugins.ml2.plugin [None req-63070703-d56b-464a-a6ce-206a7a4f8545 - - - - - -] Attempt 1 to provision port 7567bcfb-b6a5-4840-99bb-c4ab6a35d390
2026-06-23 19:53:05.615 10 INFO neutron.plugins.ml2.plugin [None req-0844cd74-f270-4cd3-8c32-9143298b545e - - - - - -] Attempt 1 to provision port 00fc77e7-2edd-4636-850c-4c6fd42ae172
2026-06-23 19:53:06.018 9 INFO neutron.plugins.ml2.plugin [None req-63070703-d56b-464a-a6ce-206a7a4f8545 - - - - - -] Attempt 1 to provision port 2d908bc4-30a8-482e-80c1-2a565fb5e2c3
2026-06-23 19:53:06.549 9 INFO neutron.plugins.ml2.plugin [None req-63070703-d56b-464a-a6ce-206a7a4f8545 - - - - - -] Attempt 1 to provision port 79bffd59-57e6-4783-9dc0-a3748b677d3c
2026-06-23 19:53:08.164 9 INFO neutron.plugins.ml2.plugin [None req-63070703-d56b-464a-a6ce-206a7a4f8545 - - - - - -] Attempt 1 to provision port 00fc77e7-2edd-4636-850c-4c6fd42ae172
2026-06-23 19:53:08.842 9 INFO neutron.notifiers.nova [-] Nova event matching ['req-8601bcd6-9405-49b9-9208-79e07921c508'] response: {'server_uuid': 'a4a5b2b9-40de-40d3-89b5-dbf548d30816', 'name': 'network-vif-plugged', 'status': 'completed', 'tag': '00fc77e7-2edd-4636-850c-4c6fd42ae172', 'code': 200}
2026-06-23 19:53:08.892 10 INFO neutron.plugins.ml2.plugin [None req-cfdc686f-8b9c-46b3-82ba-a130ae3f2f34 - - - - - -] Attempt 1 to provision port 5b8570b4-3ab4-43ee-93cd-212f74c1583e
2026-06-23 19:53:09.220 9 INFO neutron.plugins.ml2.plugin [None req-63070703-d56b-464a-a6ce-206a7a4f8545 - - - - - -] Attempt 1 to provision port 2d908bc4-30a8-482e-80c1-2a565fb5e2c3
2026-06-23 19:53:09.660 9 INFO neutron.plugins.ml2.plugin [None req-63070703-d56b-464a-a6ce-206a7a4f8545 - - - - - -] Attempt 1 to provision port 79bffd59-57e6-4783-9dc0-a3748b677d3c
2026-06-23 19:53:10.333 9 INFO neutron.plugins.ml2.plugin [None req-63070703-d56b-464a-a6ce-206a7a4f8545 - - - - - -] Attempt 1 to provision port 00fc77e7-2edd-4636-850c-4c6fd42ae172
2026-06-23 19:53:10.778 10 INFO neutron.plugins.ml2.plugin [None req-9d8253d6-03d9-4cf9-94aa-9b01138670d8 - - - - - -] Attempt 1 to provision port 58afd043-b5ae-4023-8d77-617de29ad546
2026-06-23 19:53:12.763 10 INFO neutron.plugins.ml2.plugin [None req-63070703-d56b-464a-a6ce-206a7a4f8545 - - - - - -] Attempt 1 to provision port 58afd043-b5ae-4023-8d77-617de29ad546
2026-06-23 19:53:12.961 10 INFO neutron.notifiers.nova [-] Nova event matching ['req-925397ae-23fc-4b23-b934-fc738a62633d'] response: {'server_uuid': '90d128f4-c369-48ce-a9ed-496d100cab08', 'name': 'network-vif-plugged', 'status': 'completed', 'tag': '58afd043-b5ae-4023-8d77-617de29ad546', 'code': 200}
2026-06-23 19:53:13.393 10 INFO neutron.plugins.ml2.plugin [None req-63070703-d56b-464a-a6ce-206a7a4f8545 - - - - - -] Attempt 1 to provision port 5b8570b4-3ab4-43ee-93cd-212f74c1583e
2026-06-23 19:53:14.383 9 INFO neutron.plugins.ml2.plugin [None req-63070703-d56b-464a-a6ce-206a7a4f8545 - - - - - -] Attempt 1 to provision port 58afd043-b5ae-4023-8d77-617de29ad546
2026-06-23 19:53:14.691 9 INFO neutron.plugins.ml2.plugin [None req-63070703-d56b-464a-a6ce-206a7a4f8545 - - - - - -] Attempt 1 to provision port 5b8570b4-3ab4-43ee-93cd-212f74c1583e
2026-06-23 19:53:15.015 10 INFO neutron.notifiers.nova [-] Nova event matching ['req-4d31a578-b4fd-4f40-b893-e86742369f9d'] response: {'server_uuid': 'e136df92-ac75-4261-8417-fc8d14f1b948', 'name': 'network-vif-plugged', 'status': 'completed', 'tag': '5b8570b4-3ab4-43ee-93cd-212f74c1583e', 'code': 200}
2026-06-23 19:53:18.675 10 INFO neutron.notifiers.nova [-] Nova event matching ['req-72c7544b-e0ba-4708-bc47-ac01e826607c'] response: {'server_uuid': 'e136df92-ac75-4261-8417-fc8d14f1b948', 'name': 'network-vif-unplugged', 'status': 'completed', 'tag': '5b8570b4-3ab4-43ee-93cd-212f74c1583e', 'code': 200} /var/lib/openstack/lib/python3.10/site-packages/oslo_db/sqlalchemy/enginefacade.py:676: SAWarning: DELETE statement on table 'portsecuritybindings' expected to delete 1 row(s); 0 were matched. Please set confirm_deleted_rows=False within the mapper configuration to prevent this warning. self.session.flush() /var/lib/openstack/lib/python3.10/site-packages/oslo_db/sqlalchemy/enginefacade.py:676: SAWarning: DELETE statement on table 'ml2_port_bindings' expected to delete 1 row(s); 0 were matched. Please set confirm_deleted_rows=False within the mapper configuration to prevent this warning. self.session.flush() /var/lib/openstack/lib/python3.10/site-packages/oslo_db/sqlalchemy/enginefacade.py:676: SAWarning: DELETE statement on table 'ml2_port_binding_levels' expected to delete 1 row(s); 0 were matched. Please set confirm_deleted_rows=False within the mapper configuration to prevent this warning. self.session.flush() /var/lib/openstack/lib/python3.10/site-packages/oslo_db/sqlalchemy/enginefacade.py:676: SAWarning: DELETE statement on table 'ports' expected to delete 1 row(s); 0 were matched. Please set confirm_deleted_rows=False within the mapper configuration to prevent this warning. self.session.flush()
2026-06-23 19:53:20.370 9 INFO neutron.plugins.ml2.plugin [None req-63070703-d56b-464a-a6ce-206a7a4f8545 - - - - - -] Attempt 1 to provision port 85021c98-ac56-4ba6-b06e-2d1d5b49b138
2026-06-23 19:53:20.762 9 INFO neutron.plugins.ml2.plugin [None req-63070703-d56b-464a-a6ce-206a7a4f8545 - - - - - -] Attempt 1 to provision port 03005988-a561-4648-ae77-2b4f9b17cd86
2026-06-23 19:53:22.497 9 INFO neutron.plugins.ml2.plugin [None req-63070703-d56b-464a-a6ce-206a7a4f8545 - - - - - -] Attempt 1 to provision port 85021c98-ac56-4ba6-b06e-2d1d5b49b138
2026-06-23 19:53:22.868 9 INFO neutron.plugins.ml2.plugin [None req-63070703-d56b-464a-a6ce-206a7a4f8545 - - - - - -] Attempt 1 to provision port 03005988-a561-4648-ae77-2b4f9b17cd86
2026-06-23 19:53:23.955 10 INFO neutron.plugins.ml2.plugin [None req-c552f756-ba96-4f03-a2fd-511247958fcf - - - - - -] Attempt 1 to provision port 7567bcfb-b6a5-4840-99bb-c4ab6a35d390
2026-06-23 19:53:24.307 9 INFO neutron.plugins.ml2.plugin [None req-63070703-d56b-464a-a6ce-206a7a4f8545 - - - - - -] Attempt 1 to provision port 7567bcfb-b6a5-4840-99bb-c4ab6a35d390
2026-06-23 19:53:25.978 9 INFO neutron.plugins.ml2.plugin [None req-827afa0a-e18e-476c-a1d3-c423b6e439ba - - - - - -] Attempt 1 to provision port 7567bcfb-b6a5-4840-99bb-c4ab6a35d390
2026-06-23 19:53:26.471 10 INFO neutron.plugins.ml2.plugin [None req-63070703-d56b-464a-a6ce-206a7a4f8545 - - - - - -] Attempt 1 to provision port 7567bcfb-b6a5-4840-99bb-c4ab6a35d390
2026-06-23 19:53:27.987 9 INFO neutron.plugins.ml2.plugin [None req-6cfceac2-ff89-4f03-8532-bb104ebab989 - - - - - -] Attempt 1 to provision port 0afd8a47-6233-4cb0-a5c7-890c4e7ca174
2026-06-23 19:53:28.355 10 INFO neutron.plugins.ml2.plugin [None req-63070703-d56b-464a-a6ce-206a7a4f8545 - - - - - -] Attempt 1 to provision port 4a4e371b-f177-481e-acc4-e0b55f8c3a32
2026-06-23 19:53:30.366 10 INFO neutron.plugins.ml2.plugin [None req-63070703-d56b-464a-a6ce-206a7a4f8545 - - - - - -] Attempt 1 to provision port 4a4e371b-f177-481e-acc4-e0b55f8c3a32
2026-06-23 19:53:30.771 10 INFO neutron.plugins.ml2.plugin [None req-47f46803-73d5-4b8f-8466-660ff231088b - - - - - -] Attempt 1 to provision port 4a4e371b-f177-481e-acc4-e0b55f8c3a32
2026-06-23 19:53:31.054 9 INFO neutron.plugins.ml2.plugin [None req-bc6e4a7c-c938-49f9-9949-cbda5911d731 - - - - - -] Attempt 1 to provision port d9af806b-fdf6-4e5c-94bc-c90e3bf76241
2026-06-23 19:53:31.096 9 INFO neutron.plugins.ml2.plugin [None req-bc6e4a7c-c938-49f9-9949-cbda5911d731 - - - - - -] Attempt 1 to provision port 4a4e371b-f177-481e-acc4-e0b55f8c3a32
2026-06-23 19:53:31.293 10 INFO neutron.plugins.ml2.plugin [None req-0960d002-c1ed-4764-abf3-361c762d0399 - - - - - -] Attempt 1 to provision port d9af806b-fdf6-4e5c-94bc-c90e3bf76241
2026-06-23 19:53:31.537 9 INFO neutron.plugins.ml2.plugin [None req-697ef173-a196-418d-b72c-0db6478d0bb3 - - - - - -] Attempt 1 to provision port d9af806b-fdf6-4e5c-94bc-c90e3bf76241
2026-06-23 19:53:32.406 10 INFO neutron.plugins.ml2.plugin [None req-63070703-d56b-464a-a6ce-206a7a4f8545 - - - - - -] Attempt 1 to provision port 3ef7d4e5-06f9-4d05-aaec-27fa11539182
