2026-06-23 19:52:50.816 7 INFO cinder.api.openstack.wsgi [None req-75132e9e-09b7-40df-bedd-2893fc5a2c21 48b568d0ff87417c8340bc2a03193b59 3c57d90ffe0f4826a3f2d7be642895e5 - - default default] GET http://cinder-api.openstack.svc.cluster.local:8776/v3/3c57d90ffe0f4826a3f2d7be642895e5/os-quota-sets/3c57d90ffe0f4826a3f2d7be642895e5?usage=true
2026-06-23 19:52:50.860 7 INFO cinder.api.openstack.wsgi [None req-75132e9e-09b7-40df-bedd-2893fc5a2c21 48b568d0ff87417c8340bc2a03193b59 3c57d90ffe0f4826a3f2d7be642895e5 - - default default] http://cinder-api.openstack.svc.cluster.local:8776/v3/3c57d90ffe0f4826a3f2d7be642895e5/os-quota-sets/3c57d90ffe0f4826a3f2d7be642895e5?usage=true returned with HTTP 200 [pid: 7|app: 0|req: 345/695] 10.0.0.126 () {28 vars in 735 bytes} [Tue Jun 23 19:52:50 2026] GET /v3/3c57d90ffe0f4826a3f2d7be642895e5/os-quota-sets/3c57d90ffe0f4826a3f2d7be642895e5?usage=true => generated 845 bytes in 52 msecs (HTTP/1.1 200) 7 headers in 285 bytes (1 switches on core 0)
2026-06-23 19:52:50.878 8 INFO cinder.api.openstack.wsgi [None req-009b956d-57a9-4755-9239-e2d44d9bda22 48b568d0ff87417c8340bc2a03193b59 3c57d90ffe0f4826a3f2d7be642895e5 - - default default] GET http://cinder-api.openstack.svc.cluster.local:8776/v3/3c57d90ffe0f4826a3f2d7be642895e5/os-quota-sets/b6e31292872f4bc6935bf6008b7da81d?usage=true
2026-06-23 19:52:50.931 8 INFO cinder.api.openstack.wsgi [None req-009b956d-57a9-4755-9239-e2d44d9bda22 48b568d0ff87417c8340bc2a03193b59 3c57d90ffe0f4826a3f2d7be642895e5 - - default default] http://cinder-api.openstack.svc.cluster.local:8776/v3/3c57d90ffe0f4826a3f2d7be642895e5/os-quota-sets/b6e31292872f4bc6935bf6008b7da81d?usage=true returned with HTTP 200 [pid: 8|app: 0|req: 351/696] 10.0.0.126 () {28 vars in 735 bytes} [Tue Jun 23 19:52:50 2026] GET /v3/3c57d90ffe0f4826a3f2d7be642895e5/os-quota-sets/b6e31292872f4bc6935bf6008b7da81d?usage=true => generated 847 bytes in 66 msecs (HTTP/1.1 200) 7 headers in 285 bytes (1 switches on core 0)
2026-06-23 19:52:50.950 7 INFO cinder.api.openstack.wsgi [None req-648020ad-7a66-44db-8008-47fa1e56f1a0 48b568d0ff87417c8340bc2a03193b59 3c57d90ffe0f4826a3f2d7be642895e5 - - default default] GET http://cinder-api.openstack.svc.cluster.local:8776/v3/3c57d90ffe0f4826a3f2d7be642895e5/os-quota-sets/bd369462ac734d38b5a349671ab6e55b?usage=true
2026-06-23 19:52:50.999 7 INFO cinder.api.openstack.wsgi [None req-648020ad-7a66-44db-8008-47fa1e56f1a0 48b568d0ff87417c8340bc2a03193b59 3c57d90ffe0f4826a3f2d7be642895e5 - - default default] http://cinder-api.openstack.svc.cluster.local:8776/v3/3c57d90ffe0f4826a3f2d7be642895e5/os-quota-sets/bd369462ac734d38b5a349671ab6e55b?usage=true returned with HTTP 200 [pid: 7|app: 0|req: 346/697] 10.0.0.126 () {28 vars in 735 bytes} [Tue Jun 23 19:52:50 2026] GET /v3/3c57d90ffe0f4826a3f2d7be642895e5/os-quota-sets/bd369462ac734d38b5a349671ab6e55b?usage=true => generated 847 bytes in 61 msecs (HTTP/1.1 200) 7 headers in 285 bytes (1 switches on core 0)
2026-06-23 19:52:51.015 8 INFO cinder.api.openstack.wsgi [None req-e0f55992-3f9f-4229-b9fe-af95f2a3e682 48b568d0ff87417c8340bc2a03193b59 3c57d90ffe0f4826a3f2d7be642895e5 - - default default] GET http://cinder-api.openstack.svc.cluster.local:8776/v3/3c57d90ffe0f4826a3f2d7be642895e5/os-quota-sets/e3a09ba91c074f968af0fa33f20851a1?usage=true
2026-06-23 19:52:51.067 8 INFO cinder.api.openstack.wsgi [None req-e0f55992-3f9f-4229-b9fe-af95f2a3e682 48b568d0ff87417c8340bc2a03193b59 3c57d90ffe0f4826a3f2d7be642895e5 - - default default] http://cinder-api.openstack.svc.cluster.local:8776/v3/3c57d90ffe0f4826a3f2d7be642895e5/os-quota-sets/e3a09ba91c074f968af0fa33f20851a1?usage=true returned with HTTP 200 [pid: 8|app: 0|req: 352/698] 10.0.0.126 () {28 vars in 735 bytes} [Tue Jun 23 19:52:51 2026] GET /v3/3c57d90ffe0f4826a3f2d7be642895e5/os-quota-sets/e3a09ba91c074f968af0fa33f20851a1?usage=true => generated 847 bytes in 63 msecs (HTTP/1.1 200) 7 headers in 285 bytes (1 switches on core 0)
2026-06-23 19:52:51.081 7 INFO cinder.api.openstack.wsgi [None req-928cab46-eb96-4944-bb2a-b6fc2c75cc8b 48b568d0ff87417c8340bc2a03193b59 3c57d90ffe0f4826a3f2d7be642895e5 - - default default] GET http://cinder-api.openstack.svc.cluster.local:8776/v3/3c57d90ffe0f4826a3f2d7be642895e5/os-quota-sets/f15ba352f2624d68b11950b4746ab646?usage=true
2026-06-23 19:52:51.143 7 INFO cinder.api.openstack.wsgi [None req-928cab46-eb96-4944-bb2a-b6fc2c75cc8b 48b568d0ff87417c8340bc2a03193b59 3c57d90ffe0f4826a3f2d7be642895e5 - - default default] http://cinder-api.openstack.svc.cluster.local:8776/v3/3c57d90ffe0f4826a3f2d7be642895e5/os-quota-sets/f15ba352f2624d68b11950b4746ab646?usage=true returned with HTTP 200 [pid: 7|app: 0|req: 347/699] 10.0.0.126 () {28 vars in 735 bytes} [Tue Jun 23 19:52:51 2026] GET /v3/3c57d90ffe0f4826a3f2d7be642895e5/os-quota-sets/f15ba352f2624d68b11950b4746ab646?usage=true => generated 847 bytes in 70 msecs (HTTP/1.1 200) 7 headers in 285 bytes (1 switches on core 0)
2026-06-23 19:52:51.157 8 INFO cinder.api.openstack.wsgi [None req-35b576c8-d434-47de-b7cd-5cde8067119d 48b568d0ff87417c8340bc2a03193b59 3c57d90ffe0f4826a3f2d7be642895e5 - - default default] GET http://cinder-api.openstack.svc.cluster.local:8776/v3/3c57d90ffe0f4826a3f2d7be642895e5/os-quota-sets/f29a7a6e712a4b0b9b106fb887cb422d?usage=true
2026-06-23 19:52:51.201 8 INFO cinder.api.openstack.wsgi [None req-35b576c8-d434-47de-b7cd-5cde8067119d 48b568d0ff87417c8340bc2a03193b59 3c57d90ffe0f4826a3f2d7be642895e5 - - default default] http://cinder-api.openstack.svc.cluster.local:8776/v3/3c57d90ffe0f4826a3f2d7be642895e5/os-quota-sets/f29a7a6e712a4b0b9b106fb887cb422d?usage=true returned with HTTP 200 [pid: 8|app: 0|req: 353/700] 10.0.0.126 () {28 vars in 735 bytes} [Tue Jun 23 19:52:51 2026] GET /v3/3c57d90ffe0f4826a3f2d7be642895e5/os-quota-sets/f29a7a6e712a4b0b9b106fb887cb422d?usage=true => generated 845 bytes in 51 msecs (HTTP/1.1 200) 7 headers in 285 bytes (1 switches on core 0)
2026-06-23 19:52:51.215 7 INFO cinder.api.openstack.wsgi [None req-1ae6dc14-f544-48d1-afc4-1fb9b8c3a004 48b568d0ff87417c8340bc2a03193b59 3c57d90ffe0f4826a3f2d7be642895e5 - - default default] GET http://cinder-api.openstack.svc.cluster.local:8776/v3/3c57d90ffe0f4826a3f2d7be642895e5/os-quota-sets/f825522b1b0041688144a341b91a5b20?usage=true
2026-06-23 19:52:51.246 7 INFO cinder.api.openstack.wsgi [None req-1ae6dc14-f544-48d1-afc4-1fb9b8c3a004 48b568d0ff87417c8340bc2a03193b59 3c57d90ffe0f4826a3f2d7be642895e5 - - default default] http://cinder-api.openstack.svc.cluster.local:8776/v3/3c57d90ffe0f4826a3f2d7be642895e5/os-quota-sets/f825522b1b0041688144a341b91a5b20?usage=true returned with HTTP 200 [pid: 7|app: 0|req: 348/701] 10.0.0.126 () {28 vars in 735 bytes} [Tue Jun 23 19:52:51 2026] GET /v3/3c57d90ffe0f4826a3f2d7be642895e5/os-quota-sets/f825522b1b0041688144a341b91a5b20?usage=true => generated 847 bytes in 40 msecs (HTTP/1.1 200) 7 headers in 285 bytes (1 switches on core 0)
2026-06-23 19:52:51.258 8 INFO cinder.api.openstack.wsgi [None req-f8337f0e-c9fd-45db-a273-6c429e7abed6 48b568d0ff87417c8340bc2a03193b59 3c57d90ffe0f4826a3f2d7be642895e5 - - default default] GET http://cinder-api.openstack.svc.cluster.local:8776/v3/3c57d90ffe0f4826a3f2d7be642895e5/os-services
2026-06-23 19:52:51.271 8 INFO cinder.api.openstack.wsgi [None req-f8337f0e-c9fd-45db-a273-6c429e7abed6 48b568d0ff87417c8340bc2a03193b59 3c57d90ffe0f4826a3f2d7be642895e5 - - default default] http://cinder-api.openstack.svc.cluster.local:8776/v3/3c57d90ffe0f4826a3f2d7be642895e5/os-services returned with HTTP 200 [pid: 8|app: 0|req: 354/702] 10.0.0.126 () {28 vars in 644 bytes} [Tue Jun 23 19:52:51 2026] GET /v3/3c57d90ffe0f4826a3f2d7be642895e5/os-services => generated 646 bytes in 19 msecs (HTTP/1.1 200) 7 headers in 285 bytes (1 switches on core 0)
2026-06-23 19:52:51.280 7 INFO cinder.api.openstack.wsgi [None req-7a71944f-7ff0-4b8c-9416-4273224417be 48b568d0ff87417c8340bc2a03193b59 3c57d90ffe0f4826a3f2d7be642895e5 - - default default] GET http://cinder-api.openstack.svc.cluster.local:8776/v3/3c57d90ffe0f4826a3f2d7be642895e5/volumes/detail?all_tenants=true
2026-06-23 19:52:51.305 7 INFO cinder.volume.api [None req-7a71944f-7ff0-4b8c-9416-4273224417be 48b568d0ff87417c8340bc2a03193b59 3c57d90ffe0f4826a3f2d7be642895e5 - - default default] Get all volumes completed successfully.
2026-06-23 19:52:51.308 7 INFO cinder.api.openstack.wsgi [None req-7a71944f-7ff0-4b8c-9416-4273224417be 48b568d0ff87417c8340bc2a03193b59 3c57d90ffe0f4826a3f2d7be642895e5 - - default default] http://cinder-api.openstack.svc.cluster.local:8776/v3/3c57d90ffe0f4826a3f2d7be642895e5/volumes/detail?all_tenants=true returned with HTTP 200 [pid: 7|app: 0|req: 349/703] 10.0.0.126 () {28 vars in 683 bytes} [Tue Jun 23 19:52:51 2026] GET /v3/3c57d90ffe0f4826a3f2d7be642895e5/volumes/detail?all_tenants=true => generated 15 bytes in 34 msecs (HTTP/1.1 200) 7 headers in 284 bytes (1 switches on core 0)
2026-06-23 19:52:51.326 8 INFO cinder.api.openstack.wsgi [None req-b6f8470d-13d9-4344-83f0-28de0ea74eb1 48b568d0ff87417c8340bc2a03193b59 3c57d90ffe0f4826a3f2d7be642895e5 - - default default] GET http://cinder-api.openstack.svc.cluster.local:8776/v3/3c57d90ffe0f4826a3f2d7be642895e5/volumes/detail?all_tenants=true
2026-06-23 19:52:51.348 8 INFO cinder.volume.api [None req-b6f8470d-13d9-4344-83f0-28de0ea74eb1 48b568d0ff87417c8340bc2a03193b59 3c57d90ffe0f4826a3f2d7be642895e5 - - default default] Get all volumes completed successfully.
2026-06-23 19:52:51.352 8 INFO cinder.api.openstack.wsgi [None req-b6f8470d-13d9-4344-83f0-28de0ea74eb1 48b568d0ff87417c8340bc2a03193b59 3c57d90ffe0f4826a3f2d7be642895e5 - - default default] http://cinder-api.openstack.svc.cluster.local:8776/v3/3c57d90ffe0f4826a3f2d7be642895e5/volumes/detail?all_tenants=true returned with HTTP 200 [pid: 8|app: 0|req: 355/704] 10.0.0.126 () {28 vars in 683 bytes} [Tue Jun 23 19:52:51 2026] GET /v3/3c57d90ffe0f4826a3f2d7be642895e5/volumes/detail?all_tenants=true => generated 15 bytes in 31 msecs (HTTP/1.1 200) 7 headers in 284 bytes (1 switches on core 0)
2026-06-23 19:53:00.535 7 INFO cinder.api.openstack.wsgi [None req-7a71944f-7ff0-4b8c-9416-4273224417be 48b568d0ff87417c8340bc2a03193b59 3c57d90ffe0f4826a3f2d7be642895e5 - - default default] GET http://10.0.0.78:8776/
2026-06-23 19:53:00.536 7 INFO cinder.api.openstack.wsgi [None req-7a71944f-7ff0-4b8c-9416-4273224417be 48b568d0ff87417c8340bc2a03193b59 3c57d90ffe0f4826a3f2d7be642895e5 - - default default] http://10.0.0.78:8776/ returned with HTTP 300
2026-06-23 19:53:00.536 8 INFO cinder.api.openstack.wsgi [None req-b6f8470d-13d9-4344-83f0-28de0ea74eb1 48b568d0ff87417c8340bc2a03193b59 3c57d90ffe0f4826a3f2d7be642895e5 - - default default] GET http://10.0.0.78:8776/
2026-06-23 19:53:00.538 8 INFO cinder.api.openstack.wsgi [None req-b6f8470d-13d9-4344-83f0-28de0ea74eb1 48b568d0ff87417c8340bc2a03193b59 3c57d90ffe0f4826a3f2d7be642895e5 - - default default] http://10.0.0.78:8776/ returned with HTTP 300
2026-06-23 19:53:10.532 7 INFO cinder.api.openstack.wsgi [None req-7a71944f-7ff0-4b8c-9416-4273224417be 48b568d0ff87417c8340bc2a03193b59 3c57d90ffe0f4826a3f2d7be642895e5 - - default default] GET http://10.0.0.78:8776/
2026-06-23 19:53:10.533 8 INFO cinder.api.openstack.wsgi [None req-b6f8470d-13d9-4344-83f0-28de0ea74eb1 48b568d0ff87417c8340bc2a03193b59 3c57d90ffe0f4826a3f2d7be642895e5 - - default default] GET http://10.0.0.78:8776/
2026-06-23 19:53:10.533 8 INFO cinder.api.openstack.wsgi [None req-b6f8470d-13d9-4344-83f0-28de0ea74eb1 48b568d0ff87417c8340bc2a03193b59 3c57d90ffe0f4826a3f2d7be642895e5 - - default default] http://10.0.0.78:8776/ returned with HTTP 300
2026-06-23 19:53:10.533 7 INFO cinder.api.openstack.wsgi [None req-7a71944f-7ff0-4b8c-9416-4273224417be 48b568d0ff87417c8340bc2a03193b59 3c57d90ffe0f4826a3f2d7be642895e5 - - default default] http://10.0.0.78:8776/ returned with HTTP 300
2026-06-23 19:53:20.533 7 INFO cinder.api.openstack.wsgi [None req-7a71944f-7ff0-4b8c-9416-4273224417be 48b568d0ff87417c8340bc2a03193b59 3c57d90ffe0f4826a3f2d7be642895e5 - - default default] GET http://10.0.0.78:8776/
2026-06-23 19:53:20.533 8 INFO cinder.api.openstack.wsgi [None req-b6f8470d-13d9-4344-83f0-28de0ea74eb1 48b568d0ff87417c8340bc2a03193b59 3c57d90ffe0f4826a3f2d7be642895e5 - - default default] GET http://10.0.0.78:8776/
2026-06-23 19:53:20.534 7 INFO cinder.api.openstack.wsgi [None req-7a71944f-7ff0-4b8c-9416-4273224417be 48b568d0ff87417c8340bc2a03193b59 3c57d90ffe0f4826a3f2d7be642895e5 - - default default] http://10.0.0.78:8776/ returned with HTTP 300
2026-06-23 19:53:20.535 8 INFO cinder.api.openstack.wsgi [None req-b6f8470d-13d9-4344-83f0-28de0ea74eb1 48b568d0ff87417c8340bc2a03193b59 3c57d90ffe0f4826a3f2d7be642895e5 - - default default] http://10.0.0.78:8776/ returned with HTTP 300
2026-06-23 19:53:30.533 7 INFO cinder.api.openstack.wsgi [None req-7a71944f-7ff0-4b8c-9416-4273224417be 48b568d0ff87417c8340bc2a03193b59 3c57d90ffe0f4826a3f2d7be642895e5 - - default default] GET http://10.0.0.78:8776/
2026-06-23 19:53:30.534 8 INFO cinder.api.openstack.wsgi [None req-b6f8470d-13d9-4344-83f0-28de0ea74eb1 48b568d0ff87417c8340bc2a03193b59 3c57d90ffe0f4826a3f2d7be642895e5 - - default default] GET http://10.0.0.78:8776/
2026-06-23 19:53:30.535 7 INFO cinder.api.openstack.wsgi [None req-7a71944f-7ff0-4b8c-9416-4273224417be 48b568d0ff87417c8340bc2a03193b59 3c57d90ffe0f4826a3f2d7be642895e5 - - default default] http://10.0.0.78:8776/ returned with HTTP 300
2026-06-23 19:53:30.535 8 INFO cinder.api.openstack.wsgi [None req-b6f8470d-13d9-4344-83f0-28de0ea74eb1 48b568d0ff87417c8340bc2a03193b59 3c57d90ffe0f4826a3f2d7be642895e5 - - default default] http://10.0.0.78:8776/ returned with HTTP 300
2026-06-23 19:53:40.534 8 INFO cinder.api.openstack.wsgi [None req-b6f8470d-13d9-4344-83f0-28de0ea74eb1 48b568d0ff87417c8340bc2a03193b59 3c57d90ffe0f4826a3f2d7be642895e5 - - default default] GET http://10.0.0.78:8776/
2026-06-23 19:53:40.534 7 INFO cinder.api.openstack.wsgi [None req-7a71944f-7ff0-4b8c-9416-4273224417be 48b568d0ff87417c8340bc2a03193b59 3c57d90ffe0f4826a3f2d7be642895e5 - - default default] GET http://10.0.0.78:8776/
2026-06-23 19:53:40.535 8 INFO cinder.api.openstack.wsgi [None req-b6f8470d-13d9-4344-83f0-28de0ea74eb1 48b568d0ff87417c8340bc2a03193b59 3c57d90ffe0f4826a3f2d7be642895e5 - - default default] http://10.0.0.78:8776/ returned with HTTP 300
2026-06-23 19:53:40.535 7 INFO cinder.api.openstack.wsgi [None req-7a71944f-7ff0-4b8c-9416-4273224417be 48b568d0ff87417c8340bc2a03193b59 3c57d90ffe0f4826a3f2d7be642895e5 - - default default] http://10.0.0.78:8776/ returned with HTTP 300
2026-06-23 19:53:45.170 8 INFO cinder.api.openstack.wsgi [None req-14574cec-e7c0-4a38-8321-683a621ce022 e9b0b0a17d964802b96306d2df13b0d9 2fee2bfd13444a308ff8e2035771a26c - - default default] POST http://cinder-api.openstack.svc.cluster.local:8776/v3/2fee2bfd13444a308ff8e2035771a26c/volumes
2026-06-23 19:53:45.815 8 INFO cinder.api.v3.volumes [None req-14574cec-e7c0-4a38-8321-683a621ce022 e9b0b0a17d964802b96306d2df13b0d9 2fee2bfd13444a308ff8e2035771a26c - - default default] Create volume of 1 GB
2026-06-23 19:53:45.829 8 INFO cinder.volume.api [None req-14574cec-e7c0-4a38-8321-683a621ce022 e9b0b0a17d964802b96306d2df13b0d9 2fee2bfd13444a308ff8e2035771a26c - - default default] Availability Zones retrieved successfully. /var/lib/openstack/lib/python3.10/site-packages/taskflow/engines/action_engine/process_executor.py:17: DeprecationWarning: The asyncore module is deprecated and will be removed in Python 3.12. The recommended replacement is asyncio import asyncore
2026-06-23 19:53:46.185 8 INFO cinder.volume.api [None req-14574cec-e7c0-4a38-8321-683a621ce022 e9b0b0a17d964802b96306d2df13b0d9 2fee2bfd13444a308ff8e2035771a26c - - default default] Create volume request issued successfully.
2026-06-23 19:53:46.186 8 INFO cinder.api.openstack.wsgi [None req-14574cec-e7c0-4a38-8321-683a621ce022 e9b0b0a17d964802b96306d2df13b0d9 2fee2bfd13444a308ff8e2035771a26c - - default default] http://cinder-api.openstack.svc.cluster.local:8776/v3/2fee2bfd13444a308ff8e2035771a26c/volumes returned with HTTP 202 [pid: 8|app: 0|req: 361/715] 10.0.0.163 () {34 vars in 722 bytes} [Tue Jun 23 19:53:45 2026] POST /v3/2fee2bfd13444a308ff8e2035771a26c/volumes => generated 864 bytes in 1023 msecs (HTTP/1.1 202) 7 headers in 291 bytes (1 switches on core 0)
2026-06-23 19:53:46.215 7 INFO cinder.api.openstack.wsgi [None req-e31e31c2-e0ae-45af-9d43-269d41649fef e9b0b0a17d964802b96306d2df13b0d9 2fee2bfd13444a308ff8e2035771a26c - - default default] GET http://cinder-api.openstack.svc.cluster.local:8776/v3/2fee2bfd13444a308ff8e2035771a26c/volumes/6a49467d-e899-4ae8-809e-43048f4a6b1c /var/lib/openstack/lib/python3.10/site-packages/oslo_context/context.py:100: DeprecationWarning: Policy enforcement is depending on the value of is_admin. This key is deprecated. Please update your policy file to use the standard policy values. warnings.warn('Policy enforcement is depending on the value of '
2026-06-23 19:53:46.256 7 INFO cinder.volume.api [None req-e31e31c2-e0ae-45af-9d43-269d41649fef e9b0b0a17d964802b96306d2df13b0d9 2fee2bfd13444a308ff8e2035771a26c - - default default] Volume info retrieved successfully.
2026-06-23 19:53:46.266 7 INFO cinder.api.openstack.wsgi [None req-e31e31c2-e0ae-45af-9d43-269d41649fef e9b0b0a17d964802b96306d2df13b0d9 2fee2bfd13444a308ff8e2035771a26c - - default default] http://cinder-api.openstack.svc.cluster.local:8776/v3/2fee2bfd13444a308ff8e2035771a26c/volumes/6a49467d-e899-4ae8-809e-43048f4a6b1c returned with HTTP 200 [pid: 7|app: 0|req: 355/716] 10.0.0.163 () {32 vars in 774 bytes} [Tue Jun 23 19:53:46 2026] GET /v3/2fee2bfd13444a308ff8e2035771a26c/volumes/6a49467d-e899-4ae8-809e-43048f4a6b1c => generated 932 bytes in 66 msecs (HTTP/1.1 200) 7 headers in 285 bytes (1 switches on core 0) /var/lib/openstack/lib/python3.10/site-packages/pycadf/identifier.py:71: UserWarning: Invalid uuid: cinderv3. To ensure interoperability, identifiers should be a valid uuid. warnings.warn(('Invalid uuid: %s. To ensure interoperability, '
2026-06-23 19:53:47.288 8 INFO cinder.api.openstack.wsgi [None req-33db7831-c0ed-4c68-94b2-8f6582b4e5e8 e9b0b0a17d964802b96306d2df13b0d9 2fee2bfd13444a308ff8e2035771a26c - - default default] GET http://cinder-api.openstack.svc.cluster.local:8776/v3/2fee2bfd13444a308ff8e2035771a26c/volumes/6a49467d-e899-4ae8-809e-43048f4a6b1c /var/lib/openstack/lib/python3.10/site-packages/oslo_context/context.py:100: DeprecationWarning: Policy enforcement is depending on the value of is_admin. This key is deprecated. Please update your policy file to use the standard policy values. warnings.warn('Policy enforcement is depending on the value of '
2026-06-23 19:53:47.312 8 INFO cinder.volume.api [None req-33db7831-c0ed-4c68-94b2-8f6582b4e5e8 e9b0b0a17d964802b96306d2df13b0d9 2fee2bfd13444a308ff8e2035771a26c - - default default] Volume info retrieved successfully.
2026-06-23 19:53:47.320 8 INFO cinder.api.openstack.wsgi [None req-33db7831-c0ed-4c68-94b2-8f6582b4e5e8 e9b0b0a17d964802b96306d2df13b0d9 2fee2bfd13444a308ff8e2035771a26c - - default default] http://cinder-api.openstack.svc.cluster.local:8776/v3/2fee2bfd13444a308ff8e2035771a26c/volumes/6a49467d-e899-4ae8-809e-43048f4a6b1c returned with HTTP 200 [pid: 8|app: 0|req: 362/717] 10.0.0.163 () {32 vars in 774 bytes} [Tue Jun 23 19:53:47 2026] GET /v3/2fee2bfd13444a308ff8e2035771a26c/volumes/6a49467d-e899-4ae8-809e-43048f4a6b1c => generated 956 bytes in 38 msecs (HTTP/1.1 200) 7 headers in 285 bytes (1 switches on core 0) /var/lib/openstack/lib/python3.10/site-packages/pycadf/identifier.py:71: UserWarning: Invalid uuid: cinderv3. To ensure interoperability, identifiers should be a valid uuid. warnings.warn(('Invalid uuid: %s. To ensure interoperability, '
2026-06-23 19:53:48.343 7 INFO cinder.api.openstack.wsgi [None req-afbcc34c-c0d7-49e7-98c3-d466dec7b1bc e9b0b0a17d964802b96306d2df13b0d9 2fee2bfd13444a308ff8e2035771a26c - - default default] GET http://cinder-api.openstack.svc.cluster.local:8776/v3/2fee2bfd13444a308ff8e2035771a26c/volumes/6a49467d-e899-4ae8-809e-43048f4a6b1c /var/lib/openstack/lib/python3.10/site-packages/oslo_context/context.py:100: DeprecationWarning: Policy enforcement is depending on the value of is_admin. This key is deprecated. Please update your policy file to use the standard policy values. warnings.warn('Policy enforcement is depending on the value of '
2026-06-23 19:53:48.361 7 INFO cinder.volume.api [None req-afbcc34c-c0d7-49e7-98c3-d466dec7b1bc e9b0b0a17d964802b96306d2df13b0d9 2fee2bfd13444a308ff8e2035771a26c - - default default] Volume info retrieved successfully.
2026-06-23 19:53:48.367 7 INFO cinder.api.openstack.wsgi [None req-afbcc34c-c0d7-49e7-98c3-d466dec7b1bc e9b0b0a17d964802b96306d2df13b0d9 2fee2bfd13444a308ff8e2035771a26c - - default default] http://cinder-api.openstack.svc.cluster.local:8776/v3/2fee2bfd13444a308ff8e2035771a26c/volumes/6a49467d-e899-4ae8-809e-43048f4a6b1c returned with HTTP 200 [pid: 7|app: 0|req: 356/718] 10.0.0.163 () {32 vars in 774 bytes} [Tue Jun 23 19:53:48 2026] GET /v3/2fee2bfd13444a308ff8e2035771a26c/volumes/6a49467d-e899-4ae8-809e-43048f4a6b1c => generated 956 bytes in 30 msecs (HTTP/1.1 200) 7 headers in 285 bytes (1 switches on core 0) /var/lib/openstack/lib/python3.10/site-packages/pycadf/identifier.py:71: UserWarning: Invalid uuid: cinderv3. To ensure interoperability, identifiers should be a valid uuid. warnings.warn(('Invalid uuid: %s. To ensure interoperability, '
2026-06-23 19:53:49.387 8 INFO cinder.api.openstack.wsgi [None req-a9194f48-efdf-4056-a743-34cf80d8245c e9b0b0a17d964802b96306d2df13b0d9 2fee2bfd13444a308ff8e2035771a26c - - default default] GET http://cinder-api.openstack.svc.cluster.local:8776/v3/2fee2bfd13444a308ff8e2035771a26c/volumes/6a49467d-e899-4ae8-809e-43048f4a6b1c /var/lib/openstack/lib/python3.10/site-packages/oslo_context/context.py:100: DeprecationWarning: Policy enforcement is depending on the value of is_admin. This key is deprecated. Please update your policy file to use the standard policy values. warnings.warn('Policy enforcement is depending on the value of '
2026-06-23 19:53:49.419 8 INFO cinder.volume.api [None req-a9194f48-efdf-4056-a743-34cf80d8245c e9b0b0a17d964802b96306d2df13b0d9 2fee2bfd13444a308ff8e2035771a26c - - default default] Volume info retrieved successfully.
2026-06-23 19:53:49.428 8 INFO cinder.api.openstack.wsgi [None req-a9194f48-efdf-4056-a743-34cf80d8245c e9b0b0a17d964802b96306d2df13b0d9 2fee2bfd13444a308ff8e2035771a26c - - default default] http://cinder-api.openstack.svc.cluster.local:8776/v3/2fee2bfd13444a308ff8e2035771a26c/volumes/6a49467d-e899-4ae8-809e-43048f4a6b1c returned with HTTP 200 [pid: 8|app: 0|req: 363/719] 10.0.0.163 () {32 vars in 774 bytes} [Tue Jun 23 19:53:49 2026] GET /v3/2fee2bfd13444a308ff8e2035771a26c/volumes/6a49467d-e899-4ae8-809e-43048f4a6b1c => generated 1341 bytes in 48 msecs (HTTP/1.1 200) 7 headers in 286 bytes (1 switches on core 0) /var/lib/openstack/lib/python3.10/site-packages/pycadf/identifier.py:71: UserWarning: Invalid uuid: cinderv3. To ensure interoperability, identifiers should be a valid uuid. warnings.warn(('Invalid uuid: %s. To ensure interoperability, '
2026-06-23 19:53:49.515 7 INFO cinder.api.openstack.wsgi [req-298e2b6b-d492-4311-9fb3-fdabba03757d req-65953225-d002-441d-b131-baada2e82e23 e9b0b0a17d964802b96306d2df13b0d9 2fee2bfd13444a308ff8e2035771a26c - - default default] GET http://cinder-api.openstack.svc.cluster.local:8776/v3/2fee2bfd13444a308ff8e2035771a26c/volumes/6a49467d-e899-4ae8-809e-43048f4a6b1c /var/lib/openstack/lib/python3.10/site-packages/oslo_context/context.py:100: DeprecationWarning: Policy enforcement is depending on the value of is_admin. This key is deprecated. Please update your policy file to use the standard policy values. warnings.warn('Policy enforcement is depending on the value of '
2026-06-23 19:53:49.539 7 INFO cinder.volume.api [req-298e2b6b-d492-4311-9fb3-fdabba03757d req-65953225-d002-441d-b131-baada2e82e23 e9b0b0a17d964802b96306d2df13b0d9 2fee2bfd13444a308ff8e2035771a26c - - default default] Volume info retrieved successfully.
2026-06-23 19:53:49.546 7 INFO cinder.api.openstack.wsgi [req-298e2b6b-d492-4311-9fb3-fdabba03757d req-65953225-d002-441d-b131-baada2e82e23 e9b0b0a17d964802b96306d2df13b0d9 2fee2bfd13444a308ff8e2035771a26c - - default default] http://cinder-api.openstack.svc.cluster.local:8776/v3/2fee2bfd13444a308ff8e2035771a26c/volumes/6a49467d-e899-4ae8-809e-43048f4a6b1c returned with HTTP 200 [pid: 7|app: 0|req: 357/720] 10.0.0.247 () {34 vars in 1027 bytes} [Tue Jun 23 19:53:49 2026] GET /v3/2fee2bfd13444a308ff8e2035771a26c/volumes/6a49467d-e899-4ae8-809e-43048f4a6b1c => generated 1341 bytes in 39 msecs (HTTP/1.1 200) 7 headers in 286 bytes (1 switches on core 0) /var/lib/openstack/lib/python3.10/site-packages/pycadf/identifier.py:71: UserWarning: Invalid uuid: cinderv3. To ensure interoperability, identifiers should be a valid uuid. warnings.warn(('Invalid uuid: %s. To ensure interoperability, '
2026-06-23 19:53:50.339 8 INFO cinder.api.openstack.wsgi [req-298e2b6b-d492-4311-9fb3-fdabba03757d req-1517b6d2-2b44-4548-bd29-c7cb7f01ce21 e9b0b0a17d964802b96306d2df13b0d9 2fee2bfd13444a308ff8e2035771a26c - - default default] GET http://cinder-api.openstack.svc.cluster.local:8776/v3/2fee2bfd13444a308ff8e2035771a26c/volumes/6a49467d-e899-4ae8-809e-43048f4a6b1c /var/lib/openstack/lib/python3.10/site-packages/oslo_context/context.py:100: DeprecationWarning: Policy enforcement is depending on the value of is_admin. This key is deprecated. Please update your policy file to use the standard policy values. warnings.warn('Policy enforcement is depending on the value of '
2026-06-23 19:53:50.357 8 INFO cinder.volume.api [req-298e2b6b-d492-4311-9fb3-fdabba03757d req-1517b6d2-2b44-4548-bd29-c7cb7f01ce21 e9b0b0a17d964802b96306d2df13b0d9 2fee2bfd13444a308ff8e2035771a26c - - default default] Volume info retrieved successfully.
2026-06-23 19:53:50.365 8 INFO cinder.api.openstack.wsgi [req-298e2b6b-d492-4311-9fb3-fdabba03757d req-1517b6d2-2b44-4548-bd29-c7cb7f01ce21 e9b0b0a17d964802b96306d2df13b0d9 2fee2bfd13444a308ff8e2035771a26c - - default default] http://cinder-api.openstack.svc.cluster.local:8776/v3/2fee2bfd13444a308ff8e2035771a26c/volumes/6a49467d-e899-4ae8-809e-43048f4a6b1c returned with HTTP 200 [pid: 8|app: 0|req: 364/721] 10.0.0.247 () {34 vars in 1027 bytes} [Tue Jun 23 19:53:50 2026] GET /v3/2fee2bfd13444a308ff8e2035771a26c/volumes/6a49467d-e899-4ae8-809e-43048f4a6b1c => generated 1341 bytes in 32 msecs (HTTP/1.1 200) 7 headers in 286 bytes (1 switches on core 0)
2026-06-23 19:53:50.378 7 INFO cinder.api.openstack.wsgi [req-298e2b6b-d492-4311-9fb3-fdabba03757d req-65953225-d002-441d-b131-baada2e82e23 e9b0b0a17d964802b96306d2df13b0d9 2fee2bfd13444a308ff8e2035771a26c - - default default] GET http://cinder-api.openstack.svc.cluster.local:8776/
2026-06-23 19:53:50.380 7 INFO cinder.api.openstack.wsgi [req-298e2b6b-d492-4311-9fb3-fdabba03757d req-65953225-d002-441d-b131-baada2e82e23 e9b0b0a17d964802b96306d2df13b0d9 2fee2bfd13444a308ff8e2035771a26c - - default default] http://cinder-api.openstack.svc.cluster.local:8776/ returned with HTTP 300 [pid: 7|app: 0|req: 358/722] 10.0.0.247 () {32 vars in 828 bytes} [Tue Jun 23 19:53:50 2026] GET / => generated 411 bytes in 4 msecs (HTTP/1.1 300) 5 headers in 169 bytes (1 switches on core 0) /var/lib/openstack/lib/python3.10/site-packages/pycadf/identifier.py:71: UserWarning: Invalid uuid: cinderv3. To ensure interoperability, identifiers should be a valid uuid. warnings.warn(('Invalid uuid: %s. To ensure interoperability, '
2026-06-23 19:53:50.402 8 INFO cinder.api.openstack.wsgi [req-298e2b6b-d492-4311-9fb3-fdabba03757d req-2ca037fd-d41e-4cd1-a2eb-4d87b4b126a5 e9b0b0a17d964802b96306d2df13b0d9 2fee2bfd13444a308ff8e2035771a26c - - default default] POST http://cinder-api.openstack.svc.cluster.local:8776/v3/2fee2bfd13444a308ff8e2035771a26c/attachments /var/lib/openstack/lib/python3.10/site-packages/oslo_context/context.py:100: DeprecationWarning: Policy enforcement is depending on the value of is_admin. This key is deprecated. Please update your policy file to use the standard policy values. warnings.warn('Policy enforcement is depending on the value of '
2026-06-23 19:53:50.468 8 INFO cinder.api.openstack.wsgi [req-298e2b6b-d492-4311-9fb3-fdabba03757d req-2ca037fd-d41e-4cd1-a2eb-4d87b4b126a5 e9b0b0a17d964802b96306d2df13b0d9 2fee2bfd13444a308ff8e2035771a26c - - default default] http://cinder-api.openstack.svc.cluster.local:8776/v3/2fee2bfd13444a308ff8e2035771a26c/attachments returned with HTTP 200 [pid: 8|app: 0|req: 365/723] 10.0.0.247 () {40 vars in 1056 bytes} [Tue Jun 23 19:53:50 2026] POST /v3/2fee2bfd13444a308ff8e2035771a26c/attachments => generated 273 bytes in 77 msecs (HTTP/1.1 200) 7 headers in 286 bytes (1 switches on core 0)
2026-06-23 19:53:50.533 7 INFO cinder.api.openstack.wsgi [req-298e2b6b-d492-4311-9fb3-fdabba03757d req-65953225-d002-441d-b131-baada2e82e23 e9b0b0a17d964802b96306d2df13b0d9 2fee2bfd13444a308ff8e2035771a26c - - default default] GET http://10.0.0.78:8776/
2026-06-23 19:53:50.533 8 INFO cinder.api.openstack.wsgi [req-298e2b6b-d492-4311-9fb3-fdabba03757d req-2ca037fd-d41e-4cd1-a2eb-4d87b4b126a5 e9b0b0a17d964802b96306d2df13b0d9 2fee2bfd13444a308ff8e2035771a26c - - default default] GET http://10.0.0.78:8776/
2026-06-23 19:53:50.534 8 INFO cinder.api.openstack.wsgi [req-298e2b6b-d492-4311-9fb3-fdabba03757d req-2ca037fd-d41e-4cd1-a2eb-4d87b4b126a5 e9b0b0a17d964802b96306d2df13b0d9 2fee2bfd13444a308ff8e2035771a26c - - default default] http://10.0.0.78:8776/ returned with HTTP 300
2026-06-23 19:53:50.534 7 INFO cinder.api.openstack.wsgi [req-298e2b6b-d492-4311-9fb3-fdabba03757d req-65953225-d002-441d-b131-baada2e82e23 e9b0b0a17d964802b96306d2df13b0d9 2fee2bfd13444a308ff8e2035771a26c - - default default] http://10.0.0.78:8776/ returned with HTTP 300 /var/lib/openstack/lib/python3.10/site-packages/pycadf/identifier.py:71: UserWarning: Invalid uuid: cinderv3. To ensure interoperability, identifiers should be a valid uuid. warnings.warn(('Invalid uuid: %s. To ensure interoperability, '
2026-06-23 19:53:50.764 7 INFO cinder.api.openstack.wsgi [None req-87eb54f0-9124-46d4-85f8-f6fbc55b428f 48b568d0ff87417c8340bc2a03193b59 3c57d90ffe0f4826a3f2d7be642895e5 - - default default] GET http://cinder-api.openstack.svc.cluster.local:8776/v3/3c57d90ffe0f4826a3f2d7be642895e5/os-quota-sets/2fee2bfd13444a308ff8e2035771a26c?usage=true
2026-06-23 19:53:50.796 7 INFO cinder.api.openstack.wsgi [None req-87eb54f0-9124-46d4-85f8-f6fbc55b428f 48b568d0ff87417c8340bc2a03193b59 3c57d90ffe0f4826a3f2d7be642895e5 - - default default] http://cinder-api.openstack.svc.cluster.local:8776/v3/3c57d90ffe0f4826a3f2d7be642895e5/os-quota-sets/2fee2bfd13444a308ff8e2035771a26c?usage=true returned with HTTP 200 [pid: 7|app: 0|req: 360/726] 10.0.0.126 () {28 vars in 735 bytes} [Tue Jun 23 19:53:50 2026] GET /v3/3c57d90ffe0f4826a3f2d7be642895e5/os-quota-sets/2fee2bfd13444a308ff8e2035771a26c?usage=true => generated 847 bytes in 139 msecs (HTTP/1.1 200) 7 headers in 285 bytes (1 switches on core 0) /var/lib/openstack/lib/python3.10/site-packages/pycadf/identifier.py:71: UserWarning: Invalid uuid: cinderv3. To ensure interoperability, identifiers should be a valid uuid. warnings.warn(('Invalid uuid: %s. To ensure interoperability, '
2026-06-23 19:53:50.813 8 INFO cinder.api.openstack.wsgi [None req-15c5d318-759e-4d32-a05e-b07938986e71 48b568d0ff87417c8340bc2a03193b59 3c57d90ffe0f4826a3f2d7be642895e5 - - default default] GET http://cinder-api.openstack.svc.cluster.local:8776/v3/3c57d90ffe0f4826a3f2d7be642895e5/os-quota-sets/3c57d90ffe0f4826a3f2d7be642895e5?usage=true /var/lib/openstack/lib/python3.10/site-packages/oslo_context/context.py:100: DeprecationWarning: Policy enforcement is depending on the value of is_admin. This key is deprecated. Please update your policy file to use the standard policy values. warnings.warn('Policy enforcement is depending on the value of '
2026-06-23 19:53:50.886 8 INFO cinder.api.openstack.wsgi [None req-15c5d318-759e-4d32-a05e-b07938986e71 48b568d0ff87417c8340bc2a03193b59 3c57d90ffe0f4826a3f2d7be642895e5 - - default default] http://cinder-api.openstack.svc.cluster.local:8776/v3/3c57d90ffe0f4826a3f2d7be642895e5/os-quota-sets/3c57d90ffe0f4826a3f2d7be642895e5?usage=true returned with HTTP 200 [pid: 8|app: 0|req: 367/727] 10.0.0.126 () {28 vars in 735 bytes} [Tue Jun 23 19:53:50 2026] GET /v3/3c57d90ffe0f4826a3f2d7be642895e5/os-quota-sets/3c57d90ffe0f4826a3f2d7be642895e5?usage=true => generated 845 bytes in 86 msecs (HTTP/1.1 200) 7 headers in 285 bytes (1 switches on core 0)
2026-06-23 19:53:50.905 7 INFO cinder.api.openstack.wsgi [None req-bf86e639-1e09-4151-b608-a2bf7a56fc65 48b568d0ff87417c8340bc2a03193b59 3c57d90ffe0f4826a3f2d7be642895e5 - - default default] GET http://cinder-api.openstack.svc.cluster.local:8776/v3/3c57d90ffe0f4826a3f2d7be642895e5/os-quota-sets/66f6df416a434583affc9ff31c373b0b?usage=true
2026-06-23 19:53:50.949 7 INFO cinder.api.openstack.wsgi [None req-bf86e639-1e09-4151-b608-a2bf7a56fc65 48b568d0ff87417c8340bc2a03193b59 3c57d90ffe0f4826a3f2d7be642895e5 - - default default] http://cinder-api.openstack.svc.cluster.local:8776/v3/3c57d90ffe0f4826a3f2d7be642895e5/os-quota-sets/66f6df416a434583affc9ff31c373b0b?usage=true returned with HTTP 200 [pid: 7|app: 0|req: 361/728] 10.0.0.126 () {28 vars in 735 bytes} [Tue Jun 23 19:53:50 2026] GET /v3/3c57d90ffe0f4826a3f2d7be642895e5/os-quota-sets/66f6df416a434583affc9ff31c373b0b?usage=true => generated 847 bytes in 55 msecs (HTTP/1.1 200) 7 headers in 285 bytes (1 switches on core 0)
2026-06-23 19:53:50.966 8 INFO cinder.api.openstack.wsgi [None req-f6b0ef46-bcfa-4ca6-a764-a8ae6d544641 48b568d0ff87417c8340bc2a03193b59 3c57d90ffe0f4826a3f2d7be642895e5 - - default default] GET http://cinder-api.openstack.svc.cluster.local:8776/v3/3c57d90ffe0f4826a3f2d7be642895e5/os-quota-sets/b16ef9425c524ac38d874fbd4f44e064?usage=true
2026-06-23 19:53:51.007 8 INFO cinder.api.openstack.wsgi [None req-f6b0ef46-bcfa-4ca6-a764-a8ae6d544641 48b568d0ff87417c8340bc2a03193b59 3c57d90ffe0f4826a3f2d7be642895e5 - - default default] http://cinder-api.openstack.svc.cluster.local:8776/v3/3c57d90ffe0f4826a3f2d7be642895e5/os-quota-sets/b16ef9425c524ac38d874fbd4f44e064?usage=true returned with HTTP 200 [pid: 8|app: 0|req: 368/729] 10.0.0.126 () {28 vars in 735 bytes} [Tue Jun 23 19:53:50 2026] GET /v3/3c57d90ffe0f4826a3f2d7be642895e5/os-quota-sets/b16ef9425c524ac38d874fbd4f44e064?usage=true => generated 847 bytes in 53 msecs (HTTP/1.1 200) 7 headers in 285 bytes (1 switches on core 0)
2026-06-23 19:53:51.018 7 INFO cinder.api.openstack.wsgi [None req-6d81d292-a610-4fb1-ae28-bd4bba48b331 48b568d0ff87417c8340bc2a03193b59 3c57d90ffe0f4826a3f2d7be642895e5 - - default default] GET http://cinder-api.openstack.svc.cluster.local:8776/v3/3c57d90ffe0f4826a3f2d7be642895e5/os-quota-sets/e3a09ba91c074f968af0fa33f20851a1?usage=true
2026-06-23 19:53:51.041 7 INFO cinder.api.openstack.wsgi [None req-6d81d292-a610-4fb1-ae28-bd4bba48b331 48b568d0ff87417c8340bc2a03193b59 3c57d90ffe0f4826a3f2d7be642895e5 - - default default] http://cinder-api.openstack.svc.cluster.local:8776/v3/3c57d90ffe0f4826a3f2d7be642895e5/os-quota-sets/e3a09ba91c074f968af0fa33f20851a1?usage=true returned with HTTP 200 [pid: 7|app: 0|req: 362/730] 10.0.0.126 () {28 vars in 735 bytes} [Tue Jun 23 19:53:51 2026] GET /v3/3c57d90ffe0f4826a3f2d7be642895e5/os-quota-sets/e3a09ba91c074f968af0fa33f20851a1?usage=true => generated 847 bytes in 29 msecs (HTTP/1.1 200) 7 headers in 285 bytes (1 switches on core 0)
2026-06-23 19:53:51.055 8 INFO cinder.api.openstack.wsgi [None req-84fdc4e3-7bd6-4b91-adad-3242b4e8713e 48b568d0ff87417c8340bc2a03193b59 3c57d90ffe0f4826a3f2d7be642895e5 - - default default] GET http://cinder-api.openstack.svc.cluster.local:8776/v3/3c57d90ffe0f4826a3f2d7be642895e5/os-quota-sets/f29a7a6e712a4b0b9b106fb887cb422d?usage=true
2026-06-23 19:53:51.083 8 INFO cinder.api.openstack.wsgi [None req-84fdc4e3-7bd6-4b91-adad-3242b4e8713e 48b568d0ff87417c8340bc2a03193b59 3c57d90ffe0f4826a3f2d7be642895e5 - - default default] http://cinder-api.openstack.svc.cluster.local:8776/v3/3c57d90ffe0f4826a3f2d7be642895e5/os-quota-sets/f29a7a6e712a4b0b9b106fb887cb422d?usage=true returned with HTTP 200 [pid: 8|app: 0|req: 369/731] 10.0.0.126 () {28 vars in 735 bytes} [Tue Jun 23 19:53:51 2026] GET /v3/3c57d90ffe0f4826a3f2d7be642895e5/os-quota-sets/f29a7a6e712a4b0b9b106fb887cb422d?usage=true => generated 845 bytes in 36 msecs (HTTP/1.1 200) 7 headers in 285 bytes (1 switches on core 0)
2026-06-23 19:53:51.093 7 INFO cinder.api.openstack.wsgi [None req-5009ef14-a30c-4872-9036-c4bc8bf9563e 48b568d0ff87417c8340bc2a03193b59 3c57d90ffe0f4826a3f2d7be642895e5 - - default default] GET http://cinder-api.openstack.svc.cluster.local:8776/v3/3c57d90ffe0f4826a3f2d7be642895e5/volumes/detail?all_tenants=true
2026-06-23 19:53:51.110 7 INFO cinder.volume.api [None req-5009ef14-a30c-4872-9036-c4bc8bf9563e 48b568d0ff87417c8340bc2a03193b59 3c57d90ffe0f4826a3f2d7be642895e5 - - default default] Get all volumes completed successfully. /var/lib/openstack/lib/python3.10/site-packages/oslo_context/context.py:100: DeprecationWarning: Policy enforcement is depending on the value of is_admin. This key is deprecated. Please update your policy file to use the standard policy values. warnings.warn('Policy enforcement is depending on the value of '
2026-06-23 19:53:51.126 7 INFO cinder.api.openstack.wsgi [None req-5009ef14-a30c-4872-9036-c4bc8bf9563e 48b568d0ff87417c8340bc2a03193b59 3c57d90ffe0f4826a3f2d7be642895e5 - - default default] http://cinder-api.openstack.svc.cluster.local:8776/v3/3c57d90ffe0f4826a3f2d7be642895e5/volumes/detail?all_tenants=true returned with HTTP 200 [pid: 7|app: 0|req: 363/732] 10.0.0.126 () {28 vars in 683 bytes} [Tue Jun 23 19:53:51 2026] GET /v3/3c57d90ffe0f4826a3f2d7be642895e5/volumes/detail?all_tenants=true => generated 1508 bytes in 41 msecs (HTTP/1.1 200) 7 headers in 286 bytes (1 switches on core 0)
2026-06-23 19:53:51.139 8 INFO cinder.api.openstack.wsgi [None req-43f8c864-56b7-4b0a-aa1b-431910fb47a6 48b568d0ff87417c8340bc2a03193b59 3c57d90ffe0f4826a3f2d7be642895e5 - - default default] GET http://cinder-api.openstack.svc.cluster.local:8776/v3/3c57d90ffe0f4826a3f2d7be642895e5/volumes/detail?all_tenants=true
2026-06-23 19:53:51.155 8 INFO cinder.volume.api [None req-43f8c864-56b7-4b0a-aa1b-431910fb47a6 48b568d0ff87417c8340bc2a03193b59 3c57d90ffe0f4826a3f2d7be642895e5 - - default default] Get all volumes completed successfully. /var/lib/openstack/lib/python3.10/site-packages/oslo_context/context.py:100: DeprecationWarning: Policy enforcement is depending on the value of is_admin. This key is deprecated. Please update your policy file to use the standard policy values. warnings.warn('Policy enforcement is depending on the value of '
2026-06-23 19:53:51.163 8 INFO cinder.api.openstack.wsgi [None req-43f8c864-56b7-4b0a-aa1b-431910fb47a6 48b568d0ff87417c8340bc2a03193b59 3c57d90ffe0f4826a3f2d7be642895e5 - - default default] http://cinder-api.openstack.svc.cluster.local:8776/v3/3c57d90ffe0f4826a3f2d7be642895e5/volumes/detail?all_tenants=true returned with HTTP 200 [pid: 8|app: 0|req: 370/733] 10.0.0.126 () {28 vars in 683 bytes} [Tue Jun 23 19:53:51 2026] GET /v3/3c57d90ffe0f4826a3f2d7be642895e5/volumes/detail?all_tenants=true => generated 1508 bytes in 31 msecs (HTTP/1.1 200) 7 headers in 286 bytes (1 switches on core 0) /var/lib/openstack/lib/python3.10/site-packages/pycadf/identifier.py:71: UserWarning: Invalid uuid: cinderv3. To ensure interoperability, identifiers should be a valid uuid. warnings.warn(('Invalid uuid: %s. To ensure interoperability, '
2026-06-23 19:53:51.173 7 INFO cinder.api.openstack.wsgi [None req-9152f901-fef8-4200-97d9-3b0e7245af62 48b568d0ff87417c8340bc2a03193b59 3c57d90ffe0f4826a3f2d7be642895e5 - - default default] GET http://cinder-api.openstack.svc.cluster.local:8776/v3/3c57d90ffe0f4826a3f2d7be642895e5/snapshots?all_tenants=true
2026-06-23 19:53:51.179 7 INFO cinder.volume.api [None req-9152f901-fef8-4200-97d9-3b0e7245af62 48b568d0ff87417c8340bc2a03193b59 3c57d90ffe0f4826a3f2d7be642895e5 - - default default] Get all snapshots completed successfully.
2026-06-23 19:53:51.180 7 INFO cinder.api.openstack.wsgi [None req-9152f901-fef8-4200-97d9-3b0e7245af62 48b568d0ff87417c8340bc2a03193b59 3c57d90ffe0f4826a3f2d7be642895e5 - - default default] http://cinder-api.openstack.svc.cluster.local:8776/v3/3c57d90ffe0f4826a3f2d7be642895e5/snapshots?all_tenants=true returned with HTTP 200 [pid: 7|app: 0|req: 364/734] 10.0.0.126 () {28 vars in 673 bytes} [Tue Jun 23 19:53:51 2026] GET /v3/3c57d90ffe0f4826a3f2d7be642895e5/snapshots?all_tenants=true => generated 17 bytes in 12 msecs (HTTP/1.1 200) 7 headers in 284 bytes (1 switches on core 0) /var/lib/openstack/lib/python3.10/site-packages/pycadf/identifier.py:71: UserWarning: Invalid uuid: cinderv3. To ensure interoperability, identifiers should be a valid uuid. warnings.warn(('Invalid uuid: %s. To ensure interoperability, '
2026-06-23 19:53:51.192 8 INFO cinder.api.openstack.wsgi [None req-de98f002-f0ad-417c-b2e9-6b835be051d0 48b568d0ff87417c8340bc2a03193b59 3c57d90ffe0f4826a3f2d7be642895e5 - - default default] GET http://cinder-api.openstack.svc.cluster.local:8776/v3/3c57d90ffe0f4826a3f2d7be642895e5/os-services
2026-06-23 19:53:51.200 8 INFO cinder.api.openstack.wsgi [None req-de98f002-f0ad-417c-b2e9-6b835be051d0 48b568d0ff87417c8340bc2a03193b59 3c57d90ffe0f4826a3f2d7be642895e5 - - default default] http://cinder-api.openstack.svc.cluster.local:8776/v3/3c57d90ffe0f4826a3f2d7be642895e5/os-services returned with HTTP 200 [pid: 8|app: 0|req: 371/735] 10.0.0.126 () {28 vars in 644 bytes} [Tue Jun 23 19:53:51 2026] GET /v3/3c57d90ffe0f4826a3f2d7be642895e5/os-services => generated 646 bytes in 17 msecs (HTTP/1.1 200) 7 headers in 285 bytes (1 switches on core 0)
2026-06-23 19:53:51.211 7 INFO cinder.api.openstack.wsgi [None req-392d609c-12e7-46a0-b6e5-5cb833bd105e 48b568d0ff87417c8340bc2a03193b59 3c57d90ffe0f4826a3f2d7be642895e5 - - default default] GET http://cinder-api.openstack.svc.cluster.local:8776/v3/3c57d90ffe0f4826a3f2d7be642895e5/scheduler-stats/get_pools?detail=true
2026-06-23 19:53:51.231 7 INFO cinder.api.openstack.wsgi [None req-392d609c-12e7-46a0-b6e5-5cb833bd105e 48b568d0ff87417c8340bc2a03193b59 3c57d90ffe0f4826a3f2d7be642895e5 - - default default] http://cinder-api.openstack.svc.cluster.local:8776/v3/3c57d90ffe0f4826a3f2d7be642895e5/scheduler-stats/get_pools?detail=true returned with HTTP 200 [pid: 7|app: 0|req: 365/736] 10.0.0.126 () {28 vars in 695 bytes} [Tue Jun 23 19:53:51 2026] GET /v3/3c57d90ffe0f4826a3f2d7be642895e5/scheduler-stats/get_pools?detail=true => generated 668 bytes in 32 msecs (HTTP/1.1 200) 7 headers in 285 bytes (1 switches on core 0)
2026-06-23 19:53:51.455 8 INFO cinder.api.openstack.wsgi [None req-de98f002-f0ad-417c-b2e9-6b835be051d0 48b568d0ff87417c8340bc2a03193b59 3c57d90ffe0f4826a3f2d7be642895e5 - - default default] GET http://cinder-api.openstack.svc.cluster.local:8776/
2026-06-23 19:53:51.456 8 INFO cinder.api.openstack.wsgi [None req-de98f002-f0ad-417c-b2e9-6b835be051d0 48b568d0ff87417c8340bc2a03193b59 3c57d90ffe0f4826a3f2d7be642895e5 - - default default] http://cinder-api.openstack.svc.cluster.local:8776/ returned with HTTP 300 [pid: 8|app: 0|req: 372/737] 199.19.213.202 () {32 vars in 839 bytes} [Tue Jun 23 19:53:51 2026] GET / => generated 411 bytes in 2 msecs (HTTP/1.1 300) 5 headers in 169 bytes (1 switches on core 0)
2026-06-23 19:53:51.510 7 INFO cinder.api.openstack.wsgi [req-298e2b6b-d492-4311-9fb3-fdabba03757d req-94a982ab-f562-471d-b381-56542fae0cc5 e9b0b0a17d964802b96306d2df13b0d9 2fee2bfd13444a308ff8e2035771a26c - - default default] GET http://cinder-api.openstack.svc.cluster.local:8776/v3/2fee2bfd13444a308ff8e2035771a26c/volumes/6a49467d-e899-4ae8-809e-43048f4a6b1c /var/lib/openstack/lib/python3.10/site-packages/oslo_context/context.py:100: DeprecationWarning: Policy enforcement is depending on the value of is_admin. This key is deprecated. Please update your policy file to use the standard policy values. warnings.warn('Policy enforcement is depending on the value of '
2026-06-23 19:53:51.533 7 INFO cinder.volume.api [req-298e2b6b-d492-4311-9fb3-fdabba03757d req-94a982ab-f562-471d-b381-56542fae0cc5 e9b0b0a17d964802b96306d2df13b0d9 2fee2bfd13444a308ff8e2035771a26c - - default default] Volume info retrieved successfully.
2026-06-23 19:53:51.542 7 INFO cinder.api.openstack.wsgi [req-298e2b6b-d492-4311-9fb3-fdabba03757d req-94a982ab-f562-471d-b381-56542fae0cc5 e9b0b0a17d964802b96306d2df13b0d9 2fee2bfd13444a308ff8e2035771a26c - - default default] http://cinder-api.openstack.svc.cluster.local:8776/v3/2fee2bfd13444a308ff8e2035771a26c/volumes/6a49467d-e899-4ae8-809e-43048f4a6b1c returned with HTTP 200 [pid: 7|app: 0|req: 366/738] 199.19.213.202 () {36 vars in 1072 bytes} [Tue Jun 23 19:53:51 2026] GET /v3/2fee2bfd13444a308ff8e2035771a26c/volumes/6a49467d-e899-4ae8-809e-43048f4a6b1c => generated 1439 bytes in 41 msecs (HTTP/1.1 200) 7 headers in 287 bytes (1 switches on core 0)
2026-06-23 19:53:53.724 8 INFO cinder.api.openstack.wsgi [req-298e2b6b-d492-4311-9fb3-fdabba03757d req-bb05f310-9868-4538-9542-1fbefff4969a e9b0b0a17d964802b96306d2df13b0d9 2fee2bfd13444a308ff8e2035771a26c - - default default] PUT http://cinder-api.openstack.svc.cluster.local:8776/v3/2fee2bfd13444a308ff8e2035771a26c/attachments/4434bf2d-51f1-4b8a-ad5c-6c89417d51d5 /var/lib/openstack/lib/python3.10/site-packages/oslo_context/context.py:100: DeprecationWarning: Policy enforcement is depending on the value of is_admin. This key is deprecated. Please update your policy file to use the standard policy values. warnings.warn('Policy enforcement is depending on the value of '
2026-06-23 19:53:54.432 8 INFO cinder.api.openstack.wsgi [req-298e2b6b-d492-4311-9fb3-fdabba03757d req-bb05f310-9868-4538-9542-1fbefff4969a e9b0b0a17d964802b96306d2df13b0d9 2fee2bfd13444a308ff8e2035771a26c - - default default] http://cinder-api.openstack.svc.cluster.local:8776/v3/2fee2bfd13444a308ff8e2035771a26c/attachments/4434bf2d-51f1-4b8a-ad5c-6c89417d51d5 returned with HTTP 200 [pid: 8|app: 0|req: 373/739] 199.19.213.202 () {40 vars in 1133 bytes} [Tue Jun 23 19:53:53 2026] PUT /v3/2fee2bfd13444a308ff8e2035771a26c/attachments/4434bf2d-51f1-4b8a-ad5c-6c89417d51d5 => generated 775 bytes in 717 msecs (HTTP/1.1 200) 7 headers in 286 bytes (1 switches on core 0) /var/lib/openstack/lib/python3.10/site-packages/pycadf/identifier.py:71: UserWarning: Invalid uuid: cinderv3. To ensure interoperability, identifiers should be a valid uuid. warnings.warn(('Invalid uuid: %s. To ensure interoperability, '
2026-06-23 19:53:54.472 7 INFO cinder.api.openstack.wsgi [req-298e2b6b-d492-4311-9fb3-fdabba03757d req-aae8dc46-a95e-4487-9d64-7717ddb99118 e9b0b0a17d964802b96306d2df13b0d9 2fee2bfd13444a308ff8e2035771a26c - - default default] POST http://cinder-api.openstack.svc.cluster.local:8776/v3/2fee2bfd13444a308ff8e2035771a26c/attachments/4434bf2d-51f1-4b8a-ad5c-6c89417d51d5/action /var/lib/openstack/lib/python3.10/site-packages/oslo_context/context.py:100: DeprecationWarning: Policy enforcement is depending on the value of is_admin. This key is deprecated. Please update your policy file to use the standard policy values. warnings.warn('Policy enforcement is depending on the value of '
2026-06-23 19:53:54.529 7 INFO cinder.api.openstack.wsgi [req-298e2b6b-d492-4311-9fb3-fdabba03757d req-aae8dc46-a95e-4487-9d64-7717ddb99118 e9b0b0a17d964802b96306d2df13b0d9 2fee2bfd13444a308ff8e2035771a26c - - default default] http://cinder-api.openstack.svc.cluster.local:8776/v3/2fee2bfd13444a308ff8e2035771a26c/attachments/4434bf2d-51f1-4b8a-ad5c-6c89417d51d5/action returned with HTTP 204 [pid: 7|app: 0|req: 367/740] 199.19.213.202 () {40 vars in 1147 bytes} [Tue Jun 23 19:53:54 2026] POST /v3/2fee2bfd13444a308ff8e2035771a26c/attachments/4434bf2d-51f1-4b8a-ad5c-6c89417d51d5/action => generated 0 bytes in 67 msecs (HTTP/1.1 204) 7 headers in 292 bytes (1 switches on core 0)
2026-06-23 19:54:00.534 8 INFO cinder.api.openstack.wsgi [req-298e2b6b-d492-4311-9fb3-fdabba03757d req-bb05f310-9868-4538-9542-1fbefff4969a e9b0b0a17d964802b96306d2df13b0d9 2fee2bfd13444a308ff8e2035771a26c - - default default] GET http://10.0.0.78:8776/
2026-06-23 19:54:00.535 8 INFO cinder.api.openstack.wsgi [req-298e2b6b-d492-4311-9fb3-fdabba03757d req-bb05f310-9868-4538-9542-1fbefff4969a e9b0b0a17d964802b96306d2df13b0d9 2fee2bfd13444a308ff8e2035771a26c - - default default] http://10.0.0.78:8776/ returned with HTTP 300
2026-06-23 19:54:00.536 7 INFO cinder.api.openstack.wsgi [req-298e2b6b-d492-4311-9fb3-fdabba03757d req-aae8dc46-a95e-4487-9d64-7717ddb99118 e9b0b0a17d964802b96306d2df13b0d9 2fee2bfd13444a308ff8e2035771a26c - - default default] GET http://10.0.0.78:8776/
2026-06-23 19:54:00.537 7 INFO cinder.api.openstack.wsgi [req-298e2b6b-d492-4311-9fb3-fdabba03757d req-aae8dc46-a95e-4487-9d64-7717ddb99118 e9b0b0a17d964802b96306d2df13b0d9 2fee2bfd13444a308ff8e2035771a26c - - default default] http://10.0.0.78:8776/ returned with HTTP 300 /var/lib/openstack/lib/python3.10/site-packages/pycadf/identifier.py:71: UserWarning: Invalid uuid: cinderv3. To ensure interoperability, identifiers should be a valid uuid. warnings.warn(('Invalid uuid: %s. To ensure interoperability, '
