Jul 02 03:19:48.767105 np0000183850 nova-scheduler[107528]: DEBUG cotyledon.oslo_config_glue [-] workarounds.disable_fallback_pcpu_query = False {{(pid=107528) log_opt_values /opt/stack/data/venv/lib/python3.12/site-packages/oslo_config/cfg.py:3253}}
Jul 02 03:19:48.767105 np0000183850 nova-scheduler[107528]: DEBUG cotyledon.oslo_config_glue [-] workarounds.disable_group_policy_check_upcall = False {{(pid=107528) log_opt_values /opt/stack/data/venv/lib/python3.12/site-packages/oslo_config/cfg.py:3253}}
Jul 02 03:19:48.767105 np0000183850 nova-scheduler[107528]: DEBUG cotyledon.oslo_config_glue [-] workarounds.disable_libvirt_livesnapshot = False {{(pid=107528) log_opt_values /opt/stack/data/venv/lib/python3.12/site-packages/oslo_config/cfg.py:3253}}
Jul 02 03:19:48.767105 np0000183850 nova-scheduler[107528]: DEBUG cotyledon.oslo_config_glue [-] workarounds.disable_rootwrap = False {{(pid=107528) log_opt_values /opt/stack/data/venv/lib/python3.12/site-packages/oslo_config/cfg.py:3253}}
Jul 02 03:19:48.767105 np0000183850 nova-scheduler[107528]: DEBUG cotyledon.oslo_config_glue [-] workarounds.enable_numa_live_migration = False {{(pid=107528) log_opt_values /opt/stack/data/venv/lib/python3.12/site-packages/oslo_config/cfg.py:3253}}
Jul 02 03:19:48.767105 np0000183850 nova-scheduler[107528]: DEBUG cotyledon.oslo_config_glue [-] workarounds.enable_qemu_monitor_announce_self = False {{(pid=107528) log_opt_values /opt/stack/data/venv/lib/python3.12/site-packages/oslo_config/cfg.py:3253}}
Jul 02 03:19:48.767105 np0000183850 nova-scheduler[107528]: DEBUG cotyledon.oslo_config_glue [-] workarounds.ensure_libvirt_rbd_instance_dir_cleanup = False {{(pid=107528) log_opt_values /opt/stack/data/venv/lib/python3.12/site-packages/oslo_config/cfg.py:3253}}
Jul 02 03:19:48.767105 np0000183850 nova-scheduler[107528]: DEBUG cotyledon.oslo_config_glue [-] workarounds.handle_virt_lifecycle_events = True {{(pid=107528) log_opt_values /opt/stack/data/venv/lib/python3.12/site-packages/oslo_config/cfg.py:3253}}
Jul 02 03:19:48.767486 np0000183850 nova-scheduler[107528]: DEBUG cotyledon.oslo_config_glue [-] workarounds.libvirt_disable_apic = False {{(pid=107528) log_opt_values /opt/stack/data/venv/lib/python3.12/site-packages/oslo_config/cfg.py:3253}}
Jul 02 03:19:48.767486 np0000183850 nova-scheduler[107528]: DEBUG cotyledon.oslo_config_glue [-] workarounds.never_download_image_if_on_rbd = False {{(pid=107528) log_opt_values /opt/stack/data/venv/lib/python3.12/site-packages/oslo_config/cfg.py:3253}}
Jul 02 03:19:48.767486 np0000183850 nova-scheduler[107528]: DEBUG cotyledon.oslo_config_glue [-] workarounds.qemu_monitor_announce_self_count = 3 {{(pid=107528) log_opt_values /opt/stack/data/venv/lib/python3.12/site-packages/oslo_config/cfg.py:3253}}
Jul 02 03:19:48.767486 np0000183850 nova-scheduler[107528]: DEBUG cotyledon.oslo_config_glue [-] workarounds.qemu_monitor_announce_self_interval = 1 {{(pid=107528) log_opt_values /opt/stack/data/venv/lib/python3.12/site-packages/oslo_config/cfg.py:3253}}
Jul 02 03:19:48.767486 np0000183850 nova-scheduler[107528]: DEBUG cotyledon.oslo_config_glue [-] workarounds.reserve_disk_resource_for_image_cache = False {{(pid=107528) log_opt_values /opt/stack/data/venv/lib/python3.12/site-packages/oslo_config/cfg.py:3253}}
Jul 02 03:19:48.767486 np0000183850 nova-scheduler[107528]: DEBUG cotyledon.oslo_config_glue [-] workarounds.skip_cpu_compare_at_startup = False {{(pid=107528) log_opt_values /opt/stack/data/venv/lib/python3.12/site-packages/oslo_config/cfg.py:3253}}
Jul 02 03:19:48.767486 np0000183850 nova-scheduler[107528]: DEBUG cotyledon.oslo_config_glue [-] workarounds.skip_cpu_compare_on_dest = False {{(pid=107528) log_opt_values /opt/stack/data/venv/lib/python3.12/site-packages/oslo_config/cfg.py:3253}}
Jul 02 03:19:48.767486 np0000183850 nova-scheduler[107528]: DEBUG cotyledon.oslo_config_glue [-] workarounds.skip_hypervisor_version_check_on_lm = False {{(pid=107528) log_opt_values /opt/stack/data/venv/lib/python3.12/site-packages/oslo_config/cfg.py:3253}}
Jul 02 03:19:48.767486 np0000183850 nova-scheduler[107528]: DEBUG cotyledon.oslo_config_glue [-] workarounds.skip_reserve_in_use_ironic_nodes = False {{(pid=107528) log_opt_values /opt/stack/data/venv/lib/python3.12/site-packages/oslo_config/cfg.py:3253}}
Jul 02 03:19:48.767801 np0000183850 nova-scheduler[107528]: DEBUG cotyledon.oslo_config_glue [-] workarounds.unified_limits_count_pcpu_as_vcpu = False {{(pid=107528) log_opt_values /opt/stack/data/venv/lib/python3.12/site-packages/oslo_config/cfg.py:3253}}
Jul 02 03:19:48.767801 np0000183850 nova-scheduler[107528]: DEBUG cotyledon.oslo_config_glue [-] workarounds.wait_for_vif_plugged_event_during_hard_reboot = [] {{(pid=107528) log_opt_values /opt/stack/data/venv/lib/python3.12/site-packages/oslo_config/cfg.py:3253}}
Jul 02 03:19:48.767801 np0000183850 nova-scheduler[107528]: DEBUG cotyledon.oslo_config_glue [-] wsgi.api_paste_config = /etc/nova/api-paste.ini {{(pid=107528) log_opt_values /opt/stack/data/venv/lib/python3.12/site-packages/oslo_config/cfg.py:3253}}
Jul 02 03:19:48.767801 np0000183850 nova-scheduler[107528]: DEBUG cotyledon.oslo_config_glue [-] wsgi.secure_proxy_ssl_header = None {{(pid=107528) log_opt_values /opt/stack/data/venv/lib/python3.12/site-packages/oslo_config/cfg.py:3253}}
Jul 02 03:19:48.767801 np0000183850 nova-scheduler[107528]: DEBUG cotyledon.oslo_config_glue [-] zvm.ca_file = None {{(pid=107528) log_opt_values /opt/stack/data/venv/lib/python3.12/site-packages/oslo_config/cfg.py:3253}}
Jul 02 03:19:48.767801 np0000183850 nova-scheduler[107528]: DEBUG cotyledon.oslo_config_glue [-] zvm.cloud_connector_url = None {{(pid=107528) log_opt_values /opt/stack/data/venv/lib/python3.12/site-packages/oslo_config/cfg.py:3253}}
Jul 02 03:19:48.767801 np0000183850 nova-scheduler[107528]: DEBUG cotyledon.oslo_config_glue [-] zvm.image_tmp_path = /opt/stack/data/nova/images {{(pid=107528) log_opt_values /opt/stack/data/venv/lib/python3.12/site-packages/oslo_config/cfg.py:3253}}
Jul 02 03:19:48.767801 np0000183850 nova-scheduler[107528]: DEBUG cotyledon.oslo_config_glue [-] zvm.reachable_timeout = 300 {{(pid=107528) log_opt_values /opt/stack/data/venv/lib/python3.12/site-packages/oslo_config/cfg.py:3253}}
Jul 02 03:19:48.767801 np0000183850 nova-scheduler[107528]: DEBUG cotyledon.oslo_config_glue [-] oslo_versionedobjects.fatal_exception_format_errors = False {{(pid=107528) log_opt_values /opt/stack/data/venv/lib/python3.12/site-packages/oslo_config/cfg.py:3253}}
Jul 02 03:19:48.768135 np0000183850 nova-scheduler[107528]: DEBUG cotyledon.oslo_config_glue [-] oslo_middleware.http_basic_auth_user_file = /etc/htpasswd {{(pid=107528) log_opt_values /opt/stack/data/venv/lib/python3.12/site-packages/oslo_config/cfg.py:3253}}
Jul 02 03:19:48.768135 np0000183850 nova-scheduler[107528]: DEBUG cotyledon.oslo_config_glue [-] oslo_messaging_metrics.metrics_buffer_size = 1000 {{(pid=107528) log_opt_values /opt/stack/data/venv/lib/python3.12/site-packages/oslo_config/cfg.py:3253}}
Jul 02 03:19:48.768135 np0000183850 nova-scheduler[107528]: DEBUG cotyledon.oslo_config_glue [-] oslo_messaging_metrics.metrics_enabled = False {{(pid=107528) log_opt_values /opt/stack/data/venv/lib/python3.12/site-packages/oslo_config/cfg.py:3253}}
Jul 02 03:19:48.768135 np0000183850 nova-scheduler[107528]: DEBUG cotyledon.oslo_config_glue [-] oslo_messaging_metrics.metrics_process_name = {{(pid=107528) log_opt_values /opt/stack/data/venv/lib/python3.12/site-packages/oslo_config/cfg.py:3253}}
Jul 02 03:19:48.768135 np0000183850 nova-scheduler[107528]: DEBUG cotyledon.oslo_config_glue [-] oslo_messaging_metrics.metrics_socket_file = /var/tmp/metrics_collector.sock {{(pid=107528) log_opt_values /opt/stack/data/venv/lib/python3.12/site-packages/oslo_config/cfg.py:3253}}
Jul 02 03:19:48.768135 np0000183850 nova-scheduler[107528]: DEBUG cotyledon.oslo_config_glue [-] oslo_messaging_metrics.metrics_thread_stop_timeout = 10 {{(pid=107528) log_opt_values /opt/stack/data/venv/lib/python3.12/site-packages/oslo_config/cfg.py:3253}}
Jul 02 03:19:48.768135 np0000183850 nova-scheduler[107528]: DEBUG cotyledon.oslo_config_glue [-] profiler.connection_string = messaging:// {{(pid=107528) log_opt_values /opt/stack/data/venv/lib/python3.12/site-packages/oslo_config/cfg.py:3253}}
Jul 02 03:19:48.768135 np0000183850 nova-scheduler[107528]: DEBUG cotyledon.oslo_config_glue [-] profiler.enabled = False {{(pid=107528) log_opt_values /opt/stack/data/venv/lib/python3.12/site-packages/oslo_config/cfg.py:3253}}
Jul 02 03:19:48.768422 np0000183850 nova-scheduler[107528]: DEBUG cotyledon.oslo_config_glue [-] profiler.es_doc_type = notification {{(pid=107528) log_opt_values /opt/stack/data/venv/lib/python3.12/site-packages/oslo_config/cfg.py:3253}}
Jul 02 03:19:48.768422 np0000183850 nova-scheduler[107528]: DEBUG cotyledon.oslo_config_glue [-] profiler.es_scroll_size = 10000 {{(pid=107528) log_opt_values /opt/stack/data/venv/lib/python3.12/site-packages/oslo_config/cfg.py:3253}}
Jul 02 03:19:48.768422 np0000183850 nova-scheduler[107528]: DEBUG cotyledon.oslo_config_glue [-] profiler.es_scroll_time = 2m {{(pid=107528) log_opt_values /opt/stack/data/venv/lib/python3.12/site-packages/oslo_config/cfg.py:3253}}
Jul 02 03:19:48.768422 np0000183850 nova-scheduler[107528]: DEBUG cotyledon.oslo_config_glue [-] profiler.filter_error_trace = False {{(pid=107528) log_opt_values /opt/stack/data/venv/lib/python3.12/site-packages/oslo_config/cfg.py:3253}}
Jul 02 03:19:48.768422 np0000183850 nova-scheduler[107528]: DEBUG cotyledon.oslo_config_glue [-] profiler.hmac_keys = **** {{(pid=107528) log_opt_values /opt/stack/data/venv/lib/python3.12/site-packages/oslo_config/cfg.py:3253}}
Jul 02 03:19:48.768422 np0000183850 nova-scheduler[107528]: DEBUG cotyledon.oslo_config_glue [-] profiler.sentinel_service_name = mymaster {{(pid=107528) log_opt_values /opt/stack/data/venv/lib/python3.12/site-packages/oslo_config/cfg.py:3253}}
Jul 02 03:19:48.768422 np0000183850 nova-scheduler[107528]: DEBUG cotyledon.oslo_config_glue [-] profiler.socket_timeout = 0.1 {{(pid=107528) log_opt_values /opt/stack/data/venv/lib/python3.12/site-packages/oslo_config/cfg.py:3253}}
Jul 02 03:19:48.768422 np0000183850 nova-scheduler[107528]: DEBUG cotyledon.oslo_config_glue [-] profiler.trace_requests = False {{(pid=107528) log_opt_values /opt/stack/data/venv/lib/python3.12/site-packages/oslo_config/cfg.py:3253}}
Jul 02 03:19:48.768422 np0000183850 nova-scheduler[107528]: DEBUG cotyledon.oslo_config_glue [-] profiler.trace_sqlalchemy = False {{(pid=107528) log_opt_values /opt/stack/data/venv/lib/python3.12/site-packages/oslo_config/cfg.py:3253}}
Jul 02 03:19:48.768830 np0000183850 nova-scheduler[107528]: DEBUG cotyledon.oslo_config_glue [-] profiler_jaeger.process_tags = {} {{(pid=107528) log_opt_values /opt/stack/data/venv/lib/python3.12/site-packages/oslo_config/cfg.py:3253}}
Jul 02 03:19:48.768830 np0000183850 nova-scheduler[107528]: DEBUG cotyledon.oslo_config_glue [-] profiler_jaeger.service_name_prefix = None {{(pid=107528) log_opt_values /opt/stack/data/venv/lib/python3.12/site-packages/oslo_config/cfg.py:3253}}
Jul 02 03:19:48.768830 np0000183850 nova-scheduler[107528]: DEBUG cotyledon.oslo_config_glue [-] profiler_otlp.service_name_prefix = None {{(pid=107528) log_opt_values /opt/stack/data/venv/lib/python3.12/site-packages/oslo_config/cfg.py:3253}}
Jul 02 03:19:48.768830 np0000183850 nova-scheduler[107528]: DEBUG cotyledon.oslo_config_glue [-] oslo_messaging_rabbit.amqp_auto_delete = False {{(pid=107528) log_opt_values /opt/stack/data/venv/lib/python3.12/site-packages/oslo_config/cfg.py:3253}}
Jul 02 03:19:48.768830 np0000183850 nova-scheduler[107528]: DEBUG cotyledon.oslo_config_glue [-] oslo_messaging_rabbit.amqp_durable_queues = False {{(pid=107528) log_opt_values /opt/stack/data/venv/lib/python3.12/site-packages/oslo_config/cfg.py:3253}}
Jul 02 03:19:48.768830 np0000183850 nova-scheduler[107528]: DEBUG cotyledon.oslo_config_glue [-] oslo_messaging_rabbit.conn_pool_min_size = 2 {{(pid=107528) log_opt_values /opt/stack/data/venv/lib/python3.12/site-packages/oslo_config/cfg.py:3253}}
Jul 02 03:19:48.768830 np0000183850 nova-scheduler[107528]: DEBUG cotyledon.oslo_config_glue [-] oslo_messaging_rabbit.conn_pool_ttl = 1200 {{(pid=107528) log_opt_values /opt/stack/data/venv/lib/python3.12/site-packages/oslo_config/cfg.py:3253}}
Jul 02 03:19:48.768830 np0000183850 nova-scheduler[107528]: DEBUG cotyledon.oslo_config_glue [-] oslo_messaging_rabbit.direct_mandatory_flag = True {{(pid=107528) log_opt_values /opt/stack/data/venv/lib/python3.12/site-packages/oslo_config/cfg.py:3253}}
Jul 02 03:19:48.768830 np0000183850 nova-scheduler[107528]: DEBUG cotyledon.oslo_config_glue [-] oslo_messaging_rabbit.enable_cancel_on_failover = False {{(pid=107528) log_opt_values /opt/stack/data/venv/lib/python3.12/site-packages/oslo_config/cfg.py:3253}}
Jul 02 03:19:48.769180 np0000183850 nova-scheduler[107528]: DEBUG cotyledon.oslo_config_glue [-] oslo_messaging_rabbit.heartbeat_rate = 3 {{(pid=107528) log_opt_values /opt/stack/data/venv/lib/python3.12/site-packages/oslo_config/cfg.py:3253}}
Jul 02 03:19:48.769180 np0000183850 nova-scheduler[107528]: DEBUG cotyledon.oslo_config_glue [-] oslo_messaging_rabbit.heartbeat_timeout_threshold = 60 {{(pid=107528) log_opt_values /opt/stack/data/venv/lib/python3.12/site-packages/oslo_config/cfg.py:3253}}
Jul 02 03:19:48.769335 np0000183850 nova-scheduler[107510]: DEBUG oslo_db.sqlalchemy.engines [None req-6bea7e4a-da2e-4445-b05b-e41a6d9edda4 None None] MySQL server mode set to STRICT_TRANS_TABLES,STRICT_ALL_TABLES,NO_ZERO_IN_DATE,NO_ZERO_DATE,ERROR_FOR_DIVISION_BY_ZERO,TRADITIONAL,NO_ENGINE_SUBSTITUTION {{(pid=107510) _check_effective_sql_mode /opt/stack/data/venv/lib/python3.12/site-packages/oslo_db/sqlalchemy/engines.py:325}}
Jul 02 03:19:48.769388 np0000183850 nova-scheduler[107528]: DEBUG cotyledon.oslo_config_glue [-] oslo_messaging_rabbit.hostname = np0000183850 {{(pid=107528) log_opt_values /opt/stack/data/venv/lib/python3.12/site-packages/oslo_config/cfg.py:3253}}
Jul 02 03:19:48.769388 np0000183850 nova-scheduler[107528]: DEBUG cotyledon.oslo_config_glue [-] oslo_messaging_rabbit.kombu_compression = None {{(pid=107528) log_opt_values /opt/stack/data/venv/lib/python3.12/site-packages/oslo_config/cfg.py:3253}}
Jul 02 03:19:48.769388 np0000183850 nova-scheduler[107528]: DEBUG cotyledon.oslo_config_glue [-] oslo_messaging_rabbit.kombu_failover_strategy = round-robin {{(pid=107528) log_opt_values /opt/stack/data/venv/lib/python3.12/site-packages/oslo_config/cfg.py:3253}}
Jul 02 03:19:48.769388 np0000183850 nova-scheduler[107528]: DEBUG cotyledon.oslo_config_glue [-] oslo_messaging_rabbit.kombu_missing_consumer_retry_timeout = 60 {{(pid=107528) log_opt_values /opt/stack/data/venv/lib/python3.12/site-packages/oslo_config/cfg.py:3253}}
Jul 02 03:19:48.769388 np0000183850 nova-scheduler[107528]: DEBUG cotyledon.oslo_config_glue [-] oslo_messaging_rabbit.kombu_reconnect_delay = 1.0 {{(pid=107528) log_opt_values /opt/stack/data/venv/lib/python3.12/site-packages/oslo_config/cfg.py:3253}}
Jul 02 03:19:48.769388 np0000183850 nova-scheduler[107528]: DEBUG cotyledon.oslo_config_glue [-] oslo_messaging_rabbit.kombu_reconnect_splay = 0.0 {{(pid=107528) log_opt_values /opt/stack/data/venv/lib/python3.12/site-packages/oslo_config/cfg.py:3253}}
Jul 02 03:19:48.769388 np0000183850 nova-scheduler[107528]: DEBUG cotyledon.oslo_config_glue [-] oslo_messaging_rabbit.processname = nova-scheduler {{(pid=107528) log_opt_values /opt/stack/data/venv/lib/python3.12/site-packages/oslo_config/cfg.py:3253}}
Jul 02 03:19:48.769388 np0000183850 nova-scheduler[107528]: DEBUG cotyledon.oslo_config_glue [-] oslo_messaging_rabbit.rabbit_ha_queues = False {{(pid=107528) log_opt_values /opt/stack/data/venv/lib/python3.12/site-packages/oslo_config/cfg.py:3253}}
Jul 02 03:19:48.769388 np0000183850 nova-scheduler[107528]: DEBUG cotyledon.oslo_config_glue [-] oslo_messaging_rabbit.rabbit_interval_max = 30 {{(pid=107528) log_opt_values /opt/stack/data/venv/lib/python3.12/site-packages/oslo_config/cfg.py:3253}}
Jul 02 03:19:48.769704 np0000183850 nova-scheduler[107528]: DEBUG cotyledon.oslo_config_glue [-] oslo_messaging_rabbit.rabbit_login_method = AMQPLAIN {{(pid=107528) log_opt_values /opt/stack/data/venv/lib/python3.12/site-packages/oslo_config/cfg.py:3253}}
Jul 02 03:19:48.769704 np0000183850 nova-scheduler[107528]: DEBUG cotyledon.oslo_config_glue [-] oslo_messaging_rabbit.rabbit_qos_prefetch_count = 0 {{(pid=107528) log_opt_values /opt/stack/data/venv/lib/python3.12/site-packages/oslo_config/cfg.py:3253}}
Jul 02 03:19:48.769704 np0000183850 nova-scheduler[107528]: DEBUG cotyledon.oslo_config_glue [-] oslo_messaging_rabbit.rabbit_quorum_delivery_limit = 0 {{(pid=107528) log_opt_values /opt/stack/data/venv/lib/python3.12/site-packages/oslo_config/cfg.py:3253}}
Jul 02 03:19:48.769704 np0000183850 nova-scheduler[107528]: DEBUG cotyledon.oslo_config_glue [-] oslo_messaging_rabbit.rabbit_quorum_max_memory_bytes = 0 {{(pid=107528) log_opt_values /opt/stack/data/venv/lib/python3.12/site-packages/oslo_config/cfg.py:3253}}
Jul 02 03:19:48.769704 np0000183850 nova-scheduler[107528]: DEBUG cotyledon.oslo_config_glue [-] oslo_messaging_rabbit.rabbit_quorum_max_memory_length = 0 {{(pid=107528) log_opt_values /opt/stack/data/venv/lib/python3.12/site-packages/oslo_config/cfg.py:3253}}
Jul 02 03:19:48.769704 np0000183850 nova-scheduler[107528]: DEBUG cotyledon.oslo_config_glue [-] oslo_messaging_rabbit.rabbit_quorum_queue = False {{(pid=107528) log_opt_values /opt/stack/data/venv/lib/python3.12/site-packages/oslo_config/cfg.py:3253}}
Jul 02 03:19:48.769704 np0000183850 nova-scheduler[107528]: DEBUG cotyledon.oslo_config_glue [-] oslo_messaging_rabbit.rabbit_retry_backoff = 2 {{(pid=107528) log_opt_values /opt/stack/data/venv/lib/python3.12/site-packages/oslo_config/cfg.py:3253}}
Jul 02 03:19:48.769704 np0000183850 nova-scheduler[107528]: DEBUG cotyledon.oslo_config_glue [-] oslo_messaging_rabbit.rabbit_retry_interval = 1 {{(pid=107528) log_opt_values /opt/stack/data/venv/lib/python3.12/site-packages/oslo_config/cfg.py:3253}}
Jul 02 03:19:48.770001 np0000183850 nova-scheduler[107528]: DEBUG cotyledon.oslo_config_glue [-] oslo_messaging_rabbit.rabbit_stream_fanout = False {{(pid=107528) log_opt_values /opt/stack/data/venv/lib/python3.12/site-packages/oslo_config/cfg.py:3253}}
Jul 02 03:19:48.770001 np0000183850 nova-scheduler[107528]: DEBUG cotyledon.oslo_config_glue [-] oslo_messaging_rabbit.rabbit_transient_queues_ttl = 1800 {{(pid=107528) log_opt_values /opt/stack/data/venv/lib/python3.12/site-packages/oslo_config/cfg.py:3253}}
Jul 02 03:19:48.770001 np0000183850 nova-scheduler[107528]: DEBUG cotyledon.oslo_config_glue [-] oslo_messaging_rabbit.rabbit_transient_quorum_queue = False {{(pid=107528) log_opt_values /opt/stack/data/venv/lib/python3.12/site-packages/oslo_config/cfg.py:3253}}
Jul 02 03:19:48.770001 np0000183850 nova-scheduler[107528]: DEBUG cotyledon.oslo_config_glue [-] oslo_messaging_rabbit.rpc_conn_pool_size = 30 {{(pid=107528) log_opt_values /opt/stack/data/venv/lib/python3.12/site-packages/oslo_config/cfg.py:3253}}
Jul 02 03:19:48.770001 np0000183850 nova-scheduler[107528]: DEBUG cotyledon.oslo_config_glue [-] oslo_messaging_rabbit.ssl = False {{(pid=107528) log_opt_values /opt/stack/data/venv/lib/python3.12/site-packages/oslo_config/cfg.py:3253}}
Jul 02 03:19:48.770001 np0000183850 nova-scheduler[107528]: DEBUG cotyledon.oslo_config_glue [-] oslo_messaging_rabbit.ssl_ca_file = {{(pid=107528) log_opt_values /opt/stack/data/venv/lib/python3.12/site-packages/oslo_config/cfg.py:3253}}
Jul 02 03:19:48.770001 np0000183850 nova-scheduler[107528]: DEBUG cotyledon.oslo_config_glue [-] oslo_messaging_rabbit.ssl_cert_file = {{(pid=107528) log_opt_values /opt/stack/data/venv/lib/python3.12/site-packages/oslo_config/cfg.py:3253}}
Jul 02 03:19:48.770001 np0000183850 nova-scheduler[107528]: DEBUG cotyledon.oslo_config_glue [-] oslo_messaging_rabbit.ssl_enforce_fips_mode = False {{(pid=107528) log_opt_values /opt/stack/data/venv/lib/python3.12/site-packages/oslo_config/cfg.py:3253}}
Jul 02 03:19:48.770001 np0000183850 nova-scheduler[107528]: DEBUG cotyledon.oslo_config_glue [-] oslo_messaging_rabbit.ssl_enforce_hostname_verification = True {{(pid=107528) log_opt_values /opt/stack/data/venv/lib/python3.12/site-packages/oslo_config/cfg.py:3253}}
Jul 02 03:19:48.770296 np0000183850 nova-scheduler[107528]: DEBUG cotyledon.oslo_config_glue [-] oslo_messaging_rabbit.ssl_key_file = {{(pid=107528) log_opt_values /opt/stack/data/venv/lib/python3.12/site-packages/oslo_config/cfg.py:3253}}
Jul 02 03:19:48.770296 np0000183850 nova-scheduler[107528]: DEBUG cotyledon.oslo_config_glue [-] oslo_messaging_rabbit.ssl_version = {{(pid=107528) log_opt_values /opt/stack/data/venv/lib/python3.12/site-packages/oslo_config/cfg.py:3253}}
Jul 02 03:19:48.770296 np0000183850 nova-scheduler[107528]: DEBUG cotyledon.oslo_config_glue [-] oslo_messaging_rabbit.use_queue_manager = False {{(pid=107528) log_opt_values /opt/stack/data/venv/lib/python3.12/site-packages/oslo_config/cfg.py:3253}}
Jul 02 03:19:48.770296 np0000183850 nova-scheduler[107528]: DEBUG cotyledon.oslo_config_glue [-] oslo_messaging_notifications.driver = ['messagingv2'] {{(pid=107528) log_opt_values /opt/stack/data/venv/lib/python3.12/site-packages/oslo_config/cfg.py:3253}}
Jul 02 03:19:48.770296 np0000183850 nova-scheduler[107528]: DEBUG cotyledon.oslo_config_glue [-] oslo_messaging_notifications.retry = -1 {{(pid=107528) log_opt_values /opt/stack/data/venv/lib/python3.12/site-packages/oslo_config/cfg.py:3253}}
Jul 02 03:19:48.770296 np0000183850 nova-scheduler[107528]: DEBUG cotyledon.oslo_config_glue [-] oslo_messaging_notifications.topics = ['notifications'] {{(pid=107528) log_opt_values /opt/stack/data/venv/lib/python3.12/site-packages/oslo_config/cfg.py:3253}}
Jul 02 03:19:48.770296 np0000183850 nova-scheduler[107528]: DEBUG cotyledon.oslo_config_glue [-] oslo_messaging_notifications.transport_url = **** {{(pid=107528) log_opt_values /opt/stack/data/venv/lib/python3.12/site-packages/oslo_config/cfg.py:3253}}
Jul 02 03:19:48.770296 np0000183850 nova-scheduler[107528]: DEBUG cotyledon.oslo_config_glue [-] oslo_limit.auth_section = None {{(pid=107528) log_opt_values /opt/stack/data/venv/lib/python3.12/site-packages/oslo_config/cfg.py:3253}}
Jul 02 03:19:48.770296 np0000183850 nova-scheduler[107528]: DEBUG cotyledon.oslo_config_glue [-] oslo_limit.auth_type = None {{(pid=107528) log_opt_values /opt/stack/data/venv/lib/python3.12/site-packages/oslo_config/cfg.py:3253}}
Jul 02 03:19:48.770512 np0000183850 nova-scheduler[107528]: DEBUG cotyledon.oslo_config_glue [-] oslo_limit.cafile = None {{(pid=107528) log_opt_values /opt/stack/data/venv/lib/python3.12/site-packages/oslo_config/cfg.py:3253}}
Jul 02 03:19:48.770512 np0000183850 nova-scheduler[107528]: DEBUG cotyledon.oslo_config_glue [-] oslo_limit.certfile = None {{(pid=107528) log_opt_values /opt/stack/data/venv/lib/python3.12/site-packages/oslo_config/cfg.py:3253}}
Jul 02 03:19:48.770512 np0000183850 nova-scheduler[107528]: DEBUG cotyledon.oslo_config_glue [-] oslo_limit.collect_timing = False {{(pid=107528) log_opt_values /opt/stack/data/venv/lib/python3.12/site-packages/oslo_config/cfg.py:3253}}
Jul 02 03:19:48.770512 np0000183850 nova-scheduler[107528]: DEBUG cotyledon.oslo_config_glue [-] oslo_limit.connect_retries = None {{(pid=107528) log_opt_values /opt/stack/data/venv/lib/python3.12/site-packages/oslo_config/cfg.py:3253}}
Jul 02 03:19:48.770512 np0000183850 nova-scheduler[107528]: DEBUG cotyledon.oslo_config_glue [-] oslo_limit.connect_retry_delay = None {{(pid=107528) log_opt_values /opt/stack/data/venv/lib/python3.12/site-packages/oslo_config/cfg.py:3253}}
Jul 02 03:19:48.770512 np0000183850 nova-scheduler[107528]: DEBUG cotyledon.oslo_config_glue [-] oslo_limit.endpoint_id = None {{(pid=107528) log_opt_values /opt/stack/data/venv/lib/python3.12/site-packages/oslo_config/cfg.py:3253}}
Jul 02 03:19:48.770512 np0000183850 nova-scheduler[107528]: DEBUG cotyledon.oslo_config_glue [-] oslo_limit.endpoint_interface = public {{(pid=107528) log_opt_values /opt/stack/data/venv/lib/python3.12/site-packages/oslo_config/cfg.py:3253}}
Jul 02 03:19:48.770512 np0000183850 nova-scheduler[107528]: DEBUG cotyledon.oslo_config_glue [-] oslo_limit.endpoint_override = None {{(pid=107528) log_opt_values /opt/stack/data/venv/lib/python3.12/site-packages/oslo_config/cfg.py:3253}}
Jul 02 03:19:48.770512 np0000183850 nova-scheduler[107528]: DEBUG cotyledon.oslo_config_glue [-] oslo_limit.endpoint_region_name = None {{(pid=107528) log_opt_values /opt/stack/data/venv/lib/python3.12/site-packages/oslo_config/cfg.py:3253}}
Jul 02 03:19:48.770718 np0000183850 nova-scheduler[107528]: DEBUG cotyledon.oslo_config_glue [-] oslo_limit.endpoint_service_name = None {{(pid=107528) log_opt_values /opt/stack/data/venv/lib/python3.12/site-packages/oslo_config/cfg.py:3253}}
Jul 02 03:19:48.770718 np0000183850 nova-scheduler[107528]: DEBUG cotyledon.oslo_config_glue [-] oslo_limit.endpoint_service_type = None {{(pid=107528) log_opt_values /opt/stack/data/venv/lib/python3.12/site-packages/oslo_config/cfg.py:3253}}
Jul 02 03:19:48.770718 np0000183850 nova-scheduler[107528]: DEBUG cotyledon.oslo_config_glue [-] oslo_limit.insecure = False {{(pid=107528) log_opt_values /opt/stack/data/venv/lib/python3.12/site-packages/oslo_config/cfg.py:3253}}
Jul 02 03:19:48.770718 np0000183850 nova-scheduler[107528]: DEBUG cotyledon.oslo_config_glue [-] oslo_limit.keyfile = None {{(pid=107528) log_opt_values /opt/stack/data/venv/lib/python3.12/site-packages/oslo_config/cfg.py:3253}}
Jul 02 03:19:48.770718 np0000183850 nova-scheduler[107528]: DEBUG cotyledon.oslo_config_glue [-] oslo_limit.max_version = None {{(pid=107528) log_opt_values /opt/stack/data/venv/lib/python3.12/site-packages/oslo_config/cfg.py:3253}}
Jul 02 03:19:48.770718 np0000183850 nova-scheduler[107528]: DEBUG cotyledon.oslo_config_glue [-] oslo_limit.min_version = None {{(pid=107528) log_opt_values /opt/stack/data/venv/lib/python3.12/site-packages/oslo_config/cfg.py:3253}}
Jul 02 03:19:48.770718 np0000183850 nova-scheduler[107528]: DEBUG cotyledon.oslo_config_glue [-] oslo_limit.region_name = None {{(pid=107528) log_opt_values /opt/stack/data/venv/lib/python3.12/site-packages/oslo_config/cfg.py:3253}}
Jul 02 03:19:48.770718 np0000183850 nova-scheduler[107528]: DEBUG cotyledon.oslo_config_glue [-] oslo_limit.retriable_status_codes = None {{(pid=107528) log_opt_values /opt/stack/data/venv/lib/python3.12/site-packages/oslo_config/cfg.py:3253}}
Jul 02 03:19:48.770718 np0000183850 nova-scheduler[107528]: DEBUG cotyledon.oslo_config_glue [-] oslo_limit.service_name = None {{(pid=107528) log_opt_values /opt/stack/data/venv/lib/python3.12/site-packages/oslo_config/cfg.py:3253}}
Jul 02 03:19:48.770943 np0000183850 nova-scheduler[107528]: DEBUG cotyledon.oslo_config_glue [-] oslo_limit.service_type = None {{(pid=107528) log_opt_values /opt/stack/data/venv/lib/python3.12/site-packages/oslo_config/cfg.py:3253}}
Jul 02 03:19:48.770943 np0000183850 nova-scheduler[107528]: DEBUG cotyledon.oslo_config_glue [-] oslo_limit.split_loggers = False {{(pid=107528) log_opt_values /opt/stack/data/venv/lib/python3.12/site-packages/oslo_config/cfg.py:3253}}
Jul 02 03:19:48.770943 np0000183850 nova-scheduler[107528]: DEBUG cotyledon.oslo_config_glue [-] oslo_limit.status_code_retries = None {{(pid=107528) log_opt_values /opt/stack/data/venv/lib/python3.12/site-packages/oslo_config/cfg.py:3253}}
Jul 02 03:19:48.770943 np0000183850 nova-scheduler[107528]: DEBUG cotyledon.oslo_config_glue [-] oslo_limit.status_code_retry_delay = None {{(pid=107528) log_opt_values /opt/stack/data/venv/lib/python3.12/site-packages/oslo_config/cfg.py:3253}}
Jul 02 03:19:48.770943 np0000183850 nova-scheduler[107528]: DEBUG cotyledon.oslo_config_glue [-] oslo_limit.timeout = None {{(pid=107528) log_opt_values /opt/stack/data/venv/lib/python3.12/site-packages/oslo_config/cfg.py:3253}}
Jul 02 03:19:48.770943 np0000183850 nova-scheduler[107528]: DEBUG cotyledon.oslo_config_glue [-] oslo_limit.valid_interfaces = None {{(pid=107528) log_opt_values /opt/stack/data/venv/lib/python3.12/site-packages/oslo_config/cfg.py:3253}}
Jul 02 03:19:48.770943 np0000183850 nova-scheduler[107528]: DEBUG cotyledon.oslo_config_glue [-] oslo_limit.version = None {{(pid=107528) log_opt_values /opt/stack/data/venv/lib/python3.12/site-packages/oslo_config/cfg.py:3253}}
Jul 02 03:19:48.770943 np0000183850 nova-scheduler[107528]: DEBUG cotyledon.oslo_config_glue [-] oslo_reports.file_event_handler = None {{(pid=107528) log_opt_values /opt/stack/data/venv/lib/python3.12/site-packages/oslo_config/cfg.py:3253}}
Jul 02 03:19:48.770943 np0000183850 nova-scheduler[107528]: DEBUG cotyledon.oslo_config_glue [-] oslo_reports.file_event_handler_interval = 1 {{(pid=107528) log_opt_values /opt/stack/data/venv/lib/python3.12/site-packages/oslo_config/cfg.py:3253}}
Jul 02 03:19:48.771174 np0000183850 nova-scheduler[107528]: DEBUG cotyledon.oslo_config_glue [-] oslo_reports.log_dir = None {{(pid=107528) log_opt_values /opt/stack/data/venv/lib/python3.12/site-packages/oslo_config/cfg.py:3253}}
Jul 02 03:19:48.771174 np0000183850 nova-scheduler[107528]: DEBUG cotyledon.oslo_config_glue [-] ******************************************************************************** {{(pid=107528) log_opt_values /opt/stack/data/venv/lib/python3.12/site-packages/oslo_config/cfg.py:3260}}
Jul 02 03:19:48.771174 np0000183850 nova-scheduler[107528]: DEBUG cotyledon._service_worker [-] Run service ServiceWrapper(3) [107528] {{(pid=107528) wait_forever /opt/stack/data/venv/lib/python3.12/site-packages/cotyledon/_service_worker.py:218}}
Jul 02 03:19:48.771174 np0000183850 nova-scheduler[107528]: INFO nova.service [-] Starting scheduler node (version 33.1.0)
Jul 02 03:19:48.771284 np0000183850 nova-scheduler[107510]: DEBUG dbcounter [-] [107510] Writer thread running {{(pid=107510) stat_writer /opt/stack/data/venv/lib/python3.12/site-packages/dbcounter.py:102}}
Jul 02 03:19:48.771316 np0000183850 nova-scheduler[107528]: INFO dbcounter [None req-f484fef2-ffbb-4cb6-9dd4-5de1b62f7d26 None None] Registered counter for database nova_cell0
Jul 02 03:19:48.771343 np0000183850 nova-scheduler[107515]: DEBUG oslo_db.sqlalchemy.engines [None req-2920eb01-56b0-4177-b29b-a0805c9a494a None None] MySQL server mode set to STRICT_TRANS_TABLES,STRICT_ALL_TABLES,NO_ZERO_IN_DATE,NO_ZERO_DATE,ERROR_FOR_DIVISION_BY_ZERO,TRADITIONAL,NO_ENGINE_SUBSTITUTION {{(pid=107515) _check_effective_sql_mode /opt/stack/data/venv/lib/python3.12/site-packages/oslo_db/sqlalchemy/engines.py:325}}
Jul 02 03:19:48.771421 np0000183850 nova-scheduler[107510]: DEBUG nova.service [None req-6bea7e4a-da2e-4445-b05b-e41a6d9edda4 None None] Creating RPC server for service: nova-scheduler on topic: scheduler {{(pid=107510) start /opt/stack/nova/nova/service.py:196}}
Jul 02 03:19:48.771452 np0000183850 nova-scheduler[107522]: DEBUG oslo_db.sqlalchemy.engines [None req-f6aa64e4-a378-4d26-8473-d241b0a72fd7 None None] MySQL server mode set to STRICT_TRANS_TABLES,STRICT_ALL_TABLES,NO_ZERO_IN_DATE,NO_ZERO_DATE,ERROR_FOR_DIVISION_BY_ZERO,TRADITIONAL,NO_ENGINE_SUBSTITUTION {{(pid=107522) _check_effective_sql_mode /opt/stack/data/venv/lib/python3.12/site-packages/oslo_db/sqlalchemy/engines.py:325}}
Jul 02 03:19:48.771484 np0000183850 nova-scheduler[107515]: DEBUG dbcounter [-] [107515] Writer thread running {{(pid=107515) stat_writer /opt/stack/data/venv/lib/python3.12/site-packages/dbcounter.py:102}}
Jul 02 03:19:48.771484 np0000183850 nova-scheduler[107515]: DEBUG nova.service [None req-2920eb01-56b0-4177-b29b-a0805c9a494a None None] Creating RPC server for service: nova-scheduler on topic: scheduler {{(pid=107515) start /opt/stack/nova/nova/service.py:196}}
Jul 02 03:19:48.781796 np0000183850 nova-scheduler[107522]: DEBUG dbcounter [-] [107522] Writer thread running {{(pid=107522) stat_writer /opt/stack/data/venv/lib/python3.12/site-packages/dbcounter.py:102}}
Jul 02 03:19:48.785764 np0000183850 nova-scheduler[107522]: DEBUG nova.service [None req-f6aa64e4-a378-4d26-8473-d241b0a72fd7 None None] Creating RPC server for service: nova-scheduler on topic: scheduler {{(pid=107522) start /opt/stack/nova/nova/service.py:196}}
Jul 02 03:19:48.795399 np0000183850 nova-scheduler[107510]: DEBUG nova.service [None req-6bea7e4a-da2e-4445-b05b-e41a6d9edda4 None None] Join ServiceGroup membership for this service scheduler {{(pid=107510) start /opt/stack/nova/nova/service.py:222}}
Jul 02 03:19:48.795589 np0000183850 nova-scheduler[107510]: DEBUG nova.servicegroup.drivers.db [None req-6bea7e4a-da2e-4445-b05b-e41a6d9edda4 None None] DB_Driver: join new ServiceGroup member np0000183850 to the scheduler group, service = {{(pid=107510) join /opt/stack/nova/nova/servicegroup/drivers/db.py:44}}
Jul 02 03:19:48.797857 np0000183850 nova-scheduler[107528]: DEBUG oslo_db.sqlalchemy.engines [None req-f484fef2-ffbb-4cb6-9dd4-5de1b62f7d26 None None] MySQL server mode set to STRICT_TRANS_TABLES,STRICT_ALL_TABLES,NO_ZERO_IN_DATE,NO_ZERO_DATE,ERROR_FOR_DIVISION_BY_ZERO,TRADITIONAL,NO_ENGINE_SUBSTITUTION {{(pid=107528) _check_effective_sql_mode /opt/stack/data/venv/lib/python3.12/site-packages/oslo_db/sqlalchemy/engines.py:325}}
Jul 02 03:19:48.802494 np0000183850 nova-scheduler[107515]: DEBUG nova.service [None req-2920eb01-56b0-4177-b29b-a0805c9a494a None None] Join ServiceGroup membership for this service scheduler {{(pid=107515) start /opt/stack/nova/nova/service.py:222}}
Jul 02 03:19:48.802773 np0000183850 nova-scheduler[107515]: DEBUG nova.servicegroup.drivers.db [None req-2920eb01-56b0-4177-b29b-a0805c9a494a None None] DB_Driver: join new ServiceGroup member np0000183850 to the scheduler group, service = {{(pid=107515) join /opt/stack/nova/nova/servicegroup/drivers/db.py:44}}
Jul 02 03:19:48.809088 np0000183850 nova-scheduler[107528]: DEBUG dbcounter [-] [107528] Writer thread running {{(pid=107528) stat_writer /opt/stack/data/venv/lib/python3.12/site-packages/dbcounter.py:102}}
Jul 02 03:19:48.812636 np0000183850 nova-scheduler[107522]: DEBUG nova.service [None req-f6aa64e4-a378-4d26-8473-d241b0a72fd7 None None] Join ServiceGroup membership for this service scheduler {{(pid=107522) start /opt/stack/nova/nova/service.py:222}}
Jul 02 03:19:48.813034 np0000183850 nova-scheduler[107522]: DEBUG nova.servicegroup.drivers.db [None req-f6aa64e4-a378-4d26-8473-d241b0a72fd7 None None] DB_Driver: join new ServiceGroup member np0000183850 to the scheduler group, service = {{(pid=107522) join /opt/stack/nova/nova/servicegroup/drivers/db.py:44}}
Jul 02 03:19:48.813228 np0000183850 nova-scheduler[107528]: DEBUG nova.service [None req-f484fef2-ffbb-4cb6-9dd4-5de1b62f7d26 None None] Creating RPC server for service: nova-scheduler on topic: scheduler {{(pid=107528) start /opt/stack/nova/nova/service.py:196}}
Jul 02 03:19:48.837444 np0000183850 nova-scheduler[107528]: DEBUG nova.service [None req-f484fef2-ffbb-4cb6-9dd4-5de1b62f7d26 None None] Join ServiceGroup membership for this service scheduler {{(pid=107528) start /opt/stack/nova/nova/service.py:222}}
Jul 02 03:19:48.837767 np0000183850 nova-scheduler[107528]: DEBUG nova.servicegroup.drivers.db [None req-f484fef2-ffbb-4cb6-9dd4-5de1b62f7d26 None None] DB_Driver: join new ServiceGroup member np0000183850 to the scheduler group, service = {{(pid=107528) join /opt/stack/nova/nova/servicegroup/drivers/db.py:44}}
Jul 02 03:19:49.816832 np0000183850 nova-scheduler[107522]: DEBUG oslo.service.backend._threading.loopingcall [None req-403245a8-5893-4690-bdbc-f8d48d22eac2 None None] Dynamic interval looping call 'nova.service.Service.periodic_tasks' sleeping for 60.00 seconds {{(pid=107522) _run_loop /opt/stack/data/venv/lib/python3.12/site-packages/oslo_service/backend/_threading/loopingcall.py:125}}
Jul 02 03:19:53.816779 np0000183850 nova-scheduler[107510]: DEBUG oslo.service.backend._threading.loopingcall [-] Fixed interval looping call 'nova.servicegroup.drivers.db.DbDriver._report_state' sleeping for 119.98 seconds {{(pid=107510) _run_loop /opt/stack/data/venv/lib/python3.12/site-packages/oslo_service/backend/_threading/loopingcall.py:125}}
Jul 02 03:19:53.818182 np0000183850 nova-scheduler[107515]: DEBUG oslo.service.backend._threading.loopingcall [-] Fixed interval looping call 'nova.servicegroup.drivers.db.DbDriver._report_state' sleeping for 119.99 seconds {{(pid=107515) _run_loop /opt/stack/data/venv/lib/python3.12/site-packages/oslo_service/backend/_threading/loopingcall.py:125}}
Jul 02 03:19:53.832305 np0000183850 nova-scheduler[107522]: DEBUG oslo.service.backend._threading.loopingcall [-] Fixed interval looping call 'nova.servicegroup.drivers.db.DbDriver._report_state' sleeping for 119.98 seconds {{(pid=107522) _run_loop /opt/stack/data/venv/lib/python3.12/site-packages/oslo_service/backend/_threading/loopingcall.py:125}}
Jul 02 03:19:53.854938 np0000183850 nova-scheduler[107528]: DEBUG oslo.service.backend._threading.loopingcall [-] Fixed interval looping call 'nova.servicegroup.drivers.db.DbDriver._report_state' sleeping for 119.99 seconds {{(pid=107528) _run_loop /opt/stack/data/venv/lib/python3.12/site-packages/oslo_service/backend/_threading/loopingcall.py:125}}
Jul 02 03:19:57.219799 np0000183850 nova-scheduler[106747]: DEBUG dbcounter [-] [106747] Writing DB stats nova_api:SELECT=3 {{(pid=106747) stat_writer /opt/stack/data/venv/lib/python3.12/site-packages/dbcounter.py:115}}
Jul 02 03:19:57.384350 np0000183850 nova-scheduler[106747]: DEBUG dbcounter [-] [106747] Writing DB stats nova_cell0:SELECT=1 {{(pid=106747) stat_writer /opt/stack/data/venv/lib/python3.12/site-packages/dbcounter.py:115}}
Jul 02 03:19:57.389377 np0000183850 nova-scheduler[106747]: DEBUG dbcounter [-] [106747] Writing DB stats nova_cell1:SELECT=1 {{(pid=106747) stat_writer /opt/stack/data/venv/lib/python3.12/site-packages/dbcounter.py:115}}
Jul 02 03:20:00.805768 np0000183850 nova-scheduler[107515]: DEBUG oslo.service.backend._threading.loopingcall [None req-b66a72ac-1214-4e88-bb9f-18eb2aa4a8f8 None None] Dynamic interval looping call 'nova.service.Service.periodic_tasks' sleeping for 60.00 seconds {{(pid=107515) _run_loop /opt/stack/data/venv/lib/python3.12/site-packages/oslo_service/backend/_threading/loopingcall.py:125}}
Jul 02 03:20:03.809334 np0000183850 nova-scheduler[107510]: DEBUG dbcounter [-] [107510] Writing DB stats nova_cell0:SELECT=4,nova_cell0:INSERT=1,nova_cell0:UPDATE=1 {{(pid=107510) stat_writer /opt/stack/data/venv/lib/python3.12/site-packages/dbcounter.py:115}}
Jul 02 03:20:03.818393 np0000183850 nova-scheduler[107515]: DEBUG dbcounter [-] [107515] Writing DB stats nova_cell0:SELECT=3,nova_cell0:UPDATE=1 {{(pid=107515) stat_writer /opt/stack/data/venv/lib/python3.12/site-packages/dbcounter.py:115}}
Jul 02 03:20:03.828353 np0000183850 nova-scheduler[107522]: DEBUG dbcounter [-] [107522] Writing DB stats nova_cell0:SELECT=3 {{(pid=107522) stat_writer /opt/stack/data/venv/lib/python3.12/site-packages/dbcounter.py:115}}
Jul 02 03:20:03.851057 np0000183850 nova-scheduler[107528]: DEBUG dbcounter [-] [107528] Writing DB stats nova_cell0:SELECT=3 {{(pid=107528) stat_writer /opt/stack/data/venv/lib/python3.12/site-packages/dbcounter.py:115}}
Jul 02 03:20:21.798843 np0000183850 nova-scheduler[107510]: DEBUG oslo.service.backend._threading.loopingcall [None req-bdc67c87-fcbc-4152-a220-22a9d783996d None None] Dynamic interval looping call 'nova.service.Service.periodic_tasks' sleeping for 60.00 seconds {{(pid=107510) _run_loop /opt/stack/data/venv/lib/python3.12/site-packages/oslo_service/backend/_threading/loopingcall.py:125}}
Jul 02 03:20:40.841353 np0000183850 nova-scheduler[107528]: DEBUG oslo.service.backend._threading.loopingcall [None req-88b24bf5-fa95-460e-8d6a-3b48966a7a62 None None] Dynamic interval looping call 'nova.service.Service.periodic_tasks' sleeping for 60.00 seconds {{(pid=107528) _run_loop /opt/stack/data/venv/lib/python3.12/site-packages/oslo_service/backend/_threading/loopingcall.py:125}}
Jul 02 03:20:49.817664 np0000183850 nova-scheduler[107522]: DEBUG oslo.service.backend._threading.loopingcall [None req-403245a8-5893-4690-bdbc-f8d48d22eac2 None None] Dynamic interval looping call 'nova.service.Service.periodic_tasks' sleeping for 60.00 seconds {{(pid=107522) _run_loop /opt/stack/data/venv/lib/python3.12/site-packages/oslo_service/backend/_threading/loopingcall.py:125}}
Jul 02 03:21:00.806725 np0000183850 nova-scheduler[107515]: DEBUG oslo.service.backend._threading.loopingcall [None req-b66a72ac-1214-4e88-bb9f-18eb2aa4a8f8 None None] Dynamic interval looping call 'nova.service.Service.periodic_tasks' sleeping for 60.00 seconds {{(pid=107515) _run_loop /opt/stack/data/venv/lib/python3.12/site-packages/oslo_service/backend/_threading/loopingcall.py:125}}
Jul 02 03:21:21.799680 np0000183850 nova-scheduler[107510]: DEBUG oslo.service.backend._threading.loopingcall [None req-bdc67c87-fcbc-4152-a220-22a9d783996d None None] Dynamic interval looping call 'nova.service.Service.periodic_tasks' sleeping for 60.00 seconds {{(pid=107510) _run_loop /opt/stack/data/venv/lib/python3.12/site-packages/oslo_service/backend/_threading/loopingcall.py:125}}
Jul 02 03:21:40.844587 np0000183850 nova-scheduler[107528]: DEBUG oslo.service.backend._threading.loopingcall [None req-88b24bf5-fa95-460e-8d6a-3b48966a7a62 None None] Dynamic interval looping call 'nova.service.Service.periodic_tasks' sleeping for 60.00 seconds {{(pid=107528) _run_loop /opt/stack/data/venv/lib/python3.12/site-packages/oslo_service/backend/_threading/loopingcall.py:125}}
Jul 02 03:21:49.818383 np0000183850 nova-scheduler[107522]: DEBUG oslo.service.backend._threading.loopingcall [None req-403245a8-5893-4690-bdbc-f8d48d22eac2 None None] Dynamic interval looping call 'nova.service.Service.periodic_tasks' sleeping for 60.00 seconds {{(pid=107522) _run_loop /opt/stack/data/venv/lib/python3.12/site-packages/oslo_service/backend/_threading/loopingcall.py:125}}
Jul 02 03:21:53.808313 np0000183850 nova-scheduler[107510]: DEBUG oslo.service.backend._threading.loopingcall [-] Fixed interval looping call 'nova.servicegroup.drivers.db.DbDriver._report_state' sleeping for 119.99 seconds {{(pid=107510) _run_loop /opt/stack/data/venv/lib/python3.12/site-packages/oslo_service/backend/_threading/loopingcall.py:125}}
Jul 02 03:21:53.812343 np0000183850 nova-scheduler[107515]: DEBUG oslo.service.backend._threading.loopingcall [-] Fixed interval looping call 'nova.servicegroup.drivers.db.DbDriver._report_state' sleeping for 120.00 seconds {{(pid=107515) _run_loop /opt/stack/data/venv/lib/python3.12/site-packages/oslo_service/backend/_threading/loopingcall.py:125}}
Jul 02 03:21:53.818266 np0000183850 nova-scheduler[107522]: DEBUG oslo.service.backend._threading.loopingcall [-] Fixed interval looping call 'nova.servicegroup.drivers.db.DbDriver._report_state' sleeping for 119.99 seconds {{(pid=107522) _run_loop /opt/stack/data/venv/lib/python3.12/site-packages/oslo_service/backend/_threading/loopingcall.py:125}}
Jul 02 03:21:53.851936 np0000183850 nova-scheduler[107528]: DEBUG oslo.service.backend._threading.loopingcall [-] Fixed interval looping call 'nova.servicegroup.drivers.db.DbDriver._report_state' sleeping for 119.99 seconds {{(pid=107528) _run_loop /opt/stack/data/venv/lib/python3.12/site-packages/oslo_service/backend/_threading/loopingcall.py:125}}
Jul 02 03:22:00.807656 np0000183850 nova-scheduler[107515]: DEBUG oslo.service.backend._threading.loopingcall [None req-b66a72ac-1214-4e88-bb9f-18eb2aa4a8f8 None None] Dynamic interval looping call 'nova.service.Service.periodic_tasks' sleeping for 60.00 seconds {{(pid=107515) _run_loop /opt/stack/data/venv/lib/python3.12/site-packages/oslo_service/backend/_threading/loopingcall.py:125}}
Jul 02 03:22:03.801842 np0000183850 nova-scheduler[107510]: DEBUG dbcounter [-] [107510] Writing DB stats nova_cell0:SELECT=1,nova_cell0:UPDATE=1 {{(pid=107510) stat_writer /opt/stack/data/venv/lib/python3.12/site-packages/dbcounter.py:115}}
Jul 02 03:22:03.810517 np0000183850 nova-scheduler[107515]: DEBUG dbcounter [-] [107515] Writing DB stats nova_cell0:SELECT=1 {{(pid=107515) stat_writer /opt/stack/data/venv/lib/python3.12/site-packages/dbcounter.py:115}}
Jul 02 03:22:03.815519 np0000183850 nova-scheduler[107522]: DEBUG dbcounter [-] [107522] Writing DB stats nova_cell0:SELECT=1 {{(pid=107522) stat_writer /opt/stack/data/venv/lib/python3.12/site-packages/dbcounter.py:115}}
Jul 02 03:22:03.848570 np0000183850 nova-scheduler[107528]: DEBUG dbcounter [-] [107528] Writing DB stats nova_cell0:SELECT=1 {{(pid=107528) stat_writer /opt/stack/data/venv/lib/python3.12/site-packages/dbcounter.py:115}}
Jul 02 03:22:21.800893 np0000183850 nova-scheduler[107510]: DEBUG oslo.service.backend._threading.loopingcall [None req-bdc67c87-fcbc-4152-a220-22a9d783996d None None] Dynamic interval looping call 'nova.service.Service.periodic_tasks' sleeping for 60.00 seconds {{(pid=107510) _run_loop /opt/stack/data/venv/lib/python3.12/site-packages/oslo_service/backend/_threading/loopingcall.py:125}}
Jul 02 03:22:40.845452 np0000183850 nova-scheduler[107528]: DEBUG oslo.service.backend._threading.loopingcall [None req-88b24bf5-fa95-460e-8d6a-3b48966a7a62 None None] Dynamic interval looping call 'nova.service.Service.periodic_tasks' sleeping for 60.00 seconds {{(pid=107528) _run_loop /opt/stack/data/venv/lib/python3.12/site-packages/oslo_service/backend/_threading/loopingcall.py:125}}
Jul 02 03:22:49.819385 np0000183850 nova-scheduler[107522]: DEBUG oslo.service.backend._threading.loopingcall [None req-403245a8-5893-4690-bdbc-f8d48d22eac2 None None] Dynamic interval looping call 'nova.service.Service.periodic_tasks' sleeping for 60.00 seconds {{(pid=107522) _run_loop /opt/stack/data/venv/lib/python3.12/site-packages/oslo_service/backend/_threading/loopingcall.py:125}}
Jul 02 03:23:00.808578 np0000183850 nova-scheduler[107515]: DEBUG oslo.service.backend._threading.loopingcall [None req-b66a72ac-1214-4e88-bb9f-18eb2aa4a8f8 None None] Dynamic interval looping call 'nova.service.Service.periodic_tasks' sleeping for 60.00 seconds {{(pid=107515) _run_loop /opt/stack/data/venv/lib/python3.12/site-packages/oslo_service/backend/_threading/loopingcall.py:125}}
Jul 02 03:23:21.801605 np0000183850 nova-scheduler[107510]: DEBUG oslo.service.backend._threading.loopingcall [None req-bdc67c87-fcbc-4152-a220-22a9d783996d None None] Dynamic interval looping call 'nova.service.Service.periodic_tasks' sleeping for 60.00 seconds {{(pid=107510) _run_loop /opt/stack/data/venv/lib/python3.12/site-packages/oslo_service/backend/_threading/loopingcall.py:125}}
Jul 02 03:23:40.846222 np0000183850 nova-scheduler[107528]: DEBUG oslo.service.backend._threading.loopingcall [None req-88b24bf5-fa95-460e-8d6a-3b48966a7a62 None None] Dynamic interval looping call 'nova.service.Service.periodic_tasks' sleeping for 60.00 seconds {{(pid=107528) _run_loop /opt/stack/data/venv/lib/python3.12/site-packages/oslo_service/backend/_threading/loopingcall.py:125}}
Jul 02 03:23:49.820127 np0000183850 nova-scheduler[107522]: DEBUG oslo.service.backend._threading.loopingcall [None req-403245a8-5893-4690-bdbc-f8d48d22eac2 None None] Dynamic interval looping call 'nova.service.Service.periodic_tasks' sleeping for 60.00 seconds {{(pid=107522) _run_loop /opt/stack/data/venv/lib/python3.12/site-packages/oslo_service/backend/_threading/loopingcall.py:125}}
Jul 02 03:23:53.808150 np0000183850 nova-scheduler[107510]: DEBUG oslo.service.backend._threading.loopingcall [-] Fixed interval looping call 'nova.servicegroup.drivers.db.DbDriver._report_state' sleeping for 119.99 seconds {{(pid=107510) _run_loop /opt/stack/data/venv/lib/python3.12/site-packages/oslo_service/backend/_threading/loopingcall.py:125}}
Jul 02 03:23:53.816100 np0000183850 nova-scheduler[107522]: DEBUG oslo.service.backend._threading.loopingcall [-] Fixed interval looping call 'nova.servicegroup.drivers.db.DbDriver._report_state' sleeping for 119.99 seconds {{(pid=107522) _run_loop /opt/stack/data/venv/lib/python3.12/site-packages/oslo_service/backend/_threading/loopingcall.py:125}}
Jul 02 03:23:53.823091 np0000183850 nova-scheduler[107515]: DEBUG oslo.service.backend._threading.loopingcall [-] Fixed interval looping call 'nova.servicegroup.drivers.db.DbDriver._report_state' sleeping for 119.99 seconds {{(pid=107515) _run_loop /opt/stack/data/venv/lib/python3.12/site-packages/oslo_service/backend/_threading/loopingcall.py:125}}
Jul 02 03:23:53.847204 np0000183850 nova-scheduler[107528]: DEBUG oslo.service.backend._threading.loopingcall [-] Fixed interval looping call 'nova.servicegroup.drivers.db.DbDriver._report_state' sleeping for 120.00 seconds {{(pid=107528) _run_loop /opt/stack/data/venv/lib/python3.12/site-packages/oslo_service/backend/_threading/loopingcall.py:125}}
Jul 02 03:24:00.810110 np0000183850 nova-scheduler[107515]: DEBUG oslo.service.backend._threading.loopingcall [None req-b66a72ac-1214-4e88-bb9f-18eb2aa4a8f8 None None] Dynamic interval looping call 'nova.service.Service.periodic_tasks' sleeping for 60.00 seconds {{(pid=107515) _run_loop /opt/stack/data/venv/lib/python3.12/site-packages/oslo_service/backend/_threading/loopingcall.py:125}}
Jul 02 03:24:03.803693 np0000183850 nova-scheduler[107510]: DEBUG dbcounter [-] [107510] Writing DB stats nova_cell0:SELECT=1,nova_cell0:UPDATE=1 {{(pid=107510) stat_writer /opt/stack/data/venv/lib/python3.12/site-packages/dbcounter.py:115}}
Jul 02 03:24:03.811321 np0000183850 nova-scheduler[107522]: DEBUG dbcounter [-] [107522] Writing DB stats nova_cell0:SELECT=1 {{(pid=107522) stat_writer /opt/stack/data/venv/lib/python3.12/site-packages/dbcounter.py:115}}
