Sep 09 13:24:20.619302 np0000192395 devstack@neutron-api.service[102023]: DEBUG ovsdbapp.backend.ovs_idl.event [None req-acb66567-bc34-46b1-bd67-0bc96d790386 None None] Matched CREATE: ChassisOVNAgentWriteEvent(events=('create', 'update'), table='Chassis_Private', conditions=None, old_conditions=None), priority=20 to row=Chassis_Private(uuid=be8dac82-e715-46e1-ac87-703f1eeba209, chassis=3034f891-86df-44a4-a179-8a3ecb5c0cca, external_ids={'neutron:ovn-bridge': 'br-int', 'neutron:ovn-neutron-agent-id': '84a66639-318b-5251-b66d-64c3c324aff7', 'neutron:ovn-neutron-agent-sb-cfg': '0'}, name='1268a7a7-ef92-4019-a126-0c2c1cb172dc', nb_cfg=0, nb_cfg_timestamp=0) old= {{(pid=102023) matches /opt/stack/data/venv/lib/python3.12/site-packages/ovsdbapp/backend/ovs_idl/event.py:55}}
Sep 09 13:24:20.619670 np0000192395 devstack@neutron-api.service[102023]: DEBUG ovsdbapp.backend.ovs_idl.event [None req-acb66567-bc34-46b1-bd67-0bc96d790386 None None] Matched CREATE: ChassisAgentWriteEvent(events=('create', 'update'), table='Chassis_Private', conditions=None, old_conditions=None), priority=20 to row=Chassis_Private(uuid=be8dac82-e715-46e1-ac87-703f1eeba209, chassis=3034f891-86df-44a4-a179-8a3ecb5c0cca, external_ids={'neutron:ovn-bridge': 'br-int', 'neutron:ovn-neutron-agent-id': '84a66639-318b-5251-b66d-64c3c324aff7', 'neutron:ovn-neutron-agent-sb-cfg': '0'}, name='1268a7a7-ef92-4019-a126-0c2c1cb172dc', nb_cfg=0, nb_cfg_timestamp=0) old= {{(pid=102023) matches /opt/stack/data/venv/lib/python3.12/site-packages/ovsdbapp/backend/ovs_idl/event.py:55}}
Sep 09 13:24:20.620132 np0000192395 devstack@neutron-api.service[102023]: DEBUG neutron.plugins.ml2.drivers.ovn.mech_driver.ovsdb.ovsdb_monitor [None req-acb66567-bc34-46b1-bd67-0bc96d790386 None None] Hash Ring: Node 095fa664b8e657eb980226609767fd33 (host: np0000192395) handling event "create" for row be8dac82-e715-46e1-ac87-703f1eeba209 (table: Chassis_Private) {{(pid=102023) notify /opt/stack/neutron/neutron/plugins/ml2/drivers/ovn/mech_driver/ovsdb/ovsdb_monitor.py:1099}}
Sep 09 13:24:20.622120 np0000192395 devstack@neutron-api.service[102023]: INFO neutron.plugins.ml2.drivers.ovn.mech_driver.mech_driver [None req-acb66567-bc34-46b1-bd67-0bc96d790386 None None] WorkerService process has finished the post initialization
Sep 09 13:24:20.623226 np0000192395 devstack@neutron-api.service[102023]: WSGI app 0 (mountpoint='') ready in 7 seconds on interpreter 0x797b53aa4668 pid: 102023 (default app)
Sep 09 13:24:20.626594 np0000192395 devstack@neutron-api.service[102022]: DEBUG neutron.common.ovn.hash_ring_manager [None req-b15e8fc4-a7f7-49c0-82d9-ced9354c68fb None None] Allow caching, nodes 4>=4 {{(pid=102022) _wait_startup_before_caching /opt/stack/neutron/neutron/common/ovn/hash_ring_manager.py:71}}
Sep 09 13:24:20.627140 np0000192395 devstack@neutron-api.service[102024]: DEBUG neutron.common.ovn.hash_ring_manager [None req-70a3b90a-10ee-4481-a376-7970f762b1ba None None] Allow caching, nodes 4>=4 {{(pid=102024) _wait_startup_before_caching /opt/stack/neutron/neutron/common/ovn/hash_ring_manager.py:71}}
Sep 09 13:24:20.629956 np0000192395 devstack@neutron-api.service[102022]: DEBUG neutron.common.ovn.hash_ring_manager [None req-b15e8fc4-a7f7-49c0-82d9-ced9354c68fb None None] Hash Ring loaded. 4 active nodes. 0 offline nodes {{(pid=102022) _load_hash_ring /opt/stack/neutron/neutron/common/ovn/hash_ring_manager.py:110}}
Sep 09 13:24:20.630440 np0000192395 devstack@neutron-api.service[102022]: DEBUG ovsdbapp.backend.ovs_idl.event [None req-b15e8fc4-a7f7-49c0-82d9-ced9354c68fb None None] Matched CREATE: ChassisOVNAgentWriteEvent(events=('create', 'update'), table='Chassis_Private', conditions=None, old_conditions=None), priority=20 to row=Chassis_Private(uuid=be8dac82-e715-46e1-ac87-703f1eeba209, chassis=3034f891-86df-44a4-a179-8a3ecb5c0cca, external_ids={'neutron:ovn-bridge': 'br-int', 'neutron:ovn-neutron-agent-id': '84a66639-318b-5251-b66d-64c3c324aff7', 'neutron:ovn-neutron-agent-sb-cfg': '0'}, name='1268a7a7-ef92-4019-a126-0c2c1cb172dc', nb_cfg=0, nb_cfg_timestamp=0) old= {{(pid=102022) matches /opt/stack/data/venv/lib/python3.12/site-packages/ovsdbapp/backend/ovs_idl/event.py:55}}
Sep 09 13:24:20.630746 np0000192395 devstack@neutron-api.service[102022]: DEBUG ovsdbapp.backend.ovs_idl.event [None req-b15e8fc4-a7f7-49c0-82d9-ced9354c68fb None None] Matched CREATE: ChassisAgentWriteEvent(events=('create', 'update'), table='Chassis_Private', conditions=None, old_conditions=None), priority=20 to row=Chassis_Private(uuid=be8dac82-e715-46e1-ac87-703f1eeba209, chassis=3034f891-86df-44a4-a179-8a3ecb5c0cca, external_ids={'neutron:ovn-bridge': 'br-int', 'neutron:ovn-neutron-agent-id': '84a66639-318b-5251-b66d-64c3c324aff7', 'neutron:ovn-neutron-agent-sb-cfg': '0'}, name='1268a7a7-ef92-4019-a126-0c2c1cb172dc', nb_cfg=0, nb_cfg_timestamp=0) old= {{(pid=102022) matches /opt/stack/data/venv/lib/python3.12/site-packages/ovsdbapp/backend/ovs_idl/event.py:55}}
Sep 09 13:24:20.631059 np0000192395 devstack@neutron-api.service[102022]: DEBUG neutron.plugins.ml2.drivers.ovn.mech_driver.ovsdb.ovsdb_monitor [None req-b15e8fc4-a7f7-49c0-82d9-ced9354c68fb None None] Hash Ring: Node a01ca2e75bff5765a760f54fc26c8352 (host: np0000192395) handling event "create" for row 81ec784e-afe6-4087-b21f-f6b2a6f7e569 (table: Encap) {{(pid=102022) notify /opt/stack/neutron/neutron/plugins/ml2/drivers/ovn/mech_driver/ovsdb/ovsdb_monitor.py:1099}}
Sep 09 13:24:20.631953 np0000192395 devstack@neutron-api.service[102024]: DEBUG neutron.common.ovn.hash_ring_manager [None req-70a3b90a-10ee-4481-a376-7970f762b1ba None None] Hash Ring loaded. 4 active nodes. 0 offline nodes {{(pid=102024) _load_hash_ring /opt/stack/neutron/neutron/common/ovn/hash_ring_manager.py:110}}
Sep 09 13:24:20.632245 np0000192395 devstack@neutron-api.service[102024]: DEBUG neutron.plugins.ml2.drivers.ovn.mech_driver.ovsdb.ovsdb_monitor [None req-70a3b90a-10ee-4481-a376-7970f762b1ba None None] Hash Ring: Node e8c29ec7aaef5cf888b1f6dce51f0efd (host: np0000192395) handling event "create" for row 5551d99e-6725-4d6c-bdbb-2c043a37548c (table: ACL) {{(pid=102024) notify /opt/stack/neutron/neutron/plugins/ml2/drivers/ovn/mech_driver/ovsdb/ovsdb_monitor.py:1099}}
Sep 09 13:24:20.633413 np0000192395 devstack@neutron-api.service[102022]: INFO neutron.plugins.ml2.drivers.ovn.mech_driver.mech_driver [None req-b15e8fc4-a7f7-49c0-82d9-ced9354c68fb None None] WorkerService process has finished the post initialization
Sep 09 13:24:20.633468 np0000192395 devstack@neutron-api.service[102024]: INFO neutron.plugins.ml2.drivers.ovn.mech_driver.ovsdb.impl_idl_ovn [None req-70a3b90a-10ee-4481-a376-7970f762b1ba None None] Getting OvsdbSbOvnIdl for WorkerService with retry
Sep 09 13:24:20.634806 np0000192395 devstack@neutron-api.service[102022]: WSGI app 0 (mountpoint='') ready in 7 seconds on interpreter 0x797b53aa4668 pid: 102022 (default app)
Sep 09 13:24:20.665751 np0000192395 devstack@neutron-api.service[102024]: DEBUG ovsdbapp.backend.ovs_idl [None req-70a3b90a-10ee-4481-a376-7970f762b1ba None None] Created lookup_table index Chassis.name {{(pid=102024) autocreate_indices /opt/stack/data/venv/lib/python3.12/site-packages/ovsdbapp/backend/ovs_idl/__init__.py:87}}
Sep 09 13:24:20.665866 np0000192395 devstack@neutron-api.service[102024]: DEBUG ovsdbapp.backend.ovs_idl [None req-70a3b90a-10ee-4481-a376-7970f762b1ba None None] Created lookup_table index Port_Binding.logical_port {{(pid=102024) autocreate_indices /opt/stack/data/venv/lib/python3.12/site-packages/ovsdbapp/backend/ovs_idl/__init__.py:87}}
Sep 09 13:24:20.665979 np0000192395 devstack@neutron-api.service[102024]: DEBUG ovsdbapp.backend.ovs_idl [None req-70a3b90a-10ee-4481-a376-7970f762b1ba None None] Created schema index Chassis_Private.name {{(pid=102024) autocreate_indices /opt/stack/data/venv/lib/python3.12/site-packages/ovsdbapp/backend/ovs_idl/__init__.py:106}}
Sep 09 13:24:20.666065 np0000192395 devstack@neutron-api.service[102024]: DEBUG ovsdbapp.backend.ovs_idl [None req-70a3b90a-10ee-4481-a376-7970f762b1ba None None] Created schema index Datapath_Binding.tunnel_key {{(pid=102024) autocreate_indices /opt/stack/data/venv/lib/python3.12/site-packages/ovsdbapp/backend/ovs_idl/__init__.py:106}}
Sep 09 13:24:20.668900 np0000192395 devstack@neutron-api.service[102024]: INFO ovsdbapp.backend.ovs_idl.vlog [None req-70a3b90a-10ee-4481-a376-7970f762b1ba None None] ssl:162.253.55.169:6642: connecting...
Sep 09 13:24:20.673093 np0000192395 devstack@neutron-api.service[102024]: INFO ovsdbapp.backend.ovs_idl.vlog [None req-70a3b90a-10ee-4481-a376-7970f762b1ba None None] ssl:162.253.55.169:6642: connected
Sep 09 13:24:20.699099 np0000192395 devstack@neutron-api.service[102024]: DEBUG neutron.common.ovn.hash_ring_manager [None req-70a3b90a-10ee-4481-a376-7970f762b1ba None None] Allow caching, nodes 4>=4 {{(pid=102024) _wait_startup_before_caching /opt/stack/neutron/neutron/common/ovn/hash_ring_manager.py:71}}
Sep 09 13:24:20.703195 np0000192395 devstack@neutron-api.service[102024]: DEBUG neutron.common.ovn.hash_ring_manager [None req-70a3b90a-10ee-4481-a376-7970f762b1ba None None] Hash Ring loaded. 4 active nodes. 0 offline nodes {{(pid=102024) _load_hash_ring /opt/stack/neutron/neutron/common/ovn/hash_ring_manager.py:110}}
Sep 09 13:24:20.703708 np0000192395 devstack@neutron-api.service[102024]: DEBUG ovsdbapp.backend.ovs_idl.event [None req-70a3b90a-10ee-4481-a376-7970f762b1ba None None] Matched CREATE: ChassisOVNAgentWriteEvent(events=('create', 'update'), table='Chassis_Private', conditions=None, old_conditions=None), priority=20 to row=Chassis_Private(uuid=be8dac82-e715-46e1-ac87-703f1eeba209, chassis=3034f891-86df-44a4-a179-8a3ecb5c0cca, external_ids={'neutron:ovn-bridge': 'br-int', 'neutron:ovn-neutron-agent-id': '84a66639-318b-5251-b66d-64c3c324aff7', 'neutron:ovn-neutron-agent-sb-cfg': '0'}, name='1268a7a7-ef92-4019-a126-0c2c1cb172dc', nb_cfg=0, nb_cfg_timestamp=0) old= {{(pid=102024) matches /opt/stack/data/venv/lib/python3.12/site-packages/ovsdbapp/backend/ovs_idl/event.py:55}}
Sep 09 13:24:20.704065 np0000192395 devstack@neutron-api.service[102024]: DEBUG ovsdbapp.backend.ovs_idl.event [None req-70a3b90a-10ee-4481-a376-7970f762b1ba None None] Matched CREATE: ChassisAgentWriteEvent(events=('create', 'update'), table='Chassis_Private', conditions=None, old_conditions=None), priority=20 to row=Chassis_Private(uuid=be8dac82-e715-46e1-ac87-703f1eeba209, chassis=3034f891-86df-44a4-a179-8a3ecb5c0cca, external_ids={'neutron:ovn-bridge': 'br-int', 'neutron:ovn-neutron-agent-id': '84a66639-318b-5251-b66d-64c3c324aff7', 'neutron:ovn-neutron-agent-sb-cfg': '0'}, name='1268a7a7-ef92-4019-a126-0c2c1cb172dc', nb_cfg=0, nb_cfg_timestamp=0) old= {{(pid=102024) matches /opt/stack/data/venv/lib/python3.12/site-packages/ovsdbapp/backend/ovs_idl/event.py:55}}
Sep 09 13:24:20.706197 np0000192395 devstack@neutron-api.service[102024]: INFO neutron.plugins.ml2.drivers.ovn.mech_driver.mech_driver [None req-70a3b90a-10ee-4481-a376-7970f762b1ba None None] WorkerService process has finished the post initialization
Sep 09 13:24:20.707438 np0000192395 devstack@neutron-api.service[102024]: WSGI app 0 (mountpoint='') ready in 7 seconds on interpreter 0x797b53aa4668 pid: 102024 (default app)
Sep 09 13:24:22.636163 np0000192395 devstack@neutron-api.service[102025]: DEBUG neutron.common.ovn.hash_ring_manager [-] Allow caching, nodes 4>=4 {{(pid=102025) _wait_startup_before_caching /opt/stack/neutron/neutron/common/ovn/hash_ring_manager.py:71}}
Sep 09 13:24:22.636980 np0000192395 devstack@neutron-api.service[102025]: DEBUG neutron.plugins.ml2.drivers.ovn.mech_driver.ovsdb.ovsdb_monitor [-] Hash Ring: Node d3bb487a2eb4511da990361e669cd1c8 (host: np0000192395) handling event "update" for row 22ff9855-f1b5-4182-8b07-6a98a54635a1 (table: Connection) {{(pid=102025) notify /opt/stack/neutron/neutron/plugins/ml2/drivers/ovn/mech_driver/ovsdb/ovsdb_monitor.py:1099}}
Sep 09 13:24:25.134228 np0000192395 devstack@neutron-api.service[102025]: DEBUG neutron.plugins.ml2.drivers.ovn.mech_driver.ovsdb.ovsdb_monitor [-] Hash Ring: Node d3bb487a2eb4511da990361e669cd1c8 (host: np0000192395) handling event "update" for row 22ff9855-f1b5-4182-8b07-6a98a54635a1 (table: Connection) {{(pid=102025) notify /opt/stack/neutron/neutron/plugins/ml2/drivers/ovn/mech_driver/ovsdb/ovsdb_monitor.py:1099}}
Sep 09 13:24:27.062768 np0000192395 devstack@neutron-api.service[102025]: DEBUG neutron.api.wsgi [None req-64bb7d78-69cb-43c3-ae67-fdfe72a8ea49 admin admin] Missing Content-Type {{(pid=102025) get_content_type /opt/stack/neutron/neutron/api/wsgi.py:80}}
Sep 09 13:24:27.063784 np0000192395 devstack@neutron-api.service[102025]: DEBUG neutron.api.wsgi [None req-64bb7d78-69cb-43c3-ae67-fdfe72a8ea49 admin admin] https://162.253.55.169/networking/v2.0/extensions returned with HTTP 200 {{(pid=102025) __call__ /opt/stack/neutron/neutron/api/wsgi.py:540}}
Sep 09 13:24:27.063784 np0000192395 devstack@neutron-api.service[102025]: [pid: 102025|app: 0|req: 2/2] 162.253.55.169 () {64 vars in 1323 bytes} [Wed Sep 9 13:24:26 2026] GET /networking/v2.0/extensions => generated 16393 bytes in 502 msecs (HTTP/1.1 200) 4 headers in 159 bytes (1 switches on core 0)
Sep 09 13:24:27.526004 np0000192395 devstack@neutron-api.service[102023]: DEBUG neutron.api.v2.base [None req-0a19be48-466c-4552-a31f-f2a6feac9eda admin admin] Request body: {'subnetpool': {'is_default': True, 'default_prefixlen': 26, 'prefixes': ['10.1.0.0/20'], 'shared': True, 'name': 'shared-default-subnetpool-v4'}} {{(pid=102023) prepare_request_body /opt/stack/neutron/neutron/api/v2/base.py:727}}
Sep 09 13:24:27.717377 np0000192395 devstack@neutron-api.service[102023]: DEBUG neutron.policy [None req-0a19be48-466c-4552-a31f-f2a6feac9eda admin admin] Loaded default policies from ['neutron'] under neutron.policies entry points {{(pid=102023) register_rules /opt/stack/neutron/neutron/policy.py:65}}
Sep 09 13:24:27.871856 np0000192395 devstack@neutron-api.service[102023]: DEBUG neutron_lib.callbacks.manager [None req-0a19be48-466c-4552-a31f-f2a6feac9eda admin admin] Publish callbacks ['neutron.objects.securitygroup.RbacNeutronDbObjectMixin.validate_rbac_policy_change-1906604916927', 'neutron.objects.address_group.RbacNeutronDbObjectMixin.validate_rbac_policy_change-1906604827807', 'neutron.objects.network.RbacNeutronDbObjectMixin.validate_rbac_policy_change-1906604953570', 'neutron.objects.qos.policy.RbacNeutronDbObjectMixin.validate_rbac_policy_change-1906604956378', 'neutron.objects.subnetpool.RbacNeutronDbObjectMixin.validate_rbac_policy_change-1906604999857', 'neutron.objects.address_scope.RbacNeutronDbObjectMixin.validate_rbac_policy_change-1906604956491', 'neutron.plugins.ml2.plugin.External_net_db_mixin._process_ext_policy_create-41835', 'neutron.plugins.ml2.plugin.NeutronDbPluginV2.validate_network_rbac_policy_change-34563'] for rbac-policy (None), before_create {{(pid=102023) _notify_loop /opt/stack/data/venv/lib/python3.12/site-packages/neutron_lib/callbacks/manager.py:184}}
Sep 09 13:24:27.978238 np0000192395 devstack@neutron-api.service[102023]: DEBUG neutron_lib.callbacks.manager [None req-0a19be48-466c-4552-a31f-f2a6feac9eda admin admin] Publish callbacks [] for subnetpool (None), before_response {{(pid=102023) _notify_loop /opt/stack/data/venv/lib/python3.12/site-packages/neutron_lib/callbacks/manager.py:184}}
Sep 09 13:24:27.978710 np0000192395 devstack@neutron-api.service[102023]: [pid: 102023|app: 0|req: 1/3] 162.253.55.169 () {68 vars in 1367 bytes} [Wed Sep 9 13:24:27 2026] POST /networking/v2.0/subnetpools => generated 533 bytes in 590 msecs (HTTP/1.1 201) 4 headers in 162 bytes (1 switches on core 0)
Sep 09 13:24:28.362452 np0000192395 devstack@neutron-api.service[102022]: DEBUG neutron.api.v2.base [None req-9badee90-ed85-4944-bf8e-f6bebaba8cb8 admin admin] Request body: {'subnetpool': {'is_default': True, 'default_prefixlen': 64, 'prefixes': ['fd91:86f6:9a28::/56'], 'shared': True, 'name': 'shared-default-subnetpool-v6'}} {{(pid=102022) prepare_request_body /opt/stack/neutron/neutron/api/v2/base.py:727}}
Sep 09 13:24:28.561917 np0000192395 devstack@neutron-api.service[102022]: DEBUG neutron.policy [None req-9badee90-ed85-4944-bf8e-f6bebaba8cb8 admin admin] Loaded default policies from ['neutron'] under neutron.policies entry points {{(pid=102022) register_rules /opt/stack/neutron/neutron/policy.py:65}}
Sep 09 13:24:28.757624 np0000192395 devstack@neutron-api.service[102022]: DEBUG neutron_lib.callbacks.manager [None req-9badee90-ed85-4944-bf8e-f6bebaba8cb8 admin admin] Publish callbacks ['neutron.objects.securitygroup.RbacNeutronDbObjectMixin.validate_rbac_policy_change-1906604921646', 'neutron.objects.address_group.RbacNeutronDbObjectMixin.validate_rbac_policy_change-1906604935392', 'neutron.objects.network.RbacNeutronDbObjectMixin.validate_rbac_policy_change-1906604949959', 'neutron.objects.qos.policy.RbacNeutronDbObjectMixin.validate_rbac_policy_change-1906604962498', 'neutron.objects.subnetpool.RbacNeutronDbObjectMixin.validate_rbac_policy_change-1906604996523', 'neutron.objects.address_scope.RbacNeutronDbObjectMixin.validate_rbac_policy_change-1906604952915', 'neutron.plugins.ml2.plugin.External_net_db_mixin._process_ext_policy_create-144179', 'neutron.plugins.ml2.plugin.NeutronDbPluginV2.validate_network_rbac_policy_change-138267'] for rbac-policy (None), before_create {{(pid=102022) _notify_loop /opt/stack/data/venv/lib/python3.12/site-packages/neutron_lib/callbacks/manager.py:184}}
Sep 09 13:24:28.925840 np0000192395 devstack@neutron-api.service[102022]: DEBUG neutron_lib.callbacks.manager [None req-9badee90-ed85-4944-bf8e-f6bebaba8cb8 admin admin] Publish callbacks [] for subnetpool (None), before_response {{(pid=102022) _notify_loop /opt/stack/data/venv/lib/python3.12/site-packages/neutron_lib/callbacks/manager.py:184}}
Sep 09 13:24:28.926959 np0000192395 devstack@neutron-api.service[102022]: [pid: 102022|app: 0|req: 1/4] 162.253.55.169 () {68 vars in 1367 bytes} [Wed Sep 9 13:24:28 2026] POST /networking/v2.0/subnetpools => generated 543 bytes in 705 msecs (HTTP/1.1 201) 4 headers in 162 bytes (1 switches on core 0)
Sep 09 13:24:29.424196 np0000192395 devstack@neutron-api.service[102024]: DEBUG neutron.api.v2.base [None req-d8beb93e-117d-4c52-8f48-abe2fce5d8e8 admin admin] Request body: {'network': {'admin_state_up': True, 'name': 'private'}} {{(pid=102024) prepare_request_body /opt/stack/neutron/neutron/api/v2/base.py:727}}
Sep 09 13:24:29.459771 np0000192395 devstack@neutron-api.service[102024]: DEBUG neutron.pecan_wsgi.hooks.quota_enforcement [None req-d8beb93e-117d-4c52-8f48-abe2fce5d8e8 admin admin] Made reservation on behalf of 3a2c533f97bd4105ac2bc08f144ec71f for: {'network': 1} {{(pid=102024) before /opt/stack/neutron/neutron/pecan_wsgi/hooks/quota_enforcement.py:66}}
Sep 09 13:24:29.643071 np0000192395 devstack@neutron-api.service[102024]: DEBUG neutron.policy [None req-d8beb93e-117d-4c52-8f48-abe2fce5d8e8 admin admin] Loaded default policies from ['neutron'] under neutron.policies entry points {{(pid=102024) register_rules /opt/stack/neutron/neutron/policy.py:65}}
Sep 09 13:24:29.750773 np0000192395 devstack@neutron-api.service[102024]: DEBUG neutron_lib.callbacks.manager [None req-d8beb93e-117d-4c52-8f48-abe2fce5d8e8 admin admin] Publish callbacks ['neutron.plugins.ml2.plugin.SecurityGroupDbMixin._ensure_default_security_group_handler-1430284'] for network (None), before_create {{(pid=102024) _notify_loop /opt/stack/data/venv/lib/python3.12/site-packages/neutron_lib/callbacks/manager.py:184}}
Sep 09 13:24:29.776607 np0000192395 devstack@neutron-api.service[102024]: DEBUG neutron_lib.callbacks.manager [None req-d8beb93e-117d-4c52-8f48-abe2fce5d8e8 admin admin] Publish callbacks [] for security_group (None), before_create {{(pid=102024) _notify_loop /opt/stack/data/venv/lib/python3.12/site-packages/neutron_lib/callbacks/manager.py:184}}
Sep 09 13:24:29.904655 np0000192395 devstack@neutron-api.service[102024]: DEBUG neutron_lib.callbacks.manager [None req-d8beb93e-117d-4c52-8f48-abe2fce5d8e8 admin admin] Publish callbacks ['neutron.plugins.ml2.drivers.ovn.mech_driver.mech_driver.OVNMechanismDriver._create_security_group_precommit-386155'] for security_group (253a04e8-49f0-47b6-b049-a45f743e61aa), precommit_create {{(pid=102024) _notify_loop /opt/stack/data/venv/lib/python3.12/site-packages/neutron_lib/callbacks/manager.py:184}}
Sep 09 13:24:29.904882 np0000192395 devstack@neutron-api.service[102024]: DEBUG neutron.db.ovn_revision_numbers_db [None req-d8beb93e-117d-4c52-8f48-abe2fce5d8e8 admin admin] create_initial_revision uuid=253a04e8-49f0-47b6-b049-a45f743e61aa, type=security_groups, rev=-1 {{(pid=102024) create_initial_revision /opt/stack/neutron/neutron/db/ovn_revision_numbers_db.py:98}}
Sep 09 13:24:29.907789 np0000192395 devstack@neutron-api.service[102024]: DEBUG neutron.db.ovn_revision_numbers_db [None req-d8beb93e-117d-4c52-8f48-abe2fce5d8e8 admin admin] create_initial_revision uuid=83aee644-8d1c-41cc-ab36-22133628d287, type=security_group_rules, rev=-1 {{(pid=102024) create_initial_revision /opt/stack/neutron/neutron/db/ovn_revision_numbers_db.py:98}}
Sep 09 13:24:29.909096 np0000192395 devstack@neutron-api.service[102024]: DEBUG neutron.db.ovn_revision_numbers_db [None req-d8beb93e-117d-4c52-8f48-abe2fce5d8e8 admin admin] create_initial_revision uuid=97e73a82-f80c-47a2-85c6-b715ca2876c5, type=security_group_rules, rev=-1 {{(pid=102024) create_initial_revision /opt/stack/neutron/neutron/db/ovn_revision_numbers_db.py:98}}
Sep 09 13:24:29.910231 np0000192395 devstack@neutron-api.service[102024]: DEBUG neutron.db.ovn_revision_numbers_db [None req-d8beb93e-117d-4c52-8f48-abe2fce5d8e8 admin admin] create_initial_revision uuid=ae27663e-572a-486a-8e10-92951f21df45, type=security_group_rules, rev=-1 {{(pid=102024) create_initial_revision /opt/stack/neutron/neutron/db/ovn_revision_numbers_db.py:98}}
Sep 09 13:24:29.911214 np0000192395 devstack@neutron-api.service[102024]: DEBUG neutron.db.ovn_revision_numbers_db [None req-d8beb93e-117d-4c52-8f48-abe2fce5d8e8 admin admin] create_initial_revision uuid=f012247c-fcb1-43ad-89d9-174ce7eb1fa5, type=security_group_rules, rev=-1 {{(pid=102024) create_initial_revision /opt/stack/neutron/neutron/db/ovn_revision_numbers_db.py:98}}
Sep 09 13:24:29.923522 np0000192395 devstack@neutron-api.service[102024]: DEBUG neutron_lib.callbacks.manager [None req-d8beb93e-117d-4c52-8f48-abe2fce5d8e8 admin admin] Publish callbacks ['neutron.plugins.ml2.drivers.ovn.mech_driver.mech_driver.OVNMechanismDriver._create_security_group-386173', 'neutron.plugins.ml2.ovo_rpc._ObjectChangeHandler.handle_event-7423464'] for security_group (253a04e8-49f0-47b6-b049-a45f743e61aa), after_create {{(pid=102024) _notify_loop /opt/stack/data/venv/lib/python3.12/site-packages/neutron_lib/callbacks/manager.py:184}}
Sep 09 13:24:29.923716 np0000192395 devstack@neutron-api.service[102024]: INFO neutron.plugins.ml2.drivers.ovn.mech_driver.ovsdb.extensions.qos [None req-d8beb93e-117d-4c52-8f48-abe2fce5d8e8 admin admin] Starting OVNClientQosExtension
Sep 09 13:24:29.923885 np0000192395 devstack@neutron-api.service[102024]: INFO neutron.plugins.ml2.drivers.ovn.mech_driver.ovsdb.extensions.placement [None req-d8beb93e-117d-4c52-8f48-abe2fce5d8e8 admin admin] Starting OVNClientPlacementExtension
Sep 09 13:24:29.925609 np0000192395 devstack@neutron-api.service[102024]: DEBUG ovsdbapp.backend.ovs_idl.transaction [-] Running txn 2a448992 n=1 command(idx=0): PgAddCommand(_result=None, name=pg_253a04e8_49f0_47b6_b049_a45f743e61aa, may_exist=False, columns={'acls': [], 'external_ids': {'neutron:security_group_id': '253a04e8-49f0-47b6-b049-a45f743e61aa'}}) {{(pid=102024) do_commit /opt/stack/data/venv/lib/python3.12/site-packages/ovsdbapp/backend/ovs_idl/transaction.py:91}}
Sep 09 13:24:29.927749 np0000192395 devstack@neutron-api.service[102024]: DEBUG ovsdbapp.backend.ovs_idl.transaction [-] Running txn 2a448992 n=1 command(idx=1): PgAclAddCommand(_result=None, entity=pg_253a04e8_49f0_47b6_b049_a45f743e61aa, direction=to-lport, priority=1002, match=outport == @pg_253a04e8_49f0_47b6_b049_a45f743e61aa && ip4 && ip4.src == $pg_253a04e8_49f0_47b6_b049_a45f743e61aa_ip4, action=allow-related, log=False, may_exist=True, severity=[], name=[], meter=[], external_ids={'neutron:security_group_rule_id': '83aee644-8d1c-41cc-ab36-22133628d287'}) {{(pid=102024) do_commit /opt/stack/data/venv/lib/python3.12/site-packages/ovsdbapp/backend/ovs_idl/transaction.py:91}}
Sep 09 13:24:29.928395 np0000192395 devstack@neutron-api.service[102024]: DEBUG ovsdbapp.backend.ovs_idl.transaction [-] Running txn 2a448992 n=1 command(idx=2): PgAclAddCommand(_result=None, entity=pg_253a04e8_49f0_47b6_b049_a45f743e61aa, direction=from-lport, priority=1002, match=inport == @pg_253a04e8_49f0_47b6_b049_a45f743e61aa && ip6, action=allow-related, log=False, may_exist=True, severity=[], name=[], meter=[], external_ids={'neutron:security_group_rule_id': '97e73a82-f80c-47a2-85c6-b715ca2876c5'}) {{(pid=102024) do_commit /opt/stack/data/venv/lib/python3.12/site-packages/ovsdbapp/backend/ovs_idl/transaction.py:91}}
Sep 09 13:24:29.928853 np0000192395 devstack@neutron-api.service[102024]: DEBUG ovsdbapp.backend.ovs_idl.transaction [-] Running txn 2a448992 n=1 command(idx=3): PgAclAddCommand(_result=None, entity=pg_253a04e8_49f0_47b6_b049_a45f743e61aa, direction=to-lport, priority=1002, match=outport == @pg_253a04e8_49f0_47b6_b049_a45f743e61aa && ip6 && ip6.src == $pg_253a04e8_49f0_47b6_b049_a45f743e61aa_ip6, action=allow-related, log=False, may_exist=True, severity=[], name=[], meter=[], external_ids={'neutron:security_group_rule_id': 'ae27663e-572a-486a-8e10-92951f21df45'}) {{(pid=102024) do_commit /opt/stack/data/venv/lib/python3.12/site-packages/ovsdbapp/backend/ovs_idl/transaction.py:91}}
Sep 09 13:24:29.929533 np0000192395 devstack@neutron-api.service[102024]: DEBUG ovsdbapp.backend.ovs_idl.transaction [-] Running txn 2a448992 n=1 command(idx=4): PgAclAddCommand(_result=None, entity=pg_253a04e8_49f0_47b6_b049_a45f743e61aa, direction=from-lport, priority=1002, match=inport == @pg_253a04e8_49f0_47b6_b049_a45f743e61aa && ip4, action=allow-related, log=False, may_exist=True, severity=[], name=[], meter=[], external_ids={'neutron:security_group_rule_id': 'f012247c-fcb1-43ad-89d9-174ce7eb1fa5'}) {{(pid=102024) do_commit /opt/stack/data/venv/lib/python3.12/site-packages/ovsdbapp/backend/ovs_idl/transaction.py:91}}
Sep 09 13:24:29.936596 np0000192395 devstack@neutron-api.service[102024]: DEBUG neutron.plugins.ml2.drivers.ovn.mech_driver.ovsdb.ovsdb_monitor [-] Hash Ring: Node e8c29ec7aaef5cf888b1f6dce51f0efd (host: np0000192395) handling event "create" for row 5e13a331-fbb7-4618-b87d-b3a4551070e6 (table: ACL) {{(pid=102024) notify /opt/stack/neutron/neutron/plugins/ml2/drivers/ovn/mech_driver/ovsdb/ovsdb_monitor.py:1099}}
Sep 09 13:24:29.937391 np0000192395 devstack@neutron-api.service[102024]: DEBUG ovsdbapp.backend.ovs_idl.transaction [-] txn 2a448992 succeeded {{(pid=102024) do_commit /opt/stack/data/venv/lib/python3.12/site-packages/ovsdbapp/backend/ovs_idl/transaction.py:137}}
Sep 09 13:24:29.940019 np0000192395 devstack@neutron-api.service[102025]: DEBUG neutron.plugins.ml2.drivers.ovn.mech_driver.ovsdb.ovsdb_monitor [-] Hash Ring: Node d3bb487a2eb4511da990361e669cd1c8 (host: np0000192395) handling event "create" for row 1ded9246-304d-45c4-817b-d329c7b83b13 (table: ACL) {{(pid=102025) notify /opt/stack/neutron/neutron/plugins/ml2/drivers/ovn/mech_driver/ovsdb/ovsdb_monitor.py:1099}}
Sep 09 13:24:29.940475 np0000192395 devstack@neutron-api.service[102025]: DEBUG neutron.plugins.ml2.drivers.ovn.mech_driver.ovsdb.ovsdb_monitor [-] Hash Ring: Node d3bb487a2eb4511da990361e669cd1c8 (host: np0000192395) handling event "create" for row 2270c76f-238d-4a5b-b24d-5744b5fb4aa9 (table: ACL) {{(pid=102025) notify /opt/stack/neutron/neutron/plugins/ml2/drivers/ovn/mech_driver/ovsdb/ovsdb_monitor.py:1099}}
Sep 09 13:24:29.940865 np0000192395 devstack@neutron-api.service[102025]: DEBUG neutron.plugins.ml2.drivers.ovn.mech_driver.ovsdb.ovsdb_monitor [-] Hash Ring: Node d3bb487a2eb4511da990361e669cd1c8 (host: np0000192395) handling event "create" for row 5e13a331-fbb7-4618-b87d-b3a4551070e6 (table: ACL) {{(pid=102025) notify /opt/stack/neutron/neutron/plugins/ml2/drivers/ovn/mech_driver/ovsdb/ovsdb_monitor.py:1099}}
Sep 09 13:24:29.941366 np0000192395 devstack@neutron-api.service[102025]: DEBUG neutron.plugins.ml2.drivers.ovn.mech_driver.ovsdb.ovsdb_monitor [-] Hash Ring: Node d3bb487a2eb4511da990361e669cd1c8 (host: np0000192395) handling event "create" for row 90131fd8-e022-4753-98dd-89ec62624602 (table: ACL) {{(pid=102025) notify /opt/stack/neutron/neutron/plugins/ml2/drivers/ovn/mech_driver/ovsdb/ovsdb_monitor.py:1099}}
Sep 09 13:24:29.941877 np0000192395 devstack@neutron-api.service[102025]: DEBUG neutron.plugins.ml2.drivers.ovn.mech_driver.ovsdb.ovsdb_monitor [-] Hash Ring: Node d3bb487a2eb4511da990361e669cd1c8 (host: np0000192395) handling event "create" for row d89caa7d-bb03-4abc-a49b-b7c48de8b3ee (table: Port_Group) {{(pid=102025) notify /opt/stack/neutron/neutron/plugins/ml2/drivers/ovn/mech_driver/ovsdb/ovsdb_monitor.py:1099}}
Sep 09 13:24:29.942019 np0000192395 devstack@neutron-api.service[102022]: DEBUG neutron.plugins.ml2.drivers.ovn.mech_driver.ovsdb.ovsdb_monitor [-] Hash Ring: Node a01ca2e75bff5765a760f54fc26c8352 (host: np0000192395) handling event "create" for row 1ded9246-304d-45c4-817b-d329c7b83b13 (table: ACL) {{(pid=102022) notify /opt/stack/neutron/neutron/plugins/ml2/drivers/ovn/mech_driver/ovsdb/ovsdb_monitor.py:1099}}
Sep 09 13:24:29.968884 np0000192395 devstack@neutron-api.service[102024]: INFO neutron.db.ovn_revision_numbers_db [None req-d8beb93e-117d-4c52-8f48-abe2fce5d8e8 admin admin] Successfully bumped revision number for resource 253a04e8-49f0-47b6-b049-a45f743e61aa (type: security_groups) to 1
Sep 09 13:24:29.992851 np0000192395 devstack@neutron-api.service[102024]: INFO neutron.db.ovn_revision_numbers_db [None req-d8beb93e-117d-4c52-8f48-abe2fce5d8e8 admin admin] Successfully bumped revision number for resource 83aee644-8d1c-41cc-ab36-22133628d287 (type: security_group_rules) to 0
Sep 09 13:24:30.017361 np0000192395 devstack@neutron-api.service[102024]: INFO neutron.db.ovn_revision_numbers_db [None req-d8beb93e-117d-4c52-8f48-abe2fce5d8e8 admin admin] Successfully bumped revision number for resource 97e73a82-f80c-47a2-85c6-b715ca2876c5 (type: security_group_rules) to 0
Sep 09 13:24:30.039555 np0000192395 devstack@neutron-api.service[102024]: INFO neutron.db.ovn_revision_numbers_db [None req-d8beb93e-117d-4c52-8f48-abe2fce5d8e8 admin admin] Successfully bumped revision number for resource ae27663e-572a-486a-8e10-92951f21df45 (type: security_group_rules) to 0
Sep 09 13:24:30.060822 np0000192395 devstack@neutron-api.service[102024]: INFO neutron.db.ovn_revision_numbers_db [None req-d8beb93e-117d-4c52-8f48-abe2fce5d8e8 admin admin] Successfully bumped revision number for resource f012247c-fcb1-43ad-89d9-174ce7eb1fa5 (type: security_group_rules) to 0
Sep 09 13:24:30.087195 np0000192395 devstack@neutron-api.service[102024]: DEBUG neutron.api.rpc.handlers.resources_rpc [None req-d8beb93e-117d-4c52-8f48-abe2fce5d8e8 admin admin] Pushing event updated for resources: {'SecurityGroup': ['ID=253a04e8-49f0-47b6-b049-a45f743e61aa,revision_number=1']} {{(pid=102024) push /opt/stack/neutron/neutron/api/rpc/handlers/resources_rpc.py:237}}
Sep 09 13:24:30.095939 np0000192395 devstack@neutron-api.service[102024]: DEBUG ovsdbapp.backend.ovs_idl.transaction [-] Running txn aca8430a n=1 command(idx=0): CheckLivenessCommand(_result=None) {{(pid=102024) do_commit /opt/stack/data/venv/lib/python3.12/site-packages/ovsdbapp/backend/ovs_idl/transaction.py:91}}
Sep 09 13:24:30.098455 np0000192395 devstack@neutron-api.service[102024]: DEBUG ovsdbapp.backend.ovs_idl.transaction [-] txn aca8430a succeeded {{(pid=102024) do_commit /opt/stack/data/venv/lib/python3.12/site-packages/ovsdbapp/backend/ovs_idl/transaction.py:137}}
Sep 09 13:24:30.099715 np0000192395 devstack@neutron-api.service[102025]: DEBUG neutron.plugins.ml2.drivers.ovn.mech_driver.ovsdb.ovsdb_monitor [-] Hash Ring: Node d3bb487a2eb4511da990361e669cd1c8 (host: np0000192395) handling event "update" for row bd9a5a43-11d5-4b11-941c-11577a53a430 (table: NB_Global) {{(pid=102025) notify /opt/stack/neutron/neutron/plugins/ml2/drivers/ovn/mech_driver/ovsdb/ovsdb_monitor.py:1099}}
Sep 09 13:24:30.102045 np0000192395 devstack@neutron-api.service[102024]: DEBUG neutron.api.rpc.callbacks.version_manager [None req-d8beb93e-117d-4c52-8f48-abe2fce5d8e8 admin admin] Tracked resource versions report:
Sep 09 13:24:30.102045 np0000192395 devstack@neutron-api.service[102024]: pushed versions:
Sep 09 13:24:30.102045 np0000192395 devstack@neutron-api.service[102024]: { 'AddressGroup': {'1.2'},
Sep 09 13:24:30.102045 np0000192395 devstack@neutron-api.service[102024]: 'Agent': {'1.1'},
Sep 09 13:24:30.102045 np0000192395 devstack@neutron-api.service[102024]: 'ConntrackHelper': {'1.0'},
Sep 09 13:24:30.102045 np0000192395 devstack@neutron-api.service[102024]: 'LocalIPAssociation': {'1.0'},
Sep 09 13:24:30.102045 np0000192395 devstack@neutron-api.service[102024]: 'Log': {'1.0'},
Sep 09 13:24:30.102045 np0000192395 devstack@neutron-api.service[102024]: 'NDPProxy': {'1.0'},
Sep 09 13:24:30.102045 np0000192395 devstack@neutron-api.service[102024]: 'Network': {'1.3'},
Sep 09 13:24:30.102045 np0000192395 devstack@neutron-api.service[102024]: 'Port': {'1.11'},
Sep 09 13:24:30.102045 np0000192395 devstack@neutron-api.service[102024]: 'PortForwarding': {'1.3'},
Sep 09 13:24:30.102045 np0000192395 devstack@neutron-api.service[102024]: 'QosPolicy': {'1.10'},
Sep 09 13:24:30.102045 np0000192395 devstack@neutron-api.service[102024]: 'SecurityGroup': {'1.6'},
Sep 09 13:24:30.102045 np0000192395 devstack@neutron-api.service[102024]: 'SecurityGroupRule': {'1.3'},
Sep 09 13:24:30.102045 np0000192395 devstack@neutron-api.service[102024]: 'SubPort': {'1.0'},
Sep 09 13:24:30.102045 np0000192395 devstack@neutron-api.service[102024]: 'Subnet': {'1.2'},
Sep 09 13:24:30.102045 np0000192395 devstack@neutron-api.service[102024]: 'Trunk': {'1.1'}}
Sep 09 13:24:30.102045 np0000192395 devstack@neutron-api.service[102024]: consumer versions:
Sep 09 13:24:30.102045 np0000192395 devstack@neutron-api.service[102024]: {}
Sep 09 13:24:30.102045 np0000192395 devstack@neutron-api.service[102024]: {{(pid=102024) report /opt/stack/neutron/neutron/api/rpc/callbacks/version_manager.py:183}}
Sep 09 13:24:30.102780 np0000192395 devstack@neutron-api.service[102025]: DEBUG neutron.plugins.ml2.drivers.ovn.mech_driver.ovsdb.ovsdb_monitor [-] Hash Ring: Node d3bb487a2eb4511da990361e669cd1c8 (host: np0000192395) handling event "update" for row bd9a5a43-11d5-4b11-941c-11577a53a430 (table: NB_Global) {{(pid=102025) notify /opt/stack/neutron/neutron/plugins/ml2/drivers/ovn/mech_driver/ovsdb/ovsdb_monitor.py:1099}}
Sep 09 13:24:30.103147 np0000192395 devstack@neutron-api.service[102023]: DEBUG ovsdbapp.backend.ovs_idl.event [-] Matched UPDATE: ChassisAgentWriteEvent(events=('create', 'update'), table='Chassis_Private', conditions=None, old_conditions=None), priority=20 to row=Chassis_Private(uuid=be8dac82-e715-46e1-ac87-703f1eeba209, chassis=3034f891-86df-44a4-a179-8a3ecb5c0cca, external_ids={'neutron:ovn-bridge': 'br-int', 'neutron:ovn-neutron-agent-id': '84a66639-318b-5251-b66d-64c3c324aff7', 'neutron:ovn-neutron-agent-sb-cfg': '0'}, name='1268a7a7-ef92-4019-a126-0c2c1cb172dc', nb_cfg=1, nb_cfg_timestamp=1788960270099) old=Chassis_Private(uuid=be8dac82-e715-46e1-ac87-703f1eeba209, nb_cfg=0, nb_cfg_timestamp=0) {{(pid=102023) matches /opt/stack/data/venv/lib/python3.12/site-packages/ovsdbapp/backend/ovs_idl/event.py:55}}
Sep 09 13:24:30.103716 np0000192395 devstack@neutron-api.service[102023]: DEBUG neutron.plugins.ml2.drivers.ovn.mech_driver.ovsdb.ovsdb_monitor [-] Hash Ring: Node 095fa664b8e657eb980226609767fd33 (host: np0000192395) handling event "update" for row be8dac82-e715-46e1-ac87-703f1eeba209 (table: Chassis_Private) {{(pid=102023) notify /opt/stack/neutron/neutron/plugins/ml2/drivers/ovn/mech_driver/ovsdb/ovsdb_monitor.py:1099}}
Sep 09 13:24:30.104347 np0000192395 devstack@neutron-api.service[102025]: DEBUG ovsdbapp.backend.ovs_idl.event [-] Matched UPDATE: ChassisAgentWriteEvent(events=('create', 'update'), table='Chassis_Private', conditions=None, old_conditions=None), priority=20 to row=Chassis_Private(uuid=be8dac82-e715-46e1-ac87-703f1eeba209, chassis=3034f891-86df-44a4-a179-8a3ecb5c0cca, external_ids={'neutron:ovn-bridge': 'br-int', 'neutron:ovn-neutron-agent-id': '84a66639-318b-5251-b66d-64c3c324aff7', 'neutron:ovn-neutron-agent-sb-cfg': '0'}, name='1268a7a7-ef92-4019-a126-0c2c1cb172dc', nb_cfg=1, nb_cfg_timestamp=1788960270099) old=Chassis_Private(uuid=be8dac82-e715-46e1-ac87-703f1eeba209, nb_cfg=0, nb_cfg_timestamp=0) {{(pid=102025) matches /opt/stack/data/venv/lib/python3.12/site-packages/ovsdbapp/backend/ovs_idl/event.py:55}}
Sep 09 13:24:30.104834 np0000192395 devstack@neutron-api.service[102023]: DEBUG neutron.plugins.ml2.drivers.ovn.mech_driver.ovsdb.ovsdb_monitor [-] Hash Ring: Node 095fa664b8e657eb980226609767fd33 (host: np0000192395) handling event "update" for row bd9a5a43-11d5-4b11-941c-11577a53a430 (table: NB_Global) {{(pid=102023) notify /opt/stack/neutron/neutron/plugins/ml2/drivers/ovn/mech_driver/ovsdb/ovsdb_monitor.py:1099}}
Sep 09 13:24:30.106019 np0000192395 devstack@neutron-api.service[102022]: DEBUG ovsdbapp.backend.ovs_idl.event [-] Matched UPDATE: ChassisAgentWriteEvent(events=('create', 'update'), table='Chassis_Private', conditions=None, old_conditions=None), priority=20 to row=Chassis_Private(uuid=be8dac82-e715-46e1-ac87-703f1eeba209, chassis=3034f891-86df-44a4-a179-8a3ecb5c0cca, external_ids={'neutron:ovn-bridge': 'br-int', 'neutron:ovn-neutron-agent-id': '84a66639-318b-5251-b66d-64c3c324aff7', 'neutron:ovn-neutron-agent-sb-cfg': '0'}, name='1268a7a7-ef92-4019-a126-0c2c1cb172dc', nb_cfg=1, nb_cfg_timestamp=1788960270099) old=Chassis_Private(uuid=be8dac82-e715-46e1-ac87-703f1eeba209, nb_cfg=0, nb_cfg_timestamp=0) {{(pid=102022) matches /opt/stack/data/venv/lib/python3.12/site-packages/ovsdbapp/backend/ovs_idl/event.py:55}}
Sep 09 13:24:30.107168 np0000192395 devstack@neutron-api.service[102025]: DEBUG neutron.plugins.ml2.drivers.ovn.mech_driver.ovsdb.ovsdb_monitor [-] Hash Ring: Node d3bb487a2eb4511da990361e669cd1c8 (host: np0000192395) handling event "update" for row bd9a5a43-11d5-4b11-941c-11577a53a430 (table: NB_Global) {{(pid=102025) notify /opt/stack/neutron/neutron/plugins/ml2/drivers/ovn/mech_driver/ovsdb/ovsdb_monitor.py:1099}}
Sep 09 13:24:30.108364 np0000192395 devstack@neutron-api.service[102025]: DEBUG neutron.plugins.ml2.drivers.ovn.mech_driver.ovsdb.ovsdb_monitor [-] Hash Ring: Node d3bb487a2eb4511da990361e669cd1c8 (host: np0000192395) handling event "update" for row bd9a5a43-11d5-4b11-941c-11577a53a430 (table: NB_Global) {{(pid=102025) notify /opt/stack/neutron/neutron/plugins/ml2/drivers/ovn/mech_driver/ovsdb/ovsdb_monitor.py:1099}}
Sep 09 13:24:30.108718 np0000192395 devstack@neutron-api.service[102023]: DEBUG neutron.plugins.ml2.drivers.ovn.mech_driver.ovsdb.ovsdb_monitor [-] Hash Ring: Node 095fa664b8e657eb980226609767fd33 (host: np0000192395) handling event "update" for row bd9a5a43-11d5-4b11-941c-11577a53a430 (table: NB_Global) {{(pid=102023) notify /opt/stack/neutron/neutron/plugins/ml2/drivers/ovn/mech_driver/ovsdb/ovsdb_monitor.py:1099}}
Sep 09 13:24:30.109827 np0000192395 devstack@neutron-api.service[102023]: DEBUG neutron.plugins.ml2.drivers.ovn.mech_driver.ovsdb.ovsdb_monitor [-] Hash Ring: Node 095fa664b8e657eb980226609767fd33 (host: np0000192395) handling event "update" for row bd9a5a43-11d5-4b11-941c-11577a53a430 (table: NB_Global) {{(pid=102023) notify /opt/stack/neutron/neutron/plugins/ml2/drivers/ovn/mech_driver/ovsdb/ovsdb_monitor.py:1099}}
Sep 09 13:24:30.110819 np0000192395 devstack@neutron-api.service[102023]: DEBUG neutron.plugins.ml2.drivers.ovn.mech_driver.ovsdb.ovsdb_monitor [-] Hash Ring: Node 095fa664b8e657eb980226609767fd33 (host: np0000192395) handling event "update" for row bd9a5a43-11d5-4b11-941c-11577a53a430 (table: NB_Global) {{(pid=102023) notify /opt/stack/neutron/neutron/plugins/ml2/drivers/ovn/mech_driver/ovsdb/ovsdb_monitor.py:1099}}
Sep 09 13:24:30.112298 np0000192395 devstack@neutron-api.service[102025]: DEBUG neutron.common.ovn.hash_ring_manager [-] Allow caching, nodes 4>=4 {{(pid=102025) _wait_startup_before_caching /opt/stack/neutron/neutron/common/ovn/hash_ring_manager.py:71}}
Sep 09 13:24:30.112427 np0000192395 devstack@neutron-api.service[102025]: DEBUG neutron.plugins.ml2.drivers.ovn.mech_driver.ovsdb.ovsdb_monitor [-] Hash Ring: Node d3bb487a2eb4511da990361e669cd1c8 (host: np0000192395) handling event "update" for row be8dac82-e715-46e1-ac87-703f1eeba209 (table: Chassis_Private) {{(pid=102025) notify /opt/stack/neutron/neutron/plugins/ml2/drivers/ovn/mech_driver/ovsdb/ovsdb_monitor.py:1099}}
Sep 09 13:24:30.112848 np0000192395 devstack@neutron-api.service[102023]: DEBUG ovsdbapp.backend.ovs_idl.event [-] Matched UPDATE: ChassisOVNAgentWriteEvent(events=('create', 'update'), table='Chassis_Private', conditions=None, old_conditions=None), priority=20 to row=Chassis_Private(uuid=be8dac82-e715-46e1-ac87-703f1eeba209, chassis=3034f891-86df-44a4-a179-8a3ecb5c0cca, external_ids={'neutron:ovn-bridge': 'br-int', 'neutron:ovn-neutron-agent-id': '84a66639-318b-5251-b66d-64c3c324aff7', 'neutron:ovn-neutron-agent-sb-cfg': '1'}, name='1268a7a7-ef92-4019-a126-0c2c1cb172dc', nb_cfg=1, nb_cfg_timestamp=1788960270099) old=Chassis_Private(uuid=be8dac82-e715-46e1-ac87-703f1eeba209, external_ids={'neutron:ovn-bridge': 'br-int', 'neutron:ovn-neutron-agent-id': '84a66639-318b-5251-b66d-64c3c324aff7', 'neutron:ovn-neutron-agent-sb-cfg': '0'}) {{(pid=102023) matches /opt/stack/data/venv/lib/python3.12/site-packages/ovsdbapp/backend/ovs_idl/event.py:55}}
Sep 09 13:24:30.113290 np0000192395 devstack@neutron-api.service[102023]: DEBUG neutron.plugins.ml2.drivers.ovn.mech_driver.ovsdb.ovsdb_monitor [-] Hash Ring: Node 095fa664b8e657eb980226609767fd33 (host: np0000192395) handling event "update" for row be8dac82-e715-46e1-ac87-703f1eeba209 (table: Chassis_Private) {{(pid=102023) notify /opt/stack/neutron/neutron/plugins/ml2/drivers/ovn/mech_driver/ovsdb/ovsdb_monitor.py:1099}}
Sep 09 13:24:30.113417 np0000192395 devstack@neutron-api.service[102024]: DEBUG ovsdbapp.backend.ovs_idl.event [-] Matched UPDATE: ChassisAgentWriteEvent(events=('create', 'update'), table='Chassis_Private', conditions=None, old_conditions=None), priority=20 to row=Chassis_Private(uuid=be8dac82-e715-46e1-ac87-703f1eeba209, chassis=3034f891-86df-44a4-a179-8a3ecb5c0cca, external_ids={'neutron:ovn-bridge': 'br-int', 'neutron:ovn-neutron-agent-id': '84a66639-318b-5251-b66d-64c3c324aff7', 'neutron:ovn-neutron-agent-sb-cfg': '0'}, name='1268a7a7-ef92-4019-a126-0c2c1cb172dc', nb_cfg=1, nb_cfg_timestamp=1788960270099) old=Chassis_Private(uuid=be8dac82-e715-46e1-ac87-703f1eeba209, nb_cfg=0, nb_cfg_timestamp=0) {{(pid=102024) matches /opt/stack/data/venv/lib/python3.12/site-packages/ovsdbapp/backend/ovs_idl/event.py:55}}
Sep 09 13:24:30.113538 np0000192395 devstack@neutron-api.service[102025]: DEBUG ovsdbapp.backend.ovs_idl.event [-] Matched UPDATE: ChassisOVNAgentWriteEvent(events=('create', 'update'), table='Chassis_Private', conditions=None, old_conditions=None), priority=20 to row=Chassis_Private(uuid=be8dac82-e715-46e1-ac87-703f1eeba209, chassis=3034f891-86df-44a4-a179-8a3ecb5c0cca, external_ids={'neutron:ovn-bridge': 'br-int', 'neutron:ovn-neutron-agent-id': '84a66639-318b-5251-b66d-64c3c324aff7', 'neutron:ovn-neutron-agent-sb-cfg': '1'}, name='1268a7a7-ef92-4019-a126-0c2c1cb172dc', nb_cfg=1, nb_cfg_timestamp=1788960270099) old=Chassis_Private(uuid=be8dac82-e715-46e1-ac87-703f1eeba209, external_ids={'neutron:ovn-bridge': 'br-int', 'neutron:ovn-neutron-agent-id': '84a66639-318b-5251-b66d-64c3c324aff7', 'neutron:ovn-neutron-agent-sb-cfg': '0'}) {{(pid=102025) matches /opt/stack/data/venv/lib/python3.12/site-packages/ovsdbapp/backend/ovs_idl/event.py:55}}
Sep 09 13:24:30.113646 np0000192395 devstack@neutron-api.service[102025]: DEBUG neutron.plugins.ml2.drivers.ovn.mech_driver.ovsdb.ovsdb_monitor [-] Hash Ring: Node d3bb487a2eb4511da990361e669cd1c8 (host: np0000192395) handling event "update" for row be8dac82-e715-46e1-ac87-703f1eeba209 (table: Chassis_Private) {{(pid=102025) notify /opt/stack/neutron/neutron/plugins/ml2/drivers/ovn/mech_driver/ovsdb/ovsdb_monitor.py:1099}}
Sep 09 13:24:30.114053 np0000192395 devstack@neutron-api.service[102022]: DEBUG ovsdbapp.backend.ovs_idl.event [-] Matched UPDATE: ChassisOVNAgentWriteEvent(events=('create', 'update'), table='Chassis_Private', conditions=None, old_conditions=None), priority=20 to row=Chassis_Private(uuid=be8dac82-e715-46e1-ac87-703f1eeba209, chassis=3034f891-86df-44a4-a179-8a3ecb5c0cca, external_ids={'neutron:ovn-bridge': 'br-int', 'neutron:ovn-neutron-agent-id': '84a66639-318b-5251-b66d-64c3c324aff7', 'neutron:ovn-neutron-agent-sb-cfg': '1'}, name='1268a7a7-ef92-4019-a126-0c2c1cb172dc', nb_cfg=1, nb_cfg_timestamp=1788960270099) old=Chassis_Private(uuid=be8dac82-e715-46e1-ac87-703f1eeba209, external_ids={'neutron:ovn-bridge': 'br-int', 'neutron:ovn-neutron-agent-id': '84a66639-318b-5251-b66d-64c3c324aff7', 'neutron:ovn-neutron-agent-sb-cfg': '0'}) {{(pid=102022) matches /opt/stack/data/venv/lib/python3.12/site-packages/ovsdbapp/backend/ovs_idl/event.py:55}}
Sep 09 13:24:30.121241 np0000192395 devstack@neutron-api.service[102024]: DEBUG ovsdbapp.backend.ovs_idl.event [-] Matched UPDATE: ChassisOVNAgentWriteEvent(events=('create', 'update'), table='Chassis_Private', conditions=None, old_conditions=None), priority=20 to row=Chassis_Private(uuid=be8dac82-e715-46e1-ac87-703f1eeba209, chassis=3034f891-86df-44a4-a179-8a3ecb5c0cca, external_ids={'neutron:ovn-bridge': 'br-int', 'neutron:ovn-neutron-agent-id': '84a66639-318b-5251-b66d-64c3c324aff7', 'neutron:ovn-neutron-agent-sb-cfg': '1'}, name='1268a7a7-ef92-4019-a126-0c2c1cb172dc', nb_cfg=1, nb_cfg_timestamp=1788960270099) old=Chassis_Private(uuid=be8dac82-e715-46e1-ac87-703f1eeba209, external_ids={'neutron:ovn-bridge': 'br-int', 'neutron:ovn-neutron-agent-id': '84a66639-318b-5251-b66d-64c3c324aff7', 'neutron:ovn-neutron-agent-sb-cfg': '0'}) {{(pid=102024) matches /opt/stack/data/venv/lib/python3.12/site-packages/ovsdbapp/backend/ovs_idl/event.py:55}}
Sep 09 13:24:30.189343 np0000192395 devstack@neutron-api.service[102024]: DEBUG neutron.plugins.ml2.drivers.helpers [None req-d8beb93e-117d-4c52-8f48-abe2fce5d8e8 admin admin] geneve segment allocate from pool success with {'geneve_vni': 43740} {{(pid=102024) allocate_partially_specified_segment /opt/stack/neutron/neutron/plugins/ml2/drivers/helpers.py:142}}
Sep 09 13:24:30.202833 np0000192395 devstack@neutron-api.service[102024]: DEBUG neutron_lib.callbacks.manager [None req-d8beb93e-117d-4c52-8f48-abe2fce5d8e8 admin admin] Publish callbacks ['neutron.services.segments.db._add_segment_host_mapping_for_segment-8348154556890', 'neutron.plugins.ml2.plugin.Ml2Plugin._handle_segment_change-1697106'] for segment (02cff2b3-4a4e-4e92-a18c-0c8ae9459bd9), precommit_create {{(pid=102024) _notify_loop /opt/stack/data/venv/lib/python3.12/site-packages/neutron_lib/callbacks/manager.py:184}}
Sep 09 13:24:30.203062 np0000192395 devstack@neutron-api.service[102024]: INFO neutron.db.segments_db [None req-d8beb93e-117d-4c52-8f48-abe2fce5d8e8 admin admin] Added segment 02cff2b3-4a4e-4e92-a18c-0c8ae9459bd9 of type geneve for network 24a2fe23-24a7-4a4e-9f81-fcf101bfb76a
Sep 09 13:24:30.249493 np0000192395 devstack@neutron-api.service[102024]: DEBUG neutron_lib.callbacks.manager [None req-d8beb93e-117d-4c52-8f48-abe2fce5d8e8 admin admin] Publish callbacks ['neutron.services.auto_allocate.db._ensure_external_network_default_value_callback-8348151944996'] for network (24a2fe23-24a7-4a4e-9f81-fcf101bfb76a), precommit_create {{(pid=102024) _notify_loop /opt/stack/data/venv/lib/python3.12/site-packages/neutron_lib/callbacks/manager.py:184}}
Sep 09 13:24:30.268010 np0000192395 devstack@neutron-api.service[102024]: DEBUG neutron.plugins.ml2.drivers.ovn.mech_driver.mech_driver [None req-d8beb93e-117d-4c52-8f48-abe2fce5d8e8 admin admin] Validating network segment with type geneve, segmentation ID 43740, physical network None {{(pid=102024) _validate_network_segments /opt/stack/neutron/neutron/plugins/ml2/drivers/ovn/mech_driver/mech_driver.py:624}}
Sep 09 13:24:30.268101 np0000192395 devstack@neutron-api.service[102024]: DEBUG neutron.db.ovn_revision_numbers_db [None req-d8beb93e-117d-4c52-8f48-abe2fce5d8e8 admin admin] create_initial_revision uuid=24a2fe23-24a7-4a4e-9f81-fcf101bfb76a, type=networks, rev=-1 {{(pid=102024) create_initial_revision /opt/stack/neutron/neutron/db/ovn_revision_numbers_db.py:98}}
Sep 09 13:24:30.287843 np0000192395 devstack@neutron-api.service[102024]: DEBUG neutron_lib.callbacks.manager [None req-d8beb93e-117d-4c52-8f48-abe2fce5d8e8 admin admin] Publish callbacks ['neutron.plugins.ml2.ovo_rpc._ObjectChangeHandler.handle_event-7423416'] for network (24a2fe23-24a7-4a4e-9f81-fcf101bfb76a), after_create {{(pid=102024) _notify_loop /opt/stack/data/venv/lib/python3.12/site-packages/neutron_lib/callbacks/manager.py:184}}
Sep 09 13:24:30.338912 np0000192395 devstack@neutron-api.service[102024]: DEBUG neutron.api.rpc.handlers.resources_rpc [None req-d8beb93e-117d-4c52-8f48-abe2fce5d8e8 admin admin] Pushing event updated for resources: {'Network': ['ID=24a2fe23-24a7-4a4e-9f81-fcf101bfb76a,revision_number=1']} {{(pid=102024) push /opt/stack/neutron/neutron/api/rpc/handlers/resources_rpc.py:237}}
