Sep 09 13:24:20.247341 np0000192395 devstack@neutron-api.service[102022]: DEBUG neutron.api.extensions [None req-b15e8fc4-a7f7-49c0-82d9-ced9354c68fb None None] Loading extension file: agent.py {{(pid=102022) _load_all_extensions_from_path /opt/stack/neutron/neutron/api/extensions.py:449}}
Sep 09 13:24:20.247403 np0000192395 devstack@neutron-api.service[102024]: DEBUG neutron_lib.callbacks.manager [None req-70a3b90a-10ee-4481-a376-7970f762b1ba None None] Subscribe: > port precommit_delete 55550000, False {{(pid=102024) subscribe /opt/stack/data/venv/lib/python3.12/site-packages/neutron_lib/callbacks/manager.py:52}}
Sep 09 13:24:20.247491 np0000192395 devstack@neutron-api.service[102024]: DEBUG neutron_lib.callbacks.manager [None req-70a3b90a-10ee-4481-a376-7970f762b1ba None None] Subscribe: port before_update 55550000, False {{(pid=102024) subscribe /opt/stack/data/venv/lib/python3.12/site-packages/neutron_lib/callbacks/manager.py:52}}
Sep 09 13:24:20.247550 np0000192395 devstack@neutron-api.service[102024]: DEBUG neutron_lib.callbacks.manager [None req-70a3b90a-10ee-4481-a376-7970f762b1ba None None] Subscribe: port before_delete 55550000, False {{(pid=102024) subscribe /opt/stack/data/venv/lib/python3.12/site-packages/neutron_lib/callbacks/manager.py:52}}
Sep 09 13:24:20.247725 np0000192395 devstack@neutron-api.service[102022]: DEBUG neutron.api.extensions [None req-b15e8fc4-a7f7-49c0-82d9-ced9354c68fb None None] Ext name="agent" alias="agent" description="The agent management extension." updated="2013-02-03T10:00:00-00:00" {{(pid=102022) _check_extension /opt/stack/neutron/neutron/api/extensions.py:415}}
Sep 09 13:24:20.247753 np0000192395 devstack@neutron-api.service[102024]: DEBUG neutron_lib.callbacks.manager [None req-70a3b90a-10ee-4481-a376-7970f762b1ba None None] Subscribe: > router precommit_create 55550000, False {{(pid=102024) subscribe /opt/stack/data/venv/lib/python3.12/site-packages/neutron_lib/callbacks/manager.py:52}}
Sep 09 13:24:20.247839 np0000192395 devstack@neutron-api.service[102024]: DEBUG neutron_lib.callbacks.manager [None req-70a3b90a-10ee-4481-a376-7970f762b1ba None None] Subscribe: > router precommit_create 55550000, False {{(pid=102024) subscribe /opt/stack/data/venv/lib/python3.12/site-packages/neutron_lib/callbacks/manager.py:52}}
Sep 09 13:24:20.247875 np0000192395 devstack@neutron-api.service[102022]: INFO neutron.api.extensions [None req-b15e8fc4-a7f7-49c0-82d9-ced9354c68fb None None] Loaded extension: agent
Sep 09 13:24:20.247926 np0000192395 devstack@neutron-api.service[102022]: DEBUG neutron.api.extensions [None req-b15e8fc4-a7f7-49c0-82d9-ced9354c68fb None None] Loading extension file: agent_resources_synced.py {{(pid=102022) _load_all_extensions_from_path /opt/stack/neutron/neutron/api/extensions.py:449}}
Sep 09 13:24:20.248004 np0000192395 devstack@neutron-api.service[102024]: DEBUG neutron_lib.callbacks.manager [None req-70a3b90a-10ee-4481-a376-7970f762b1ba None None] Subscribe: > router precommit_update 55550000, False {{(pid=102024) subscribe /opt/stack/data/venv/lib/python3.12/site-packages/neutron_lib/callbacks/manager.py:52}}
Sep 09 13:24:20.248144 np0000192395 devstack@neutron-api.service[102024]: DEBUG neutron_lib.callbacks.manager [None req-70a3b90a-10ee-4481-a376-7970f762b1ba None None] Subscribe: subnet after_update 55550000, False {{(pid=102024) subscribe /opt/stack/data/venv/lib/python3.12/site-packages/neutron_lib/callbacks/manager.py:52}}
Sep 09 13:24:20.248214 np0000192395 devstack@neutron-api.service[102022]: DEBUG neutron.api.extensions [None req-b15e8fc4-a7f7-49c0-82d9-ced9354c68fb None None] Ext name="Agent's Resource View Synced to Placement" alias="agent-resources-synced" description="Stores success/failure of last sync to Placement" updated="2018-12-19T00:00:00-00:00" {{(pid=102022) _check_extension /opt/stack/neutron/neutron/api/extensions.py:415}}
Sep 09 13:24:20.248379 np0000192395 devstack@neutron-api.service[102022]: INFO neutron.api.extensions [None req-b15e8fc4-a7f7-49c0-82d9-ced9354c68fb None None] Extension agent-resources-synced not supported by any of loaded plugins
Sep 09 13:24:20.248446 np0000192395 devstack@neutron-api.service[102024]: DEBUG neutron.quota.resource_registry [None req-70a3b90a-10ee-4481-a376-7970f762b1ba None None] Tracking information for resource: router configured {{(pid=102024) set_tracked_resource /opt/stack/neutron/neutron/quota/resource_registry.py:203}}
Sep 09 13:24:20.248482 np0000192395 devstack@neutron-api.service[102022]: DEBUG neutron.api.extensions [None req-b15e8fc4-a7f7-49c0-82d9-ced9354c68fb None None] Loading extension file: agent_sort_key.py {{(pid=102022) _load_all_extensions_from_path /opt/stack/neutron/neutron/api/extensions.py:449}}
Sep 09 13:24:20.248508 np0000192395 devstack@neutron-api.service[102024]: DEBUG neutron.quota.resource_registry [None req-70a3b90a-10ee-4481-a376-7970f762b1ba None None] Tracking information for resource: floatingip configured {{(pid=102024) set_tracked_resource /opt/stack/neutron/neutron/quota/resource_registry.py:203}}
Sep 09 13:24:20.248565 np0000192395 devstack@neutron-api.service[102024]: INFO neutron.services.ovn_l3.plugin [None req-70a3b90a-10ee-4481-a376-7970f762b1ba None None] Starting OVNL3RouterPlugin
Sep 09 13:24:20.248632 np0000192395 devstack@neutron-api.service[102022]: DEBUG neutron.api.extensions [None req-b15e8fc4-a7f7-49c0-82d9-ced9354c68fb None None] Ext name="Agents Sort Key" alias="agent_sort_key" description="Enabling the keyword sort_key for sorting in agents." updated="2013-02-03T10:00:00-00:00" {{(pid=102022) _check_extension /opt/stack/neutron/neutron/api/extensions.py:415}}
Sep 09 13:24:20.248803 np0000192395 devstack@neutron-api.service[102022]: INFO neutron.api.extensions [None req-b15e8fc4-a7f7-49c0-82d9-ced9354c68fb None None] Extension agent_sort_key not supported by any of loaded plugins
Sep 09 13:24:20.248880 np0000192395 devstack@neutron-api.service[102022]: DEBUG neutron.api.extensions [None req-b15e8fc4-a7f7-49c0-82d9-ced9354c68fb None None] Loading extension file: allowedaddresspairs.py {{(pid=102022) _load_all_extensions_from_path /opt/stack/neutron/neutron/api/extensions.py:449}}
Sep 09 13:24:20.249561 np0000192395 devstack@neutron-api.service[102022]: DEBUG neutron.api.extensions [None req-b15e8fc4-a7f7-49c0-82d9-ced9354c68fb None None] Ext name="Allowed Address Pairs" alias="allowed-address-pairs" description="Provides allowed address pairs" updated="2013-07-23T10:00:00-00:00" {{(pid=102022) _check_extension /opt/stack/neutron/neutron/api/extensions.py:415}}
Sep 09 13:24:20.249733 np0000192395 devstack@neutron-api.service[102022]: INFO neutron.api.extensions [None req-b15e8fc4-a7f7-49c0-82d9-ced9354c68fb None None] Loaded extension: allowed-address-pairs
Sep 09 13:24:20.249787 np0000192395 devstack@neutron-api.service[102024]: DEBUG neutron_lib.callbacks.manager [None req-70a3b90a-10ee-4481-a376-7970f762b1ba None None] Subscribe: > port_forwarding_plugin after_init 55550000, False {{(pid=102024) subscribe /opt/stack/data/venv/lib/python3.12/site-packages/neutron_lib/callbacks/manager.py:52}}
Sep 09 13:24:20.249823 np0000192395 devstack@neutron-api.service[102022]: DEBUG neutron.api.extensions [None req-b15e8fc4-a7f7-49c0-82d9-ced9354c68fb None None] Loading extension file: auto_allocated_topology.py {{(pid=102022) _load_all_extensions_from_path /opt/stack/neutron/neutron/api/extensions.py:449}}
Sep 09 13:24:20.250119 np0000192395 devstack@neutron-api.service[102024]: DEBUG neutron_lib.callbacks.manager [None req-70a3b90a-10ee-4481-a376-7970f762b1ba None None] Subscribe: > router before_create 55550100, False {{(pid=102024) subscribe /opt/stack/data/venv/lib/python3.12/site-packages/neutron_lib/callbacks/manager.py:52}}
Sep 09 13:24:20.250151 np0000192395 devstack@neutron-api.service[102022]: DEBUG neutron.api.extensions [None req-b15e8fc4-a7f7-49c0-82d9-ced9354c68fb None None] Ext name="Auto Allocated Topology Services" alias="auto-allocated-topology" description="Auto Allocated Topology Services." updated="2016-01-01T00:00:00-00:00" {{(pid=102022) _check_extension /opt/stack/neutron/neutron/api/extensions.py:415}}
Sep 09 13:24:20.250272 np0000192395 devstack@neutron-api.service[102024]: DEBUG neutron_lib.callbacks.manager [None req-70a3b90a-10ee-4481-a376-7970f762b1ba None None] Subscribe: > router precommit_delete 55550100, False {{(pid=102024) subscribe /opt/stack/data/venv/lib/python3.12/site-packages/neutron_lib/callbacks/manager.py:52}}
Sep 09 13:24:20.250343 np0000192395 devstack@neutron-api.service[102022]: INFO neutron.api.extensions [None req-b15e8fc4-a7f7-49c0-82d9-ced9354c68fb None None] Loaded extension: auto-allocated-topology
Sep 09 13:24:20.250403 np0000192395 devstack@neutron-api.service[102024]: DEBUG neutron_lib.callbacks.manager [None req-70a3b90a-10ee-4481-a376-7970f762b1ba None None] Subscribe: > router precommit_create 55550100, False {{(pid=102024) subscribe /opt/stack/data/venv/lib/python3.12/site-packages/neutron_lib/callbacks/manager.py:52}}
Sep 09 13:24:20.250472 np0000192395 devstack@neutron-api.service[102022]: DEBUG neutron.api.extensions [None req-b15e8fc4-a7f7-49c0-82d9-ced9354c68fb None None] Loading extension file: availability_zone.py {{(pid=102022) _load_all_extensions_from_path /opt/stack/neutron/neutron/api/extensions.py:449}}
Sep 09 13:24:20.250529 np0000192395 devstack@neutron-api.service[102024]: DEBUG neutron_lib.callbacks.manager [None req-70a3b90a-10ee-4481-a376-7970f762b1ba None None] Subscribe: > router precommit_update 55550100, False {{(pid=102024) subscribe /opt/stack/data/venv/lib/python3.12/site-packages/neutron_lib/callbacks/manager.py:52}}
Sep 09 13:24:20.250618 np0000192395 devstack@neutron-api.service[102022]: DEBUG neutron.api.extensions [None req-b15e8fc4-a7f7-49c0-82d9-ced9354c68fb None None] Ext name="Availability Zone" alias="availability_zone" description="The availability zone extension." updated="2015-01-01T10:00:00-00:00" {{(pid=102022) _check_extension /opt/stack/neutron/neutron/api/extensions.py:415}}
Sep 09 13:24:20.250734 np0000192395 devstack@neutron-api.service[102022]: INFO neutron.api.extensions [None req-b15e8fc4-a7f7-49c0-82d9-ced9354c68fb None None] Loaded extension: availability_zone
Sep 09 13:24:20.250824 np0000192395 devstack@neutron-api.service[102022]: DEBUG neutron.api.extensions [None req-b15e8fc4-a7f7-49c0-82d9-ced9354c68fb None None] Loading extension file: availability_zone_filter.py {{(pid=102022) _load_all_extensions_from_path /opt/stack/neutron/neutron/api/extensions.py:449}}
Sep 09 13:24:20.251075 np0000192395 devstack@neutron-api.service[102022]: DEBUG neutron.api.extensions [None req-b15e8fc4-a7f7-49c0-82d9-ced9354c68fb None None] Ext name="Availability Zone Filter Extension" alias="availability_zone_filter" description="Add filter parameters to AvailabilityZone resource" updated="2018-06-22T10:00:00-00:00" {{(pid=102022) _check_extension /opt/stack/neutron/neutron/api/extensions.py:415}}
Sep 09 13:24:20.251239 np0000192395 devstack@neutron-api.service[102022]: INFO neutron.api.extensions [None req-b15e8fc4-a7f7-49c0-82d9-ced9354c68fb None None] Extension availability_zone_filter not supported by any of loaded plugins
Sep 09 13:24:20.251322 np0000192395 devstack@neutron-api.service[102022]: DEBUG neutron.api.extensions [None req-b15e8fc4-a7f7-49c0-82d9-ced9354c68fb None None] Loading extension file: data_plane_status.py {{(pid=102022) _load_all_extensions_from_path /opt/stack/neutron/neutron/api/extensions.py:449}}
Sep 09 13:24:20.251537 np0000192395 devstack@neutron-api.service[102022]: DEBUG neutron.api.extensions [None req-b15e8fc4-a7f7-49c0-82d9-ced9354c68fb None None] Ext name="Port data plane status extension" alias="data-plane-status" description="Expose status of underlying data plane" updated="2017-01-24T10:00:00-00:00" {{(pid=102022) _check_extension /opt/stack/neutron/neutron/api/extensions.py:415}}
Sep 09 13:24:20.251693 np0000192395 devstack@neutron-api.service[102022]: INFO neutron.api.extensions [None req-b15e8fc4-a7f7-49c0-82d9-ced9354c68fb None None] Extension data-plane-status not supported by any of loaded plugins
Sep 09 13:24:20.251776 np0000192395 devstack@neutron-api.service[102022]: DEBUG neutron.api.extensions [None req-b15e8fc4-a7f7-49c0-82d9-ced9354c68fb None None] Loading extension file: default_subnetpools.py {{(pid=102022) _load_all_extensions_from_path /opt/stack/neutron/neutron/api/extensions.py:449}}
Sep 09 13:24:20.252007 np0000192395 devstack@neutron-api.service[102022]: DEBUG neutron.api.extensions [None req-b15e8fc4-a7f7-49c0-82d9-ced9354c68fb None None] Ext name="Default Subnetpools" alias="default-subnetpools" description="Provides ability to mark and use a subnetpool as the default." updated="2016-02-18T18:00:00-00:00" {{(pid=102022) _check_extension /opt/stack/neutron/neutron/api/extensions.py:415}}
Sep 09 13:24:20.252182 np0000192395 devstack@neutron-api.service[102022]: INFO neutron.api.extensions [None req-b15e8fc4-a7f7-49c0-82d9-ced9354c68fb None None] Loaded extension: default-subnetpools
Sep 09 13:24:20.252264 np0000192395 devstack@neutron-api.service[102022]: DEBUG neutron.api.extensions [None req-b15e8fc4-a7f7-49c0-82d9-ced9354c68fb None None] Loading extension file: dhcpagentscheduler.py {{(pid=102022) _load_all_extensions_from_path /opt/stack/neutron/neutron/api/extensions.py:449}}
Sep 09 13:24:20.252634 np0000192395 devstack@neutron-api.service[102022]: DEBUG neutron.api.extensions [None req-b15e8fc4-a7f7-49c0-82d9-ced9354c68fb None None] Ext name="DHCP Agent Scheduler" alias="dhcp_agent_scheduler" description="Schedule networks among dhcp agents" updated="2013-02-07T10:00:00-00:00" {{(pid=102022) _check_extension /opt/stack/neutron/neutron/api/extensions.py:415}}
Sep 09 13:24:20.252798 np0000192395 devstack@neutron-api.service[102022]: INFO neutron.api.extensions [None req-b15e8fc4-a7f7-49c0-82d9-ced9354c68fb None None] Loaded extension: dhcp_agent_scheduler
Sep 09 13:24:20.252875 np0000192395 devstack@neutron-api.service[102022]: DEBUG neutron.api.extensions [None req-b15e8fc4-a7f7-49c0-82d9-ced9354c68fb None None] Loading extension file: dns.py {{(pid=102022) _load_all_extensions_from_path /opt/stack/neutron/neutron/api/extensions.py:449}}
Sep 09 13:24:20.253121 np0000192395 devstack@neutron-api.service[102022]: DEBUG neutron.api.extensions [None req-b15e8fc4-a7f7-49c0-82d9-ced9354c68fb None None] Ext name="DNS Integration" alias="dns-integration" description="Provides integration with DNS." updated="2015-08-15T18:00:00-00:00" {{(pid=102022) _check_extension /opt/stack/neutron/neutron/api/extensions.py:415}}
Sep 09 13:24:20.253280 np0000192395 devstack@neutron-api.service[102022]: INFO neutron.api.extensions [None req-b15e8fc4-a7f7-49c0-82d9-ced9354c68fb None None] Loaded extension: dns-integration
Sep 09 13:24:20.253362 np0000192395 devstack@neutron-api.service[102022]: DEBUG neutron.api.extensions [None req-b15e8fc4-a7f7-49c0-82d9-ced9354c68fb None None] Loading extension file: dns_domain_ports.py {{(pid=102022) _load_all_extensions_from_path /opt/stack/neutron/neutron/api/extensions.py:449}}
Sep 09 13:24:20.253579 np0000192395 devstack@neutron-api.service[102022]: DEBUG neutron.api.extensions [None req-b15e8fc4-a7f7-49c0-82d9-ced9354c68fb None None] Ext name="dns_domain for ports" alias="dns-domain-ports" description="Allows the DNS domain to be specified for a network port." updated="2017-04-24T10:00:00-00:00" {{(pid=102022) _check_extension /opt/stack/neutron/neutron/api/extensions.py:415}}
Sep 09 13:24:20.253739 np0000192395 devstack@neutron-api.service[102022]: INFO neutron.api.extensions [None req-b15e8fc4-a7f7-49c0-82d9-ced9354c68fb None None] Loaded extension: dns-domain-ports
Sep 09 13:24:20.253824 np0000192395 devstack@neutron-api.service[102022]: DEBUG neutron.api.extensions [None req-b15e8fc4-a7f7-49c0-82d9-ced9354c68fb None None] Loading extension file: dns_integration_domain_keywords.py {{(pid=102022) _load_all_extensions_from_path /opt/stack/neutron/neutron/api/extensions.py:449}}
Sep 09 13:24:20.254092 np0000192395 devstack@neutron-api.service[102022]: DEBUG neutron.api.extensions [None req-b15e8fc4-a7f7-49c0-82d9-ced9354c68fb None None] Ext name="DNS domain names with keywords allowed" alias="dns-integration-domain-keywords" description="Allows to use keywords like , , and as DNS domain name" updated="2020-06-15T18:00:00-00:00" {{(pid=102022) _check_extension /opt/stack/neutron/neutron/api/extensions.py:415}}
Sep 09 13:24:20.254256 np0000192395 devstack@neutron-api.service[102022]: INFO neutron.api.extensions [None req-b15e8fc4-a7f7-49c0-82d9-ced9354c68fb None None] Loaded extension: dns-integration-domain-keywords
Sep 09 13:24:20.254340 np0000192395 devstack@neutron-api.service[102022]: DEBUG neutron.api.extensions [None req-b15e8fc4-a7f7-49c0-82d9-ced9354c68fb None None] Loading extension file: dvr.py {{(pid=102022) _load_all_extensions_from_path /opt/stack/neutron/neutron/api/extensions.py:449}}
Sep 09 13:24:20.254618 np0000192395 devstack@neutron-api.service[102022]: DEBUG neutron.api.extensions [None req-b15e8fc4-a7f7-49c0-82d9-ced9354c68fb None None] Ext name="Distributed Virtual Router" alias="dvr" description="Enables configuration of Distributed Virtual Routers." updated="2014-06-1T10:00:00-00:00" {{(pid=102022) _check_extension /opt/stack/neutron/neutron/api/extensions.py:415}}
Sep 09 13:24:20.254728 np0000192395 devstack@neutron-api.service[102022]: INFO neutron.api.extensions [None req-b15e8fc4-a7f7-49c0-82d9-ced9354c68fb None None] Extension dvr not supported by any of loaded plugins
Sep 09 13:24:20.254828 np0000192395 devstack@neutron-api.service[102022]: DEBUG neutron.api.extensions [None req-b15e8fc4-a7f7-49c0-82d9-ced9354c68fb None None] Loading extension file: ecmp_routes.py {{(pid=102022) _load_all_extensions_from_path /opt/stack/neutron/neutron/api/extensions.py:449}}
Sep 09 13:24:20.255046 np0000192395 devstack@neutron-api.service[102022]: DEBUG neutron.api.extensions [None req-b15e8fc4-a7f7-49c0-82d9-ced9354c68fb None None] Ext name="Equal Cost Multipath Routing" alias="ecmp_routes" description="Allows traffic to reach thesame destination via multiple different links " updated="2020-11-26T18:00:00-00:00" {{(pid=102022) _check_extension /opt/stack/neutron/neutron/api/extensions.py:415}}
Sep 09 13:24:20.255203 np0000192395 devstack@neutron-api.service[102022]: INFO neutron.api.extensions [None req-b15e8fc4-a7f7-49c0-82d9-ced9354c68fb None None] Extension ecmp_routes not supported by any of loaded plugins
Sep 09 13:24:20.255276 np0000192395 devstack@neutron-api.service[102022]: DEBUG neutron.api.extensions [None req-b15e8fc4-a7f7-49c0-82d9-ced9354c68fb None None] Loading extension file: empty_string_filtering.py {{(pid=102022) _load_all_extensions_from_path /opt/stack/neutron/neutron/api/extensions.py:449}}
Sep 09 13:24:20.255494 np0000192395 devstack@neutron-api.service[102022]: DEBUG neutron.api.extensions [None req-b15e8fc4-a7f7-49c0-82d9-ced9354c68fb None None] Ext name="Empty String Filtering Extension" alias="empty-string-filtering" description="Allow filtering by attributes with empty string value" updated="2018-05-01T10:00:00-00:00" {{(pid=102022) _check_extension /opt/stack/neutron/neutron/api/extensions.py:415}}
Sep 09 13:24:20.255653 np0000192395 devstack@neutron-api.service[102022]: INFO neutron.api.extensions [None req-b15e8fc4-a7f7-49c0-82d9-ced9354c68fb None None] Loaded extension: empty-string-filtering
Sep 09 13:24:20.255691 np0000192395 devstack@neutron-api.service[102024]: DEBUG neutron.services.provider_configuration [None req-70a3b90a-10ee-4481-a376-7970f762b1ba None None] Service providers = [] {{(pid=102024) parse_service_provider_opt /opt/stack/neutron/neutron/services/provider_configuration.py:170}}
Sep 09 13:24:20.255736 np0000192395 devstack@neutron-api.service[102022]: DEBUG neutron.api.extensions [None req-b15e8fc4-a7f7-49c0-82d9-ced9354c68fb None None] Loading extension file: evpn.py {{(pid=102022) _load_all_extensions_from_path /opt/stack/neutron/neutron/api/extensions.py:449}}
Sep 09 13:24:20.255801 np0000192395 devstack@neutron-api.service[102024]: DEBUG neutron.db.servicetype_db [None req-70a3b90a-10ee-4481-a376-7970f762b1ba None None] Adding provider configuration for service L3_ROUTER_NAT {{(pid=102024) add_provider_configuration /opt/stack/neutron/neutron/db/servicetype_db.py:45}}
Sep 09 13:24:20.255960 np0000192395 devstack@neutron-api.service[102022]: DEBUG neutron.api.extensions [None req-b15e8fc4-a7f7-49c0-82d9-ced9354c68fb None None] Ext name="EVPN" alias="evpn" description="Router extension to support EVPN Type-5 route advertisement" updated="2026-04-28T00:00:00-00:00" {{(pid=102022) _check_extension /opt/stack/neutron/neutron/api/extensions.py:415}}
Sep 09 13:24:20.256134 np0000192395 devstack@neutron-api.service[102022]: INFO neutron.api.extensions [None req-b15e8fc4-a7f7-49c0-82d9-ced9354c68fb None None] Extension evpn not supported by any of loaded plugins
Sep 09 13:24:20.256216 np0000192395 devstack@neutron-api.service[102022]: DEBUG neutron.api.extensions [None req-b15e8fc4-a7f7-49c0-82d9-ced9354c68fb None None] Loading extension file: expose_l3_conntrack_helper.py {{(pid=102022) _load_all_extensions_from_path /opt/stack/neutron/neutron/api/extensions.py:449}}
Sep 09 13:24:20.256462 np0000192395 devstack@neutron-api.service[102022]: DEBUG neutron.api.extensions [None req-b15e8fc4-a7f7-49c0-82d9-ced9354c68fb None None] Ext name="Expose CT target rules for conntrack helper" alias="expose-l3-conntrack-helper" description="Expose allow adding CT target rules for conntrack helper" updated="2019-04-04T10:00:00-00:00" {{(pid=102022) _check_extension /opt/stack/neutron/neutron/api/extensions.py:415}}
Sep 09 13:24:20.256600 np0000192395 devstack@neutron-api.service[102022]: INFO neutron.api.extensions [None req-b15e8fc4-a7f7-49c0-82d9-ced9354c68fb None None] Extension expose-l3-conntrack-helper not supported by any of loaded plugins
Sep 09 13:24:20.256658 np0000192395 devstack@neutron-api.service[102022]: DEBUG neutron.api.extensions [None req-b15e8fc4-a7f7-49c0-82d9-ced9354c68fb None None] Loading extension file: expose_port_forwarding_in_fip.py {{(pid=102022) _load_all_extensions_from_path /opt/stack/neutron/neutron/api/extensions.py:449}}
Sep 09 13:24:20.256871 np0000192395 devstack@neutron-api.service[102022]: DEBUG neutron.api.extensions [None req-b15e8fc4-a7f7-49c0-82d9-ced9354c68fb None None] Ext name="Expose Floating IP port forwardings" alias="expose-port-forwarding-in-fip" description="Expose port forwarding fields in floating IP response" updated="2018-06-28T16:00:00-00:00" {{(pid=102022) _check_extension /opt/stack/neutron/neutron/api/extensions.py:415}}
Sep 09 13:24:20.257066 np0000192395 devstack@neutron-api.service[102022]: INFO neutron.api.extensions [None req-b15e8fc4-a7f7-49c0-82d9-ced9354c68fb None None] Extension expose-port-forwarding-in-fip not supported by any of loaded plugins
Sep 09 13:24:20.257179 np0000192395 devstack@neutron-api.service[102022]: DEBUG neutron.api.extensions [None req-b15e8fc4-a7f7-49c0-82d9-ced9354c68fb None None] Loading extension file: external_net.py {{(pid=102022) _load_all_extensions_from_path /opt/stack/neutron/neutron/api/extensions.py:449}}
Sep 09 13:24:20.257224 np0000192395 devstack@neutron-api.service[102024]: DEBUG neutron_lib.callbacks.manager [None req-70a3b90a-10ee-4481-a376-7970f762b1ba None None] Subscribe: > router precommit_create 55549900, False {{(pid=102024) subscribe /opt/stack/data/venv/lib/python3.12/site-packages/neutron_lib/callbacks/manager.py:52}}
Sep 09 13:24:20.257376 np0000192395 devstack@neutron-api.service[102024]: DEBUG neutron_lib.callbacks.manager [None req-70a3b90a-10ee-4481-a376-7970f762b1ba None None] Subscribe: > router_interface after_create 55550000, False {{(pid=102024) subscribe /opt/stack/data/venv/lib/python3.12/site-packages/neutron_lib/callbacks/manager.py:52}}
Sep 09 13:24:20.257412 np0000192395 devstack@neutron-api.service[102022]: DEBUG neutron.api.extensions [None req-b15e8fc4-a7f7-49c0-82d9-ced9354c68fb None None] Ext name="Neutron external network" alias="external-net" description="Adds external network attribute to network resource." updated="2013-01-14T10:00:00-00:00" {{(pid=102022) _check_extension /opt/stack/neutron/neutron/api/extensions.py:415}}
Sep 09 13:24:20.257501 np0000192395 devstack@neutron-api.service[102024]: DEBUG neutron_lib.callbacks.manager [None req-70a3b90a-10ee-4481-a376-7970f762b1ba None None] Subscribe: > floatingip after_create 55550000, False {{(pid=102024) subscribe /opt/stack/data/venv/lib/python3.12/site-packages/neutron_lib/callbacks/manager.py:52}}
Sep 09 13:24:20.257658 np0000192395 devstack@neutron-api.service[102022]: INFO neutron.api.extensions [None req-b15e8fc4-a7f7-49c0-82d9-ced9354c68fb None None] Loaded extension: external-net
Sep 09 13:24:20.257658 np0000192395 devstack@neutron-api.service[102022]: DEBUG neutron.api.extensions [None req-b15e8fc4-a7f7-49c0-82d9-ced9354c68fb None None] Loading extension file: extra_dhcp_opt.py {{(pid=102022) _load_all_extensions_from_path /opt/stack/neutron/neutron/api/extensions.py:449}}
Sep 09 13:24:20.257830 np0000192395 devstack@neutron-api.service[102024]: DEBUG neutron_lib.callbacks.manager [None req-70a3b90a-10ee-4481-a376-7970f762b1ba None None] Subscribe: > floatingip precommit_create 55550000, False {{(pid=102024) subscribe /opt/stack/data/venv/lib/python3.12/site-packages/neutron_lib/callbacks/manager.py:52}}
Sep 09 13:24:20.257830 np0000192395 devstack@neutron-api.service[102024]: DEBUG neutron_lib.callbacks.manager [None req-70a3b90a-10ee-4481-a376-7970f762b1ba None None] Subscribe: > floatingip precommit_update 55550000, False {{(pid=102024) subscribe /opt/stack/data/venv/lib/python3.12/site-packages/neutron_lib/callbacks/manager.py:52}}
Sep 09 13:24:20.257987 np0000192395 devstack@neutron-api.service[102022]: DEBUG neutron.api.extensions [None req-b15e8fc4-a7f7-49c0-82d9-ced9354c68fb None None] Ext name="Neutron Extra DHCP options" alias="extra_dhcp_opt" description="Extra options configuration for DHCP. For example PXE boot options to DHCP clients can be specified (e.g. tftp-server, server-ip-address, bootfile-name)" updated="2013-03-17T12:00:00-00:00" {{(pid=102022) _check_extension /opt/stack/neutron/neutron/api/extensions.py:415}}
Sep 09 13:24:20.258088 np0000192395 devstack@neutron-api.service[102024]: DEBUG neutron_lib.callbacks.manager [None req-70a3b90a-10ee-4481-a376-7970f762b1ba None None] Subscribe: > floatingip after_delete 55550000, False {{(pid=102024) subscribe /opt/stack/data/venv/lib/python3.12/site-packages/neutron_lib/callbacks/manager.py:52}}
Sep 09 13:24:20.258088 np0000192395 devstack@neutron-api.service[102024]: DEBUG neutron_lib.callbacks.manager [None req-70a3b90a-10ee-4481-a376-7970f762b1ba None None] Subscribe: > floatingip after_status_update 55550000, False {{(pid=102024) subscribe /opt/stack/data/venv/lib/python3.12/site-packages/neutron_lib/callbacks/manager.py:52}}
Sep 09 13:24:20.258184 np0000192395 devstack@neutron-api.service[102022]: INFO neutron.api.extensions [None req-b15e8fc4-a7f7-49c0-82d9-ced9354c68fb None None] Loaded extension: extra_dhcp_opt
Sep 09 13:24:20.258184 np0000192395 devstack@neutron-api.service[102022]: DEBUG neutron.api.extensions [None req-b15e8fc4-a7f7-49c0-82d9-ced9354c68fb None None] Loading extension file: extraroute.py {{(pid=102022) _load_all_extensions_from_path /opt/stack/neutron/neutron/api/extensions.py:449}}
Sep 09 13:24:20.258257 np0000192395 devstack@neutron-api.service[102024]: DEBUG neutron_lib.callbacks.manager [None req-70a3b90a-10ee-4481-a376-7970f762b1ba None None] Subscribe: > floatingip after_update 55550000, False {{(pid=102024) subscribe /opt/stack/data/venv/lib/python3.12/site-packages/neutron_lib/callbacks/manager.py:52}}
Sep 09 13:24:20.258257 np0000192395 devstack@neutron-api.service[102024]: DEBUG neutron_lib.callbacks.manager [None req-70a3b90a-10ee-4481-a376-7970f762b1ba None None] Subscribe: > port_forwarding after_create 55550000, False {{(pid=102024) subscribe /opt/stack/data/venv/lib/python3.12/site-packages/neutron_lib/callbacks/manager.py:52}}
Sep 09 13:24:20.258351 np0000192395 devstack@neutron-api.service[102022]: DEBUG neutron.api.extensions [None req-b15e8fc4-a7f7-49c0-82d9-ced9354c68fb None None] Ext name="Neutron Extra Route" alias="extraroute" description="Extra routes configuration for L3 router" updated="2013-02-01T10:00:00-00:00" {{(pid=102022) _check_extension /opt/stack/neutron/neutron/api/extensions.py:415}}
Sep 09 13:24:20.258408 np0000192395 devstack@neutron-api.service[102024]: DEBUG neutron_lib.callbacks.manager [None req-70a3b90a-10ee-4481-a376-7970f762b1ba None None] Subscribe: > router_interface after_delete 55550000, False {{(pid=102024) subscribe /opt/stack/data/venv/lib/python3.12/site-packages/neutron_lib/callbacks/manager.py:52}}
Sep 09 13:24:20.258470 np0000192395 devstack@neutron-api.service[102022]: INFO neutron.api.extensions [None req-b15e8fc4-a7f7-49c0-82d9-ced9354c68fb None None] Loaded extension: extraroute
Sep 09 13:24:20.258526 np0000192395 devstack@neutron-api.service[102024]: DEBUG neutron_lib.callbacks.manager [None req-70a3b90a-10ee-4481-a376-7970f762b1ba None None] Subscribe: > router after_create 55550000, False {{(pid=102024) subscribe /opt/stack/data/venv/lib/python3.12/site-packages/neutron_lib/callbacks/manager.py:52}}
Sep 09 13:24:20.258583 np0000192395 devstack@neutron-api.service[102022]: DEBUG neutron.api.extensions [None req-b15e8fc4-a7f7-49c0-82d9-ced9354c68fb None None] Loading extension file: extraroute_atomic.py {{(pid=102022) _load_all_extensions_from_path /opt/stack/neutron/neutron/api/extensions.py:449}}
Sep 09 13:24:20.258709 np0000192395 devstack@neutron-api.service[102024]: DEBUG neutron_lib.callbacks.manager [None req-70a3b90a-10ee-4481-a376-7970f762b1ba None None] Subscribe: > router precommit_create 55550000, False {{(pid=102024) subscribe /opt/stack/data/venv/lib/python3.12/site-packages/neutron_lib/callbacks/manager.py:52}}
Sep 09 13:24:20.258769 np0000192395 devstack@neutron-api.service[102022]: DEBUG neutron.api.extensions [None req-b15e8fc4-a7f7-49c0-82d9-ced9354c68fb None None] Ext name="Atomically add/remove extra routes" alias="extraroute-atomic" description="Edit extra routes of a router on server side by atomically adding/removing extra routes" updated="2019-07-10T00:00:00+00:00" {{(pid=102022) _check_extension /opt/stack/neutron/neutron/api/extensions.py:415}}
Sep 09 13:24:20.258910 np0000192395 devstack@neutron-api.service[102024]: DEBUG neutron_lib.callbacks.manager [None req-70a3b90a-10ee-4481-a376-7970f762b1ba None None] Subscribe: > router after_delete 55550000, False {{(pid=102024) subscribe /opt/stack/data/venv/lib/python3.12/site-packages/neutron_lib/callbacks/manager.py:52}}
Sep 09 13:24:20.258992 np0000192395 devstack@neutron-api.service[102022]: INFO neutron.api.extensions [None req-b15e8fc4-a7f7-49c0-82d9-ced9354c68fb None None] Loaded extension: extraroute-atomic
Sep 09 13:24:20.258992 np0000192395 devstack@neutron-api.service[102022]: DEBUG neutron.api.extensions [None req-b15e8fc4-a7f7-49c0-82d9-ced9354c68fb None None] Loading extension file: filter_validation.py {{(pid=102022) _load_all_extensions_from_path /opt/stack/neutron/neutron/api/extensions.py:449}}
Sep 09 13:24:20.259242 np0000192395 devstack@neutron-api.service[102022]: DEBUG neutron.api.extensions [None req-b15e8fc4-a7f7-49c0-82d9-ced9354c68fb None None] Ext name="Filter parameters validation" alias="filter-validation" description="Provides validation on filter parameters." updated="2018-07-04T10:00:00-00:00" {{(pid=102022) _check_extension /opt/stack/neutron/neutron/api/extensions.py:415}}
Sep 09 13:24:20.259396 np0000192395 devstack@neutron-api.service[102022]: INFO neutron.api.extensions [None req-b15e8fc4-a7f7-49c0-82d9-ced9354c68fb None None] Loaded extension: filter-validation
Sep 09 13:24:20.259460 np0000192395 devstack@neutron-api.service[102022]: DEBUG neutron.api.extensions [None req-b15e8fc4-a7f7-49c0-82d9-ced9354c68fb None None] Loading extension file: fip_pf_description.py {{(pid=102022) _load_all_extensions_from_path /opt/stack/neutron/neutron/api/extensions.py:449}}
Sep 09 13:24:20.259672 np0000192395 devstack@neutron-api.service[102022]: DEBUG neutron.api.extensions [None req-b15e8fc4-a7f7-49c0-82d9-ced9354c68fb None None] Ext name="Floating IP Port Forwarding new attribute description" alias="floating-ip-port-forwarding-description" description="Add a description field to Port Forwarding rules" updated="2019-11-01T10:00:00-00:00" {{(pid=102022) _check_extension /opt/stack/neutron/neutron/api/extensions.py:415}}
Sep 09 13:24:20.259822 np0000192395 devstack@neutron-api.service[102022]: INFO neutron.api.extensions [None req-b15e8fc4-a7f7-49c0-82d9-ced9354c68fb None None] Extension floating-ip-port-forwarding-description not supported by any of loaded plugins
Sep 09 13:24:20.259907 np0000192395 devstack@neutron-api.service[102022]: DEBUG neutron.api.extensions [None req-b15e8fc4-a7f7-49c0-82d9-ced9354c68fb None None] Loading extension file: fip_pf_detail.py {{(pid=102022) _load_all_extensions_from_path /opt/stack/neutron/neutron/api/extensions.py:449}}
Sep 09 13:24:20.260056 np0000192395 devstack@neutron-api.service[102024]: DEBUG neutron_lib.callbacks.manager [None req-70a3b90a-10ee-4481-a376-7970f762b1ba None None] Subscribe: > router after_update 55550000, False {{(pid=102024) subscribe /opt/stack/data/venv/lib/python3.12/site-packages/neutron_lib/callbacks/manager.py:52}}
Sep 09 13:24:20.260165 np0000192395 devstack@neutron-api.service[102022]: DEBUG neutron.api.extensions [None req-b15e8fc4-a7f7-49c0-82d9-ced9354c68fb None None] Ext name="Floating IP port forwarding detail" alias="floating-ip-port-forwarding-detail" description="Allow list floating ip return more port forwarding data, include'id' and 'internal_port_id'" updated="2022-05-06T10:00:00-00:00" {{(pid=102022) _check_extension /opt/stack/neutron/neutron/api/extensions.py:415}}
Sep 09 13:24:20.260261 np0000192395 devstack@neutron-api.service[102024]: DEBUG neutron.services.service_base [None req-70a3b90a-10ee-4481-a376-7970f762b1ba None None] Loaded 'neutron.services.ovn_l3.service_providers.ovn.OvnDriver' provider for service L3_ROUTER_NAT {{(pid=102024) load_drivers /opt/stack/neutron/neutron/services/service_base.py:49}}
Sep 09 13:24:20.260288 np0000192395 devstack@neutron-api.service[102022]: INFO neutron.api.extensions [None req-b15e8fc4-a7f7-49c0-82d9-ced9354c68fb None None] Loaded extension: floating-ip-port-forwarding-detail
Sep 09 13:24:20.260315 np0000192395 devstack@neutron-api.service[102024]: DEBUG neutron_lib.callbacks.manager [None req-70a3b90a-10ee-4481-a376-7970f762b1ba None None] Subscribe: > process after_init 55550001, True {{(pid=102024) subscribe /opt/stack/data/venv/lib/python3.12/site-packages/neutron_lib/callbacks/manager.py:52}}
Sep 09 13:24:20.260340 np0000192395 devstack@neutron-api.service[102022]: DEBUG neutron.api.extensions [None req-b15e8fc4-a7f7-49c0-82d9-ced9354c68fb None None] Loading extension file: fip_pf_port_range.py {{(pid=102022) _load_all_extensions_from_path /opt/stack/neutron/neutron/api/extensions.py:449}}
Sep 09 13:24:20.260455 np0000192395 devstack@neutron-api.service[102024]: DEBUG neutron.manager [None req-70a3b90a-10ee-4481-a376-7970f762b1ba None None] Successfully loaded L3_ROUTER_NAT plugin. Description: L3 Router Service Plugin for basic L3 forwarding using OVN {{(pid=102024) _create_and_add_service_plugin /opt/stack/neutron/neutron/manager.py:236}}
Sep 09 13:24:20.260552 np0000192395 devstack@neutron-api.service[102022]: DEBUG neutron.api.extensions [None req-b15e8fc4-a7f7-49c0-82d9-ced9354c68fb None None] Ext name="Floating IP Port Forwarding support port ranges" alias="floating-ip-port-forwarding-port-ranges" description="Add support to port ranges" updated="2020-07-01T10:00:00-00:00" {{(pid=102022) _check_extension /opt/stack/neutron/neutron/api/extensions.py:415}}
Sep 09 13:24:20.260589 np0000192395 devstack@neutron-api.service[102024]: INFO neutron.manager [None req-70a3b90a-10ee-4481-a376-7970f762b1ba None None] Loading Plugin: auto_allocate
Sep 09 13:24:20.260706 np0000192395 devstack@neutron-api.service[102022]: INFO neutron.api.extensions [None req-b15e8fc4-a7f7-49c0-82d9-ced9354c68fb None None] Extension floating-ip-port-forwarding-port-ranges not supported by any of loaded plugins
Sep 09 13:24:20.260837 np0000192395 devstack@neutron-api.service[102022]: DEBUG neutron.api.extensions [None req-b15e8fc4-a7f7-49c0-82d9-ced9354c68fb None None] Loading extension file: fip_port_details.py {{(pid=102022) _load_all_extensions_from_path /opt/stack/neutron/neutron/api/extensions.py:449}}
Sep 09 13:24:20.261063 np0000192395 devstack@neutron-api.service[102022]: DEBUG neutron.api.extensions [None req-b15e8fc4-a7f7-49c0-82d9-ced9354c68fb None None] Ext name="Floating IP Port Details Extension" alias="fip-port-details" description="Add port_details attribute to Floating IP resource" updated="2018-04-09T10:00:00-00:00" {{(pid=102022) _check_extension /opt/stack/neutron/neutron/api/extensions.py:415}}
Sep 09 13:24:20.261209 np0000192395 devstack@neutron-api.service[102022]: INFO neutron.api.extensions [None req-b15e8fc4-a7f7-49c0-82d9-ced9354c68fb None None] Loaded extension: fip-port-details
Sep 09 13:24:20.261256 np0000192395 devstack@neutron-api.service[102022]: DEBUG neutron.api.extensions [None req-b15e8fc4-a7f7-49c0-82d9-ced9354c68fb None None] Loading extension file: flavors.py {{(pid=102022) _load_all_extensions_from_path /opt/stack/neutron/neutron/api/extensions.py:449}}
Sep 09 13:24:20.261494 np0000192395 devstack@neutron-api.service[102022]: DEBUG neutron.api.extensions [None req-b15e8fc4-a7f7-49c0-82d9-ced9354c68fb None None] Ext name="Neutron Service Flavors" alias="flavors" description="Flavor specification for Neutron advanced services." updated="2015-09-17T10:00:00-00:00" {{(pid=102022) _check_extension /opt/stack/neutron/neutron/api/extensions.py:415}}
Sep 09 13:24:20.261605 np0000192395 devstack@neutron-api.service[102024]: DEBUG neutron_lib.callbacks.manager [None req-70a3b90a-10ee-4481-a376-7970f762b1ba None None] Subscribe: network precommit_update 55550000, False {{(pid=102024) subscribe /opt/stack/data/venv/lib/python3.12/site-packages/neutron_lib/callbacks/manager.py:52}}
Sep 09 13:24:20.261647 np0000192395 devstack@neutron-api.service[102022]: INFO neutron.api.extensions [None req-b15e8fc4-a7f7-49c0-82d9-ced9354c68fb None None] Loaded extension: flavors
Sep 09 13:24:20.261780 np0000192395 devstack@neutron-api.service[102022]: DEBUG neutron.api.extensions [None req-b15e8fc4-a7f7-49c0-82d9-ced9354c68fb None None] Loading extension file: floating_ip_port_forwarding.py {{(pid=102022) _load_all_extensions_from_path /opt/stack/neutron/neutron/api/extensions.py:449}}
Sep 09 13:24:20.261838 np0000192395 devstack@neutron-api.service[102024]: DEBUG neutron_lib.callbacks.manager [None req-70a3b90a-10ee-4481-a376-7970f762b1ba None None] Subscribe: network precommit_create 55550000, False {{(pid=102024) subscribe /opt/stack/data/venv/lib/python3.12/site-packages/neutron_lib/callbacks/manager.py:52}}
Sep 09 13:24:20.262036 np0000192395 devstack@neutron-api.service[102024]: DEBUG neutron.manager [None req-70a3b90a-10ee-4481-a376-7970f762b1ba None None] Successfully loaded auto-allocated-topology plugin. Description: Auto Allocated Topology - aka get me a network. {{(pid=102024) _create_and_add_service_plugin /opt/stack/neutron/neutron/manager.py:236}}
Sep 09 13:24:20.262104 np0000192395 devstack@neutron-api.service[102022]: DEBUG neutron.api.extensions [None req-b15e8fc4-a7f7-49c0-82d9-ced9354c68fb None None] Ext name="Floating IP Port Forwarding" alias="floating-ip-port-forwarding" description="Allow port forwarding from floating IP port to an internal port" updated="2018-01-19T10:00:00-00:00" {{(pid=102022) _check_extension /opt/stack/neutron/neutron/api/extensions.py:415}}
Sep 09 13:24:20.262161 np0000192395 devstack@neutron-api.service[102024]: INFO neutron.manager [None req-70a3b90a-10ee-4481-a376-7970f762b1ba None None] Loading Plugin: tag
Sep 09 13:24:20.262248 np0000192395 devstack@neutron-api.service[102022]: INFO neutron.api.extensions [None req-b15e8fc4-a7f7-49c0-82d9-ced9354c68fb None None] Extension floating-ip-port-forwarding not supported by any of loaded plugins
Sep 09 13:24:20.262284 np0000192395 devstack@neutron-api.service[102022]: DEBUG neutron.api.extensions [None req-b15e8fc4-a7f7-49c0-82d9-ced9354c68fb None None] Loading extension file: floatingip_pools.py {{(pid=102022) _load_all_extensions_from_path /opt/stack/neutron/neutron/api/extensions.py:449}}
Sep 09 13:24:20.262610 np0000192395 devstack@neutron-api.service[102022]: DEBUG neutron.api.extensions [None req-b15e8fc4-a7f7-49c0-82d9-ced9354c68fb None None] Ext name="Floating IP Pools Extension" alias="floatingip-pools" description="Provides a floating IP pools API." updated="2018-03-21T10:00:00-00:00" {{(pid=102022) _check_extension /opt/stack/neutron/neutron/api/extensions.py:415}}
Sep 09 13:24:20.262815 np0000192395 devstack@neutron-api.service[102022]: INFO neutron.api.extensions [None req-b15e8fc4-a7f7-49c0-82d9-ced9354c68fb None None] Loaded extension: floatingip-pools
Sep 09 13:24:20.262875 np0000192395 devstack@neutron-api.service[102022]: DEBUG neutron.api.extensions [None req-b15e8fc4-a7f7-49c0-82d9-ced9354c68fb None None] Loading extension file: floatingip_router_writable.py {{(pid=102022) _load_all_extensions_from_path /opt/stack/neutron/neutron/api/extensions.py:449}}
Sep 09 13:24:20.263086 np0000192395 devstack@neutron-api.service[102022]: DEBUG neutron.api.extensions [None req-b15e8fc4-a7f7-49c0-82d9-ced9354c68fb None None] Ext name="Floating IP Router (writable)" alias="floating-ip-router-writable" description="Provides a writable router_id attribute for a floating IP resource." updated="2026-08-05T00:00:00-00:00" {{(pid=102022) _check_extension /opt/stack/neutron/neutron/api/extensions.py:415}}
Sep 09 13:24:20.263280 np0000192395 devstack@neutron-api.service[102022]: INFO neutron.api.extensions [None req-b15e8fc4-a7f7-49c0-82d9-ced9354c68fb None None] Loaded extension: floating-ip-router-writable
Sep 09 13:24:20.263339 np0000192395 devstack@neutron-api.service[102022]: DEBUG neutron.api.extensions [None req-b15e8fc4-a7f7-49c0-82d9-ced9354c68fb None None] Loading extension file: ip_allocation.py {{(pid=102022) _load_all_extensions_from_path /opt/stack/neutron/neutron/api/extensions.py:449}}
Sep 09 13:24:20.263533 np0000192395 devstack@neutron-api.service[102022]: DEBUG neutron.api.extensions [None req-b15e8fc4-a7f7-49c0-82d9-ced9354c68fb None None] Ext name="IP Allocation" alias="ip_allocation" description="IP allocation extension." updated="2016-06-10T23:00:00-00:00" {{(pid=102022) _check_extension /opt/stack/neutron/neutron/api/extensions.py:415}}
Sep 09 13:24:20.263807 np0000192395 devstack@neutron-api.service[102022]: INFO neutron.api.extensions [None req-b15e8fc4-a7f7-49c0-82d9-ced9354c68fb None None] Extension ip_allocation not supported by any of loaded plugins
Sep 09 13:24:20.263903 np0000192395 devstack@neutron-api.service[102022]: DEBUG neutron.api.extensions [None req-b15e8fc4-a7f7-49c0-82d9-ced9354c68fb None None] Loading extension file: ip_substring_port_filtering.py {{(pid=102022) _load_all_extensions_from_path /opt/stack/neutron/neutron/api/extensions.py:449}}
Sep 09 13:24:20.264134 np0000192395 devstack@neutron-api.service[102022]: DEBUG neutron.api.extensions [None req-b15e8fc4-a7f7-49c0-82d9-ced9354c68fb None None] Ext name="IP address substring filtering" alias="ip-substring-filtering" description="Provides IP address substring filtering when listing ports" updated="2017-11-28T09:00:00-00:00" {{(pid=102022) _check_extension /opt/stack/neutron/neutron/api/extensions.py:415}}
Sep 09 13:24:20.264294 np0000192395 devstack@neutron-api.service[102022]: INFO neutron.api.extensions [None req-b15e8fc4-a7f7-49c0-82d9-ced9354c68fb None None] Extension ip-substring-filtering not supported by any of loaded plugins
Sep 09 13:24:20.264442 np0000192395 devstack@neutron-api.service[102022]: DEBUG neutron.api.extensions [None req-b15e8fc4-a7f7-49c0-82d9-ced9354c68fb None None] Loading extension file: l2_adjacency.py {{(pid=102022) _load_all_extensions_from_path /opt/stack/neutron/neutron/api/extensions.py:449}}
Sep 09 13:24:20.264569 np0000192395 devstack@neutron-api.service[102022]: DEBUG neutron.api.extensions [None req-b15e8fc4-a7f7-49c0-82d9-ced9354c68fb None None] Ext name="L2 Adjacency" alias="l2_adjacency" description="Display L2 Adjacency for Neutron Networks." updated="2016-04-12T16:00:00-00:00" {{(pid=102022) _check_extension /opt/stack/neutron/neutron/api/extensions.py:415}}
Sep 09 13:24:20.264719 np0000192395 devstack@neutron-api.service[102022]: INFO neutron.api.extensions [None req-b15e8fc4-a7f7-49c0-82d9-ced9354c68fb None None] Extension l2_adjacency not supported by any of loaded plugins
Sep 09 13:24:20.264838 np0000192395 devstack@neutron-api.service[102022]: DEBUG neutron.api.extensions [None req-b15e8fc4-a7f7-49c0-82d9-ced9354c68fb None None] Loading extension file: l3.py {{(pid=102022) _load_all_extensions_from_path /opt/stack/neutron/neutron/api/extensions.py:449}}
Sep 09 13:24:20.265269 np0000192395 devstack@neutron-api.service[102022]: DEBUG neutron.api.extensions [None req-b15e8fc4-a7f7-49c0-82d9-ced9354c68fb None None] Ext name="Neutron L3 Router" alias="router" description="Router abstraction for basic L3 forwarding between L2 Neutron networks and access to external networks via a NAT gateway." updated="2012-07-20T10:00:00-00:00" {{(pid=102022) _check_extension /opt/stack/neutron/neutron/api/extensions.py:415}}
Sep 09 13:24:20.265441 np0000192395 devstack@neutron-api.service[102022]: INFO neutron.api.extensions [None req-b15e8fc4-a7f7-49c0-82d9-ced9354c68fb None None] Loaded extension: router
Sep 09 13:24:20.265528 np0000192395 devstack@neutron-api.service[102022]: DEBUG neutron.api.extensions [None req-b15e8fc4-a7f7-49c0-82d9-ced9354c68fb None None] Loading extension file: l3_agent_scheduler_ha_chassis_priority.py {{(pid=102022) _load_all_extensions_from_path /opt/stack/neutron/neutron/api/extensions.py:449}}
Sep 09 13:24:20.265777 np0000192395 devstack@neutron-api.service[102022]: DEBUG neutron.api.extensions [None req-b15e8fc4-a7f7-49c0-82d9-ced9354c68fb None None] Ext name="L3 Agent Scheduler HA Chassis Priority" alias="l3-agent-scheduler-ha-chassis-priority" description="Exposes the HA_Chassis priority in the L3 Agent Scheduler API responses and allows setting priority when scheduling a router to a chassis." updated="2026-03-31T00:00:00-00:00" {{(pid=102022) _check_extension /opt/stack/neutron/neutron/api/extensions.py:415}}
Sep 09 13:24:20.265958 np0000192395 devstack@neutron-api.service[102022]: INFO neutron.api.extensions [None req-b15e8fc4-a7f7-49c0-82d9-ced9354c68fb None None] Loaded extension: l3-agent-scheduler-ha-chassis-priority
Sep 09 13:24:20.266079 np0000192395 devstack@neutron-api.service[102022]: DEBUG neutron.api.extensions [None req-b15e8fc4-a7f7-49c0-82d9-ced9354c68fb None None] Loading extension file: l3_conntrack_helper.py {{(pid=102022) _load_all_extensions_from_path /opt/stack/neutron/neutron/api/extensions.py:449}}
Sep 09 13:24:20.266202 np0000192395 devstack@neutron-api.service[102024]: DEBUG neutron.manager [None req-70a3b90a-10ee-4481-a376-7970f762b1ba None None] Successfully loaded TAG plugin. Description: Tag support {{(pid=102024) _create_and_add_service_plugin /opt/stack/neutron/neutron/manager.py:236}}
Sep 09 13:24:20.266316 np0000192395 devstack@neutron-api.service[102024]: INFO neutron.manager [None req-70a3b90a-10ee-4481-a376-7970f762b1ba None None] Loading Plugin: timestamp
Sep 09 13:24:20.266614 np0000192395 devstack@neutron-api.service[102022]: DEBUG neutron.api.extensions [None req-b15e8fc4-a7f7-49c0-82d9-ced9354c68fb None None] Ext name="L3 Conntrack helper" alias="l3-conntrack-helper" description="Allow adding CT target rules for conntrack helper" updated="2019-04-04T10:00:00-00:00" {{(pid=102022) _check_extension /opt/stack/neutron/neutron/api/extensions.py:415}}
Sep 09 13:24:20.266809 np0000192395 devstack@neutron-api.service[102022]: INFO neutron.api.extensions [None req-b15e8fc4-a7f7-49c0-82d9-ced9354c68fb None None] Extension l3-conntrack-helper not supported by any of loaded plugins
Sep 09 13:24:20.266916 np0000192395 devstack@neutron-api.service[102022]: DEBUG neutron.api.extensions [None req-b15e8fc4-a7f7-49c0-82d9-ced9354c68fb None None] Loading extension file: l3_enable_default_route_bfd.py {{(pid=102022) _load_all_extensions_from_path /opt/stack/neutron/neutron/api/extensions.py:449}}
Sep 09 13:24:20.267177 np0000192395 devstack@neutron-api.service[102022]: DEBUG neutron.api.extensions [None req-b15e8fc4-a7f7-49c0-82d9-ced9354c68fb None None] Ext name="Enable Default Route BFD" alias="enable-default-route-bfd" description="Enables configurable BFD behavior for default routes" updated="2023-02-27T00:00:00-00:00" {{(pid=102022) _check_extension /opt/stack/neutron/neutron/api/extensions.py:415}}
Sep 09 13:24:20.267422 np0000192395 devstack@neutron-api.service[102022]: INFO neutron.api.extensions [None req-b15e8fc4-a7f7-49c0-82d9-ced9354c68fb None None] Loaded extension: enable-default-route-bfd
Sep 09 13:24:20.267486 np0000192395 devstack@neutron-api.service[102022]: DEBUG neutron.api.extensions [None req-b15e8fc4-a7f7-49c0-82d9-ced9354c68fb None None] Loading extension file: l3_enable_default_route_ecmp.py {{(pid=102022) _load_all_extensions_from_path /opt/stack/neutron/neutron/api/extensions.py:449}}
