2026-06-24 23:48:35.214 8 INFO neutron.db.ovn_revision_numbers_db [None req-764b8cc1-c638-4364-97de-3a774437f33a 7e2515864b4a46ee9c4d1236f07cab15 bad9a65bebd6451eae61e7d7bdd8dea3 - - default default] Successfully bumped revision number for resource 7797fa2d-2f69-4180-bdff-bbb5f083acc9 (type: security_group_rules) to 0
2026-06-24 23:48:35.228 8 INFO neutron.db.ovn_revision_numbers_db [None req-764b8cc1-c638-4364-97de-3a774437f33a 7e2515864b4a46ee9c4d1236f07cab15 bad9a65bebd6451eae61e7d7bdd8dea3 - - default default] Successfully bumped revision number for resource 8604e016-b5ea-4b66-841d-aa28aedda412 (type: security_group_rules) to 0 [pid: 7|app: 0|req: 771/1568] 10.0.0.234 () {34 vars in 670 bytes} [Wed Jun 24 23:48:34 2026] POST /v2.0/networks => generated 767 bytes in 845 msecs (HTTP/1.1 201) 4 headers in 162 bytes (1 switches on core 0)
2026-06-24 23:48:35.240 8 INFO neutron.db.ovn_revision_numbers_db [None req-764b8cc1-c638-4364-97de-3a774437f33a 7e2515864b4a46ee9c4d1236f07cab15 bad9a65bebd6451eae61e7d7bdd8dea3 - - default default] Successfully bumped revision number for resource 86c7e9d1-7295-4ff9-b88e-192e540e58bc (type: security_group_rules) to 0
2026-06-24 23:48:35.261 8 INFO neutron.db.ovn_revision_numbers_db [None req-764b8cc1-c638-4364-97de-3a774437f33a 7e2515864b4a46ee9c4d1236f07cab15 bad9a65bebd6451eae61e7d7bdd8dea3 - - default default] Successfully bumped revision number for resource d61c30bf-7d6e-45b1-86ce-ef2515a21f66 (type: security_group_rules) to 0 [pid: 8|app: 0|req: 798/1569] 10.0.0.234 () {32 vars in 774 bytes} [Wed Jun 24 23:48:34 2026] GET /v2.0/security-groups?tenant_id=dca39d6d643b4b66b34daba5c296f274&name=default => generated 2925 bytes in 349 msecs (HTTP/1.1 200) 4 headers in 158 bytes (1 switches on core 0)
2026-06-24 23:48:35.349 7 INFO neutron.db.segments_db [None req-82a4bb86-a965-4232-a77e-69ec594a9f5e 694ff31b48a54872a1310fff29c9bccb 923a79853536458baba8f8679ddaa33b - - default default] Added segment e5b68cf5-ee96-4c64-ad42-721ee329fb61 of type geneve for network 2613c93e-a016-4387-b98c-f6bbf48c1a30
2026-06-24 23:48:35.453 8 WARNING neutron.scheduler.dhcp_agent_scheduler [None req-e8ecef35-591f-4fb2-9851-cea5fc7ad8d7 4b85e75aef294182bb1d8a6f98061040 9d8c7ad942c94656beb83624e2309ad4 - - default default] No more DHCP agents
2026-06-24 23:48:35.454 8 WARNING neutron.api.rpc.agentnotifiers.dhcp_rpc_agent_api [None req-e8ecef35-591f-4fb2-9851-cea5fc7ad8d7 4b85e75aef294182bb1d8a6f98061040 9d8c7ad942c94656beb83624e2309ad4 - - default default] Unable to schedule network bdbcad87-a14d-4eb2-bc04-dd4257db21d3: no agents available; will retry on subsequent port and subnet creation events.
2026-06-24 23:48:35.454 7 INFO neutron.db.ovn_revision_numbers_db [None req-82a4bb86-a965-4232-a77e-69ec594a9f5e 694ff31b48a54872a1310fff29c9bccb 923a79853536458baba8f8679ddaa33b - - default default] Successfully bumped revision number for resource 2613c93e-a016-4387-b98c-f6bbf48c1a30 (type: networks) to 1
2026-06-24 23:48:35.606 7 WARNING neutron.scheduler.dhcp_agent_scheduler [None req-82a4bb86-a965-4232-a77e-69ec594a9f5e 694ff31b48a54872a1310fff29c9bccb 923a79853536458baba8f8679ddaa33b - - default default] No more DHCP agents
2026-06-24 23:48:35.608 7 WARNING neutron.api.rpc.agentnotifiers.dhcp_rpc_agent_api [None req-82a4bb86-a965-4232-a77e-69ec594a9f5e 694ff31b48a54872a1310fff29c9bccb 923a79853536458baba8f8679ddaa33b - - default default] Unable to schedule network 2613c93e-a016-4387-b98c-f6bbf48c1a30: no agents available; will retry on subsequent port and subnet creation events.
2026-06-24 23:48:35.637 7 INFO neutron.plugins.ml2.drivers.ovn.mech_driver.mech_driver [None req-62186bb1-7d0a-434d-b9a5-2da11c82f70c - - - - - -] OVN reports status down for port: fa91c077-03bc-4a0f-bfc7-4c04a7f248d4
2026-06-24 23:48:35.687 7 INFO neutron.db.ovn_revision_numbers_db [None req-82a4bb86-a965-4232-a77e-69ec594a9f5e 694ff31b48a54872a1310fff29c9bccb 923a79853536458baba8f8679ddaa33b - - default default] Successfully bumped revision number for resource fa91c077-03bc-4a0f-bfc7-4c04a7f248d4 (type: ports) to 1 [pid: 7|app: 0|req: 772/1570] 10.0.0.234 () {34 vars in 670 bytes} [Wed Jun 24 23:48:35 2026] POST /v2.0/networks => generated 688 bytes in 481 msecs (HTTP/1.1 201) 4 headers in 162 bytes (1 switches on core 0)
2026-06-24 23:48:35.935 8 INFO neutron.db.ovn_revision_numbers_db [None req-6c46dbf9-be8e-41e6-9f58-d601325d8a5c - - - - - -] Successfully bumped revision number for resource 286ef751-d13a-40dd-a8c4-c0bdd82b96c9 (type: ports) to 2 [pid: 7|app: 0|req: 773/1571] 10.0.0.234 () {32 vars in 740 bytes} [Wed Jun 24 23:48:35 2026] DELETE /v2.0/security-groups/017b3508-31a1-4f84-b57f-4a5d69a77a01 => generated 0 bytes in 227 msecs (HTTP/1.1 204) 2 headers in 112 bytes (1 switches on core 0)
2026-06-24 23:48:35.968 8 INFO neutron.db.ovn_revision_numbers_db [None req-6c46dbf9-be8e-41e6-9f58-d601325d8a5c - - - - - -] Successfully bumped revision number for resource a5801e0b-dbc5-442c-baf2-f5c6f1f2a3d9 (type: subnets) to 0 [pid: 8|app: 0|req: 799/1572] 10.0.0.234 () {34 vars in 669 bytes} [Wed Jun 24 23:48:35 2026] POST /v2.0/subnets => generated 644 bytes in 686 msecs (HTTP/1.1 201) 4 headers in 162 bytes (1 switches on core 0)
2026-06-24 23:48:35.997 8 WARNING neutron.api.v2.base [None req-7b6a962b-4992-4413-b8e2-3681e1113935 4b85e75aef294182bb1d8a6f98061040 9d8c7ad942c94656beb83624e2309ad4 - - default default] An exception happened while processing the request body. The exception message is [Invalid input for target_tenant. Reason: 'None' is not a valid string.].: webob.exc.HTTPBadRequest: Invalid input for target_tenant. Reason: 'None' is not a valid string.
2026-06-24 23:48:35.998 8 INFO neutron.api.v2.resource [None req-7b6a962b-4992-4413-b8e2-3681e1113935 4b85e75aef294182bb1d8a6f98061040 9d8c7ad942c94656beb83624e2309ad4 - - default default] create failed (client error): Invalid input for target_tenant. Reason: 'None' is not a valid string. [pid: 8|app: 0|req: 800/1573] 10.0.0.234 () {34 vars in 681 bytes} [Wed Jun 24 23:48:35 2026] POST /v2.0/rbac-policies => generated 143 bytes in 7 msecs (HTTP/1.1 400) 4 headers in 166 bytes (1 switches on core 0)
2026-06-24 23:48:36.143 8 INFO neutron_taas.services.taas.taas_plugin [None req-8fafa931-f8c6-49d3-8359-2c9d5fbca12c 4b85e75aef294182bb1d8a6f98061040 9d8c7ad942c94656beb83624e2309ad4 - - default default] TaaS: Handle Delete Port: 286ef751-d13a-40dd-a8c4-c0bdd82b96c9
2026-06-24 23:48:36.145 8 INFO neutron_taas.services.taas.tap_mirror_plugin [None req-8fafa931-f8c6-49d3-8359-2c9d5fbca12c 4b85e75aef294182bb1d8a6f98061040 9d8c7ad942c94656beb83624e2309ad4 - - default default] Tap Mirror: Handle Delete Port: 286ef751-d13a-40dd-a8c4-c0bdd82b96c9
2026-06-24 23:48:36.275 7 WARNING neutron.scheduler.dhcp_agent_scheduler [None req-3196688f-d147-441c-8353-6e1879b47d92 694ff31b48a54872a1310fff29c9bccb 923a79853536458baba8f8679ddaa33b - - default default] No more DHCP agents
2026-06-24 23:48:36.276 7 WARNING neutron.api.rpc.agentnotifiers.dhcp_rpc_agent_api [None req-3196688f-d147-441c-8353-6e1879b47d92 694ff31b48a54872a1310fff29c9bccb 923a79853536458baba8f8679ddaa33b - - default default] Unable to schedule network 56c811bb-fd83-4aee-9097-dda9b08d5609: no agents available; will retry on subsequent port and subnet creation events.
2026-06-24 23:48:36.527 8 INFO neutron.services.segments.plugin [-] Segment c32fcbb5-2a16-489f-988e-bcc0353d69bd resource provider aggregate not found
2026-06-24 23:48:36.535 8 INFO neutron.services.segments.plugin [-] Segment c32fcbb5-2a16-489f-988e-bcc0353d69bd resource provider aggregate not found
2026-06-24 23:48:36.550 8 INFO neutron.services.segments.plugin [-] Segment c32fcbb5-2a16-489f-988e-bcc0353d69bd resource provider not found; error: Placement Client Error (4xx): {"errors": [{"status": 404, "title": "Not Found", "detail": "The resource could not be found.\n\n No resource provider with uuid c32fcbb5-2a16-489f-988e-bcc0353d69bd found for delete ", "request_id": "req-8e61b5a0-3d4f-4bf5-a70b-8a573a2e26b7"}]}
2026-06-24 23:48:36.556 8 INFO neutron.services.segments.plugin [-] Segment c32fcbb5-2a16-489f-988e-bcc0353d69bd resource provider not found; error: Placement Client Error (4xx): {"errors": [{"status": 404, "title": "Not Found", "detail": "The resource could not be found.\n\n No resource provider with uuid c32fcbb5-2a16-489f-988e-bcc0353d69bd found for delete ", "request_id": "req-855c1755-2398-4e9b-9cd8-692d4c64e693"}]} [pid: 8|app: 0|req: 801/1574] 10.0.0.234 () {32 vars in 726 bytes} [Wed Jun 24 23:48:36 2026] DELETE /v2.0/networks/bdbcad87-a14d-4eb2-bc04-dd4257db21d3 => generated 0 bytes in 564 msecs (HTTP/1.1 204) 3 headers in 131 bytes (1 switches on core 0)
2026-06-24 23:48:36.733 7 INFO neutron.db.ovn_revision_numbers_db [None req-6ab44d89-54b5-4515-93fc-4dbcd6b28458 - - - - - -] Successfully bumped revision number for resource c1cad76c-1f07-4fc3-a93f-ebdd83055675 (type: ports) to 2
2026-06-24 23:48:36.765 7 INFO neutron.db.ovn_revision_numbers_db [None req-6ab44d89-54b5-4515-93fc-4dbcd6b28458 - - - - - -] Successfully bumped revision number for resource bb21458e-7585-44dd-894d-dcdd26e2b1e9 (type: subnets) to 0
2026-06-24 23:48:36.793 8 INFO neutron.db.ovn_revision_numbers_db [None req-9777ee6a-5f8e-4d81-9380-a119f0ff5e74 7e2515864b4a46ee9c4d1236f07cab15 bad9a65bebd6451eae61e7d7bdd8dea3 - - default default] Successfully bumped revision number for resource 01e79ed0-fad1-44d6-bbfe-2ea8db0d4234 (type: security_groups) to 1
2026-06-24 23:48:36.802 7 WARNING neutron.scheduler.dhcp_agent_scheduler [None req-3196688f-d147-441c-8353-6e1879b47d92 694ff31b48a54872a1310fff29c9bccb 923a79853536458baba8f8679ddaa33b - - default default] No more DHCP agents
2026-06-24 23:48:36.804 7 WARNING neutron.api.rpc.agentnotifiers.dhcp_rpc_agent_api [None req-3196688f-d147-441c-8353-6e1879b47d92 694ff31b48a54872a1310fff29c9bccb 923a79853536458baba8f8679ddaa33b - - default default] Unable to schedule network 2613c93e-a016-4387-b98c-f6bbf48c1a30: no agents available; will retry on subsequent port and subnet creation events.
2026-06-24 23:48:36.806 8 INFO neutron.db.ovn_revision_numbers_db [None req-9777ee6a-5f8e-4d81-9380-a119f0ff5e74 7e2515864b4a46ee9c4d1236f07cab15 bad9a65bebd6451eae61e7d7bdd8dea3 - - default default] Successfully bumped revision number for resource 2ad45c04-a39c-4052-b681-eccc3c896929 (type: security_group_rules) to 0
2026-06-24 23:48:36.817 8 INFO neutron.db.ovn_revision_numbers_db [None req-9777ee6a-5f8e-4d81-9380-a119f0ff5e74 7e2515864b4a46ee9c4d1236f07cab15 bad9a65bebd6451eae61e7d7bdd8dea3 - - default default] Successfully bumped revision number for resource 2e9793e7-1b60-4b12-8258-a0d02921b268 (type: security_group_rules) to 0
2026-06-24 23:48:36.830 8 INFO neutron.db.ovn_revision_numbers_db [None req-9777ee6a-5f8e-4d81-9380-a119f0ff5e74 7e2515864b4a46ee9c4d1236f07cab15 bad9a65bebd6451eae61e7d7bdd8dea3 - - default default] Successfully bumped revision number for resource 5767e5c9-7097-4d93-9d4a-20a3cf3289e0 (type: security_group_rules) to 0
2026-06-24 23:48:36.843 8 INFO neutron.db.ovn_revision_numbers_db [None req-9777ee6a-5f8e-4d81-9380-a119f0ff5e74 7e2515864b4a46ee9c4d1236f07cab15 bad9a65bebd6451eae61e7d7bdd8dea3 - - default default] Successfully bumped revision number for resource 8fa24af5-bafa-40d8-b8bb-6322443fb164 (type: security_group_rules) to 0 [pid: 8|app: 0|req: 802/1575] 10.0.0.234 () {32 vars in 774 bytes} [Wed Jun 24 23:48:36 2026] GET /v2.0/security-groups?tenant_id=6eb97db7f1a6422c84fc7b708a11a82f&name=default => generated 2925 bytes in 308 msecs (HTTP/1.1 200) 4 headers in 158 bytes (1 switches on core 0)
2026-06-24 23:48:36.956 8 INFO neutron.db.segments_db [None req-80754559-3c21-43f7-98e3-a11713279b68 4b85e75aef294182bb1d8a6f98061040 9d8c7ad942c94656beb83624e2309ad4 - - default default] Added segment 25f4754f-1a8b-4d13-b577-3190d2c039af of type geneve for network 7a6ffedc-34b3-44ee-a1d3-9d7ddcbc46d1
2026-06-24 23:48:37.052 8 INFO neutron.db.ovn_revision_numbers_db [None req-80754559-3c21-43f7-98e3-a11713279b68 4b85e75aef294182bb1d8a6f98061040 9d8c7ad942c94656beb83624e2309ad4 - - default default] Successfully bumped revision number for resource 7a6ffedc-34b3-44ee-a1d3-9d7ddcbc46d1 (type: networks) to 1
2026-06-24 23:48:37.179 7 INFO neutron.db.ovn_revision_numbers_db [None req-5d5cbf34-598a-4239-aeaa-71510f30198c - - - - - -] Successfully bumped revision number for resource fa91c077-03bc-4a0f-bfc7-4c04a7f248d4 (type: ports) to 2
2026-06-24 23:48:37.215 8 WARNING neutron.scheduler.dhcp_agent_scheduler [None req-80754559-3c21-43f7-98e3-a11713279b68 4b85e75aef294182bb1d8a6f98061040 9d8c7ad942c94656beb83624e2309ad4 - - default default] No more DHCP agents
2026-06-24 23:48:37.217 8 WARNING neutron.api.rpc.agentnotifiers.dhcp_rpc_agent_api [None req-80754559-3c21-43f7-98e3-a11713279b68 4b85e75aef294182bb1d8a6f98061040 9d8c7ad942c94656beb83624e2309ad4 - - default default] Unable to schedule network 7a6ffedc-34b3-44ee-a1d3-9d7ddcbc46d1: no agents available; will retry on subsequent port and subnet creation events.
2026-06-24 23:48:37.216 7 INFO neutron.db.ovn_revision_numbers_db [None req-5d5cbf34-598a-4239-aeaa-71510f30198c - - - - - -] Successfully bumped revision number for resource b9a48208-4d71-44e6-b723-630272e1688c (type: subnets) to 0 [pid: 7|app: 0|req: 774/1576] 10.0.0.234 () {34 vars in 669 bytes} [Wed Jun 24 23:48:35 2026] POST /v2.0/subnets => generated 1273 bytes in 1293 msecs (HTTP/1.1 201) 4 headers in 163 bytes (1 switches on core 0)
2026-06-24 23:48:37.272 7 INFO neutron.plugins.ml2.drivers.ovn.mech_driver.mech_driver [None req-62186bb1-7d0a-434d-b9a5-2da11c82f70c - - - - - -] OVN reports status down for port: 5723f251-f6e0-482f-9531-f9eb5cb8ff30
2026-06-24 23:48:37.304 8 INFO neutron.db.ovn_revision_numbers_db [None req-80754559-3c21-43f7-98e3-a11713279b68 4b85e75aef294182bb1d8a6f98061040 9d8c7ad942c94656beb83624e2309ad4 - - default default] Successfully bumped revision number for resource 5723f251-f6e0-482f-9531-f9eb5cb8ff30 (type: ports) to 1 [pid: 8|app: 0|req: 803/1577] 10.0.0.234 () {34 vars in 670 bytes} [Wed Jun 24 23:48:36 2026] POST /v2.0/networks => generated 767 bytes in 449 msecs (HTTP/1.1 201) 4 headers in 162 bytes (1 switches on core 0) [pid: 8|app: 0|req: 804/1578] 10.0.0.234 () {32 vars in 647 bytes} [Wed Jun 24 23:48:37 2026] GET /v2.0/subnets => generated 1909 bytes in 41 msecs (HTTP/1.1 200) 4 headers in 158 bytes (1 switches on core 0)
2026-06-24 23:48:37.495 8 WARNING neutron.scheduler.dhcp_agent_scheduler [None req-520e86c0-c0a2-46f5-b93c-80de1eb4e4a6 4b85e75aef294182bb1d8a6f98061040 9d8c7ad942c94656beb83624e2309ad4 - - default default] No more DHCP agents
2026-06-24 23:48:37.496 8 WARNING neutron.api.rpc.agentnotifiers.dhcp_rpc_agent_api [None req-520e86c0-c0a2-46f5-b93c-80de1eb4e4a6 4b85e75aef294182bb1d8a6f98061040 9d8c7ad942c94656beb83624e2309ad4 - - default default] Unable to schedule network 7a6ffedc-34b3-44ee-a1d3-9d7ddcbc46d1: no agents available; will retry on subsequent port and subnet creation events. [pid: 7|app: 0|req: 775/1581] 10.0.0.234 () {32 vars in 740 bytes} [Wed Jun 24 23:48:37 2026] DELETE /v2.0/security-groups/01e79ed0-fad1-44d6-bbfe-2ea8db0d4234 => generated 0 bytes in 279 msecs (HTTP/1.1 204) 2 headers in 112 bytes (1 switches on core 0) [pid: 7|app: 0|req: 776/1582] 10.0.0.234 () {32 vars in 724 bytes} [Wed Jun 24 23:48:37 2026] DELETE /v2.0/subnets/bb21458e-7585-44dd-894d-dcdd26e2b1e9 => generated 0 bytes in 163 msecs (HTTP/1.1 204) 3 headers in 131 bytes (1 switches on core 0)
2026-06-24 23:48:37.898 8 INFO neutron.db.ovn_revision_numbers_db [None req-a2606bfc-6b48-42de-a8df-e83ba8ad848c - - - - - -] Successfully bumped revision number for resource 5723f251-f6e0-482f-9531-f9eb5cb8ff30 (type: ports) to 2
2026-06-24 23:48:37.925 8 INFO neutron.db.ovn_revision_numbers_db [None req-a2606bfc-6b48-42de-a8df-e83ba8ad848c - - - - - -] Successfully bumped revision number for resource 7208c8e4-7341-48c1-b4df-bd7951642c4b (type: subnets) to 0 [pid: 8|app: 0|req: 807/1583] 10.0.0.234 () {34 vars in 669 bytes} [Wed Jun 24 23:48:37 2026] POST /v2.0/subnets => generated 647 bytes in 570 msecs (HTTP/1.1 201) 4 headers in 162 bytes (1 switches on core 0)
2026-06-24 23:48:37.968 7 INFO neutron.db.ovn_revision_numbers_db [None req-ac41c148-6e51-430a-8aea-a62bb4c999f8 7e2515864b4a46ee9c4d1236f07cab15 bad9a65bebd6451eae61e7d7bdd8dea3 - - default default] Successfully bumped revision number for resource a57d80be-4d73-45b0-a3b3-fb680d347865 (type: security_groups) to 1
2026-06-24 23:48:37.980 7 INFO neutron.db.ovn_revision_numbers_db [None req-ac41c148-6e51-430a-8aea-a62bb4c999f8 7e2515864b4a46ee9c4d1236f07cab15 bad9a65bebd6451eae61e7d7bdd8dea3 - - default default] Successfully bumped revision number for resource 072070a8-42af-43f0-9c54-1a92bdaf3bcb (type: security_group_rules) to 0
2026-06-24 23:48:37.991 7 INFO neutron.db.ovn_revision_numbers_db [None req-ac41c148-6e51-430a-8aea-a62bb4c999f8 7e2515864b4a46ee9c4d1236f07cab15 bad9a65bebd6451eae61e7d7bdd8dea3 - - default default] Successfully bumped revision number for resource 56d60996-43a6-425b-8d8f-0e2867b4940b (type: security_group_rules) to 0
2026-06-24 23:48:38.003 7 INFO neutron.db.ovn_revision_numbers_db [None req-ac41c148-6e51-430a-8aea-a62bb4c999f8 7e2515864b4a46ee9c4d1236f07cab15 bad9a65bebd6451eae61e7d7bdd8dea3 - - default default] Successfully bumped revision number for resource bd4e2b5c-a8cf-4771-b6cd-4b4865f92e6e (type: security_group_rules) to 0
2026-06-24 23:48:38.014 7 INFO neutron.db.ovn_revision_numbers_db [None req-ac41c148-6e51-430a-8aea-a62bb4c999f8 7e2515864b4a46ee9c4d1236f07cab15 bad9a65bebd6451eae61e7d7bdd8dea3 - - default default] Successfully bumped revision number for resource c6692c47-4804-49f3-ac5b-2d5ffd016860 (type: security_group_rules) to 0
2026-06-24 23:48:38.096 7 INFO neutron.db.segments_db [None req-ac41c148-6e51-430a-8aea-a62bb4c999f8 7e2515864b4a46ee9c4d1236f07cab15 bad9a65bebd6451eae61e7d7bdd8dea3 - - default default] Added segment ce8d6e3b-ec3e-40b8-8d3c-81d426140219 of type geneve for network e430d10d-1b1a-410a-a6af-c3f6c9ab5a8e [pid: 8|app: 0|req: 808/1584] 10.0.0.234 () {32 vars in 724 bytes} [Wed Jun 24 23:48:37 2026] DELETE /v2.0/subnets/b9a48208-4d71-44e6-b723-630272e1688c => generated 0 bytes in 181 msecs (HTTP/1.1 204) 3 headers in 131 bytes (1 switches on core 0)
2026-06-24 23:48:38.127 8 WARNING neutron.api.v2.base [None req-b695fc90-6ac9-4bf2-a4f5-18396bd772d8 4b85e75aef294182bb1d8a6f98061040 9d8c7ad942c94656beb83624e2309ad4 - - default default] An exception happened while processing the request body. The exception message is [Invalid input for target_tenant. Reason: '1234123412341234123412341234123412341234123412341234123412341234123412341234123412341234123412341234123412341234123412341234123412341234123412341234123412341234123412341234123412341234123412341234123412341234123412341234123412341234123412341234123412341234123412341234123412341234123412341234123412341234123412341234123412341234123412341234123412341234123412341234123412341234123412341234123412341234' exceeds maximum length of 255.].: webob.exc.HTTPBadRequest: Invalid input for target_tenant. Reason: '1234123412341234123412341234123412341234123412341234123412341234123412341234123412341234123412341234123412341234123412341234123412341234123412341234123412341234123412341234123412341234123412341234123412341234123412341234123412341234123412341234123412341234123412341234123412341234123412341234123412341234123412341234123412341234123412341234123412341234123412341234123412341234123412341234123412341234' exceeds maximum length of 255.
2026-06-24 23:48:38.128 8 INFO neutron.api.v2.resource [None req-b695fc90-6ac9-4bf2-a4f5-18396bd772d8 4b85e75aef294182bb1d8a6f98061040 9d8c7ad942c94656beb83624e2309ad4 - - default default] create failed (client error): Invalid input for target_tenant. Reason: '1234123412341234123412341234123412341234123412341234123412341234123412341234123412341234123412341234123412341234123412341234123412341234123412341234123412341234123412341234123412341234123412341234123412341234123412341234123412341234123412341234123412341234123412341234123412341234123412341234123412341234123412341234123412341234123412341234123412341234123412341234123412341234123412341234123412341234' exceeds maximum length of 255. [pid: 8|app: 0|req: 809/1585] 10.0.0.234 () {34 vars in 681 bytes} [Wed Jun 24 23:48:38 2026] POST /v2.0/rbac-policies => generated 547 bytes in 6 msecs (HTTP/1.1 400) 4 headers in 166 bytes (1 switches on core 0) [pid: 8|app: 0|req: 810/1586] 10.0.0.234 () {32 vars in 647 bytes} [Wed Jun 24 23:48:38 2026] GET /v2.0/subnets => generated 649 bytes in 23 msecs (HTTP/1.1 200) 4 headers in 157 bytes (1 switches on core 0)
2026-06-24 23:48:38.220 7 INFO neutron.db.ovn_revision_numbers_db [None req-ac41c148-6e51-430a-8aea-a62bb4c999f8 7e2515864b4a46ee9c4d1236f07cab15 bad9a65bebd6451eae61e7d7bdd8dea3 - - default default] Successfully bumped revision number for resource e430d10d-1b1a-410a-a6af-c3f6c9ab5a8e (type: networks) to 1
2026-06-24 23:48:38.309 8 INFO neutron_taas.services.taas.taas_plugin [None req-bc489c26-3424-4124-9bb6-abb6a7b53415 4b85e75aef294182bb1d8a6f98061040 9d8c7ad942c94656beb83624e2309ad4 - - default default] TaaS: Handle Delete Port: 5723f251-f6e0-482f-9531-f9eb5cb8ff30
2026-06-24 23:48:38.312 8 INFO neutron_taas.services.taas.tap_mirror_plugin [None req-bc489c26-3424-4124-9bb6-abb6a7b53415 4b85e75aef294182bb1d8a6f98061040 9d8c7ad942c94656beb83624e2309ad4 - - default default] Tap Mirror: Handle Delete Port: 5723f251-f6e0-482f-9531-f9eb5cb8ff30
2026-06-24 23:48:38.387 7 WARNING neutron.scheduler.dhcp_agent_scheduler [None req-ac41c148-6e51-430a-8aea-a62bb4c999f8 7e2515864b4a46ee9c4d1236f07cab15 bad9a65bebd6451eae61e7d7bdd8dea3 - - default default] No more DHCP agents
2026-06-24 23:48:38.389 7 WARNING neutron.api.rpc.agentnotifiers.dhcp_rpc_agent_api [None req-ac41c148-6e51-430a-8aea-a62bb4c999f8 7e2515864b4a46ee9c4d1236f07cab15 bad9a65bebd6451eae61e7d7bdd8dea3 - - default default] Unable to schedule network e430d10d-1b1a-410a-a6af-c3f6c9ab5a8e: no agents available; will retry on subsequent port and subnet creation events.
2026-06-24 23:48:38.451 7 INFO neutron.plugins.ml2.drivers.ovn.mech_driver.mech_driver [None req-62186bb1-7d0a-434d-b9a5-2da11c82f70c - - - - - -] OVN reports status down for port: cc67ec72-6d7f-4ccd-8ba9-1bef66a0ba7d
2026-06-24 23:48:38.536 7 INFO neutron.db.ovn_revision_numbers_db [None req-ac41c148-6e51-430a-8aea-a62bb4c999f8 7e2515864b4a46ee9c4d1236f07cab15 bad9a65bebd6451eae61e7d7bdd8dea3 - - default default] Successfully bumped revision number for resource cc67ec72-6d7f-4ccd-8ba9-1bef66a0ba7d (type: ports) to 1 [pid: 7|app: 0|req: 777/1587] 10.0.0.234 () {34 vars in 671 bytes} [Wed Jun 24 23:48:37 2026] POST /v2.0/networks => generated 781 bytes in 887 msecs (HTTP/1.1 201) 4 headers in 162 bytes (1 switches on core 0)
2026-06-24 23:48:38.701 8 INFO neutron.services.segments.plugin [-] Segment 25f4754f-1a8b-4d13-b577-3190d2c039af resource provider aggregate not found
2026-06-24 23:48:38.703 7 INFO neutron_taas.services.taas.taas_plugin [None req-ea27bd17-5b32-4e29-8020-6e3241bf0924 694ff31b48a54872a1310fff29c9bccb 923a79853536458baba8f8679ddaa33b - - default default] TaaS: Handle Delete Port: fa91c077-03bc-4a0f-bfc7-4c04a7f248d4
2026-06-24 23:48:38.706 7 INFO neutron_taas.services.taas.tap_mirror_plugin [None req-ea27bd17-5b32-4e29-8020-6e3241bf0924 694ff31b48a54872a1310fff29c9bccb 923a79853536458baba8f8679ddaa33b - - default default] Tap Mirror: Handle Delete Port: fa91c077-03bc-4a0f-bfc7-4c04a7f248d4
2026-06-24 23:48:38.711 8 INFO neutron.services.segments.plugin [-] Segment 25f4754f-1a8b-4d13-b577-3190d2c039af resource provider aggregate not found
2026-06-24 23:48:38.718 8 INFO neutron.services.segments.plugin [-] Segment 25f4754f-1a8b-4d13-b577-3190d2c039af resource provider not found; error: Placement Client Error (4xx): {"errors": [{"status": 404, "title": "Not Found", "detail": "The resource could not be found.\n\n No resource provider with uuid 25f4754f-1a8b-4d13-b577-3190d2c039af found for delete ", "request_id": "req-f2086b35-31b5-4110-a7ca-8a5f9ec4bdd1"}]}
2026-06-24 23:48:38.731 8 INFO neutron.services.segments.plugin [-] Segment 25f4754f-1a8b-4d13-b577-3190d2c039af resource provider not found; error: Placement Client Error (4xx): {"errors": [{"status": 404, "title": "Not Found", "detail": "The resource could not be found.\n\n No resource provider with uuid 25f4754f-1a8b-4d13-b577-3190d2c039af found for delete ", "request_id": "req-6418d815-5b20-471f-90d2-473161091444"}]} [pid: 8|app: 0|req: 811/1588] 10.0.0.234 () {32 vars in 726 bytes} [Wed Jun 24 23:48:38 2026] DELETE /v2.0/networks/7a6ffedc-34b3-44ee-a1d3-9d7ddcbc46d1 => generated 0 bytes in 605 msecs (HTTP/1.1 204) 3 headers in 131 bytes (1 switches on core 0)
2026-06-24 23:48:38.883 7 INFO neutron.services.segments.plugin [-] Segment e5b68cf5-ee96-4c64-ad42-721ee329fb61 resource provider aggregate not found
2026-06-24 23:48:38.889 7 INFO neutron.services.segments.plugin [-] Segment e5b68cf5-ee96-4c64-ad42-721ee329fb61 resource provider aggregate not found
2026-06-24 23:48:38.898 7 INFO neutron.services.segments.plugin [-] Segment e5b68cf5-ee96-4c64-ad42-721ee329fb61 resource provider not found; error: Placement Client Error (4xx): {"errors": [{"status": 404, "title": "Not Found", "detail": "The resource could not be found.\n\n No resource provider with uuid e5b68cf5-ee96-4c64-ad42-721ee329fb61 found for delete ", "request_id": "req-48407d03-3eec-4693-be4b-e0df6640586b"}]}
2026-06-24 23:48:38.900 8 WARNING neutron.scheduler.dhcp_agent_scheduler [None req-ae1b2754-8a29-444e-bae2-3828afb61537 7e2515864b4a46ee9c4d1236f07cab15 bad9a65bebd6451eae61e7d7bdd8dea3 - - default default] No more DHCP agents
2026-06-24 23:48:38.906 8 WARNING neutron.api.rpc.agentnotifiers.dhcp_rpc_agent_api [None req-ae1b2754-8a29-444e-bae2-3828afb61537 7e2515864b4a46ee9c4d1236f07cab15 bad9a65bebd6451eae61e7d7bdd8dea3 - - default default] Unable to schedule network e430d10d-1b1a-410a-a6af-c3f6c9ab5a8e: no agents available; will retry on subsequent port and subnet creation events.
2026-06-24 23:48:38.908 7 INFO neutron.services.segments.plugin [-] Segment e5b68cf5-ee96-4c64-ad42-721ee329fb61 resource provider not found; error: Placement Client Error (4xx): {"errors": [{"status": 404, "title": "Not Found", "detail": "The resource could not be found.\n\n No resource provider with uuid e5b68cf5-ee96-4c64-ad42-721ee329fb61 found for delete ", "request_id": "req-463c367a-2acd-4d48-9f61-48239fe78026"}]} [pid: 7|app: 0|req: 778/1589] 10.0.0.234 () {32 vars in 726 bytes} [Wed Jun 24 23:48:38 2026] DELETE /v2.0/networks/2613c93e-a016-4387-b98c-f6bbf48c1a30 => generated 0 bytes in 350 msecs (HTTP/1.1 204) 3 headers in 131 bytes (1 switches on core 0)
2026-06-24 23:48:39.003 7 INFO neutron.db.segments_db [None req-829f9510-339a-4089-a0e7-533d55936efd 4b85e75aef294182bb1d8a6f98061040 9d8c7ad942c94656beb83624e2309ad4 - - default default] Added segment bdde7e64-4ba6-4b13-80d0-fbca68574f04 of type geneve for network 442196ac-c4f7-401a-b20a-ad6b59c62b18
2026-06-24 23:48:39.103 7 INFO neutron.db.ovn_revision_numbers_db [None req-829f9510-339a-4089-a0e7-533d55936efd 4b85e75aef294182bb1d8a6f98061040 9d8c7ad942c94656beb83624e2309ad4 - - default default] Successfully bumped revision number for resource 442196ac-c4f7-401a-b20a-ad6b59c62b18 (type: networks) to 1
2026-06-24 23:48:39.300 7 WARNING neutron.scheduler.dhcp_agent_scheduler [None req-829f9510-339a-4089-a0e7-533d55936efd 4b85e75aef294182bb1d8a6f98061040 9d8c7ad942c94656beb83624e2309ad4 - - default default] No more DHCP agents
2026-06-24 23:48:39.305 7 WARNING neutron.api.rpc.agentnotifiers.dhcp_rpc_agent_api [None req-829f9510-339a-4089-a0e7-533d55936efd 4b85e75aef294182bb1d8a6f98061040 9d8c7ad942c94656beb83624e2309ad4 - - default default] Unable to schedule network 442196ac-c4f7-401a-b20a-ad6b59c62b18: no agents available; will retry on subsequent port and subnet creation events.
2026-06-24 23:48:39.351 8 INFO neutron.db.ovn_revision_numbers_db [None req-30fb93e7-a946-4a16-b79a-6e3ff8ad5e63 - - - - - -] Successfully bumped revision number for resource cc67ec72-6d7f-4ccd-8ba9-1bef66a0ba7d (type: ports) to 2
2026-06-24 23:48:39.381 7 INFO neutron.plugins.ml2.drivers.ovn.mech_driver.mech_driver [None req-62186bb1-7d0a-434d-b9a5-2da11c82f70c - - - - - -] OVN reports status down for port: b65c2db3-7c05-4614-ab0c-ca4959b29541
2026-06-24 23:48:39.397 8 INFO neutron.db.ovn_revision_numbers_db [None req-30fb93e7-a946-4a16-b79a-6e3ff8ad5e63 - - - - - -] Successfully bumped revision number for resource ec2ad08b-346e-4b1e-9e0e-11a03cb62413 (type: subnets) to 0 [pid: 8|app: 0|req: 812/1590] 10.0.0.234 () {34 vars in 669 bytes} [Wed Jun 24 23:48:38 2026] POST /v2.0/subnets => generated 687 bytes in 656 msecs (HTTP/1.1 201) 4 headers in 162 bytes (1 switches on core 0)
2026-06-24 23:48:39.435 7 INFO neutron.db.ovn_revision_numbers_db [None req-829f9510-339a-4089-a0e7-533d55936efd 4b85e75aef294182bb1d8a6f98061040 9d8c7ad942c94656beb83624e2309ad4 - - default default] Successfully bumped revision number for resource b65c2db3-7c05-4614-ab0c-ca4959b29541 (type: ports) to 1 [pid: 7|app: 0|req: 779/1591] 10.0.0.234 () {34 vars in 670 bytes} [Wed Jun 24 23:48:38 2026] POST /v2.0/networks => generated 767 bytes in 562 msecs (HTTP/1.1 201) 4 headers in 162 bytes (1 switches on core 0)
2026-06-24 23:48:39.522 8 INFO neutron_taas.services.taas.taas_plugin [None req-6d807ec2-be9a-4711-a676-e13198688e57 694ff31b48a54872a1310fff29c9bccb 923a79853536458baba8f8679ddaa33b - - default default] TaaS: Handle Delete Port: c1cad76c-1f07-4fc3-a93f-ebdd83055675
2026-06-24 23:48:39.525 8 INFO neutron_taas.services.taas.tap_mirror_plugin [None req-6d807ec2-be9a-4711-a676-e13198688e57 694ff31b48a54872a1310fff29c9bccb 923a79853536458baba8f8679ddaa33b - - default default] Tap Mirror: Handle Delete Port: c1cad76c-1f07-4fc3-a93f-ebdd83055675 [pid: 8|app: 0|req: 813/1592] 10.0.0.234 () {32 vars in 726 bytes} [Wed Jun 24 23:48:39 2026] DELETE /v2.0/networks/56c811bb-fd83-4aee-9097-dda9b08d5609 => generated 0 bytes in 325 msecs (HTTP/1.1 204) 3 headers in 131 bytes (1 switches on core 0)
2026-06-24 23:48:39.822 7 INFO neutron.db.ovn_revision_numbers_db [None req-15731e65-360e-4c50-a67c-73e8d43ab10b ea5a28d93fff48c0a3d3112b3d05aa00 077c4b79d8bf40e0b934cd38d1b1cd12 - - default default] Successfully bumped revision number for resource 8eec34a5-8991-4906-965f-c5640ff0e903 (type: security_groups) to 1
2026-06-24 23:48:39.843 7 INFO neutron.db.ovn_revision_numbers_db [None req-15731e65-360e-4c50-a67c-73e8d43ab10b ea5a28d93fff48c0a3d3112b3d05aa00 077c4b79d8bf40e0b934cd38d1b1cd12 - - default default] Successfully bumped revision number for resource 3720035a-87ae-4d9c-8798-9eebba3e0999 (type: security_group_rules) to 0
2026-06-24 23:48:39.854 7 INFO neutron.db.ovn_revision_numbers_db [None req-15731e65-360e-4c50-a67c-73e8d43ab10b ea5a28d93fff48c0a3d3112b3d05aa00 077c4b79d8bf40e0b934cd38d1b1cd12 - - default default] Successfully bumped revision number for resource 4551e467-b101-4732-9edc-11eef457d28f (type: security_group_rules) to 0
2026-06-24 23:48:39.866 7 INFO neutron.db.ovn_revision_numbers_db [None req-15731e65-360e-4c50-a67c-73e8d43ab10b ea5a28d93fff48c0a3d3112b3d05aa00 077c4b79d8bf40e0b934cd38d1b1cd12 - - default default] Successfully bumped revision number for resource 4c5583ff-ae3e-4435-8265-a5c04b9f3c3a (type: security_group_rules) to 0
2026-06-24 23:48:39.876 7 INFO neutron.db.ovn_revision_numbers_db [None req-15731e65-360e-4c50-a67c-73e8d43ab10b ea5a28d93fff48c0a3d3112b3d05aa00 077c4b79d8bf40e0b934cd38d1b1cd12 - - default default] Successfully bumped revision number for resource 961ba934-13f7-4029-becc-6994a51b3a53 (type: security_group_rules) to 0
2026-06-24 23:48:39.952 7 INFO neutron.db.segments_db [None req-15731e65-360e-4c50-a67c-73e8d43ab10b ea5a28d93fff48c0a3d3112b3d05aa00 077c4b79d8bf40e0b934cd38d1b1cd12 - - default default] Added segment 04465a9a-0b3c-410c-9621-409e9e7cc8f7 of type geneve for network 5da8ac40-3013-4550-a7e6-08af82141ea6
2026-06-24 23:48:40.063 7 INFO neutron.db.ovn_revision_numbers_db [None req-15731e65-360e-4c50-a67c-73e8d43ab10b ea5a28d93fff48c0a3d3112b3d05aa00 077c4b79d8bf40e0b934cd38d1b1cd12 - - default default] Successfully bumped revision number for resource 5da8ac40-3013-4550-a7e6-08af82141ea6 (type: networks) to 1
2026-06-24 23:48:40.165 8 WARNING neutron.scheduler.dhcp_agent_scheduler [None req-c9286bf6-0d38-4ea8-ac4f-c07861fbbce5 7e2515864b4a46ee9c4d1236f07cab15 bad9a65bebd6451eae61e7d7bdd8dea3 - - default default] No more DHCP agents
2026-06-24 23:48:40.166 8 WARNING neutron.api.rpc.agentnotifiers.dhcp_rpc_agent_api [None req-c9286bf6-0d38-4ea8-ac4f-c07861fbbce5 7e2515864b4a46ee9c4d1236f07cab15 bad9a65bebd6451eae61e7d7bdd8dea3 - - default default] Unable to schedule network 172c1a85-321c-4f8c-a02d-ee3cf42cfd96: no agents available; will retry on subsequent port and subnet creation events.
2026-06-24 23:48:40.226 7 WARNING neutron.scheduler.dhcp_agent_scheduler [None req-15731e65-360e-4c50-a67c-73e8d43ab10b ea5a28d93fff48c0a3d3112b3d05aa00 077c4b79d8bf40e0b934cd38d1b1cd12 - - default default] No more DHCP agents
2026-06-24 23:48:40.227 7 WARNING neutron.api.rpc.agentnotifiers.dhcp_rpc_agent_api [None req-15731e65-360e-4c50-a67c-73e8d43ab10b ea5a28d93fff48c0a3d3112b3d05aa00 077c4b79d8bf40e0b934cd38d1b1cd12 - - default default] Unable to schedule network 5da8ac40-3013-4550-a7e6-08af82141ea6: no agents available; will retry on subsequent port and subnet creation events.
2026-06-24 23:48:40.292 8 INFO neutron.plugins.ml2.drivers.ovn.mech_driver.mech_driver [None req-2d7c7137-2778-40ac-a799-0ef1c321c16e - - - - - -] OVN reports status down for port: dde50978-362c-4aa3-874e-60a57293ade8
2026-06-24 23:48:40.310 7 INFO neutron.db.ovn_revision_numbers_db [None req-15731e65-360e-4c50-a67c-73e8d43ab10b ea5a28d93fff48c0a3d3112b3d05aa00 077c4b79d8bf40e0b934cd38d1b1cd12 - - default default] Successfully bumped revision number for resource dde50978-362c-4aa3-874e-60a57293ade8 (type: ports) to 1 [pid: 7|app: 0|req: 780/1593] 10.0.0.234 () {34 vars in 670 bytes} [Wed Jun 24 23:48:39 2026] POST /v2.0/networks => generated 681 bytes in 847 msecs (HTTP/1.1 201) 4 headers in 162 bytes (1 switches on core 0)
2026-06-24 23:48:40.372 8 INFO neutron.db.ovn_revision_numbers_db [None req-c9286bf6-0d38-4ea8-ac4f-c07861fbbce5 7e2515864b4a46ee9c4d1236f07cab15 bad9a65bebd6451eae61e7d7bdd8dea3 - - default default] Successfully bumped revision number for resource 9f367c35-60f7-4b40-92db-9f315ae35c7b (type: ports) to 1
2026-06-24 23:48:40.436 7 WARNING neutron.scheduler.dhcp_agent_scheduler [None req-a493ca1d-2064-4a3f-a8cf-f4668c3e7c53 4b85e75aef294182bb1d8a6f98061040 9d8c7ad942c94656beb83624e2309ad4 - - default default] No more DHCP agents
2026-06-24 23:48:40.437 7 WARNING neutron.api.rpc.agentnotifiers.dhcp_rpc_agent_api [None req-a493ca1d-2064-4a3f-a8cf-f4668c3e7c53 4b85e75aef294182bb1d8a6f98061040 9d8c7ad942c94656beb83624e2309ad4 - - default default] Unable to schedule network 442196ac-c4f7-401a-b20a-ad6b59c62b18: no agents available; will retry on subsequent port and subnet creation events.
2026-06-24 23:48:40.440 8 INFO neutron.plugins.ml2.drivers.ovn.mech_driver.mech_driver [None req-2d7c7137-2778-40ac-a799-0ef1c321c16e - - - - - -] OVN reports status down for port: 9f367c35-60f7-4b40-92db-9f315ae35c7b
2026-06-24 23:48:40.741 8 INFO neutron.services.segments.plugin [-] Segment 69e98332-27be-45ca-bdb9-826e6e3a1621 resource provider aggregate not found
2026-06-24 23:48:40.753 8 INFO neutron.services.segments.plugin [-] Segment 69e98332-27be-45ca-bdb9-826e6e3a1621 resource provider aggregate not found
2026-06-24 23:48:40.768 8 INFO neutron.services.segments.plugin [-] Segment 69e98332-27be-45ca-bdb9-826e6e3a1621 resource provider not found; error: Placement Client Error (4xx): {"errors": [{"status": 404, "title": "Not Found", "detail": "The resource could not be found.\n\n No resource provider with uuid 69e98332-27be-45ca-bdb9-826e6e3a1621 found for delete ", "request_id": "req-07ec1c30-7000-41e8-8367-f496cc424ea8"}]}
2026-06-24 23:48:40.779 8 INFO neutron.services.segments.plugin [-] Segment 69e98332-27be-45ca-bdb9-826e6e3a1621 resource provider not found; error: Placement Client Error (4xx): {"errors": [{"status": 404, "title": "Not Found", "detail": "The resource could not be found.\n\n No resource provider with uuid 69e98332-27be-45ca-bdb9-826e6e3a1621 found for delete ", "request_id": "req-0e93d5db-8d19-45f5-a70d-c40979b5696e"}]}
2026-06-24 23:48:40.874 7 INFO neutron.db.ovn_revision_numbers_db [None req-26c443e8-71cc-4f35-aaf0-63e12900a710 - - - - - -] Successfully bumped revision number for resource b65c2db3-7c05-4614-ab0c-ca4959b29541 (type: ports) to 2
2026-06-24 23:48:40.911 7 INFO neutron.db.ovn_revision_numbers_db [None req-26c443e8-71cc-4f35-aaf0-63e12900a710 - - - - - -] Successfully bumped revision number for resource 2cdc1ad3-4450-444e-9ff1-bbde99b76662 (type: subnets) to 0 [pid: 7|app: 0|req: 781/1594] 10.0.0.234 () {34 vars in 669 bytes} [Wed Jun 24 23:48:40 2026] POST /v2.0/subnets => generated 647 bytes in 615 msecs (HTTP/1.1 201) 4 headers in 162 bytes (1 switches on core 0)
2026-06-24 23:48:41.043 7 INFO neutron_taas.services.taas.taas_plugin [None req-9fda2d63-2613-41d7-bf22-f00ee066b371 694ff31b48a54872a1310fff29c9bccb 923a79853536458baba8f8679ddaa33b - - default default] TaaS: Handle Delete Port: b598d6a9-824d-4db0-b131-0111df956845
2026-06-24 23:48:41.045 7 INFO neutron_taas.services.taas.tap_mirror_plugin [None req-9fda2d63-2613-41d7-bf22-f00ee066b371 694ff31b48a54872a1310fff29c9bccb 923a79853536458baba8f8679ddaa33b - - default default] Tap Mirror: Handle Delete Port: b598d6a9-824d-4db0-b131-0111df956845
2026-06-24 23:48:41.279 7 INFO neutron.services.segments.plugin [-] Segment e76bc8f2-181f-4aca-bcc3-2091dd01b7c1 resource provider aggregate not found
2026-06-24 23:48:41.284 7 INFO neutron.services.segments.plugin [-] Segment e76bc8f2-181f-4aca-bcc3-2091dd01b7c1 resource provider aggregate not found
2026-06-24 23:48:41.306 7 INFO neutron.services.segments.plugin [-] Segment e76bc8f2-181f-4aca-bcc3-2091dd01b7c1 resource provider not found; error: Placement Client Error (4xx): {"errors": [{"status": 404, "title": "Not Found", "detail": "The resource could not be found.\n\n No resource provider with uuid e76bc8f2-181f-4aca-bcc3-2091dd01b7c1 found for delete ", "request_id": "req-2bb1aebe-311b-4a6d-889e-0a3cdb00aaa9"}]}
2026-06-24 23:48:41.308 7 INFO neutron.services.segments.plugin [-] Segment e76bc8f2-181f-4aca-bcc3-2091dd01b7c1 resource provider not found; error: Placement Client Error (4xx): {"errors": [{"status": 404, "title": "Not Found", "detail": "The resource could not be found.\n\n No resource provider with uuid e76bc8f2-181f-4aca-bcc3-2091dd01b7c1 found for delete ", "request_id": "req-33e880b4-b2e1-4e63-9322-d8315b58702d"}]} [pid: 7|app: 0|req: 782/1595] 10.0.0.234 () {32 vars in 726 bytes} [Wed Jun 24 23:48:40 2026] DELETE /v2.0/networks/8ba73f01-2aeb-4f1c-bb12-7db88630d0d2 => generated 0 bytes in 385 msecs (HTTP/1.1 204) 3 headers in 131 bytes (1 switches on core 0)
2026-06-24 23:48:41.496 8 INFO neutron.plugins.ml2.drivers.ovn.mech_driver.ovsdb.commands [None req-dd006c11-6821-4d30-af2a-db09cde640df - - - - - -] Schedule LRP lrp-9f367c35-60f7-4b40-92db-9f315ae35c7b on gateway 313a0498-f799-43df-b37d-930b12470707 with priority 1
2026-06-24 23:48:41.529 7 INFO neutron.plugins.ml2.drivers.ovn.mech_driver.ovsdb.ovsdb_monitor [None req-21ff2805-fa23-455f-be2a-ffa55c772fdd - - - - - -] Router 6fedc8fe-d43c-414b-a0ae-2a8330ced9ab is bound to host instance
2026-06-24 23:48:41.549 8 INFO neutron.plugins.ml2.drivers.ovn.mech_driver.mech_driver [None req-2d7c7137-2778-40ac-a799-0ef1c321c16e - - - - - -] OVN reports status up for port: 9f367c35-60f7-4b40-92db-9f315ae35c7b
2026-06-24 23:48:41.593 8 INFO neutron.db.ovn_revision_numbers_db [None req-c9286bf6-0d38-4ea8-ac4f-c07861fbbce5 7e2515864b4a46ee9c4d1236f07cab15 bad9a65bebd6451eae61e7d7bdd8dea3 - - default default] Successfully bumped revision number for resource 9f367c35-60f7-4b40-92db-9f315ae35c7b (type: router_ports) to 1
2026-06-24 23:48:41.594 8 INFO neutron.plugins.ml2.plugin [None req-2d7c7137-2778-40ac-a799-0ef1c321c16e - - - - - -] Attempt 1 to provision port 9f367c35-60f7-4b40-92db-9f315ae35c7b
2026-06-24 23:48:41.699 7 WARNING neutron.scheduler.dhcp_agent_scheduler [None req-664d7394-ca0c-46c0-92b2-ff5747258ed6 ea5a28d93fff48c0a3d3112b3d05aa00 077c4b79d8bf40e0b934cd38d1b1cd12 - - default default] No more DHCP agents
2026-06-24 23:48:41.701 7 WARNING neutron.api.rpc.agentnotifiers.dhcp_rpc_agent_api [None req-664d7394-ca0c-46c0-92b2-ff5747258ed6 ea5a28d93fff48c0a3d3112b3d05aa00 077c4b79d8bf40e0b934cd38d1b1cd12 - - default default] Unable to schedule network 5da8ac40-3013-4550-a7e6-08af82141ea6: no agents available; will retry on subsequent port and subnet creation events.
2026-06-24 23:48:41.746 8 INFO neutron.db.ovn_revision_numbers_db [None req-c9286bf6-0d38-4ea8-ac4f-c07861fbbce5 7e2515864b4a46ee9c4d1236f07cab15 bad9a65bebd6451eae61e7d7bdd8dea3 - - default default] Successfully bumped revision number for resource 6fedc8fe-d43c-414b-a0ae-2a8330ced9ab (type: routers) to 2 [pid: 8|app: 0|req: 814/1596] 10.0.0.234 () {34 vars in 669 bytes} [Wed Jun 24 23:48:39 2026] POST /v2.0/routers => generated 965 bytes in 2040 msecs (HTTP/1.1 201) 4 headers in 162 bytes (1 switches on core 0) [pid: 8|app: 0|req: 815/1597] 10.0.0.234 () {34 vars in 681 bytes} [Wed Jun 24 23:48:41 2026] POST /v2.0/rbac-policies => generated 324 bytes in 235 msecs (HTTP/1.1 201) 4 headers in 162 bytes (1 switches on core 0)
2026-06-24 23:48:42.113 8 INFO neutron_taas.services.taas.taas_plugin [None req-8e38b416-f05c-4988-a1fa-576945287048 694ff31b48a54872a1310fff29c9bccb 923a79853536458baba8f8679ddaa33b - - default default] TaaS: Handle Delete Port: 994f17c7-8d87-435d-983d-1d506a8e1b21
2026-06-24 23:48:42.116 8 INFO neutron_taas.services.taas.tap_mirror_plugin [None req-8e38b416-f05c-4988-a1fa-576945287048 694ff31b48a54872a1310fff29c9bccb 923a79853536458baba8f8679ddaa33b - - default default] Tap Mirror: Handle Delete Port: 994f17c7-8d87-435d-983d-1d506a8e1b21 [pid: 8|app: 0|req: 816/1598] 10.0.0.234 () {32 vars in 726 bytes} [Wed Jun 24 23:48:42 2026] DELETE /v2.0/networks/37b9c822-e582-467c-817e-df5335e1f66d => generated 0 bytes in 501 msecs (HTTP/1.1 204) 3 headers in 131 bytes (1 switches on core 0)
2026-06-24 23:48:42.663 7 INFO neutron.db.ovn_revision_numbers_db [None req-2bfbb1cf-a700-4189-a620-e0b26eb0a9c9 - - - - - -] Successfully bumped revision number for resource dde50978-362c-4aa3-874e-60a57293ade8 (type: ports) to 2
2026-06-24 23:48:42.745 7 INFO neutron.db.ovn_revision_numbers_db [None req-2bfbb1cf-a700-4189-a620-e0b26eb0a9c9 - - - - - -] Successfully bumped revision number for resource 99d220b3-a829-4728-83c2-16f3884880d3 (type: subnets) to 0 [pid: 7|app: 0|req: 783/1599] 10.0.0.234 () {34 vars in 669 bytes} [Wed Jun 24 23:48:41 2026] POST /v2.0/subnets => generated 641 bytes in 1455 msecs (HTTP/1.1 201) 4 headers in 162 bytes (1 switches on core 0)
2026-06-24 23:48:42.790 8 INFO neutron.services.segments.plugin [-] Segment 31532b07-1a7b-40df-b88c-29c3b9902925 resource provider aggregate not found
2026-06-24 23:48:42.804 8 INFO neutron.services.segments.plugin [-] Segment 31532b07-1a7b-40df-b88c-29c3b9902925 resource provider not found; error: Placement Client Error (4xx): {"errors": [{"status": 404, "title": "Not Found", "detail": "The resource could not be found.\n\n No resource provider with uuid 31532b07-1a7b-40df-b88c-29c3b9902925 found for delete ", "request_id": "req-9f1b91d2-b952-4e18-923a-483ddb73e658"}]}
2026-06-24 23:48:42.809 8 INFO neutron.services.segments.plugin [-] Segment 31532b07-1a7b-40df-b88c-29c3b9902925 resource provider aggregate not found
2026-06-24 23:48:42.832 8 INFO neutron.services.segments.plugin [-] Segment 31532b07-1a7b-40df-b88c-29c3b9902925 resource provider not found; error: Placement Client Error (4xx): {"errors": [{"status": 404, "title": "Not Found", "detail": "The resource could not be found.\n\n No resource provider with uuid 31532b07-1a7b-40df-b88c-29c3b9902925 found for delete ", "request_id": "req-a106bf34-6b7f-42b4-adca-5af58f588eae"}]}
2026-06-24 23:48:42.965 7 INFO neutron.db.ovn_revision_numbers_db [None req-741bbbc6-c98e-42f1-a3d3-b33ed59f0730 - - - - - -] Successfully bumped revision number for resource 9f367c35-60f7-4b40-92db-9f315ae35c7b (type: ports) to 4 [pid: 7|app: 0|req: 784/1600] 10.0.0.234 () {32 vars in 723 bytes} [Wed Jun 24 23:48:42 2026] GET /v2.0/networks/442196ac-c4f7-401a-b20a-ad6b59c62b18 => generated 692 bytes in 205 msecs (HTTP/1.1 200) 4 headers in 157 bytes (1 switches on core 0)
2026-06-24 23:48:43.072 8 WARNING neutron.scheduler.dhcp_agent_scheduler [None req-1f7a701d-271e-4574-80d0-200239bcd188 7e2515864b4a46ee9c4d1236f07cab15 bad9a65bebd6451eae61e7d7bdd8dea3 - - default default] No more DHCP agents
2026-06-24 23:48:43.073 8 WARNING neutron.api.rpc.agentnotifiers.dhcp_rpc_agent_api [None req-1f7a701d-271e-4574-80d0-200239bcd188 7e2515864b4a46ee9c4d1236f07cab15 bad9a65bebd6451eae61e7d7bdd8dea3 - - default default] Unable to schedule network e430d10d-1b1a-410a-a6af-c3f6c9ab5a8e: no agents available; will retry on subsequent port and subnet creation events.
2026-06-24 23:48:43.142 7 INFO neutron.db.segments_db [None req-54bf2678-c2fe-42cd-8027-f9c348bd34a1 ea5a28d93fff48c0a3d3112b3d05aa00 077c4b79d8bf40e0b934cd38d1b1cd12 - - default default] Added segment 10b18c39-deb5-4dac-a196-138531a29b24 of type geneve for network e13af54b-0b21-4567-8880-8e29560225af
2026-06-24 23:48:43.229 7 INFO neutron.plugins.ml2.drivers.ovn.mech_driver.mech_driver [None req-62186bb1-7d0a-434d-b9a5-2da11c82f70c - - - - - -] OVN reports status down for port: f8f030f1-eba3-400f-a766-a9e9e1ec9de4
2026-06-24 23:48:43.256 8 INFO neutron.db.ovn_revision_numbers_db [None req-1f7a701d-271e-4574-80d0-200239bcd188 7e2515864b4a46ee9c4d1236f07cab15 bad9a65bebd6451eae61e7d7bdd8dea3 - - default default] Successfully bumped revision number for resource f8f030f1-eba3-400f-a766-a9e9e1ec9de4 (type: ports) to 1
2026-06-24 23:48:43.500 7 INFO neutron.db.ovn_revision_numbers_db [None req-54bf2678-c2fe-42cd-8027-f9c348bd34a1 ea5a28d93fff48c0a3d3112b3d05aa00 077c4b79d8bf40e0b934cd38d1b1cd12 - - default default] Successfully bumped revision number for resource e13af54b-0b21-4567-8880-8e29560225af (type: networks) to 1
2026-06-24 23:48:43.714 7 INFO neutron.db.ovn_revision_numbers_db [None req-741bbbc6-c98e-42f1-a3d3-b33ed59f0730 - - - - - -] Successfully bumped revision number for resource 9f367c35-60f7-4b40-92db-9f315ae35c7b (type: ports) to 5
2026-06-24 23:48:43.786 7 WARNING neutron.scheduler.dhcp_agent_scheduler [None req-54bf2678-c2fe-42cd-8027-f9c348bd34a1 ea5a28d93fff48c0a3d3112b3d05aa00 077c4b79d8bf40e0b934cd38d1b1cd12 - - default default] No more DHCP agents
2026-06-24 23:48:43.790 7 WARNING neutron.api.rpc.agentnotifiers.dhcp_rpc_agent_api [None req-54bf2678-c2fe-42cd-8027-f9c348bd34a1 ea5a28d93fff48c0a3d3112b3d05aa00 077c4b79d8bf40e0b934cd38d1b1cd12 - - default default] Unable to schedule network e13af54b-0b21-4567-8880-8e29560225af: no agents available; will retry on subsequent port and subnet creation events.
2026-06-24 23:48:43.928 7 INFO neutron.plugins.ml2.drivers.ovn.mech_driver.mech_driver [None req-62186bb1-7d0a-434d-b9a5-2da11c82f70c - - - - - -] OVN reports status down for port: 56d48ac2-bc50-4d27-b290-0f9b7f3eeab0
2026-06-24 23:48:44.036 8 WARNING neutron.scheduler.dhcp_agent_scheduler [None req-1f7a701d-271e-4574-80d0-200239bcd188 7e2515864b4a46ee9c4d1236f07cab15 bad9a65bebd6451eae61e7d7bdd8dea3 - - default default] No more DHCP agents
2026-06-24 23:48:44.038 8 WARNING neutron.api.rpc.agentnotifiers.dhcp_rpc_agent_api [None req-1f7a701d-271e-4574-80d0-200239bcd188 7e2515864b4a46ee9c4d1236f07cab15 bad9a65bebd6451eae61e7d7bdd8dea3 - - default default] Unable to schedule network e430d10d-1b1a-410a-a6af-c3f6c9ab5a8e: no agents available; will retry on subsequent port and subnet creation events.
2026-06-24 23:48:44.078 7 INFO neutron.db.ovn_revision_numbers_db [None req-54bf2678-c2fe-42cd-8027-f9c348bd34a1 ea5a28d93fff48c0a3d3112b3d05aa00 077c4b79d8bf40e0b934cd38d1b1cd12 - - default default] Successfully bumped revision number for resource 56d48ac2-bc50-4d27-b290-0f9b7f3eeab0 (type: ports) to 1
2026-06-24 23:48:44.123 7 INFO neutron.plugins.ml2.drivers.ovn.mech_driver.mech_driver [None req-62186bb1-7d0a-434d-b9a5-2da11c82f70c - - - - - -] OVN reports status up for port: f8f030f1-eba3-400f-a766-a9e9e1ec9de4 [pid: 7|app: 0|req: 785/1601] 10.0.0.234 () {34 vars in 670 bytes} [Wed Jun 24 23:48:42 2026] POST /v2.0/networks => generated 680 bytes in 1190 msecs (HTTP/1.1 201) 4 headers in 162 bytes (1 switches on core 0)
2026-06-24 23:48:44.189 7 INFO neutron.plugins.ml2.plugin [None req-62186bb1-7d0a-434d-b9a5-2da11c82f70c - - - - - -] Attempt 1 to provision port f8f030f1-eba3-400f-a766-a9e9e1ec9de4 [pid: 7|app: 0|req: 786/1602] 10.0.0.234 () {32 vars in 774 bytes} [Wed Jun 24 23:48:44 2026] GET /v2.0/security-groups?tenant_id=923a79853536458baba8f8679ddaa33b&name=default => generated 2925 bytes in 188 msecs (HTTP/1.1 200) 4 headers in 158 bytes (1 switches on core 0)
2026-06-24 23:48:44.420 7 INFO neutron.pecan_wsgi.hooks.translation [None req-56075462-afa0-4d3d-aba9-5dd34c3040e7 7a6592cb5acf487d9b2b3e3349f63a4a d0fca789ea9a47a686fbb8a03635baf8 - - default default] GET failed (client error): The resource could not be found. [pid: 7|app: 0|req: 787/1603] 10.0.0.234 () {32 vars in 723 bytes} [Wed Jun 24 23:48:44 2026] GET /v2.0/networks/442196ac-c4f7-401a-b20a-ad6b59c62b18 => generated 138 bytes in 49 msecs (HTTP/1.1 404) 4 headers in 164 bytes (1 switches on core 0)
