2026-06-24 23:53:08.124 8 INFO neutron.api.v2.resource [None req-d80c6669-717a-481c-be99-049fac071170 f658a73345644a09aa9b79d15458667c 4175413b59bc4e7587fdace98bea6f7d - - default default] delete failed (client error): The resource could not be found. [pid: 8|app: 0|req: 1546/2996] 10.0.0.234 () {32 vars in 744 bytes} [Wed Jun 24 23:53:08 2026] DELETE /v2.0/trunks/6ac25ed4-9b87-4862-a21c-fcb22e15306b/tags/green => generated 99 bytes in 37 msecs (HTTP/1.1 404) 4 headers in 163 bytes (1 switches on core 0) [pid: 7|app: 0|req: 1451/2997] 10.0.0.234 () {32 vars in 732 bytes} [Wed Jun 24 23:53:08 2026] DELETE /v2.0/trunks/6ac25ed4-9b87-4862-a21c-fcb22e15306b/tags => generated 0 bytes in 66 msecs (HTTP/1.1 204) 2 headers in 112 bytes (1 switches on core 0) [pid: 8|app: 0|req: 1547/2998] 10.0.0.234 () {32 vars in 729 bytes} [Wed Jun 24 23:53:08 2026] GET /v2.0/trunks/6ac25ed4-9b87-4862-a21c-fcb22e15306b/tags => generated 12 bytes in 20 msecs (HTTP/1.1 200) 4 headers in 156 bytes (1 switches on core 0) [pid: 7|app: 0|req: 1452/2999] 10.0.0.234 () {32 vars in 719 bytes} [Wed Jun 24 23:53:08 2026] GET /v2.0/trunks/6ac25ed4-9b87-4862-a21c-fcb22e15306b => generated 409 bytes in 23 msecs (HTTP/1.1 200) 4 headers in 157 bytes (1 switches on core 0) [pid: 8|app: 0|req: 1548/3000] 10.0.0.234 () {32 vars in 717 bytes} [Wed Jun 24 23:53:08 2026] GET /v2.0/ports/09f0b179-c436-4aaa-b2eb-10a19da0e8d9 => generated 826 bytes in 50 msecs (HTTP/1.1 200) 4 headers in 157 bytes (1 switches on core 0) [pid: 7|app: 0|req: 1453/3001] 10.0.0.234 () {32 vars in 722 bytes} [Wed Jun 24 23:53:08 2026] DELETE /v2.0/trunks/6ac25ed4-9b87-4862-a21c-fcb22e15306b => generated 0 bytes in 101 msecs (HTTP/1.1 204) 2 headers in 112 bytes (1 switches on core 0)
2026-06-24 23:53:08.573 8 INFO neutron_taas.services.taas.taas_plugin [None req-382b165a-3bb1-470b-ba92-b161ae3db9db f658a73345644a09aa9b79d15458667c 4175413b59bc4e7587fdace98bea6f7d - - default default] TaaS: Handle Delete Port: 09f0b179-c436-4aaa-b2eb-10a19da0e8d9
2026-06-24 23:53:08.576 8 INFO neutron_taas.services.taas.tap_mirror_plugin [None req-382b165a-3bb1-470b-ba92-b161ae3db9db f658a73345644a09aa9b79d15458667c 4175413b59bc4e7587fdace98bea6f7d - - default default] Tap Mirror: Handle Delete Port: 09f0b179-c436-4aaa-b2eb-10a19da0e8d9 [pid: 8|app: 0|req: 1549/3002] 10.0.0.234 () {32 vars in 720 bytes} [Wed Jun 24 23:53:08 2026] DELETE /v2.0/ports/09f0b179-c436-4aaa-b2eb-10a19da0e8d9 => generated 0 bytes in 335 msecs (HTTP/1.1 204) 3 headers in 131 bytes (1 switches on core 0)
2026-06-24 23:53:08.894 7 INFO neutron_taas.services.taas.taas_plugin [None req-ac6882fa-8b46-4ca6-96af-41fc48dc7a89 f658a73345644a09aa9b79d15458667c 4175413b59bc4e7587fdace98bea6f7d - - default default] TaaS: Handle Delete Port: c37d91ff-c4d4-41df-8098-4612df6be965
2026-06-24 23:53:08.898 7 INFO neutron_taas.services.taas.tap_mirror_plugin [None req-ac6882fa-8b46-4ca6-96af-41fc48dc7a89 f658a73345644a09aa9b79d15458667c 4175413b59bc4e7587fdace98bea6f7d - - default default] Tap Mirror: Handle Delete Port: c37d91ff-c4d4-41df-8098-4612df6be965 [pid: 8|app: 0|req: 1550/3003] 10.0.0.41 () {28 vars in 580 bytes} [Wed Jun 24 23:53:09 2026] GET /v2.0/agents => generated 1214 bytes in 91 msecs (HTTP/1.1 200) 4 headers in 158 bytes (1 switches on core 0) [pid: 8|app: 0|req: 1551/3004] 10.0.0.41 () {28 vars in 582 bytes} [Wed Jun 24 23:53:09 2026] GET /v2.0/routers => generated 15 bytes in 22 msecs (HTTP/1.1 200) 4 headers in 156 bytes (1 switches on core 0) [pid: 8|app: 0|req: 1552/3005] 10.0.0.41 () {28 vars in 623 bytes} [Wed Jun 24 23:53:09 2026] GET /v2.0/agents?binary=ovn-controller => generated 416 bytes in 10 msecs (HTTP/1.1 200) 4 headers in 157 bytes (1 switches on core 0)
2026-06-24 23:53:09.160 7 INFO neutron.services.segments.plugin [-] Segment 81b3d16e-7519-4d34-9346-73b3469e3942 resource provider aggregate not found
2026-06-24 23:53:09.166 7 INFO neutron.services.segments.plugin [-] Segment 81b3d16e-7519-4d34-9346-73b3469e3942 resource provider aggregate not found
2026-06-24 23:53:09.185 7 INFO neutron.services.segments.plugin [-] Segment 81b3d16e-7519-4d34-9346-73b3469e3942 resource provider not found; error: Placement Client Error (4xx): {"errors": [{"status": 404, "title": "Not Found", "detail": "The resource could not be found.\n\n No resource provider with uuid 81b3d16e-7519-4d34-9346-73b3469e3942 found for delete ", "request_id": "req-1aa7bd3c-9837-4632-8d08-a348744f8dbf"}]} [pid: 8|app: 0|req: 1553/3006] 10.0.0.41 () {28 vars in 618 bytes} [Wed Jun 24 23:53:09 2026] GET /v2.0/network-ip-availabilities => generated 1371 bytes in 24 msecs (HTTP/1.1 200) 4 headers in 158 bytes (1 switches on core 0)
2026-06-24 23:53:09.195 7 INFO neutron.services.segments.plugin [-] Segment 81b3d16e-7519-4d34-9346-73b3469e3942 resource provider not found; error: Placement Client Error (4xx): {"errors": [{"status": 404, "title": "Not Found", "detail": "The resource could not be found.\n\n No resource provider with uuid 81b3d16e-7519-4d34-9346-73b3469e3942 found for delete ", "request_id": "req-8fe9d99d-c8af-499a-8dbc-7da637742baa"}]} [pid: 8|app: 0|req: 1554/3007] 10.0.0.41 () {28 vars in 598 bytes} [Wed Jun 24 23:53:09 2026] GET /v2.0/security-groups => generated 20309 bytes in 46 msecs (HTTP/1.1 200) 4 headers in 159 bytes (1 switches on core 0) [pid: 7|app: 0|req: 1454/3008] 10.0.0.234 () {32 vars in 726 bytes} [Wed Jun 24 23:53:08 2026] DELETE /v2.0/networks/2a787cf4-91b6-404a-b14f-1fb36fdeb175 => generated 0 bytes in 474 msecs (HTTP/1.1 204) 3 headers in 131 bytes (1 switches on core 0) [pid: 8|app: 0|req: 1555/3009] 10.0.0.41 () {28 vars in 578 bytes} [Wed Jun 24 23:53:09 2026] GET /v2.0/ports => generated 5175 bytes in 59 msecs (HTTP/1.1 200) 4 headers in 158 bytes (1 switches on core 0) [pid: 7|app: 0|req: 1455/3010] 10.0.0.41 () {28 vars in 582 bytes} [Wed Jun 24 23:53:09 2026] GET /v2.0/subnets => generated 1308 bytes in 31 msecs (HTTP/1.1 200) 4 headers in 158 bytes (1 switches on core 0) [pid: 8|app: 0|req: 1556/3011] 10.0.0.41 () {28 vars in 590 bytes} [Wed Jun 24 23:53:09 2026] GET /v2.0/subnetpools => generated 19 bytes in 13 msecs (HTTP/1.1 200) 4 headers in 156 bytes (1 switches on core 0) [pid: 7|app: 0|req: 1456/3012] 10.0.0.41 () {28 vars in 590 bytes} [Wed Jun 24 23:53:09 2026] GET /v2.0/floatingips => generated 19 bytes in 20 msecs (HTTP/1.1 200) 4 headers in 156 bytes (1 switches on core 0) [pid: 8|app: 0|req: 1557/3013] 10.0.0.41 () {28 vars in 582 bytes} [Wed Jun 24 23:53:09 2026] GET /v2.0/subnets => generated 1308 bytes in 26 msecs (HTTP/1.1 200) 4 headers in 158 bytes (1 switches on core 0) [pid: 7|app: 0|req: 1457/3014] 10.0.0.41 () {28 vars in 584 bytes} [Wed Jun 24 23:53:09 2026] GET /v2.0/networks => generated 2286 bytes in 56 msecs (HTTP/1.1 200) 4 headers in 158 bytes (1 switches on core 0) [pid: 8|app: 0|req: 1558/3015] 10.0.0.234 () {32 vars in 774 bytes} [Wed Jun 24 23:53:10 2026] GET /v2.0/security-groups?tenant_id=4175413b59bc4e7587fdace98bea6f7d&name=default => generated 2929 bytes in 119 msecs (HTTP/1.1 200) 4 headers in 158 bytes (1 switches on core 0) [pid: 7|app: 0|req: 1458/3016] 10.0.0.234 () {32 vars in 740 bytes} [Wed Jun 24 23:53:10 2026] DELETE /v2.0/security-groups/26df90ed-587c-4133-8e28-dd6ba9c291f4 => generated 0 bytes in 533 msecs (HTTP/1.1 204) 2 headers in 112 bytes (1 switches on core 0)
2026-06-24 23:53:11.012 8 INFO neutron.db.ovn_revision_numbers_db [None req-4b505da8-5433-43af-8126-a91d8d5b0ca6 7e2515864b4a46ee9c4d1236f07cab15 bad9a65bebd6451eae61e7d7bdd8dea3 - - default default] Successfully bumped revision number for resource e3a99d9a-c28a-478e-96d2-c0ccaa8287a4 (type: security_groups) to 1
2026-06-24 23:53:11.039 8 INFO neutron.db.ovn_revision_numbers_db [None req-4b505da8-5433-43af-8126-a91d8d5b0ca6 7e2515864b4a46ee9c4d1236f07cab15 bad9a65bebd6451eae61e7d7bdd8dea3 - - default default] Successfully bumped revision number for resource 0cb07a84-5dd0-480a-9566-d34d58dfa1d6 (type: security_group_rules) to 0
2026-06-24 23:53:11.056 8 INFO neutron.db.ovn_revision_numbers_db [None req-4b505da8-5433-43af-8126-a91d8d5b0ca6 7e2515864b4a46ee9c4d1236f07cab15 bad9a65bebd6451eae61e7d7bdd8dea3 - - default default] Successfully bumped revision number for resource a89c86f0-8cb1-44c1-8cb2-a65a52798e7e (type: security_group_rules) to 0
2026-06-24 23:53:11.071 8 INFO neutron.db.ovn_revision_numbers_db [None req-4b505da8-5433-43af-8126-a91d8d5b0ca6 7e2515864b4a46ee9c4d1236f07cab15 bad9a65bebd6451eae61e7d7bdd8dea3 - - default default] Successfully bumped revision number for resource af1bfcbb-76f1-45fa-81b7-4b6ada032a7b (type: security_group_rules) to 0
2026-06-24 23:53:11.083 8 INFO neutron.db.ovn_revision_numbers_db [None req-4b505da8-5433-43af-8126-a91d8d5b0ca6 7e2515864b4a46ee9c4d1236f07cab15 bad9a65bebd6451eae61e7d7bdd8dea3 - - default default] Successfully bumped revision number for resource e7e080db-0c17-49e0-acb6-2311849a8345 (type: security_group_rules) to 0 [pid: 8|app: 0|req: 1559/3017] 10.0.0.234 () {32 vars in 774 bytes} [Wed Jun 24 23:53:10 2026] GET /v2.0/security-groups?tenant_id=2dea7073cefe4c64a670dfab57016892&name=default => generated 2929 bytes in 238 msecs (HTTP/1.1 200) 4 headers in 158 bytes (1 switches on core 0) [pid: 7|app: 0|req: 1459/3018] 10.0.0.234 () {32 vars in 740 bytes} [Wed Jun 24 23:53:11 2026] DELETE /v2.0/security-groups/e3a99d9a-c28a-478e-96d2-c0ccaa8287a4 => generated 0 bytes in 306 msecs (HTTP/1.1 204) 2 headers in 112 bytes (1 switches on core 0)
2026-06-24 23:53:20.782 8 INFO neutron.db.ovn_revision_numbers_db [None req-8a711a1d-d574-4912-9647-b66322367d90 975a8f846f29497eb0b635d2c58db65d 955501aa8dea4665be02d7c7d509f052 - - default default] Successfully bumped revision number for resource 812289d3-6fd0-4a1d-b962-d894d87760ef (type: security_groups) to 1
2026-06-24 23:53:20.797 8 INFO neutron.db.ovn_revision_numbers_db [None req-8a711a1d-d574-4912-9647-b66322367d90 975a8f846f29497eb0b635d2c58db65d 955501aa8dea4665be02d7c7d509f052 - - default default] Successfully bumped revision number for resource 2bc635ee-4fc8-424f-82b1-2cebf24ce973 (type: security_group_rules) to 0
2026-06-24 23:53:20.815 8 INFO neutron.db.ovn_revision_numbers_db [None req-8a711a1d-d574-4912-9647-b66322367d90 975a8f846f29497eb0b635d2c58db65d 955501aa8dea4665be02d7c7d509f052 - - default default] Successfully bumped revision number for resource 9e52bfbe-000f-4946-a21c-2f0c44e2bb0a (type: security_group_rules) to 0
2026-06-24 23:53:20.831 8 INFO neutron.db.ovn_revision_numbers_db [None req-8a711a1d-d574-4912-9647-b66322367d90 975a8f846f29497eb0b635d2c58db65d 955501aa8dea4665be02d7c7d509f052 - - default default] Successfully bumped revision number for resource b25d9264-8d25-4b09-8339-0162b0da8510 (type: security_group_rules) to 0
2026-06-24 23:53:20.846 8 INFO neutron.db.ovn_revision_numbers_db [None req-8a711a1d-d574-4912-9647-b66322367d90 975a8f846f29497eb0b635d2c58db65d 955501aa8dea4665be02d7c7d509f052 - - default default] Successfully bumped revision number for resource db5eb7d9-a48e-4f94-bf0d-eaea143be434 (type: security_group_rules) to 0
2026-06-24 23:53:20.922 8 INFO neutron.db.segments_db [None req-8a711a1d-d574-4912-9647-b66322367d90 975a8f846f29497eb0b635d2c58db65d 955501aa8dea4665be02d7c7d509f052 - - default default] Added segment f6f90a13-e35f-4032-b299-8a9c45877b5e of type geneve for network 7c6a3964-a675-46aa-a963-635af81dc29b
2026-06-24 23:53:21.023 8 INFO neutron.db.ovn_revision_numbers_db [None req-8a711a1d-d574-4912-9647-b66322367d90 975a8f846f29497eb0b635d2c58db65d 955501aa8dea4665be02d7c7d509f052 - - default default] Successfully bumped revision number for resource 7c6a3964-a675-46aa-a963-635af81dc29b (type: networks) to 1
2026-06-24 23:53:21.192 8 WARNING neutron.scheduler.dhcp_agent_scheduler [None req-8a711a1d-d574-4912-9647-b66322367d90 975a8f846f29497eb0b635d2c58db65d 955501aa8dea4665be02d7c7d509f052 - - default default] No more DHCP agents
2026-06-24 23:53:21.194 8 WARNING neutron.api.rpc.agentnotifiers.dhcp_rpc_agent_api [None req-8a711a1d-d574-4912-9647-b66322367d90 975a8f846f29497eb0b635d2c58db65d 955501aa8dea4665be02d7c7d509f052 - - default default] Unable to schedule network 7c6a3964-a675-46aa-a963-635af81dc29b: no agents available; will retry on subsequent port and subnet creation events.
2026-06-24 23:53:21.258 8 INFO neutron.plugins.ml2.drivers.ovn.mech_driver.mech_driver [None req-88c9d4cc-c504-4321-aef5-b37aa660c6da - - - - - -] OVN reports status down for port: 03d25b77-8e82-4a39-88fb-c9edf38aa662
2026-06-24 23:53:21.329 8 INFO neutron.db.ovn_revision_numbers_db [None req-8a711a1d-d574-4912-9647-b66322367d90 975a8f846f29497eb0b635d2c58db65d 955501aa8dea4665be02d7c7d509f052 - - default default] Successfully bumped revision number for resource 03d25b77-8e82-4a39-88fb-c9edf38aa662 (type: ports) to 1 [pid: 8|app: 0|req: 1560/3019] 10.0.0.234 () {34 vars in 670 bytes} [Wed Jun 24 23:53:20 2026] POST /v2.0/networks => generated 678 bytes in 845 msecs (HTTP/1.1 201) 4 headers in 162 bytes (1 switches on core 0)
2026-06-24 23:53:21.557 7 WARNING neutron.scheduler.dhcp_agent_scheduler [None req-41cd8041-9fe6-45d6-8d16-5399e0b052e9 975a8f846f29497eb0b635d2c58db65d 955501aa8dea4665be02d7c7d509f052 - - default default] No more DHCP agents
2026-06-24 23:53:21.559 7 WARNING neutron.api.rpc.agentnotifiers.dhcp_rpc_agent_api [None req-41cd8041-9fe6-45d6-8d16-5399e0b052e9 975a8f846f29497eb0b635d2c58db65d 955501aa8dea4665be02d7c7d509f052 - - default default] Unable to schedule network 7c6a3964-a675-46aa-a963-635af81dc29b: no agents available; will retry on subsequent port and subnet creation events.
2026-06-24 23:53:21.995 7 INFO neutron.db.ovn_revision_numbers_db [None req-87ddbf90-d90d-48e5-b836-7c8f0de9cbb3 - - - - - -] Successfully bumped revision number for resource 03d25b77-8e82-4a39-88fb-c9edf38aa662 (type: ports) to 2
2026-06-24 23:53:22.031 7 INFO neutron.db.ovn_revision_numbers_db [None req-87ddbf90-d90d-48e5-b836-7c8f0de9cbb3 - - - - - -] Successfully bumped revision number for resource 61defa99-35a3-4bea-84f5-9b2a2eb0973c (type: subnets) to 0 [pid: 7|app: 0|req: 1460/3020] 10.0.0.234 () {34 vars in 669 bytes} [Wed Jun 24 23:53:21 2026] POST /v2.0/subnets => generated 657 bytes in 690 msecs (HTTP/1.1 201) 4 headers in 162 bytes (1 switches on core 0) [pid: 8|app: 0|req: 1561/3021] 10.0.0.234 () {32 vars in 722 bytes} [Wed Jun 24 23:53:22 2026] GET /v2.0/subnetpools?name=shared-default-subnetpool-v6 => generated 19 bytes in 41 msecs (HTTP/1.1 200) 4 headers in 156 bytes (1 switches on core 0)
2026-06-24 23:53:22.317 7 WARNING neutron.scheduler.dhcp_agent_scheduler [None req-94b1a737-79f7-4e63-8fcc-8c95bbac15eb 975a8f846f29497eb0b635d2c58db65d 955501aa8dea4665be02d7c7d509f052 - - default default] No more DHCP agents
2026-06-24 23:53:22.318 7 WARNING neutron.api.rpc.agentnotifiers.dhcp_rpc_agent_api [None req-94b1a737-79f7-4e63-8fcc-8c95bbac15eb 975a8f846f29497eb0b635d2c58db65d 955501aa8dea4665be02d7c7d509f052 - - default default] Unable to schedule network 7c6a3964-a675-46aa-a963-635af81dc29b: no agents available; will retry on subsequent port and subnet creation events.
2026-06-24 23:53:22.351 7 INFO neutron.db.ovn_revision_numbers_db [None req-94b1a737-79f7-4e63-8fcc-8c95bbac15eb 975a8f846f29497eb0b635d2c58db65d 955501aa8dea4665be02d7c7d509f052 - - default default] Successfully bumped revision number for resource 811c9ca5-20f3-40b9-8599-bbe52517fe01 (type: subnets) to 0 [pid: 7|app: 0|req: 1461/3024] 10.0.0.234 () {34 vars in 669 bytes} [Wed Jun 24 23:53:22 2026] POST /v2.0/subnets => generated 731 bytes in 266 msecs (HTTP/1.1 201) 4 headers in 162 bytes (1 switches on core 0)
2026-06-24 23:53:22.459 8 INFO neutron.db.segments_db [None req-a7924930-702e-4112-bf6f-51465fa25631 975a8f846f29497eb0b635d2c58db65d 955501aa8dea4665be02d7c7d509f052 - - default default] Added segment 63afdc8c-122c-418d-95bf-5e3174d58bee of type geneve for network 6566206f-6d5a-43e9-bce0-784d948a09ee
2026-06-24 23:53:22.596 8 INFO neutron.db.ovn_revision_numbers_db [None req-a7924930-702e-4112-bf6f-51465fa25631 975a8f846f29497eb0b635d2c58db65d 955501aa8dea4665be02d7c7d509f052 - - default default] Successfully bumped revision number for resource 6566206f-6d5a-43e9-bce0-784d948a09ee (type: networks) to 1
2026-06-24 23:53:22.762 8 WARNING neutron.scheduler.dhcp_agent_scheduler [None req-a7924930-702e-4112-bf6f-51465fa25631 975a8f846f29497eb0b635d2c58db65d 955501aa8dea4665be02d7c7d509f052 - - default default] No more DHCP agents
2026-06-24 23:53:22.763 8 WARNING neutron.api.rpc.agentnotifiers.dhcp_rpc_agent_api [None req-a7924930-702e-4112-bf6f-51465fa25631 975a8f846f29497eb0b635d2c58db65d 955501aa8dea4665be02d7c7d509f052 - - default default] Unable to schedule network 6566206f-6d5a-43e9-bce0-784d948a09ee: no agents available; will retry on subsequent port and subnet creation events.
2026-06-24 23:53:22.815 8 INFO neutron.plugins.ml2.drivers.ovn.mech_driver.mech_driver [None req-88c9d4cc-c504-4321-aef5-b37aa660c6da - - - - - -] OVN reports status down for port: 2b63a86f-b540-4e39-ad43-2cdeda7ea568
2026-06-24 23:53:22.869 8 INFO neutron.db.ovn_revision_numbers_db [None req-a7924930-702e-4112-bf6f-51465fa25631 975a8f846f29497eb0b635d2c58db65d 955501aa8dea4665be02d7c7d509f052 - - default default] Successfully bumped revision number for resource 2b63a86f-b540-4e39-ad43-2cdeda7ea568 (type: ports) to 1 [pid: 8|app: 0|req: 1564/3025] 10.0.0.234 () {34 vars in 670 bytes} [Wed Jun 24 23:53:22 2026] POST /v2.0/networks => generated 676 bytes in 543 msecs (HTTP/1.1 201) 4 headers in 162 bytes (1 switches on core 0)
2026-06-24 23:53:23.132 7 WARNING neutron.scheduler.dhcp_agent_scheduler [None req-f60ddd6b-211e-46f2-a00b-ee0e00b7f3b1 975a8f846f29497eb0b635d2c58db65d 955501aa8dea4665be02d7c7d509f052 - - default default] No more DHCP agents
2026-06-24 23:53:23.133 7 WARNING neutron.api.rpc.agentnotifiers.dhcp_rpc_agent_api [None req-f60ddd6b-211e-46f2-a00b-ee0e00b7f3b1 975a8f846f29497eb0b635d2c58db65d 955501aa8dea4665be02d7c7d509f052 - - default default] Unable to schedule network 6566206f-6d5a-43e9-bce0-784d948a09ee: no agents available; will retry on subsequent port and subnet creation events.
2026-06-24 23:53:23.577 7 INFO neutron.db.ovn_revision_numbers_db [None req-73af01e5-eedd-4d6a-919c-4f6300518f54 - - - - - -] Successfully bumped revision number for resource 2b63a86f-b540-4e39-ad43-2cdeda7ea568 (type: ports) to 2
2026-06-24 23:53:24.189 7 INFO neutron.db.ovn_revision_numbers_db [None req-73af01e5-eedd-4d6a-919c-4f6300518f54 - - - - - -] Successfully bumped revision number for resource 7225ce39-2cf4-407b-8865-e2d88606e4a6 (type: subnets) to 0 [pid: 7|app: 0|req: 1462/3026] 10.0.0.234 () {34 vars in 669 bytes} [Wed Jun 24 23:53:22 2026] POST /v2.0/subnets => generated 656 bytes in 1286 msecs (HTTP/1.1 201) 4 headers in 162 bytes (1 switches on core 0)
2026-06-24 23:53:24.455 8 WARNING neutron.scheduler.dhcp_agent_scheduler [None req-47a598e3-6b6d-4d84-abcc-10501d183b41 975a8f846f29497eb0b635d2c58db65d 955501aa8dea4665be02d7c7d509f052 - - default default] No more DHCP agents
2026-06-24 23:53:24.456 8 WARNING neutron.api.rpc.agentnotifiers.dhcp_rpc_agent_api [None req-47a598e3-6b6d-4d84-abcc-10501d183b41 975a8f846f29497eb0b635d2c58db65d 955501aa8dea4665be02d7c7d509f052 - - default default] Unable to schedule network 6566206f-6d5a-43e9-bce0-784d948a09ee: no agents available; will retry on subsequent port and subnet creation events.
2026-06-24 23:53:24.491 8 INFO neutron.db.ovn_revision_numbers_db [None req-47a598e3-6b6d-4d84-abcc-10501d183b41 975a8f846f29497eb0b635d2c58db65d 955501aa8dea4665be02d7c7d509f052 - - default default] Successfully bumped revision number for resource 1fc86a3c-9d96-44ae-84a2-8261f18be495 (type: subnets) to 0 [pid: 8|app: 0|req: 1565/3027] 10.0.0.234 () {34 vars in 669 bytes} [Wed Jun 24 23:53:24 2026] POST /v2.0/subnets => generated 725 bytes in 295 msecs (HTTP/1.1 201) 4 headers in 162 bytes (1 switches on core 0)
2026-06-24 23:53:24.587 7 INFO neutron.db.segments_db [None req-ab781e92-8b95-4b2e-ae7f-b28c78e4d096 975a8f846f29497eb0b635d2c58db65d 955501aa8dea4665be02d7c7d509f052 - - default default] Added segment 7f46f076-4ab8-403c-b3cd-0e4a07c7da65 of type geneve for network ce02ba49-1693-4a16-a4fe-21759f9ea2a8
2026-06-24 23:53:24.673 7 INFO neutron.db.ovn_revision_numbers_db [None req-ab781e92-8b95-4b2e-ae7f-b28c78e4d096 975a8f846f29497eb0b635d2c58db65d 955501aa8dea4665be02d7c7d509f052 - - default default] Successfully bumped revision number for resource ce02ba49-1693-4a16-a4fe-21759f9ea2a8 (type: networks) to 1
2026-06-24 23:53:24.795 7 WARNING neutron.scheduler.dhcp_agent_scheduler [None req-ab781e92-8b95-4b2e-ae7f-b28c78e4d096 975a8f846f29497eb0b635d2c58db65d 955501aa8dea4665be02d7c7d509f052 - - default default] No more DHCP agents
2026-06-24 23:53:24.796 7 WARNING neutron.api.rpc.agentnotifiers.dhcp_rpc_agent_api [None req-ab781e92-8b95-4b2e-ae7f-b28c78e4d096 975a8f846f29497eb0b635d2c58db65d 955501aa8dea4665be02d7c7d509f052 - - default default] Unable to schedule network ce02ba49-1693-4a16-a4fe-21759f9ea2a8: no agents available; will retry on subsequent port and subnet creation events.
2026-06-24 23:53:24.832 7 INFO neutron.plugins.ml2.drivers.ovn.mech_driver.mech_driver [None req-0ca5c528-b3df-4944-9095-3917ab483e48 - - - - - -] OVN reports status down for port: b8702895-4d87-4237-879b-74791c47ac56
2026-06-24 23:53:24.895 7 INFO neutron.db.ovn_revision_numbers_db [None req-ab781e92-8b95-4b2e-ae7f-b28c78e4d096 975a8f846f29497eb0b635d2c58db65d 955501aa8dea4665be02d7c7d509f052 - - default default] Successfully bumped revision number for resource b8702895-4d87-4237-879b-74791c47ac56 (type: ports) to 1 [pid: 7|app: 0|req: 1463/3028] 10.0.0.234 () {34 vars in 670 bytes} [Wed Jun 24 23:53:24 2026] POST /v2.0/networks => generated 676 bytes in 455 msecs (HTTP/1.1 201) 4 headers in 162 bytes (1 switches on core 0)
2026-06-24 23:53:25.154 8 WARNING neutron.scheduler.dhcp_agent_scheduler [None req-3a0c10af-59a2-48b1-b5f2-f8260538baa6 975a8f846f29497eb0b635d2c58db65d 955501aa8dea4665be02d7c7d509f052 - - default default] No more DHCP agents
2026-06-24 23:53:25.155 8 WARNING neutron.api.rpc.agentnotifiers.dhcp_rpc_agent_api [None req-3a0c10af-59a2-48b1-b5f2-f8260538baa6 975a8f846f29497eb0b635d2c58db65d 955501aa8dea4665be02d7c7d509f052 - - default default] Unable to schedule network ce02ba49-1693-4a16-a4fe-21759f9ea2a8: no agents available; will retry on subsequent port and subnet creation events.
2026-06-24 23:53:25.595 8 INFO neutron.db.ovn_revision_numbers_db [None req-38c9843c-8b76-416d-850d-a1ecf14bd675 - - - - - -] Successfully bumped revision number for resource b8702895-4d87-4237-879b-74791c47ac56 (type: ports) to 2
2026-06-24 23:53:25.627 8 INFO neutron.db.ovn_revision_numbers_db [None req-38c9843c-8b76-416d-850d-a1ecf14bd675 - - - - - -] Successfully bumped revision number for resource eb00680a-9cf5-40e7-b6a6-2d5abc873e2f (type: subnets) to 0 [pid: 8|app: 0|req: 1566/3029] 10.0.0.234 () {34 vars in 669 bytes} [Wed Jun 24 23:53:24 2026] POST /v2.0/subnets => generated 656 bytes in 678 msecs (HTTP/1.1 201) 4 headers in 162 bytes (1 switches on core 0)
2026-06-24 23:53:25.869 7 WARNING neutron.scheduler.dhcp_agent_scheduler [None req-4d38a4d1-ede1-46af-9fd3-9a6ce2272f34 975a8f846f29497eb0b635d2c58db65d 955501aa8dea4665be02d7c7d509f052 - - default default] No more DHCP agents
2026-06-24 23:53:25.871 7 WARNING neutron.api.rpc.agentnotifiers.dhcp_rpc_agent_api [None req-4d38a4d1-ede1-46af-9fd3-9a6ce2272f34 975a8f846f29497eb0b635d2c58db65d 955501aa8dea4665be02d7c7d509f052 - - default default] Unable to schedule network ce02ba49-1693-4a16-a4fe-21759f9ea2a8: no agents available; will retry on subsequent port and subnet creation events.
2026-06-24 23:53:25.897 7 INFO neutron.db.ovn_revision_numbers_db [None req-4d38a4d1-ede1-46af-9fd3-9a6ce2272f34 975a8f846f29497eb0b635d2c58db65d 955501aa8dea4665be02d7c7d509f052 - - default default] Successfully bumped revision number for resource 890730f3-0a84-4898-aa26-0d09a62a8a57 (type: subnets) to 0 [pid: 7|app: 0|req: 1464/3030] 10.0.0.234 () {34 vars in 669 bytes} [Wed Jun 24 23:53:25 2026] POST /v2.0/subnets => generated 728 bytes in 259 msecs (HTTP/1.1 201) 4 headers in 162 bytes (1 switches on core 0)
2026-06-24 23:53:26.367 8 WARNING neutron.scheduler.dhcp_agent_scheduler [None req-e07c24e8-edd1-49fc-891f-c9f0ebfd4211 975a8f846f29497eb0b635d2c58db65d 955501aa8dea4665be02d7c7d509f052 - - default default] No more DHCP agents
2026-06-24 23:53:26.368 8 WARNING neutron.api.rpc.agentnotifiers.dhcp_rpc_agent_api [None req-e07c24e8-edd1-49fc-891f-c9f0ebfd4211 975a8f846f29497eb0b635d2c58db65d 955501aa8dea4665be02d7c7d509f052 - - default default] Unable to schedule network 172c1a85-321c-4f8c-a02d-ee3cf42cfd96: no agents available; will retry on subsequent port and subnet creation events.
2026-06-24 23:53:26.465 7 INFO neutron.plugins.ml2.drivers.ovn.mech_driver.mech_driver [None req-0ca5c528-b3df-4944-9095-3917ab483e48 - - - - - -] OVN reports status down for port: a06f45ea-b0a9-4c36-9cc1-ea9ecb3839ac
2026-06-24 23:53:26.493 8 INFO neutron.db.ovn_revision_numbers_db [None req-e07c24e8-edd1-49fc-891f-c9f0ebfd4211 975a8f846f29497eb0b635d2c58db65d 955501aa8dea4665be02d7c7d509f052 - - default default] Successfully bumped revision number for resource a06f45ea-b0a9-4c36-9cc1-ea9ecb3839ac (type: ports) to 1
2026-06-24 23:53:27.053 8 INFO neutron.plugins.ml2.drivers.ovn.mech_driver.ovsdb.commands [None req-dd006c11-6821-4d30-af2a-db09cde640df - - - - - -] Schedule LRP lrp-a06f45ea-b0a9-4c36-9cc1-ea9ecb3839ac on gateway 313a0498-f799-43df-b37d-930b12470707 with priority 1
2026-06-24 23:53:27.072 7 INFO neutron.plugins.ml2.drivers.ovn.mech_driver.mech_driver [None req-0ca5c528-b3df-4944-9095-3917ab483e48 - - - - - -] OVN reports status up for port: a06f45ea-b0a9-4c36-9cc1-ea9ecb3839ac
2026-06-24 23:53:27.104 7 INFO neutron.plugins.ml2.plugin [None req-0ca5c528-b3df-4944-9095-3917ab483e48 - - - - - -] Attempt 1 to provision port a06f45ea-b0a9-4c36-9cc1-ea9ecb3839ac
2026-06-24 23:53:27.116 8 INFO neutron.db.ovn_revision_numbers_db [None req-e07c24e8-edd1-49fc-891f-c9f0ebfd4211 975a8f846f29497eb0b635d2c58db65d 955501aa8dea4665be02d7c7d509f052 - - default default] Successfully bumped revision number for resource a06f45ea-b0a9-4c36-9cc1-ea9ecb3839ac (type: router_ports) to 1
2026-06-24 23:53:27.122 8 INFO neutron.plugins.ml2.drivers.ovn.mech_driver.ovsdb.ovsdb_monitor [None req-7cdb536b-5f55-426e-bacf-2b338a188398 - - - - - -] Router 2e99d371-e6fb-4828-bed9-796b8cba6ec0 is bound to host instance
2026-06-24 23:53:27.245 8 INFO neutron.db.ovn_revision_numbers_db [None req-e07c24e8-edd1-49fc-891f-c9f0ebfd4211 975a8f846f29497eb0b635d2c58db65d 955501aa8dea4665be02d7c7d509f052 - - default default] Successfully bumped revision number for resource 2e99d371-e6fb-4828-bed9-796b8cba6ec0 (type: routers) to 2 [pid: 8|app: 0|req: 1567/3031] 10.0.0.234 () {34 vars in 669 bytes} [Wed Jun 24 23:53:25 2026] POST /v2.0/routers => generated 945 bytes in 1359 msecs (HTTP/1.1 201) 4 headers in 162 bytes (1 switches on core 0)
2026-06-24 23:53:27.786 7 WARNING neutron.scheduler.dhcp_agent_scheduler [None req-f0eff88c-c394-4ae4-b579-220e25b08b1a 975a8f846f29497eb0b635d2c58db65d 955501aa8dea4665be02d7c7d509f052 - - default default] No more DHCP agents
2026-06-24 23:53:27.788 7 WARNING neutron.api.rpc.agentnotifiers.dhcp_rpc_agent_api [None req-f0eff88c-c394-4ae4-b579-220e25b08b1a 975a8f846f29497eb0b635d2c58db65d 955501aa8dea4665be02d7c7d509f052 - - default default] Unable to schedule network 7c6a3964-a675-46aa-a963-635af81dc29b: no agents available; will retry on subsequent port and subnet creation events.
2026-06-24 23:53:27.893 8 INFO neutron.plugins.ml2.drivers.ovn.mech_driver.mech_driver [None req-88c9d4cc-c504-4321-aef5-b37aa660c6da - - - - - -] OVN reports status down for port: fe14932b-1351-427b-9048-d9014746c5a3
2026-06-24 23:53:27.912 8 INFO neutron.db.ovn_revision_numbers_db [None req-05aff477-133a-47e6-90d3-e7bc98279aa6 - - - - - -] Successfully bumped revision number for resource a06f45ea-b0a9-4c36-9cc1-ea9ecb3839ac (type: ports) to 4
2026-06-24 23:53:27.923 7 INFO neutron.db.ovn_revision_numbers_db [None req-f0eff88c-c394-4ae4-b579-220e25b08b1a 975a8f846f29497eb0b635d2c58db65d 955501aa8dea4665be02d7c7d509f052 - - default default] Successfully bumped revision number for resource fe14932b-1351-427b-9048-d9014746c5a3 (type: ports) to 1
2026-06-24 23:53:28.226 8 INFO neutron.db.ovn_revision_numbers_db [None req-05aff477-133a-47e6-90d3-e7bc98279aa6 - - - - - -] Successfully bumped revision number for resource a06f45ea-b0a9-4c36-9cc1-ea9ecb3839ac (type: ports) to 5
2026-06-24 23:53:28.643 8 INFO neutron.plugins.ml2.drivers.ovn.mech_driver.mech_driver [None req-88c9d4cc-c504-4321-aef5-b37aa660c6da - - - - - -] OVN reports status up for port: fe14932b-1351-427b-9048-d9014746c5a3
2026-06-24 23:53:28.655 8 INFO neutron.plugins.ml2.plugin [None req-88c9d4cc-c504-4321-aef5-b37aa660c6da - - - - - -] Attempt 1 to provision port fe14932b-1351-427b-9048-d9014746c5a3
2026-06-24 23:53:28.727 7 WARNING neutron.scheduler.dhcp_agent_scheduler [None req-f0eff88c-c394-4ae4-b579-220e25b08b1a 975a8f846f29497eb0b635d2c58db65d 955501aa8dea4665be02d7c7d509f052 - - default default] No more DHCP agents
2026-06-24 23:53:28.728 7 WARNING neutron.api.rpc.agentnotifiers.dhcp_rpc_agent_api [None req-f0eff88c-c394-4ae4-b579-220e25b08b1a 975a8f846f29497eb0b635d2c58db65d 955501aa8dea4665be02d7c7d509f052 - - default default] Unable to schedule network 7c6a3964-a675-46aa-a963-635af81dc29b: no agents available; will retry on subsequent port and subnet creation events.
2026-06-24 23:53:29.075 7 INFO neutron.db.ovn_revision_numbers_db [None req-f0eff88c-c394-4ae4-b579-220e25b08b1a 975a8f846f29497eb0b635d2c58db65d 955501aa8dea4665be02d7c7d509f052 - - default default] Successfully bumped revision number for resource fe14932b-1351-427b-9048-d9014746c5a3 (type: router_ports) to 1 [pid: 7|app: 0|req: 1465/3032] 10.0.0.234 () {34 vars in 783 bytes} [Wed Jun 24 23:53:27 2026] PUT /v2.0/routers/2e99d371-e6fb-4828-bed9-796b8cba6ec0/add_router_interface => generated 309 bytes in 1795 msecs (HTTP/1.1 200) 4 headers in 157 bytes (1 switches on core 0)
2026-06-24 23:53:29.916 8 INFO neutron.db.ovn_revision_numbers_db [None req-88c9d4cc-c504-4321-aef5-b37aa660c6da - - - - - -] Successfully bumped revision number for resource fe14932b-1351-427b-9048-d9014746c5a3 (type: ports) to 2
2026-06-24 23:53:30.295 8 WARNING neutron.scheduler.dhcp_agent_scheduler [None req-684de3c0-fb42-494f-8c33-3e4220621653 975a8f846f29497eb0b635d2c58db65d 955501aa8dea4665be02d7c7d509f052 - - default default] No more DHCP agents
2026-06-24 23:53:30.297 8 WARNING neutron.api.rpc.agentnotifiers.dhcp_rpc_agent_api [None req-684de3c0-fb42-494f-8c33-3e4220621653 975a8f846f29497eb0b635d2c58db65d 955501aa8dea4665be02d7c7d509f052 - - default default] Unable to schedule network 6566206f-6d5a-43e9-bce0-784d948a09ee: no agents available; will retry on subsequent port and subnet creation events.
2026-06-24 23:53:30.411 7 INFO neutron.plugins.ml2.drivers.ovn.mech_driver.mech_driver [None req-0ca5c528-b3df-4944-9095-3917ab483e48 - - - - - -] OVN reports status down for port: abadcd8f-a57d-4202-ba32-8891c63da2bd
2026-06-24 23:53:30.451 8 INFO neutron.db.ovn_revision_numbers_db [None req-684de3c0-fb42-494f-8c33-3e4220621653 975a8f846f29497eb0b635d2c58db65d 955501aa8dea4665be02d7c7d509f052 - - default default] Successfully bumped revision number for resource abadcd8f-a57d-4202-ba32-8891c63da2bd (type: ports) to 1
2026-06-24 23:53:31.174 7 INFO neutron.plugins.ml2.drivers.ovn.mech_driver.mech_driver [None req-0ca5c528-b3df-4944-9095-3917ab483e48 - - - - - -] OVN reports status up for port: abadcd8f-a57d-4202-ba32-8891c63da2bd
2026-06-24 23:53:31.191 7 INFO neutron.plugins.ml2.plugin [None req-0ca5c528-b3df-4944-9095-3917ab483e48 - - - - - -] Attempt 1 to provision port abadcd8f-a57d-4202-ba32-8891c63da2bd
2026-06-24 23:53:31.260 8 WARNING neutron.scheduler.dhcp_agent_scheduler [None req-684de3c0-fb42-494f-8c33-3e4220621653 975a8f846f29497eb0b635d2c58db65d 955501aa8dea4665be02d7c7d509f052 - - default default] No more DHCP agents
2026-06-24 23:53:31.262 8 WARNING neutron.api.rpc.agentnotifiers.dhcp_rpc_agent_api [None req-684de3c0-fb42-494f-8c33-3e4220621653 975a8f846f29497eb0b635d2c58db65d 955501aa8dea4665be02d7c7d509f052 - - default default] Unable to schedule network 6566206f-6d5a-43e9-bce0-784d948a09ee: no agents available; will retry on subsequent port and subnet creation events.
2026-06-24 23:53:31.596 8 INFO neutron.db.ovn_revision_numbers_db [None req-684de3c0-fb42-494f-8c33-3e4220621653 975a8f846f29497eb0b635d2c58db65d 955501aa8dea4665be02d7c7d509f052 - - default default] Successfully bumped revision number for resource abadcd8f-a57d-4202-ba32-8891c63da2bd (type: router_ports) to 1 [pid: 8|app: 0|req: 1568/3033] 10.0.0.234 () {34 vars in 783 bytes} [Wed Jun 24 23:53:29 2026] PUT /v2.0/routers/2e99d371-e6fb-4828-bed9-796b8cba6ec0/add_router_interface => generated 309 bytes in 2516 msecs (HTTP/1.1 200) 4 headers in 157 bytes (1 switches on core 0)
2026-06-24 23:53:31.738 7 INFO neutron.db.ovn_revision_numbers_db [None req-0ca5c528-b3df-4944-9095-3917ab483e48 - - - - - -] Successfully bumped revision number for resource abadcd8f-a57d-4202-ba32-8891c63da2bd (type: ports) to 2
2026-06-24 23:53:32.267 7 WARNING neutron.scheduler.dhcp_agent_scheduler [None req-92347638-0488-43e9-b1ae-089469d83fbb 975a8f846f29497eb0b635d2c58db65d 955501aa8dea4665be02d7c7d509f052 - - default default] No more DHCP agents
2026-06-24 23:53:32.268 7 WARNING neutron.api.rpc.agentnotifiers.dhcp_rpc_agent_api [None req-92347638-0488-43e9-b1ae-089469d83fbb 975a8f846f29497eb0b635d2c58db65d 955501aa8dea4665be02d7c7d509f052 - - default default] Unable to schedule network ce02ba49-1693-4a16-a4fe-21759f9ea2a8: no agents available; will retry on subsequent port and subnet creation events.
2026-06-24 23:53:32.439 7 INFO neutron.db.ovn_revision_numbers_db [None req-92347638-0488-43e9-b1ae-089469d83fbb 975a8f846f29497eb0b635d2c58db65d 955501aa8dea4665be02d7c7d509f052 - - default default] Successfully bumped revision number for resource 41132d3b-4f9e-4cf3-967b-b00d7a4f18e6 (type: ports) to 1
2026-06-24 23:53:33.212 7 WARNING neutron.scheduler.dhcp_agent_scheduler [None req-92347638-0488-43e9-b1ae-089469d83fbb 975a8f846f29497eb0b635d2c58db65d 955501aa8dea4665be02d7c7d509f052 - - default default] No more DHCP agents
2026-06-24 23:53:33.213 7 WARNING neutron.api.rpc.agentnotifiers.dhcp_rpc_agent_api [None req-92347638-0488-43e9-b1ae-089469d83fbb 975a8f846f29497eb0b635d2c58db65d 955501aa8dea4665be02d7c7d509f052 - - default default] Unable to schedule network ce02ba49-1693-4a16-a4fe-21759f9ea2a8: no agents available; will retry on subsequent port and subnet creation events.
2026-06-24 23:53:33.613 7 INFO neutron.db.ovn_revision_numbers_db [None req-92347638-0488-43e9-b1ae-089469d83fbb 975a8f846f29497eb0b635d2c58db65d 955501aa8dea4665be02d7c7d509f052 - - default default] Successfully bumped revision number for resource 41132d3b-4f9e-4cf3-967b-b00d7a4f18e6 (type: router_ports) to 1 [pid: 7|app: 0|req: 1466/3034] 10.0.0.234 () {34 vars in 783 bytes} [Wed Jun 24 23:53:31 2026] PUT /v2.0/routers/2e99d371-e6fb-4828-bed9-796b8cba6ec0/add_router_interface => generated 309 bytes in 2012 msecs (HTTP/1.1 200) 4 headers in 157 bytes (1 switches on core 0)
2026-06-24 23:53:33.821 8 INFO neutron.db.ovn_revision_numbers_db [None req-ef5ffe71-65c1-4bb5-bb94-81442b084129 975a8f846f29497eb0b635d2c58db65d 955501aa8dea4665be02d7c7d509f052 - - default default] Successfully bumped revision number for resource ddf870f1-12c2-4ffe-9876-b39656fb2e31 (type: security_groups) to 1
2026-06-24 23:53:33.838 8 INFO neutron.db.ovn_revision_numbers_db [None req-ef5ffe71-65c1-4bb5-bb94-81442b084129 975a8f846f29497eb0b635d2c58db65d 955501aa8dea4665be02d7c7d509f052 - - default default] Successfully bumped revision number for resource 56cc903e-2461-418c-8518-f224f0d135e9 (type: security_group_rules) to 0
2026-06-24 23:53:33.855 8 INFO neutron.db.ovn_revision_numbers_db [None req-ef5ffe71-65c1-4bb5-bb94-81442b084129 975a8f846f29497eb0b635d2c58db65d 955501aa8dea4665be02d7c7d509f052 - - default default] Successfully bumped revision number for resource 86d408d8-7582-441b-bf3e-2f0e604cc046 (type: security_group_rules) to 0 [pid: 8|app: 0|req: 1569/3035] 10.0.0.234 () {34 vars in 684 bytes} [Wed Jun 24 23:53:33 2026] POST /v2.0/security-groups => generated 1629 bytes in 204 msecs (HTTP/1.1 201) 4 headers in 163 bytes (1 switches on core 0)
2026-06-24 23:53:34.071 7 INFO neutron.db.ovn_revision_numbers_db [None req-97996d47-2701-4f67-8acc-75648c6fc1c0 975a8f846f29497eb0b635d2c58db65d 955501aa8dea4665be02d7c7d509f052 - - default default] Successfully bumped revision number for resource 77e44ece-72ed-4864-b3b8-1910949d897a (type: security_group_rules) to 0 [pid: 7|app: 0|req: 1467/3036] 10.0.0.234 () {34 vars in 695 bytes} [Wed Jun 24 23:53:33 2026] POST /v2.0/security-group-rules => generated 597 bytes in 216 msecs (HTTP/1.1 201) 4 headers in 162 bytes (1 switches on core 0)
2026-06-24 23:53:34.301 8 INFO neutron.db.ovn_revision_numbers_db [None req-b8ddf7fd-65e7-4f8a-b214-5ca0c7a91b56 975a8f846f29497eb0b635d2c58db65d 955501aa8dea4665be02d7c7d509f052 - - default default] Successfully bumped revision number for resource 6ded4589-cbf4-43c6-8688-b3f021851231 (type: security_group_rules) to 0 [pid: 8|app: 0|req: 1570/3037] 10.0.0.234 () {34 vars in 695 bytes} [Wed Jun 24 23:53:34 2026] POST /v2.0/security-group-rules => generated 597 bytes in 225 msecs (HTTP/1.1 201) 4 headers in 162 bytes (1 switches on core 0)
2026-06-24 23:53:34.498 7 INFO neutron.db.ovn_revision_numbers_db [None req-3748fb28-032b-496c-8cc0-b08b6cbfde48 975a8f846f29497eb0b635d2c58db65d 955501aa8dea4665be02d7c7d509f052 - - default default] Successfully bumped revision number for resource f959b53d-0915-442f-8a6b-f9e35d5302fb (type: security_group_rules) to 0 [pid: 7|app: 0|req: 1468/3038] 10.0.0.234 () {34 vars in 695 bytes} [Wed Jun 24 23:53:34 2026] POST /v2.0/security-group-rules => generated 599 bytes in 180 msecs (HTTP/1.1 201) 4 headers in 162 bytes (1 switches on core 0)
2026-06-24 23:53:34.734 8 INFO neutron.db.ovn_revision_numbers_db [None req-89ba89ea-243c-47b4-b516-d98d80acd781 975a8f846f29497eb0b635d2c58db65d 955501aa8dea4665be02d7c7d509f052 - - default default] Successfully bumped revision number for resource c586ddeb-fb81-4956-981d-825ed98f3be0 (type: security_group_rules) to 0 [pid: 8|app: 0|req: 1571/3039] 10.0.0.234 () {34 vars in 695 bytes} [Wed Jun 24 23:53:34 2026] POST /v2.0/security-group-rules => generated 601 bytes in 238 msecs (HTTP/1.1 201) 4 headers in 162 bytes (1 switches on core 0)
2026-06-24 23:53:34.949 7 INFO neutron.db.ovn_revision_numbers_db [None req-71931d9c-66d1-4369-add5-f2a10096d914 975a8f846f29497eb0b635d2c58db65d 955501aa8dea4665be02d7c7d509f052 - - default default] Successfully bumped revision number for resource a00d83dc-278a-40a0-ba2c-e68404e0dbd6 (type: security_group_rules) to 0 [pid: 7|app: 0|req: 1469/3040] 10.0.0.234 () {34 vars in 695 bytes} [Wed Jun 24 23:53:34 2026] POST /v2.0/security-group-rules => generated 601 bytes in 188 msecs (HTTP/1.1 201) 4 headers in 162 bytes (1 switches on core 0)
2026-06-24 23:53:35.166 8 INFO neutron.db.ovn_revision_numbers_db [None req-9ba60eed-52b4-43ed-9402-a9602897e026 975a8f846f29497eb0b635d2c58db65d 955501aa8dea4665be02d7c7d509f052 - - default default] Successfully bumped revision number for resource 7b05eb2b-b367-43c8-821c-2482dfc65d99 (type: security_group_rules) to 0 [pid: 8|app: 0|req: 1572/3041] 10.0.0.234 () {34 vars in 695 bytes} [Wed Jun 24 23:53:34 2026] POST /v2.0/security-group-rules => generated 597 bytes in 227 msecs (HTTP/1.1 201) 4 headers in 162 bytes (1 switches on core 0)
2026-06-24 23:53:35.316 8 WARNING neutron.plugins.ml2.drivers.ovn.mech_driver.ovsdb.ovn_client [None req-e70e8c6e-5938-47a2-b0d4-9f22d9e8c378 - - - - - -] No hosting information found for port fe14932b-1351-427b-9048-d9014746c5a3: RuntimeError: No hosting information found for port fe14932b-1351-427b-9048-d9014746c5a3
2026-06-24 23:53:35.414 8 INFO neutron.db.ovn_revision_numbers_db [None req-e70e8c6e-5938-47a2-b0d4-9f22d9e8c378 - - - - - -] Successfully bumped revision number for resource fe14932b-1351-427b-9048-d9014746c5a3 (type: router_ports) to 2
2026-06-24 23:53:35.414 7 INFO neutron.db.ovn_revision_numbers_db [None req-935a53fd-5ff0-489a-bab0-6f452f687cd6 975a8f846f29497eb0b635d2c58db65d 955501aa8dea4665be02d7c7d509f052 - - default default] Successfully bumped revision number for resource f1d8e4f2-00a8-4c78-a579-2bcbb1c73d65 (type: security_group_rules) to 0 [pid: 7|app: 0|req: 1470/3042] 10.0.0.234 () {34 vars in 695 bytes} [Wed Jun 24 23:53:35 2026] POST /v2.0/security-group-rules => generated 597 bytes in 239 msecs (HTTP/1.1 201) 4 headers in 162 bytes (1 switches on core 0)
2026-06-24 23:53:35.648 8 INFO neutron.db.ovn_revision_numbers_db [None req-91dee128-66bd-4a5c-826c-b791957c000c 975a8f846f29497eb0b635d2c58db65d 955501aa8dea4665be02d7c7d509f052 - - default default] Successfully bumped revision number for resource 7300dde2-b98b-43d1-83bb-4f4cb861a143 (type: security_group_rules) to 0 [pid: 8|app: 0|req: 1573/3043] 10.0.0.234 () {34 vars in 695 bytes} [Wed Jun 24 23:53:35 2026] POST /v2.0/security-group-rules => generated 597 bytes in 221 msecs (HTTP/1.1 201) 4 headers in 162 bytes (1 switches on core 0)
2026-06-24 23:53:36.045 7 INFO neutron.db.ovn_revision_numbers_db [None req-356f175a-424e-4b83-a88e-610a3191460e 975a8f846f29497eb0b635d2c58db65d 955501aa8dea4665be02d7c7d509f052 - - default default] Successfully bumped revision number for resource 17c163bf-6099-46ae-97a2-5ed87ac6260a (type: security_group_rules) to 0 [pid: 7|app: 0|req: 1471/3044] 10.0.0.234 () {34 vars in 695 bytes} [Wed Jun 24 23:53:35 2026] POST /v2.0/security-group-rules => generated 599 bytes in 383 msecs (HTTP/1.1 201) 4 headers in 162 bytes (1 switches on core 0)
2026-06-24 23:53:36.402 7 WARNING neutron.plugins.ml2.drivers.ovn.mech_driver.ovsdb.ovn_client [None req-6e29d14c-6444-4a0c-9b4d-1091af2d490a - - - - - -] No hosting information found for port abadcd8f-a57d-4202-ba32-8891c63da2bd: RuntimeError: No hosting information found for port abadcd8f-a57d-4202-ba32-8891c63da2bd
2026-06-24 23:53:36.410 8 INFO neutron.db.ovn_revision_numbers_db [None req-e3fc1bc6-d135-494a-a430-fdcf66243833 975a8f846f29497eb0b635d2c58db65d 955501aa8dea4665be02d7c7d509f052 - - default default] Successfully bumped revision number for resource 8d372752-46fd-4a1f-8b69-77e4c96f0ccf (type: security_group_rules) to 0 [pid: 8|app: 0|req: 1574/3045] 10.0.0.234 () {34 vars in 695 bytes} [Wed Jun 24 23:53:36 2026] POST /v2.0/security-group-rules => generated 601 bytes in 394 msecs (HTTP/1.1 201) 4 headers in 162 bytes (1 switches on core 0)
2026-06-24 23:53:36.551 7 INFO neutron.db.ovn_revision_numbers_db [None req-6e29d14c-6444-4a0c-9b4d-1091af2d490a - - - - - -] Successfully bumped revision number for resource abadcd8f-a57d-4202-ba32-8891c63da2bd (type: router_ports) to 2
2026-06-24 23:53:36.551 7 INFO neutron.plugins.ml2.drivers.ovn.mech_driver.mech_driver [None req-6e29d14c-6444-4a0c-9b4d-1091af2d490a - - - - - -] OVN reports status down for port: 41132d3b-4f9e-4cf3-967b-b00d7a4f18e6
2026-06-24 23:53:36.660 7 WARNING neutron.plugins.ml2.drivers.ovn.mech_driver.ovsdb.ovn_client [None req-6e29d14c-6444-4a0c-9b4d-1091af2d490a - - - - - -] Logical_Switch_Port 41132d3b-4f9e-4cf3-967b-b00d7a4f18e6 host information not removed, the port state is up
2026-06-24 23:53:36.660 7 INFO neutron.plugins.ml2.drivers.ovn.mech_driver.mech_driver [None req-6e29d14c-6444-4a0c-9b4d-1091af2d490a - - - - - -] OVN reports status up for port: 41132d3b-4f9e-4cf3-967b-b00d7a4f18e6
2026-06-24 23:53:36.677 7 INFO neutron.plugins.ml2.plugin [None req-6e29d14c-6444-4a0c-9b4d-1091af2d490a - - - - - -] Attempt 1 to provision port 41132d3b-4f9e-4cf3-967b-b00d7a4f18e6
2026-06-24 23:53:36.861 7 INFO neutron.db.ovn_revision_numbers_db [None req-34d005d6-8f6d-4b6e-bbbf-12f1dc830ec6 975a8f846f29497eb0b635d2c58db65d 955501aa8dea4665be02d7c7d509f052 - - default default] Successfully bumped revision number for resource 7114000a-6f69-4598-b623-8d3aecc8b637 (type: security_group_rules) to 0 [pid: 7|app: 0|req: 1472/3046] 10.0.0.234 () {34 vars in 695 bytes} [Wed Jun 24 23:53:36 2026] POST /v2.0/security-group-rules => generated 597 bytes in 454 msecs (HTTP/1.1 201) 4 headers in 162 bytes (1 switches on core 0) [pid: 8|app: 0|req: 1575/3047] 10.0.0.87 () {34 vars in 1093 bytes} [Wed Jun 24 23:53:37 2026] GET /v2.0/security-groups?name=tempest-lb_member_SG-159705125&fields=id&tenant_id=955501aa8dea4665be02d7c7d509f052 => generated 69 bytes in 46 msecs (HTTP/1.1 200) 4 headers in 156 bytes (1 switches on core 0)
2026-06-24 23:53:37.220 7 INFO neutron.db.ovn_revision_numbers_db [None req-6e29d14c-6444-4a0c-9b4d-1091af2d490a - - - - - -] Successfully bumped revision number for resource 41132d3b-4f9e-4cf3-967b-b00d7a4f18e6 (type: ports) to 2 [pid: 7|app: 0|req: 1473/3050] 10.0.0.87 () {34 vars in 981 bytes} [Wed Jun 24 23:53:37 2026] GET /v2.0/networks?id=6566206f-6d5a-43e9-bce0-784d948a09ee => generated 743 bytes in 103 msecs (HTTP/1.1 200) 4 headers in 157 bytes (1 switches on core 0) [pid: 8|app: 0|req: 1578/3051] 10.0.0.87 () {34 vars in 964 bytes} [Wed Jun 24 23:53:37 2026] GET /v2.0/quotas/955501aa8dea4665be02d7c7d509f052 => generated 292 bytes in 12 msecs (HTTP/1.1 200) 4 headers in 157 bytes (1 switches on core 0) [pid: 7|app: 0|req: 1474/3052] 10.0.0.87 () {34 vars in 1001 bytes} [Wed Jun 24 23:53:37 2026] GET /v2.0/ports?tenant_id=955501aa8dea4665be02d7c7d509f052&fields=id => generated 287 bytes in 162 msecs (HTTP/1.1 200) 4 headers in 157 bytes (1 switches on core 0) [pid: 8|app: 0|req: 1579/3053] 10.0.0.87 () {34 vars in 1007 bytes} [Wed Jun 24 23:53:37 2026] GET /v2.0/networks/6566206f-6d5a-43e9-bce0-784d948a09ee?fields=segments => generated 14 bytes in 78 msecs (HTTP/1.1 200) 4 headers in 156 bytes (1 switches on core 0) [pid: 7|app: 0|req: 1475/3054] 10.0.0.87 () {34 vars in 1107 bytes} [Wed Jun 24 23:53:37 2026] GET /v2.0/networks/6566206f-6d5a-43e9-bce0-784d948a09ee?fields=provider%3Aphysical_network&fields=provider%3Anetwork_type => generated 79 bytes in 45 msecs (HTTP/1.1 200) 4 headers in 156 bytes (1 switches on core 0) [pid: 8|app: 0|req: 1580/3055] 10.0.0.87 () {34 vars in 989 bytes} [Wed Jun 24 23:53:37 2026] GET /v2.0/ports?device_id=ab72800f-e5c6-489f-8514-54627a2ccadc => generated 12 bytes in 21 msecs (HTTP/1.1 200) 4 headers in 156 bytes (1 switches on core 0) [pid: 7|app: 0|req: 1476/3056] 199.204.45.116 () {34 vars in 986 bytes} [Wed Jun 24 23:53:42 2026] GET /v2.0/networks?id=6566206f-6d5a-43e9-bce0-784d948a09ee => generated 743 bytes in 51 msecs (HTTP/1.1 200) 4 headers in 157 bytes (1 switches on core 0)
2026-06-24 23:53:42.232 7 WARNING neutron.plugins.ml2.drivers.ovn.mech_driver.ovsdb.ovn_client [None req-ea58587a-be43-4a77-b231-edcbaf945c68 - - - - - -] No hosting information found for port 41132d3b-4f9e-4cf3-967b-b00d7a4f18e6: RuntimeError: No hosting information found for port 41132d3b-4f9e-4cf3-967b-b00d7a4f18e6 [pid: 8|app: 0|req: 1581/3057] 199.204.45.116 () {34 vars in 1050 bytes} [Wed Jun 24 23:53:42 2026] GET /v2.0/security-groups?fields=id&fields=name&tenant_id=955501aa8dea4665be02d7c7d509f052 => generated 178 bytes in 43 msecs (HTTP/1.1 200) 4 headers in 157 bytes (1 switches on core 0)
2026-06-24 23:53:42.409 7 INFO neutron.db.ovn_revision_numbers_db [None req-ea58587a-be43-4a77-b231-edcbaf945c68 - - - - - -] Successfully bumped revision number for resource 41132d3b-4f9e-4cf3-967b-b00d7a4f18e6 (type: router_ports) to 2
2026-06-24 23:53:42.776 7 WARNING neutron.scheduler.dhcp_agent_scheduler [req-7703a559-9f74-4eca-a995-df8590c03b6b req-8e9461c4-3598-4fd2-adc2-37afbdff1863 975a8f846f29497eb0b635d2c58db65d 955501aa8dea4665be02d7c7d509f052 - - default default] No more DHCP agents
2026-06-24 23:53:42.778 7 WARNING neutron.api.rpc.agentnotifiers.dhcp_rpc_agent_api [req-7703a559-9f74-4eca-a995-df8590c03b6b req-8e9461c4-3598-4fd2-adc2-37afbdff1863 975a8f846f29497eb0b635d2c58db65d 955501aa8dea4665be02d7c7d509f052 - - default default] Unable to schedule network 6566206f-6d5a-43e9-bce0-784d948a09ee: no agents available; will retry on subsequent port and subnet creation events.
2026-06-24 23:53:42.917 8 INFO neutron.plugins.ml2.drivers.ovn.mech_driver.mech_driver [None req-e70e8c6e-5938-47a2-b0d4-9f22d9e8c378 - - - - - -] OVN reports status down for port: 60e69959-38a5-4cf3-a804-b61d6261f8af
