2026-06-24 23:50:05.147 7 INFO neutron.services.segments.plugin [-] Segment 46d1980d-e4f3-4e4b-b9cc-badab3775924 resource provider not found; error: Placement Client Error (4xx): {"errors": [{"status": 404, "title": "Not Found", "detail": "The resource could not be found.\n\n No resource provider with uuid 46d1980d-e4f3-4e4b-b9cc-badab3775924 found for delete ", "request_id": "req-c87d5364-3d29-475e-8d35-10968296116b"}]}
2026-06-24 23:50:05.161 8 INFO neutron.db.ovn_revision_numbers_db [None req-4571559f-0a51-449e-9c6a-9ae4b4517e3f - - - - - -] Successfully bumped revision number for resource b5696db2-30e4-4276-97b3-52bead535cfa (type: subnets) to 0 [pid: 8|app: 0|req: 1123/2170] 10.0.0.234 () {34 vars in 669 bytes} [Wed Jun 24 23:50:04 2026] POST /v2.0/subnets => generated 626 bytes in 763 msecs (HTTP/1.1 201) 4 headers in 162 bytes (1 switches on core 0) [pid: 7|app: 0|req: 1048/2171] 10.0.0.234 () {32 vars in 726 bytes} [Wed Jun 24 23:50:04 2026] DELETE /v2.0/networks/8c9bfa7c-41c4-43a4-92d2-a9db6dd5854b => generated 0 bytes in 400 msecs (HTTP/1.1 204) 3 headers in 131 bytes (1 switches on core 0) [pid: 7|app: 0|req: 1049/2172] 10.0.0.87 () {34 vars in 1119 bytes} [Wed Jun 24 23:50:05 2026] GET /v2.0/security-groups?id=3974ca40-5e41-49bf-9f70-f2c3f73193ab&id=d0aad2c7-12a8-402f-b7ab-228703cb1d36&fields=id&fields=name => generated 206 bytes in 52 msecs (HTTP/1.1 200) 4 headers in 157 bytes (1 switches on core 0)
2026-06-24 23:50:05.278 7 INFO neutron.plugins.ml2.drivers.ovn.mech_driver.mech_driver [None req-714b91dd-e3ad-46e7-aaf9-31e6e03e2478 - - - - - -] OVN reports status down for port: 014bc3de-f37a-4e38-8415-37cb3a97ea0c
2026-06-24 23:50:05.437 8 INFO neutron.plugins.ml2.drivers.ovn.mech_driver.mech_driver [None req-d8ecabdc-c949-4bfc-99ac-975dad208a3d - - - - - -] OVN reports status up for port: cf6a4ab8-4e11-4877-a085-58bb0606b8b8
2026-06-24 23:50:05.478 8 INFO neutron.plugins.ml2.plugin [None req-d8ecabdc-c949-4bfc-99ac-975dad208a3d - - - - - -] Attempt 1 to provision port cf6a4ab8-4e11-4877-a085-58bb0606b8b8
2026-06-24 23:50:05.548 7 INFO neutron.notifiers.nova [-] Nova event matching ['req-e19d2343-1375-4406-8f46-8f64ead31a44'] response: {'server_uuid': '0e000705-9ee6-43e5-b4cd-592f4a91693b', 'name': 'network-vif-unplugged', 'status': 'completed', 'tag': '014bc3de-f37a-4e38-8415-37cb3a97ea0c', 'code': 200}
2026-06-24 23:50:05.548 7 INFO neutron.db.ovn_revision_numbers_db [None req-180a2342-e965-4ad4-b618-ec60a9426bee 8f757da55965452780e07d05e8144d6e 4bdb47eafcac4f219cab33464c65761b - - default default] Successfully bumped revision number for resource 7d72160c-18dc-4039-88b2-8701e4bc4661 (type: routers) to 1 [pid: 7|app: 0|req: 1050/2173] 10.0.0.234 () {34 vars in 669 bytes} [Wed Jun 24 23:50:05 2026] POST /v2.0/routers => generated 603 bytes in 343 msecs (HTTP/1.1 201) 4 headers in 162 bytes (1 switches on core 0)
2026-06-24 23:50:05.767 7 INFO neutron.db.ovn_revision_numbers_db [None req-714b91dd-e3ad-46e7-aaf9-31e6e03e2478 - - - - - -] Successfully bumped revision number for resource 014bc3de-f37a-4e38-8415-37cb3a97ea0c (type: ports) to 6
2026-06-24 23:50:05.840 7 INFO neutron_taas.services.taas.taas_plugin [None req-a0c2c967-1dd1-4723-9baa-c9fbd35ad3f5 a397f2c1814d412987a383ab17e8a192 877f85adead54987a486904fdeaf7d0c - - default default] TaaS: Handle Delete Port: 6038b646-f017-4d7f-bb8c-e1d31a193af4
2026-06-24 23:50:05.845 7 INFO neutron_taas.services.taas.tap_mirror_plugin [None req-a0c2c967-1dd1-4723-9baa-c9fbd35ad3f5 a397f2c1814d412987a383ab17e8a192 877f85adead54987a486904fdeaf7d0c - - default default] Tap Mirror: Handle Delete Port: 6038b646-f017-4d7f-bb8c-e1d31a193af4
2026-06-24 23:50:06.052 8 WARNING neutron.scheduler.dhcp_agent_scheduler [None req-1ffd6d02-1137-4abc-bb78-fd02ca09ffe4 f5a14e6bd5f744959380030ab65e2e33 397daa1e65404d96a403ea69c12f5e3e - - default default] No more DHCP agents
2026-06-24 23:50:06.053 8 WARNING neutron.api.rpc.agentnotifiers.dhcp_rpc_agent_api [None req-1ffd6d02-1137-4abc-bb78-fd02ca09ffe4 f5a14e6bd5f744959380030ab65e2e33 397daa1e65404d96a403ea69c12f5e3e - - default default] Unable to schedule network 172c1a85-321c-4f8c-a02d-ee3cf42cfd96: no agents available; will retry on subsequent port and subnet creation events.
2026-06-24 23:50:06.055 8 INFO neutron.db.ovn_revision_numbers_db [None req-d8ecabdc-c949-4bfc-99ac-975dad208a3d - - - - - -] Successfully bumped revision number for resource cf6a4ab8-4e11-4877-a085-58bb0606b8b8 (type: ports) to 4 [pid: 7|app: 0|req: 1051/2174] 10.0.0.234 () {32 vars in 726 bytes} [Wed Jun 24 23:50:05 2026] DELETE /v2.0/networks/c57a83d6-1afe-42c6-acc1-2d8d406d810d => generated 0 bytes in 567 msecs (HTTP/1.1 204) 3 headers in 131 bytes (1 switches on core 0) /var/lib/openstack/lib/python3.12/site-packages/pycadf/identifier.py:70: UserWarning: Invalid uuid: neutron. To ensure interoperability, identifiers should be a valid uuid. warnings.warn(('Invalid uuid: %s. To ensure interoperability, '
2026-06-24 23:50:06.348 8 INFO neutron.plugins.ml2.drivers.ovn.mech_driver.mech_driver [None req-80906936-ac32-424f-a28f-279eb0f5f96a - - - - - -] OVN reports status down for port: 864ed3fe-ca47-4e06-9372-fb883f090f67
2026-06-24 23:50:06.389 8 INFO neutron.db.ovn_revision_numbers_db [None req-1ffd6d02-1137-4abc-bb78-fd02ca09ffe4 f5a14e6bd5f744959380030ab65e2e33 397daa1e65404d96a403ea69c12f5e3e - - default default] Successfully bumped revision number for resource 864ed3fe-ca47-4e06-9372-fb883f090f67 (type: ports) to 1
2026-06-24 23:50:06.539 8 INFO neutron.plugins.ml2.drivers.ovn.mech_driver.mech_driver [None req-80906936-ac32-424f-a28f-279eb0f5f96a - - - - - -] OVN reports status up for port: fe1f5e23-8a4c-459c-893b-240ff66dc7a0
2026-06-24 23:50:06.569 8 INFO neutron.plugins.ml2.plugin [None req-80906936-ac32-424f-a28f-279eb0f5f96a - - - - - -] Attempt 1 to provision port fe1f5e23-8a4c-459c-893b-240ff66dc7a0
2026-06-24 23:50:06.632 7 WARNING neutron.scheduler.dhcp_agent_scheduler [None req-84993403-fe3b-4489-bbd0-a268901a496a 8f757da55965452780e07d05e8144d6e 4bdb47eafcac4f219cab33464c65761b - - default default] No more DHCP agents
2026-06-24 23:50:06.634 7 WARNING neutron.api.rpc.agentnotifiers.dhcp_rpc_agent_api [None req-84993403-fe3b-4489-bbd0-a268901a496a 8f757da55965452780e07d05e8144d6e 4bdb47eafcac4f219cab33464c65761b - - default default] Unable to schedule network d6f2fca0-7d71-4f68-b8f5-53189f3dfa2c: no agents available; will retry on subsequent port and subnet creation events.
2026-06-24 23:50:06.794 7 INFO neutron.plugins.ml2.drivers.ovn.mech_driver.mech_driver [None req-155fd9f4-fef5-450a-ab84-48088df728ad - - - - - -] OVN reports status down for port: febde770-d7ca-4ca7-92c7-4f7c2741ed2f
2026-06-24 23:50:06.861 7 INFO neutron.db.ovn_revision_numbers_db [None req-84993403-fe3b-4489-bbd0-a268901a496a 8f757da55965452780e07d05e8144d6e 4bdb47eafcac4f219cab33464c65761b - - default default] Successfully bumped revision number for resource febde770-d7ca-4ca7-92c7-4f7c2741ed2f (type: ports) to 1
2026-06-24 23:50:07.113 8 INFO neutron.db.ovn_revision_numbers_db [None req-80906936-ac32-424f-a28f-279eb0f5f96a - - - - - -] Successfully bumped revision number for resource fe1f5e23-8a4c-459c-893b-240ff66dc7a0 (type: ports) to 4
2026-06-24 23:50:07.147 7 INFO neutron.services.segments.plugin [-] Segment f7a53f2a-d144-4bb4-9580-d20fd11dfb4b resource provider aggregate not found
2026-06-24 23:50:07.176 7 INFO neutron.services.segments.plugin [-] Segment f7a53f2a-d144-4bb4-9580-d20fd11dfb4b resource provider not found; error: Placement Client Error (4xx): {"errors": [{"status": 404, "title": "Not Found", "detail": "The resource could not be found.\n\n No resource provider with uuid f7a53f2a-d144-4bb4-9580-d20fd11dfb4b found for delete ", "request_id": "req-48261152-26f0-438a-96c8-49468a66fbd3"}]}
2026-06-24 23:50:07.176 7 INFO neutron.services.segments.plugin [-] Segment f7a53f2a-d144-4bb4-9580-d20fd11dfb4b resource provider aggregate not found
2026-06-24 23:50:07.202 7 INFO neutron.services.segments.plugin [-] Segment f7a53f2a-d144-4bb4-9580-d20fd11dfb4b resource provider not found; error: Placement Client Error (4xx): {"errors": [{"status": 404, "title": "Not Found", "detail": "The resource could not be found.\n\n No resource provider with uuid f7a53f2a-d144-4bb4-9580-d20fd11dfb4b found for delete ", "request_id": "req-26185766-fce8-4a92-b1aa-8aa0e9b71660"}]}
2026-06-24 23:50:07.520 7 INFO neutron.plugins.ml2.drivers.ovn.mech_driver.mech_driver [None req-155fd9f4-fef5-450a-ab84-48088df728ad - - - - - -] OVN reports status up for port: febde770-d7ca-4ca7-92c7-4f7c2741ed2f
2026-06-24 23:50:07.554 8 INFO neutron.plugins.ml2.drivers.ovn.mech_driver.ovsdb.commands [None req-dd006c11-6821-4d30-af2a-db09cde640df - - - - - -] Schedule LRP lrp-864ed3fe-ca47-4e06-9372-fb883f090f67 on gateway 313a0498-f799-43df-b37d-930b12470707 with priority 1
2026-06-24 23:50:07.567 7 INFO neutron.plugins.ml2.plugin [None req-155fd9f4-fef5-450a-ab84-48088df728ad - - - - - -] Attempt 1 to provision port febde770-d7ca-4ca7-92c7-4f7c2741ed2f
2026-06-24 23:50:07.590 8 INFO neutron.plugins.ml2.drivers.ovn.mech_driver.mech_driver [None req-47dbe931-6e25-4127-8695-791deb0df080 - - - - - -] OVN reports status up for port: 864ed3fe-ca47-4e06-9372-fb883f090f67
2026-06-24 23:50:07.600 7 INFO neutron.notifiers.nova [-] Nova event matching ['req-779893da-2e1c-4a64-9580-b385c2991df4'] response: {'server_uuid': '0e000705-9ee6-43e5-b4cd-592f4a91693b', 'name': 'network-vif-unplugged', 'status': 'completed', 'tag': '014bc3de-f37a-4e38-8415-37cb3a97ea0c', 'code': 200}
2026-06-24 23:50:07.616 8 INFO neutron.plugins.ml2.plugin [None req-47dbe931-6e25-4127-8695-791deb0df080 - - - - - -] Attempt 1 to provision port 864ed3fe-ca47-4e06-9372-fb883f090f67
2026-06-24 23:50:07.631 8 INFO neutron.db.ovn_revision_numbers_db [None req-1ffd6d02-1137-4abc-bb78-fd02ca09ffe4 f5a14e6bd5f744959380030ab65e2e33 397daa1e65404d96a403ea69c12f5e3e - - default default] Successfully bumped revision number for resource 864ed3fe-ca47-4e06-9372-fb883f090f67 (type: router_ports) to 1
2026-06-24 23:50:07.702 7 WARNING neutron.scheduler.dhcp_agent_scheduler [None req-84993403-fe3b-4489-bbd0-a268901a496a 8f757da55965452780e07d05e8144d6e 4bdb47eafcac4f219cab33464c65761b - - default default] No more DHCP agents
2026-06-24 23:50:07.703 7 WARNING neutron.api.rpc.agentnotifiers.dhcp_rpc_agent_api [None req-84993403-fe3b-4489-bbd0-a268901a496a 8f757da55965452780e07d05e8144d6e 4bdb47eafcac4f219cab33464c65761b - - default default] Unable to schedule network d6f2fca0-7d71-4f68-b8f5-53189f3dfa2c: no agents available; will retry on subsequent port and subnet creation events.
2026-06-24 23:50:07.751 8 INFO neutron.db.ovn_revision_numbers_db [None req-1ffd6d02-1137-4abc-bb78-fd02ca09ffe4 f5a14e6bd5f744959380030ab65e2e33 397daa1e65404d96a403ea69c12f5e3e - - default default] Successfully bumped revision number for resource 9cefbb05-cd86-4fd0-81b9-5c5b7f30edac (type: routers) to 2 [pid: 8|app: 0|req: 1124/2175] 10.0.0.234 () {34 vars in 669 bytes} [Wed Jun 24 23:50:05 2026] POST /v2.0/routers => generated 937 bytes in 2628 msecs (HTTP/1.1 201) 4 headers in 162 bytes (1 switches on core 0)
2026-06-24 23:50:07.950 8 INFO neutron_taas.services.taas.taas_plugin [None req-a7ca1369-c3a5-4f25-9b9d-9acbfc2fe539 a397f2c1814d412987a383ab17e8a192 877f85adead54987a486904fdeaf7d0c - - default default] TaaS: Handle Delete Port: 33888ba6-eec6-4bcb-9fef-adb4e0c1c5c0
2026-06-24 23:50:07.952 8 INFO neutron_taas.services.taas.tap_mirror_plugin [None req-a7ca1369-c3a5-4f25-9b9d-9acbfc2fe539 a397f2c1814d412987a383ab17e8a192 877f85adead54987a486904fdeaf7d0c - - default default] Tap Mirror: Handle Delete Port: 33888ba6-eec6-4bcb-9fef-adb4e0c1c5c0
2026-06-24 23:50:08.034 7 INFO neutron.db.ovn_revision_numbers_db [None req-84993403-fe3b-4489-bbd0-a268901a496a 8f757da55965452780e07d05e8144d6e 4bdb47eafcac4f219cab33464c65761b - - default default] Successfully bumped revision number for resource febde770-d7ca-4ca7-92c7-4f7c2741ed2f (type: router_ports) to 1 [pid: 7|app: 0|req: 1052/2176] 10.0.0.234 () {34 vars in 783 bytes} [Wed Jun 24 23:50:06 2026] PUT /v2.0/routers/7d72160c-18dc-4039-88b2-8701e4bc4661/add_router_interface => generated 309 bytes in 1890 msecs (HTTP/1.1 200) 4 headers in 157 bytes (1 switches on core 0) [pid: 7|app: 0|req: 1053/2177] 10.0.0.87 () {34 vars in 989 bytes} [Wed Jun 24 23:50:08 2026] GET /v2.0/ports?device_id=0e000705-9ee6-43e5-b4cd-592f4a91693b => generated 1008 bytes in 87 msecs (HTTP/1.1 200) 4 headers in 158 bytes (1 switches on core 0)
2026-06-24 23:50:08.192 8 INFO neutron.services.segments.plugin [-] Segment fe7bc1b2-5cd7-4467-9426-54cc28b5d1d2 resource provider aggregate not found
2026-06-24 23:50:08.196 8 INFO neutron.services.segments.plugin [-] Segment fe7bc1b2-5cd7-4467-9426-54cc28b5d1d2 resource provider aggregate not found [pid: 7|app: 0|req: 1054/2178] 199.204.45.116 () {34 vars in 994 bytes} [Wed Jun 24 23:50:08 2026] GET /v2.0/ports?device_id=0e000705-9ee6-43e5-b4cd-592f4a91693b => generated 1008 bytes in 70 msecs (HTTP/1.1 200) 4 headers in 158 bytes (1 switches on core 0)
2026-06-24 23:50:08.216 8 INFO neutron.services.segments.plugin [-] Segment fe7bc1b2-5cd7-4467-9426-54cc28b5d1d2 resource provider not found; error: Placement Client Error (4xx): {"errors": [{"status": 404, "title": "Not Found", "detail": "The resource could not be found.\n\n No resource provider with uuid fe7bc1b2-5cd7-4467-9426-54cc28b5d1d2 found for delete ", "request_id": "req-bf526ad0-84b4-4963-8ad6-e5a343ee6e56"}]}
2026-06-24 23:50:08.220 8 INFO neutron.services.segments.plugin [-] Segment fe7bc1b2-5cd7-4467-9426-54cc28b5d1d2 resource provider not found; error: Placement Client Error (4xx): {"errors": [{"status": 404, "title": "Not Found", "detail": "The resource could not be found.\n\n No resource provider with uuid fe7bc1b2-5cd7-4467-9426-54cc28b5d1d2 found for delete ", "request_id": "req-7ca7143b-39fb-444e-aee2-5b2a06d1f83f"}]} [pid: 8|app: 0|req: 1125/2181] 10.0.0.234 () {32 vars in 726 bytes} [Wed Jun 24 23:50:07 2026] DELETE /v2.0/networks/7cf96424-f4bd-48e7-8380-0b012da21f79 => generated 0 bytes in 459 msecs (HTTP/1.1 204) 3 headers in 131 bytes (1 switches on core 0) [pid: 8|app: 0|req: 1126/2182] 10.0.0.234 () {32 vars in 717 bytes} [Wed Jun 24 23:50:08 2026] GET /v2.0/ports/febde770-d7ca-4ca7-92c7-4f7c2741ed2f => generated 943 bytes in 32 msecs (HTTP/1.1 200) 4 headers in 157 bytes (1 switches on core 0) [pid: 8|app: 0|req: 1127/2183] 10.0.0.87 () {34 vars in 1119 bytes} [Wed Jun 24 23:50:08 2026] GET /v2.0/security-groups?id=3974ca40-5e41-49bf-9f70-f2c3f73193ab&id=d0aad2c7-12a8-402f-b7ab-228703cb1d36&fields=id&fields=name => generated 206 bytes in 26 msecs (HTTP/1.1 200) 4 headers in 157 bytes (1 switches on core 0)
2026-06-24 23:50:08.390 7 INFO neutron.db.ovn_revision_numbers_db [None req-155fd9f4-fef5-450a-ab84-48088df728ad - - - - - -] Successfully bumped revision number for resource febde770-d7ca-4ca7-92c7-4f7c2741ed2f (type: ports) to 2
2026-06-24 23:50:08.509 8 INFO neutron_taas.services.taas.taas_plugin [req-610172c7-7420-4b47-8e32-108c014cfaa2 req-86fadbe7-b5c3-4fd2-afbd-5d7557e35d4c 2105d3d45ae145f0b1ea9eb00a53a5cf 6ed68cbdff9f473ea89a4bbf7f38c1dc - - default default] TaaS: Handle Delete Port: 014bc3de-f37a-4e38-8415-37cb3a97ea0c
2026-06-24 23:50:08.512 8 INFO neutron_taas.services.taas.tap_mirror_plugin [req-610172c7-7420-4b47-8e32-108c014cfaa2 req-86fadbe7-b5c3-4fd2-afbd-5d7557e35d4c 2105d3d45ae145f0b1ea9eb00a53a5cf 6ed68cbdff9f473ea89a4bbf7f38c1dc - - default default] Tap Mirror: Handle Delete Port: 014bc3de-f37a-4e38-8415-37cb3a97ea0c
2026-06-24 23:50:08.762 8 INFO neutron.db.l3_db [req-610172c7-7420-4b47-8e32-108c014cfaa2 req-86fadbe7-b5c3-4fd2-afbd-5d7557e35d4c 2105d3d45ae145f0b1ea9eb00a53a5cf 6ed68cbdff9f473ea89a4bbf7f38c1dc - - default default] Floating IP 3afe3048-6a6e-410c-8921-a8bbcf22d477 disassociated. External IP: 10.96.250.210, port: 014bc3de-f37a-4e38-8415-37cb3a97ea0c.
2026-06-24 23:50:08.891 7 WARNING neutron.scheduler.dhcp_agent_scheduler [None req-1185ad60-559d-452a-81dc-7155ff4ea405 f5a14e6bd5f744959380030ab65e2e33 397daa1e65404d96a403ea69c12f5e3e - - default default] No more DHCP agents [pid: 8|app: 0|req: 1128/2184] 199.204.45.116 () {36 vars in 997 bytes} [Wed Jun 24 23:50:08 2026] DELETE /v2.0/ports/014bc3de-f37a-4e38-8415-37cb3a97ea0c => generated 0 bytes in 562 msecs (HTTP/1.1 204) 3 headers in 131 bytes (1 switches on core 0)
2026-06-24 23:50:08.893 7 WARNING neutron.api.rpc.agentnotifiers.dhcp_rpc_agent_api [None req-1185ad60-559d-452a-81dc-7155ff4ea405 f5a14e6bd5f744959380030ab65e2e33 397daa1e65404d96a403ea69c12f5e3e - - default default] Unable to schedule network 7a095212-1fe6-4b39-a014-dc1407973684: no agents available; will retry on subsequent port and subnet creation events.
2026-06-24 23:50:08.926 8 INFO neutron.notifiers.nova [-] Nova event matching ['req-f44cc35c-b0c3-4e97-8060-d494b0caca63'] response: {'server_uuid': '0e000705-9ee6-43e5-b4cd-592f4a91693b', 'name': 'network-vif-deleted', 'tag': '014bc3de-f37a-4e38-8415-37cb3a97ea0c', 'status': 'completed', 'code': 200}
2026-06-24 23:50:09.030 7 INFO neutron.db.ovn_revision_numbers_db [None req-1185ad60-559d-452a-81dc-7155ff4ea405 f5a14e6bd5f744959380030ab65e2e33 397daa1e65404d96a403ea69c12f5e3e - - default default] Successfully bumped revision number for resource 516e637b-7459-4c3b-9008-41a9ea27cb46 (type: ports) to 1
2026-06-24 23:50:09.040 8 INFO neutron_taas.services.taas.taas_plugin [None req-6a3e1ed4-13cb-4015-8605-96e65ea0defa a397f2c1814d412987a383ab17e8a192 877f85adead54987a486904fdeaf7d0c - - default default] TaaS: Handle Delete Port: 7875280a-f5db-4d90-a857-986ef1fab952
2026-06-24 23:50:09.043 8 INFO neutron_taas.services.taas.tap_mirror_plugin [None req-6a3e1ed4-13cb-4015-8605-96e65ea0defa a397f2c1814d412987a383ab17e8a192 877f85adead54987a486904fdeaf7d0c - - default default] Tap Mirror: Handle Delete Port: 7875280a-f5db-4d90-a857-986ef1fab952 [pid: 8|app: 0|req: 1129/2185] 10.0.0.234 () {32 vars in 726 bytes} [Wed Jun 24 23:50:08 2026] DELETE /v2.0/networks/7b6d91d4-425a-4e3c-9f76-0109cc1c2782 => generated 0 bytes in 412 msecs (HTTP/1.1 204) 3 headers in 131 bytes (1 switches on core 0) [pid: 8|app: 0|req: 1130/2186] 10.0.0.234 () {32 vars in 717 bytes} [Wed Jun 24 23:50:09 2026] GET /v2.0/ports/febde770-d7ca-4ca7-92c7-4f7c2741ed2f => generated 943 bytes in 48 msecs (HTTP/1.1 200) 4 headers in 157 bytes (1 switches on core 0) [pid: 8|app: 0|req: 1131/2187] 10.0.0.41 () {28 vars in 618 bytes} [Wed Jun 24 23:50:09 2026] GET /v2.0/network-ip-availabilities => generated 3983 bytes in 51 msecs (HTTP/1.1 200) 4 headers in 158 bytes (1 switches on core 0)
2026-06-24 23:50:09.513 8 INFO neutron_taas.services.taas.taas_plugin [None req-beb3a440-960d-4d1f-afc1-77b9fa955110 a397f2c1814d412987a383ab17e8a192 877f85adead54987a486904fdeaf7d0c - - default default] TaaS: Handle Delete Port: 32cb9425-15fd-4718-972d-06db34041fce
2026-06-24 23:50:09.516 8 INFO neutron_taas.services.taas.tap_mirror_plugin [None req-beb3a440-960d-4d1f-afc1-77b9fa955110 a397f2c1814d412987a383ab17e8a192 877f85adead54987a486904fdeaf7d0c - - default default] Tap Mirror: Handle Delete Port: 32cb9425-15fd-4718-972d-06db34041fce [pid: 8|app: 0|req: 1132/2188] 10.0.0.234 () {32 vars in 726 bytes} [Wed Jun 24 23:50:09 2026] DELETE /v2.0/networks/9445c9e6-9817-4dd6-a6de-af9091a10d2b => generated 0 bytes in 379 msecs (HTTP/1.1 204) 3 headers in 131 bytes (1 switches on core 0)
2026-06-24 23:50:09.847 7 WARNING neutron.scheduler.dhcp_agent_scheduler [None req-1185ad60-559d-452a-81dc-7155ff4ea405 f5a14e6bd5f744959380030ab65e2e33 397daa1e65404d96a403ea69c12f5e3e - - default default] No more DHCP agents
2026-06-24 23:50:09.848 7 WARNING neutron.api.rpc.agentnotifiers.dhcp_rpc_agent_api [None req-1185ad60-559d-452a-81dc-7155ff4ea405 f5a14e6bd5f744959380030ab65e2e33 397daa1e65404d96a403ea69c12f5e3e - - default default] Unable to schedule network 7a095212-1fe6-4b39-a014-dc1407973684: no agents available; will retry on subsequent port and subnet creation events.
2026-06-24 23:50:10.046 8 INFO neutron_taas.services.taas.taas_plugin [None req-004af422-161b-4386-9816-62aae873086a 8f757da55965452780e07d05e8144d6e 4bdb47eafcac4f219cab33464c65761b - - default default] TaaS: Handle Delete Port: febde770-d7ca-4ca7-92c7-4f7c2741ed2f
2026-06-24 23:50:10.050 8 INFO neutron_taas.services.taas.tap_mirror_plugin [None req-004af422-161b-4386-9816-62aae873086a 8f757da55965452780e07d05e8144d6e 4bdb47eafcac4f219cab33464c65761b - - default default] Tap Mirror: Handle Delete Port: febde770-d7ca-4ca7-92c7-4f7c2741ed2f
2026-06-24 23:50:10.199 7 INFO neutron.db.ovn_revision_numbers_db [None req-1185ad60-559d-452a-81dc-7155ff4ea405 f5a14e6bd5f744959380030ab65e2e33 397daa1e65404d96a403ea69c12f5e3e - - default default] Successfully bumped revision number for resource 516e637b-7459-4c3b-9008-41a9ea27cb46 (type: router_ports) to 1 [pid: 7|app: 0|req: 1057/2189] 10.0.0.234 () {34 vars in 783 bytes} [Wed Jun 24 23:50:08 2026] PUT /v2.0/routers/9cefbb05-cd86-4fd0-81b9-5c5b7f30edac/add_router_interface => generated 309 bytes in 1998 msecs (HTTP/1.1 200) 4 headers in 157 bytes (1 switches on core 0) [pid: 7|app: 0|req: 1058/2190] 10.0.0.87 () {34 vars in 989 bytes} [Wed Jun 24 23:50:10 2026] GET /v2.0/ports?device_id=0e000705-9ee6-43e5-b4cd-592f4a91693b => generated 12 bytes in 26 msecs (HTTP/1.1 200) 4 headers in 156 bytes (1 switches on core 0)
2026-06-24 23:50:10.256 8 INFO neutron.services.segments.plugin [-] Segment 32b72419-a23b-45f6-a111-b20eba23a002 resource provider aggregate not found
2026-06-24 23:50:10.264 8 INFO neutron.services.segments.plugin [-] Segment 32b72419-a23b-45f6-a111-b20eba23a002 resource provider aggregate not found
2026-06-24 23:50:10.297 8 INFO neutron.services.segments.plugin [-] Segment 32b72419-a23b-45f6-a111-b20eba23a002 resource provider not found; error: Placement Client Error (4xx): {"errors": [{"status": 404, "title": "Not Found", "detail": "The resource could not be found.\n\n No resource provider with uuid 32b72419-a23b-45f6-a111-b20eba23a002 found for delete ", "request_id": "req-f676a385-cd2d-495a-82d3-61c5fa793fb1"}]} [pid: 7|app: 0|req: 1059/2191] 10.0.0.41 () {28 vars in 582 bytes} [Wed Jun 24 23:50:10 2026] GET /v2.0/subnets => generated 5263 bytes in 64 msecs (HTTP/1.1 200) 4 headers in 158 bytes (1 switches on core 0)
2026-06-24 23:50:10.303 8 INFO neutron.services.segments.plugin [-] Segment 32b72419-a23b-45f6-a111-b20eba23a002 resource provider not found; error: Placement Client Error (4xx): {"errors": [{"status": 404, "title": "Not Found", "detail": "The resource could not be found.\n\n No resource provider with uuid 32b72419-a23b-45f6-a111-b20eba23a002 found for delete ", "request_id": "req-87d4da17-df49-42eb-852d-b646575b1f04"}]}
2026-06-24 23:50:10.323 8 INFO neutron.services.segments.plugin [-] Segment 5bf2dd86-1f3e-4efd-a666-ef27d762bc5a resource provider aggregate not found
2026-06-24 23:50:10.329 8 INFO neutron.services.segments.plugin [-] Segment 5bf2dd86-1f3e-4efd-a666-ef27d762bc5a resource provider aggregate not found
2026-06-24 23:50:10.352 8 INFO neutron.services.segments.plugin [-] Segment 5bf2dd86-1f3e-4efd-a666-ef27d762bc5a resource provider not found; error: Placement Client Error (4xx): {"errors": [{"status": 404, "title": "Not Found", "detail": "The resource could not be found.\n\n No resource provider with uuid 5bf2dd86-1f3e-4efd-a666-ef27d762bc5a found for delete ", "request_id": "req-82b20c7a-a4bf-4df3-9746-4f19c29a28c5"}]}
2026-06-24 23:50:10.353 8 INFO neutron.services.segments.plugin [-] Segment 5bf2dd86-1f3e-4efd-a666-ef27d762bc5a resource provider not found; error: Placement Client Error (4xx): {"errors": [{"status": 404, "title": "Not Found", "detail": "The resource could not be found.\n\n No resource provider with uuid 5bf2dd86-1f3e-4efd-a666-ef27d762bc5a found for delete ", "request_id": "req-18bddeba-a389-46c6-8024-d97ed1137bfb"}]} [pid: 8|app: 0|req: 1133/2192] 10.0.0.234 () {34 vars in 789 bytes} [Wed Jun 24 23:50:09 2026] PUT /v2.0/routers/7d72160c-18dc-4039-88b2-8701e4bc4661/remove_router_interface => generated 309 bytes in 754 msecs (HTTP/1.1 200) 4 headers in 157 bytes (1 switches on core 0) /var/lib/openstack/lib/python3.12/site-packages/pycadf/identifier.py:70: UserWarning: Invalid uuid: neutron. To ensure interoperability, identifiers should be a valid uuid. warnings.warn(('Invalid uuid: %s. To ensure interoperability, ' [pid: 8|app: 0|req: 1134/2193] 10.0.0.41 () {28 vars in 590 bytes} [Wed Jun 24 23:50:10 2026] GET /v2.0/subnetpools => generated 19 bytes in 27 msecs (HTTP/1.1 200) 4 headers in 156 bytes (1 switches on core 0) [pid: 8|app: 0|req: 1135/2194] 10.0.0.234 () {32 vars in 736 bytes} [Wed Jun 24 23:50:10 2026] GET /v2.0/ports?device_id=7d72160c-18dc-4039-88b2-8701e4bc4661 => generated 12 bytes in 16 msecs (HTTP/1.1 200) 4 headers in 156 bytes (1 switches on core 0) [pid: 8|app: 0|req: 1136/2195] 10.0.0.41 () {28 vars in 590 bytes} [Wed Jun 24 23:50:10 2026] GET /v2.0/floatingips => generated 555 bytes in 46 msecs (HTTP/1.1 200) 4 headers in 157 bytes (1 switches on core 0)
2026-06-24 23:50:10.837 7 WARNING neutron.scheduler.dhcp_agent_scheduler [None req-cc56b3b3-95c8-4511-adb0-760ea536abd6 - - - - - -] No more DHCP agents
2026-06-24 23:50:10.839 7 WARNING neutron.api.rpc.agentnotifiers.dhcp_rpc_agent_api [None req-cc56b3b3-95c8-4511-adb0-760ea536abd6 - - - - - -] Unable to schedule network 172c1a85-321c-4f8c-a02d-ee3cf42cfd96: no agents available; will retry on subsequent port and subnet creation events. [pid: 8|app: 0|req: 1137/2196] 10.0.0.234 () {32 vars in 724 bytes} [Wed Jun 24 23:50:10 2026] DELETE /v2.0/routers/7d72160c-18dc-4039-88b2-8701e4bc4661 => generated 0 bytes in 238 msecs (HTTP/1.1 204) 2 headers in 112 bytes (1 switches on core 0) [pid: 8|app: 0|req: 1138/2197] 10.0.0.41 () {28 vars in 598 bytes} [Wed Jun 24 23:50:10 2026] GET /v2.0/security-groups => generated 40126 bytes in 69 msecs (HTTP/1.1 200) 4 headers in 159 bytes (1 switches on core 0)
2026-06-24 23:50:10.994 7 INFO neutron.db.ovn_revision_numbers_db [None req-cc56b3b3-95c8-4511-adb0-760ea536abd6 - - - - - -] Successfully bumped revision number for resource 4b6796fb-e5b2-4b6c-a042-8d86f9f91753 (type: ports) to 1 [pid: 8|app: 0|req: 1139/2198] 10.0.0.234 () {32 vars in 774 bytes} [Wed Jun 24 23:50:10 2026] GET /v2.0/security-groups?tenant_id=877f85adead54987a486904fdeaf7d0c&name=default => generated 2925 bytes in 234 msecs (HTTP/1.1 200) 4 headers in 158 bytes (1 switches on core 0)
2026-06-24 23:50:11.281 7 INFO neutron.db.ovn_revision_numbers_db [None req-cc56b3b3-95c8-4511-adb0-760ea536abd6 - - - - - -] Successfully bumped revision number for resource 4b6796fb-e5b2-4b6c-a042-8d86f9f91753 (type: ports) to 3
2026-06-24 23:50:11.375 7 INFO neutron.db.segments_db [None req-cc56b3b3-95c8-4511-adb0-760ea536abd6 - - - - - -] Added segment 35cc3460-a398-4ad2-b6d6-764e6c53979a of type geneve for network a35e1477-c133-4acc-90f7-fd036a6f06ff [pid: 8|app: 0|req: 1140/2199] 10.0.0.234 () {32 vars in 724 bytes} [Wed Jun 24 23:50:11 2026] DELETE /v2.0/subnets/b5696db2-30e4-4276-97b3-52bead535cfa => generated 0 bytes in 232 msecs (HTTP/1.1 204) 3 headers in 131 bytes (1 switches on core 0)
2026-06-24 23:50:11.531 7 INFO neutron.db.ovn_revision_numbers_db [None req-889fe606-d805-4625-a17b-10f2212a3a81 - - - - - -] Successfully bumped revision number for resource a35e1477-c133-4acc-90f7-fd036a6f06ff (type: networks) to 1 [pid: 8|app: 0|req: 1141/2200] 10.0.0.41 () {28 vars in 578 bytes} [Wed Jun 24 23:50:11 2026] GET /v2.0/ports => generated 25065 bytes in 140 msecs (HTTP/1.1 200) 4 headers in 159 bytes (1 switches on core 0)
2026-06-24 23:50:11.700 7 WARNING neutron.scheduler.dhcp_agent_scheduler [None req-889fe606-d805-4625-a17b-10f2212a3a81 - - - - - -] No more DHCP agents
2026-06-24 23:50:11.701 7 WARNING neutron.api.rpc.agentnotifiers.dhcp_rpc_agent_api [None req-889fe606-d805-4625-a17b-10f2212a3a81 - - - - - -] Unable to schedule network a35e1477-c133-4acc-90f7-fd036a6f06ff: no agents available; will retry on subsequent port and subnet creation events.
2026-06-24 23:50:11.810 7 INFO neutron.db.ovn_revision_numbers_db [None req-889fe606-d805-4625-a17b-10f2212a3a81 - - - - - -] Successfully bumped revision number for resource 3e8338d7-3ba5-400d-9565-4c8a074e3014 (type: ports) to 1 [pid: 8|app: 0|req: 1142/2201] 10.0.0.234 () {32 vars in 740 bytes} [Wed Jun 24 23:50:11 2026] DELETE /v2.0/security-groups/6a3f0b5f-0767-42e9-ba02-d6eeb982f997 => generated 0 bytes in 337 msecs (HTTP/1.1 204) 2 headers in 112 bytes (1 switches on core 0) [pid: 8|app: 0|req: 1143/2202] 10.0.0.87 () {34 vars in 989 bytes} [Wed Jun 24 23:50:11 2026] GET /v2.0/ports?device_id=0e000705-9ee6-43e5-b4cd-592f4a91693b => generated 12 bytes in 15 msecs (HTTP/1.1 200) 4 headers in 156 bytes (1 switches on core 0)
2026-06-24 23:50:11.940 7 WARNING neutron.scheduler.dhcp_agent_scheduler [None req-889fe606-d805-4625-a17b-10f2212a3a81 - - - - - -] No more DHCP agents
2026-06-24 23:50:11.941 7 WARNING neutron.api.rpc.agentnotifiers.dhcp_rpc_agent_api [None req-889fe606-d805-4625-a17b-10f2212a3a81 - - - - - -] Unable to schedule network a35e1477-c133-4acc-90f7-fd036a6f06ff: no agents available; will retry on subsequent port and subnet creation events.
2026-06-24 23:50:11.974 7 INFO neutron.db.ovn_revision_numbers_db [None req-889fe606-d805-4625-a17b-10f2212a3a81 - - - - - -] Successfully bumped revision number for resource 7368cc12-efff-4d45-9c1f-296720bce939 (type: subnets) to 0
2026-06-24 23:50:12.021 8 INFO neutron_taas.services.taas.taas_plugin [None req-f8392441-bd89-4ea5-9caa-e3bd85555cf8 8f757da55965452780e07d05e8144d6e 4bdb47eafcac4f219cab33464c65761b - - default default] TaaS: Handle Delete Port: d2d5a2ff-671c-43f4-8304-1775d30c5678
2026-06-24 23:50:12.024 8 INFO neutron_taas.services.taas.tap_mirror_plugin [None req-f8392441-bd89-4ea5-9caa-e3bd85555cf8 8f757da55965452780e07d05e8144d6e 4bdb47eafcac4f219cab33464c65761b - - default default] Tap Mirror: Handle Delete Port: d2d5a2ff-671c-43f4-8304-1775d30c5678 [pid: 8|app: 0|req: 1144/2203] 10.0.0.234 () {32 vars in 726 bytes} [Wed Jun 24 23:50:11 2026] DELETE /v2.0/networks/d6f2fca0-7d71-4f68-b8f5-53189f3dfa2c => generated 0 bytes in 352 msecs (HTTP/1.1 204) 3 headers in 131 bytes (1 switches on core 0) [pid: 8|app: 0|req: 1145/2204] 10.0.0.41 () {28 vars in 580 bytes} [Wed Jun 24 23:50:12 2026] GET /v2.0/agents => generated 1214 bytes in 13 msecs (HTTP/1.1 200) 4 headers in 158 bytes (1 switches on core 0)
2026-06-24 23:50:12.372 8 INFO neutron.db.ovn_revision_numbers_db [None req-e4df1af0-497b-4682-bcbe-0ff83d83c7d4 7e2515864b4a46ee9c4d1236f07cab15 bad9a65bebd6451eae61e7d7bdd8dea3 - - default default] Successfully bumped revision number for resource 8cd76f40-d0c9-4b42-81ba-a5335ffafaf5 (type: security_groups) to 1
2026-06-24 23:50:12.375 8 INFO neutron.services.segments.plugin [-] Segment 32e8a9ce-2966-406c-9c68-a8d822fca1f6 resource provider aggregate not found
2026-06-24 23:50:12.380 8 INFO neutron.services.segments.plugin [-] Segment 32e8a9ce-2966-406c-9c68-a8d822fca1f6 resource provider aggregate not found
2026-06-24 23:50:12.390 8 INFO neutron.services.segments.plugin [-] Segment 32e8a9ce-2966-406c-9c68-a8d822fca1f6 resource provider not found; error: Placement Client Error (4xx): {"errors": [{"status": 404, "title": "Not Found", "detail": "The resource could not be found.\n\n No resource provider with uuid 32e8a9ce-2966-406c-9c68-a8d822fca1f6 found for delete ", "request_id": "req-8f8f396e-e445-4aab-98e6-d5f45e14d8b6"}]}
2026-06-24 23:50:12.392 8 INFO neutron.services.segments.plugin [-] Segment 32e8a9ce-2966-406c-9c68-a8d822fca1f6 resource provider not found; error: Placement Client Error (4xx): {"errors": [{"status": 404, "title": "Not Found", "detail": "The resource could not be found.\n\n No resource provider with uuid 32e8a9ce-2966-406c-9c68-a8d822fca1f6 found for delete ", "request_id": "req-6900786a-bd1e-4df8-8da0-337e58ec3dc6"}]}
2026-06-24 23:50:12.396 8 INFO neutron.db.ovn_revision_numbers_db [None req-e4df1af0-497b-4682-bcbe-0ff83d83c7d4 7e2515864b4a46ee9c4d1236f07cab15 bad9a65bebd6451eae61e7d7bdd8dea3 - - default default] Successfully bumped revision number for resource 4fde4af9-f913-463f-beb3-145f6cc419c2 (type: security_group_rules) to 0
2026-06-24 23:50:12.399 7 WARNING neutron.scheduler.dhcp_agent_scheduler [None req-889fe606-d805-4625-a17b-10f2212a3a81 - - - - - -] No more DHCP agents
2026-06-24 23:50:12.400 7 WARNING neutron.api.rpc.agentnotifiers.dhcp_rpc_agent_api [None req-889fe606-d805-4625-a17b-10f2212a3a81 - - - - - -] Unable to schedule network a35e1477-c133-4acc-90f7-fd036a6f06ff: no agents available; will retry on subsequent port and subnet creation events.
2026-06-24 23:50:12.409 8 INFO neutron.db.ovn_revision_numbers_db [None req-e4df1af0-497b-4682-bcbe-0ff83d83c7d4 7e2515864b4a46ee9c4d1236f07cab15 bad9a65bebd6451eae61e7d7bdd8dea3 - - default default] Successfully bumped revision number for resource 62533385-aea8-49ce-9225-c314f6bad393 (type: security_group_rules) to 0
2026-06-24 23:50:12.419 8 INFO neutron.db.ovn_revision_numbers_db [None req-e4df1af0-497b-4682-bcbe-0ff83d83c7d4 7e2515864b4a46ee9c4d1236f07cab15 bad9a65bebd6451eae61e7d7bdd8dea3 - - default default] Successfully bumped revision number for resource 78f66e84-7684-4dae-ae9c-f069bcdeac55 (type: security_group_rules) to 0
2026-06-24 23:50:12.432 8 INFO neutron.db.ovn_revision_numbers_db [None req-e4df1af0-497b-4682-bcbe-0ff83d83c7d4 7e2515864b4a46ee9c4d1236f07cab15 bad9a65bebd6451eae61e7d7bdd8dea3 - - default default] Successfully bumped revision number for resource 7ba50f69-d55e-4c34-9623-9256c45a7d42 (type: security_group_rules) to 0 [pid: 8|app: 0|req: 1146/2205] 10.0.0.234 () {32 vars in 774 bytes} [Wed Jun 24 23:50:12 2026] GET /v2.0/security-groups?tenant_id=8a774fea3f5140e9b962e802f085b3a5&name=default => generated 2925 bytes in 198 msecs (HTTP/1.1 200) 4 headers in 158 bytes (1 switches on core 0)
2026-06-24 23:50:12.520 7 INFO neutron.db.ovn_revision_numbers_db [None req-889fe606-d805-4625-a17b-10f2212a3a81 - - - - - -] Successfully bumped revision number for resource dd86c611-8ffc-41a5-be59-9a073414f578 (type: ports) to 1
2026-06-24 23:50:12.879 8 WARNING neutron.scheduler.dhcp_agent_scheduler [None req-640f26f6-62dd-499c-a350-727c722e0e79 8f757da55965452780e07d05e8144d6e 4bdb47eafcac4f219cab33464c65761b - - default default] No more DHCP agents
2026-06-24 23:50:12.881 8 WARNING neutron.api.rpc.agentnotifiers.dhcp_rpc_agent_api [None req-640f26f6-62dd-499c-a350-727c722e0e79 8f757da55965452780e07d05e8144d6e 4bdb47eafcac4f219cab33464c65761b - - default default] Unable to schedule network 172c1a85-321c-4f8c-a02d-ee3cf42cfd96: no agents available; will retry on subsequent port and subnet creation events.
2026-06-24 23:50:13.026 8 INFO neutron.db.ovn_revision_numbers_db [None req-640f26f6-62dd-499c-a350-727c722e0e79 8f757da55965452780e07d05e8144d6e 4bdb47eafcac4f219cab33464c65761b - - default default] Successfully bumped revision number for resource 1b633dbf-4fe5-4e6a-9349-42922f72a7a9 (type: ports) to 1
2026-06-24 23:50:13.144 7 WARNING neutron.scheduler.dhcp_agent_scheduler [None req-889fe606-d805-4625-a17b-10f2212a3a81 - - - - - -] No more DHCP agents
2026-06-24 23:50:13.145 7 WARNING neutron.api.rpc.agentnotifiers.dhcp_rpc_agent_api [None req-889fe606-d805-4625-a17b-10f2212a3a81 - - - - - -] Unable to schedule network a35e1477-c133-4acc-90f7-fd036a6f06ff: no agents available; will retry on subsequent port and subnet creation events.
2026-06-24 23:50:13.322 8 WARNING neutron.plugins.ml2.drivers.ovn.mech_driver.ovsdb.ovn_client [None req-47dbe931-6e25-4127-8695-791deb0df080 - - - - - -] No hosting information found for port 864ed3fe-ca47-4e06-9372-fb883f090f67: RuntimeError: No hosting information found for port 864ed3fe-ca47-4e06-9372-fb883f090f67
2026-06-24 23:50:13.352 8 INFO neutron.plugins.ml2.drivers.ovn.mech_driver.mech_driver [None req-47dbe931-6e25-4127-8695-791deb0df080 - - - - - -] OVN reports status down for port: 516e637b-7459-4c3b-9008-41a9ea27cb46
2026-06-24 23:50:13.464 8 WARNING neutron.plugins.ml2.drivers.ovn.mech_driver.ovsdb.ovn_client [None req-47dbe931-6e25-4127-8695-791deb0df080 - - - - - -] Logical_Switch_Port 516e637b-7459-4c3b-9008-41a9ea27cb46 host information not removed, the port state is up
2026-06-24 23:50:13.465 8 INFO neutron.plugins.ml2.drivers.ovn.mech_driver.mech_driver [None req-47dbe931-6e25-4127-8695-791deb0df080 - - - - - -] OVN reports status up for port: 516e637b-7459-4c3b-9008-41a9ea27cb46
2026-06-24 23:50:13.476 8 INFO neutron.plugins.ml2.plugin [None req-47dbe931-6e25-4127-8695-791deb0df080 - - - - - -] Attempt 1 to provision port 516e637b-7459-4c3b-9008-41a9ea27cb46
2026-06-24 23:50:13.561 7 WARNING neutron.plugins.ml2.drivers.ovn.mech_driver.ovsdb.ovn_client [None req-0ca5c528-b3df-4944-9095-3917ab483e48 - - - - - -] No port found with ID febde770-d7ca-4ca7-92c7-4f7c2741ed2f: RuntimeError: No port found with ID febde770-d7ca-4ca7-92c7-4f7c2741ed2f
2026-06-24 23:50:13.588 7 INFO neutron.plugins.ml2.drivers.ovn.mech_driver.mech_driver [None req-0ca5c528-b3df-4944-9095-3917ab483e48 - - - - - -] OVN reports status down for port: 3e8338d7-3ba5-400d-9565-4c8a074e3014
2026-06-24 23:50:13.608 7 INFO neutron.db.ovn_revision_numbers_db [None req-889fe606-d805-4625-a17b-10f2212a3a81 - - - - - -] Successfully bumped revision number for resource dd86c611-8ffc-41a5-be59-9a073414f578 (type: router_ports) to 1
2026-06-24 23:50:13.681 7 INFO neutron.plugins.ml2.drivers.ovn.mech_driver.mech_driver [None req-0ca5c528-b3df-4944-9095-3917ab483e48 - - - - - -] OVN reports status down for port: 1b633dbf-4fe5-4e6a-9349-42922f72a7a9
2026-06-24 23:50:13.828 7 WARNING neutron.scheduler.dhcp_agent_scheduler [None req-889fe606-d805-4625-a17b-10f2212a3a81 - - - - - -] No more DHCP agents
2026-06-24 23:50:13.829 7 WARNING neutron.api.rpc.agentnotifiers.dhcp_rpc_agent_api [None req-889fe606-d805-4625-a17b-10f2212a3a81 - - - - - -] Unable to schedule network a35e1477-c133-4acc-90f7-fd036a6f06ff: no agents available; will retry on subsequent port and subnet creation events.
2026-06-24 23:50:13.912 7 INFO neutron.plugins.ml2.drivers.ovn.mech_driver.mech_driver [None req-0ca5c528-b3df-4944-9095-3917ab483e48 - - - - - -] OVN reports status down for port: 94bebafc-2f64-459d-8d55-bfbda354332e
2026-06-24 23:50:13.976 7 INFO neutron.db.ovn_revision_numbers_db [None req-889fe606-d805-4625-a17b-10f2212a3a81 - - - - - -] Successfully bumped revision number for resource 94bebafc-2f64-459d-8d55-bfbda354332e (type: ports) to 1
2026-06-24 23:50:14.051 8 INFO neutron.plugins.ml2.drivers.ovn.mech_driver.ovsdb.commands [None req-dd006c11-6821-4d30-af2a-db09cde640df - - - - - -] Schedule LRP lrp-1b633dbf-4fe5-4e6a-9349-42922f72a7a9 on gateway 313a0498-f799-43df-b37d-930b12470707 with priority 1
2026-06-24 23:50:14.111 7 INFO neutron.plugins.ml2.drivers.ovn.mech_driver.mech_driver [None req-0ca5c528-b3df-4944-9095-3917ab483e48 - - - - - -] OVN reports status up for port: 1b633dbf-4fe5-4e6a-9349-42922f72a7a9
2026-06-24 23:50:14.141 7 INFO neutron.plugins.ml2.plugin [None req-0ca5c528-b3df-4944-9095-3917ab483e48 - - - - - -] Attempt 1 to provision port 1b633dbf-4fe5-4e6a-9349-42922f72a7a9
2026-06-24 23:50:14.182 8 INFO neutron.db.ovn_revision_numbers_db [None req-640f26f6-62dd-499c-a350-727c722e0e79 8f757da55965452780e07d05e8144d6e 4bdb47eafcac4f219cab33464c65761b - - default default] Successfully bumped revision number for resource 1b633dbf-4fe5-4e6a-9349-42922f72a7a9 (type: router_ports) to 1
2026-06-24 23:50:14.360 8 INFO neutron.db.ovn_revision_numbers_db [None req-47dbe931-6e25-4127-8695-791deb0df080 - - - - - -] Successfully bumped revision number for resource 516e637b-7459-4c3b-9008-41a9ea27cb46 (type: ports) to 2
2026-06-24 23:50:14.364 7 INFO neutron.db.ovn_revision_numbers_db [None req-889fe606-d805-4625-a17b-10f2212a3a81 - - - - - -] Successfully bumped revision number for resource 94bebafc-2f64-459d-8d55-bfbda354332e (type: ports) to 3
2026-06-24 23:50:14.364 8 INFO neutron.db.ovn_revision_numbers_db [None req-640f26f6-62dd-499c-a350-727c722e0e79 8f757da55965452780e07d05e8144d6e 4bdb47eafcac4f219cab33464c65761b - - default default] Successfully bumped revision number for resource 26b7eeee-1c56-4255-b8b7-f30418127a60 (type: routers) to 2 [pid: 8|app: 0|req: 1147/2206] 10.0.0.234 () {34 vars in 669 bytes} [Wed Jun 24 23:50:12 2026] POST /v2.0/routers => generated 947 bytes in 1935 msecs (HTTP/1.1 201) 4 headers in 162 bytes (1 switches on core 0) /var/lib/openstack/lib/python3.12/site-packages/pycadf/identifier.py:70: UserWarning: Invalid uuid: neutron. To ensure interoperability, identifiers should be a valid uuid. warnings.warn(('Invalid uuid: %s. To ensure interoperability, ' [pid: 8|app: 0|req: 1148/2207] 10.0.0.41 () {28 vars in 582 bytes} [Wed Jun 24 23:50:14 2026] GET /v2.0/subnets => generated 5323 bytes in 89 msecs (HTTP/1.1 200) 4 headers in 158 bytes (1 switches on core 0) [pid: 7|app: 0|req: 1060/2208] 10.0.0.234 () {34 vars in 685 bytes} [Wed Jun 24 23:50:10 2026] POST /v2.0/vpn/vpnservices => generated 457 bytes in 4245 msecs (HTTP/1.1 201) 4 headers in 162 bytes (1 switches on core 0) [pid: 7|app: 0|req: 1061/2209] 10.0.0.234 () {32 vars in 740 bytes} [Wed Jun 24 23:50:14 2026] DELETE /v2.0/security-groups/3974ca40-5e41-49bf-9f70-f2c3f73193ab => generated 0 bytes in 149 msecs (HTTP/1.1 204) 2 headers in 112 bytes (1 switches on core 0) [pid: 8|app: 0|req: 1149/2210] 10.0.0.234 () {32 vars in 740 bytes} [Wed Jun 24 23:50:14 2026] DELETE /v2.0/security-groups/8cd76f40-d0c9-4b42-81ba-a5335ffafaf5 => generated 0 bytes in 266 msecs (HTTP/1.1 204) 2 headers in 112 bytes (1 switches on core 0) [pid: 7|app: 0|req: 1062/2211] 10.0.0.234 () {32 vars in 721 bytes} [Wed Jun 24 23:50:14 2026] GET /v2.0/routers/26b7eeee-1c56-4255-b8b7-f30418127a60 => generated 953 bytes in 76 msecs (HTTP/1.1 200) 4 headers in 157 bytes (1 switches on core 0) [pid: 7|app: 0|req: 1063/2212] 10.0.0.234 () {32 vars in 663 bytes} [Wed Jun 24 23:50:14 2026] GET /v2.0/vpn/vpnservices => generated 1306 bytes in 11 msecs (HTTP/1.1 200) 4 headers in 158 bytes (1 switches on core 0)
2026-06-24 23:50:14.793 7 INFO neutron.api.v2.resource [None req-8c472c97-7808-49aa-b261-69142e8e50f1 2105d3d45ae145f0b1ea9eb00a53a5cf 6ed68cbdff9f473ea89a4bbf7f38c1dc - - default default] show failed (client error): The resource could not be found. [pid: 7|app: 0|req: 1064/2213] 10.0.0.234 () {32 vars in 737 bytes} [Wed Jun 24 23:50:14 2026] GET /v2.0/security-groups/3974ca40-5e41-49bf-9f70-f2c3f73193ab => generated 146 bytes in 10 msecs (HTTP/1.1 404) 4 headers in 164 bytes (1 switches on core 0) [pid: 7|app: 0|req: 1065/2214] 10.0.0.234 () {32 vars in 647 bytes} [Wed Jun 24 23:50:14 2026] GET /v2.0/routers => generated 956 bytes in 60 msecs (HTTP/1.1 200) 4 headers in 157 bytes (1 switches on core 0) [pid: 8|app: 0|req: 1150/2215] 10.0.0.41 () {28 vars in 582 bytes} [Wed Jun 24 23:50:14 2026] GET /v2.0/routers => generated 4892 bytes in 128 msecs (HTTP/1.1 200) 4 headers in 158 bytes (1 switches on core 0)
2026-06-24 23:50:15.002 8 INFO neutron_taas.services.taas.taas_plugin [None req-5bade71b-eb6e-4770-8c24-f373abdfd068 2105d3d45ae145f0b1ea9eb00a53a5cf 6ed68cbdff9f473ea89a4bbf7f38c1dc - - default default] TaaS: Handle Delete Port: d1a1689d-3178-4ed5-b694-be79684dbcba
2026-06-24 23:50:15.004 8 INFO neutron_taas.services.taas.tap_mirror_plugin [None req-5bade71b-eb6e-4770-8c24-f373abdfd068 2105d3d45ae145f0b1ea9eb00a53a5cf 6ed68cbdff9f473ea89a4bbf7f38c1dc - - default default] Tap Mirror: Handle Delete Port: d1a1689d-3178-4ed5-b694-be79684dbcba [pid: 8|app: 0|req: 1151/2216] 10.0.0.234 () {32 vars in 732 bytes} [Wed Jun 24 23:50:14 2026] DELETE /v2.0/floatingips/3afe3048-6a6e-410c-8921-a8bbcf22d477 => generated 0 bytes in 269 msecs (HTTP/1.1 204) 2 headers in 112 bytes (1 switches on core 0)
2026-06-24 23:50:15.568 8 INFO neutron.db.ovn_revision_numbers_db [None req-f78604d9-f151-47be-af09-2dccc7e0b996 8f757da55965452780e07d05e8144d6e 4bdb47eafcac4f219cab33464c65761b - - default default] Successfully bumped revision number for resource 26b7eeee-1c56-4255-b8b7-f30418127a60 (type: routers) to 3 [pid: 8|app: 0|req: 1152/2217] 10.0.0.234 () {34 vars in 741 bytes} [Wed Jun 24 23:50:15 2026] PUT /v2.0/routers/26b7eeee-1c56-4255-b8b7-f30418127a60 => generated 960 bytes in 420 msecs (HTTP/1.1 200) 4 headers in 157 bytes (1 switches on core 0) [pid: 8|app: 0|req: 1153/2218] 10.0.0.41 () {28 vars in 623 bytes} [Wed Jun 24 23:50:15 2026] GET /v2.0/agents?binary=ovn-controller => generated 416 bytes in 10 msecs (HTTP/1.1 200) 4 headers in 157 bytes (1 switches on core 0)
2026-06-24 23:50:15.636 7 INFO neutron_taas.services.taas.taas_plugin [None req-f71d3fe0-a99d-4438-930f-0af22a494fa4 ba6170e6cebf452daea1bfc609fe97d8 15ab18d51ef94cc29f1e3613d9247c94 - - default default] TaaS: Handle Delete Port: 4b6796fb-e5b2-4b6c-a042-8d86f9f91753
2026-06-24 23:50:15.639 7 INFO neutron_taas.services.taas.tap_mirror_plugin [None req-f71d3fe0-a99d-4438-930f-0af22a494fa4 ba6170e6cebf452daea1bfc609fe97d8 15ab18d51ef94cc29f1e3613d9247c94 - - default default] Tap Mirror: Handle Delete Port: 4b6796fb-e5b2-4b6c-a042-8d86f9f91753
2026-06-24 23:50:15.710 8 INFO neutron.db.ovn_revision_numbers_db [None req-96b97cfd-0ca4-4b06-a804-f021ae2c9fed 7e2515864b4a46ee9c4d1236f07cab15 bad9a65bebd6451eae61e7d7bdd8dea3 - - default default] Successfully bumped revision number for resource d559a2fc-ab0b-4220-8523-fc327c46e99a (type: security_groups) to 1
2026-06-24 23:50:15.723 8 INFO neutron.db.ovn_revision_numbers_db [None req-96b97cfd-0ca4-4b06-a804-f021ae2c9fed 7e2515864b4a46ee9c4d1236f07cab15 bad9a65bebd6451eae61e7d7bdd8dea3 - - default default] Successfully bumped revision number for resource 59f07b6d-78d8-4b46-b445-521eef14b540 (type: security_group_rules) to 0
2026-06-24 23:50:15.734 8 INFO neutron.db.ovn_revision_numbers_db [None req-96b97cfd-0ca4-4b06-a804-f021ae2c9fed 7e2515864b4a46ee9c4d1236f07cab15 bad9a65bebd6451eae61e7d7bdd8dea3 - - default default] Successfully bumped revision number for resource d376817b-e280-47bd-b705-dfa136b8c918 (type: security_group_rules) to 0
2026-06-24 23:50:15.746 8 INFO neutron.db.ovn_revision_numbers_db [None req-96b97cfd-0ca4-4b06-a804-f021ae2c9fed 7e2515864b4a46ee9c4d1236f07cab15 bad9a65bebd6451eae61e7d7bdd8dea3 - - default default] Successfully bumped revision number for resource d856cd18-56f8-4681-bec8-825cac8018b6 (type: security_group_rules) to 0
2026-06-24 23:50:15.758 8 INFO neutron.db.ovn_revision_numbers_db [None req-96b97cfd-0ca4-4b06-a804-f021ae2c9fed 7e2515864b4a46ee9c4d1236f07cab15 bad9a65bebd6451eae61e7d7bdd8dea3 - - default default] Successfully bumped revision number for resource fa6b3f8c-f0db-4874-b26c-315e81a8bce5 (type: security_group_rules) to 0 [pid: 8|app: 0|req: 1154/2219] 10.0.0.234 () {32 vars in 774 bytes} [Wed Jun 24 23:50:15 2026] GET /v2.0/security-groups?tenant_id=c1969fade4e64cd496dd21334a8353e1&name=default => generated 2925 bytes in 221 msecs (HTTP/1.1 200) 4 headers in 158 bytes (1 switches on core 0)
2026-06-24 23:50:15.910 7 INFO neutron_taas.services.taas.taas_plugin [None req-56734aca-715b-4638-a1eb-ba9774dbf458 - - - - - -] TaaS: Handle Delete Port: 94bebafc-2f64-459d-8d55-bfbda354332e
2026-06-24 23:50:15.913 7 INFO neutron_taas.services.taas.tap_mirror_plugin [None req-56734aca-715b-4638-a1eb-ba9774dbf458 - - - - - -] Tap Mirror: Handle Delete Port: 94bebafc-2f64-459d-8d55-bfbda354332e [pid: 8|app: 0|req: 1155/2220] 10.0.0.234 () {32 vars in 740 bytes} [Wed Jun 24 23:50:15 2026] DELETE /v2.0/security-groups/d0aad2c7-12a8-402f-b7ab-228703cb1d36 => generated 0 bytes in 198 msecs (HTTP/1.1 204) 2 headers in 112 bytes (1 switches on core 0) [pid: 8|app: 0|req: 1156/2221] 10.0.0.234 () {32 vars in 721 bytes} [Wed Jun 24 23:50:16 2026] GET /v2.0/routers/26b7eeee-1c56-4255-b8b7-f30418127a60 => generated 960 bytes in 99 msecs (HTTP/1.1 200) 4 headers in 157 bytes (1 switches on core 0) [pid: 8|app: 0|req: 1157/2222] 10.0.0.41 () {28 vars in 584 bytes} [Wed Jun 24 23:50:16 2026] GET /v2.0/networks => generated 6923 bytes in 92 msecs (HTTP/1.1 200) 4 headers in 158 bytes (1 switches on core 0)
2026-06-24 23:50:16.421 7 INFO neutron_taas.services.taas.taas_plugin [None req-d2c339ed-1ed3-42d8-81ab-43cfdca199e1 - - - - - -] TaaS: Handle Delete Port: dd86c611-8ffc-41a5-be59-9a073414f578
2026-06-24 23:50:16.426 7 INFO neutron_taas.services.taas.tap_mirror_plugin [None req-d2c339ed-1ed3-42d8-81ab-43cfdca199e1 - - - - - -] Tap Mirror: Handle Delete Port: dd86c611-8ffc-41a5-be59-9a073414f578 [pid: 8|app: 0|req: 1158/2223] 10.0.0.234 () {32 vars in 740 bytes} [Wed Jun 24 23:50:16 2026] DELETE /v2.0/security-groups/d559a2fc-ab0b-4220-8523-fc327c46e99a => generated 0 bytes in 269 msecs (HTTP/1.1 204) 2 headers in 112 bytes (1 switches on core 0)
2026-06-24 23:50:16.782 8 INFO neutron_taas.services.taas.taas_plugin [None req-b25b6f28-3ff9-4840-849c-f60850568b84 7e2515864b4a46ee9c4d1236f07cab15 bad9a65bebd6451eae61e7d7bdd8dea3 - - default default] TaaS: Handle Delete Port: 6b310187-a8fc-4d5c-9c19-87880a81e70d
2026-06-24 23:50:16.785 8 INFO neutron_taas.services.taas.tap_mirror_plugin [None req-b25b6f28-3ff9-4840-849c-f60850568b84 7e2515864b4a46ee9c4d1236f07cab15 bad9a65bebd6451eae61e7d7bdd8dea3 - - default default] Tap Mirror: Handle Delete Port: 6b310187-a8fc-4d5c-9c19-87880a81e70d
2026-06-24 23:50:17.369 7 INFO neutron_taas.services.taas.taas_plugin [None req-d2c339ed-1ed3-42d8-81ab-43cfdca199e1 - - - - - -] TaaS: Handle Delete Port: 3e8338d7-3ba5-400d-9565-4c8a074e3014
