2026-04-23 01:27:28.823 10 INFO neutron.db.ovn_revision_numbers_db [None req-540aa880-b8b1-4221-8fac-9efb39a8df63 0eeba1160bdb41448461231bf3b2aee0 6a4ddc12ff6044efa6a6bd9b595174c8 - - default default] Successfully bumped revision number for resource ee128080-8755-4525-8552-ea2b9cfebd5c (type: security_group_rules) to 0
2026-04-23 01:27:28.850 10 INFO neutron.wsgi [None req-540aa880-b8b1-4221-8fac-9efb39a8df63 0eeba1160bdb41448461231bf3b2aee0 6a4ddc12ff6044efa6a6bd9b595174c8 - - default default] 10.0.0.68 "GET /v2.0/security-groups?tenant_id=a951115290554b7bafaa43abfaa54d45&name=default HTTP/1.1" status: 200 len: 3120 time: 0.4443583
2026-04-23 01:27:28.899 10 INFO neutron.db.ovn_revision_numbers_db [None req-d82aeaa9-2651-4549-8b9d-2970f5efe83f ee220b7581044d1eb0705f43789d751f cd1c1c395a994abfb877c34e94f2d83b - - default default] Successfully bumped revision number for resource 832fd070-f68c-4c31-9246-b1062802115f (type: security_group_rules) to 0
2026-04-23 01:27:28.924 10 INFO neutron.wsgi [None req-d82aeaa9-2651-4549-8b9d-2970f5efe83f ee220b7581044d1eb0705f43789d751f cd1c1c395a994abfb877c34e94f2d83b - - default default] 10.0.0.68 "POST /v2.0/security-group-rules HTTP/1.1" status: 201 len: 805 time: 0.1698189
2026-04-23 01:27:29.124 9 INFO neutron.wsgi [None req-dd269368-b0e8-48da-899f-c9ee04b1fe4f 0eeba1160bdb41448461231bf3b2aee0 6a4ddc12ff6044efa6a6bd9b595174c8 - - default default] 10.0.0.68 "DELETE /v2.0/security-groups/ac3d1462-6e22-47f9-aa07-04bda089d39c HTTP/1.1" status: 204 len: 168 time: 0.2691047
2026-04-23 01:27:29.261 10 INFO neutron.wsgi [None req-d38d7e92-22d3-45df-b844-2e3e64546279 0eeba1160bdb41448461231bf3b2aee0 6a4ddc12ff6044efa6a6bd9b595174c8 - - default default] 10.0.0.68 "GET /v2.0/security-groups?tenant_id=be3e7969bb5e4cb4b0a61485101bd284&name=default HTTP/1.1" status: 200 len: 3120 time: 0.0444305
2026-04-23 01:27:29.374 10 WARNING neutron_lib.context [None req-54b74bf7-3bce-4d5e-8ba6-2fcb00655198 ee220b7581044d1eb0705f43789d751f cd1c1c395a994abfb877c34e94f2d83b - - default default] Method 'is_advsvc' is deprecated since 2023.2 release (neutron-lib 3.8.0) and will be removed once support for the old RBAC API policies will be removed from Neutron. Please use method 'is_service_role' instead.
2026-04-23 01:27:29.522 10 INFO neutron.db.ovn_revision_numbers_db [None req-54b74bf7-3bce-4d5e-8ba6-2fcb00655198 ee220b7581044d1eb0705f43789d751f cd1c1c395a994abfb877c34e94f2d83b - - default default] Successfully bumped revision number for resource 0ad7d439-5a80-442b-b88f-ffcd7862d424 (type: security_groups) to 1
2026-04-23 01:27:29.537 10 INFO neutron.db.ovn_revision_numbers_db [None req-54b74bf7-3bce-4d5e-8ba6-2fcb00655198 ee220b7581044d1eb0705f43789d751f cd1c1c395a994abfb877c34e94f2d83b - - default default] Successfully bumped revision number for resource 9643240f-beb3-477f-a869-26333742ca4f (type: security_group_rules) to 0
2026-04-23 01:27:29.541 10 INFO neutron.wsgi [None req-8c913dcb-ed5d-4581-a4f6-63ed95ce5879 0eeba1160bdb41448461231bf3b2aee0 6a4ddc12ff6044efa6a6bd9b595174c8 - - default default] 10.0.0.68 "DELETE /v2.0/security-groups/8d73f46b-de3e-4b45-84b6-c2293d2390e5 HTTP/1.1" status: 204 len: 168 time: 0.2756369
2026-04-23 01:27:29.553 10 INFO neutron.db.ovn_revision_numbers_db [None req-54b74bf7-3bce-4d5e-8ba6-2fcb00655198 ee220b7581044d1eb0705f43789d751f cd1c1c395a994abfb877c34e94f2d83b - - default default] Successfully bumped revision number for resource 9d7f7f81-ade1-4969-a8ca-19e62cf6bd12 (type: security_group_rules) to 0
2026-04-23 01:27:29.573 10 INFO neutron.wsgi [None req-54b74bf7-3bce-4d5e-8ba6-2fcb00655198 ee220b7581044d1eb0705f43789d751f cd1c1c395a994abfb877c34e94f2d83b - - default default] 10.0.0.68 "POST /v2.0/security-groups HTTP/1.1" status: 201 len: 1861 time: 0.2040241
2026-04-23 01:27:29.586 9 WARNING neutron_lib.context [None req-0bef3c17-cc66-4280-b79f-4b4a3baac1b5 ee220b7581044d1eb0705f43789d751f cd1c1c395a994abfb877c34e94f2d83b - - default default] Method 'is_advsvc' is deprecated since 2023.2 release (neutron-lib 3.8.0) and will be removed once support for the old RBAC API policies will be removed from Neutron. Please use method 'is_service_role' instead.
2026-04-23 01:27:29.730 9 INFO neutron.db.ovn_revision_numbers_db [None req-0bef3c17-cc66-4280-b79f-4b4a3baac1b5 ee220b7581044d1eb0705f43789d751f cd1c1c395a994abfb877c34e94f2d83b - - default default] Successfully bumped revision number for resource 30a5f683-5de5-428b-94f2-434e4278ca60 (type: security_group_rules) to 0
2026-04-23 01:27:29.753 9 INFO neutron.wsgi [None req-0bef3c17-cc66-4280-b79f-4b4a3baac1b5 ee220b7581044d1eb0705f43789d751f cd1c1c395a994abfb877c34e94f2d83b - - default default] 10.0.0.68 "POST /v2.0/security-group-rules HTTP/1.1" status: 201 len: 796 time: 0.1741612
2026-04-23 01:27:29.764 9 WARNING neutron_lib.context [None req-32450295-fe5d-4750-b490-6973bf544790 ee220b7581044d1eb0705f43789d751f cd1c1c395a994abfb877c34e94f2d83b - - default default] Method 'is_advsvc' is deprecated since 2023.2 release (neutron-lib 3.8.0) and will be removed once support for the old RBAC API policies will be removed from Neutron. Please use method 'is_service_role' instead.
2026-04-23 01:27:29.881 9 INFO neutron.db.ovn_revision_numbers_db [None req-32450295-fe5d-4750-b490-6973bf544790 ee220b7581044d1eb0705f43789d751f cd1c1c395a994abfb877c34e94f2d83b - - default default] Successfully bumped revision number for resource d2a1fff3-a50c-47c2-9bb8-7e9eee333374 (type: security_group_rules) to 0
2026-04-23 01:27:29.910 9 INFO neutron.wsgi [None req-32450295-fe5d-4750-b490-6973bf544790 ee220b7581044d1eb0705f43789d751f cd1c1c395a994abfb877c34e94f2d83b - - default default] 10.0.0.68 "POST /v2.0/security-group-rules HTTP/1.1" status: 201 len: 801 time: 0.1503963
2026-04-23 01:27:29.927 9 WARNING neutron_lib.context [None req-df79c02c-7f69-4ee5-9def-9256d756b3bd ee220b7581044d1eb0705f43789d751f cd1c1c395a994abfb877c34e94f2d83b - - default default] Method 'is_advsvc' is deprecated since 2023.2 release (neutron-lib 3.8.0) and will be removed once support for the old RBAC API policies will be removed from Neutron. Please use method 'is_service_role' instead.
2026-04-23 01:27:30.162 9 WARNING neutron.scheduler.dhcp_agent_scheduler [None req-df79c02c-7f69-4ee5-9def-9256d756b3bd ee220b7581044d1eb0705f43789d751f cd1c1c395a994abfb877c34e94f2d83b - - default default] No more DHCP agents
2026-04-23 01:27:30.164 9 WARNING neutron.api.rpc.agentnotifiers.dhcp_rpc_agent_api [None req-df79c02c-7f69-4ee5-9def-9256d756b3bd ee220b7581044d1eb0705f43789d751f cd1c1c395a994abfb877c34e94f2d83b - - default default] Unable to schedule network 972385ad-3565-4712-abbc-3ddb5cba818d: no agents available; will retry on subsequent port and subnet creation events.
2026-04-23 01:27:30.503 9 INFO neutron.wsgi [None req-df79c02c-7f69-4ee5-9def-9256d756b3bd ee220b7581044d1eb0705f43789d751f cd1c1c395a994abfb877c34e94f2d83b - - default default] 10.0.0.68 "POST /v2.0/floatingips HTTP/1.1" status: 201 len: 751 time: 0.5813739
2026-04-23 01:27:30.626 10 INFO neutron.wsgi [req-af9bfcc3-da41-4c2c-b2f9-d4b51ef55e69 req-305fae98-b4dc-4c5f-8356-9e785cc372fb ee220b7581044d1eb0705f43789d751f cd1c1c395a994abfb877c34e94f2d83b - - default default] 10.0.0.146 "GET /v2.0/security-groups?name=tempest-secgroup-smoke-1723783594&fields=id&tenant_id=cd1c1c395a994abfb877c34e94f2d83b HTTP/1.1" status: 200 len: 267 time: 0.0479207
2026-04-23 01:27:30.670 10 INFO neutron.wsgi [req-af9bfcc3-da41-4c2c-b2f9-d4b51ef55e69 req-15db67dd-ad50-436c-8a73-e347405c36ee ee220b7581044d1eb0705f43789d751f cd1c1c395a994abfb877c34e94f2d83b - - default default] 10.0.0.146 "GET /v2.0/security-groups?name=tempest-securitygroup--1677068703&fields=id&tenant_id=cd1c1c395a994abfb877c34e94f2d83b HTTP/1.1" status: 200 len: 267 time: 0.0361528
2026-04-23 01:27:30.765 10 INFO neutron.wsgi [req-af9bfcc3-da41-4c2c-b2f9-d4b51ef55e69 req-a823571b-07fa-497f-b704-bde565735657 ee220b7581044d1eb0705f43789d751f cd1c1c395a994abfb877c34e94f2d83b - - default default] 10.0.0.146 "GET /v2.0/networks?id=87d03601-db1a-46fb-bdb9-46f182932d45 HTTP/1.1" status: 200 len: 872 time: 0.0870998
2026-04-23 01:27:30.780 10 INFO neutron.wsgi [req-af9bfcc3-da41-4c2c-b2f9-d4b51ef55e69 req-ece64801-eca8-4c97-8f5a-a567602eed3b ee220b7581044d1eb0705f43789d751f cd1c1c395a994abfb877c34e94f2d83b - - default default] 10.0.0.146 "GET /v2.0/quotas/cd1c1c395a994abfb877c34e94f2d83b HTTP/1.1" status: 200 len: 491 time: 0.0077696
2026-04-23 01:27:30.893 10 INFO neutron.wsgi [req-af9bfcc3-da41-4c2c-b2f9-d4b51ef55e69 req-3a8aadb2-5094-4413-8b7b-625d3362ea89 ee220b7581044d1eb0705f43789d751f cd1c1c395a994abfb877c34e94f2d83b - - default default] 10.0.0.146 "GET /v2.0/ports?tenant_id=cd1c1c395a994abfb877c34e94f2d83b&fields=id HTTP/1.1" status: 200 len: 302 time: 0.1086142
2026-04-23 01:27:30.973 10 INFO neutron.wsgi [req-af9bfcc3-da41-4c2c-b2f9-d4b51ef55e69 req-86d0322c-2a7d-4fde-b014-8f56a2550b5c 42cf36478136434db3270fcbc5344f56 b9ee4f74b5054b83875cc34b12576d9f - - a7ed30a739404a2197aa32eb983b8e68 a7ed30a739404a2197aa32eb983b8e68] 10.0.0.146 "GET /v2.0/networks/87d03601-db1a-46fb-bdb9-46f182932d45?fields=segments HTTP/1.1" status: 200 len: 212 time: 0.0683873
2026-04-23 01:27:31.039 10 INFO neutron.wsgi [req-af9bfcc3-da41-4c2c-b2f9-d4b51ef55e69 req-a2077550-3f46-4cae-808f-4e2bc8bdc555 42cf36478136434db3270fcbc5344f56 b9ee4f74b5054b83875cc34b12576d9f - - a7ed30a739404a2197aa32eb983b8e68 a7ed30a739404a2197aa32eb983b8e68] 10.0.0.146 "GET /v2.0/networks/87d03601-db1a-46fb-bdb9-46f182932d45?fields=provider%3Aphysical_network&fields=provider%3Anetwork_type HTTP/1.1" status: 200 len: 277 time: 0.0624533
2026-04-23 01:27:31.207 10 INFO neutron.wsgi [req-35a71c29-9be3-482f-9109-8a55394aad83 req-1534c02a-2e2c-4553-8900-3e5380629fd2 ee220b7581044d1eb0705f43789d751f cd1c1c395a994abfb877c34e94f2d83b - - default default] 10.0.0.146 "GET /v2.0/ports?device_id=fd63c787-f04f-4f6c-8d86-6b8b3f513e59 HTTP/1.1" status: 200 len: 210 time: 0.0342686
2026-04-23 01:27:31.884 10 WARNING neutron.plugins.ml2.drivers.ovn.mech_driver.ovsdb.ovn_client [None req-8d099bd5-3702-4535-9a1e-086901901d26 - - - - - -] No hosting information found for port 3644e323-7f4c-423d-a7a8-daee21876898: RuntimeError: No hosting information found for port 3644e323-7f4c-423d-a7a8-daee21876898
2026-04-23 01:27:31.961 10 INFO neutron.wsgi [req-af9bfcc3-da41-4c2c-b2f9-d4b51ef55e69 req-549f48f1-3458-4f30-b647-b98ebad6a7c7 ee220b7581044d1eb0705f43789d751f cd1c1c395a994abfb877c34e94f2d83b - - default default] 199.204.45.22 "GET /v2.0/networks?id=87d03601-db1a-46fb-bdb9-46f182932d45 HTTP/1.1" status: 200 len: 872 time: 0.0637915
2026-04-23 01:27:32.022 10 INFO neutron.wsgi [req-af9bfcc3-da41-4c2c-b2f9-d4b51ef55e69 req-5064438c-7704-4fdd-adb5-e87e363879a4 ee220b7581044d1eb0705f43789d751f cd1c1c395a994abfb877c34e94f2d83b - - default default] 199.204.45.22 "GET /v2.0/security-groups?fields=id&fields=name&tenant_id=cd1c1c395a994abfb877c34e94f2d83b HTTP/1.1" status: 200 len: 473 time: 0.0542691
2026-04-23 01:27:32.032 10 WARNING neutron_lib.context [req-af9bfcc3-da41-4c2c-b2f9-d4b51ef55e69 req-7aa5bfdd-6745-4633-bdb0-4badec913f66 ee220b7581044d1eb0705f43789d751f cd1c1c395a994abfb877c34e94f2d83b - - default default] Method 'is_advsvc' is deprecated since 2023.2 release (neutron-lib 3.8.0) and will be removed once support for the old RBAC API policies will be removed from Neutron. Please use method 'is_service_role' instead.
2026-04-23 01:27:32.303 10 INFO neutron.wsgi [req-05ad1cf5-bf29-4ea7-9494-564383e44a4d req-c28b91fc-2ebf-438e-b87d-388cc8adb24e ee220b7581044d1eb0705f43789d751f cd1c1c395a994abfb877c34e94f2d83b - - default default] 10.0.0.146 "GET /v2.0/ports?device_id=fd63c787-f04f-4f6c-8d86-6b8b3f513e59 HTTP/1.1" status: 200 len: 210 time: 0.0295756
2026-04-23 01:27:32.371 9 INFO neutron.wsgi [None req-83952785-7bd0-4bd6-add5-3741fd13da5a 4f4a171e350b427ea8686df90e8bcaff 04b1d257a2294726b0c82ae5a140c545 - - default default] 10.0.0.68 "POST /v2.0/qos/policies HTTP/1.1" status: 201 len: 558 time: 0.2209342
2026-04-23 01:27:32.398 10 WARNING neutron.scheduler.dhcp_agent_scheduler [req-af9bfcc3-da41-4c2c-b2f9-d4b51ef55e69 req-7aa5bfdd-6745-4633-bdb0-4badec913f66 ee220b7581044d1eb0705f43789d751f cd1c1c395a994abfb877c34e94f2d83b - - default default] No more DHCP agents
2026-04-23 01:27:32.399 10 WARNING neutron.api.rpc.agentnotifiers.dhcp_rpc_agent_api [req-af9bfcc3-da41-4c2c-b2f9-d4b51ef55e69 req-7aa5bfdd-6745-4633-bdb0-4badec913f66 ee220b7581044d1eb0705f43789d751f cd1c1c395a994abfb877c34e94f2d83b - - default default] Unable to schedule network 87d03601-db1a-46fb-bdb9-46f182932d45: no agents available; will retry on subsequent port and subnet creation events.
2026-04-23 01:27:32.411 9 INFO neutron.wsgi [None req-4750a09f-5149-4e2a-bc81-74f6765732c1 4f4a171e350b427ea8686df90e8bcaff 04b1d257a2294726b0c82ae5a140c545 - - default default] 10.0.0.68 "POST /v2.0/qos/policies HTTP/1.1" status: 201 len: 558 time: 0.0349655
2026-04-23 01:27:32.451 9 INFO neutron.wsgi [None req-471bd7aa-846a-48eb-8abb-6d17e28e470b 4f4a171e350b427ea8686df90e8bcaff 04b1d257a2294726b0c82ae5a140c545 - - default default] 10.0.0.68 "POST /v2.0/qos/policies HTTP/1.1" status: 201 len: 558 time: 0.0341523 /var/lib/openstack/lib/python3.10/site-packages/pycadf/identifier.py:71: UserWarning: Invalid uuid: neutron. To ensure interoperability, identifiers should be a valid uuid. warnings.warn(('Invalid uuid: %s. To ensure interoperability, '
2026-04-23 01:27:32.465 9 INFO neutron.wsgi [-] 10.0.0.100 "GET / HTTP/1.1" status: 200 len: 246 time: 0.0016263
2026-04-23 01:27:32.467 9 INFO neutron.wsgi [-] 10.0.0.100 "GET / HTTP/1.1" status: 200 len: 246 time: 0.0011983
2026-04-23 01:27:32.520 10 INFO neutron.wsgi [None req-35c04c8f-9dc7-4acc-b2af-c6f1cd4207a6 4f4a171e350b427ea8686df90e8bcaff 04b1d257a2294726b0c82ae5a140c545 - - default default] 10.0.0.68 "POST /v2.0/qos/policies HTTP/1.1" status: 201 len: 558 time: 0.0642328
2026-04-23 01:27:32.575 9 INFO neutron.wsgi [None req-cb5ba1f1-83a8-4b33-aa2b-3c71afec7cf8 4f4a171e350b427ea8686df90e8bcaff 04b1d257a2294726b0c82ae5a140c545 - - default default] 10.0.0.68 "POST /v2.0/qos/policies HTTP/1.1" status: 201 len: 558 time: 0.0502203
2026-04-23 01:27:32.579 10 INFO neutron.db.ovn_revision_numbers_db [req-af9bfcc3-da41-4c2c-b2f9-d4b51ef55e69 req-7aa5bfdd-6745-4633-bdb0-4badec913f66 ee220b7581044d1eb0705f43789d751f cd1c1c395a994abfb877c34e94f2d83b - - default default] Successfully bumped revision number for resource 6aaabd58-b075-4487-a443-21d518038267 (type: ports) to 1
2026-04-23 01:27:32.600 10 INFO neutron.wsgi [req-af9bfcc3-da41-4c2c-b2f9-d4b51ef55e69 req-7aa5bfdd-6745-4633-bdb0-4badec913f66 ee220b7581044d1eb0705f43789d751f cd1c1c395a994abfb877c34e94f2d83b - - default default] 199.204.45.22 "POST /v2.0/ports HTTP/1.1" status: 201 len: 1201 time: 0.5733511
2026-04-23 01:27:32.607 9 INFO neutron.wsgi [None req-51e95124-8b5d-4b33-bb17-8b8dde4bbc72 4f4a171e350b427ea8686df90e8bcaff 04b1d257a2294726b0c82ae5a140c545 - - default default] 10.0.0.68 "PUT /v2.0/policies/c3223b99-9818-41b8-b3d6-4906240fe1de/tags HTTP/1.1" status: 200 len: 210 time: 0.0269063
2026-04-23 01:27:32.641 9 INFO neutron.wsgi [None req-382554f1-6c89-410f-a40f-8bb94d408f9d 4f4a171e350b427ea8686df90e8bcaff 04b1d257a2294726b0c82ae5a140c545 - - default default] 10.0.0.68 "PUT /v2.0/policies/59931800-25a8-43de-92d6-af92ba3c066c/tags HTTP/1.1" status: 200 len: 218 time: 0.0277963
2026-04-23 01:27:32.679 9 INFO neutron.wsgi [None req-a2f3aa19-fa61-4cc8-814f-eb1fcecd8174 4f4a171e350b427ea8686df90e8bcaff 04b1d257a2294726b0c82ae5a140c545 - - default default] 10.0.0.68 "PUT /v2.0/policies/8c0385c8-4294-4c58-8b73-f313ee744f9c/tags HTTP/1.1" status: 200 len: 227 time: 0.0326419
2026-04-23 01:27:32.709 9 INFO neutron.wsgi [None req-ecc98196-9724-4f74-9708-b43cd929d322 4f4a171e350b427ea8686df90e8bcaff 04b1d257a2294726b0c82ae5a140c545 - - default default] 10.0.0.68 "PUT /v2.0/policies/1aa5cd88-a23d-4380-9fe7-806aef93b8fa/tags HTTP/1.1" status: 200 len: 212 time: 0.0256946
2026-04-23 01:27:33.163 9 INFO neutron.wsgi [None req-8728a0d0-9e5f-41f4-a4fa-35d69532d8f0 2d775dc924a14e92aeddfa5a9711d96b 0827339ae9384bbe87eaaf5c2e31bbec - - default default] 10.0.0.68 "GET /v2.0/qos/policies?tags=red HTTP/1.1" status: 200 len: 1296 time: 0.1118457
2026-04-23 01:27:33.226 9 INFO neutron.wsgi [None req-39a1613a-bf45-443b-a802-d8791bea505d 2d775dc924a14e92aeddfa5a9711d96b 0827339ae9384bbe87eaaf5c2e31bbec - - default default] 10.0.0.68 "GET /v2.0/qos/policies?tags=red%2Cblue HTTP/1.1" status: 200 len: 941 time: 0.0601304
2026-04-23 01:27:33.277 9 INFO neutron.wsgi [None req-26058ad4-108b-44e3-b1d7-50776dd5495c 2d775dc924a14e92aeddfa5a9711d96b 0827339ae9384bbe87eaaf5c2e31bbec - - default default] 10.0.0.68 "GET /v2.0/qos/policies?tags-any=blue HTTP/1.1" status: 200 len: 941 time: 0.0479083
2026-04-23 01:27:33.355 9 INFO neutron.wsgi [None req-7f97c56d-75ab-4160-93bf-9315b75979e5 2d775dc924a14e92aeddfa5a9711d96b 0827339ae9384bbe87eaaf5c2e31bbec - - default default] 10.0.0.68 "GET /v2.0/qos/policies?tags-any=red%2Cblue HTTP/1.1" status: 200 len: 1296 time: 0.0736289
2026-04-23 01:27:33.405 9 INFO neutron.wsgi [None req-7168586a-0145-4515-bc77-20d22fe01e23 2d775dc924a14e92aeddfa5a9711d96b 0827339ae9384bbe87eaaf5c2e31bbec - - default default] 10.0.0.68 "GET /v2.0/qos/policies?not-tags=red HTTP/1.1" status: 200 len: 913 time: 0.0438623
2026-04-23 01:27:33.427 10 INFO neutron.wsgi [req-f21fc3be-1b0d-4266-a8f5-3bfa59fb1177 req-5c04f8a6-c657-4bcf-bab6-f858d26f3daf ee220b7581044d1eb0705f43789d751f cd1c1c395a994abfb877c34e94f2d83b - - default default] 10.0.0.146 "GET /v2.0/ports?device_id=fd63c787-f04f-4f6c-8d86-6b8b3f513e59 HTTP/1.1" status: 200 len: 1200 time: 0.0673776 /var/lib/openstack/lib/python3.10/site-packages/pycadf/identifier.py:71: UserWarning: Invalid uuid: neutron. To ensure interoperability, identifiers should be a valid uuid. warnings.warn(('Invalid uuid: %s. To ensure interoperability, '
2026-04-23 01:27:33.474 9 INFO neutron.wsgi [None req-460ef1f1-bdd6-4b46-b2e3-39eb63f45253 2d775dc924a14e92aeddfa5a9711d96b 0827339ae9384bbe87eaaf5c2e31bbec - - default default] 10.0.0.68 "GET /v2.0/qos/policies?not-tags=red%2Cblue HTTP/1.1" status: 200 len: 1268 time: 0.0662994
2026-04-23 01:27:33.495 10 INFO neutron.wsgi [req-f21fc3be-1b0d-4266-a8f5-3bfa59fb1177 req-a1a1d664-563c-418e-9af0-fb2624f11b31 ee220b7581044d1eb0705f43789d751f cd1c1c395a994abfb877c34e94f2d83b - - default default] 10.0.0.146 "GET /v2.0/security-groups?id=c48b944b-404f-4150-9aea-8e266d13f628&id=0ad7d439-5a80-442b-b88f-ffcd7862d424&fields=id&fields=name HTTP/1.1" status: 200 len: 406 time: 0.0553596
2026-04-23 01:27:33.540 9 INFO neutron.wsgi [None req-bc33baa4-a093-42a5-adfc-f8b4cde440cc 2d775dc924a14e92aeddfa5a9711d96b 0827339ae9384bbe87eaaf5c2e31bbec - - default default] 10.0.0.68 "GET /v2.0/qos/policies?not-tags-any=blue HTTP/1.1" status: 200 len: 1268 time: 0.0606904
2026-04-23 01:27:33.577 10 INFO neutron.db.ovn_revision_numbers_db [req-af9bfcc3-da41-4c2c-b2f9-d4b51ef55e69 req-4a0c33f9-fa3f-46bd-8bc3-94cdfc7207d7 42cf36478136434db3270fcbc5344f56 b9ee4f74b5054b83875cc34b12576d9f - - a7ed30a739404a2197aa32eb983b8e68 a7ed30a739404a2197aa32eb983b8e68] Successfully bumped revision number for resource 6aaabd58-b075-4487-a443-21d518038267 (type: ports) to 2
2026-04-23 01:27:33.595 9 INFO neutron.wsgi [None req-ce177b5f-e13a-4ea8-857a-ae8b1ffd66ae 2d775dc924a14e92aeddfa5a9711d96b 0827339ae9384bbe87eaaf5c2e31bbec - - default default] 10.0.0.68 "GET /v2.0/qos/policies?not-tags-any=red%2Cblue HTTP/1.1" status: 200 len: 913 time: 0.0481410
2026-04-23 01:27:33.655 9 INFO neutron.wsgi [None req-4aade631-cb4d-435a-b689-e82ea4ee9b07 4f4a171e350b427ea8686df90e8bcaff 04b1d257a2294726b0c82ae5a140c545 - - default default] 10.0.0.68 "DELETE /v2.0/qos/policies/c3223b99-9818-41b8-b3d6-4906240fe1de HTTP/1.1" status: 204 len: 168 time: 0.0561390
2026-04-23 01:27:33.729 9 INFO neutron.wsgi [None req-c37c530b-7248-4fcb-8e1e-e8eefbf3f7f2 4f4a171e350b427ea8686df90e8bcaff 04b1d257a2294726b0c82ae5a140c545 - - default default] 10.0.0.68 "DELETE /v2.0/qos/policies/59931800-25a8-43de-92d6-af92ba3c066c HTTP/1.1" status: 204 len: 168 time: 0.0683231
2026-04-23 01:27:33.797 9 INFO neutron.wsgi [None req-c26bf472-81ab-4672-94ef-ace2e8353109 4f4a171e350b427ea8686df90e8bcaff 04b1d257a2294726b0c82ae5a140c545 - - default default] 10.0.0.68 "DELETE /v2.0/qos/policies/8c0385c8-4294-4c58-8b73-f313ee744f9c HTTP/1.1" status: 204 len: 168 time: 0.0637407 /var/lib/openstack/lib/python3.10/site-packages/pycadf/identifier.py:71: UserWarning: Invalid uuid: neutron. To ensure interoperability, identifiers should be a valid uuid. warnings.warn(('Invalid uuid: %s. To ensure interoperability, '
2026-04-23 01:27:33.819 10 INFO neutron.db.ovn_revision_numbers_db [req-af9bfcc3-da41-4c2c-b2f9-d4b51ef55e69 req-4a0c33f9-fa3f-46bd-8bc3-94cdfc7207d7 42cf36478136434db3270fcbc5344f56 b9ee4f74b5054b83875cc34b12576d9f - - a7ed30a739404a2197aa32eb983b8e68 a7ed30a739404a2197aa32eb983b8e68] Successfully bumped revision number for resource 6aaabd58-b075-4487-a443-21d518038267 (type: ports) to 2
2026-04-23 01:27:33.838 10 INFO neutron.wsgi [req-af9bfcc3-da41-4c2c-b2f9-d4b51ef55e69 req-4a0c33f9-fa3f-46bd-8bc3-94cdfc7207d7 42cf36478136434db3270fcbc5344f56 b9ee4f74b5054b83875cc34b12576d9f - - a7ed30a739404a2197aa32eb983b8e68 a7ed30a739404a2197aa32eb983b8e68] 199.204.45.22 "PUT /v2.0/ports/6aaabd58-b075-4487-a443-21d518038267 HTTP/1.1" status: 200 len: 1419 time: 1.2283196
2026-04-23 01:27:33.877 10 INFO neutron.wsgi [None req-4ab7dc49-5938-431c-8d41-8d7ec915a7a2 4f4a171e350b427ea8686df90e8bcaff 04b1d257a2294726b0c82ae5a140c545 - - default default] 10.0.0.68 "DELETE /v2.0/qos/policies/1aa5cd88-a23d-4380-9fe7-806aef93b8fa HTTP/1.1" status: 204 len: 168 time: 0.0761101
2026-04-23 01:27:33.899 10 INFO neutron.notifiers.nova [-] Nova event matching ['req-ad0544d8-c474-4c68-86d1-e93dc3ab825b'] response: {'name': 'network-changed', 'server_uuid': 'fd63c787-f04f-4f6c-8d86-6b8b3f513e59', 'tag': '6aaabd58-b075-4487-a443-21d518038267', 'status': 'completed', 'code': 200}
2026-04-23 01:27:33.919 10 INFO neutron.wsgi [req-af9bfcc3-da41-4c2c-b2f9-d4b51ef55e69 req-5885f48b-0092-46f7-b82d-e0640b11db17 42cf36478136434db3270fcbc5344f56 b9ee4f74b5054b83875cc34b12576d9f - - a7ed30a739404a2197aa32eb983b8e68 a7ed30a739404a2197aa32eb983b8e68] 199.204.45.22 "GET /v2.0/ports?tenant_id=cd1c1c395a994abfb877c34e94f2d83b&device_id=fd63c787-f04f-4f6c-8d86-6b8b3f513e59 HTTP/1.1" status: 200 len: 1450 time: 0.0413406
2026-04-23 01:27:33.940 9 INFO neutron.wsgi [None req-4e816f11-4ee4-4a85-93ea-baad67e57eeb 4f4a171e350b427ea8686df90e8bcaff 04b1d257a2294726b0c82ae5a140c545 - - default default] 10.0.0.68 "DELETE /v2.0/qos/policies/36a514b1-0b4a-442e-9ae3-12902d80fb51 HTTP/1.1" status: 204 len: 168 time: 0.0574825
2026-04-23 01:27:33.944 10 INFO neutron.wsgi [req-af9bfcc3-da41-4c2c-b2f9-d4b51ef55e69 req-aa3f46f4-e793-4825-b57b-c4655a8f5263 42cf36478136434db3270fcbc5344f56 b9ee4f74b5054b83875cc34b12576d9f - - a7ed30a739404a2197aa32eb983b8e68 a7ed30a739404a2197aa32eb983b8e68] 199.204.45.22 "GET /v2.0/floatingips?fixed_ip_address=10.100.0.10&port_id=6aaabd58-b075-4487-a443-21d518038267 HTTP/1.1" status: 200 len: 217 time: 0.0200410
2026-04-23 01:27:33.987 10 INFO neutron.wsgi [req-af9bfcc3-da41-4c2c-b2f9-d4b51ef55e69 req-2303623e-3b82-4ad7-ac90-460be539ee3c 42cf36478136434db3270fcbc5344f56 b9ee4f74b5054b83875cc34b12576d9f - - a7ed30a739404a2197aa32eb983b8e68 a7ed30a739404a2197aa32eb983b8e68] 199.204.45.22 "GET /v2.0/subnets?id=9e298db0-b2a3-44e1-b0a4-d15d5003aab0 HTTP/1.1" status: 200 len: 866 time: 0.0374210
2026-04-23 01:27:34.014 10 INFO neutron.wsgi [req-af9bfcc3-da41-4c2c-b2f9-d4b51ef55e69 req-4b1cab89-bc9a-42f0-97f1-561a9cb568d1 42cf36478136434db3270fcbc5344f56 b9ee4f74b5054b83875cc34b12576d9f - - a7ed30a739404a2197aa32eb983b8e68 a7ed30a739404a2197aa32eb983b8e68] 199.204.45.22 "GET /v2.0/ports?network_id=87d03601-db1a-46fb-bdb9-46f182932d45&device_owner=network%3Adhcp HTTP/1.1" status: 200 len: 210 time: 0.0225871
2026-04-23 01:27:34.096 10 INFO neutron.wsgi [req-af9bfcc3-da41-4c2c-b2f9-d4b51ef55e69 req-e49457c5-ca07-42d0-a80b-6f2c4845ab32 42cf36478136434db3270fcbc5344f56 b9ee4f74b5054b83875cc34b12576d9f - - a7ed30a739404a2197aa32eb983b8e68 a7ed30a739404a2197aa32eb983b8e68] 199.204.45.22 "GET /v2.0/networks/87d03601-db1a-46fb-bdb9-46f182932d45?fields=segments HTTP/1.1" status: 200 len: 212 time: 0.0739343
2026-04-23 01:27:34.161 10 INFO neutron.wsgi [req-af9bfcc3-da41-4c2c-b2f9-d4b51ef55e69 req-51099f4e-3dbb-4efc-b3cd-6280e28509d2 42cf36478136434db3270fcbc5344f56 b9ee4f74b5054b83875cc34b12576d9f - - a7ed30a739404a2197aa32eb983b8e68 a7ed30a739404a2197aa32eb983b8e68] 199.204.45.22 "GET /v2.0/networks/87d03601-db1a-46fb-bdb9-46f182932d45?fields=provider%3Aphysical_network&fields=provider%3Anetwork_type HTTP/1.1" status: 200 len: 277 time: 0.0580714
2026-04-23 01:27:34.252 10 INFO neutron.wsgi [req-8aa4beec-ee1a-47e7-b3a1-ca072731576e req-b5d6a11e-cb5a-4173-9173-b7bd2b440e55 42cf36478136434db3270fcbc5344f56 b9ee4f74b5054b83875cc34b12576d9f - - a7ed30a739404a2197aa32eb983b8e68 a7ed30a739404a2197aa32eb983b8e68] 199.204.45.22 "GET /v2.0/ports?tenant_id=cd1c1c395a994abfb877c34e94f2d83b&device_id=fd63c787-f04f-4f6c-8d86-6b8b3f513e59 HTTP/1.1" status: 200 len: 1450 time: 0.0489802
2026-04-23 01:27:34.332 10 INFO neutron.wsgi [req-8aa4beec-ee1a-47e7-b3a1-ca072731576e req-f2489d08-ad9c-4c25-a7ca-1bd8c1f4b201 42cf36478136434db3270fcbc5344f56 b9ee4f74b5054b83875cc34b12576d9f - - a7ed30a739404a2197aa32eb983b8e68 a7ed30a739404a2197aa32eb983b8e68] 199.204.45.22 "GET /v2.0/networks?id=87d03601-db1a-46fb-bdb9-46f182932d45 HTTP/1.1" status: 200 len: 971 time: 0.0711281
2026-04-23 01:27:34.379 10 INFO neutron.wsgi [req-8aa4beec-ee1a-47e7-b3a1-ca072731576e req-52d03881-194b-48e6-8dd5-3a09b16bd98b 42cf36478136434db3270fcbc5344f56 b9ee4f74b5054b83875cc34b12576d9f - - a7ed30a739404a2197aa32eb983b8e68 a7ed30a739404a2197aa32eb983b8e68] 199.204.45.22 "GET /v2.0/floatingips?fixed_ip_address=10.100.0.10&port_id=6aaabd58-b075-4487-a443-21d518038267 HTTP/1.1" status: 200 len: 217 time: 0.0310428
2026-04-23 01:27:34.411 9 INFO neutron.wsgi [req-08044a0e-8f25-4804-b710-cf3d157df2dc req-9b942c68-8b10-4ffa-939b-8d0bbcab97b9 42cf36478136434db3270fcbc5344f56 b9ee4f74b5054b83875cc34b12576d9f - - a7ed30a739404a2197aa32eb983b8e68 a7ed30a739404a2197aa32eb983b8e68] 199.204.45.22 "GET /v2.0/ports?device_id=fd63c787-f04f-4f6c-8d86-6b8b3f513e59 HTTP/1.1" status: 200 len: 1450 time: 0.0630090
2026-04-23 01:27:34.421 10 INFO neutron.wsgi [req-8aa4beec-ee1a-47e7-b3a1-ca072731576e req-ec14f090-f58d-4acf-90cf-4d898f476c67 42cf36478136434db3270fcbc5344f56 b9ee4f74b5054b83875cc34b12576d9f - - a7ed30a739404a2197aa32eb983b8e68 a7ed30a739404a2197aa32eb983b8e68] 199.204.45.22 "GET /v2.0/subnets?id=9e298db0-b2a3-44e1-b0a4-d15d5003aab0 HTTP/1.1" status: 200 len: 866 time: 0.0359852
2026-04-23 01:27:34.449 10 INFO neutron.wsgi [req-8aa4beec-ee1a-47e7-b3a1-ca072731576e req-f47f4ae1-655a-4dcb-ad04-6ceb88d562a6 42cf36478136434db3270fcbc5344f56 b9ee4f74b5054b83875cc34b12576d9f - - a7ed30a739404a2197aa32eb983b8e68 a7ed30a739404a2197aa32eb983b8e68] 199.204.45.22 "GET /v2.0/ports?network_id=87d03601-db1a-46fb-bdb9-46f182932d45&device_owner=network%3Adhcp HTTP/1.1" status: 200 len: 210 time: 0.0221677
2026-04-23 01:27:34.467 9 INFO neutron.wsgi [req-08044a0e-8f25-4804-b710-cf3d157df2dc req-b852fb32-6338-4e60-bbce-2303b7c49c96 42cf36478136434db3270fcbc5344f56 b9ee4f74b5054b83875cc34b12576d9f - - a7ed30a739404a2197aa32eb983b8e68 a7ed30a739404a2197aa32eb983b8e68] 199.204.45.22 "GET /v2.0/security-groups?id=0ad7d439-5a80-442b-b88f-ffcd7862d424&id=c48b944b-404f-4150-9aea-8e266d13f628&fields=id&fields=name HTTP/1.1" status: 200 len: 406 time: 0.0503705
2026-04-23 01:27:34.522 10 INFO neutron.wsgi [req-8aa4beec-ee1a-47e7-b3a1-ca072731576e req-4857dc29-888e-4241-8bca-c55e14c15073 42cf36478136434db3270fcbc5344f56 b9ee4f74b5054b83875cc34b12576d9f - - a7ed30a739404a2197aa32eb983b8e68 a7ed30a739404a2197aa32eb983b8e68] 199.204.45.22 "GET /v2.0/networks/87d03601-db1a-46fb-bdb9-46f182932d45?fields=segments HTTP/1.1" status: 200 len: 212 time: 0.0651751
2026-04-23 01:27:34.572 9 INFO neutron.plugins.ml2.drivers.ovn.mech_driver.mech_driver [None req-3fc36076-e92a-4a78-9ce5-9190947797b2 - - - - - -] OVN reports status up for port: 6aaabd58-b075-4487-a443-21d518038267
2026-04-23 01:27:34.587 9 INFO neutron.plugins.ml2.plugin [None req-3fc36076-e92a-4a78-9ce5-9190947797b2 - - - - - -] Attempt 1 to provision port 6aaabd58-b075-4487-a443-21d518038267
2026-04-23 01:27:34.615 10 INFO neutron.wsgi [req-8aa4beec-ee1a-47e7-b3a1-ca072731576e req-a1491907-9902-4cf8-a22b-9c9a43602fa0 42cf36478136434db3270fcbc5344f56 b9ee4f74b5054b83875cc34b12576d9f - - a7ed30a739404a2197aa32eb983b8e68 a7ed30a739404a2197aa32eb983b8e68] 199.204.45.22 "GET /v2.0/networks/87d03601-db1a-46fb-bdb9-46f182932d45?fields=provider%3Aphysical_network&fields=provider%3Anetwork_type HTTP/1.1" status: 200 len: 277 time: 0.0814128
2026-04-23 01:27:34.775 9 INFO neutron.notifiers.nova [-] Nova event matching ['req-8d91535f-a496-4052-bc84-a369b3f085a1'] response: {'server_uuid': 'fd63c787-f04f-4f6c-8d86-6b8b3f513e59', 'name': 'network-vif-plugged', 'status': 'completed', 'tag': '6aaabd58-b075-4487-a443-21d518038267', 'code': 200}
2026-04-23 01:27:34.777 10 INFO neutron.wsgi [req-7f07cb16-0141-4093-88e9-73b98d83276f req-fb1e4942-be25-422b-a92f-91c76a6ec2fe ee220b7581044d1eb0705f43789d751f cd1c1c395a994abfb877c34e94f2d83b - - default default] 10.0.0.146 "GET /v2.0/ports?device_id=fd63c787-f04f-4f6c-8d86-6b8b3f513e59 HTTP/1.1" status: 200 len: 1214 time: 0.0551043
2026-04-23 01:27:34.854 10 INFO neutron.wsgi [req-7f07cb16-0141-4093-88e9-73b98d83276f req-c75ccaea-b99c-45a5-bccd-b2add25dafa4 ee220b7581044d1eb0705f43789d751f cd1c1c395a994abfb877c34e94f2d83b - - default default] 10.0.0.146 "GET /v2.0/security-groups?id=c48b944b-404f-4150-9aea-8e266d13f628&id=0ad7d439-5a80-442b-b88f-ffcd7862d424&fields=id&fields=name HTTP/1.1" status: 200 len: 406 time: 0.0696936
2026-04-23 01:27:34.956 9 INFO neutron.db.ovn_revision_numbers_db [None req-3fc36076-e92a-4a78-9ce5-9190947797b2 - - - - - -] Successfully bumped revision number for resource 6aaabd58-b075-4487-a443-21d518038267 (type: ports) to 4
2026-04-23 01:27:35.146 9 INFO neutron.db.ovn_revision_numbers_db [None req-09865782-3e63-4e8a-8b53-7baf3e5e0149 0eeba1160bdb41448461231bf3b2aee0 6a4ddc12ff6044efa6a6bd9b595174c8 - - default default] Successfully bumped revision number for resource ecef607d-c02f-4239-bc18-9d78c8891351 (type: security_groups) to 1
2026-04-23 01:27:35.162 9 INFO neutron.db.ovn_revision_numbers_db [None req-09865782-3e63-4e8a-8b53-7baf3e5e0149 0eeba1160bdb41448461231bf3b2aee0 6a4ddc12ff6044efa6a6bd9b595174c8 - - default default] Successfully bumped revision number for resource 626eb192-3f5f-4933-bbc2-8d9c36392922 (type: security_group_rules) to 0
2026-04-23 01:27:35.177 9 INFO neutron.db.ovn_revision_numbers_db [None req-09865782-3e63-4e8a-8b53-7baf3e5e0149 0eeba1160bdb41448461231bf3b2aee0 6a4ddc12ff6044efa6a6bd9b595174c8 - - default default] Successfully bumped revision number for resource 92562624-1c8e-4b42-aecd-a337a6f9c01f (type: security_group_rules) to 0
2026-04-23 01:27:35.191 9 INFO neutron.db.ovn_revision_numbers_db [None req-09865782-3e63-4e8a-8b53-7baf3e5e0149 0eeba1160bdb41448461231bf3b2aee0 6a4ddc12ff6044efa6a6bd9b595174c8 - - default default] Successfully bumped revision number for resource a25a262f-e53a-4a74-b413-714ac548ffff (type: security_group_rules) to 0
2026-04-23 01:27:35.205 9 INFO neutron.db.ovn_revision_numbers_db [None req-09865782-3e63-4e8a-8b53-7baf3e5e0149 0eeba1160bdb41448461231bf3b2aee0 6a4ddc12ff6044efa6a6bd9b595174c8 - - default default] Successfully bumped revision number for resource e5f7326f-3cf3-41fb-a83e-94d76ce51f3e (type: security_group_rules) to 0
2026-04-23 01:27:35.227 9 INFO neutron.wsgi [None req-09865782-3e63-4e8a-8b53-7baf3e5e0149 0eeba1160bdb41448461231bf3b2aee0 6a4ddc12ff6044efa6a6bd9b595174c8 - - default default] 10.0.0.68 "GET /v2.0/security-groups?tenant_id=04b1d257a2294726b0c82ae5a140c545&name=default HTTP/1.1" status: 200 len: 3120 time: 0.4333398
2026-04-23 01:27:35.499 10 INFO neutron.wsgi [None req-c61451d8-779d-4aa9-8c21-fbe822b7451d 0eeba1160bdb41448461231bf3b2aee0 6a4ddc12ff6044efa6a6bd9b595174c8 - - default default] 10.0.0.68 "DELETE /v2.0/security-groups/ecef607d-c02f-4239-bc18-9d78c8891351 HTTP/1.1" status: 204 len: 168 time: 0.2632203 /var/lib/openstack/lib/python3.10/site-packages/pycadf/identifier.py:71: UserWarning: Invalid uuid: neutron. To ensure interoperability, identifiers should be a valid uuid. warnings.warn(('Invalid uuid: %s. To ensure interoperability, '
2026-04-23 01:27:35.717 9 INFO neutron.db.ovn_revision_numbers_db [None req-0d28078f-9bd0-4b37-8c99-0702d188841c 0eeba1160bdb41448461231bf3b2aee0 6a4ddc12ff6044efa6a6bd9b595174c8 - - default default] Successfully bumped revision number for resource c6424b6d-8826-4b18-ae28-9263aab59ea6 (type: security_groups) to 1
2026-04-23 01:27:35.731 9 INFO neutron.db.ovn_revision_numbers_db [None req-0d28078f-9bd0-4b37-8c99-0702d188841c 0eeba1160bdb41448461231bf3b2aee0 6a4ddc12ff6044efa6a6bd9b595174c8 - - default default] Successfully bumped revision number for resource 74640a5d-21fa-4e0a-8646-f2023fadcd7e (type: security_group_rules) to 0
2026-04-23 01:27:35.746 9 INFO neutron.db.ovn_revision_numbers_db [None req-0d28078f-9bd0-4b37-8c99-0702d188841c 0eeba1160bdb41448461231bf3b2aee0 6a4ddc12ff6044efa6a6bd9b595174c8 - - default default] Successfully bumped revision number for resource 7a27a771-1336-49d5-a141-167d31f934eb (type: security_group_rules) to 0
2026-04-23 01:27:35.771 9 INFO neutron.db.ovn_revision_numbers_db [None req-0d28078f-9bd0-4b37-8c99-0702d188841c 0eeba1160bdb41448461231bf3b2aee0 6a4ddc12ff6044efa6a6bd9b595174c8 - - default default] Successfully bumped revision number for resource d0c4462c-3f2b-4e3c-bb05-eb124199cc9e (type: security_group_rules) to 0
2026-04-23 01:27:35.789 9 INFO neutron.db.ovn_revision_numbers_db [None req-0d28078f-9bd0-4b37-8c99-0702d188841c 0eeba1160bdb41448461231bf3b2aee0 6a4ddc12ff6044efa6a6bd9b595174c8 - - default default] Successfully bumped revision number for resource f7522342-c6ef-49bd-9dc2-23386d313b1a (type: security_group_rules) to 0
2026-04-23 01:27:35.809 9 INFO neutron.wsgi [None req-0d28078f-9bd0-4b37-8c99-0702d188841c 0eeba1160bdb41448461231bf3b2aee0 6a4ddc12ff6044efa6a6bd9b595174c8 - - default default] 10.0.0.68 "GET /v2.0/security-groups?tenant_id=94d0609cfc4c4dec9b6088ea01f2bbb0&name=default HTTP/1.1" status: 200 len: 3120 time: 0.2136278
2026-04-23 01:27:36.004 10 INFO neutron.wsgi [req-8a487af4-4309-42b1-8729-72fe669a94b7 req-f3cc0236-bd3a-49d8-95d2-9e8d7232e0c9 ee220b7581044d1eb0705f43789d751f cd1c1c395a994abfb877c34e94f2d83b - - default default] 10.0.0.146 "GET /v2.0/ports?device_id=fd63c787-f04f-4f6c-8d86-6b8b3f513e59 HTTP/1.1" status: 200 len: 1214 time: 0.0848150
2026-04-23 01:27:36.042 9 INFO neutron.wsgi [None req-dd78044a-cab4-46dc-af61-5794b4f9a26f 0eeba1160bdb41448461231bf3b2aee0 6a4ddc12ff6044efa6a6bd9b595174c8 - - default default] 10.0.0.68 "DELETE /v2.0/security-groups/c6424b6d-8826-4b18-ae28-9263aab59ea6 HTTP/1.1" status: 204 len: 168 time: 0.2278702
2026-04-23 01:27:36.055 10 INFO neutron.wsgi [req-8a487af4-4309-42b1-8729-72fe669a94b7 req-4304629e-8e94-483b-8452-fe9a3641282e ee220b7581044d1eb0705f43789d751f cd1c1c395a994abfb877c34e94f2d83b - - default default] 10.0.0.146 "GET /v2.0/security-groups?id=c48b944b-404f-4150-9aea-8e266d13f628&id=0ad7d439-5a80-442b-b88f-ffcd7862d424&fields=id&fields=name HTTP/1.1" status: 200 len: 406 time: 0.0438447
2026-04-23 01:27:36.159 10 INFO neutron.wsgi [req-092b8d86-e2e3-4590-9a7d-d2083105c6a6 req-67572582-4e7b-4643-9f5b-5636cbece318 ee220b7581044d1eb0705f43789d751f cd1c1c395a994abfb877c34e94f2d83b - - default default] 10.0.0.146 "GET /v2.0/ports?device_id=fd63c787-f04f-4f6c-8d86-6b8b3f513e59 HTTP/1.1" status: 200 len: 1214 time: 0.0391910
2026-04-23 01:27:36.303 9 INFO neutron.db.ovn_revision_numbers_db [None req-20541633-b7d5-4d80-bcbb-fe7ae8439f76 0eeba1160bdb41448461231bf3b2aee0 6a4ddc12ff6044efa6a6bd9b595174c8 - - default default] Successfully bumped revision number for resource 1428fd93-e952-47e8-a2c9-546fbf5fb734 (type: security_groups) to 1
2026-04-23 01:27:36.318 9 INFO neutron.db.ovn_revision_numbers_db [None req-20541633-b7d5-4d80-bcbb-fe7ae8439f76 0eeba1160bdb41448461231bf3b2aee0 6a4ddc12ff6044efa6a6bd9b595174c8 - - default default] Successfully bumped revision number for resource 3ab34c6c-d164-43c0-86d1-f53a7f57aedd (type: security_group_rules) to 0
2026-04-23 01:27:36.333 9 INFO neutron.db.ovn_revision_numbers_db [None req-20541633-b7d5-4d80-bcbb-fe7ae8439f76 0eeba1160bdb41448461231bf3b2aee0 6a4ddc12ff6044efa6a6bd9b595174c8 - - default default] Successfully bumped revision number for resource 55836b7b-8e9a-4a10-a1c4-0284453181a8 (type: security_group_rules) to 0
2026-04-23 01:27:36.353 9 INFO neutron.db.ovn_revision_numbers_db [None req-20541633-b7d5-4d80-bcbb-fe7ae8439f76 0eeba1160bdb41448461231bf3b2aee0 6a4ddc12ff6044efa6a6bd9b595174c8 - - default default] Successfully bumped revision number for resource b0197616-098e-40f3-9676-2396e582a689 (type: security_group_rules) to 0
2026-04-23 01:27:36.370 9 INFO neutron.db.ovn_revision_numbers_db [None req-20541633-b7d5-4d80-bcbb-fe7ae8439f76 0eeba1160bdb41448461231bf3b2aee0 6a4ddc12ff6044efa6a6bd9b595174c8 - - default default] Successfully bumped revision number for resource e4def533-6bb2-44d4-909d-6a8ea41cce73 (type: security_group_rules) to 0
2026-04-23 01:27:36.393 9 INFO neutron.wsgi [None req-20541633-b7d5-4d80-bcbb-fe7ae8439f76 0eeba1160bdb41448461231bf3b2aee0 6a4ddc12ff6044efa6a6bd9b595174c8 - - default default] 10.0.0.68 "GET /v2.0/security-groups?tenant_id=0827339ae9384bbe87eaaf5c2e31bbec&name=default HTTP/1.1" status: 200 len: 3120 time: 0.2016122
2026-04-23 01:27:36.633 9 INFO neutron.wsgi [None req-1c62973e-e5aa-44d0-82cd-3b9d6b45c941 0eeba1160bdb41448461231bf3b2aee0 6a4ddc12ff6044efa6a6bd9b595174c8 - - default default] 10.0.0.68 "DELETE /v2.0/security-groups/1428fd93-e952-47e8-a2c9-546fbf5fb734 HTTP/1.1" status: 204 len: 168 time: 0.2369094
2026-04-23 01:27:36.820 9 INFO neutron.notifiers.nova [-] Nova event matching ['req-31924390-d85c-46f6-94b1-f1ab4ad822c2'] response: {'server_uuid': 'fd63c787-f04f-4f6c-8d86-6b8b3f513e59', 'name': 'network-vif-plugged', 'status': 'completed', 'tag': '6aaabd58-b075-4487-a443-21d518038267', 'code': 200}
2026-04-23 01:27:36.869 10 INFO neutron.db.ovn_revision_numbers_db [None req-c2395cfd-7401-4750-8109-7f9955ea9971 ee220b7581044d1eb0705f43789d751f cd1c1c395a994abfb877c34e94f2d83b - - default default] Successfully bumped revision number for resource 248e4cf2-6418-477c-99f5-a7c220af7f7d (type: floatingips) to 1
2026-04-23 01:27:37.003 10 INFO neutron.db.ovn_revision_numbers_db [None req-c2395cfd-7401-4750-8109-7f9955ea9971 ee220b7581044d1eb0705f43789d751f cd1c1c395a994abfb877c34e94f2d83b - - default default] Successfully bumped revision number for resource 248e4cf2-6418-477c-99f5-a7c220af7f7d (type: floatingips) to 2
2026-04-23 01:27:37.003 10 INFO neutron.db.l3_db [None req-c2395cfd-7401-4750-8109-7f9955ea9971 ee220b7581044d1eb0705f43789d751f cd1c1c395a994abfb877c34e94f2d83b - - default default] Floating IP 248e4cf2-6418-477c-99f5-a7c220af7f7d associated. External IP: 10.96.250.217, port: 6aaabd58-b075-4487-a443-21d518038267.
2026-04-23 01:27:37.034 10 INFO neutron.wsgi [None req-c2395cfd-7401-4750-8109-7f9955ea9971 ee220b7581044d1eb0705f43789d751f cd1c1c395a994abfb877c34e94f2d83b - - default default] 10.0.0.68 "PUT /v2.0/floatingips/248e4cf2-6418-477c-99f5-a7c220af7f7d HTTP/1.1" status: 200 len: 1050 time: 0.8604968
2026-04-23 01:27:37.070 10 INFO neutron.notifiers.nova [-] Nova event matching ['req-9765162b-b2b4-4dda-b724-7682a36a21bb'] response: {'name': 'network-changed', 'server_uuid': 'fd63c787-f04f-4f6c-8d86-6b8b3f513e59', 'tag': '6aaabd58-b075-4487-a443-21d518038267', 'status': 'completed', 'code': 200} /var/lib/openstack/lib/python3.10/site-packages/pycadf/identifier.py:71: UserWarning: Invalid uuid: neutron. To ensure interoperability, identifiers should be a valid uuid. warnings.warn(('Invalid uuid: %s. To ensure interoperability, '
2026-04-23 01:27:37.136 10 INFO neutron.wsgi [req-3c003205-e777-4920-964d-9612c30f6ea3 req-e02c68e5-5064-415d-a5d3-5fe3202879c9 42cf36478136434db3270fcbc5344f56 b9ee4f74b5054b83875cc34b12576d9f - - a7ed30a739404a2197aa32eb983b8e68 a7ed30a739404a2197aa32eb983b8e68] 199.204.45.22 "GET /v2.0/ports?tenant_id=cd1c1c395a994abfb877c34e94f2d83b&device_id=fd63c787-f04f-4f6c-8d86-6b8b3f513e59 HTTP/1.1" status: 200 len: 1452 time: 0.0475948
2026-04-23 01:27:37.195 10 INFO neutron.wsgi [req-3c003205-e777-4920-964d-9612c30f6ea3 req-c7f068dc-c608-440b-a314-86809f879d5d 42cf36478136434db3270fcbc5344f56 b9ee4f74b5054b83875cc34b12576d9f - - a7ed30a739404a2197aa32eb983b8e68 a7ed30a739404a2197aa32eb983b8e68] 199.204.45.22 "GET /v2.0/networks?id=87d03601-db1a-46fb-bdb9-46f182932d45 HTTP/1.1" status: 200 len: 971 time: 0.0528018
2026-04-23 01:27:37.489 10 INFO neutron.wsgi [req-3c003205-e777-4920-964d-9612c30f6ea3 req-2ed7e17a-a653-45d3-b35e-c512bc614477 42cf36478136434db3270fcbc5344f56 b9ee4f74b5054b83875cc34b12576d9f - - a7ed30a739404a2197aa32eb983b8e68 a7ed30a739404a2197aa32eb983b8e68] 199.204.45.22 "GET /v2.0/floatingips?fixed_ip_address=10.100.0.10&port_id=6aaabd58-b075-4487-a443-21d518038267 HTTP/1.1" status: 200 len: 1060 time: 0.2868266
2026-04-23 01:27:37.525 10 INFO neutron.wsgi [req-3c003205-e777-4920-964d-9612c30f6ea3 req-63ef081d-5bf2-4c73-a1ec-1dee8ab2659a 42cf36478136434db3270fcbc5344f56 b9ee4f74b5054b83875cc34b12576d9f - - a7ed30a739404a2197aa32eb983b8e68 a7ed30a739404a2197aa32eb983b8e68] 199.204.45.22 "GET /v2.0/subnets?id=9e298db0-b2a3-44e1-b0a4-d15d5003aab0 HTTP/1.1" status: 200 len: 866 time: 0.0293348
2026-04-23 01:27:37.550 10 INFO neutron.wsgi [req-3c003205-e777-4920-964d-9612c30f6ea3 req-fe9abaae-3440-446d-995f-597f7073ebd4 42cf36478136434db3270fcbc5344f56 b9ee4f74b5054b83875cc34b12576d9f - - a7ed30a739404a2197aa32eb983b8e68 a7ed30a739404a2197aa32eb983b8e68] 199.204.45.22 "GET /v2.0/ports?network_id=87d03601-db1a-46fb-bdb9-46f182932d45&device_owner=network%3Adhcp HTTP/1.1" status: 200 len: 210 time: 0.0189879
2026-04-23 01:27:37.609 10 INFO neutron.wsgi [req-3c003205-e777-4920-964d-9612c30f6ea3 req-371e1a46-4ba3-45cb-8cea-d6159f8dbbb1 42cf36478136434db3270fcbc5344f56 b9ee4f74b5054b83875cc34b12576d9f - - a7ed30a739404a2197aa32eb983b8e68 a7ed30a739404a2197aa32eb983b8e68] 199.204.45.22 "GET /v2.0/networks/87d03601-db1a-46fb-bdb9-46f182932d45?fields=segments HTTP/1.1" status: 200 len: 212 time: 0.0519662
2026-04-23 01:27:37.677 10 INFO neutron.wsgi [req-3c003205-e777-4920-964d-9612c30f6ea3 req-a228e8c1-2ecc-4f3e-831b-e892c302d1aa 42cf36478136434db3270fcbc5344f56 b9ee4f74b5054b83875cc34b12576d9f - - a7ed30a739404a2197aa32eb983b8e68 a7ed30a739404a2197aa32eb983b8e68] 199.204.45.22 "GET /v2.0/networks/87d03601-db1a-46fb-bdb9-46f182932d45?fields=provider%3Aphysical_network&fields=provider%3Anetwork_type HTTP/1.1" status: 200 len: 277 time: 0.0616784
2026-04-23 01:27:38.101 9 INFO neutron.db.ovn_revision_numbers_db [None req-c4fb0a2a-1ee2-4429-b182-365b18efe7bf 0eeba1160bdb41448461231bf3b2aee0 6a4ddc12ff6044efa6a6bd9b595174c8 - - default default] Successfully bumped revision number for resource 92f004c1-4fac-4a3b-898f-635cabcbcc5f (type: security_groups) to 1
2026-04-23 01:27:38.111 9 INFO neutron.db.ovn_revision_numbers_db [None req-c4fb0a2a-1ee2-4429-b182-365b18efe7bf 0eeba1160bdb41448461231bf3b2aee0 6a4ddc12ff6044efa6a6bd9b595174c8 - - default default] Successfully bumped revision number for resource 4c93aa23-1c3a-41fd-a9a4-aafc02ef0032 (type: security_group_rules) to 0
2026-04-23 01:27:38.123 9 INFO neutron.db.ovn_revision_numbers_db [None req-c4fb0a2a-1ee2-4429-b182-365b18efe7bf 0eeba1160bdb41448461231bf3b2aee0 6a4ddc12ff6044efa6a6bd9b595174c8 - - default default] Successfully bumped revision number for resource 6e3fba5d-279a-4df9-8556-ec87f377d0b3 (type: security_group_rules) to 0
2026-04-23 01:27:38.135 9 INFO neutron.db.ovn_revision_numbers_db [None req-c4fb0a2a-1ee2-4429-b182-365b18efe7bf 0eeba1160bdb41448461231bf3b2aee0 6a4ddc12ff6044efa6a6bd9b595174c8 - - default default] Successfully bumped revision number for resource 9806c012-b216-4fc2-b1e2-96deda36288c (type: security_group_rules) to 0
2026-04-23 01:27:38.147 9 INFO neutron.db.ovn_revision_numbers_db [None req-c4fb0a2a-1ee2-4429-b182-365b18efe7bf 0eeba1160bdb41448461231bf3b2aee0 6a4ddc12ff6044efa6a6bd9b595174c8 - - default default] Successfully bumped revision number for resource d4e6b69e-392e-4586-8e3d-2f61bec51df6 (type: security_group_rules) to 0
2026-04-23 01:27:38.166 9 INFO neutron.wsgi [None req-c4fb0a2a-1ee2-4429-b182-365b18efe7bf 0eeba1160bdb41448461231bf3b2aee0 6a4ddc12ff6044efa6a6bd9b595174c8 - - default default] 10.0.0.68 "GET /v2.0/security-groups?tenant_id=59cc0f54a53c44c7937229cac4f1a384&name=default HTTP/1.1" status: 200 len: 3120 time: 0.3503296
2026-04-23 01:27:38.407 10 INFO neutron.wsgi [None req-f28324ed-7591-4af7-8a80-438f7d9f4932 0eeba1160bdb41448461231bf3b2aee0 6a4ddc12ff6044efa6a6bd9b595174c8 - - default default] 10.0.0.68 "DELETE /v2.0/security-groups/92f004c1-4fac-4a3b-898f-635cabcbcc5f HTTP/1.1" status: 204 len: 168 time: 0.2361281
2026-04-23 01:27:40.065 10 WARNING neutron_lib.context [None req-07fa02b7-be61-4711-8f41-e20f6c41ad7c 3cd6204b84c24117a25630434b919925 762442e431944020ac45a964c1e741d6 - - default default] Method 'is_advsvc' is deprecated since 2023.2 release (neutron-lib 3.8.0) and will be removed once support for the old RBAC API policies will be removed from Neutron. Please use method 'is_service_role' instead.
2026-04-23 01:27:40.297 10 INFO neutron.db.ovn_revision_numbers_db [None req-07fa02b7-be61-4711-8f41-e20f6c41ad7c 3cd6204b84c24117a25630434b919925 762442e431944020ac45a964c1e741d6 - - default default] Successfully bumped revision number for resource 53dcf113-8b87-4738-90ff-04461f45a62b (type: security_groups) to 1
2026-04-23 01:27:40.317 10 INFO neutron.db.ovn_revision_numbers_db [None req-07fa02b7-be61-4711-8f41-e20f6c41ad7c 3cd6204b84c24117a25630434b919925 762442e431944020ac45a964c1e741d6 - - default default] Successfully bumped revision number for resource 764ca3c6-a4df-469a-8c35-8b960a39e2d8 (type: security_group_rules) to 0
2026-04-23 01:27:40.335 10 INFO neutron.db.ovn_revision_numbers_db [None req-07fa02b7-be61-4711-8f41-e20f6c41ad7c 3cd6204b84c24117a25630434b919925 762442e431944020ac45a964c1e741d6 - - default default] Successfully bumped revision number for resource 9517f87f-b0f1-4524-bfff-96aca597b074 (type: security_group_rules) to 0
2026-04-23 01:27:40.349 10 INFO neutron.db.ovn_revision_numbers_db [None req-07fa02b7-be61-4711-8f41-e20f6c41ad7c 3cd6204b84c24117a25630434b919925 762442e431944020ac45a964c1e741d6 - - default default] Successfully bumped revision number for resource cbdc43c7-882a-4ae4-bfbf-009efe0b79c2 (type: security_group_rules) to 0
2026-04-23 01:27:40.368 10 INFO neutron.db.ovn_revision_numbers_db [None req-07fa02b7-be61-4711-8f41-e20f6c41ad7c 3cd6204b84c24117a25630434b919925 762442e431944020ac45a964c1e741d6 - - default default] Successfully bumped revision number for resource eb3ef429-6493-478b-846e-0ffb0026a87a (type: security_group_rules) to 0
2026-04-23 01:27:40.424 10 INFO neutron.db.segments_db [None req-07fa02b7-be61-4711-8f41-e20f6c41ad7c 3cd6204b84c24117a25630434b919925 762442e431944020ac45a964c1e741d6 - - default default] Added segment d30560af-f000-4005-8a6b-b87178e0cabf of type geneve for network 3a9a1afd-76bd-45ee-8356-31dd84e1f822
2026-04-23 01:27:40.590 10 INFO neutron.db.ovn_revision_numbers_db [None req-07fa02b7-be61-4711-8f41-e20f6c41ad7c 3cd6204b84c24117a25630434b919925 762442e431944020ac45a964c1e741d6 - - default default] Successfully bumped revision number for resource 3a9a1afd-76bd-45ee-8356-31dd84e1f822 (type: networks) to 1
2026-04-23 01:27:40.796 10 WARNING neutron.scheduler.dhcp_agent_scheduler [None req-07fa02b7-be61-4711-8f41-e20f6c41ad7c 3cd6204b84c24117a25630434b919925 762442e431944020ac45a964c1e741d6 - - default default] No more DHCP agents
2026-04-23 01:27:40.797 10 WARNING neutron.api.rpc.agentnotifiers.dhcp_rpc_agent_api [None req-07fa02b7-be61-4711-8f41-e20f6c41ad7c 3cd6204b84c24117a25630434b919925 762442e431944020ac45a964c1e741d6 - - default default] Unable to schedule network 3a9a1afd-76bd-45ee-8356-31dd84e1f822: no agents available; will retry on subsequent port and subnet creation events.
2026-04-23 01:27:40.881 10 INFO neutron.db.ovn_revision_numbers_db [None req-07fa02b7-be61-4711-8f41-e20f6c41ad7c 3cd6204b84c24117a25630434b919925 762442e431944020ac45a964c1e741d6 - - default default] Successfully bumped revision number for resource 9e174975-4366-4671-a863-40ed37ddbfa4 (type: ports) to 1
2026-04-23 01:27:40.913 10 INFO neutron.wsgi [None req-07fa02b7-be61-4711-8f41-e20f6c41ad7c 3cd6204b84c24117a25630434b919925 762442e431944020ac45a964c1e741d6 - - default default] 10.0.0.68 "POST /v2.0/networks HTTP/1.1" status: 201 len: 830 time: 1.0675082
2026-04-23 01:27:40.972 10 INFO neutron.wsgi [None req-15f78e03-cd83-46ba-ae46-9094ab44d33d 3cd6204b84c24117a25630434b919925 762442e431944020ac45a964c1e741d6 - - default default] 10.0.0.68 "PUT /v2.0/networks/3a9a1afd-76bd-45ee-8356-31dd84e1f822/tags HTTP/1.1" status: 200 len: 218 time: 0.0524600
2026-04-23 01:27:41.023 9 INFO neutron.wsgi [None req-27624d78-dba6-4d23-beb3-3fea0a045de3 3cd6204b84c24117a25630434b919925 762442e431944020ac45a964c1e741d6 - - default default] 10.0.0.68 "GET /v2.0/networks/3a9a1afd-76bd-45ee-8356-31dd84e1f822/tags HTTP/1.1" status: 200 len: 218 time: 0.0400124
