2026-04-23 01:25:19.671 9 INFO neutron.services.segments.plugin [-] Segment 82905fcf-bcda-404f-a23b-89a0ab51332d resource provider not found; error: Placement Client Error (4xx): {"errors": [{"status": 404, "title": "Not Found", "detail": "The resource could not be found.\n\n No resource provider with uuid 82905fcf-bcda-404f-a23b-89a0ab51332d found for delete ", "request_id": "req-e262a725-26ad-49ec-83d4-9a13c40e3b89"}]}
2026-04-23 01:25:19.677 9 INFO neutron.services.segments.plugin [-] Segment 82905fcf-bcda-404f-a23b-89a0ab51332d resource provider not found; error: Placement Client Error (4xx): {"errors": [{"status": 404, "title": "Not Found", "detail": "The resource could not be found.\n\n No resource provider with uuid 82905fcf-bcda-404f-a23b-89a0ab51332d found for delete ", "request_id": "req-d248cebf-b040-41a8-8863-0900f6777448"}]}
2026-04-23 01:25:19.687 9 INFO neutron.wsgi [None req-2bf2e07f-5fea-4770-b0eb-cf9261b6cd57 50f892c8b9264a0d92289bc7486c0bf0 fa20de8a3d884b1089ab16a3d780fa14 - - default default] 10.0.0.68 "DELETE /v2.0/networks/0cc43f0a-50fe-45c5-9cf4-a4277f9a8a3f HTTP/1.1" status: 204 len: 168 time: 0.3755939
2026-04-23 01:25:20.040 10 INFO neutron.db.ovn_revision_numbers_db [req-a7f5464a-4ca0-4d1c-ae9a-792723aac1c6 req-54e3c262-ebf9-451b-a5b2-1b82e89c6f80 42cf36478136434db3270fcbc5344f56 b9ee4f74b5054b83875cc34b12576d9f - - a7ed30a739404a2197aa32eb983b8e68 a7ed30a739404a2197aa32eb983b8e68] Successfully bumped revision number for resource 081d5163-5c38-4f63-8e56-5e5b779aa0e6 (type: ports) to 2
2026-04-23 01:25:20.116 9 INFO neutron.db.ovn_revision_numbers_db [None req-49fe2f70-e688-4b56-9dea-7b8cdb0b522f 0eeba1160bdb41448461231bf3b2aee0 6a4ddc12ff6044efa6a6bd9b595174c8 - - default default] Successfully bumped revision number for resource 5883163e-1125-409e-a7ff-1f73ad020629 (type: security_groups) to 1
2026-04-23 01:25:20.126 9 INFO neutron.db.ovn_revision_numbers_db [None req-49fe2f70-e688-4b56-9dea-7b8cdb0b522f 0eeba1160bdb41448461231bf3b2aee0 6a4ddc12ff6044efa6a6bd9b595174c8 - - default default] Successfully bumped revision number for resource 327b9b48-8e61-4cb6-a758-f5fcbce314de (type: security_group_rules) to 0 /var/lib/openstack/lib/python3.10/site-packages/pycadf/identifier.py:71: UserWarning: Invalid uuid: neutron. To ensure interoperability, identifiers should be a valid uuid. warnings.warn(('Invalid uuid: %s. To ensure interoperability, '
2026-04-23 01:25:20.140 9 INFO neutron.db.ovn_revision_numbers_db [None req-49fe2f70-e688-4b56-9dea-7b8cdb0b522f 0eeba1160bdb41448461231bf3b2aee0 6a4ddc12ff6044efa6a6bd9b595174c8 - - default default] Successfully bumped revision number for resource 4ab41a90-16d6-44c0-8807-9e3f79062e8a (type: security_group_rules) to 0
2026-04-23 01:25:20.153 9 INFO neutron.db.ovn_revision_numbers_db [None req-49fe2f70-e688-4b56-9dea-7b8cdb0b522f 0eeba1160bdb41448461231bf3b2aee0 6a4ddc12ff6044efa6a6bd9b595174c8 - - default default] Successfully bumped revision number for resource e892d446-bec5-47ed-a5f7-795c8426dcfb (type: security_group_rules) to 0
2026-04-23 01:25:20.166 9 INFO neutron.db.ovn_revision_numbers_db [None req-49fe2f70-e688-4b56-9dea-7b8cdb0b522f 0eeba1160bdb41448461231bf3b2aee0 6a4ddc12ff6044efa6a6bd9b595174c8 - - default default] Successfully bumped revision number for resource eb942d4c-b783-4484-aa7d-c331b48badc8 (type: security_group_rules) to 0
2026-04-23 01:25:20.188 9 INFO neutron.wsgi [None req-49fe2f70-e688-4b56-9dea-7b8cdb0b522f 0eeba1160bdb41448461231bf3b2aee0 6a4ddc12ff6044efa6a6bd9b595174c8 - - default default] 10.0.0.68 "GET /v2.0/security-groups?tenant_id=db364496d3af4d77a0b5d57fa9fb529f&name=default HTTP/1.1" status: 200 len: 3120 time: 0.2889056
2026-04-23 01:25:20.193 10 INFO neutron.wsgi [req-8187e015-900e-4799-a8c0-a0a569e01703 req-110f5659-0682-468f-959f-b16187a16a3a 7f3eff79db4841309811e56bc8e7d489 9587ca99c4244e93ad5ce4af3a749ab2 - - default default] 10.0.0.146 "GET /v2.0/ports?device_id=6a72920d-d1a1-4e23-9315-a142362daa77 HTTP/1.1" status: 200 len: 1172 time: 0.0615587
2026-04-23 01:25:20.265 10 INFO neutron.wsgi [req-8187e015-900e-4799-a8c0-a0a569e01703 req-dff25358-77d5-401e-af31-3302ed792be1 7f3eff79db4841309811e56bc8e7d489 9587ca99c4244e93ad5ce4af3a749ab2 - - default default] 10.0.0.146 "GET /v2.0/security-groups?id=d14abb9e-f67a-4a0c-82c8-c0873a3a8eea&fields=id&fields=name HTTP/1.1" status: 200 len: 312 time: 0.0635357
2026-04-23 01:25:20.306 9 INFO neutron.wsgi [None req-042de72c-7ced-4b08-a959-a8a60ec47ea3 0eeba1160bdb41448461231bf3b2aee0 6a4ddc12ff6044efa6a6bd9b595174c8 - - default default] 10.0.0.68 "GET /v2.0/security-groups?tenant_id=fa20de8a3d884b1089ab16a3d780fa14&name=default HTTP/1.1" status: 200 len: 3120 time: 0.1687346
2026-04-23 01:25:20.307 10 INFO neutron.db.ovn_revision_numbers_db [req-a7f5464a-4ca0-4d1c-ae9a-792723aac1c6 req-54e3c262-ebf9-451b-a5b2-1b82e89c6f80 42cf36478136434db3270fcbc5344f56 b9ee4f74b5054b83875cc34b12576d9f - - a7ed30a739404a2197aa32eb983b8e68 a7ed30a739404a2197aa32eb983b8e68] Successfully bumped revision number for resource 081d5163-5c38-4f63-8e56-5e5b779aa0e6 (type: ports) to 2
2026-04-23 01:25:20.327 10 INFO neutron.wsgi [req-a7f5464a-4ca0-4d1c-ae9a-792723aac1c6 req-54e3c262-ebf9-451b-a5b2-1b82e89c6f80 42cf36478136434db3270fcbc5344f56 b9ee4f74b5054b83875cc34b12576d9f - - a7ed30a739404a2197aa32eb983b8e68 a7ed30a739404a2197aa32eb983b8e68] 199.204.45.22 "PUT /v2.0/ports/081d5163-5c38-4f63-8e56-5e5b779aa0e6 HTTP/1.1" status: 200 len: 1380 time: 0.6764896
2026-04-23 01:25:20.373 10 INFO neutron.notifiers.nova [-] Nova event matching ['req-6da72e83-fac0-4e88-a6c3-5031564966dc'] response: {'name': 'network-changed', 'server_uuid': '6a72920d-d1a1-4e23-9315-a142362daa77', 'tag': '081d5163-5c38-4f63-8e56-5e5b779aa0e6', 'status': 'completed', 'code': 200} /var/lib/openstack/lib/python3.10/site-packages/pycadf/identifier.py:71: UserWarning: Invalid uuid: neutron. To ensure interoperability, identifiers should be a valid uuid. warnings.warn(('Invalid uuid: %s. To ensure interoperability, '
2026-04-23 01:25:20.421 10 INFO neutron.wsgi [req-a7f5464a-4ca0-4d1c-ae9a-792723aac1c6 req-6f3583a0-b23e-46f0-8078-2e6b68238800 42cf36478136434db3270fcbc5344f56 b9ee4f74b5054b83875cc34b12576d9f - - a7ed30a739404a2197aa32eb983b8e68 a7ed30a739404a2197aa32eb983b8e68] 199.204.45.22 "GET /v2.0/ports?tenant_id=9587ca99c4244e93ad5ce4af3a749ab2&device_id=6a72920d-d1a1-4e23-9315-a142362daa77 HTTP/1.1" status: 200 len: 1411 time: 0.0410142
2026-04-23 01:25:20.452 10 INFO neutron.wsgi [req-a7f5464a-4ca0-4d1c-ae9a-792723aac1c6 req-de3b154b-ba5d-41d3-b62c-bd1314c07c81 42cf36478136434db3270fcbc5344f56 b9ee4f74b5054b83875cc34b12576d9f - - a7ed30a739404a2197aa32eb983b8e68 a7ed30a739404a2197aa32eb983b8e68] 199.204.45.22 "GET /v2.0/floatingips?fixed_ip_address=10.100.0.12&port_id=081d5163-5c38-4f63-8e56-5e5b779aa0e6 HTTP/1.1" status: 200 len: 217 time: 0.0248268
2026-04-23 01:25:20.474 9 INFO neutron.wsgi [None req-305cff96-5385-4dff-bb9a-45d9f6227c19 0eeba1160bdb41448461231bf3b2aee0 6a4ddc12ff6044efa6a6bd9b595174c8 - - default default] 10.0.0.68 "DELETE /v2.0/security-groups/5883163e-1125-409e-a7ff-1f73ad020629 HTTP/1.1" status: 204 len: 168 time: 0.2754593
2026-04-23 01:25:20.493 10 INFO neutron.wsgi [req-a7f5464a-4ca0-4d1c-ae9a-792723aac1c6 req-ed538a56-463b-4b74-a6d3-247876d630b8 42cf36478136434db3270fcbc5344f56 b9ee4f74b5054b83875cc34b12576d9f - - a7ed30a739404a2197aa32eb983b8e68 a7ed30a739404a2197aa32eb983b8e68] 199.204.45.22 "GET /v2.0/subnets?id=9ca9c0f6-5704-43ce-bf11-59e025589f48 HTTP/1.1" status: 200 len: 869 time: 0.0344834
2026-04-23 01:25:20.521 10 INFO neutron.wsgi [req-a7f5464a-4ca0-4d1c-ae9a-792723aac1c6 req-99ef08d4-093b-47e5-83ac-a25a03c5526e 42cf36478136434db3270fcbc5344f56 b9ee4f74b5054b83875cc34b12576d9f - - a7ed30a739404a2197aa32eb983b8e68 a7ed30a739404a2197aa32eb983b8e68] 199.204.45.22 "GET /v2.0/ports?network_id=f792fc93-44f6-474a-bad9-73f1b5d87a5f&device_owner=network%3Adhcp HTTP/1.1" status: 200 len: 210 time: 0.0222867
2026-04-23 01:25:20.566 9 INFO neutron.wsgi [None req-ea3892f3-46f4-44d6-be9b-55bf852fbbcc 0eeba1160bdb41448461231bf3b2aee0 6a4ddc12ff6044efa6a6bd9b595174c8 - - default default] 10.0.0.68 "DELETE /v2.0/security-groups/40e1ccd3-37c8-43bf-9295-3da67205c661 HTTP/1.1" status: 204 len: 168 time: 0.2550128
2026-04-23 01:25:20.588 10 INFO neutron.wsgi [req-a7f5464a-4ca0-4d1c-ae9a-792723aac1c6 req-4ebdd531-b4de-402a-8d99-cefbf102c18c 42cf36478136434db3270fcbc5344f56 b9ee4f74b5054b83875cc34b12576d9f - - a7ed30a739404a2197aa32eb983b8e68 a7ed30a739404a2197aa32eb983b8e68] 199.204.45.22 "GET /v2.0/networks/f792fc93-44f6-474a-bad9-73f1b5d87a5f?fields=segments HTTP/1.1" status: 200 len: 212 time: 0.0582530
2026-04-23 01:25:20.658 10 INFO neutron.wsgi [req-a7f5464a-4ca0-4d1c-ae9a-792723aac1c6 req-93dcd04d-503e-4999-b5cc-c1709518afc6 42cf36478136434db3270fcbc5344f56 b9ee4f74b5054b83875cc34b12576d9f - - a7ed30a739404a2197aa32eb983b8e68 a7ed30a739404a2197aa32eb983b8e68] 199.204.45.22 "GET /v2.0/networks/f792fc93-44f6-474a-bad9-73f1b5d87a5f?fields=provider%3Aphysical_network&fields=provider%3Anetwork_type HTTP/1.1" status: 200 len: 277 time: 0.0641582
2026-04-23 01:25:20.735 10 INFO neutron.wsgi [req-d2b2d65c-d12c-4b22-a0e1-efd72c3067e0 req-56b64dbe-f367-4e3f-94b8-665f2e8648ff 42cf36478136434db3270fcbc5344f56 b9ee4f74b5054b83875cc34b12576d9f - - a7ed30a739404a2197aa32eb983b8e68 a7ed30a739404a2197aa32eb983b8e68] 199.204.45.22 "GET /v2.0/ports?tenant_id=9587ca99c4244e93ad5ce4af3a749ab2&device_id=6a72920d-d1a1-4e23-9315-a142362daa77 HTTP/1.1" status: 200 len: 1411 time: 0.0424287
2026-04-23 01:25:20.812 9 INFO neutron.db.ovn_revision_numbers_db [None req-944e6dc6-88dc-489d-96bd-0eec88311696 0eeba1160bdb41448461231bf3b2aee0 6a4ddc12ff6044efa6a6bd9b595174c8 - - default default] Successfully bumped revision number for resource 1402af93-f8b6-4d4b-b89d-73cc5bb1a50d (type: security_groups) to 1
2026-04-23 01:25:20.815 10 INFO neutron.wsgi [req-d2b2d65c-d12c-4b22-a0e1-efd72c3067e0 req-9ada1f60-206d-4b79-8d36-663dd6d25031 42cf36478136434db3270fcbc5344f56 b9ee4f74b5054b83875cc34b12576d9f - - a7ed30a739404a2197aa32eb983b8e68 a7ed30a739404a2197aa32eb983b8e68] 199.204.45.22 "GET /v2.0/networks?id=f792fc93-44f6-474a-bad9-73f1b5d87a5f HTTP/1.1" status: 200 len: 974 time: 0.0693357
2026-04-23 01:25:20.841 9 INFO neutron.db.ovn_revision_numbers_db [None req-944e6dc6-88dc-489d-96bd-0eec88311696 0eeba1160bdb41448461231bf3b2aee0 6a4ddc12ff6044efa6a6bd9b595174c8 - - default default] Successfully bumped revision number for resource 1ac81dff-334d-4843-8f65-dcff1d9b2026 (type: security_group_rules) to 0
2026-04-23 01:25:20.861 9 INFO neutron.db.ovn_revision_numbers_db [None req-944e6dc6-88dc-489d-96bd-0eec88311696 0eeba1160bdb41448461231bf3b2aee0 6a4ddc12ff6044efa6a6bd9b595174c8 - - default default] Successfully bumped revision number for resource 380a54a2-24a4-4773-a345-df6a0b0a3f1d (type: security_group_rules) to 0
2026-04-23 01:25:20.868 10 INFO neutron.plugins.ml2.drivers.ovn.mech_driver.mech_driver [None req-8d099bd5-3702-4535-9a1e-086901901d26 - - - - - -] OVN reports status up for port: 081d5163-5c38-4f63-8e56-5e5b779aa0e6
2026-04-23 01:25:20.872 10 INFO neutron.wsgi [req-d2b2d65c-d12c-4b22-a0e1-efd72c3067e0 req-11ef211d-4770-4c80-aced-cb5360dd241f 42cf36478136434db3270fcbc5344f56 b9ee4f74b5054b83875cc34b12576d9f - - a7ed30a739404a2197aa32eb983b8e68 a7ed30a739404a2197aa32eb983b8e68] 199.204.45.22 "GET /v2.0/floatingips?fixed_ip_address=10.100.0.12&port_id=081d5163-5c38-4f63-8e56-5e5b779aa0e6 HTTP/1.1" status: 200 len: 217 time: 0.0447230
2026-04-23 01:25:20.876 9 INFO neutron.db.ovn_revision_numbers_db [None req-944e6dc6-88dc-489d-96bd-0eec88311696 0eeba1160bdb41448461231bf3b2aee0 6a4ddc12ff6044efa6a6bd9b595174c8 - - default default] Successfully bumped revision number for resource ccf20229-3c29-485a-8337-78f04727aed1 (type: security_group_rules) to 0
2026-04-23 01:25:20.883 10 INFO neutron.plugins.ml2.plugin [None req-8d099bd5-3702-4535-9a1e-086901901d26 - - - - - -] Attempt 1 to provision port 081d5163-5c38-4f63-8e56-5e5b779aa0e6
2026-04-23 01:25:20.897 9 INFO neutron.db.ovn_revision_numbers_db [None req-944e6dc6-88dc-489d-96bd-0eec88311696 0eeba1160bdb41448461231bf3b2aee0 6a4ddc12ff6044efa6a6bd9b595174c8 - - default default] Successfully bumped revision number for resource e911cb17-2f14-40fd-a91a-63661489d725 (type: security_group_rules) to 0
2026-04-23 01:25:20.913 9 INFO neutron.wsgi [None req-944e6dc6-88dc-489d-96bd-0eec88311696 0eeba1160bdb41448461231bf3b2aee0 6a4ddc12ff6044efa6a6bd9b595174c8 - - default default] 10.0.0.68 "GET /v2.0/security-groups?tenant_id=9fbf492c039c4ef5a8d5d3795465ddb9&name=default HTTP/1.1" status: 200 len: 3120 time: 0.2686744
2026-04-23 01:25:20.914 10 INFO neutron.wsgi [req-d2b2d65c-d12c-4b22-a0e1-efd72c3067e0 req-e1e5e19e-7d5c-417e-ad73-640071f649df 42cf36478136434db3270fcbc5344f56 b9ee4f74b5054b83875cc34b12576d9f - - a7ed30a739404a2197aa32eb983b8e68 a7ed30a739404a2197aa32eb983b8e68] 199.204.45.22 "GET /v2.0/subnets?id=9ca9c0f6-5704-43ce-bf11-59e025589f48 HTTP/1.1" status: 200 len: 869 time: 0.0368822
2026-04-23 01:25:20.944 10 INFO neutron.wsgi [req-d2b2d65c-d12c-4b22-a0e1-efd72c3067e0 req-96e39610-33c3-45b3-aa5a-ae482f723763 42cf36478136434db3270fcbc5344f56 b9ee4f74b5054b83875cc34b12576d9f - - a7ed30a739404a2197aa32eb983b8e68 a7ed30a739404a2197aa32eb983b8e68] 199.204.45.22 "GET /v2.0/ports?network_id=f792fc93-44f6-474a-bad9-73f1b5d87a5f&device_owner=network%3Adhcp HTTP/1.1" status: 200 len: 210 time: 0.0253069
2026-04-23 01:25:21.022 10 INFO neutron.wsgi [req-d2b2d65c-d12c-4b22-a0e1-efd72c3067e0 req-95c0214b-5b3c-4d0f-a3ba-58352d5a5367 42cf36478136434db3270fcbc5344f56 b9ee4f74b5054b83875cc34b12576d9f - - a7ed30a739404a2197aa32eb983b8e68 a7ed30a739404a2197aa32eb983b8e68] 199.204.45.22 "GET /v2.0/networks/f792fc93-44f6-474a-bad9-73f1b5d87a5f?fields=segments HTTP/1.1" status: 200 len: 212 time: 0.0733941
2026-04-23 01:25:21.124 10 INFO neutron.wsgi [req-d2b2d65c-d12c-4b22-a0e1-efd72c3067e0 req-5536589d-dd86-4085-be4b-65dea61911b5 42cf36478136434db3270fcbc5344f56 b9ee4f74b5054b83875cc34b12576d9f - - a7ed30a739404a2197aa32eb983b8e68 a7ed30a739404a2197aa32eb983b8e68] 199.204.45.22 "GET /v2.0/networks/f792fc93-44f6-474a-bad9-73f1b5d87a5f?fields=provider%3Aphysical_network&fields=provider%3Anetwork_type HTTP/1.1" status: 200 len: 277 time: 0.0966620
2026-04-23 01:25:21.125 9 INFO neutron.wsgi [None req-b5b4b02b-6842-4f95-a9bb-763118804bda 0eeba1160bdb41448461231bf3b2aee0 6a4ddc12ff6044efa6a6bd9b595174c8 - - default default] 10.0.0.68 "DELETE /v2.0/security-groups/1402af93-f8b6-4d4b-b89d-73cc5bb1a50d HTTP/1.1" status: 204 len: 168 time: 0.2057514
2026-04-23 01:25:21.269 10 INFO neutron.db.ovn_revision_numbers_db [None req-8d099bd5-3702-4535-9a1e-086901901d26 - - - - - -] Successfully bumped revision number for resource 081d5163-5c38-4f63-8e56-5e5b779aa0e6 (type: ports) to 4 /var/lib/openstack/lib/python3.10/site-packages/pycadf/identifier.py:71: UserWarning: Invalid uuid: neutron. To ensure interoperability, identifiers should be a valid uuid. warnings.warn(('Invalid uuid: %s. To ensure interoperability, '
2026-04-23 01:25:21.376 10 INFO neutron.wsgi [req-211ab803-ceaf-4419-af31-fafa02683fbe req-2e898c52-0778-448e-9d59-1d9f76c619df 7f3eff79db4841309811e56bc8e7d489 9587ca99c4244e93ad5ce4af3a749ab2 - - default default] 10.0.0.146 "GET /v2.0/ports?device_id=6a72920d-d1a1-4e23-9315-a142362daa77 HTTP/1.1" status: 200 len: 1174 time: 0.0366764
2026-04-23 01:25:21.423 10 INFO neutron.wsgi [req-211ab803-ceaf-4419-af31-fafa02683fbe req-deb22737-546a-4f82-8f09-be003c7472a1 7f3eff79db4841309811e56bc8e7d489 9587ca99c4244e93ad5ce4af3a749ab2 - - default default] 10.0.0.146 "GET /v2.0/security-groups?id=d14abb9e-f67a-4a0c-82c8-c0873a3a8eea&fields=id&fields=name HTTP/1.1" status: 200 len: 312 time: 0.0402448
2026-04-23 01:25:21.585 9 WARNING neutron.plugins.ml2.drivers.ovn.mech_driver.ovsdb.ovn_client [None req-3fc36076-e92a-4a78-9ce5-9190947797b2 - - - - - -] No hosting information found for port 2ff20572-3aef-45df-8df7-6b959df65ecd: RuntimeError: No hosting information found for port 2ff20572-3aef-45df-8df7-6b959df65ecd
2026-04-23 01:25:22.412 10 INFO neutron.notifiers.nova [-] Nova event matching ['req-963aaf30-8670-4289-90a8-3e068903d2ef'] response: {'server_uuid': '6a72920d-d1a1-4e23-9315-a142362daa77', 'name': 'network-vif-plugged', 'status': 'completed', 'tag': '081d5163-5c38-4f63-8e56-5e5b779aa0e6', 'code': 200}
2026-04-23 01:25:22.413 10 INFO neutron.notifiers.nova [-] Nova event matching ['req-963aaf30-8670-4289-90a8-3e068903d2ef'] response: {'server_uuid': '6a72920d-d1a1-4e23-9315-a142362daa77', 'name': 'network-vif-plugged', 'status': 'completed', 'tag': '081d5163-5c38-4f63-8e56-5e5b779aa0e6', 'code': 200}
2026-04-23 01:25:22.533 10 INFO neutron.wsgi [req-ca630ac2-e860-4de0-bcbb-1ef98e790080 req-21e60b33-b8d6-41cf-9fc9-5e8854b2613b 7f3eff79db4841309811e56bc8e7d489 9587ca99c4244e93ad5ce4af3a749ab2 - - default default] 10.0.0.146 "GET /v2.0/ports?device_id=6a72920d-d1a1-4e23-9315-a142362daa77 HTTP/1.1" status: 200 len: 1174 time: 0.0415840
2026-04-23 01:25:22.582 10 INFO neutron.wsgi [req-ca630ac2-e860-4de0-bcbb-1ef98e790080 req-4d278700-2212-4d66-ab35-3f3a1c0c53c6 7f3eff79db4841309811e56bc8e7d489 9587ca99c4244e93ad5ce4af3a749ab2 - - default default] 10.0.0.146 "GET /v2.0/security-groups?id=d14abb9e-f67a-4a0c-82c8-c0873a3a8eea&fields=id&fields=name HTTP/1.1" status: 200 len: 312 time: 0.0380826 /var/lib/openstack/lib/python3.10/site-packages/pycadf/identifier.py:71: UserWarning: Invalid uuid: neutron. To ensure interoperability, identifiers should be a valid uuid. warnings.warn(('Invalid uuid: %s. To ensure interoperability, '
2026-04-23 01:25:22.954 9 INFO neutron.wsgi [None req-dea80829-900f-494b-bb7c-0be51c0f1b93 0e9dc88350fe4fa1838cdfc6b3802826 b95e5f41b3204b1288330e7fbbba9347 - - default default] 10.0.0.68 "GET /v2.0/extensions HTTP/1.1" status: 200 len: 18678 time: 0.0996170
2026-04-23 01:25:22.964 9 INFO neutron.wsgi [None req-5ab35105-d0fb-4a11-b116-979d76b2a91c 0e9dc88350fe4fa1838cdfc6b3802826 b95e5f41b3204b1288330e7fbbba9347 - - default default] 10.0.0.68 "GET /v2.0/extensions/address-group HTTP/1.1" status: 200 len: 353 time: 0.0050552
2026-04-23 01:25:22.984 10 INFO neutron.wsgi [None req-0bb76ac3-7f81-4707-b833-8c8ff9df6b5e 0e9dc88350fe4fa1838cdfc6b3802826 b95e5f41b3204b1288330e7fbbba9347 - - default default] 10.0.0.68 "GET /v2.0/extensions/address-scope HTTP/1.1" status: 200 len: 357 time: 0.0063088
2026-04-23 01:25:22.992 10 INFO neutron.wsgi [None req-07fce30b-1a5c-4fe0-86aa-4e99965a2e34 0e9dc88350fe4fa1838cdfc6b3802826 b95e5f41b3204b1288330e7fbbba9347 - - default default] 10.0.0.68 "GET /v2.0/extensions/agent HTTP/1.1" status: 200 len: 347 time: 0.0041375
2026-04-23 01:25:23.000 10 INFO neutron.wsgi [None req-60e9aefa-b49b-4e2f-94aa-c551b14516fd 0e9dc88350fe4fa1838cdfc6b3802826 b95e5f41b3204b1288330e7fbbba9347 - - default default] 10.0.0.68 "GET /v2.0/extensions/allowed-address-pairs HTTP/1.1" status: 200 len: 378 time: 0.0043335
2026-04-23 01:25:23.010 10 INFO neutron.wsgi [None req-5de083b8-c879-484a-941f-f1d683b11ee7 0e9dc88350fe4fa1838cdfc6b3802826 b95e5f41b3204b1288330e7fbbba9347 - - default default] 10.0.0.68 "GET /v2.0/extensions/auto-allocated-topology HTTP/1.1" status: 200 len: 394 time: 0.0069566
2026-04-23 01:25:23.018 10 INFO neutron.wsgi [None req-2af8553d-e683-4d1e-b264-8b43d4119ff6 0e9dc88350fe4fa1838cdfc6b3802826 b95e5f41b3204b1288330e7fbbba9347 - - default default] 10.0.0.68 "GET /v2.0/extensions/availability_zone HTTP/1.1" status: 200 len: 372 time: 0.0033107
2026-04-23 01:25:23.026 10 INFO neutron.wsgi [None req-94e4c7a2-8d34-4243-aa2a-42733f1e1c65 0e9dc88350fe4fa1838cdfc6b3802826 b95e5f41b3204b1288330e7fbbba9347 - - default default] 10.0.0.68 "GET /v2.0/extensions/default-subnetpools HTTP/1.1" status: 200 len: 405 time: 0.0042517
2026-04-23 01:25:23.034 10 INFO neutron.wsgi [None req-08bcf7ed-93d5-40d0-b373-3faf9440f025 0e9dc88350fe4fa1838cdfc6b3802826 b95e5f41b3204b1288330e7fbbba9347 - - default default] 10.0.0.68 "GET /v2.0/extensions/dhcp_agent_scheduler HTTP/1.1" status: 200 len: 381 time: 0.0042143
2026-04-23 01:25:23.043 10 INFO neutron.wsgi [None req-f5ce4be4-cf4b-44ed-8e90-b3dbe48109e7 0e9dc88350fe4fa1838cdfc6b3802826 b95e5f41b3204b1288330e7fbbba9347 - - default default] 10.0.0.68 "GET /v2.0/extensions/dns-integration HTTP/1.1" status: 200 len: 366 time: 0.0050085
2026-04-23 01:25:23.050 10 INFO neutron.wsgi [None req-624c0329-6cb1-48ca-98e9-280221a5afd7 0e9dc88350fe4fa1838cdfc6b3802826 b95e5f41b3204b1288330e7fbbba9347 - - default default] 10.0.0.68 "GET /v2.0/extensions/dns-domain-ports HTTP/1.1" status: 200 len: 399 time: 0.0042601
2026-04-23 01:25:23.059 10 INFO neutron.wsgi [None req-aa671fcc-0e19-4f01-b88d-e72f195a6019 0e9dc88350fe4fa1838cdfc6b3802826 b95e5f41b3204b1288330e7fbbba9347 - - default default] 10.0.0.68 "GET /v2.0/extensions/dns-integration-domain-keywords HTTP/1.1" status: 200 len: 477 time: 0.0044510
2026-04-23 01:25:23.067 10 INFO neutron.wsgi [None req-961f4cdc-e134-464c-8b70-1707aa619fe5 0e9dc88350fe4fa1838cdfc6b3802826 b95e5f41b3204b1288330e7fbbba9347 - - default default] 10.0.0.68 "GET /v2.0/extensions/empty-string-filtering HTTP/1.1" status: 200 len: 413 time: 0.0041049
2026-04-23 01:25:23.075 10 INFO neutron.wsgi [None req-71c9d063-d41f-4120-8421-61978af9815f 0e9dc88350fe4fa1838cdfc6b3802826 b95e5f41b3204b1288330e7fbbba9347 - - default default] 10.0.0.68 "GET /v2.0/extensions/external-net HTTP/1.1" status: 200 len: 394 time: 0.0043714
2026-04-23 01:25:23.081 10 INFO neutron.wsgi [None req-67e83ff0-51b2-4558-a6bf-4f968267bc9c 0e9dc88350fe4fa1838cdfc6b3802826 b95e5f41b3204b1288330e7fbbba9347 - - default default] 10.0.0.68 "GET /v2.0/extensions/extra_dhcp_opt HTTP/1.1" status: 200 len: 498 time: 0.0040939
2026-04-23 01:25:23.088 10 INFO neutron.wsgi [None req-6b5ae876-c38b-46c0-8fe8-e5ba5d08457c 0e9dc88350fe4fa1838cdfc6b3802826 b95e5f41b3204b1288330e7fbbba9347 - - default default] 10.0.0.68 "GET /v2.0/extensions/extraroute HTTP/1.1" status: 200 len: 375 time: 0.0039766
2026-04-23 01:25:23.095 10 INFO neutron.wsgi [None req-69099497-e48d-4835-9d84-da7df827972a 0e9dc88350fe4fa1838cdfc6b3802826 b95e5f41b3204b1288330e7fbbba9347 - - default default] 10.0.0.68 "GET /v2.0/extensions/floating-ip-port-forwarding-detail HTTP/1.1" status: 200 len: 465 time: 0.0039604
2026-04-23 01:25:23.102 10 INFO neutron.wsgi [None req-6aa3d930-138c-4035-9b46-3f8a31bbd0d1 0e9dc88350fe4fa1838cdfc6b3802826 b95e5f41b3204b1288330e7fbbba9347 - - default default] 10.0.0.68 "GET /v2.0/extensions/fip-port-details HTTP/1.1" status: 200 len: 406 time: 0.0043747
2026-04-23 01:25:23.110 10 INFO neutron.wsgi [None req-752a60d5-ac74-434f-9cf4-bc7407b51e2a 0e9dc88350fe4fa1838cdfc6b3802826 b95e5f41b3204b1288330e7fbbba9347 - - default default] 10.0.0.68 "GET /v2.0/extensions/flavors HTTP/1.1" status: 200 len: 387 time: 0.0040116
2026-04-23 01:25:23.117 10 INFO neutron.wsgi [None req-f925187b-06ae-4d9d-8c22-651202263dbc 0e9dc88350fe4fa1838cdfc6b3802826 b95e5f41b3204b1288330e7fbbba9347 - - default default] 10.0.0.68 "GET /v2.0/extensions/floatingip-pools HTTP/1.1" status: 200 len: 382 time: 0.0039184
2026-04-23 01:25:23.123 10 INFO neutron.wsgi [None req-640cc662-c1da-4558-b4a8-05f293d1daaa 0e9dc88350fe4fa1838cdfc6b3802826 b95e5f41b3204b1288330e7fbbba9347 - - default default] 10.0.0.68 "GET /v2.0/extensions/ip_allocation HTTP/1.1" status: 200 len: 356 time: 0.0039201
2026-04-23 01:25:23.130 10 INFO neutron.wsgi [None req-e92be591-7b1d-4c0a-b285-7716213e5798 0e9dc88350fe4fa1838cdfc6b3802826 b95e5f41b3204b1288330e7fbbba9347 - - default default] 10.0.0.68 "GET /v2.0/extensions/l2_adjacency HTTP/1.1" status: 200 len: 372 time: 0.0041530
2026-04-23 01:25:23.137 10 INFO neutron.wsgi [None req-425fea02-9aac-4fe2-9e6b-4e50340eaac5 0e9dc88350fe4fa1838cdfc6b3802826 b95e5f41b3204b1288330e7fbbba9347 - - default default] 10.0.0.68 "GET /v2.0/extensions/router HTTP/1.1" status: 200 len: 450 time: 0.0038450
2026-04-23 01:25:23.145 10 INFO neutron.wsgi [None req-b710f584-2c21-4fdb-833c-b228f65121ff 0e9dc88350fe4fa1838cdfc6b3802826 b95e5f41b3204b1288330e7fbbba9347 - - default default] 10.0.0.68 "GET /v2.0/extensions/enable-default-route-bfd HTTP/1.1" status: 200 len: 406 time: 0.0039146
2026-04-23 01:25:23.154 10 INFO neutron.wsgi [None req-9bf22804-0f71-4127-adff-7094f058da16 0e9dc88350fe4fa1838cdfc6b3802826 b95e5f41b3204b1288330e7fbbba9347 - - default default] 10.0.0.68 "GET /v2.0/extensions/enable-default-route-ecmp HTTP/1.1" status: 200 len: 409 time: 0.0048373
2026-04-23 01:25:23.169 9 INFO neutron.wsgi [None req-5b4c29d2-eb11-4b5c-b626-fe44e545313c 0e9dc88350fe4fa1838cdfc6b3802826 b95e5f41b3204b1288330e7fbbba9347 - - default default] 10.0.0.68 "GET /v2.0/extensions/ext-gw-mode HTTP/1.1" status: 200 len: 462 time: 0.0079665
2026-04-23 01:25:23.179 9 INFO neutron.wsgi [None req-f3e5afe2-bbd7-4adb-b633-8a45dea51293 0e9dc88350fe4fa1838cdfc6b3802826 b95e5f41b3204b1288330e7fbbba9347 - - default default] 10.0.0.68 "GET /v2.0/extensions/l3-ha HTTP/1.1" status: 200 len: 360 time: 0.0058944
2026-04-23 01:25:23.190 10 INFO neutron.wsgi [None req-8b92192d-a840-4c35-8395-af1d3360fd4d 0e9dc88350fe4fa1838cdfc6b3802826 b95e5f41b3204b1288330e7fbbba9347 - - default default] 10.0.0.68 "GET /v2.0/extensions/external-gateway-multihoming HTTP/1.1" status: 200 len: 421 time: 0.0069761
2026-04-23 01:25:23.199 10 INFO neutron.wsgi [None req-2c432abf-5caf-4cde-bc10-5b7599f86a26 0e9dc88350fe4fa1838cdfc6b3802826 b95e5f41b3204b1288330e7fbbba9347 - - default default] 10.0.0.68 "GET /v2.0/extensions/l3-flavors HTTP/1.1" status: 200 len: 366 time: 0.0045817
2026-04-23 01:25:23.206 10 INFO neutron.wsgi [None req-8011b848-f235-4df4-8b74-5047eec4b0c6 0e9dc88350fe4fa1838cdfc6b3802826 b95e5f41b3204b1288330e7fbbba9347 - - default default] 10.0.0.68 "GET /v2.0/extensions/logging HTTP/1.1" status: 200 len: 407 time: 0.0041964
2026-04-23 01:25:23.217 9 INFO neutron.wsgi [None req-0e14c9d5-8e13-4eb3-ac1f-627b2673c8d6 0e9dc88350fe4fa1838cdfc6b3802826 b95e5f41b3204b1288330e7fbbba9347 - - default default] 10.0.0.68 "GET /v2.0/extensions/multi-provider HTTP/1.1" status: 200 len: 406 time: 0.0061784
2026-04-23 01:25:23.226 9 INFO neutron.wsgi [None req-8b819107-d802-4d6c-b54f-ed7ef6a82d07 0e9dc88350fe4fa1838cdfc6b3802826 b95e5f41b3204b1288330e7fbbba9347 - - default default] 10.0.0.68 "GET /v2.0/extensions/net-mtu HTTP/1.1" status: 200 len: 370 time: 0.0044873
2026-04-23 01:25:23.235 9 INFO neutron.wsgi [None req-5d309723-03e7-406d-97d3-101a57b10543 0e9dc88350fe4fa1838cdfc6b3802826 b95e5f41b3204b1288330e7fbbba9347 - - default default] 10.0.0.68 "GET /v2.0/extensions/net-mtu-writable HTTP/1.1" status: 200 len: 401 time: 0.0053554
2026-04-23 01:25:23.243 9 INFO neutron.wsgi [None req-c2239bd6-13e6-4a67-ab9b-16573288c099 0e9dc88350fe4fa1838cdfc6b3802826 b95e5f41b3204b1288330e7fbbba9347 - - default default] 10.0.0.68 "GET /v2.0/extensions/network_availability_zone HTTP/1.1" status: 200 len: 394 time: 0.0048857
2026-04-23 01:25:23.252 9 INFO neutron.wsgi [None req-25b9cce3-bfc5-4586-a296-380f7d75786e 0e9dc88350fe4fa1838cdfc6b3802826 b95e5f41b3204b1288330e7fbbba9347 - - default default] 10.0.0.68 "GET /v2.0/extensions/network-ip-availability HTTP/1.1" status: 200 len: 410 time: 0.0044529
2026-04-23 01:25:23.262 9 INFO neutron.wsgi [None req-eb514031-deca-4e9e-ad6a-6ad579b5faed 0e9dc88350fe4fa1838cdfc6b3802826 b95e5f41b3204b1288330e7fbbba9347 - - default default] 10.0.0.68 "GET /v2.0/extensions/pagination HTTP/1.1" status: 200 len: 386 time: 0.0050218
2026-04-23 01:25:23.271 9 INFO neutron.wsgi [None req-ae88c9fe-7f3a-4534-9225-95d5b38bedc9 0e9dc88350fe4fa1838cdfc6b3802826 b95e5f41b3204b1288330e7fbbba9347 - - default default] 10.0.0.68 "GET /v2.0/extensions/port-device-profile HTTP/1.1" status: 200 len: 383 time: 0.0042701
2026-04-23 01:25:23.278 9 INFO neutron.wsgi [None req-648b0a1e-3690-4d62-a17a-7893a9c37e8e 0e9dc88350fe4fa1838cdfc6b3802826 b95e5f41b3204b1288330e7fbbba9347 - - default default] 10.0.0.68 "GET /v2.0/extensions/port-mac-address-regenerate HTTP/1.1" status: 200 len: 403 time: 0.0045879
2026-04-23 01:25:23.288 10 INFO neutron.wsgi [None req-d7e2caeb-28af-43d0-883a-cc04bf2c8c8a 0e9dc88350fe4fa1838cdfc6b3802826 b95e5f41b3204b1288330e7fbbba9347 - - default default] 10.0.0.68 "GET /v2.0/extensions/port-numa-affinity-policy HTTP/1.1" status: 200 len: 392 time: 0.0056283
2026-04-23 01:25:23.299 9 INFO neutron.wsgi [None req-6c8d4d5f-d97c-4b29-81f9-400066eb9857 0e9dc88350fe4fa1838cdfc6b3802826 b95e5f41b3204b1288330e7fbbba9347 - - default default] 10.0.0.68 "GET /v2.0/extensions/port-resource-request HTTP/1.1" status: 200 len: 379 time: 0.0075603
2026-04-23 01:25:23.305 9 INFO neutron.wsgi [None req-a8c81c3f-3f65-49e7-917e-6d177cc49551 0e9dc88350fe4fa1838cdfc6b3802826 b95e5f41b3204b1288330e7fbbba9347 - - default default] 10.0.0.68 "GET /v2.0/extensions/port-resource-request-groups HTTP/1.1" status: 200 len: 465 time: 0.0029340
2026-04-23 01:25:23.314 9 INFO neutron.wsgi [None req-4ae7e05b-f5e9-40bc-84ba-fdfc96d7a979 0e9dc88350fe4fa1838cdfc6b3802826 b95e5f41b3204b1288330e7fbbba9347 - - default default] 10.0.0.68 "GET /v2.0/extensions/binding HTTP/1.1" status: 200 len: 387 time: 0.0043046
2026-04-23 01:25:23.322 9 INFO neutron.wsgi [None req-0a67b296-f97c-4f13-888b-66b813518a48 0e9dc88350fe4fa1838cdfc6b3802826 b95e5f41b3204b1288330e7fbbba9347 - - default default] 10.0.0.68 "GET /v2.0/extensions/binding-extended HTTP/1.1" status: 200 len: 406 time: 0.0043607
2026-04-23 01:25:23.329 9 INFO neutron.wsgi [None req-e6ef8b06-b037-4c3d-8fb1-25bc4b1fd9bf 0e9dc88350fe4fa1838cdfc6b3802826 b95e5f41b3204b1288330e7fbbba9347 - - default default] 10.0.0.68 "GET /v2.0/extensions/port-security HTTP/1.1" status: 200 len: 354 time: 0.0039892
2026-04-23 01:25:23.337 9 INFO neutron.wsgi [None req-f0381c8d-e2b2-43aa-bb1c-41ae638a9b20 0e9dc88350fe4fa1838cdfc6b3802826 b95e5f41b3204b1288330e7fbbba9347 - - default default] 10.0.0.68 "GET /v2.0/extensions/project-id HTTP/1.1" status: 200 len: 398 time: 0.0039132
2026-04-23 01:25:23.345 9 INFO neutron.wsgi [None req-e1c428c8-9b8f-42b2-a47d-0e75f2d40930 0e9dc88350fe4fa1838cdfc6b3802826 b95e5f41b3204b1288330e7fbbba9347 - - default default] 10.0.0.68 "GET /v2.0/extensions/provider HTTP/1.1" status: 200 len: 385 time: 0.0041161
2026-04-23 01:25:23.356 9 INFO neutron.wsgi [None req-c391f997-bb6c-444d-8d08-039504084e40 0e9dc88350fe4fa1838cdfc6b3802826 b95e5f41b3204b1288330e7fbbba9347 - - default default] 10.0.0.68 "GET /v2.0/extensions/qos HTTP/1.1" status: 200 len: 360 time: 0.0075612
2026-04-23 01:25:23.362 9 INFO neutron.wsgi [None req-9946822c-3642-4a09-aab2-6bb1e186d7e0 0e9dc88350fe4fa1838cdfc6b3802826 b95e5f41b3204b1288330e7fbbba9347 - - default default] 10.0.0.68 "GET /v2.0/extensions/qos-bw-limit-direction HTTP/1.1" status: 200 len: 452 time: 0.0032268
2026-04-23 01:25:23.368 9 INFO neutron.wsgi [None req-c7aef9f8-d890-4c5b-b062-72e043a57d9c 0e9dc88350fe4fa1838cdfc6b3802826 b95e5f41b3204b1288330e7fbbba9347 - - default default] 10.0.0.68 "GET /v2.0/extensions/qos-bw-minimum-ingress HTTP/1.1" status: 200 len: 445 time: 0.0029275
2026-04-23 01:25:23.375 9 INFO neutron.wsgi [None req-087610bd-07bd-4bfc-ba48-0a34697096a7 0e9dc88350fe4fa1838cdfc6b3802826 b95e5f41b3204b1288330e7fbbba9347 - - default default] 10.0.0.68 "GET /v2.0/extensions/qos-default HTTP/1.1" status: 200 len: 377 time: 0.0039067
2026-04-23 01:25:23.382 9 INFO neutron.wsgi [None req-8b04df00-0c2f-4a06-b512-f2b9cc220c39 0e9dc88350fe4fa1838cdfc6b3802826 b95e5f41b3204b1288330e7fbbba9347 - - default default] 10.0.0.68 "GET /v2.0/extensions/qos-fip HTTP/1.1" status: 200 len: 372 time: 0.0042067
2026-04-23 01:25:23.389 9 INFO neutron.wsgi [None req-050f7f80-082f-490b-b056-fa85c41c2286 0e9dc88350fe4fa1838cdfc6b3802826 b95e5f41b3204b1288330e7fbbba9347 - - default default] 10.0.0.68 "GET /v2.0/extensions/qos-gateway-ip HTTP/1.1" status: 200 len: 391 time: 0.0039082
2026-04-23 01:25:23.397 9 INFO neutron.wsgi [None req-0c8605a5-4c4b-43e6-bdaa-fe7187c3c30b 0e9dc88350fe4fa1838cdfc6b3802826 b95e5f41b3204b1288330e7fbbba9347 - - default default] 10.0.0.68 "GET /v2.0/extensions/qos-port-network-policy HTTP/1.1" status: 200 len: 403 time: 0.0039408
2026-04-23 01:25:23.405 9 INFO neutron.wsgi [None req-a7cac896-a069-4275-a153-5c1143f655ee 0e9dc88350fe4fa1838cdfc6b3802826 b95e5f41b3204b1288330e7fbbba9347 - - default default] 10.0.0.68 "GET /v2.0/extensions/qos-pps-minimum HTTP/1.1" status: 200 len: 397 time: 0.0054388
2026-04-23 01:25:23.412 9 INFO neutron.wsgi [None req-d2ddc358-58b1-4f5f-8002-f13b53486735 0e9dc88350fe4fa1838cdfc6b3802826 b95e5f41b3204b1288330e7fbbba9347 - - default default] 10.0.0.68 "GET /v2.0/extensions/qos-pps-minimum-rule-alias HTTP/1.1" status: 200 len: 471 time: 0.0035768
2026-04-23 01:25:23.419 9 INFO neutron.wsgi [None req-a949e232-1853-4598-8432-f79b3e63efa8 0e9dc88350fe4fa1838cdfc6b3802826 b95e5f41b3204b1288330e7fbbba9347 - - default default] 10.0.0.68 "GET /v2.0/extensions/qos-pps HTTP/1.1" status: 200 len: 389 time: 0.0038767
2026-04-23 01:25:23.428 9 INFO neutron.wsgi [None req-3a2dc54d-e429-42ed-964e-767279602d7e 0e9dc88350fe4fa1838cdfc6b3802826 b95e5f41b3204b1288330e7fbbba9347 - - default default] 10.0.0.68 "GET /v2.0/extensions/qos-rule-type-details HTTP/1.1" status: 200 len: 423 time: 0.0061274
2026-04-23 01:25:23.440 10 INFO neutron.wsgi [None req-073825dc-b0d4-4bcd-bb4d-1350c563ab3a 0e9dc88350fe4fa1838cdfc6b3802826 b95e5f41b3204b1288330e7fbbba9347 - - default default] 10.0.0.68 "GET /v2.0/extensions/qos-rule-type-filter HTTP/1.1" status: 200 len: 567 time: 0.0078142
2026-04-23 01:25:23.449 9 INFO neutron.wsgi [None req-1d6764d6-53d9-4647-b44f-eef5284814d8 0e9dc88350fe4fa1838cdfc6b3802826 b95e5f41b3204b1288330e7fbbba9347 - - default default] 10.0.0.68 "GET /v2.0/extensions/qos-rules-alias HTTP/1.1" status: 200 len: 448 time: 0.0051653
2026-04-23 01:25:23.460 10 INFO neutron.wsgi [None req-95847240-04ed-476b-87df-f0629ef3b8d2 0e9dc88350fe4fa1838cdfc6b3802826 b95e5f41b3204b1288330e7fbbba9347 - - default default] 10.0.0.68 "GET /v2.0/extensions/quota-check-limit HTTP/1.1" status: 200 len: 420 time: 0.0075967
2026-04-23 01:25:23.469 9 INFO neutron.wsgi [None req-f5882856-36c6-4b44-b96d-d09d6bf820be 0e9dc88350fe4fa1838cdfc6b3802826 b95e5f41b3204b1288330e7fbbba9347 - - default default] 10.0.0.68 "GET /v2.0/extensions/quotas HTTP/1.1" status: 200 len: 386 time: 0.0051339
2026-04-23 01:25:23.477 9 INFO neutron.wsgi [None req-0e70d34e-5de6-4f27-810d-af05f9d5bb0f 0e9dc88350fe4fa1838cdfc6b3802826 b95e5f41b3204b1288330e7fbbba9347 - - default default] 10.0.0.68 "GET /v2.0/extensions/quota_details HTTP/1.1" status: 200 len: 407 time: 0.0040183
2026-04-23 01:25:23.487 9 INFO neutron.wsgi [None req-ad11e490-758f-4dde-93bc-61bdd9588842 0e9dc88350fe4fa1838cdfc6b3802826 b95e5f41b3204b1288330e7fbbba9347 - - default default] 10.0.0.68 "GET /v2.0/extensions/rbac-policies HTTP/1.1" status: 200 len: 417 time: 0.0058649
2026-04-23 01:25:23.495 9 INFO neutron.wsgi [None req-15a37867-6cec-4a84-ab2e-c910732c5ba7 0e9dc88350fe4fa1838cdfc6b3802826 b95e5f41b3204b1288330e7fbbba9347 - - default default] 10.0.0.68 "GET /v2.0/extensions/rbac-address-scope HTTP/1.1" status: 200 len: 384 time: 0.0055277
2026-04-23 01:25:23.504 9 INFO neutron.wsgi [None req-68647e75-865a-4b17-ac1d-73f04ba739ef 0e9dc88350fe4fa1838cdfc6b3802826 b95e5f41b3204b1288330e7fbbba9347 - - default default] 10.0.0.68 "GET /v2.0/extensions/rbac-security-groups HTTP/1.1" status: 200 len: 404 time: 0.0039515
2026-04-23 01:25:23.514 9 INFO neutron.wsgi [None req-880421ca-e9e3-4d74-854c-ea7230d4d0a1 0e9dc88350fe4fa1838cdfc6b3802826 b95e5f41b3204b1288330e7fbbba9347 - - default default] 10.0.0.68 "GET /v2.0/extensions/revision-if-match HTTP/1.1" status: 200 len: 441 time: 0.0044465
2026-04-23 01:25:23.522 9 INFO neutron.wsgi [None req-0432a71b-74b9-4416-befc-a18626f61edc 0e9dc88350fe4fa1838cdfc6b3802826 b95e5f41b3204b1288330e7fbbba9347 - - default default] 10.0.0.68 "GET /v2.0/extensions/standard-attr-revisions HTTP/1.1" status: 200 len: 423 time: 0.0045338
2026-04-23 01:25:23.531 9 INFO neutron.wsgi [None req-5e985ad2-2db9-4448-99ff-ade1170c533a 0e9dc88350fe4fa1838cdfc6b3802826 b95e5f41b3204b1288330e7fbbba9347 - - default default] 10.0.0.68 "GET /v2.0/extensions/router_availability_zone HTTP/1.1" status: 200 len: 391 time: 0.0050261
2026-04-23 01:25:23.541 9 INFO neutron.wsgi [None req-ebf4f02d-7b3a-466e-bd3b-30a502a033ab 0e9dc88350fe4fa1838cdfc6b3802826 b95e5f41b3204b1288330e7fbbba9347 - - default default] 10.0.0.68 "GET /v2.0/extensions/security-groups-default-rules HTTP/1.1" status: 200 len: 456 time: 0.0043185
2026-04-23 01:25:23.551 10 INFO neutron.wsgi [None req-3642de2c-6461-49f9-8280-96cba7b97a7c 0e9dc88350fe4fa1838cdfc6b3802826 b95e5f41b3204b1288330e7fbbba9347 - - default default] 10.0.0.68 "GET /v2.0/extensions/security-groups-normalized-cidr HTTP/1.1" status: 200 len: 445 time: 0.0054541
2026-04-23 01:25:23.560 10 INFO neutron.wsgi [None req-532c5784-8999-4a60-a39e-53a5d1ef24d2 0e9dc88350fe4fa1838cdfc6b3802826 b95e5f41b3204b1288330e7fbbba9347 - - default default] 10.0.0.68 "GET /v2.0/extensions/security-groups-remote-address-group HTTP/1.1" status: 200 len: 448 time: 0.0049331
2026-04-23 01:25:23.570 10 INFO neutron.wsgi [None req-b3250423-2da8-4863-b4b6-65b19ad93c25 0e9dc88350fe4fa1838cdfc6b3802826 b95e5f41b3204b1288330e7fbbba9347 - - default default] 10.0.0.68 "GET /v2.0/extensions/security-groups-rules-belongs-to-default-sg HTTP/1.1" status: 200 len: 508 time: 0.0053525
2026-04-23 01:25:23.579 10 INFO neutron.wsgi [None req-98fcd7c0-e014-49e3-b27a-a3ea2d9aee13 0e9dc88350fe4fa1838cdfc6b3802826 b95e5f41b3204b1288330e7fbbba9347 - - default default] 10.0.0.68 "GET /v2.0/extensions/security-groups-shared-filtering HTTP/1.1" status: 200 len: 435 time: 0.0043745
2026-04-23 01:25:23.588 10 INFO neutron.wsgi [None req-7cefca08-5a9e-4656-8083-5f11c66fea22 0e9dc88350fe4fa1838cdfc6b3802826 b95e5f41b3204b1288330e7fbbba9347 - - default default] 10.0.0.68 "GET /v2.0/extensions/security-group HTTP/1.1" status: 200 len: 364 time: 0.0049481
2026-04-23 01:25:23.598 10 INFO neutron.wsgi [None req-3e9298da-5995-45f5-ab2e-63f037fef515 0e9dc88350fe4fa1838cdfc6b3802826 b95e5f41b3204b1288330e7fbbba9347 - - default default] 10.0.0.68 "GET /v2.0/extensions/segment HTTP/1.1" status: 200 len: 339 time: 0.0055299
2026-04-23 01:25:23.607 10 INFO neutron.wsgi [None req-391130a7-20bd-446e-89fb-a356d12841a5 0e9dc88350fe4fa1838cdfc6b3802826 b95e5f41b3204b1288330e7fbbba9347 - - default default] 10.0.0.68 "GET /v2.0/extensions/segments-peer-subnet-host-routes HTTP/1.1" status: 200 len: 427 time: 0.0051949
2026-04-23 01:25:23.622 9 INFO neutron.wsgi [None req-87c6d072-c1f2-4cd0-8b47-1468fabae3af 0e9dc88350fe4fa1838cdfc6b3802826 b95e5f41b3204b1288330e7fbbba9347 - - default default] 10.0.0.68 "GET /v2.0/extensions/service-type HTTP/1.1" status: 200 len: 415 time: 0.0061860
2026-04-23 01:25:23.633 9 INFO neutron.wsgi [None req-218980c5-ece4-4d69-acb6-051630c85f61 0e9dc88350fe4fa1838cdfc6b3802826 b95e5f41b3204b1288330e7fbbba9347 - - default default] 10.0.0.68 "GET /v2.0/extensions/sorting HTTP/1.1" status: 200 len: 377 time: 0.0048172
2026-04-23 01:25:23.641 9 INFO neutron.wsgi [None req-d3bf269c-2835-448d-8386-0d34eefbcf9f 0e9dc88350fe4fa1838cdfc6b3802826 b95e5f41b3204b1288330e7fbbba9347 - - default default] 10.0.0.68 "GET /v2.0/extensions/standard-attr-segment HTTP/1.1" status: 200 len: 406 time: 0.0046933
2026-04-23 01:25:23.650 9 INFO neutron.wsgi [None req-8338efc7-5bd1-4093-a92b-58a7cc96ad53 0e9dc88350fe4fa1838cdfc6b3802826 b95e5f41b3204b1288330e7fbbba9347 - - default default] 10.0.0.68 "GET /v2.0/extensions/standard-attr-description HTTP/1.1" status: 200 len: 408 time: 0.0045030
2026-04-23 01:25:23.659 9 INFO neutron.wsgi [None req-c82d3ffb-a6f0-454f-bb9b-ec005d86a412 0e9dc88350fe4fa1838cdfc6b3802826 b95e5f41b3204b1288330e7fbbba9347 - - default default] 10.0.0.68 "GET /v2.0/extensions/stateful-security-group HTTP/1.1" status: 200 len: 402 time: 0.0042803
2026-04-23 01:25:23.666 9 INFO neutron.wsgi [None req-e2655336-e207-4c9d-86c3-2bb26adc3364 0e9dc88350fe4fa1838cdfc6b3802826 b95e5f41b3204b1288330e7fbbba9347 - - default default] 10.0.0.68 "GET /v2.0/extensions/subnet-dns-publish-fixed-ip HTTP/1.1" status: 200 len: 421 time: 0.0040865
2026-04-23 01:25:23.676 9 INFO neutron.wsgi [None req-974121fa-24e5-4e9d-b6e7-2b1b4ac5c0b5 0e9dc88350fe4fa1838cdfc6b3802826 b95e5f41b3204b1288330e7fbbba9347 - - default default] 10.0.0.68 "GET /v2.0/extensions/subnet-segmentid-writable HTTP/1.1" status: 200 len: 421 time: 0.0064836
2026-04-23 01:25:23.684 9 INFO neutron.wsgi [None req-0ac92891-79de-4efb-a3e2-f2ddbb8705b0 0e9dc88350fe4fa1838cdfc6b3802826 b95e5f41b3204b1288330e7fbbba9347 - - default default] 10.0.0.68 "GET /v2.0/extensions/subnet-service-types HTTP/1.1" status: 200 len: 400 time: 0.0040371
2026-04-23 01:25:23.693 9 INFO neutron.wsgi [None req-915bd7f5-d4b5-44e3-b99e-90a0b79876b1 0e9dc88350fe4fa1838cdfc6b3802826 b95e5f41b3204b1288330e7fbbba9347 - - default default] 10.0.0.68 "GET /v2.0/extensions/subnet_allocation HTTP/1.1" status: 200 len: 388 time: 0.0043993
2026-04-23 01:25:23.705 9 INFO neutron.wsgi [None req-8b9a5f5b-5f6c-494f-915e-655489cc7705 0e9dc88350fe4fa1838cdfc6b3802826 b95e5f41b3204b1288330e7fbbba9347 - - default default] 10.0.0.68 "GET /v2.0/extensions/subnetpool-prefix-ops HTTP/1.1" status: 200 len: 418 time: 0.0072443
2026-04-23 01:25:23.717 9 INFO neutron.wsgi [None req-ed256f1b-2a5c-4825-b067-4a11fe8fb5cb 0e9dc88350fe4fa1838cdfc6b3802826 b95e5f41b3204b1288330e7fbbba9347 - - default default] 10.0.0.68 "GET /v2.0/extensions/standard-attr-tag HTTP/1.1" status: 200 len: 537 time: 0.0068271
2026-04-23 01:25:23.725 9 INFO neutron.wsgi [None req-3d6c4935-0725-4449-b754-43a390c71724 0e9dc88350fe4fa1838cdfc6b3802826 b95e5f41b3204b1288330e7fbbba9347 - - default default] 10.0.0.68 "GET /v2.0/extensions/standard-attr-timestamp HTTP/1.1" status: 200 len: 449 time: 0.0050206
2026-04-23 01:25:23.732 9 INFO neutron.wsgi [None req-8a50139e-7a0b-44ee-b25a-2baabebd29ac 0e9dc88350fe4fa1838cdfc6b3802826 b95e5f41b3204b1288330e7fbbba9347 - - default default] 10.0.0.68 "GET /v2.0/extensions/trunk HTTP/1.1" status: 200 len: 358 time: 0.0047898
2026-04-23 01:25:23.744 9 INFO neutron.wsgi [None req-203153df-c667-4982-89dd-e36c76dbf228 0e9dc88350fe4fa1838cdfc6b3802826 b95e5f41b3204b1288330e7fbbba9347 - - default default] 10.0.0.68 "GET /v2.0/extensions/trunk-details HTTP/1.1" status: 200 len: 362 time: 0.0062716
2026-04-23 01:25:23.751 9 INFO neutron.wsgi [None req-182502c2-b712-4c84-8131-6487820cf3d0 0e9dc88350fe4fa1838cdfc6b3802826 b95e5f41b3204b1288330e7fbbba9347 - - default default] 10.0.0.68 "GET /v2.0/extensions/vpn-agent-scheduler HTTP/1.1" status: 200 len: 393 time: 0.0037282
2026-04-23 01:25:23.752 10 INFO neutron.wsgi [req-3324917a-1255-43b1-b992-fb12961f95b5 req-e47156e0-f589-49ce-8d2b-67cb80750dfd 7f3eff79db4841309811e56bc8e7d489 9587ca99c4244e93ad5ce4af3a749ab2 - - default default] 10.0.0.146 "GET /v2.0/ports?device_id=6a72920d-d1a1-4e23-9315-a142362daa77 HTTP/1.1" status: 200 len: 1174 time: 0.0846500
2026-04-23 01:25:23.763 9 INFO neutron.wsgi [None req-3d6e19e7-2a75-4dfb-8000-b21f7d408741 0e9dc88350fe4fa1838cdfc6b3802826 b95e5f41b3204b1288330e7fbbba9347 - - default default] 10.0.0.68 "GET /v2.0/extensions/vpn-endpoint-groups HTTP/1.1" status: 200 len: 371 time: 0.0052369
2026-04-23 01:25:23.769 9 INFO neutron.wsgi [None req-c81c2dd2-cc2e-404f-8a23-f12563bca446 0e9dc88350fe4fa1838cdfc6b3802826 b95e5f41b3204b1288330e7fbbba9347 - - default default] 10.0.0.68 "GET /v2.0/extensions/vpn-flavors HTTP/1.1" status: 200 len: 376 time: 0.0044415
2026-04-23 01:25:23.780 9 INFO neutron.wsgi [None req-0d4258c1-afb8-4ba0-af60-af299008f1e0 0e9dc88350fe4fa1838cdfc6b3802826 b95e5f41b3204b1288330e7fbbba9347 - - default default] 10.0.0.68 "GET /v2.0/extensions/vpnaas HTTP/1.1" status: 200 len: 348 time: 0.0047410
2026-04-23 01:25:23.800 10 INFO neutron.wsgi [req-3324917a-1255-43b1-b992-fb12961f95b5 req-d963ef6f-f747-4172-8923-b21c7d70d6b5 7f3eff79db4841309811e56bc8e7d489 9587ca99c4244e93ad5ce4af3a749ab2 - - default default] 10.0.0.146 "GET /v2.0/security-groups?id=d14abb9e-f67a-4a0c-82c8-c0873a3a8eea&fields=id&fields=name HTTP/1.1" status: 200 len: 312 time: 0.0426278
2026-04-23 01:25:23.897 10 INFO neutron.wsgi [req-6ca085ff-2f12-4e69-83cf-2763c432a4e6 req-bab8840b-6021-45e1-834f-161ea653efef 7f3eff79db4841309811e56bc8e7d489 9587ca99c4244e93ad5ce4af3a749ab2 - - default default] 10.0.0.146 "GET /v2.0/ports?device_id=6a72920d-d1a1-4e23-9315-a142362daa77 HTTP/1.1" status: 200 len: 1174 time: 0.0367522
2026-04-23 01:25:24.830 9 INFO neutron.db.ovn_revision_numbers_db [None req-148a0a08-60e3-40bc-8569-ccb5192b2936 0eeba1160bdb41448461231bf3b2aee0 6a4ddc12ff6044efa6a6bd9b595174c8 - - default default] Successfully bumped revision number for resource 6126965e-d16c-4d99-ad57-1f3ad951684f (type: security_groups) to 1
2026-04-23 01:25:24.860 9 INFO neutron.db.ovn_revision_numbers_db [None req-148a0a08-60e3-40bc-8569-ccb5192b2936 0eeba1160bdb41448461231bf3b2aee0 6a4ddc12ff6044efa6a6bd9b595174c8 - - default default] Successfully bumped revision number for resource 1c89fb77-160a-4274-9422-71eab89e15f0 (type: security_group_rules) to 0
2026-04-23 01:25:24.860 10 INFO neutron.db.ovn_revision_numbers_db [None req-db8737d1-0c7e-47b4-9af1-97d914e07251 7f3eff79db4841309811e56bc8e7d489 9587ca99c4244e93ad5ce4af3a749ab2 - - default default] Successfully bumped revision number for resource 32c62c65-be52-4860-80fc-1760c5d14633 (type: floatingips) to 1
2026-04-23 01:25:24.878 9 INFO neutron.db.ovn_revision_numbers_db [None req-148a0a08-60e3-40bc-8569-ccb5192b2936 0eeba1160bdb41448461231bf3b2aee0 6a4ddc12ff6044efa6a6bd9b595174c8 - - default default] Successfully bumped revision number for resource 32b83cae-1150-40e5-ba9a-1b48eae6a07c (type: security_group_rules) to 0
2026-04-23 01:25:24.902 9 INFO neutron.db.ovn_revision_numbers_db [None req-148a0a08-60e3-40bc-8569-ccb5192b2936 0eeba1160bdb41448461231bf3b2aee0 6a4ddc12ff6044efa6a6bd9b595174c8 - - default default] Successfully bumped revision number for resource 642ecc0f-2803-40ce-af03-8f6acc4dda93 (type: security_group_rules) to 0
2026-04-23 01:25:24.920 9 INFO neutron.db.ovn_revision_numbers_db [None req-148a0a08-60e3-40bc-8569-ccb5192b2936 0eeba1160bdb41448461231bf3b2aee0 6a4ddc12ff6044efa6a6bd9b595174c8 - - default default] Successfully bumped revision number for resource 77b5178d-682d-4af8-884e-8491c151c13b (type: security_group_rules) to 0
2026-04-23 01:25:24.954 9 INFO neutron.wsgi [None req-148a0a08-60e3-40bc-8569-ccb5192b2936 0eeba1160bdb41448461231bf3b2aee0 6a4ddc12ff6044efa6a6bd9b595174c8 - - default default] 10.0.0.68 "GET /v2.0/security-groups?tenant_id=b95e5f41b3204b1288330e7fbbba9347&name=default HTTP/1.1" status: 200 len: 3120 time: 0.5570884
2026-04-23 01:25:25.038 10 INFO neutron.db.ovn_revision_numbers_db [None req-db8737d1-0c7e-47b4-9af1-97d914e07251 7f3eff79db4841309811e56bc8e7d489 9587ca99c4244e93ad5ce4af3a749ab2 - - default default] Successfully bumped revision number for resource 32c62c65-be52-4860-80fc-1760c5d14633 (type: floatingips) to 2
2026-04-23 01:25:25.038 10 INFO neutron.db.l3_db [None req-db8737d1-0c7e-47b4-9af1-97d914e07251 7f3eff79db4841309811e56bc8e7d489 9587ca99c4244e93ad5ce4af3a749ab2 - - default default] Floating IP 32c62c65-be52-4860-80fc-1760c5d14633 associated. External IP: 10.96.250.214, port: 081d5163-5c38-4f63-8e56-5e5b779aa0e6.
2026-04-23 01:25:25.078 10 INFO neutron.wsgi [None req-db8737d1-0c7e-47b4-9af1-97d914e07251 7f3eff79db4841309811e56bc8e7d489 9587ca99c4244e93ad5ce4af3a749ab2 - - default default] 10.0.0.68 "PUT /v2.0/floatingips/32c62c65-be52-4860-80fc-1760c5d14633 HTTP/1.1" status: 200 len: 1050 time: 1.1690063
2026-04-23 01:25:25.112 10 INFO neutron.notifiers.nova [-] Nova event matching ['req-abc277c9-5fb2-4612-9ad3-7b00c06ae243'] response: {'name': 'network-changed', 'server_uuid': '6a72920d-d1a1-4e23-9315-a142362daa77', 'tag': '081d5163-5c38-4f63-8e56-5e5b779aa0e6', 'status': 'completed', 'code': 200} /var/lib/openstack/lib/python3.10/site-packages/pycadf/identifier.py:71: UserWarning: Invalid uuid: neutron. To ensure interoperability, identifiers should be a valid uuid. warnings.warn(('Invalid uuid: %s. To ensure interoperability, '
2026-04-23 01:25:25.162 9 INFO neutron.wsgi [None req-b690df7b-fce2-48d1-9a8f-bcebc7c701f1 0eeba1160bdb41448461231bf3b2aee0 6a4ddc12ff6044efa6a6bd9b595174c8 - - default default] 10.0.0.68 "DELETE /v2.0/security-groups/6126965e-d16c-4d99-ad57-1f3ad951684f HTTP/1.1" status: 204 len: 168 time: 0.2025990
2026-04-23 01:25:25.173 10 INFO neutron.wsgi [req-7d4683a3-cfcf-4235-a989-230abf48aaea req-07871dfd-b6c7-4508-8a6b-8123e8587036 42cf36478136434db3270fcbc5344f56 b9ee4f74b5054b83875cc34b12576d9f - - a7ed30a739404a2197aa32eb983b8e68 a7ed30a739404a2197aa32eb983b8e68] 199.204.45.22 "GET /v2.0/ports?tenant_id=9587ca99c4244e93ad5ce4af3a749ab2&device_id=6a72920d-d1a1-4e23-9315-a142362daa77 HTTP/1.1" status: 200 len: 1413 time: 0.0403080
2026-04-23 01:25:25.233 10 INFO neutron.wsgi [req-7d4683a3-cfcf-4235-a989-230abf48aaea req-432ed9e1-92dc-4c19-8c1f-5bcd42869064 42cf36478136434db3270fcbc5344f56 b9ee4f74b5054b83875cc34b12576d9f - - a7ed30a739404a2197aa32eb983b8e68 a7ed30a739404a2197aa32eb983b8e68] 199.204.45.22 "GET /v2.0/networks?id=f792fc93-44f6-474a-bad9-73f1b5d87a5f HTTP/1.1" status: 200 len: 974 time: 0.0536795
2026-04-23 01:25:25.280 10 INFO neutron.wsgi [req-7d4683a3-cfcf-4235-a989-230abf48aaea req-b4210104-d003-430a-8d09-dc618f3dc8d4 42cf36478136434db3270fcbc5344f56 b9ee4f74b5054b83875cc34b12576d9f - - a7ed30a739404a2197aa32eb983b8e68 a7ed30a739404a2197aa32eb983b8e68] 199.204.45.22 "GET /v2.0/floatingips?fixed_ip_address=10.100.0.12&port_id=081d5163-5c38-4f63-8e56-5e5b779aa0e6 HTTP/1.1" status: 200 len: 1060 time: 0.0416167
