2026-04-23 01:27:55.723 10 INFO neutron.db.ovn_revision_numbers_db [None req-124923cc-b2cc-4672-b2c4-86ec07c1e72c 0eeba1160bdb41448461231bf3b2aee0 6a4ddc12ff6044efa6a6bd9b595174c8 - - default default] Successfully bumped revision number for resource e2c7c439-72a5-4335-93dc-06f9eed78438 (type: security_group_rules) to 0
2026-04-23 01:27:55.750 10 INFO neutron.wsgi [None req-124923cc-b2cc-4672-b2c4-86ec07c1e72c 0eeba1160bdb41448461231bf3b2aee0 6a4ddc12ff6044efa6a6bd9b595174c8 - - default default] 10.0.0.68 "GET /v2.0/security-groups?tenant_id=37833c1301724e8cb3cd86200a344d57&name=default HTTP/1.1" status: 200 len: 3120 time: 0.2089536
2026-04-23 01:27:55.766 9 INFO neutron.wsgi [None req-28e7f19f-8a49-49f8-b7fb-2d7646e93d08 8338e6adb4904b158814f4885be0ea0e 7d2e7f99e6434890a3d2e8408b1c4651 - - default default] 10.0.0.68 "GET /v2.0/routers/bec2026d-ce62-4579-a11d-07bc9e7d7857 HTTP/1.1" status: 200 len: 792 time: 0.0518837
2026-04-23 01:27:55.835 10 INFO neutron.wsgi [req-bbdb0fc6-9ba5-4884-bcb1-b73c91f69a46 req-8f8f91df-ccc9-4e91-8201-27782b46f140 ee220b7581044d1eb0705f43789d751f cd1c1c395a994abfb877c34e94f2d83b - - default default] 10.0.0.146 "GET /v2.0/ports?device_id=fd63c787-f04f-4f6c-8d86-6b8b3f513e59 HTTP/1.1" status: 200 len: 1214 time: 0.0464542
2026-04-23 01:27:55.839 9 INFO neutron.plugins.ml2.drivers.ovn.mech_driver.mech_driver [None req-3fc36076-e92a-4a78-9ce5-9190947797b2 - - - - - -] OVN reports status down for port: 6aaabd58-b075-4487-a443-21d518038267
2026-04-23 01:27:55.915 10 INFO neutron.wsgi [req-bbdb0fc6-9ba5-4884-bcb1-b73c91f69a46 req-05213b56-b0f8-4a37-9586-f5749f193e93 ee220b7581044d1eb0705f43789d751f cd1c1c395a994abfb877c34e94f2d83b - - default default] 10.0.0.146 "GET /v2.0/security-groups?id=c48b944b-404f-4150-9aea-8e266d13f628&id=0ad7d439-5a80-442b-b88f-ffcd7862d424&fields=id&fields=name HTTP/1.1" status: 200 len: 406 time: 0.0692046
2026-04-23 01:27:56.031 10 INFO neutron.wsgi [None req-87ef540d-3f1f-499d-b3f9-f90fb503f879 0eeba1160bdb41448461231bf3b2aee0 6a4ddc12ff6044efa6a6bd9b595174c8 - - default default] 10.0.0.68 "DELETE /v2.0/security-groups/55e19fb1-56cb-4fc0-9c55-30256d108b68 HTTP/1.1" status: 204 len: 168 time: 0.2752388
2026-04-23 01:27:56.155 9 INFO neutron.notifiers.nova [-] Nova event matching ['req-bf06ec05-aaed-4a7c-bce2-165f87a16801'] response: {'server_uuid': 'fd63c787-f04f-4f6c-8d86-6b8b3f513e59', 'name': 'network-vif-unplugged', 'status': 'completed', 'tag': '6aaabd58-b075-4487-a443-21d518038267', 'code': 200}
2026-04-23 01:27:56.190 10 INFO neutron.wsgi [req-ff3c5aa1-8bc8-4222-bb23-f6f2ad84f76a req-46a990be-a588-4a42-acf8-1c7db5bfbaa5 ee220b7581044d1eb0705f43789d751f cd1c1c395a994abfb877c34e94f2d83b - - default default] 199.204.45.22 "GET /v2.0/ports?device_id=fd63c787-f04f-4f6c-8d86-6b8b3f513e59 HTTP/1.1" status: 200 len: 1212 time: 0.0596333
2026-04-23 01:27:56.271 9 INFO neutron.db.ovn_revision_numbers_db [None req-ae4fece8-c6fc-43f3-8a5d-16b3ab573497 8338e6adb4904b158814f4885be0ea0e 7d2e7f99e6434890a3d2e8408b1c4651 - - default default] Successfully bumped revision number for resource bec2026d-ce62-4579-a11d-07bc9e7d7857 (type: routers) to 2
2026-04-23 01:27:56.277 9 INFO neutron.wsgi [None req-ae4fece8-c6fc-43f3-8a5d-16b3ab573497 8338e6adb4904b158814f4885be0ea0e 7d2e7f99e6434890a3d2e8408b1c4651 - - default default] 10.0.0.68 "PUT /v2.0/routers/bec2026d-ce62-4579-a11d-07bc9e7d7857 HTTP/1.1" status: 200 len: 792 time: 0.5051007
2026-04-23 01:27:56.305 9 INFO neutron.wsgi [None req-2acda838-589e-4fd1-9899-7dd6f9acc45e 8338e6adb4904b158814f4885be0ea0e 7d2e7f99e6434890a3d2e8408b1c4651 - - default default] 10.0.0.68 "GET /v2.0/ports?device_id=bec2026d-ce62-4579-a11d-07bc9e7d7857 HTTP/1.1" status: 200 len: 205 time: 0.0235825
2026-04-23 01:27:56.474 9 INFO neutron.db.ovn_revision_numbers_db [None req-3fc36076-e92a-4a78-9ce5-9190947797b2 - - - - - -] Successfully bumped revision number for resource 6aaabd58-b075-4487-a443-21d518038267 (type: ports) to 5
2026-04-23 01:27:56.615 9 INFO neutron.wsgi [None req-0090a2fb-fa43-49c7-9d16-454f2e4dc090 8338e6adb4904b158814f4885be0ea0e 7d2e7f99e6434890a3d2e8408b1c4651 - - default default] 10.0.0.68 "DELETE /v2.0/routers/bec2026d-ce62-4579-a11d-07bc9e7d7857 HTTP/1.1" status: 204 len: 168 time: 0.3017173 /var/lib/openstack/lib/python3.10/site-packages/pycadf/identifier.py:71: UserWarning: Invalid uuid: neutron. To ensure interoperability, identifiers should be a valid uuid. warnings.warn(('Invalid uuid: %s. To ensure interoperability, '
2026-04-23 01:27:56.666 9 INFO neutron.wsgi [None req-e4d07a5c-c897-4c5b-b8b3-97fd90dafd05 8338e6adb4904b158814f4885be0ea0e 7d2e7f99e6434890a3d2e8408b1c4651 - - default default] 10.0.0.68 "GET /v2.0/routers/58de52cf-61d0-43a7-bea4-d7ec4cbe3386 HTTP/1.1" status: 200 len: 777 time: 0.0457582
2026-04-23 01:27:56.979 10 INFO neutron.db.l3_db [req-ff3c5aa1-8bc8-4222-bb23-f6f2ad84f76a req-7482d2dc-623c-4299-9f77-e6b762b93193 ee220b7581044d1eb0705f43789d751f cd1c1c395a994abfb877c34e94f2d83b - - default default] Floating IP 248e4cf2-6418-477c-99f5-a7c220af7f7d disassociated. External IP: 10.96.250.217, port: 6aaabd58-b075-4487-a443-21d518038267. /var/lib/openstack/lib/python3.10/site-packages/pycadf/identifier.py:71: UserWarning: Invalid uuid: neutron. To ensure interoperability, identifiers should be a valid uuid. warnings.warn(('Invalid uuid: %s. To ensure interoperability, '
2026-04-23 01:27:57.045 10 INFO neutron.wsgi [req-c719b9b9-c74c-45fc-8893-c6669e66e240 req-8c6e6cfd-0564-4157-8af2-1fb1eb058137 ee220b7581044d1eb0705f43789d751f cd1c1c395a994abfb877c34e94f2d83b - - default default] 10.0.0.146 "GET /v2.0/ports?device_id=fd63c787-f04f-4f6c-8d86-6b8b3f513e59 HTTP/1.1" status: 200 len: 1212 time: 0.0393813
2026-04-23 01:27:57.128 10 INFO neutron.wsgi [req-c719b9b9-c74c-45fc-8893-c6669e66e240 req-5dda8069-8f06-4b4b-84b9-32173ec525f0 ee220b7581044d1eb0705f43789d751f cd1c1c395a994abfb877c34e94f2d83b - - default default] 10.0.0.146 "GET /v2.0/security-groups?id=c48b944b-404f-4150-9aea-8e266d13f628&id=0ad7d439-5a80-442b-b88f-ffcd7862d424&fields=id&fields=name HTTP/1.1" status: 200 len: 406 time: 0.0754981
2026-04-23 01:27:57.152 10 INFO neutron.wsgi [req-ff3c5aa1-8bc8-4222-bb23-f6f2ad84f76a req-7482d2dc-623c-4299-9f77-e6b762b93193 ee220b7581044d1eb0705f43789d751f cd1c1c395a994abfb877c34e94f2d83b - - default default] 199.204.45.22 "DELETE /v2.0/ports/6aaabd58-b075-4487-a443-21d518038267 HTTP/1.1" status: 204 len: 173 time: 0.9548464
2026-04-23 01:27:57.194 10 INFO neutron.notifiers.nova [-] Nova event matching ['req-1d232a94-690d-4f94-906a-cc47f6cbeae7'] response: {'server_uuid': 'fd63c787-f04f-4f6c-8d86-6b8b3f513e59', 'name': 'network-vif-deleted', 'tag': '6aaabd58-b075-4487-a443-21d518038267', 'status': 'completed', 'code': 200}
2026-04-23 01:27:57.324 9 INFO neutron.db.ovn_revision_numbers_db [None req-fd0426ee-c4c0-4ebe-ba11-f1a3d13f1d74 8338e6adb4904b158814f4885be0ea0e 7d2e7f99e6434890a3d2e8408b1c4651 - - default default] Successfully bumped revision number for resource 58de52cf-61d0-43a7-bea4-d7ec4cbe3386 (type: routers) to 2
2026-04-23 01:27:57.331 9 INFO neutron.wsgi [None req-fd0426ee-c4c0-4ebe-ba11-f1a3d13f1d74 8338e6adb4904b158814f4885be0ea0e 7d2e7f99e6434890a3d2e8408b1c4651 - - default default] 10.0.0.68 "PUT /v2.0/routers/58de52cf-61d0-43a7-bea4-d7ec4cbe3386 HTTP/1.1" status: 200 len: 777 time: 0.6616552
2026-04-23 01:27:57.370 9 INFO neutron.wsgi [None req-791d474a-8460-42ed-b069-2cb8188da820 8338e6adb4904b158814f4885be0ea0e 7d2e7f99e6434890a3d2e8408b1c4651 - - default default] 10.0.0.68 "GET /v2.0/ports?device_id=58de52cf-61d0-43a7-bea4-d7ec4cbe3386 HTTP/1.1" status: 200 len: 205 time: 0.0343189
2026-04-23 01:27:57.620 9 INFO neutron.wsgi [None req-2de91eda-576b-41da-8ad5-3dc8d92de855 8338e6adb4904b158814f4885be0ea0e 7d2e7f99e6434890a3d2e8408b1c4651 - - default default] 10.0.0.68 "DELETE /v2.0/routers/58de52cf-61d0-43a7-bea4-d7ec4cbe3386 HTTP/1.1" status: 204 len: 168 time: 0.2457886
2026-04-23 01:27:57.680 9 INFO neutron.wsgi [None req-97fd2dda-88c8-47e6-957d-e1af1c06e136 8338e6adb4904b158814f4885be0ea0e 7d2e7f99e6434890a3d2e8408b1c4651 - - default default] 10.0.0.68 "GET /v2.0/routers/e0e4a600-8590-4635-8b12-2e41abb8930a HTTP/1.1" status: 200 len: 770 time: 0.0546236
2026-04-23 01:27:58.033 9 INFO neutron.wsgi [None req-e4b3f6e2-397e-4b52-b8fe-eb40d612b208 8338e6adb4904b158814f4885be0ea0e 7d2e7f99e6434890a3d2e8408b1c4651 - - default default] 10.0.0.68 "PUT /v2.0/routers/e0e4a600-8590-4635-8b12-2e41abb8930a HTTP/1.1" status: 200 len: 770 time: 0.3482966
2026-04-23 01:27:58.060 9 INFO neutron.wsgi [None req-97fdd3c2-c22d-4a2d-bdf7-a836ff83441b 8338e6adb4904b158814f4885be0ea0e 7d2e7f99e6434890a3d2e8408b1c4651 - - default default] 10.0.0.68 "GET /v2.0/ports?device_id=e0e4a600-8590-4635-8b12-2e41abb8930a HTTP/1.1" status: 200 len: 205 time: 0.0231211
2026-04-23 01:27:58.204 9 INFO neutron.notifiers.nova [-] Nova event matching ['req-78aab4f9-56e9-43ab-a43e-fe982d2fb8e6'] response: {'server_uuid': 'fd63c787-f04f-4f6c-8d86-6b8b3f513e59', 'name': 'network-vif-unplugged', 'status': 'completed', 'tag': '6aaabd58-b075-4487-a443-21d518038267', 'code': 200}
2026-04-23 01:27:58.338 9 INFO neutron.wsgi [None req-09926d63-f109-4354-a342-169d80ea9933 8338e6adb4904b158814f4885be0ea0e 7d2e7f99e6434890a3d2e8408b1c4651 - - default default] 10.0.0.68 "DELETE /v2.0/routers/e0e4a600-8590-4635-8b12-2e41abb8930a HTTP/1.1" status: 204 len: 168 time: 0.2729089
2026-04-23 01:27:58.433 9 INFO neutron.wsgi [None req-6d2c9a64-9b7a-438f-88de-61f020c1484d ee220b7581044d1eb0705f43789d751f cd1c1c395a994abfb877c34e94f2d83b - - default default] 10.0.0.68 "DELETE /v2.0/security-groups/0ad7d439-5a80-442b-b88f-ffcd7862d424 HTTP/1.1" status: 204 len: 168 time: 0.1647751
2026-04-23 01:27:58.449 9 INFO neutron.api.v2.resource [None req-078bf085-cce8-4793-b72f-51efe89b3939 ee220b7581044d1eb0705f43789d751f cd1c1c395a994abfb877c34e94f2d83b - - default default] show failed (client error): The resource could not be found.
2026-04-23 01:27:58.450 9 INFO neutron.wsgi [None req-078bf085-cce8-4793-b72f-51efe89b3939 ee220b7581044d1eb0705f43789d751f cd1c1c395a994abfb877c34e94f2d83b - - default default] 10.0.0.68 "GET /v2.0/security-groups/0ad7d439-5a80-442b-b88f-ffcd7862d424 HTTP/1.1" status: 404 len: 347 time: 0.0106595
2026-04-23 01:27:58.822 9 INFO neutron.wsgi [None req-5172f07c-f4b9-4707-8a28-fa9e8ca706b8 ee220b7581044d1eb0705f43789d751f cd1c1c395a994abfb877c34e94f2d83b - - default default] 10.0.0.68 "DELETE /v2.0/floatingips/248e4cf2-6418-477c-99f5-a7c220af7f7d HTTP/1.1" status: 204 len: 168 time: 0.3673027
2026-04-23 01:27:59.014 9 INFO neutron.wsgi [None req-3d4eb62d-4f7b-4c9d-9c33-87458f109c64 ee220b7581044d1eb0705f43789d751f cd1c1c395a994abfb877c34e94f2d83b - - default default] 10.0.0.68 "DELETE /v2.0/security-groups/c48b944b-404f-4150-9aea-8e266d13f628 HTTP/1.1" status: 204 len: 168 time: 0.1855505
2026-04-23 01:27:59.374 9 WARNING neutron_lib.context [None req-59e29802-6ebc-4073-984d-b2764518e98c 833d3fa97c434e13a33b5f37f0285850 8d45e05680d44181b1ea1250bb702fbf - - default default] Method 'is_advsvc' is deprecated since 2023.2 release (neutron-lib 3.8.0) and will be removed once support for the old RBAC API policies will be removed from Neutron. Please use method 'is_service_role' instead.
2026-04-23 01:27:59.524 9 INFO neutron.db.ovn_revision_numbers_db [None req-59e29802-6ebc-4073-984d-b2764518e98c 833d3fa97c434e13a33b5f37f0285850 8d45e05680d44181b1ea1250bb702fbf - - default default] Successfully bumped revision number for resource b5e80c8f-502e-440a-8d57-6ce9de54bc30 (type: security_groups) to 1
2026-04-23 01:27:59.536 9 INFO neutron.db.ovn_revision_numbers_db [None req-1352489a-da1a-4295-a6c0-c47cf3b55990 0eeba1160bdb41448461231bf3b2aee0 6a4ddc12ff6044efa6a6bd9b595174c8 - - default default] Successfully bumped revision number for resource f02f6c68-2028-4e6a-aa44-c04eb142512a (type: security_groups) to 1
2026-04-23 01:27:59.537 9 INFO neutron.db.ovn_revision_numbers_db [None req-59e29802-6ebc-4073-984d-b2764518e98c 833d3fa97c434e13a33b5f37f0285850 8d45e05680d44181b1ea1250bb702fbf - - default default] Successfully bumped revision number for resource 186c0bc8-9f0c-4a01-9c4a-626a1de54dea (type: security_group_rules) to 0
2026-04-23 01:27:59.550 9 INFO neutron.db.ovn_revision_numbers_db [None req-1352489a-da1a-4295-a6c0-c47cf3b55990 0eeba1160bdb41448461231bf3b2aee0 6a4ddc12ff6044efa6a6bd9b595174c8 - - default default] Successfully bumped revision number for resource 024bfd04-0855-40f3-a4b9-6c4be4d42a59 (type: security_group_rules) to 0
2026-04-23 01:27:59.552 9 INFO neutron.db.ovn_revision_numbers_db [None req-59e29802-6ebc-4073-984d-b2764518e98c 833d3fa97c434e13a33b5f37f0285850 8d45e05680d44181b1ea1250bb702fbf - - default default] Successfully bumped revision number for resource 4274e1a3-a770-4384-b7c9-dc4c22470cd1 (type: security_group_rules) to 0
2026-04-23 01:27:59.565 9 INFO neutron.db.ovn_revision_numbers_db [None req-1352489a-da1a-4295-a6c0-c47cf3b55990 0eeba1160bdb41448461231bf3b2aee0 6a4ddc12ff6044efa6a6bd9b595174c8 - - default default] Successfully bumped revision number for resource 71eceb5d-cd6f-436a-a9f5-1dab715f2409 (type: security_group_rules) to 0
2026-04-23 01:27:59.566 9 INFO neutron.db.ovn_revision_numbers_db [None req-59e29802-6ebc-4073-984d-b2764518e98c 833d3fa97c434e13a33b5f37f0285850 8d45e05680d44181b1ea1250bb702fbf - - default default] Successfully bumped revision number for resource 77ebe323-d2cb-4d04-ad37-385d68eedf08 (type: security_group_rules) to 0
2026-04-23 01:27:59.577 9 INFO neutron.db.ovn_revision_numbers_db [None req-1352489a-da1a-4295-a6c0-c47cf3b55990 0eeba1160bdb41448461231bf3b2aee0 6a4ddc12ff6044efa6a6bd9b595174c8 - - default default] Successfully bumped revision number for resource 8823692f-4a35-47aa-b3ef-46e1af4f0d02 (type: security_group_rules) to 0
2026-04-23 01:27:59.580 9 INFO neutron.db.ovn_revision_numbers_db [None req-59e29802-6ebc-4073-984d-b2764518e98c 833d3fa97c434e13a33b5f37f0285850 8d45e05680d44181b1ea1250bb702fbf - - default default] Successfully bumped revision number for resource 86e75471-33fc-4832-a2d3-759c16291b52 (type: security_group_rules) to 0
2026-04-23 01:27:59.597 9 INFO neutron.db.ovn_revision_numbers_db [None req-1352489a-da1a-4295-a6c0-c47cf3b55990 0eeba1160bdb41448461231bf3b2aee0 6a4ddc12ff6044efa6a6bd9b595174c8 - - default default] Successfully bumped revision number for resource feda1932-26af-4be3-b1da-479d76d79329 (type: security_group_rules) to 0
2026-04-23 01:27:59.617 9 INFO neutron.wsgi [None req-1352489a-da1a-4295-a6c0-c47cf3b55990 0eeba1160bdb41448461231bf3b2aee0 6a4ddc12ff6044efa6a6bd9b595174c8 - - default default] 10.0.0.68 "GET /v2.0/security-groups?tenant_id=7d2e7f99e6434890a3d2e8408b1c4651&name=default HTTP/1.1" status: 200 len: 3120 time: 0.3192434
2026-04-23 01:27:59.645 9 INFO neutron.db.segments_db [None req-59e29802-6ebc-4073-984d-b2764518e98c 833d3fa97c434e13a33b5f37f0285850 8d45e05680d44181b1ea1250bb702fbf - - default default] Added segment 93ee9d5e-33df-4dae-9833-29e6369428c0 of type geneve for network 2d5ef4aa-ec8c-452e-a8dc-1b150f5882a7
2026-04-23 01:27:59.817 9 INFO neutron.db.ovn_revision_numbers_db [None req-59e29802-6ebc-4073-984d-b2764518e98c 833d3fa97c434e13a33b5f37f0285850 8d45e05680d44181b1ea1250bb702fbf - - default default] Successfully bumped revision number for resource 2d5ef4aa-ec8c-452e-a8dc-1b150f5882a7 (type: networks) to 1
2026-04-23 01:27:59.976 9 INFO neutron.wsgi [None req-19e11667-e57e-45d2-9b47-3c3468b4e6e9 0eeba1160bdb41448461231bf3b2aee0 6a4ddc12ff6044efa6a6bd9b595174c8 - - default default] 10.0.0.68 "DELETE /v2.0/security-groups/f02f6c68-2028-4e6a-aa44-c04eb142512a HTTP/1.1" status: 204 len: 168 time: 0.3503993
2026-04-23 01:28:00.010 9 WARNING neutron.scheduler.dhcp_agent_scheduler [None req-59e29802-6ebc-4073-984d-b2764518e98c 833d3fa97c434e13a33b5f37f0285850 8d45e05680d44181b1ea1250bb702fbf - - default default] No more DHCP agents
2026-04-23 01:28:00.012 9 WARNING neutron.api.rpc.agentnotifiers.dhcp_rpc_agent_api [None req-59e29802-6ebc-4073-984d-b2764518e98c 833d3fa97c434e13a33b5f37f0285850 8d45e05680d44181b1ea1250bb702fbf - - default default] Unable to schedule network 2d5ef4aa-ec8c-452e-a8dc-1b150f5882a7: no agents available; will retry on subsequent port and subnet creation events.
2026-04-23 01:28:00.106 9 INFO neutron.db.ovn_revision_numbers_db [None req-59e29802-6ebc-4073-984d-b2764518e98c 833d3fa97c434e13a33b5f37f0285850 8d45e05680d44181b1ea1250bb702fbf - - default default] Successfully bumped revision number for resource 9c3bb2ea-ea31-47de-8642-4706074ff825 (type: ports) to 1
2026-04-23 01:28:00.132 9 INFO neutron.wsgi [None req-59e29802-6ebc-4073-984d-b2764518e98c 833d3fa97c434e13a33b5f37f0285850 8d45e05680d44181b1ea1250bb702fbf - - default default] 10.0.0.68 "POST /v2.0/networks HTTP/1.1" status: 201 len: 831 time: 0.9499552
2026-04-23 01:28:00.143 10 WARNING neutron_lib.context [None req-5c32e24b-1b05-4e37-8f9a-29e590e923f3 833d3fa97c434e13a33b5f37f0285850 8d45e05680d44181b1ea1250bb702fbf - - default default] Method 'is_advsvc' is deprecated since 2023.2 release (neutron-lib 3.8.0) and will be removed once support for the old RBAC API policies will be removed from Neutron. Please use method 'is_service_role' instead.
2026-04-23 01:28:00.231 9 INFO neutron.db.ovn_revision_numbers_db [None req-73f18233-2f61-4e2b-b5ce-a54c86b25cdb 0eeba1160bdb41448461231bf3b2aee0 6a4ddc12ff6044efa6a6bd9b595174c8 - - default default] Successfully bumped revision number for resource 6f5d964d-fb8e-4de6-bf16-e491037b2981 (type: security_groups) to 1
2026-04-23 01:28:00.247 9 INFO neutron.db.ovn_revision_numbers_db [None req-73f18233-2f61-4e2b-b5ce-a54c86b25cdb 0eeba1160bdb41448461231bf3b2aee0 6a4ddc12ff6044efa6a6bd9b595174c8 - - default default] Successfully bumped revision number for resource 6053ea7f-881e-479b-b094-55cc2d68031c (type: security_group_rules) to 0
2026-04-23 01:28:00.263 10 INFO neutron.wsgi [None req-f85844ee-b28d-4e35-9ce3-d951cc32f51f 0eeba1160bdb41448461231bf3b2aee0 6a4ddc12ff6044efa6a6bd9b595174c8 - - default default] 10.0.0.68 "PUT /v2.0/routers/bb724803-f344-43c2-944c-d643d62e4832/remove_router_interface HTTP/1.1" status: 200 len: 503 time: 1.1996341
2026-04-23 01:28:00.266 9 INFO neutron.db.ovn_revision_numbers_db [None req-73f18233-2f61-4e2b-b5ce-a54c86b25cdb 0eeba1160bdb41448461231bf3b2aee0 6a4ddc12ff6044efa6a6bd9b595174c8 - - default default] Successfully bumped revision number for resource 850b4675-7b1f-4afb-9161-dda24a046fca (type: security_group_rules) to 0 /var/lib/openstack/lib/python3.10/site-packages/pycadf/identifier.py:71: UserWarning: Invalid uuid: neutron. To ensure interoperability, identifiers should be a valid uuid. warnings.warn(('Invalid uuid: %s. To ensure interoperability, '
2026-04-23 01:28:00.281 9 INFO neutron.db.ovn_revision_numbers_db [None req-73f18233-2f61-4e2b-b5ce-a54c86b25cdb 0eeba1160bdb41448461231bf3b2aee0 6a4ddc12ff6044efa6a6bd9b595174c8 - - default default] Successfully bumped revision number for resource afef60da-9331-4d54-b1a6-84911aeaaceb (type: security_group_rules) to 0
2026-04-23 01:28:00.297 9 INFO neutron.db.ovn_revision_numbers_db [None req-73f18233-2f61-4e2b-b5ce-a54c86b25cdb 0eeba1160bdb41448461231bf3b2aee0 6a4ddc12ff6044efa6a6bd9b595174c8 - - default default] Successfully bumped revision number for resource e7f35d9e-edd1-4ea2-bab9-8683bc7defe8 (type: security_group_rules) to 0
2026-04-23 01:28:00.331 9 INFO neutron.wsgi [None req-73f18233-2f61-4e2b-b5ce-a54c86b25cdb 0eeba1160bdb41448461231bf3b2aee0 6a4ddc12ff6044efa6a6bd9b595174c8 - - default default] 10.0.0.68 "GET /v2.0/security-groups?tenant_id=61930821432e4225aa638b1d296ec3a0&name=default HTTP/1.1" status: 200 len: 3120 time: 0.2508109
2026-04-23 01:28:00.597 10 WARNING neutron.scheduler.dhcp_agent_scheduler [None req-5c32e24b-1b05-4e37-8f9a-29e590e923f3 833d3fa97c434e13a33b5f37f0285850 8d45e05680d44181b1ea1250bb702fbf - - default default] No more DHCP agents
2026-04-23 01:28:00.615 10 WARNING neutron.api.rpc.agentnotifiers.dhcp_rpc_agent_api [None req-5c32e24b-1b05-4e37-8f9a-29e590e923f3 833d3fa97c434e13a33b5f37f0285850 8d45e05680d44181b1ea1250bb702fbf - - default default] Unable to schedule network 2d5ef4aa-ec8c-452e-a8dc-1b150f5882a7: no agents available; will retry on subsequent port and subnet creation events.
2026-04-23 01:28:00.737 10 INFO neutron.db.ovn_revision_numbers_db [None req-5c32e24b-1b05-4e37-8f9a-29e590e923f3 833d3fa97c434e13a33b5f37f0285850 8d45e05680d44181b1ea1250bb702fbf - - default default] Successfully bumped revision number for resource 9c6c4e40-34f6-41d6-9328-32060eb7f4ab (type: ports) to 1
2026-04-23 01:28:00.767 10 INFO neutron.wsgi [None req-5c32e24b-1b05-4e37-8f9a-29e590e923f3 833d3fa97c434e13a33b5f37f0285850 8d45e05680d44181b1ea1250bb702fbf - - default default] 10.0.0.68 "POST /v2.0/ports HTTP/1.1" status: 201 len: 942 time: 0.6287167
2026-04-23 01:28:00.778 9 WARNING neutron_lib.context [None req-6a02104d-6465-4ca2-b36c-04cbb747a2ed 833d3fa97c434e13a33b5f37f0285850 8d45e05680d44181b1ea1250bb702fbf - - default default] Method 'is_advsvc' is deprecated since 2023.2 release (neutron-lib 3.8.0) and will be removed once support for the old RBAC API policies will be removed from Neutron. Please use method 'is_service_role' instead.
2026-04-23 01:28:00.802 10 INFO neutron.wsgi [None req-809cae9f-55dd-4296-8cc8-56146fdd61c2 0eeba1160bdb41448461231bf3b2aee0 6a4ddc12ff6044efa6a6bd9b595174c8 - - default default] 10.0.0.68 "DELETE /v2.0/security-groups/6f5d964d-fb8e-4de6-bf16-e491037b2981 HTTP/1.1" status: 204 len: 168 time: 0.4640131
2026-04-23 01:28:01.005 9 INFO neutron.wsgi [None req-6a02104d-6465-4ca2-b36c-04cbb747a2ed 833d3fa97c434e13a33b5f37f0285850 8d45e05680d44181b1ea1250bb702fbf - - default default] 10.0.0.68 "POST /v2.0/trunks HTTP/1.1" status: 201 len: 608 time: 0.2333660
2026-04-23 01:28:01.047 9 INFO neutron.wsgi [None req-e5fc0691-544f-4fae-9e5a-06f5c4b68fb7 833d3fa97c434e13a33b5f37f0285850 8d45e05680d44181b1ea1250bb702fbf - - default default] 10.0.0.68 "PUT /v2.0/trunks/a821c417-3cf6-41bf-86b5-44a981e60cf4/tags HTTP/1.1" status: 200 len: 218 time: 0.0354698
2026-04-23 01:28:01.080 9 INFO neutron.wsgi [None req-bdedbfab-c10d-4603-8717-716df4956bfa 833d3fa97c434e13a33b5f37f0285850 8d45e05680d44181b1ea1250bb702fbf - - default default] 10.0.0.68 "GET /v2.0/trunks/a821c417-3cf6-41bf-86b5-44a981e60cf4/tags HTTP/1.1" status: 200 len: 218 time: 0.0295231 /var/lib/openstack/lib/python3.10/site-packages/pycadf/identifier.py:71: UserWarning: Invalid uuid: neutron. To ensure interoperability, identifiers should be a valid uuid. warnings.warn(('Invalid uuid: %s. To ensure interoperability, '
2026-04-23 01:28:01.089 9 INFO neutron.db.ovn_revision_numbers_db [None req-454a3c8e-677d-47c6-a2b7-33817475eb3c 0eeba1160bdb41448461231bf3b2aee0 6a4ddc12ff6044efa6a6bd9b595174c8 - - default default] Successfully bumped revision number for resource 77e20656-8d33-4d99-8541-e7e9ed85e21d (type: security_groups) to 1
2026-04-23 01:28:01.102 9 INFO neutron.db.ovn_revision_numbers_db [None req-454a3c8e-677d-47c6-a2b7-33817475eb3c 0eeba1160bdb41448461231bf3b2aee0 6a4ddc12ff6044efa6a6bd9b595174c8 - - default default] Successfully bumped revision number for resource 354913c7-308e-4205-a702-1fbd5e6cb736 (type: security_group_rules) to 0
2026-04-23 01:28:01.115 9 INFO neutron.db.ovn_revision_numbers_db [None req-454a3c8e-677d-47c6-a2b7-33817475eb3c 0eeba1160bdb41448461231bf3b2aee0 6a4ddc12ff6044efa6a6bd9b595174c8 - - default default] Successfully bumped revision number for resource 386daa49-39b7-4ec2-88b9-02180887323f (type: security_group_rules) to 0
2026-04-23 01:28:01.380 9 INFO neutron.db.ovn_revision_numbers_db [None req-454a3c8e-677d-47c6-a2b7-33817475eb3c 0eeba1160bdb41448461231bf3b2aee0 6a4ddc12ff6044efa6a6bd9b595174c8 - - default default] Successfully bumped revision number for resource db20bb19-2841-43ca-a76d-dc15a078f53b (type: security_group_rules) to 0
2026-04-23 01:28:01.391 9 INFO neutron.db.ovn_revision_numbers_db [None req-454a3c8e-677d-47c6-a2b7-33817475eb3c 0eeba1160bdb41448461231bf3b2aee0 6a4ddc12ff6044efa6a6bd9b595174c8 - - default default] Successfully bumped revision number for resource f8e445c0-ac14-4766-b9b3-4f4312fb4636 (type: security_group_rules) to 0
2026-04-23 01:28:01.393 10 INFO neutron.wsgi [None req-196269c6-a30b-4c87-aa00-8557abd32285 833d3fa97c434e13a33b5f37f0285850 8d45e05680d44181b1ea1250bb702fbf - - default default] 10.0.0.68 "PUT /v2.0/trunks/a821c417-3cf6-41bf-86b5-44a981e60cf4/tags/green HTTP/1.1" status: 201 len: 201 time: 0.3085277
2026-04-23 01:28:01.422 9 INFO neutron.wsgi [None req-454a3c8e-677d-47c6-a2b7-33817475eb3c 0eeba1160bdb41448461231bf3b2aee0 6a4ddc12ff6044efa6a6bd9b595174c8 - - default default] 10.0.0.68 "GET /v2.0/security-groups?tenant_id=7b0ccff7b693481db4fad0b569263c36&name=default HTTP/1.1" status: 200 len: 3120 time: 0.4705935
2026-04-23 01:28:01.444 9 INFO neutron.wsgi [None req-aee74a6a-4550-45aa-87d4-b826b31baf4f 833d3fa97c434e13a33b5f37f0285850 8d45e05680d44181b1ea1250bb702fbf - - default default] 10.0.0.68 "GET /v2.0/trunks/a821c417-3cf6-41bf-86b5-44a981e60cf4/tags HTTP/1.1" status: 200 len: 227 time: 0.0416768
2026-04-23 01:28:01.482 10 INFO neutron.wsgi [None req-c21eb195-2fc0-468c-8d78-74e9974a37fb 833d3fa97c434e13a33b5f37f0285850 8d45e05680d44181b1ea1250bb702fbf - - default default] 10.0.0.68 "PUT /v2.0/trunks/a821c417-3cf6-41bf-86b5-44a981e60cf4/tags/red HTTP/1.1" status: 201 len: 201 time: 0.0320997
2026-04-23 01:28:01.504 10 INFO neutron.wsgi [None req-ba9c9651-a6b1-4e74-b246-5c2cd374134a 0eeba1160bdb41448461231bf3b2aee0 6a4ddc12ff6044efa6a6bd9b595174c8 - - default default] 10.0.0.68 "DELETE /v2.0/routers/bb724803-f344-43c2-944c-d643d62e4832 HTTP/1.1" status: 204 len: 168 time: 1.2354536
2026-04-23 01:28:01.524 10 INFO neutron.wsgi [None req-0e7f636f-057d-4a34-9ce6-0d028d3ca302 833d3fa97c434e13a33b5f37f0285850 8d45e05680d44181b1ea1250bb702fbf - - default default] 10.0.0.68 "GET /v2.0/trunks/a821c417-3cf6-41bf-86b5-44a981e60cf4/tags HTTP/1.1" status: 200 len: 227 time: 0.0332901
2026-04-23 01:28:01.580 9 INFO neutron.wsgi [None req-a8d4a008-65f3-4c8b-805b-e35793b2e68b 833d3fa97c434e13a33b5f37f0285850 8d45e05680d44181b1ea1250bb702fbf - - default default] 10.0.0.68 "PUT /v2.0/trunks/a821c417-3cf6-41bf-86b5-44a981e60cf4/tags/black.or.white HTTP/1.1" status: 201 len: 201 time: 0.0490625
2026-04-23 01:28:01.621 10 INFO neutron.wsgi [None req-e425a195-9850-408d-bc9a-1b0551da2440 833d3fa97c434e13a33b5f37f0285850 8d45e05680d44181b1ea1250bb702fbf - - default default] 10.0.0.68 "GET /v2.0/trunks/a821c417-3cf6-41bf-86b5-44a981e60cf4/tags HTTP/1.1" status: 200 len: 245 time: 0.0367014
2026-04-23 01:28:01.654 9 INFO neutron.wsgi [None req-d389cd29-23e8-4a29-bf7c-be2a29e17882 0eeba1160bdb41448461231bf3b2aee0 6a4ddc12ff6044efa6a6bd9b595174c8 - - default default] 10.0.0.68 "DELETE /v2.0/security-groups/77e20656-8d33-4d99-8541-e7e9ed85e21d HTTP/1.1" status: 204 len: 168 time: 0.2252750
2026-04-23 01:28:01.687 10 INFO neutron.wsgi [None req-48fbf986-d0a1-4e5b-9d7c-06cb6202d578 833d3fa97c434e13a33b5f37f0285850 8d45e05680d44181b1ea1250bb702fbf - - default default] 10.0.0.68 "PUT /v2.0/trunks/a821c417-3cf6-41bf-86b5-44a981e60cf4/tags HTTP/1.1" status: 200 len: 230 time: 0.0617547
2026-04-23 01:28:01.706 9 INFO neutron.wsgi [None req-07217a15-fafc-41c4-83e3-4752f4d0823b 833d3fa97c434e13a33b5f37f0285850 8d45e05680d44181b1ea1250bb702fbf - - default default] 10.0.0.68 "GET /v2.0/trunks/a821c417-3cf6-41bf-86b5-44a981e60cf4/tags HTTP/1.1" status: 200 len: 230 time: 0.0144660
2026-04-23 01:28:01.728 9 INFO neutron.wsgi [None req-d0c2c7c8-c9f3-4a29-9553-523d6af064b1 833d3fa97c434e13a33b5f37f0285850 8d45e05680d44181b1ea1250bb702fbf - - default default] 10.0.0.68 "GET /v2.0/trunks/a821c417-3cf6-41bf-86b5-44a981e60cf4/tags/red HTTP/1.1" status: 204 len: 168 time: 0.0171728
2026-04-23 01:28:01.739 10 INFO neutron.wsgi [None req-443e3d37-facf-49e2-8a01-b677e3f343b4 0eeba1160bdb41448461231bf3b2aee0 6a4ddc12ff6044efa6a6bd9b595174c8 - - default default] 10.0.0.68 "DELETE /v2.0/subnets/9e298db0-b2a3-44e1-b0a4-d15d5003aab0 HTTP/1.1" status: 204 len: 168 time: 0.2299993
2026-04-23 01:28:01.756 9 INFO neutron.api.v2.resource [None req-679b8c75-266c-4246-870c-2e771b305803 833d3fa97c434e13a33b5f37f0285850 8d45e05680d44181b1ea1250bb702fbf - - default default] show failed (client error): The resource could not be found.
2026-04-23 01:28:01.757 9 INFO neutron.wsgi [None req-679b8c75-266c-4246-870c-2e771b305803 833d3fa97c434e13a33b5f37f0285850 8d45e05680d44181b1ea1250bb702fbf - - default default] 10.0.0.68 "GET /v2.0/trunks/a821c417-3cf6-41bf-86b5-44a981e60cf4/tags/green HTTP/1.1" status: 404 len: 299 time: 0.0245507
2026-04-23 01:28:01.795 9 INFO neutron.wsgi [None req-cce54744-aa44-475e-8b7e-229aafc3aaeb 833d3fa97c434e13a33b5f37f0285850 8d45e05680d44181b1ea1250bb702fbf - - default default] 10.0.0.68 "DELETE /v2.0/trunks/a821c417-3cf6-41bf-86b5-44a981e60cf4/tags/red HTTP/1.1" status: 204 len: 168 time: 0.0334971
2026-04-23 01:28:01.819 10 INFO neutron.wsgi [None req-aa291bf5-1a79-410c-94b2-0170f0d825c3 833d3fa97c434e13a33b5f37f0285850 8d45e05680d44181b1ea1250bb702fbf - - default default] 10.0.0.68 "GET /v2.0/trunks/a821c417-3cf6-41bf-86b5-44a981e60cf4/tags HTTP/1.1" status: 200 len: 223 time: 0.0195270
2026-04-23 01:28:01.857 10 INFO neutron.api.v2.resource [None req-a5639d2e-44fd-4f20-98b2-c17f8e2a5c81 833d3fa97c434e13a33b5f37f0285850 8d45e05680d44181b1ea1250bb702fbf - - default default] delete failed (client error): The resource could not be found.
2026-04-23 01:28:01.859 10 INFO neutron.wsgi [None req-a5639d2e-44fd-4f20-98b2-c17f8e2a5c81 833d3fa97c434e13a33b5f37f0285850 8d45e05680d44181b1ea1250bb702fbf - - default default] 10.0.0.68 "DELETE /v2.0/trunks/a821c417-3cf6-41bf-86b5-44a981e60cf4/tags/green HTTP/1.1" status: 404 len: 299 time: 0.0350368
2026-04-23 01:28:01.897 9 INFO neutron.wsgi [None req-e05ce58d-2d52-4604-a89b-ba8e725af1cb 833d3fa97c434e13a33b5f37f0285850 8d45e05680d44181b1ea1250bb702fbf - - default default] 10.0.0.68 "DELETE /v2.0/trunks/a821c417-3cf6-41bf-86b5-44a981e60cf4/tags HTTP/1.1" status: 204 len: 168 time: 0.0335393
2026-04-23 01:28:01.920 9 INFO neutron.wsgi [None req-136d6cc7-3a4c-4811-bfdf-3507a0bb941e 833d3fa97c434e13a33b5f37f0285850 8d45e05680d44181b1ea1250bb702fbf - - default default] 10.0.0.68 "GET /v2.0/trunks/a821c417-3cf6-41bf-86b5-44a981e60cf4/tags HTTP/1.1" status: 200 len: 205 time: 0.0186236
2026-04-23 01:28:01.941 9 INFO neutron.wsgi [None req-9d119a03-dbb3-44aa-9df6-8ab556eb3644 833d3fa97c434e13a33b5f37f0285850 8d45e05680d44181b1ea1250bb702fbf - - default default] 10.0.0.68 "GET /v2.0/trunks/a821c417-3cf6-41bf-86b5-44a981e60cf4 HTTP/1.1" status: 200 len: 603 time: 0.0136981
2026-04-23 01:28:02.055 9 INFO neutron.wsgi [None req-0d7f7716-8331-4f34-af25-02d7c4a7f176 833d3fa97c434e13a33b5f37f0285850 8d45e05680d44181b1ea1250bb702fbf - - default default] 10.0.0.68 "GET /v2.0/ports/9c6c4e40-34f6-41d6-9328-32060eb7f4ab HTTP/1.1" status: 200 len: 1020 time: 0.1103568
2026-04-23 01:28:02.134 10 INFO neutron.services.segments.plugin [-] Segment 3398e71e-ab8b-4b0a-913f-475975ffe13d resource provider aggregate not found
2026-04-23 01:28:02.140 10 INFO neutron.services.segments.plugin [-] Segment 3398e71e-ab8b-4b0a-913f-475975ffe13d resource provider aggregate not found
2026-04-23 01:28:02.141 9 INFO neutron.wsgi [None req-70c07d4f-5cd0-4bb6-b95b-2cf9d40abf4a 833d3fa97c434e13a33b5f37f0285850 8d45e05680d44181b1ea1250bb702fbf - - default default] 10.0.0.68 "DELETE /v2.0/trunks/a821c417-3cf6-41bf-86b5-44a981e60cf4 HTTP/1.1" status: 204 len: 168 time: 0.0808828
2026-04-23 01:28:02.155 10 INFO neutron.wsgi [None req-f3767a94-5a10-47d7-9432-59f02875d7b0 0eeba1160bdb41448461231bf3b2aee0 6a4ddc12ff6044efa6a6bd9b595174c8 - - default default] 10.0.0.68 "DELETE /v2.0/networks/87d03601-db1a-46fb-bdb9-46f182932d45 HTTP/1.1" status: 204 len: 168 time: 0.4122934
2026-04-23 01:28:02.156 10 INFO neutron.services.segments.plugin [-] Segment 3398e71e-ab8b-4b0a-913f-475975ffe13d resource provider not found; error: Placement Client Error (4xx): {"errors": [{"status": 404, "title": "Not Found", "detail": "The resource could not be found.\n\n No resource provider with uuid 3398e71e-ab8b-4b0a-913f-475975ffe13d found for delete ", "request_id": "req-a88d76ce-7417-402f-8c52-a7d1cba9ee11"}]}
2026-04-23 01:28:02.157 10 INFO neutron.services.segments.plugin [-] Segment 3398e71e-ab8b-4b0a-913f-475975ffe13d resource provider not found; error: Placement Client Error (4xx): {"errors": [{"status": 404, "title": "Not Found", "detail": "The resource could not be found.\n\n No resource provider with uuid 3398e71e-ab8b-4b0a-913f-475975ffe13d found for delete ", "request_id": "req-57b9f6f8-7fb3-4c64-ab61-d11960e41642"}]}
2026-04-23 01:28:02.391 9 INFO neutron.wsgi [None req-1ccb5694-d5d7-4e4d-b897-754dfdef7be2 833d3fa97c434e13a33b5f37f0285850 8d45e05680d44181b1ea1250bb702fbf - - default default] 10.0.0.68 "DELETE /v2.0/ports/9c6c4e40-34f6-41d6-9328-32060eb7f4ab HTTP/1.1" status: 204 len: 168 time: 0.2440903
2026-04-23 01:28:02.467 9 INFO neutron.wsgi [-] 10.0.0.100 "GET / HTTP/1.1" status: 200 len: 246 time: 0.0028658
2026-04-23 01:28:02.469 9 INFO neutron.wsgi [-] 10.0.0.100 "GET / HTTP/1.1" status: 200 len: 246 time: 0.0012536
2026-04-23 01:28:02.798 9 INFO neutron.services.segments.plugin [-] Segment 93ee9d5e-33df-4dae-9833-29e6369428c0 resource provider aggregate not found
2026-04-23 01:28:02.810 9 INFO neutron.services.segments.plugin [-] Segment 93ee9d5e-33df-4dae-9833-29e6369428c0 resource provider aggregate not found
2026-04-23 01:28:02.815 9 INFO neutron.wsgi [None req-f9571d8c-4915-4e23-aac5-ed14ed2d6821 833d3fa97c434e13a33b5f37f0285850 8d45e05680d44181b1ea1250bb702fbf - - default default] 10.0.0.68 "DELETE /v2.0/networks/2d5ef4aa-ec8c-452e-a8dc-1b150f5882a7 HTTP/1.1" status: 204 len: 168 time: 0.4204533
2026-04-23 01:28:02.816 9 INFO neutron.services.segments.plugin [-] Segment 93ee9d5e-33df-4dae-9833-29e6369428c0 resource provider not found; error: Placement Client Error (4xx): {"errors": [{"status": 404, "title": "Not Found", "detail": "The resource could not be found.\n\n No resource provider with uuid 93ee9d5e-33df-4dae-9833-29e6369428c0 found for delete ", "request_id": "req-578943c8-ab40-4884-90bf-3ab54a644ca0"}]}
2026-04-23 01:28:02.830 9 INFO neutron.services.segments.plugin [-] Segment 93ee9d5e-33df-4dae-9833-29e6369428c0 resource provider not found; error: Placement Client Error (4xx): {"errors": [{"status": 404, "title": "Not Found", "detail": "The resource could not be found.\n\n No resource provider with uuid 93ee9d5e-33df-4dae-9833-29e6369428c0 found for delete ", "request_id": "req-a60b31ac-15e3-4064-a918-748e26d1eba6"}]}
2026-04-23 01:28:03.191 10 INFO neutron.wsgi [None req-cefa3bcc-509d-48c6-b90c-18339694eb98 0eeba1160bdb41448461231bf3b2aee0 6a4ddc12ff6044efa6a6bd9b595174c8 - - default default] 10.0.0.68 "PUT /v2.0/routers/cfed21d6-4851-49db-bf14-c8d64a441847/remove_router_interface HTTP/1.1" status: 200 len: 503 time: 1.0321832 /var/lib/openstack/lib/python3.10/site-packages/pycadf/identifier.py:71: UserWarning: Invalid uuid: neutron. To ensure interoperability, identifiers should be a valid uuid. warnings.warn(('Invalid uuid: %s. To ensure interoperability, '
2026-04-23 01:28:03.703 9 INFO neutron.db.ovn_revision_numbers_db [None req-8a9ddbe5-bd31-439e-954a-74518ba8f2e8 0eeba1160bdb41448461231bf3b2aee0 6a4ddc12ff6044efa6a6bd9b595174c8 - - default default] Successfully bumped revision number for resource 4a148bc1-0ac1-4360-bcd0-7fcd5a5c7c0e (type: security_groups) to 1
2026-04-23 01:28:03.723 9 INFO neutron.db.ovn_revision_numbers_db [None req-8a9ddbe5-bd31-439e-954a-74518ba8f2e8 0eeba1160bdb41448461231bf3b2aee0 6a4ddc12ff6044efa6a6bd9b595174c8 - - default default] Successfully bumped revision number for resource 2b8e8e72-28d5-498b-912a-fe8c08079c4d (type: security_group_rules) to 0
2026-04-23 01:28:03.752 9 INFO neutron.db.ovn_revision_numbers_db [None req-8a9ddbe5-bd31-439e-954a-74518ba8f2e8 0eeba1160bdb41448461231bf3b2aee0 6a4ddc12ff6044efa6a6bd9b595174c8 - - default default] Successfully bumped revision number for resource 2ce2b35e-b70a-431c-8eaa-bbabb48d1047 (type: security_group_rules) to 0
2026-04-23 01:28:03.766 9 INFO neutron.db.ovn_revision_numbers_db [None req-8a9ddbe5-bd31-439e-954a-74518ba8f2e8 0eeba1160bdb41448461231bf3b2aee0 6a4ddc12ff6044efa6a6bd9b595174c8 - - default default] Successfully bumped revision number for resource 5e4e78fc-50b1-4fbe-9a07-a34f9cfdf86b (type: security_group_rules) to 0
2026-04-23 01:28:03.778 9 INFO neutron.db.ovn_revision_numbers_db [None req-8a9ddbe5-bd31-439e-954a-74518ba8f2e8 0eeba1160bdb41448461231bf3b2aee0 6a4ddc12ff6044efa6a6bd9b595174c8 - - default default] Successfully bumped revision number for resource e1c5277c-f203-4bfa-b7f2-795a652c9106 (type: security_group_rules) to 0
2026-04-23 01:28:03.798 9 INFO neutron.wsgi [None req-8a9ddbe5-bd31-439e-954a-74518ba8f2e8 0eeba1160bdb41448461231bf3b2aee0 6a4ddc12ff6044efa6a6bd9b595174c8 - - default default] 10.0.0.68 "GET /v2.0/security-groups?tenant_id=f868e31a3e9b49539437972b3c097087&name=default HTTP/1.1" status: 200 len: 3120 time: 0.3890929
2026-04-23 01:28:04.003 9 INFO neutron.wsgi [None req-ba2ab249-2592-4904-a818-45e75fc2676f 0eeba1160bdb41448461231bf3b2aee0 6a4ddc12ff6044efa6a6bd9b595174c8 - - default default] 10.0.0.68 "DELETE /v2.0/security-groups/4a148bc1-0ac1-4360-bcd0-7fcd5a5c7c0e HTTP/1.1" status: 204 len: 168 time: 0.2000849
2026-04-23 01:28:04.057 10 INFO neutron.wsgi [None req-cd49dff8-dcc2-4f17-85f6-e2e0f6f45449 0eeba1160bdb41448461231bf3b2aee0 6a4ddc12ff6044efa6a6bd9b595174c8 - - default default] 10.0.0.68 "DELETE /v2.0/routers/cfed21d6-4851-49db-bf14-c8d64a441847 HTTP/1.1" status: 204 len: 168 time: 0.8610079
2026-04-23 01:28:04.222 9 INFO neutron.wsgi [None req-226d401c-a05d-47c2-a9ea-0ce42f22ea57 0eeba1160bdb41448461231bf3b2aee0 6a4ddc12ff6044efa6a6bd9b595174c8 - - default default] 10.0.0.68 "GET /v2.0/security-groups?tenant_id=8d45e05680d44181b1ea1250bb702fbf&name=default HTTP/1.1" status: 200 len: 3120 time: 0.0406442
2026-04-23 01:28:04.239 10 INFO neutron.wsgi [None req-850c6cae-05ea-4896-a735-c21868bce6d3 0eeba1160bdb41448461231bf3b2aee0 6a4ddc12ff6044efa6a6bd9b595174c8 - - default default] 10.0.0.68 "DELETE /v2.0/subnets/891dbf96-32dc-4d5b-ab29-d205781c84a0 HTTP/1.1" status: 204 len: 168 time: 0.1740799
2026-04-23 01:28:04.455 9 INFO neutron.wsgi [None req-fe05c72a-1568-4274-a698-03861c18464a 0eeba1160bdb41448461231bf3b2aee0 6a4ddc12ff6044efa6a6bd9b595174c8 - - default default] 10.0.0.68 "DELETE /v2.0/security-groups/b5e80c8f-502e-440a-8d57-6ce9de54bc30 HTTP/1.1" status: 204 len: 168 time: 0.2290814
2026-04-23 01:28:04.577 10 INFO neutron.services.segments.plugin [-] Segment 5ecc301c-1b64-48d9-ac34-2cd56ed1ed61 resource provider aggregate not found
2026-04-23 01:28:04.582 10 INFO neutron.services.segments.plugin [-] Segment 5ecc301c-1b64-48d9-ac34-2cd56ed1ed61 resource provider aggregate not found
2026-04-23 01:28:04.592 10 INFO neutron.services.segments.plugin [-] Segment 5ecc301c-1b64-48d9-ac34-2cd56ed1ed61 resource provider not found; error: Placement Client Error (4xx): {"errors": [{"status": 404, "title": "Not Found", "detail": "The resource could not be found.\n\n No resource provider with uuid 5ecc301c-1b64-48d9-ac34-2cd56ed1ed61 found for delete ", "request_id": "req-fd4e2a52-dce7-488f-ba1e-5299b80b4851"}]}
2026-04-23 01:28:04.593 10 INFO neutron.services.segments.plugin [-] Segment 5ecc301c-1b64-48d9-ac34-2cd56ed1ed61 resource provider not found; error: Placement Client Error (4xx): {"errors": [{"status": 404, "title": "Not Found", "detail": "The resource could not be found.\n\n No resource provider with uuid 5ecc301c-1b64-48d9-ac34-2cd56ed1ed61 found for delete ", "request_id": "req-51836072-3c04-479c-9af4-44e28ba8f77a"}]}
2026-04-23 01:28:04.622 10 INFO neutron.wsgi [None req-40fc26b5-f409-4b57-8eed-9dd51dc93300 0eeba1160bdb41448461231bf3b2aee0 6a4ddc12ff6044efa6a6bd9b595174c8 - - default default] 10.0.0.68 "DELETE /v2.0/networks/53feba77-3c48-4f56-822a-deb75272ff1b HTTP/1.1" status: 204 len: 168 time: 0.3789971
2026-04-23 01:28:04.991 10 INFO neutron.wsgi [None req-6c4a219e-4a79-4904-8faa-f1a775c9f809 0eeba1160bdb41448461231bf3b2aee0 6a4ddc12ff6044efa6a6bd9b595174c8 - - default default] 10.0.0.68 "GET /v2.0/security-groups?tenant_id=d5e59c6dd857473a9bec44d60f47bd86&name=default HTTP/1.1" status: 200 len: 3120 time: 0.0556836
2026-04-23 01:28:05.142 9 WARNING neutron_lib.context [None req-73eb3202-986f-4090-952d-aeca4c70358e dcf4838b8f204a7186d8621292ed0462 9fd9ab27bb364128bc4b04e8dd6d9375 - - default default] Method 'is_advsvc' is deprecated since 2023.2 release (neutron-lib 3.8.0) and will be removed once support for the old RBAC API policies will be removed from Neutron. Please use method 'is_service_role' instead.
2026-04-23 01:28:05.214 10 INFO neutron.wsgi [None req-4208b792-800b-48d4-bcce-380db12df0d8 0eeba1160bdb41448461231bf3b2aee0 6a4ddc12ff6044efa6a6bd9b595174c8 - - default default] 10.0.0.68 "DELETE /v2.0/security-groups/7d398eef-c82a-4202-9b41-66e5a43aa6f2 HTTP/1.1" status: 204 len: 168 time: 0.2164552
2026-04-23 01:28:05.392 9 INFO neutron.wsgi [None req-14bb8d9c-389d-4779-8fbb-4eb2ceaa7c7f 0eeba1160bdb41448461231bf3b2aee0 6a4ddc12ff6044efa6a6bd9b595174c8 - - default default] 10.0.0.68 "GET /v2.0/security-groups?tenant_id=cd1c1c395a994abfb877c34e94f2d83b&name=default HTTP/1.1" status: 200 len: 3120 time: 0.0650082
2026-04-23 01:28:05.498 9 WARNING neutron.scheduler.dhcp_agent_scheduler [None req-73eb3202-986f-4090-952d-aeca4c70358e dcf4838b8f204a7186d8621292ed0462 9fd9ab27bb364128bc4b04e8dd6d9375 - - default default] No more DHCP agents
2026-04-23 01:28:05.505 9 WARNING neutron.api.rpc.agentnotifiers.dhcp_rpc_agent_api [None req-73eb3202-986f-4090-952d-aeca4c70358e dcf4838b8f204a7186d8621292ed0462 9fd9ab27bb364128bc4b04e8dd6d9375 - - default default] Unable to schedule network 972385ad-3565-4712-abbc-3ddb5cba818d: no agents available; will retry on subsequent port and subnet creation events.
2026-04-23 01:28:05.780 9 INFO neutron.wsgi [None req-69e39383-9de1-4399-927a-58232297990d 0eeba1160bdb41448461231bf3b2aee0 6a4ddc12ff6044efa6a6bd9b595174c8 - - default default] 10.0.0.68 "DELETE /v2.0/security-groups/5c37c2da-d48e-4a17-b49e-3a8279556c6c HTTP/1.1" status: 204 len: 168 time: 0.3814082
2026-04-23 01:28:05.883 9 INFO neutron.wsgi [None req-73eb3202-986f-4090-952d-aeca4c70358e dcf4838b8f204a7186d8621292ed0462 9fd9ab27bb364128bc4b04e8dd6d9375 - - default default] 10.0.0.68 "POST /v2.0/floatingips HTTP/1.1" status: 201 len: 751 time: 0.9613361
2026-04-23 01:28:05.934 9 INFO neutron.wsgi [None req-886ed1c0-e69a-4682-921f-48e755828064 dcf4838b8f204a7186d8621292ed0462 9fd9ab27bb364128bc4b04e8dd6d9375 - - default default] 10.0.0.68 "PUT /v2.0/floatingips/6096d408-a07a-47c2-8fe1-00eb4f089eec/tags HTTP/1.1" status: 200 len: 218 time: 0.0454993
2026-04-23 01:28:05.970 9 INFO neutron.wsgi [None req-96d8b3d1-7e75-45de-a121-14b9bed91226 dcf4838b8f204a7186d8621292ed0462 9fd9ab27bb364128bc4b04e8dd6d9375 - - default default] 10.0.0.68 "GET /v2.0/floatingips/6096d408-a07a-47c2-8fe1-00eb4f089eec/tags HTTP/1.1" status: 200 len: 218 time: 0.0326726
2026-04-23 01:28:06.030 10 INFO neutron.wsgi [None req-273c2549-42e2-4240-b119-83a0f234d695 dcf4838b8f204a7186d8621292ed0462 9fd9ab27bb364128bc4b04e8dd6d9375 - - default default] 10.0.0.68 "PUT /v2.0/floatingips/6096d408-a07a-47c2-8fe1-00eb4f089eec/tags/green HTTP/1.1" status: 201 len: 201 time: 0.0552671
2026-04-23 01:28:06.074 10 INFO neutron.wsgi [None req-ef2f7585-05c4-4a80-943f-399d95041373 dcf4838b8f204a7186d8621292ed0462 9fd9ab27bb364128bc4b04e8dd6d9375 - - default default] 10.0.0.68 "GET /v2.0/floatingips/6096d408-a07a-47c2-8fe1-00eb4f089eec/tags HTTP/1.1" status: 200 len: 227 time: 0.0392821
2026-04-23 01:28:06.122 10 INFO neutron.wsgi [None req-d64717e6-5b24-41b3-a103-e709fca4f487 dcf4838b8f204a7186d8621292ed0462 9fd9ab27bb364128bc4b04e8dd6d9375 - - default default] 10.0.0.68 "PUT /v2.0/floatingips/6096d408-a07a-47c2-8fe1-00eb4f089eec/tags/red HTTP/1.1" status: 201 len: 201 time: 0.0430744
2026-04-23 01:28:06.158 10 INFO neutron.wsgi [None req-78e314e3-5377-4380-a4cd-f8f74b1a4b73 dcf4838b8f204a7186d8621292ed0462 9fd9ab27bb364128bc4b04e8dd6d9375 - - default default] 10.0.0.68 "GET /v2.0/floatingips/6096d408-a07a-47c2-8fe1-00eb4f089eec/tags HTTP/1.1" status: 200 len: 227 time: 0.0313859
2026-04-23 01:28:06.201 10 INFO neutron.wsgi [None req-e5a7ab8a-4641-4b53-84e3-100bb537caac dcf4838b8f204a7186d8621292ed0462 9fd9ab27bb364128bc4b04e8dd6d9375 - - default default] 10.0.0.68 "PUT /v2.0/floatingips/6096d408-a07a-47c2-8fe1-00eb4f089eec/tags/black.or.white HTTP/1.1" status: 201 len: 201 time: 0.0389056
2026-04-23 01:28:06.235 10 INFO neutron.wsgi [None req-8f8dff04-5ee7-43b5-8135-66fab9418353 dcf4838b8f204a7186d8621292ed0462 9fd9ab27bb364128bc4b04e8dd6d9375 - - default default] 10.0.0.68 "GET /v2.0/floatingips/6096d408-a07a-47c2-8fe1-00eb4f089eec/tags HTTP/1.1" status: 200 len: 245 time: 0.0295146
2026-04-23 01:28:06.289 10 INFO neutron.wsgi [None req-7b04359e-1017-4f12-a644-171a7818fb1c dcf4838b8f204a7186d8621292ed0462 9fd9ab27bb364128bc4b04e8dd6d9375 - - default default] 10.0.0.68 "PUT /v2.0/floatingips/6096d408-a07a-47c2-8fe1-00eb4f089eec/tags HTTP/1.1" status: 200 len: 230 time: 0.0486789
2026-04-23 01:28:06.326 10 INFO neutron.wsgi [None req-db13c649-9232-442a-8487-2e56db06e386 dcf4838b8f204a7186d8621292ed0462 9fd9ab27bb364128bc4b04e8dd6d9375 - - default default] 10.0.0.68 "GET /v2.0/floatingips/6096d408-a07a-47c2-8fe1-00eb4f089eec/tags HTTP/1.1" status: 200 len: 230 time: 0.0309167
2026-04-23 01:28:06.358 10 INFO neutron.wsgi [None req-6a46a499-e05b-4896-b27e-c23e693f047a dcf4838b8f204a7186d8621292ed0462 9fd9ab27bb364128bc4b04e8dd6d9375 - - default default] 10.0.0.68 "GET /v2.0/floatingips/6096d408-a07a-47c2-8fe1-00eb4f089eec/tags/red HTTP/1.1" status: 204 len: 168 time: 0.0277092
2026-04-23 01:28:06.392 10 INFO neutron.api.v2.resource [None req-d440e59c-846a-40f2-b10d-c831a98acf68 dcf4838b8f204a7186d8621292ed0462 9fd9ab27bb364128bc4b04e8dd6d9375 - - default default] show failed (client error): The resource could not be found.
2026-04-23 01:28:06.394 10 INFO neutron.wsgi [None req-d440e59c-846a-40f2-b10d-c831a98acf68 dcf4838b8f204a7186d8621292ed0462 9fd9ab27bb364128bc4b04e8dd6d9375 - - default default] 10.0.0.68 "GET /v2.0/floatingips/6096d408-a07a-47c2-8fe1-00eb4f089eec/tags/green HTTP/1.1" status: 404 len: 299 time: 0.0304468
2026-04-23 01:28:06.728 10 INFO neutron.wsgi [None req-947655c0-9e65-47c8-93b5-1b9be9a0ee68 dcf4838b8f204a7186d8621292ed0462 9fd9ab27bb364128bc4b04e8dd6d9375 - - default default] 10.0.0.68 "DELETE /v2.0/floatingips/6096d408-a07a-47c2-8fe1-00eb4f089eec/tags/red HTTP/1.1" status: 204 len: 168 time: 0.3280590
2026-04-23 01:28:06.761 10 INFO neutron.wsgi [None req-85f09758-6d84-4f80-8694-3b42c89f94ea dcf4838b8f204a7186d8621292ed0462 9fd9ab27bb364128bc4b04e8dd6d9375 - - default default] 10.0.0.68 "GET /v2.0/floatingips/6096d408-a07a-47c2-8fe1-00eb4f089eec/tags HTTP/1.1" status: 200 len: 223 time: 0.0245361
2026-04-23 01:28:06.799 10 INFO neutron.api.v2.resource [None req-f52b0e1f-f4c9-49f9-8434-38273109bc07 dcf4838b8f204a7186d8621292ed0462 9fd9ab27bb364128bc4b04e8dd6d9375 - - default default] delete failed (client error): The resource could not be found.
2026-04-23 01:28:06.800 10 INFO neutron.wsgi [None req-f52b0e1f-f4c9-49f9-8434-38273109bc07 dcf4838b8f204a7186d8621292ed0462 9fd9ab27bb364128bc4b04e8dd6d9375 - - default default] 10.0.0.68 "DELETE /v2.0/floatingips/6096d408-a07a-47c2-8fe1-00eb4f089eec/tags/green HTTP/1.1" status: 404 len: 299 time: 0.0340633
2026-04-23 01:28:06.846 10 INFO neutron.wsgi [None req-cf2b5d3b-8596-46fc-acf6-76779cd445bd dcf4838b8f204a7186d8621292ed0462 9fd9ab27bb364128bc4b04e8dd6d9375 - - default default] 10.0.0.68 "DELETE /v2.0/floatingips/6096d408-a07a-47c2-8fe1-00eb4f089eec/tags HTTP/1.1" status: 204 len: 168 time: 0.0418525
2026-04-23 01:28:06.883 10 INFO neutron.wsgi [None req-f088d9b9-4de4-4130-81e2-110a9710ab73 dcf4838b8f204a7186d8621292ed0462 9fd9ab27bb364128bc4b04e8dd6d9375 - - default default] 10.0.0.68 "GET /v2.0/floatingips/6096d408-a07a-47c2-8fe1-00eb4f089eec/tags HTTP/1.1" status: 200 len: 205 time: 0.0314674
2026-04-23 01:28:07.207 10 INFO neutron.wsgi [None req-e7b62a60-ae5e-4d7c-9d85-b6ee13018afa dcf4838b8f204a7186d8621292ed0462 9fd9ab27bb364128bc4b04e8dd6d9375 - - default default] 10.0.0.68 "DELETE /v2.0/floatingips/6096d408-a07a-47c2-8fe1-00eb4f089eec HTTP/1.1" status: 204 len: 168 time: 0.3174033
2026-04-23 01:28:07.753 9 WARNING neutron_lib.context [None req-042037b0-27fe-46f9-88e2-bd8ff60bd904 d722699d9caa40328015d038f97c67be 75265c5135ba4decbb844d7a55333dd9 - - default default] Method 'is_advsvc' is deprecated since 2023.2 release (neutron-lib 3.8.0) and will be removed once support for the old RBAC API policies will be removed from Neutron. Please use method 'is_service_role' instead.
2026-04-23 01:28:07.893 9 INFO neutron.db.ovn_revision_numbers_db [None req-042037b0-27fe-46f9-88e2-bd8ff60bd904 d722699d9caa40328015d038f97c67be 75265c5135ba4decbb844d7a55333dd9 - - default default] Successfully bumped revision number for resource 1c2d6e19-812a-4b01-b08d-332e76598d73 (type: security_groups) to 1
2026-04-23 01:28:07.907 9 INFO neutron.db.ovn_revision_numbers_db [None req-042037b0-27fe-46f9-88e2-bd8ff60bd904 d722699d9caa40328015d038f97c67be 75265c5135ba4decbb844d7a55333dd9 - - default default] Successfully bumped revision number for resource 3d68e460-f603-4662-bf27-821b0261033e (type: security_group_rules) to 0
2026-04-23 01:28:07.924 9 INFO neutron.db.ovn_revision_numbers_db [None req-042037b0-27fe-46f9-88e2-bd8ff60bd904 d722699d9caa40328015d038f97c67be 75265c5135ba4decbb844d7a55333dd9 - - default default] Successfully bumped revision number for resource 74b8aa21-62ac-4999-8223-b529e69b87a7 (type: security_group_rules) to 0
