2026-04-23 01:25:37.029 9 INFO neutron.db.ovn_revision_numbers_db [None req-54c0f550-5e7e-454b-a4f7-6d54694aa31c 0eeba1160bdb41448461231bf3b2aee0 6a4ddc12ff6044efa6a6bd9b595174c8 - - default default] Successfully bumped revision number for resource 373b0b70-3bd1-4d31-97ab-7801eadeecb0 (type: security_group_rules) to 0
2026-04-23 01:25:37.051 9 INFO neutron.db.ovn_revision_numbers_db [None req-54c0f550-5e7e-454b-a4f7-6d54694aa31c 0eeba1160bdb41448461231bf3b2aee0 6a4ddc12ff6044efa6a6bd9b595174c8 - - default default] Successfully bumped revision number for resource 5e376ebb-4952-4420-9c43-d868fcbd00b9 (type: security_group_rules) to 0
2026-04-23 01:25:37.075 9 INFO neutron.db.ovn_revision_numbers_db [None req-54c0f550-5e7e-454b-a4f7-6d54694aa31c 0eeba1160bdb41448461231bf3b2aee0 6a4ddc12ff6044efa6a6bd9b595174c8 - - default default] Successfully bumped revision number for resource 719b3804-b7ea-4cd6-b26d-26c1a75e475c (type: security_group_rules) to 0
2026-04-23 01:25:37.089 9 INFO neutron.db.ovn_revision_numbers_db [None req-54c0f550-5e7e-454b-a4f7-6d54694aa31c 0eeba1160bdb41448461231bf3b2aee0 6a4ddc12ff6044efa6a6bd9b595174c8 - - default default] Successfully bumped revision number for resource b5918879-f8ca-40b8-a028-4645317c05e2 (type: security_group_rules) to 0
2026-04-23 01:25:37.114 9 INFO neutron.wsgi [None req-54c0f550-5e7e-454b-a4f7-6d54694aa31c 0eeba1160bdb41448461231bf3b2aee0 6a4ddc12ff6044efa6a6bd9b595174c8 - - default default] 10.0.0.68 "GET /v2.0/security-groups?tenant_id=c54d174bb0184ceda618f6fd75bbf988&name=default HTTP/1.1" status: 200 len: 3120 time: 0.5072894
2026-04-23 01:25:37.130 9 INFO neutron.db.segments_db [None req-345bb199-6d65-44c1-bbcf-78f3d77532cd d1f98069910b4e009e926e6f132c7e02 5e3a296b8d5541daa3c675e492ed7be5 - - default default] Added segment bde9ebcb-0152-4a3f-b9c0-ea53edef7d85 of type geneve for network 006c49a1-16a1-45f5-ba02-7019899f4488
2026-04-23 01:25:37.285 9 INFO neutron.db.ovn_revision_numbers_db [None req-345bb199-6d65-44c1-bbcf-78f3d77532cd d1f98069910b4e009e926e6f132c7e02 5e3a296b8d5541daa3c675e492ed7be5 - - default default] Successfully bumped revision number for resource 006c49a1-16a1-45f5-ba02-7019899f4488 (type: networks) to 1
2026-04-23 01:25:37.434 10 INFO neutron.wsgi [None req-e15b96ff-69b4-4766-9b28-cf2428d9c7f4 0eeba1160bdb41448461231bf3b2aee0 6a4ddc12ff6044efa6a6bd9b595174c8 - - default default] 10.0.0.68 "DELETE /v2.0/security-groups/f675f940-4e3f-4e6a-80b0-a3762e83f142 HTTP/1.1" status: 204 len: 168 time: 0.3147588
2026-04-23 01:25:37.441 10 WARNING neutron.scheduler.dhcp_agent_scheduler [None req-03e4f111-094b-4f27-a9f4-14b3b24e29c0 0eeba1160bdb41448461231bf3b2aee0 6a4ddc12ff6044efa6a6bd9b595174c8 - - default default] No more DHCP agents
2026-04-23 01:25:37.443 10 WARNING neutron.api.rpc.agentnotifiers.dhcp_rpc_agent_api [None req-03e4f111-094b-4f27-a9f4-14b3b24e29c0 0eeba1160bdb41448461231bf3b2aee0 6a4ddc12ff6044efa6a6bd9b595174c8 - - default default] Unable to schedule network 972385ad-3565-4712-abbc-3ddb5cba818d: no agents available; will retry on subsequent port and subnet creation events.
2026-04-23 01:25:37.524 9 WARNING neutron.scheduler.dhcp_agent_scheduler [None req-345bb199-6d65-44c1-bbcf-78f3d77532cd d1f98069910b4e009e926e6f132c7e02 5e3a296b8d5541daa3c675e492ed7be5 - - default default] No more DHCP agents
2026-04-23 01:25:37.530 9 WARNING neutron.api.rpc.agentnotifiers.dhcp_rpc_agent_api [None req-345bb199-6d65-44c1-bbcf-78f3d77532cd d1f98069910b4e009e926e6f132c7e02 5e3a296b8d5541daa3c675e492ed7be5 - - default default] Unable to schedule network 006c49a1-16a1-45f5-ba02-7019899f4488: no agents available; will retry on subsequent port and subnet creation events.
2026-04-23 01:25:37.632 9 INFO neutron.db.ovn_revision_numbers_db [None req-345bb199-6d65-44c1-bbcf-78f3d77532cd d1f98069910b4e009e926e6f132c7e02 5e3a296b8d5541daa3c675e492ed7be5 - - default default] Successfully bumped revision number for resource ec319ae3-89a2-4e63-b929-b8ceb6790243 (type: ports) to 1
2026-04-23 01:25:37.658 9 INFO neutron.wsgi [None req-345bb199-6d65-44c1-bbcf-78f3d77532cd d1f98069910b4e009e926e6f132c7e02 5e3a296b8d5541daa3c675e492ed7be5 - - default default] 10.0.0.68 "POST /v2.0/networks HTTP/1.1" status: 201 len: 830 time: 0.6390023
2026-04-23 01:25:37.670 9 WARNING neutron_lib.context [None req-b5d96b22-cf1b-4a1a-9833-39052fa90db7 d1f98069910b4e009e926e6f132c7e02 5e3a296b8d5541daa3c675e492ed7be5 - - default default] Method 'is_advsvc' is deprecated since 2023.2 release (neutron-lib 3.8.0) and will be removed once support for the old RBAC API policies will be removed from Neutron. Please use method 'is_service_role' instead.
2026-04-23 01:25:37.794 10 INFO neutron.db.ovn_revision_numbers_db [None req-03e4f111-094b-4f27-a9f4-14b3b24e29c0 0eeba1160bdb41448461231bf3b2aee0 6a4ddc12ff6044efa6a6bd9b595174c8 - - default default] Successfully bumped revision number for resource 9e2a5a9d-bdd3-408c-8a6b-cf99b7d7884a (type: ports) to 1
2026-04-23 01:25:37.925 9 WARNING neutron.scheduler.dhcp_agent_scheduler [None req-b5d96b22-cf1b-4a1a-9833-39052fa90db7 d1f98069910b4e009e926e6f132c7e02 5e3a296b8d5541daa3c675e492ed7be5 - - default default] No more DHCP agents
2026-04-23 01:25:37.926 9 WARNING neutron.api.rpc.agentnotifiers.dhcp_rpc_agent_api [None req-b5d96b22-cf1b-4a1a-9833-39052fa90db7 d1f98069910b4e009e926e6f132c7e02 5e3a296b8d5541daa3c675e492ed7be5 - - default default] Unable to schedule network 006c49a1-16a1-45f5-ba02-7019899f4488: no agents available; will retry on subsequent port and subnet creation events.
2026-04-23 01:25:38.379 9 INFO neutron.db.ovn_revision_numbers_db [None req-b5d96b22-cf1b-4a1a-9833-39052fa90db7 d1f98069910b4e009e926e6f132c7e02 5e3a296b8d5541daa3c675e492ed7be5 - - default default] Successfully bumped revision number for resource ec319ae3-89a2-4e63-b929-b8ceb6790243 (type: ports) to 2
2026-04-23 01:25:38.408 9 INFO neutron.db.ovn_revision_numbers_db [None req-b5d96b22-cf1b-4a1a-9833-39052fa90db7 d1f98069910b4e009e926e6f132c7e02 5e3a296b8d5541daa3c675e492ed7be5 - - default default] Successfully bumped revision number for resource 7e28dddb-68f7-4cf2-b9a4-3e4a162ef3d7 (type: subnets) to 0
2026-04-23 01:25:38.420 9 INFO neutron.wsgi [None req-b5d96b22-cf1b-4a1a-9833-39052fa90db7 d1f98069910b4e009e926e6f132c7e02 5e3a296b8d5541daa3c675e492ed7be5 - - default default] 10.0.0.68 "POST /v2.0/subnets HTTP/1.1" status: 201 len: 801 time: 0.7558715
2026-04-23 01:25:38.428 9 WARNING neutron_lib.context [None req-7379d69f-54a8-4a67-a009-5ffdffcf41f6 d1f98069910b4e009e926e6f132c7e02 5e3a296b8d5541daa3c675e492ed7be5 - - default default] Method 'is_advsvc' is deprecated since 2023.2 release (neutron-lib 3.8.0) and will be removed once support for the old RBAC API policies will be removed from Neutron. Please use method 'is_service_role' instead.
2026-04-23 01:25:38.462 10 INFO neutron.plugins.ml2.drivers.ovn.mech_driver.ovsdb.commands [None req-e0086d83-6f42-4774-8d51-14c11e9467ca - - - - - -] Schedule LRP lrp-9e2a5a9d-bdd3-408c-8a6b-cf99b7d7884a on gateway e3fae03a-740d-4cf2-8c34-fbdd765be0bb with priority 1
2026-04-23 01:25:38.470 10 INFO neutron.plugins.ml2.drivers.ovn.mech_driver.mech_driver [None req-8d099bd5-3702-4535-9a1e-086901901d26 - - - - - -] OVN reports status up for port: 9e2a5a9d-bdd3-408c-8a6b-cf99b7d7884a
2026-04-23 01:25:38.491 10 INFO neutron.plugins.ml2.drivers.ovn.mech_driver.ovsdb.ovsdb_monitor [None req-41291f4e-2da9-42e9-84ee-46d7961e06f3 - - - - - -] Router fbf0ac4b-688e-4f79-8e19-6a9be324d8e9 is bound to host instance
2026-04-23 01:25:38.504 10 INFO neutron.plugins.ml2.plugin [None req-8d099bd5-3702-4535-9a1e-086901901d26 - - - - - -] Attempt 1 to provision port 9e2a5a9d-bdd3-408c-8a6b-cf99b7d7884a
2026-04-23 01:25:38.534 10 INFO neutron.db.ovn_revision_numbers_db [None req-03e4f111-094b-4f27-a9f4-14b3b24e29c0 0eeba1160bdb41448461231bf3b2aee0 6a4ddc12ff6044efa6a6bd9b595174c8 - - default default] Successfully bumped revision number for resource 9e2a5a9d-bdd3-408c-8a6b-cf99b7d7884a (type: router_ports) to 1
2026-04-23 01:25:38.663 10 INFO neutron.db.ovn_revision_numbers_db [None req-03e4f111-094b-4f27-a9f4-14b3b24e29c0 0eeba1160bdb41448461231bf3b2aee0 6a4ddc12ff6044efa6a6bd9b595174c8 - - default default] Successfully bumped revision number for resource fbf0ac4b-688e-4f79-8e19-6a9be324d8e9 (type: routers) to 2
2026-04-23 01:25:38.693 10 INFO neutron.wsgi [None req-03e4f111-094b-4f27-a9f4-14b3b24e29c0 0eeba1160bdb41448461231bf3b2aee0 6a4ddc12ff6044efa6a6bd9b595174c8 - - default default] 10.0.0.68 "POST /v2.0/routers HTTP/1.1" status: 201 len: 1165 time: 1.7696443
2026-04-23 01:25:38.845 9 WARNING neutron.scheduler.dhcp_agent_scheduler [None req-7379d69f-54a8-4a67-a009-5ffdffcf41f6 d1f98069910b4e009e926e6f132c7e02 5e3a296b8d5541daa3c675e492ed7be5 - - default default] No more DHCP agents
2026-04-23 01:25:38.849 9 WARNING neutron.api.rpc.agentnotifiers.dhcp_rpc_agent_api [None req-7379d69f-54a8-4a67-a009-5ffdffcf41f6 d1f98069910b4e009e926e6f132c7e02 5e3a296b8d5541daa3c675e492ed7be5 - - default default] Unable to schedule network 006c49a1-16a1-45f5-ba02-7019899f4488: no agents available; will retry on subsequent port and subnet creation events.
2026-04-23 01:25:39.055 9 INFO neutron.db.ovn_revision_numbers_db [None req-7379d69f-54a8-4a67-a009-5ffdffcf41f6 d1f98069910b4e009e926e6f132c7e02 5e3a296b8d5541daa3c675e492ed7be5 - - default default] Successfully bumped revision number for resource 75089cd4-598f-4117-8c50-4fd13ba7b0c7 (type: ports) to 1
2026-04-23 01:25:39.086 9 INFO neutron.wsgi [None req-7379d69f-54a8-4a67-a009-5ffdffcf41f6 d1f98069910b4e009e926e6f132c7e02 5e3a296b8d5541daa3c675e492ed7be5 - - default default] 10.0.0.68 "POST /v2.0/ports HTTP/1.1" status: 201 len: 1149 time: 0.6612918
2026-04-23 01:25:39.359 10 INFO neutron.db.ovn_revision_numbers_db [None req-41291f4e-2da9-42e9-84ee-46d7961e06f3 - - - - - -] Successfully bumped revision number for resource 9e2a5a9d-bdd3-408c-8a6b-cf99b7d7884a (type: ports) to 1
2026-04-23 01:25:39.496 9 WARNING neutron.scheduler.dhcp_agent_scheduler [None req-0d6140f6-992f-4fb3-951d-f7c09573a3ae 0eeba1160bdb41448461231bf3b2aee0 6a4ddc12ff6044efa6a6bd9b595174c8 - - default default] No more DHCP agents
2026-04-23 01:25:39.498 9 WARNING neutron.api.rpc.agentnotifiers.dhcp_rpc_agent_api [None req-0d6140f6-992f-4fb3-951d-f7c09573a3ae 0eeba1160bdb41448461231bf3b2aee0 6a4ddc12ff6044efa6a6bd9b595174c8 - - default default] Unable to schedule network 09da72d2-0d6e-4827-9b11-3170b4a47407: no agents available; will retry on subsequent port and subnet creation events.
2026-04-23 01:25:39.650 9 INFO neutron.db.ovn_revision_numbers_db [None req-0d6140f6-992f-4fb3-951d-f7c09573a3ae 0eeba1160bdb41448461231bf3b2aee0 6a4ddc12ff6044efa6a6bd9b595174c8 - - default default] Successfully bumped revision number for resource 93351051-2591-4e3f-9f6b-6d4afe72fb6b (type: ports) to 1 /var/lib/openstack/lib/python3.10/site-packages/pycadf/identifier.py:71: UserWarning: Invalid uuid: neutron. To ensure interoperability, identifiers should be a valid uuid. warnings.warn(('Invalid uuid: %s. To ensure interoperability, '
2026-04-23 01:25:39.910 10 INFO neutron.wsgi [None req-f5c4863b-fd6e-4ebd-9457-711953fba095 d1f98069910b4e009e926e6f132c7e02 5e3a296b8d5541daa3c675e492ed7be5 - - default default] 10.0.0.68 "DELETE /v2.0/ports/75089cd4-598f-4117-8c50-4fd13ba7b0c7 HTTP/1.1" status: 204 len: 168 time: 0.8180544
2026-04-23 01:25:39.937 9 INFO neutron.pecan_wsgi.hooks.translation [None req-78e8f9bc-e857-4b24-a836-b154d03cd5a0 d1f98069910b4e009e926e6f132c7e02 5e3a296b8d5541daa3c675e492ed7be5 - - default default] DELETE failed (client error): The resource could not be found.
2026-04-23 01:25:39.940 9 INFO neutron.wsgi [None req-78e8f9bc-e857-4b24-a836-b154d03cd5a0 d1f98069910b4e009e926e6f132c7e02 5e3a296b8d5541daa3c675e492ed7be5 - - default default] 10.0.0.68 "DELETE /v2.0/ports/75089cd4-598f-4117-8c50-4fd13ba7b0c7 HTTP/1.1" status: 404 len: 333 time: 0.0250731
2026-04-23 01:25:39.967 9 INFO neutron.pecan_wsgi.hooks.translation [None req-c16c9421-9a43-4503-bb00-6d601af0422e d1f98069910b4e009e926e6f132c7e02 5e3a296b8d5541daa3c675e492ed7be5 - - default default] GET failed (client error): The resource could not be found.
2026-04-23 01:25:39.968 9 INFO neutron.wsgi [None req-c16c9421-9a43-4503-bb00-6d601af0422e d1f98069910b4e009e926e6f132c7e02 5e3a296b8d5541daa3c675e492ed7be5 - - default default] 10.0.0.68 "GET /v2.0/ports/75089cd4-598f-4117-8c50-4fd13ba7b0c7 HTTP/1.1" status: 404 len: 333 time: 0.0223005
2026-04-23 01:25:40.067 9 INFO neutron.db.ovn_revision_numbers_db [None req-7f552fc0-d21a-4733-a2fa-e0e5fdedf41a 0eeba1160bdb41448461231bf3b2aee0 6a4ddc12ff6044efa6a6bd9b595174c8 - - default default] Successfully bumped revision number for resource a9dd8bd2-19ff-4336-8ec9-ae0d67d0481e (type: security_groups) to 1
2026-04-23 01:25:40.102 9 INFO neutron.db.ovn_revision_numbers_db [None req-7f552fc0-d21a-4733-a2fa-e0e5fdedf41a 0eeba1160bdb41448461231bf3b2aee0 6a4ddc12ff6044efa6a6bd9b595174c8 - - default default] Successfully bumped revision number for resource 14edb809-a367-4969-b9b0-3b652985bc02 (type: security_group_rules) to 0
2026-04-23 01:25:40.128 9 INFO neutron.db.ovn_revision_numbers_db [None req-7f552fc0-d21a-4733-a2fa-e0e5fdedf41a 0eeba1160bdb41448461231bf3b2aee0 6a4ddc12ff6044efa6a6bd9b595174c8 - - default default] Successfully bumped revision number for resource 2a57de1b-e21e-4e47-b667-8831eb394b61 (type: security_group_rules) to 0
2026-04-23 01:25:40.142 10 INFO neutron.db.ovn_revision_numbers_db [None req-41291f4e-2da9-42e9-84ee-46d7961e06f3 - - - - - -] Successfully bumped revision number for resource 9e2a5a9d-bdd3-408c-8a6b-cf99b7d7884a (type: router_ports) to 3
2026-04-23 01:25:40.147 9 INFO neutron.db.ovn_revision_numbers_db [None req-7f552fc0-d21a-4733-a2fa-e0e5fdedf41a 0eeba1160bdb41448461231bf3b2aee0 6a4ddc12ff6044efa6a6bd9b595174c8 - - default default] Successfully bumped revision number for resource d64f003f-8b4d-4a42-b930-d9bacac0a235 (type: security_group_rules) to 0
2026-04-23 01:25:40.179 9 INFO neutron.db.ovn_revision_numbers_db [None req-7f552fc0-d21a-4733-a2fa-e0e5fdedf41a 0eeba1160bdb41448461231bf3b2aee0 6a4ddc12ff6044efa6a6bd9b595174c8 - - default default] Successfully bumped revision number for resource d8f88920-ebaa-4180-8b71-63611ecc8c4d (type: security_group_rules) to 0
2026-04-23 01:25:40.208 9 INFO neutron.wsgi [None req-7f552fc0-d21a-4733-a2fa-e0e5fdedf41a 0eeba1160bdb41448461231bf3b2aee0 6a4ddc12ff6044efa6a6bd9b595174c8 - - default default] 10.0.0.68 "GET /v2.0/security-groups?tenant_id=8d3792a2bb5149ba97e608e636118a2a&name=default HTTP/1.1" status: 200 len: 3120 time: 0.4795609
2026-04-23 01:25:40.242 10 INFO neutron.wsgi [None req-8793e71b-87fe-4304-9655-1706b6bc057b d1f98069910b4e009e926e6f132c7e02 5e3a296b8d5541daa3c675e492ed7be5 - - default default] 10.0.0.68 "DELETE /v2.0/subnets/7e28dddb-68f7-4cf2-b9a4-3e4a162ef3d7 HTTP/1.1" status: 204 len: 168 time: 0.2641041
2026-04-23 01:25:40.288 9 ERROR ovsdbapp.backend.ovs_idl.command [None req-0d6140f6-992f-4fb3-951d-f7c09573a3ae 0eeba1160bdb41448461231bf3b2aee0 6a4ddc12ff6044efa6a6bd9b595174c8 - - default default] Error executing command (DbGetCommand): ovsdbapp.backend.ovs_idl.idlutils.RowNotFound: Cannot find Logical_Router_Port with name=lrp-93351051-2591-4e3f-9f6b-6d4afe72fb6b
2026-04-23 01:25:40.288 9 ERROR ovsdbapp.backend.ovs_idl.command
Traceback (most recent call last):
2026-04-23 01:25:40.288 9 ERROR ovsdbapp.backend.ovs_idl.command
File "/var/lib/openstack/lib/python3.10/site-packages/ovsdbapp/backend/ovs_idl/command.py", line 47, in execute
2026-04-23 01:25:40.288 9 ERROR ovsdbapp.backend.ovs_idl.command self.run_idl(None)
2026-04-23 01:25:40.288 9 ERROR ovsdbapp.backend.ovs_idl.command
File "/var/lib/openstack/lib/python3.10/site-packages/ovsdbapp/backend/ovs_idl/command.py", line 235, in run_idl
2026-04-23 01:25:40.288 9 ERROR ovsdbapp.backend.ovs_idl.command record = self.api.lookup(self.table, self.record)
2026-04-23 01:25:40.288 9 ERROR ovsdbapp.backend.ovs_idl.command
File "/var/lib/openstack/lib/python3.10/site-packages/ovsdbapp/backend/ovs_idl/__init__.py", line 184, in lookup
2026-04-23 01:25:40.288 9 ERROR ovsdbapp.backend.ovs_idl.command return self._lookup(table, record)
2026-04-23 01:25:40.288 9 ERROR ovsdbapp.backend.ovs_idl.command
File "/var/lib/openstack/lib/python3.10/site-packages/ovsdbapp/backend/ovs_idl/__init__.py", line 235, in _lookup
2026-04-23 01:25:40.288 9 ERROR ovsdbapp.backend.ovs_idl.command row = idlutils.row_by_value(self, rl.table, rl.column, record)
2026-04-23 01:25:40.288 9 ERROR ovsdbapp.backend.ovs_idl.command
File "/var/lib/openstack/lib/python3.10/site-packages/ovsdbapp/backend/ovs_idl/idlutils.py", line 114, in row_by_value
2026-04-23 01:25:40.288 9 ERROR ovsdbapp.backend.ovs_idl.command raise RowNotFound(table=table, col=column, match=match)
2026-04-23 01:25:40.288 9 ERROR ovsdbapp.backend.ovs_idl.command ovsdbapp.backend.ovs_idl.idlutils.RowNotFound: Cannot find Logical_Router_Port with name=lrp-93351051-2591-4e3f-9f6b-6d4afe72fb6b
2026-04-23 01:25:40.288 9 ERROR ovsdbapp.backend.ovs_idl.command 
2026-04-23 01:25:40.289 9 ERROR neutron_lib.callbacks.manager [None req-0d6140f6-992f-4fb3-951d-f7c09573a3ae 0eeba1160bdb41448461231bf3b2aee0 6a4ddc12ff6044efa6a6bd9b595174c8 - - default default] Error during notification for neutron.services.ovn_l3.plugin.OVNL3RouterPlugin._port_update-8756655709935 port, after_update: ovsdbapp.backend.ovs_idl.idlutils.RowNotFound: Cannot find Logical_Router_Port with name=lrp-93351051-2591-4e3f-9f6b-6d4afe72fb6b
2026-04-23 01:25:40.289 9 ERROR neutron_lib.callbacks.manager
Traceback (most recent call last):
2026-04-23 01:25:40.289 9 ERROR neutron_lib.callbacks.manager
File "/var/lib/openstack/lib/python3.10/site-packages/neutron_lib/callbacks/manager.py", line 189, in _notify_loop
2026-04-23 01:25:40.289 9 ERROR neutron_lib.callbacks.manager callback.method(resource, event, trigger, payload=payload)
2026-04-23 01:25:40.289 9 ERROR neutron_lib.callbacks.manager
File "/var/lib/openstack/lib/python3.10/site-packages/neutron/services/ovn_l3/plugin.py", line 391, in _port_update
2026-04-23 01:25:40.289 9 ERROR neutron_lib.callbacks.manager l3plugin._ovn_client.update_router_port(context,
2026-04-23 01:25:40.289 9 ERROR neutron_lib.callbacks.manager
File "/var/lib/openstack/lib/python3.10/site-packages/neutron/plugins/ml2/drivers/ovn/mech_driver/ovsdb/ovn_client.py", line 1878, in update_router_port
2026-04-23 01:25:40.289 9 ERROR neutron_lib.callbacks.manager self._update_lrouter_port(context, port, if_exists=if_exists,
2026-04-23 01:25:40.289 9 ERROR neutron_lib.callbacks.manager
File "/var/lib/openstack/lib/python3.10/site-packages/neutron/plugins/ml2/drivers/ovn/mech_driver/ovsdb/ovn_client.py", line 1855, in _update_lrouter_port
2026-04-23 01:25:40.289 9 ERROR neutron_lib.callbacks.manager external_ids = self._nb_idl.db_get(
2026-04-23 01:25:40.289 9 ERROR neutron_lib.callbacks.manager
File "/var/lib/openstack/lib/python3.10/site-packages/ovsdbapp/backend/ovs_idl/command.py", line 47, in execute
2026-04-23 01:25:40.289 9 ERROR neutron_lib.callbacks.manager self.run_idl(None)
2026-04-23 01:25:40.289 9 ERROR neutron_lib.callbacks.manager
File "/var/lib/openstack/lib/python3.10/site-packages/ovsdbapp/backend/ovs_idl/command.py", line 235, in run_idl
2026-04-23 01:25:40.289 9 ERROR neutron_lib.callbacks.manager record = self.api.lookup(self.table, self.record)
2026-04-23 01:25:40.289 9 ERROR neutron_lib.callbacks.manager
File "/var/lib/openstack/lib/python3.10/site-packages/ovsdbapp/backend/ovs_idl/__init__.py", line 184, in lookup
2026-04-23 01:25:40.289 9 ERROR neutron_lib.callbacks.manager return self._lookup(table, record)
2026-04-23 01:25:40.289 9 ERROR neutron_lib.callbacks.manager
File "/var/lib/openstack/lib/python3.10/site-packages/ovsdbapp/backend/ovs_idl/__init__.py", line 235, in _lookup
2026-04-23 01:25:40.289 9 ERROR neutron_lib.callbacks.manager row = idlutils.row_by_value(self, rl.table, rl.column, record)
2026-04-23 01:25:40.289 9 ERROR neutron_lib.callbacks.manager
File "/var/lib/openstack/lib/python3.10/site-packages/ovsdbapp/backend/ovs_idl/idlutils.py", line 114, in row_by_value
2026-04-23 01:25:40.289 9 ERROR neutron_lib.callbacks.manager raise RowNotFound(table=table, col=column, match=match)
2026-04-23 01:25:40.289 9 ERROR neutron_lib.callbacks.manager ovsdbapp.backend.ovs_idl.idlutils.RowNotFound: Cannot find Logical_Router_Port with name=lrp-93351051-2591-4e3f-9f6b-6d4afe72fb6b
2026-04-23 01:25:40.289 9 ERROR neutron_lib.callbacks.manager 
2026-04-23 01:25:40.435 10 INFO neutron.db.ovn_revision_numbers_db [None req-41291f4e-2da9-42e9-84ee-46d7961e06f3 - - - - - -] Successfully bumped revision number for resource 9e2a5a9d-bdd3-408c-8a6b-cf99b7d7884a (type: ports) to 2
2026-04-23 01:25:40.526 10 INFO neutron.wsgi [None req-58cc1061-ab33-434a-a116-fd263a29c7b3 0eeba1160bdb41448461231bf3b2aee0 6a4ddc12ff6044efa6a6bd9b595174c8 - - default default] 10.0.0.68 "DELETE /v2.0/security-groups/a9dd8bd2-19ff-4336-8ec9-ae0d67d0481e HTTP/1.1" status: 204 len: 168 time: 0.3136637
2026-04-23 01:25:40.563 9 INFO neutron.db.ovn_revision_numbers_db [None req-0d6140f6-992f-4fb3-951d-f7c09573a3ae 0eeba1160bdb41448461231bf3b2aee0 6a4ddc12ff6044efa6a6bd9b595174c8 - - default default] Successfully bumped revision number for resource 93351051-2591-4e3f-9f6b-6d4afe72fb6b (type: ports) to 1
2026-04-23 01:25:40.624 10 INFO neutron.wsgi [req-1498ffc5-dbd9-47db-af92-bc2c6456a531 req-1e04dcba-be86-43f7-ae80-afe452131079 7f3eff79db4841309811e56bc8e7d489 9587ca99c4244e93ad5ce4af3a749ab2 - - default default] 10.0.0.146 "GET /v2.0/ports?device_id=6a72920d-d1a1-4e23-9315-a142362daa77 HTTP/1.1" status: 200 len: 1174 time: 0.1411707
2026-04-23 01:25:40.662 9 WARNING neutron.scheduler.dhcp_agent_scheduler [None req-0d6140f6-992f-4fb3-951d-f7c09573a3ae 0eeba1160bdb41448461231bf3b2aee0 6a4ddc12ff6044efa6a6bd9b595174c8 - - default default] No more DHCP agents
2026-04-23 01:25:40.665 9 WARNING neutron.api.rpc.agentnotifiers.dhcp_rpc_agent_api [None req-0d6140f6-992f-4fb3-951d-f7c09573a3ae 0eeba1160bdb41448461231bf3b2aee0 6a4ddc12ff6044efa6a6bd9b595174c8 - - default default] Unable to schedule network 09da72d2-0d6e-4827-9b11-3170b4a47407: no agents available; will retry on subsequent port and subnet creation events.
2026-04-23 01:25:40.683 10 INFO neutron.wsgi [req-1498ffc5-dbd9-47db-af92-bc2c6456a531 req-15dff4ad-71cd-4467-998b-ced7ef42b510 7f3eff79db4841309811e56bc8e7d489 9587ca99c4244e93ad5ce4af3a749ab2 - - default default] 10.0.0.146 "GET /v2.0/security-groups?id=d14abb9e-f67a-4a0c-82c8-c0873a3a8eea&fields=id&fields=name HTTP/1.1" status: 200 len: 312 time: 0.0533710
2026-04-23 01:25:40.731 9 INFO neutron.services.segments.plugin [-] Segment bde9ebcb-0152-4a3f-b9c0-ea53edef7d85 resource provider aggregate not found
2026-04-23 01:25:40.752 9 INFO neutron.services.segments.plugin [-] Segment bde9ebcb-0152-4a3f-b9c0-ea53edef7d85 resource provider aggregate not found
2026-04-23 01:25:40.756 9 INFO neutron.services.segments.plugin [-] Segment bde9ebcb-0152-4a3f-b9c0-ea53edef7d85 resource provider not found; error: Placement Client Error (4xx): {"errors": [{"status": 404, "title": "Not Found", "detail": "The resource could not be found.\n\n No resource provider with uuid bde9ebcb-0152-4a3f-b9c0-ea53edef7d85 found for delete ", "request_id": "req-9cc4a4b3-c1e9-43cc-aec4-e31fc4514583"}]}
2026-04-23 01:25:40.767 9 INFO neutron.services.segments.plugin [-] Segment bde9ebcb-0152-4a3f-b9c0-ea53edef7d85 resource provider not found; error: Placement Client Error (4xx): {"errors": [{"status": 404, "title": "Not Found", "detail": "The resource could not be found.\n\n No resource provider with uuid bde9ebcb-0152-4a3f-b9c0-ea53edef7d85 found for delete ", "request_id": "req-40ccbbc7-0dcf-40a7-bcd1-e590d9b5f381"}]}
2026-04-23 01:25:40.777 9 INFO neutron.wsgi [None req-a70289be-59f3-4e92-91ac-fbc3a55baa0d d1f98069910b4e009e926e6f132c7e02 5e3a296b8d5541daa3c675e492ed7be5 - - default default] 10.0.0.68 "DELETE /v2.0/networks/006c49a1-16a1-45f5-ba02-7019899f4488 HTTP/1.1" status: 204 len: 168 time: 0.5273671
2026-04-23 01:25:40.790 9 WARNING neutron_lib.context [None req-4ac2f2ab-6792-4f3d-a62c-ab810a18b3ea d1f98069910b4e009e926e6f132c7e02 5e3a296b8d5541daa3c675e492ed7be5 - - default default] Method 'is_advsvc' is deprecated since 2023.2 release (neutron-lib 3.8.0) and will be removed once support for the old RBAC API policies will be removed from Neutron. Please use method 'is_service_role' instead.
2026-04-23 01:25:40.817 10 INFO neutron.wsgi [req-620d24ac-6e34-468e-a0ec-ff641601e951 req-5f9ab78e-678a-4505-a1b1-a55b8d1c71ce 7f3eff79db4841309811e56bc8e7d489 9587ca99c4244e93ad5ce4af3a749ab2 - - default default] 10.0.0.146 "GET /v2.0/ports?device_id=6a72920d-d1a1-4e23-9315-a142362daa77 HTTP/1.1" status: 200 len: 1174 time: 0.0504863
2026-04-23 01:25:40.911 10 INFO neutron.plugins.ml2.drivers.ovn.mech_driver.mech_driver [None req-8d099bd5-3702-4535-9a1e-086901901d26 - - - - - -] OVN reports status up for port: 93351051-2591-4e3f-9f6b-6d4afe72fb6b
2026-04-23 01:25:40.912 9 INFO neutron.db.segments_db [None req-4ac2f2ab-6792-4f3d-a62c-ab810a18b3ea d1f98069910b4e009e926e6f132c7e02 5e3a296b8d5541daa3c675e492ed7be5 - - default default] Added segment 6e2aac0f-239a-4a41-93fa-96b446e9eaf5 of type geneve for network 72d3a498-e0dc-454a-8590-6d50f267beef
2026-04-23 01:25:40.920 10 INFO neutron.wsgi [req-620d24ac-6e34-468e-a0ec-ff641601e951 req-b00afcdf-5b9d-4755-905c-e842a2be7456 7f3eff79db4841309811e56bc8e7d489 9587ca99c4244e93ad5ce4af3a749ab2 - - default default] 10.0.0.146 "GET /v2.0/security-groups?id=d14abb9e-f67a-4a0c-82c8-c0873a3a8eea&fields=id&fields=name HTTP/1.1" status: 200 len: 312 time: 0.0780084
2026-04-23 01:25:40.923 10 INFO neutron.plugins.ml2.plugin [None req-8d099bd5-3702-4535-9a1e-086901901d26 - - - - - -] Attempt 1 to provision port 93351051-2591-4e3f-9f6b-6d4afe72fb6b
2026-04-23 01:25:40.995 10 INFO neutron.db.ovn_revision_numbers_db [None req-41291f4e-2da9-42e9-84ee-46d7961e06f3 - - - - - -] Successfully bumped revision number for resource 9e2a5a9d-bdd3-408c-8a6b-cf99b7d7884a (type: ports) to 4
2026-04-23 01:25:41.128 9 INFO neutron.db.ovn_revision_numbers_db [None req-4ac2f2ab-6792-4f3d-a62c-ab810a18b3ea d1f98069910b4e009e926e6f132c7e02 5e3a296b8d5541daa3c675e492ed7be5 - - default default] Successfully bumped revision number for resource 72d3a498-e0dc-454a-8590-6d50f267beef (type: networks) to 1
2026-04-23 01:25:41.304 10 INFO neutron.wsgi [req-349de4fc-9433-47ad-b25c-c205b6e80e04 req-320c922e-e5eb-4a19-bf0c-a5c7bc10281b 7f3eff79db4841309811e56bc8e7d489 9587ca99c4244e93ad5ce4af3a749ab2 - - default default] 10.0.0.146 "GET /v2.0/ports?device_id=6a72920d-d1a1-4e23-9315-a142362daa77 HTTP/1.1" status: 200 len: 1174 time: 0.0969832
2026-04-23 01:25:41.381 10 INFO neutron.wsgi [req-195ada6f-dddd-4130-84df-100e51e02d55 req-587dd8f3-2045-45a1-849e-f67fc89f15a3 42cf36478136434db3270fcbc5344f56 b9ee4f74b5054b83875cc34b12576d9f - - a7ed30a739404a2197aa32eb983b8e68 a7ed30a739404a2197aa32eb983b8e68] 199.204.45.22 "GET /v2.0/ports?tenant_id=9587ca99c4244e93ad5ce4af3a749ab2&device_id=6a72920d-d1a1-4e23-9315-a142362daa77 HTTP/1.1" status: 200 len: 1413 time: 0.0980480
2026-04-23 01:25:41.431 10 INFO neutron.wsgi [req-349de4fc-9433-47ad-b25c-c205b6e80e04 req-8bf102b5-09e7-4865-9d1f-99b67055e820 7f3eff79db4841309811e56bc8e7d489 9587ca99c4244e93ad5ce4af3a749ab2 - - default default] 10.0.0.146 "GET /v2.0/security-groups?id=d14abb9e-f67a-4a0c-82c8-c0873a3a8eea&fields=id&fields=name HTTP/1.1" status: 200 len: 312 time: 0.1192365
2026-04-23 01:25:41.513 10 INFO neutron.wsgi [req-195ada6f-dddd-4130-84df-100e51e02d55 req-8e05402a-42b9-4c47-b23d-84ae32e01fc1 42cf36478136434db3270fcbc5344f56 b9ee4f74b5054b83875cc34b12576d9f - - a7ed30a739404a2197aa32eb983b8e68 a7ed30a739404a2197aa32eb983b8e68] 199.204.45.22 "GET /v2.0/networks?id=f792fc93-44f6-474a-bad9-73f1b5d87a5f HTTP/1.1" status: 200 len: 974 time: 0.1229362
2026-04-23 01:25:41.543 10 INFO neutron.db.ovn_revision_numbers_db [None req-41291f4e-2da9-42e9-84ee-46d7961e06f3 - - - - - -] Successfully bumped revision number for resource 9e2a5a9d-bdd3-408c-8a6b-cf99b7d7884a (type: router_ports) to 4
2026-04-23 01:25:41.580 9 WARNING neutron.scheduler.dhcp_agent_scheduler [None req-4ac2f2ab-6792-4f3d-a62c-ab810a18b3ea d1f98069910b4e009e926e6f132c7e02 5e3a296b8d5541daa3c675e492ed7be5 - - default default] No more DHCP agents
2026-04-23 01:25:41.584 9 WARNING neutron.api.rpc.agentnotifiers.dhcp_rpc_agent_api [None req-4ac2f2ab-6792-4f3d-a62c-ab810a18b3ea d1f98069910b4e009e926e6f132c7e02 5e3a296b8d5541daa3c675e492ed7be5 - - default default] Unable to schedule network 72d3a498-e0dc-454a-8590-6d50f267beef: no agents available; will retry on subsequent port and subnet creation events.
2026-04-23 01:25:41.615 10 INFO neutron.wsgi [req-195ada6f-dddd-4130-84df-100e51e02d55 req-efb1dc00-a139-49af-8e59-a94a78f3d76f 42cf36478136434db3270fcbc5344f56 b9ee4f74b5054b83875cc34b12576d9f - - a7ed30a739404a2197aa32eb983b8e68 a7ed30a739404a2197aa32eb983b8e68] 199.204.45.22 "GET /v2.0/floatingips?fixed_ip_address=10.100.0.12&port_id=081d5163-5c38-4f63-8e56-5e5b779aa0e6 HTTP/1.1" status: 200 len: 1060 time: 0.0820546
2026-04-23 01:25:41.668 10 INFO neutron.wsgi [req-195ada6f-dddd-4130-84df-100e51e02d55 req-98a6db3e-a74e-4be5-8b43-b32af9f597cd 42cf36478136434db3270fcbc5344f56 b9ee4f74b5054b83875cc34b12576d9f - - a7ed30a739404a2197aa32eb983b8e68 a7ed30a739404a2197aa32eb983b8e68] 199.204.45.22 "GET /v2.0/subnets?id=9ca9c0f6-5704-43ce-bf11-59e025589f48 HTTP/1.1" status: 200 len: 869 time: 0.0441253
2026-04-23 01:25:41.687 10 INFO neutron.db.ovn_revision_numbers_db [None req-8d099bd5-3702-4535-9a1e-086901901d26 - - - - - -] Successfully bumped revision number for resource 93351051-2591-4e3f-9f6b-6d4afe72fb6b (type: ports) to 2
2026-04-23 01:25:41.699 10 INFO neutron.wsgi [req-195ada6f-dddd-4130-84df-100e51e02d55 req-a57ae79f-8c01-4a7a-b6c7-73d01f6996ce 42cf36478136434db3270fcbc5344f56 b9ee4f74b5054b83875cc34b12576d9f - - a7ed30a739404a2197aa32eb983b8e68 a7ed30a739404a2197aa32eb983b8e68] 199.204.45.22 "GET /v2.0/ports?network_id=f792fc93-44f6-474a-bad9-73f1b5d87a5f&device_owner=network%3Adhcp HTTP/1.1" status: 200 len: 210 time: 0.0240536
2026-04-23 01:25:41.704 9 INFO neutron.db.ovn_revision_numbers_db [None req-4ac2f2ab-6792-4f3d-a62c-ab810a18b3ea d1f98069910b4e009e926e6f132c7e02 5e3a296b8d5541daa3c675e492ed7be5 - - default default] Successfully bumped revision number for resource 9cc25ad8-9581-4c47-968b-17a35858fec7 (type: ports) to 1
2026-04-23 01:25:41.708 9 INFO neutron.db.ovn_revision_numbers_db [None req-0d6140f6-992f-4fb3-951d-f7c09573a3ae 0eeba1160bdb41448461231bf3b2aee0 6a4ddc12ff6044efa6a6bd9b595174c8 - - default default] Successfully bumped revision number for resource 93351051-2591-4e3f-9f6b-6d4afe72fb6b (type: router_ports) to 1
2026-04-23 01:25:41.713 9 INFO neutron.wsgi [None req-0d6140f6-992f-4fb3-951d-f7c09573a3ae 0eeba1160bdb41448461231bf3b2aee0 6a4ddc12ff6044efa6a6bd9b595174c8 - - default default] 10.0.0.68 "PUT /v2.0/routers/fbf0ac4b-688e-4f79-8e19-6a9be324d8e9/add_router_interface HTTP/1.1" status: 200 len: 503 time: 3.0128689
2026-04-23 01:25:41.734 9 INFO neutron.wsgi [None req-4ac2f2ab-6792-4f3d-a62c-ab810a18b3ea d1f98069910b4e009e926e6f132c7e02 5e3a296b8d5541daa3c675e492ed7be5 - - default default] 10.0.0.68 "POST /v2.0/networks HTTP/1.1" status: 201 len: 830 time: 0.9479494
2026-04-23 01:25:41.743 9 WARNING neutron_lib.context [None req-0034ed6f-3aea-4ace-8008-635507fbdcba d1f98069910b4e009e926e6f132c7e02 5e3a296b8d5541daa3c675e492ed7be5 - - default default] Method 'is_advsvc' is deprecated since 2023.2 release (neutron-lib 3.8.0) and will be removed once support for the old RBAC API policies will be removed from Neutron. Please use method 'is_service_role' instead.
2026-04-23 01:25:41.994 9 WARNING neutron.scheduler.dhcp_agent_scheduler [None req-0034ed6f-3aea-4ace-8008-635507fbdcba d1f98069910b4e009e926e6f132c7e02 5e3a296b8d5541daa3c675e492ed7be5 - - default default] No more DHCP agents
2026-04-23 01:25:41.997 9 WARNING neutron.api.rpc.agentnotifiers.dhcp_rpc_agent_api [None req-0034ed6f-3aea-4ace-8008-635507fbdcba d1f98069910b4e009e926e6f132c7e02 5e3a296b8d5541daa3c675e492ed7be5 - - default default] Unable to schedule network 72d3a498-e0dc-454a-8590-6d50f267beef: no agents available; will retry on subsequent port and subnet creation events.
2026-04-23 01:25:42.027 10 INFO neutron.wsgi [req-195ada6f-dddd-4130-84df-100e51e02d55 req-72574d93-5a37-4aca-b4b4-82bc437d3b36 42cf36478136434db3270fcbc5344f56 b9ee4f74b5054b83875cc34b12576d9f - - a7ed30a739404a2197aa32eb983b8e68 a7ed30a739404a2197aa32eb983b8e68] 199.204.45.22 "GET /v2.0/networks/f792fc93-44f6-474a-bad9-73f1b5d87a5f?fields=segments HTTP/1.1" status: 200 len: 212 time: 0.3147438
2026-04-23 01:25:42.104 10 INFO neutron.wsgi [req-195ada6f-dddd-4130-84df-100e51e02d55 req-3d2ba3e7-5712-48f1-842b-5c2b0913b2c5 42cf36478136434db3270fcbc5344f56 b9ee4f74b5054b83875cc34b12576d9f - - a7ed30a739404a2197aa32eb983b8e68 a7ed30a739404a2197aa32eb983b8e68] 199.204.45.22 "GET /v2.0/networks/f792fc93-44f6-474a-bad9-73f1b5d87a5f?fields=provider%3Aphysical_network&fields=provider%3Anetwork_type HTTP/1.1" status: 200 len: 277 time: 0.0682616
2026-04-23 01:25:42.111 10 INFO neutron.db.ovn_revision_numbers_db [None req-8d099bd5-3702-4535-9a1e-086901901d26 - - - - - -] Successfully bumped revision number for resource 93351051-2591-4e3f-9f6b-6d4afe72fb6b (type: router_ports) to 2
2026-04-23 01:25:42.481 9 INFO neutron.db.ovn_revision_numbers_db [None req-0034ed6f-3aea-4ace-8008-635507fbdcba d1f98069910b4e009e926e6f132c7e02 5e3a296b8d5541daa3c675e492ed7be5 - - default default] Successfully bumped revision number for resource 9cc25ad8-9581-4c47-968b-17a35858fec7 (type: ports) to 2
2026-04-23 01:25:42.515 9 INFO neutron.db.ovn_revision_numbers_db [None req-0034ed6f-3aea-4ace-8008-635507fbdcba d1f98069910b4e009e926e6f132c7e02 5e3a296b8d5541daa3c675e492ed7be5 - - default default] Successfully bumped revision number for resource f23b9b1f-3ace-480d-b4f6-f24c5299675e (type: subnets) to 0
2026-04-23 01:25:42.532 9 INFO neutron.wsgi [None req-0034ed6f-3aea-4ace-8008-635507fbdcba d1f98069910b4e009e926e6f132c7e02 5e3a296b8d5541daa3c675e492ed7be5 - - default default] 10.0.0.68 "POST /v2.0/subnets HTTP/1.1" status: 201 len: 801 time: 0.7942562
2026-04-23 01:25:42.542 9 WARNING neutron_lib.context [None req-11f7e37c-0d6e-4cde-86d0-b010412fc5dc d1f98069910b4e009e926e6f132c7e02 5e3a296b8d5541daa3c675e492ed7be5 - - default default] Method 'is_advsvc' is deprecated since 2023.2 release (neutron-lib 3.8.0) and will be removed once support for the old RBAC API policies will be removed from Neutron. Please use method 'is_service_role' instead.
2026-04-23 01:25:42.547 10 INFO neutron.wsgi [req-fd663543-96af-43eb-8699-1e0f5cee46bf req-48551a58-b3f0-4e32-8e91-e7b10dda110f 7f3eff79db4841309811e56bc8e7d489 9587ca99c4244e93ad5ce4af3a749ab2 - - default default] 10.0.0.146 "GET /v2.0/ports?device_id=6a72920d-d1a1-4e23-9315-a142362daa77 HTTP/1.1" status: 200 len: 1174 time: 0.0482409
2026-04-23 01:25:42.598 10 INFO neutron.wsgi [req-fd663543-96af-43eb-8699-1e0f5cee46bf req-0f8570f2-92be-40d6-871f-53fa581ab961 7f3eff79db4841309811e56bc8e7d489 9587ca99c4244e93ad5ce4af3a749ab2 - - default default] 10.0.0.146 "GET /v2.0/security-groups?id=d14abb9e-f67a-4a0c-82c8-c0873a3a8eea&fields=id&fields=name HTTP/1.1" status: 200 len: 312 time: 0.0442505
2026-04-23 01:25:42.858 9 WARNING neutron.scheduler.dhcp_agent_scheduler [None req-11f7e37c-0d6e-4cde-86d0-b010412fc5dc d1f98069910b4e009e926e6f132c7e02 5e3a296b8d5541daa3c675e492ed7be5 - - default default] No more DHCP agents
2026-04-23 01:25:42.862 9 WARNING neutron.api.rpc.agentnotifiers.dhcp_rpc_agent_api [None req-11f7e37c-0d6e-4cde-86d0-b010412fc5dc d1f98069910b4e009e926e6f132c7e02 5e3a296b8d5541daa3c675e492ed7be5 - - default default] Unable to schedule network 72d3a498-e0dc-454a-8590-6d50f267beef: no agents available; will retry on subsequent port and subnet creation events.
2026-04-23 01:25:43.053 9 INFO neutron.db.ovn_revision_numbers_db [None req-11f7e37c-0d6e-4cde-86d0-b010412fc5dc d1f98069910b4e009e926e6f132c7e02 5e3a296b8d5541daa3c675e492ed7be5 - - default default] Successfully bumped revision number for resource f5c8e098-a183-4611-a66d-482f67131151 (type: ports) to 1
2026-04-23 01:25:43.082 9 INFO neutron.wsgi [None req-11f7e37c-0d6e-4cde-86d0-b010412fc5dc d1f98069910b4e009e926e6f132c7e02 5e3a296b8d5541daa3c675e492ed7be5 - - default default] 10.0.0.68 "POST /v2.0/ports HTTP/1.1" status: 201 len: 1114 time: 0.5455263
2026-04-23 01:25:43.440 9 INFO neutron.wsgi [None req-1897ed4f-b075-445f-af33-118aff15f4a0 d1f98069910b4e009e926e6f132c7e02 5e3a296b8d5541daa3c675e492ed7be5 - - default default] 10.0.0.68 "DELETE /v2.0/ports/f5c8e098-a183-4611-a66d-482f67131151 HTTP/1.1" status: 204 len: 168 time: 0.3464203
2026-04-23 01:25:43.464 10 INFO neutron.pecan_wsgi.hooks.translation [None req-fe0f9e79-671a-4e48-811f-86b83fb81992 d1f98069910b4e009e926e6f132c7e02 5e3a296b8d5541daa3c675e492ed7be5 - - default default] GET failed (client error): The resource could not be found.
2026-04-23 01:25:43.466 10 INFO neutron.wsgi [None req-fe0f9e79-671a-4e48-811f-86b83fb81992 d1f98069910b4e009e926e6f132c7e02 5e3a296b8d5541daa3c675e492ed7be5 - - default default] 10.0.0.68 "GET /v2.0/ports/f5c8e098-a183-4611-a66d-482f67131151 HTTP/1.1" status: 404 len: 333 time: 0.0195191
2026-04-23 01:25:43.651 10 INFO neutron.wsgi [None req-20272d10-229c-4679-82a6-60c56e9d9781 d1f98069910b4e009e926e6f132c7e02 5e3a296b8d5541daa3c675e492ed7be5 - - default default] 10.0.0.68 "DELETE /v2.0/subnets/f23b9b1f-3ace-480d-b4f6-f24c5299675e HTTP/1.1" status: 204 len: 168 time: 0.1788888
2026-04-23 01:25:43.733 10 INFO neutron.wsgi [req-aa6f7fbc-dcd5-42b1-b4cd-572b87c52c50 req-48fab147-66ac-483d-b10e-e4bc88ac35f2 7f3eff79db4841309811e56bc8e7d489 9587ca99c4244e93ad5ce4af3a749ab2 - - default default] 10.0.0.146 "GET /v2.0/ports?device_id=6a72920d-d1a1-4e23-9315-a142362daa77 HTTP/1.1" status: 200 len: 1174 time: 0.0556467
2026-04-23 01:25:43.790 10 INFO neutron.wsgi [req-aa6f7fbc-dcd5-42b1-b4cd-572b87c52c50 req-13d66ab0-77d1-419f-b2d4-23d39f8bce12 7f3eff79db4841309811e56bc8e7d489 9587ca99c4244e93ad5ce4af3a749ab2 - - default default] 10.0.0.146 "GET /v2.0/security-groups?id=d14abb9e-f67a-4a0c-82c8-c0873a3a8eea&fields=id&fields=name HTTP/1.1" status: 200 len: 312 time: 0.0422935
2026-04-23 01:25:44.101 10 INFO neutron.services.segments.plugin [-] Segment 6e2aac0f-239a-4a41-93fa-96b446e9eaf5 resource provider aggregate not found
2026-04-23 01:25:44.106 10 INFO neutron.services.segments.plugin [-] Segment 6e2aac0f-239a-4a41-93fa-96b446e9eaf5 resource provider aggregate not found
2026-04-23 01:25:44.124 10 INFO neutron.services.segments.plugin [-] Segment 6e2aac0f-239a-4a41-93fa-96b446e9eaf5 resource provider not found; error: Placement Client Error (4xx): {"errors": [{"status": 404, "title": "Not Found", "detail": "The resource could not be found.\n\n No resource provider with uuid 6e2aac0f-239a-4a41-93fa-96b446e9eaf5 found for delete ", "request_id": "req-8359a4b8-5ff1-4ce3-8bf0-f2c73bb3f4da"}]}
2026-04-23 01:25:44.127 10 INFO neutron.services.segments.plugin [-] Segment 6e2aac0f-239a-4a41-93fa-96b446e9eaf5 resource provider not found; error: Placement Client Error (4xx): {"errors": [{"status": 404, "title": "Not Found", "detail": "The resource could not be found.\n\n No resource provider with uuid 6e2aac0f-239a-4a41-93fa-96b446e9eaf5 found for delete ", "request_id": "req-6afac27e-091a-4c80-b14a-7e23d8d742eb"}]}
2026-04-23 01:25:44.151 10 INFO neutron.wsgi [None req-501c9656-d278-4d75-8563-7bc64749a6a8 d1f98069910b4e009e926e6f132c7e02 5e3a296b8d5541daa3c675e492ed7be5 - - default default] 10.0.0.68 "DELETE /v2.0/networks/72d3a498-e0dc-454a-8590-6d50f267beef HTTP/1.1" status: 204 len: 168 time: 0.4911416
2026-04-23 01:25:44.160 9 WARNING neutron_lib.context [None req-8197c9f2-eb0a-4246-b9c5-4603f7d8d8b0 d1f98069910b4e009e926e6f132c7e02 5e3a296b8d5541daa3c675e492ed7be5 - - default default] Method 'is_advsvc' is deprecated since 2023.2 release (neutron-lib 3.8.0) and will be removed once support for the old RBAC API policies will be removed from Neutron. Please use method 'is_service_role' instead.
2026-04-23 01:25:44.163 10 INFO neutron.wsgi [req-2b00654f-a250-4e6d-8751-a8f5d3480b34 req-5d98c642-33fe-4007-adfd-d1f369b7fc69 855b2a096e014d7b89b9d0fac3b95e30 4d13ed50923840a6983c23b858e93c40 - - default default] 10.0.0.146 "GET /v2.0/networks?id=09da72d2-0d6e-4827-9b11-3170b4a47407 HTTP/1.1" status: 200 len: 872 time: 0.0945833
2026-04-23 01:25:44.184 10 INFO neutron.wsgi [req-2b00654f-a250-4e6d-8751-a8f5d3480b34 req-1702701c-c0c8-4181-ba70-16cb88ca5938 855b2a096e014d7b89b9d0fac3b95e30 4d13ed50923840a6983c23b858e93c40 - - default default] 10.0.0.146 "GET /v2.0/quotas/4d13ed50923840a6983c23b858e93c40 HTTP/1.1" status: 200 len: 491 time: 0.0143037
2026-04-23 01:25:44.296 10 INFO neutron.wsgi [req-2b00654f-a250-4e6d-8751-a8f5d3480b34 req-afe5aafc-b125-4ed1-9c0a-fafc023d7dfe 855b2a096e014d7b89b9d0fac3b95e30 4d13ed50923840a6983c23b858e93c40 - - default default] 10.0.0.146 "GET /v2.0/ports?tenant_id=4d13ed50923840a6983c23b858e93c40&fields=id HTTP/1.1" status: 200 len: 302 time: 0.1023188
2026-04-23 01:25:44.362 10 INFO neutron.wsgi [req-2b00654f-a250-4e6d-8751-a8f5d3480b34 req-5303fb6d-7fba-49a1-941d-a53deafd48f3 42cf36478136434db3270fcbc5344f56 b9ee4f74b5054b83875cc34b12576d9f - - a7ed30a739404a2197aa32eb983b8e68 a7ed30a739404a2197aa32eb983b8e68] 10.0.0.146 "GET /v2.0/networks/09da72d2-0d6e-4827-9b11-3170b4a47407?fields=segments HTTP/1.1" status: 200 len: 212 time: 0.0543840
2026-04-23 01:25:44.439 9 WARNING neutron.scheduler.dhcp_agent_scheduler [None req-8197c9f2-eb0a-4246-b9c5-4603f7d8d8b0 d1f98069910b4e009e926e6f132c7e02 5e3a296b8d5541daa3c675e492ed7be5 - - default default] No more DHCP agents
2026-04-23 01:25:44.440 9 WARNING neutron.api.rpc.agentnotifiers.dhcp_rpc_agent_api [None req-8197c9f2-eb0a-4246-b9c5-4603f7d8d8b0 d1f98069910b4e009e926e6f132c7e02 5e3a296b8d5541daa3c675e492ed7be5 - - default default] Unable to schedule network 2f1c5c70-0b7c-436e-895b-fac284e19eb6: no agents available; will retry on subsequent port and subnet creation events.
2026-04-23 01:25:44.464 10 INFO neutron.wsgi [req-2b00654f-a250-4e6d-8751-a8f5d3480b34 req-f97baa43-756a-43ed-a2ae-531099e203ef 42cf36478136434db3270fcbc5344f56 b9ee4f74b5054b83875cc34b12576d9f - - a7ed30a739404a2197aa32eb983b8e68 a7ed30a739404a2197aa32eb983b8e68] 10.0.0.146 "GET /v2.0/networks/09da72d2-0d6e-4827-9b11-3170b4a47407?fields=provider%3Aphysical_network&fields=provider%3Anetwork_type HTTP/1.1" status: 200 len: 277 time: 0.0930099
2026-04-23 01:25:44.533 9 INFO neutron.db.ovn_revision_numbers_db [None req-8197c9f2-eb0a-4246-b9c5-4603f7d8d8b0 d1f98069910b4e009e926e6f132c7e02 5e3a296b8d5541daa3c675e492ed7be5 - - default default] Successfully bumped revision number for resource 385d19d8-9cb5-4e10-8c6a-ec6bed783abe (type: ports) to 1
2026-04-23 01:25:44.554 9 INFO neutron.wsgi [None req-8197c9f2-eb0a-4246-b9c5-4603f7d8d8b0 d1f98069910b4e009e926e6f132c7e02 5e3a296b8d5541daa3c675e492ed7be5 - - default default] 10.0.0.68 "POST /v2.0/ports HTTP/1.1" status: 201 len: 974 time: 0.3979204 /var/lib/openstack/lib/python3.10/site-packages/pycadf/identifier.py:71: UserWarning: Invalid uuid: neutron. To ensure interoperability, identifiers should be a valid uuid. warnings.warn(('Invalid uuid: %s. To ensure interoperability, '
2026-04-23 01:25:44.589 10 INFO neutron.wsgi [req-bc32a070-f81e-4409-8b54-a90f07c35774 req-f5a9a2b0-783e-41a6-ad1a-f7fcc4fd95a9 855b2a096e014d7b89b9d0fac3b95e30 4d13ed50923840a6983c23b858e93c40 - - default default] 10.0.0.146 "GET /v2.0/ports?device_id=8df2f8ae-d793-4306-9ae8-408c7555e838 HTTP/1.1" status: 200 len: 210 time: 0.0212774
2026-04-23 01:25:44.811 9 INFO neutron.plugins.ml2.drivers.ovn.mech_driver.mech_driver [None req-3fc36076-e92a-4a78-9ce5-9190947797b2 - - - - - -] OVN reports status down for port: 385d19d8-9cb5-4e10-8c6a-ec6bed783abe
2026-04-23 01:25:44.867 9 INFO neutron.db.ovn_revision_numbers_db [None req-fe971367-e3d8-4977-a84f-34d0a9192c5f d1f98069910b4e009e926e6f132c7e02 5e3a296b8d5541daa3c675e492ed7be5 - - default default] Successfully bumped revision number for resource 385d19d8-9cb5-4e10-8c6a-ec6bed783abe (type: ports) to 2
2026-04-23 01:25:44.878 9 INFO neutron.wsgi [None req-fe971367-e3d8-4977-a84f-34d0a9192c5f d1f98069910b4e009e926e6f132c7e02 5e3a296b8d5541daa3c675e492ed7be5 - - default default] 10.0.0.68 "PUT /v2.0/ports/385d19d8-9cb5-4e10-8c6a-ec6bed783abe HTTP/1.1" status: 200 len: 946 time: 0.3203039 /var/lib/openstack/lib/python3.10/site-packages/pycadf/identifier.py:71: UserWarning: Invalid uuid: neutron. To ensure interoperability, identifiers should be a valid uuid. warnings.warn(('Invalid uuid: %s. To ensure interoperability, '
2026-04-23 01:25:44.909 10 INFO neutron.wsgi [req-c91d5054-f511-430b-9327-a99735124564 req-0d7d06ac-c05c-42db-87c8-ca79bf6abe7f 7f3eff79db4841309811e56bc8e7d489 9587ca99c4244e93ad5ce4af3a749ab2 - - default default] 10.0.0.146 "GET /v2.0/ports?device_id=6a72920d-d1a1-4e23-9315-a142362daa77 HTTP/1.1" status: 200 len: 1174 time: 0.0476975
2026-04-23 01:25:44.979 10 INFO neutron.wsgi [req-c91d5054-f511-430b-9327-a99735124564 req-a941215b-60a1-4743-8657-fe2c8edbe6ef 7f3eff79db4841309811e56bc8e7d489 9587ca99c4244e93ad5ce4af3a749ab2 - - default default] 10.0.0.146 "GET /v2.0/security-groups?id=d14abb9e-f67a-4a0c-82c8-c0873a3a8eea&fields=id&fields=name HTTP/1.1" status: 200 len: 312 time: 0.0520060
2026-04-23 01:25:45.191 9 INFO neutron.wsgi [None req-87522af5-7bbb-4dc0-810b-bde8b829142e d1f98069910b4e009e926e6f132c7e02 5e3a296b8d5541daa3c675e492ed7be5 - - default default] 10.0.0.68 "DELETE /v2.0/ports/385d19d8-9cb5-4e10-8c6a-ec6bed783abe HTTP/1.1" status: 204 len: 168 time: 0.3075209
2026-04-23 01:25:45.262 9 INFO neutron.wsgi [None req-af7e9642-b6be-4673-bea1-ea45cecf53db d1f98069910b4e009e926e6f132c7e02 5e3a296b8d5541daa3c675e492ed7be5 - - default default] 10.0.0.68 "GET /v2.0/ports HTTP/1.1" status: 200 len: 1729 time: 0.0625072
2026-04-23 01:25:45.282 9 INFO neutron.pecan_wsgi.hooks.translation [None req-17ad3fcc-9921-4a53-962b-1809fa96c051 d1f98069910b4e009e926e6f132c7e02 5e3a296b8d5541daa3c675e492ed7be5 - - default default] GET failed (client error): The resource could not be found.
2026-04-23 01:25:45.283 9 INFO neutron.wsgi [None req-17ad3fcc-9921-4a53-962b-1809fa96c051 d1f98069910b4e009e926e6f132c7e02 5e3a296b8d5541daa3c675e492ed7be5 - - default default] 10.0.0.68 "GET /v2.0/ports/385d19d8-9cb5-4e10-8c6a-ec6bed783abe HTTP/1.1" status: 404 len: 333 time: 0.0173798
2026-04-23 01:25:45.324 9 INFO neutron.wsgi [None req-9cfc8b42-fe3a-4c56-a98b-228044d13398 d1f98069910b4e009e926e6f132c7e02 5e3a296b8d5541daa3c675e492ed7be5 - - default default] 10.0.0.68 "GET /v2.0/ports HTTP/1.1" status: 200 len: 1729 time: 0.0334923
2026-04-23 01:25:45.359 9 INFO neutron.wsgi [None req-5850f264-d3ce-4404-8ada-3c62eac98605 d1f98069910b4e009e926e6f132c7e02 5e3a296b8d5541daa3c675e492ed7be5 - - default default] 10.0.0.68 "GET /v2.0/ports/01daae4b-6bee-4c6d-948f-f480583aa012 HTTP/1.1" status: 200 len: 969 time: 0.0277123
2026-04-23 01:25:45.387 9 INFO neutron.pecan_wsgi.hooks.translation [None req-fea94e81-f129-4873-9352-4632346a6785 d1f98069910b4e009e926e6f132c7e02 5e3a296b8d5541daa3c675e492ed7be5 - - default default] DELETE failed (client error): The resource could not be found.
2026-04-23 01:25:45.391 9 INFO neutron.wsgi [None req-fea94e81-f129-4873-9352-4632346a6785 d1f98069910b4e009e926e6f132c7e02 5e3a296b8d5541daa3c675e492ed7be5 - - default default] 10.0.0.68 "DELETE /v2.0/ports/f5c8e098-a183-4611-a66d-482f67131151 HTTP/1.1" status: 404 len: 333 time: 0.0230491
2026-04-23 01:25:45.420 10 INFO neutron.pecan_wsgi.hooks.translation [None req-bcaffc36-e17a-47b4-850b-cc1b120725fd d1f98069910b4e009e926e6f132c7e02 5e3a296b8d5541daa3c675e492ed7be5 - - default default] DELETE failed (client error): The resource could not be found.
2026-04-23 01:25:45.423 10 INFO neutron.wsgi [None req-bcaffc36-e17a-47b4-850b-cc1b120725fd d1f98069910b4e009e926e6f132c7e02 5e3a296b8d5541daa3c675e492ed7be5 - - default default] 10.0.0.68 "DELETE /v2.0/subnets/f23b9b1f-3ace-480d-b4f6-f24c5299675e HTTP/1.1" status: 404 len: 337 time: 0.0272255
2026-04-23 01:25:45.439 9 INFO neutron.pecan_wsgi.hooks.translation [None req-ee904520-68d6-4c21-8579-839e3064933f d1f98069910b4e009e926e6f132c7e02 5e3a296b8d5541daa3c675e492ed7be5 - - default default] DELETE failed (client error): The resource could not be found.
2026-04-23 01:25:45.442 9 INFO neutron.wsgi [None req-ee904520-68d6-4c21-8579-839e3064933f d1f98069910b4e009e926e6f132c7e02 5e3a296b8d5541daa3c675e492ed7be5 - - default default] 10.0.0.68 "DELETE /v2.0/subnets/7e28dddb-68f7-4cf2-b9a4-3e4a162ef3d7 HTTP/1.1" status: 404 len: 337 time: 0.0153031
2026-04-23 01:25:45.442 10 INFO neutron.wsgi [req-2b00654f-a250-4e6d-8751-a8f5d3480b34 req-24d19ed3-30f3-456f-83b2-d57a37d20844 855b2a096e014d7b89b9d0fac3b95e30 4d13ed50923840a6983c23b858e93c40 - - default default] 199.204.45.22 "GET /v2.0/networks?id=09da72d2-0d6e-4827-9b11-3170b4a47407 HTTP/1.1" status: 200 len: 872 time: 0.1016114
2026-04-23 01:25:45.456 10 WARNING neutron_lib.context [req-2b00654f-a250-4e6d-8751-a8f5d3480b34 req-1cdd5ba7-6813-42b3-99ab-6b7dede8cfae 855b2a096e014d7b89b9d0fac3b95e30 4d13ed50923840a6983c23b858e93c40 - - default default] Method 'is_advsvc' is deprecated since 2023.2 release (neutron-lib 3.8.0) and will be removed once support for the old RBAC API policies will be removed from Neutron. Please use method 'is_service_role' instead.
