2026-04-23 01:27:41.091 9 INFO neutron.wsgi [None req-b7002d75-9a12-461b-a79b-ea34acaddf3a 3cd6204b84c24117a25630434b919925 762442e431944020ac45a964c1e741d6 - - default default] 10.0.0.68 "PUT /v2.0/networks/3a9a1afd-76bd-45ee-8356-31dd84e1f822/tags/green HTTP/1.1" status: 201 len: 201 time: 0.0632493
2026-04-23 01:27:41.131 9 INFO neutron.wsgi [None req-a97a5062-863a-4c30-abeb-263488b5ea9e 3cd6204b84c24117a25630434b919925 762442e431944020ac45a964c1e741d6 - - default default] 10.0.0.68 "GET /v2.0/networks/3a9a1afd-76bd-45ee-8356-31dd84e1f822/tags HTTP/1.1" status: 200 len: 227 time: 0.0366733
2026-04-23 01:27:41.190 9 INFO neutron.wsgi [None req-38e986fd-3239-4dff-8c5b-17fd03269282 3cd6204b84c24117a25630434b919925 762442e431944020ac45a964c1e741d6 - - default default] 10.0.0.68 "PUT /v2.0/networks/3a9a1afd-76bd-45ee-8356-31dd84e1f822/tags/red HTTP/1.1" status: 201 len: 201 time: 0.0551789
2026-04-23 01:27:41.232 9 INFO neutron.wsgi [None req-9d712bc7-3c93-4512-9242-acc0a372a1eb 3cd6204b84c24117a25630434b919925 762442e431944020ac45a964c1e741d6 - - default default] 10.0.0.68 "GET /v2.0/networks/3a9a1afd-76bd-45ee-8356-31dd84e1f822/tags HTTP/1.1" status: 200 len: 227 time: 0.0386815
2026-04-23 01:27:41.297 9 INFO neutron.wsgi [None req-d925c4fe-80b0-42e6-87a5-d5b44e19ba85 3cd6204b84c24117a25630434b919925 762442e431944020ac45a964c1e741d6 - - default default] 10.0.0.68 "PUT /v2.0/networks/3a9a1afd-76bd-45ee-8356-31dd84e1f822/tags/black.or.white HTTP/1.1" status: 201 len: 201 time: 0.0514719
2026-04-23 01:27:41.355 9 INFO neutron.wsgi [None req-9c8af3e7-85e9-4861-a4c1-907b2f0f0c25 3cd6204b84c24117a25630434b919925 762442e431944020ac45a964c1e741d6 - - default default] 10.0.0.68 "GET /v2.0/networks/3a9a1afd-76bd-45ee-8356-31dd84e1f822/tags HTTP/1.1" status: 200 len: 245 time: 0.0524740
2026-04-23 01:27:41.420 9 INFO neutron.wsgi [None req-bb3e4ed4-8e1d-49da-8a8d-1e9aca82f2d5 3cd6204b84c24117a25630434b919925 762442e431944020ac45a964c1e741d6 - - default default] 10.0.0.68 "PUT /v2.0/networks/3a9a1afd-76bd-45ee-8356-31dd84e1f822/tags HTTP/1.1" status: 200 len: 230 time: 0.0604210
2026-04-23 01:27:41.461 9 INFO neutron.wsgi [None req-aa64a67c-6a2f-4d9d-9e0c-70813a4a27b3 3cd6204b84c24117a25630434b919925 762442e431944020ac45a964c1e741d6 - - default default] 10.0.0.68 "GET /v2.0/networks/3a9a1afd-76bd-45ee-8356-31dd84e1f822/tags HTTP/1.1" status: 200 len: 230 time: 0.0365577
2026-04-23 01:27:41.510 9 INFO neutron.wsgi [None req-8a4131d1-f86f-44e8-830b-d48e70cb4db6 3cd6204b84c24117a25630434b919925 762442e431944020ac45a964c1e741d6 - - default default] 10.0.0.68 "GET /v2.0/networks/3a9a1afd-76bd-45ee-8356-31dd84e1f822/tags/red HTTP/1.1" status: 204 len: 168 time: 0.0432920
2026-04-23 01:27:41.552 9 INFO neutron.api.v2.resource [None req-916316f1-a6f9-4c9a-b995-e38211b545ca 3cd6204b84c24117a25630434b919925 762442e431944020ac45a964c1e741d6 - - default default] show failed (client error): The resource could not be found.
2026-04-23 01:27:41.553 9 INFO neutron.wsgi [None req-916316f1-a6f9-4c9a-b995-e38211b545ca 3cd6204b84c24117a25630434b919925 762442e431944020ac45a964c1e741d6 - - default default] 10.0.0.68 "GET /v2.0/networks/3a9a1afd-76bd-45ee-8356-31dd84e1f822/tags/green HTTP/1.1" status: 404 len: 299 time: 0.0405147
2026-04-23 01:27:41.624 9 INFO neutron.wsgi [None req-71f09fd0-f007-43a6-bf1f-f77618d20b85 3cd6204b84c24117a25630434b919925 762442e431944020ac45a964c1e741d6 - - default default] 10.0.0.68 "DELETE /v2.0/networks/3a9a1afd-76bd-45ee-8356-31dd84e1f822/tags/red HTTP/1.1" status: 204 len: 168 time: 0.0645008
2026-04-23 01:27:41.674 9 INFO neutron.wsgi [None req-ca2b8232-7694-4226-b1dd-fabf0a9043d5 3cd6204b84c24117a25630434b919925 762442e431944020ac45a964c1e741d6 - - default default] 10.0.0.68 "GET /v2.0/networks/3a9a1afd-76bd-45ee-8356-31dd84e1f822/tags HTTP/1.1" status: 200 len: 223 time: 0.0454891
2026-04-23 01:27:41.719 9 INFO neutron.api.v2.resource [None req-1cf5af6d-a5ae-486f-aaca-0940f83aa48a 3cd6204b84c24117a25630434b919925 762442e431944020ac45a964c1e741d6 - - default default] delete failed (client error): The resource could not be found.
2026-04-23 01:27:41.720 9 INFO neutron.wsgi [None req-1cf5af6d-a5ae-486f-aaca-0940f83aa48a 3cd6204b84c24117a25630434b919925 762442e431944020ac45a964c1e741d6 - - default default] 10.0.0.68 "DELETE /v2.0/networks/3a9a1afd-76bd-45ee-8356-31dd84e1f822/tags/green HTTP/1.1" status: 404 len: 299 time: 0.0411532
2026-04-23 01:27:41.736 10 INFO neutron.wsgi [None req-ba317667-5ac2-4284-9d21-d76dc4f2182b ea28c166e0ef4454a1f74381989dc275 3a76d2503331415ba44ad3bc9b97a84d - - default default] 10.0.0.179 "GET /v2.0/extensions HTTP/1.1" status: 200 len: 18683 time: 0.0342577
2026-04-23 01:27:41.784 9 INFO neutron.wsgi [None req-75fbff3a-70a8-46d7-80c5-513a4eab10c4 3cd6204b84c24117a25630434b919925 762442e431944020ac45a964c1e741d6 - - default default] 10.0.0.68 "DELETE /v2.0/networks/3a9a1afd-76bd-45ee-8356-31dd84e1f822/tags HTTP/1.1" status: 204 len: 168 time: 0.0576820
2026-04-23 01:27:41.833 10 INFO neutron.wsgi [None req-5c0549f2-6bb2-47de-a7df-491df4730e10 3cd6204b84c24117a25630434b919925 762442e431944020ac45a964c1e741d6 - - default default] 10.0.0.68 "GET /v2.0/networks/3a9a1afd-76bd-45ee-8356-31dd84e1f822/tags HTTP/1.1" status: 200 len: 205 time: 0.0442238
2026-04-23 01:27:41.852 9 INFO neutron.wsgi [None req-36272ed6-fe08-451a-b782-074fe9c6dcb2 ea28c166e0ef4454a1f74381989dc275 3a76d2503331415ba44ad3bc9b97a84d - - default default] 10.0.0.179 "GET /v2.0/quotas/3a76d2503331415ba44ad3bc9b97a84d/details HTTP/1.1" status: 200 len: 1046 time: 0.0983374
2026-04-23 01:27:42.265 10 INFO neutron.services.segments.plugin [-] Segment d30560af-f000-4005-8a6b-b87178e0cabf resource provider aggregate not found
2026-04-23 01:27:42.274 10 INFO neutron.services.segments.plugin [-] Segment d30560af-f000-4005-8a6b-b87178e0cabf resource provider aggregate not found
2026-04-23 01:27:42.289 10 INFO neutron.services.segments.plugin [-] Segment d30560af-f000-4005-8a6b-b87178e0cabf resource provider not found; error: Placement Client Error (4xx): {"errors": [{"status": 404, "title": "Not Found", "detail": "The resource could not be found.\n\n No resource provider with uuid d30560af-f000-4005-8a6b-b87178e0cabf found for delete ", "request_id": "req-134c6810-3837-4616-b89a-0cd23d5f0b1b"}]}
2026-04-23 01:27:42.292 10 INFO neutron.wsgi [None req-2a54bb38-fae4-4ac3-b1d9-9a182edd3647 3cd6204b84c24117a25630434b919925 762442e431944020ac45a964c1e741d6 - - default default] 10.0.0.68 "DELETE /v2.0/networks/3a9a1afd-76bd-45ee-8356-31dd84e1f822 HTTP/1.1" status: 204 len: 168 time: 0.4513471
2026-04-23 01:27:42.295 10 INFO neutron.services.segments.plugin [-] Segment d30560af-f000-4005-8a6b-b87178e0cabf resource provider not found; error: Placement Client Error (4xx): {"errors": [{"status": 404, "title": "Not Found", "detail": "The resource could not be found.\n\n No resource provider with uuid d30560af-f000-4005-8a6b-b87178e0cabf found for delete ", "request_id": "req-25bdb1c3-6574-426c-954b-f8e535f3ef1e"}]}
2026-04-23 01:27:43.188 9 INFO neutron.db.ovn_revision_numbers_db [None req-5243c9a7-958f-47a6-88a2-05ad64e3cae3 0eeba1160bdb41448461231bf3b2aee0 6a4ddc12ff6044efa6a6bd9b595174c8 - - default default] Successfully bumped revision number for resource 0f0c7023-4fc3-4dd1-9fa8-8fb7abd4a1a9 (type: security_groups) to 1
2026-04-23 01:27:43.208 9 INFO neutron.db.ovn_revision_numbers_db [None req-5243c9a7-958f-47a6-88a2-05ad64e3cae3 0eeba1160bdb41448461231bf3b2aee0 6a4ddc12ff6044efa6a6bd9b595174c8 - - default default] Successfully bumped revision number for resource 59a6a230-e996-42da-acc0-c20795aad0b1 (type: security_group_rules) to 0
2026-04-23 01:27:43.222 9 INFO neutron.db.ovn_revision_numbers_db [None req-5243c9a7-958f-47a6-88a2-05ad64e3cae3 0eeba1160bdb41448461231bf3b2aee0 6a4ddc12ff6044efa6a6bd9b595174c8 - - default default] Successfully bumped revision number for resource 702eef9c-b758-4a40-9214-6a24fabe4f24 (type: security_group_rules) to 0
2026-04-23 01:27:43.237 9 INFO neutron.db.ovn_revision_numbers_db [None req-5243c9a7-958f-47a6-88a2-05ad64e3cae3 0eeba1160bdb41448461231bf3b2aee0 6a4ddc12ff6044efa6a6bd9b595174c8 - - default default] Successfully bumped revision number for resource 8fdb98fb-8707-45f6-8e7a-44e7f7da1bab (type: security_group_rules) to 0
2026-04-23 01:27:43.250 9 INFO neutron.db.ovn_revision_numbers_db [None req-5243c9a7-958f-47a6-88a2-05ad64e3cae3 0eeba1160bdb41448461231bf3b2aee0 6a4ddc12ff6044efa6a6bd9b595174c8 - - default default] Successfully bumped revision number for resource e43f4629-8b66-45d3-8f73-2894f289167f (type: security_group_rules) to 0
2026-04-23 01:27:43.276 9 INFO neutron.wsgi [None req-5243c9a7-958f-47a6-88a2-05ad64e3cae3 0eeba1160bdb41448461231bf3b2aee0 6a4ddc12ff6044efa6a6bd9b595174c8 - - default default] 10.0.0.68 "GET /v2.0/security-groups?tenant_id=dceb1bc99b4640279079aef6fc149088&name=default HTTP/1.1" status: 200 len: 3120 time: 0.2985418
2026-04-23 01:27:43.718 9 INFO neutron.wsgi [None req-8183c2a5-c963-42bb-aa9f-d9b0de049573 0eeba1160bdb41448461231bf3b2aee0 6a4ddc12ff6044efa6a6bd9b595174c8 - - default default] 10.0.0.68 "DELETE /v2.0/security-groups/0f0c7023-4fc3-4dd1-9fa8-8fb7abd4a1a9 HTTP/1.1" status: 204 len: 168 time: 0.4346852
2026-04-23 01:27:43.854 10 INFO neutron.wsgi [None req-535bcfd5-7103-43ab-8e5e-da0a5f7a9e78 0eeba1160bdb41448461231bf3b2aee0 6a4ddc12ff6044efa6a6bd9b595174c8 - - default default] 10.0.0.68 "GET /v2.0/security-groups?tenant_id=762442e431944020ac45a964c1e741d6&name=default HTTP/1.1" status: 200 len: 3120 time: 0.0384676
2026-04-23 01:27:44.071 10 INFO neutron.wsgi [None req-14280da7-746d-40a6-9878-7fcb72bdbf9b 0eeba1160bdb41448461231bf3b2aee0 6a4ddc12ff6044efa6a6bd9b595174c8 - - default default] 10.0.0.68 "DELETE /v2.0/security-groups/53dcf113-8b87-4738-90ff-04461f45a62b HTTP/1.1" status: 204 len: 168 time: 0.2118084
2026-04-23 01:27:44.234 10 INFO neutron.wsgi [None req-ee63384c-11e2-42f1-aeca-f8530291fbf0 ea28c166e0ef4454a1f74381989dc275 3a76d2503331415ba44ad3bc9b97a84d - - default default] 10.0.0.179 "GET /v2.0/extensions HTTP/1.1" status: 200 len: 18683 time: 0.0090516
2026-04-23 01:27:44.333 9 INFO neutron.wsgi [None req-0c17f693-f091-42bd-b82a-1179565c6c64 ea28c166e0ef4454a1f74381989dc275 3a76d2503331415ba44ad3bc9b97a84d - - default default] 10.0.0.179 "GET /v2.0/quotas/3a76d2503331415ba44ad3bc9b97a84d/details HTTP/1.1" status: 200 len: 1046 time: 0.0851815
2026-04-23 01:27:47.165 10 INFO neutron.db.ovn_revision_numbers_db [None req-c291fe3f-da81-488e-b51e-14ff4195e0a0 0eeba1160bdb41448461231bf3b2aee0 6a4ddc12ff6044efa6a6bd9b595174c8 - - default default] Successfully bumped revision number for resource d9e826f7-56a4-47e6-8a2c-91778ec3885c (type: security_groups) to 1
2026-04-23 01:27:47.180 10 INFO neutron.db.ovn_revision_numbers_db [None req-c291fe3f-da81-488e-b51e-14ff4195e0a0 0eeba1160bdb41448461231bf3b2aee0 6a4ddc12ff6044efa6a6bd9b595174c8 - - default default] Successfully bumped revision number for resource 8903c2fc-dda3-46bc-98c2-d8948732a5ca (type: security_group_rules) to 0
2026-04-23 01:27:47.187 9 INFO neutron.wsgi [None req-b402688d-06b9-4159-80d0-918aba63e5b8 f215f35956704d819b15e3a626758013 f29e69e19712463a911c37b975ca9194 - - default default] 10.0.0.68 "POST /v2.0/qos/policies HTTP/1.1" status: 201 len: 558 time: 0.0811086
2026-04-23 01:27:47.195 10 INFO neutron.db.ovn_revision_numbers_db [None req-c291fe3f-da81-488e-b51e-14ff4195e0a0 0eeba1160bdb41448461231bf3b2aee0 6a4ddc12ff6044efa6a6bd9b595174c8 - - default default] Successfully bumped revision number for resource 8e47f557-0516-4a93-922d-99e111306d53 (type: security_group_rules) to 0
2026-04-23 01:27:47.208 10 INFO neutron.db.ovn_revision_numbers_db [None req-c291fe3f-da81-488e-b51e-14ff4195e0a0 0eeba1160bdb41448461231bf3b2aee0 6a4ddc12ff6044efa6a6bd9b595174c8 - - default default] Successfully bumped revision number for resource afad7bd4-540b-4548-af16-7d608c6f1239 (type: security_group_rules) to 0
2026-04-23 01:27:47.221 10 INFO neutron.db.ovn_revision_numbers_db [None req-c291fe3f-da81-488e-b51e-14ff4195e0a0 0eeba1160bdb41448461231bf3b2aee0 6a4ddc12ff6044efa6a6bd9b595174c8 - - default default] Successfully bumped revision number for resource b6de80e1-d827-4b9a-a1d5-0e6131fe4d3a (type: security_group_rules) to 0
2026-04-23 01:27:47.222 9 INFO neutron.wsgi [None req-396156a6-3675-4251-b6f0-9ff677d1c7ae f215f35956704d819b15e3a626758013 f29e69e19712463a911c37b975ca9194 - - default default] 10.0.0.68 "PUT /v2.0/policies/e94a12b6-104d-4002-9cb4-afab3e9176eb/tags HTTP/1.1" status: 200 len: 218 time: 0.0301285
2026-04-23 01:27:47.241 10 INFO neutron.wsgi [None req-c291fe3f-da81-488e-b51e-14ff4195e0a0 0eeba1160bdb41448461231bf3b2aee0 6a4ddc12ff6044efa6a6bd9b595174c8 - - default default] 10.0.0.68 "GET /v2.0/security-groups?tenant_id=3a76d2503331415ba44ad3bc9b97a84d&name=default HTTP/1.1" status: 200 len: 3120 time: 0.3340154
2026-04-23 01:27:47.244 9 INFO neutron.wsgi [None req-ac82472e-b8c9-4e13-aaeb-9cb30643e040 f215f35956704d819b15e3a626758013 f29e69e19712463a911c37b975ca9194 - - default default] 10.0.0.68 "GET /v2.0/policies/e94a12b6-104d-4002-9cb4-afab3e9176eb/tags HTTP/1.1" status: 200 len: 218 time: 0.0173945
2026-04-23 01:27:47.278 10 INFO neutron.wsgi [None req-06129961-9787-4acf-8fca-06cf3d0429af f215f35956704d819b15e3a626758013 f29e69e19712463a911c37b975ca9194 - - default default] 10.0.0.68 "PUT /v2.0/policies/e94a12b6-104d-4002-9cb4-afab3e9176eb/tags/green HTTP/1.1" status: 201 len: 201 time: 0.0290110
2026-04-23 01:27:47.301 10 INFO neutron.wsgi [None req-4da26bb0-e685-4525-b35c-6b6c7bc7c818 f215f35956704d819b15e3a626758013 f29e69e19712463a911c37b975ca9194 - - default default] 10.0.0.68 "GET /v2.0/policies/e94a12b6-104d-4002-9cb4-afab3e9176eb/tags HTTP/1.1" status: 200 len: 227 time: 0.0173736
2026-04-23 01:27:47.323 10 INFO neutron.wsgi [None req-1865e5e8-9bf8-41c8-a218-4239e1cb40ce f215f35956704d819b15e3a626758013 f29e69e19712463a911c37b975ca9194 - - default default] 10.0.0.68 "PUT /v2.0/policies/e94a12b6-104d-4002-9cb4-afab3e9176eb/tags/red HTTP/1.1" status: 201 len: 201 time: 0.0176530
2026-04-23 01:27:47.344 10 INFO neutron.wsgi [None req-b971ad8d-bed4-4265-9f74-e82931bc33b3 f215f35956704d819b15e3a626758013 f29e69e19712463a911c37b975ca9194 - - default default] 10.0.0.68 "GET /v2.0/policies/e94a12b6-104d-4002-9cb4-afab3e9176eb/tags HTTP/1.1" status: 200 len: 227 time: 0.0158136
2026-04-23 01:27:47.382 10 INFO neutron.wsgi [None req-d536a957-8e4c-40bb-a220-003951414c88 f215f35956704d819b15e3a626758013 f29e69e19712463a911c37b975ca9194 - - default default] 10.0.0.68 "PUT /v2.0/policies/e94a12b6-104d-4002-9cb4-afab3e9176eb/tags/black.or.white HTTP/1.1" status: 201 len: 201 time: 0.0336046
2026-04-23 01:27:47.404 10 INFO neutron.wsgi [None req-b5d93005-c5e8-4b5e-8be0-cfd237866cfe f215f35956704d819b15e3a626758013 f29e69e19712463a911c37b975ca9194 - - default default] 10.0.0.68 "GET /v2.0/policies/e94a12b6-104d-4002-9cb4-afab3e9176eb/tags HTTP/1.1" status: 200 len: 245 time: 0.0159891
2026-04-23 01:27:47.443 10 INFO neutron.wsgi [None req-2f2b1842-f164-473c-8124-b522646b3668 f215f35956704d819b15e3a626758013 f29e69e19712463a911c37b975ca9194 - - default default] 10.0.0.68 "PUT /v2.0/policies/e94a12b6-104d-4002-9cb4-afab3e9176eb/tags HTTP/1.1" status: 200 len: 230 time: 0.0338888
2026-04-23 01:27:47.466 9 INFO neutron.wsgi [-] 10.0.0.100 "GET / HTTP/1.1" status: 200 len: 246 time: 0.0015066
2026-04-23 01:27:47.468 9 INFO neutron.wsgi [-] 10.0.0.100 "GET / HTTP/1.1" status: 200 len: 246 time: 0.0009089
2026-04-23 01:27:47.470 10 INFO neutron.wsgi [None req-c263e01c-98d4-4491-be05-70cc4905a84d f215f35956704d819b15e3a626758013 f29e69e19712463a911c37b975ca9194 - - default default] 10.0.0.68 "GET /v2.0/policies/e94a12b6-104d-4002-9cb4-afab3e9176eb/tags HTTP/1.1" status: 200 len: 230 time: 0.0225704
2026-04-23 01:27:47.484 9 INFO neutron.wsgi [None req-e051588a-dc0f-4350-815e-6c9e2b9a0b03 0eeba1160bdb41448461231bf3b2aee0 6a4ddc12ff6044efa6a6bd9b595174c8 - - default default] 10.0.0.68 "DELETE /v2.0/security-groups/d9e826f7-56a4-47e6-8a2c-91778ec3885c HTTP/1.1" status: 204 len: 168 time: 0.2378371
2026-04-23 01:27:47.496 9 INFO neutron.wsgi [None req-e5e34376-6f8d-4aae-905c-fcecad700529 f215f35956704d819b15e3a626758013 f29e69e19712463a911c37b975ca9194 - - default default] 10.0.0.68 "GET /v2.0/policies/e94a12b6-104d-4002-9cb4-afab3e9176eb/tags/red HTTP/1.1" status: 204 len: 168 time: 0.0202143
2026-04-23 01:27:47.514 9 INFO neutron.api.v2.resource [None req-7902db6a-c278-4b27-9c04-a7c8521aab16 f215f35956704d819b15e3a626758013 f29e69e19712463a911c37b975ca9194 - - default default] show failed (client error): The resource could not be found.
2026-04-23 01:27:47.516 9 INFO neutron.wsgi [None req-7902db6a-c278-4b27-9c04-a7c8521aab16 f215f35956704d819b15e3a626758013 f29e69e19712463a911c37b975ca9194 - - default default] 10.0.0.68 "GET /v2.0/policies/e94a12b6-104d-4002-9cb4-afab3e9176eb/tags/green HTTP/1.1" status: 404 len: 299 time: 0.0150754
2026-04-23 01:27:47.550 9 INFO neutron.wsgi [None req-8ceb87ec-06da-4f12-95e8-58f021820965 f215f35956704d819b15e3a626758013 f29e69e19712463a911c37b975ca9194 - - default default] 10.0.0.68 "DELETE /v2.0/policies/e94a12b6-104d-4002-9cb4-afab3e9176eb/tags/red HTTP/1.1" status: 204 len: 168 time: 0.0277100
2026-04-23 01:27:47.571 9 INFO neutron.wsgi [None req-843663b9-143b-42c0-8fdf-726ca9d6f5b4 f215f35956704d819b15e3a626758013 f29e69e19712463a911c37b975ca9194 - - default default] 10.0.0.68 "GET /v2.0/policies/e94a12b6-104d-4002-9cb4-afab3e9176eb/tags HTTP/1.1" status: 200 len: 223 time: 0.0158014
2026-04-23 01:27:47.599 10 INFO neutron.api.v2.resource [None req-73fe2107-7a08-4f4d-89c5-39d201768d88 f215f35956704d819b15e3a626758013 f29e69e19712463a911c37b975ca9194 - - default default] delete failed (client error): The resource could not be found.
2026-04-23 01:27:47.601 10 INFO neutron.wsgi [None req-73fe2107-7a08-4f4d-89c5-39d201768d88 f215f35956704d819b15e3a626758013 f29e69e19712463a911c37b975ca9194 - - default default] 10.0.0.68 "DELETE /v2.0/policies/e94a12b6-104d-4002-9cb4-afab3e9176eb/tags/green HTTP/1.1" status: 404 len: 299 time: 0.0251806
2026-04-23 01:27:47.636 10 INFO neutron.wsgi [None req-f4ee2a1c-585d-462b-b6a8-8167ef7278fc f215f35956704d819b15e3a626758013 f29e69e19712463a911c37b975ca9194 - - default default] 10.0.0.68 "DELETE /v2.0/policies/e94a12b6-104d-4002-9cb4-afab3e9176eb/tags HTTP/1.1" status: 204 len: 168 time: 0.0309608
2026-04-23 01:27:47.657 10 INFO neutron.wsgi [None req-d36ac59f-60be-45a0-af94-dcd4c52a0181 f215f35956704d819b15e3a626758013 f29e69e19712463a911c37b975ca9194 - - default default] 10.0.0.68 "GET /v2.0/policies/e94a12b6-104d-4002-9cb4-afab3e9176eb/tags HTTP/1.1" status: 200 len: 205 time: 0.0160215
2026-04-23 01:27:47.712 10 INFO neutron.wsgi [None req-90ea1aa4-3a84-487b-bfb9-5c4ff43f2042 f215f35956704d819b15e3a626758013 f29e69e19712463a911c37b975ca9194 - - default default] 10.0.0.68 "DELETE /v2.0/qos/policies/e94a12b6-104d-4002-9cb4-afab3e9176eb HTTP/1.1" status: 204 len: 168 time: 0.0500383
2026-04-23 01:27:48.651 9 INFO neutron.db.ovn_revision_numbers_db [None req-b1ae4652-a3ef-4e8c-b343-13ed2f4d2bab 0eeba1160bdb41448461231bf3b2aee0 6a4ddc12ff6044efa6a6bd9b595174c8 - - default default] Successfully bumped revision number for resource aa1ce285-8612-43f1-b563-8152da2c41ef (type: security_groups) to 1
2026-04-23 01:27:48.665 9 INFO neutron.db.ovn_revision_numbers_db [None req-b1ae4652-a3ef-4e8c-b343-13ed2f4d2bab 0eeba1160bdb41448461231bf3b2aee0 6a4ddc12ff6044efa6a6bd9b595174c8 - - default default] Successfully bumped revision number for resource 00cf5f5f-1006-457d-b35f-2bd720da2d3e (type: security_group_rules) to 0
2026-04-23 01:27:48.690 9 INFO neutron.db.ovn_revision_numbers_db [None req-b1ae4652-a3ef-4e8c-b343-13ed2f4d2bab 0eeba1160bdb41448461231bf3b2aee0 6a4ddc12ff6044efa6a6bd9b595174c8 - - default default] Successfully bumped revision number for resource 5ca51e24-ec45-4c59-b25b-632b8c5fe10c (type: security_group_rules) to 0
2026-04-23 01:27:48.712 9 INFO neutron.db.ovn_revision_numbers_db [None req-b1ae4652-a3ef-4e8c-b343-13ed2f4d2bab 0eeba1160bdb41448461231bf3b2aee0 6a4ddc12ff6044efa6a6bd9b595174c8 - - default default] Successfully bumped revision number for resource 618c6721-73d5-4a63-af5e-c9c50792f87f (type: security_group_rules) to 0
2026-04-23 01:27:48.729 9 INFO neutron.db.ovn_revision_numbers_db [None req-b1ae4652-a3ef-4e8c-b343-13ed2f4d2bab 0eeba1160bdb41448461231bf3b2aee0 6a4ddc12ff6044efa6a6bd9b595174c8 - - default default] Successfully bumped revision number for resource ff3523e0-3121-4436-8166-938bc7eb453a (type: security_group_rules) to 0
2026-04-23 01:27:48.757 9 INFO neutron.wsgi [None req-b1ae4652-a3ef-4e8c-b343-13ed2f4d2bab 0eeba1160bdb41448461231bf3b2aee0 6a4ddc12ff6044efa6a6bd9b595174c8 - - default default] 10.0.0.68 "GET /v2.0/security-groups?tenant_id=4da036529aad4b4bb2803e7cb78fed71&name=default HTTP/1.1" status: 200 len: 3120 time: 0.3907218
2026-04-23 01:27:49.000 10 INFO neutron.wsgi [None req-74660ec4-9263-4e8f-9b1c-023c8417aade 0eeba1160bdb41448461231bf3b2aee0 6a4ddc12ff6044efa6a6bd9b595174c8 - - default default] 10.0.0.68 "DELETE /v2.0/security-groups/aa1ce285-8612-43f1-b563-8152da2c41ef HTTP/1.1" status: 204 len: 168 time: 0.2389789
2026-04-23 01:27:49.299 10 INFO neutron.db.ovn_revision_numbers_db [None req-bde9c4fd-26b6-4518-aacd-d111dc67df00 0eeba1160bdb41448461231bf3b2aee0 6a4ddc12ff6044efa6a6bd9b595174c8 - - default default] Successfully bumped revision number for resource 7178d631-e827-40d4-bd16-ddf7c35d5313 (type: security_groups) to 1
2026-04-23 01:27:49.314 10 INFO neutron.db.ovn_revision_numbers_db [None req-bde9c4fd-26b6-4518-aacd-d111dc67df00 0eeba1160bdb41448461231bf3b2aee0 6a4ddc12ff6044efa6a6bd9b595174c8 - - default default] Successfully bumped revision number for resource 3685d665-d01d-4168-8ff8-42038e269e0a (type: security_group_rules) to 0
2026-04-23 01:27:49.328 10 INFO neutron.db.ovn_revision_numbers_db [None req-bde9c4fd-26b6-4518-aacd-d111dc67df00 0eeba1160bdb41448461231bf3b2aee0 6a4ddc12ff6044efa6a6bd9b595174c8 - - default default] Successfully bumped revision number for resource 54b8931c-584d-4655-a61d-df43c975b0d8 (type: security_group_rules) to 0
2026-04-23 01:27:49.342 10 INFO neutron.db.ovn_revision_numbers_db [None req-bde9c4fd-26b6-4518-aacd-d111dc67df00 0eeba1160bdb41448461231bf3b2aee0 6a4ddc12ff6044efa6a6bd9b595174c8 - - default default] Successfully bumped revision number for resource bb248f02-56aa-4c2a-87de-04ce2f4fc247 (type: security_group_rules) to 0
2026-04-23 01:27:49.358 10 INFO neutron.db.ovn_revision_numbers_db [None req-bde9c4fd-26b6-4518-aacd-d111dc67df00 0eeba1160bdb41448461231bf3b2aee0 6a4ddc12ff6044efa6a6bd9b595174c8 - - default default] Successfully bumped revision number for resource c1cb27f0-42d4-43d7-a926-5791502d298c (type: security_group_rules) to 0
2026-04-23 01:27:49.380 10 INFO neutron.wsgi [None req-bde9c4fd-26b6-4518-aacd-d111dc67df00 0eeba1160bdb41448461231bf3b2aee0 6a4ddc12ff6044efa6a6bd9b595174c8 - - default default] 10.0.0.68 "GET /v2.0/security-groups?tenant_id=f29e69e19712463a911c37b975ca9194&name=default HTTP/1.1" status: 200 len: 3120 time: 0.2189701
2026-04-23 01:27:49.605 9 INFO neutron.wsgi [None req-93d1486f-127f-49a5-ab34-bd8dce617beb 0eeba1160bdb41448461231bf3b2aee0 6a4ddc12ff6044efa6a6bd9b595174c8 - - default default] 10.0.0.68 "DELETE /v2.0/security-groups/7178d631-e827-40d4-bd16-ddf7c35d5313 HTTP/1.1" status: 204 len: 168 time: 0.2191069
2026-04-23 01:27:51.834 10 WARNING neutron_lib.context [None req-d9bad20d-7c4b-4be8-84ed-10cf435dc5bf 8338e6adb4904b158814f4885be0ea0e 7d2e7f99e6434890a3d2e8408b1c4651 - - default default] Method 'is_advsvc' is deprecated since 2023.2 release (neutron-lib 3.8.0) and will be removed once support for the old RBAC API policies will be removed from Neutron. Please use method 'is_service_role' instead.
2026-04-23 01:27:51.963 10 INFO neutron.db.ovn_revision_numbers_db [None req-d9bad20d-7c4b-4be8-84ed-10cf435dc5bf 8338e6adb4904b158814f4885be0ea0e 7d2e7f99e6434890a3d2e8408b1c4651 - - default default] Successfully bumped revision number for resource 3b7cdea7-a185-464a-8c61-7fc949797665 (type: routers) to 1
2026-04-23 01:27:51.982 10 INFO neutron.wsgi [None req-d9bad20d-7c4b-4be8-84ed-10cf435dc5bf 8338e6adb4904b158814f4885be0ea0e 7d2e7f99e6434890a3d2e8408b1c4651 - - default default] 10.0.0.68 "POST /v2.0/routers HTTP/1.1" status: 201 len: 769 time: 0.2833958
2026-04-23 01:27:51.992 10 WARNING neutron_lib.context [None req-0bfbba7c-2079-4d63-a09d-e5a3358db744 8338e6adb4904b158814f4885be0ea0e 7d2e7f99e6434890a3d2e8408b1c4651 - - default default] Method 'is_advsvc' is deprecated since 2023.2 release (neutron-lib 3.8.0) and will be removed once support for the old RBAC API policies will be removed from Neutron. Please use method 'is_service_role' instead.
2026-04-23 01:27:52.119 10 INFO neutron.db.ovn_revision_numbers_db [None req-0bfbba7c-2079-4d63-a09d-e5a3358db744 8338e6adb4904b158814f4885be0ea0e 7d2e7f99e6434890a3d2e8408b1c4651 - - default default] Successfully bumped revision number for resource 67e2f433-6423-4eb0-abad-138e28021ad5 (type: routers) to 1
2026-04-23 01:27:52.133 10 INFO neutron.wsgi [None req-0bfbba7c-2079-4d63-a09d-e5a3358db744 8338e6adb4904b158814f4885be0ea0e 7d2e7f99e6434890a3d2e8408b1c4651 - - default default] 10.0.0.68 "POST /v2.0/routers HTTP/1.1" status: 201 len: 769 time: 0.1468377
2026-04-23 01:27:52.143 10 WARNING neutron_lib.context [None req-60d559bb-48b7-441c-98f8-e0953d57acb1 8338e6adb4904b158814f4885be0ea0e 7d2e7f99e6434890a3d2e8408b1c4651 - - default default] Method 'is_advsvc' is deprecated since 2023.2 release (neutron-lib 3.8.0) and will be removed once support for the old RBAC API policies will be removed from Neutron. Please use method 'is_service_role' instead.
2026-04-23 01:27:52.255 10 INFO neutron.db.ovn_revision_numbers_db [None req-60d559bb-48b7-441c-98f8-e0953d57acb1 8338e6adb4904b158814f4885be0ea0e 7d2e7f99e6434890a3d2e8408b1c4651 - - default default] Successfully bumped revision number for resource bec2026d-ce62-4579-a11d-07bc9e7d7857 (type: routers) to 1
2026-04-23 01:27:52.274 10 INFO neutron.wsgi [None req-60d559bb-48b7-441c-98f8-e0953d57acb1 8338e6adb4904b158814f4885be0ea0e 7d2e7f99e6434890a3d2e8408b1c4651 - - default default] 10.0.0.68 "POST /v2.0/routers HTTP/1.1" status: 201 len: 769 time: 0.1356120
2026-04-23 01:27:52.283 10 WARNING neutron_lib.context [None req-6e4572fc-decd-4143-8229-1bf7f886ebb0 8338e6adb4904b158814f4885be0ea0e 7d2e7f99e6434890a3d2e8408b1c4651 - - default default] Method 'is_advsvc' is deprecated since 2023.2 release (neutron-lib 3.8.0) and will be removed once support for the old RBAC API policies will be removed from Neutron. Please use method 'is_service_role' instead.
2026-04-23 01:27:52.399 10 INFO neutron.db.ovn_revision_numbers_db [None req-6e4572fc-decd-4143-8229-1bf7f886ebb0 8338e6adb4904b158814f4885be0ea0e 7d2e7f99e6434890a3d2e8408b1c4651 - - default default] Successfully bumped revision number for resource 58de52cf-61d0-43a7-bea4-d7ec4cbe3386 (type: routers) to 1
2026-04-23 01:27:52.417 10 INFO neutron.wsgi [None req-6e4572fc-decd-4143-8229-1bf7f886ebb0 8338e6adb4904b158814f4885be0ea0e 7d2e7f99e6434890a3d2e8408b1c4651 - - default default] 10.0.0.68 "POST /v2.0/routers HTTP/1.1" status: 201 len: 769 time: 0.1386013
2026-04-23 01:27:52.427 10 WARNING neutron_lib.context [None req-611fa723-5058-436c-b146-7e56a6258c4c 8338e6adb4904b158814f4885be0ea0e 7d2e7f99e6434890a3d2e8408b1c4651 - - default default] Method 'is_advsvc' is deprecated since 2023.2 release (neutron-lib 3.8.0) and will be removed once support for the old RBAC API policies will be removed from Neutron. Please use method 'is_service_role' instead.
2026-04-23 01:27:52.563 10 INFO neutron.db.ovn_revision_numbers_db [None req-611fa723-5058-436c-b146-7e56a6258c4c 8338e6adb4904b158814f4885be0ea0e 7d2e7f99e6434890a3d2e8408b1c4651 - - default default] Successfully bumped revision number for resource e0e4a600-8590-4635-8b12-2e41abb8930a (type: routers) to 1
2026-04-23 01:27:52.578 10 INFO neutron.wsgi [None req-611fa723-5058-436c-b146-7e56a6258c4c 8338e6adb4904b158814f4885be0ea0e 7d2e7f99e6434890a3d2e8408b1c4651 - - default default] 10.0.0.68 "POST /v2.0/routers HTTP/1.1" status: 201 len: 769 time: 0.1554241
2026-04-23 01:27:52.689 10 INFO neutron.wsgi [None req-170117eb-8b81-4d9c-a8d1-0e594eccf67f 8338e6adb4904b158814f4885be0ea0e 7d2e7f99e6434890a3d2e8408b1c4651 - - default default] 10.0.0.68 "PUT /v2.0/routers/3b7cdea7-a185-464a-8c61-7fc949797665/tags HTTP/1.1" status: 200 len: 210 time: 0.1044037
2026-04-23 01:27:52.758 10 INFO neutron.wsgi [req-704c470f-f24e-4b4f-9218-03e01cf73cc4 req-4cb47d84-4bfc-4c6d-974e-3784157e39d7 ee220b7581044d1eb0705f43789d751f cd1c1c395a994abfb877c34e94f2d83b - - default default] 10.0.0.146 "GET /v2.0/ports?device_id=fd63c787-f04f-4f6c-8d86-6b8b3f513e59 HTTP/1.1" status: 200 len: 1214 time: 0.1668577
2026-04-23 01:27:52.788 10 INFO neutron.wsgi [None req-7c02d7bf-0aeb-41af-922b-fc0d1e60e04b 8338e6adb4904b158814f4885be0ea0e 7d2e7f99e6434890a3d2e8408b1c4651 - - default default] 10.0.0.68 "PUT /v2.0/routers/67e2f433-6423-4eb0-abad-138e28021ad5/tags HTTP/1.1" status: 200 len: 218 time: 0.0944924
2026-04-23 01:27:52.815 10 INFO neutron.wsgi [req-704c470f-f24e-4b4f-9218-03e01cf73cc4 req-5559a311-7353-4d24-9e1b-5b369b8f707b ee220b7581044d1eb0705f43789d751f cd1c1c395a994abfb877c34e94f2d83b - - default default] 10.0.0.146 "GET /v2.0/security-groups?id=c48b944b-404f-4150-9aea-8e266d13f628&id=0ad7d439-5a80-442b-b88f-ffcd7862d424&fields=id&fields=name HTTP/1.1" status: 200 len: 406 time: 0.0501332
2026-04-23 01:27:52.832 9 WARNING neutron_lib.context [None req-3ea9cdd4-cad7-469d-8016-80fa2f23d1f5 8963401e92e845ad9815dedca761ed82 8f1a23f8a0e84f45a59937c7499ead71 - - default default] Method 'is_advsvc' is deprecated since 2023.2 release (neutron-lib 3.8.0) and will be removed once support for the old RBAC API policies will be removed from Neutron. Please use method 'is_service_role' instead.
2026-04-23 01:27:52.866 9 INFO neutron.wsgi [None req-0ed9be9d-f4ea-4d0b-bfff-0e1533f479f9 8338e6adb4904b158814f4885be0ea0e 7d2e7f99e6434890a3d2e8408b1c4651 - - default default] 10.0.0.68 "PUT /v2.0/routers/bec2026d-ce62-4579-a11d-07bc9e7d7857/tags HTTP/1.1" status: 200 len: 227 time: 0.0728118
2026-04-23 01:27:52.929 9 INFO neutron.wsgi [None req-3ea9cdd4-cad7-469d-8016-80fa2f23d1f5 8963401e92e845ad9815dedca761ed82 8f1a23f8a0e84f45a59937c7499ead71 - - default default] 10.0.0.68 "POST /v2.0/subnetpools HTTP/1.1" status: 201 len: 715 time: 0.2725019
2026-04-23 01:27:52.941 9 INFO neutron.wsgi [None req-40d2ad3e-dfaa-42ae-a515-6d23b60a39d2 8338e6adb4904b158814f4885be0ea0e 7d2e7f99e6434890a3d2e8408b1c4651 - - default default] 10.0.0.68 "PUT /v2.0/routers/58de52cf-61d0-43a7-bea4-d7ec4cbe3386/tags HTTP/1.1" status: 200 len: 212 time: 0.0657938
2026-04-23 01:27:52.991 10 INFO neutron.wsgi [None req-07b28bfb-ca4e-45b5-a4dd-1aebca49928c 2cc2ba7bc39940f5b36a65c4f96fee72 d5e59c6dd857473a9bec44d60f47bd86 - - default default] 10.0.0.68 "GET /v2.0/ports?device_id=fd63c787-f04f-4f6c-8d86-6b8b3f513e59 HTTP/1.1" status: 200 len: 1447 time: 0.1485898
2026-04-23 01:27:53.029 9 INFO neutron.wsgi [None req-dbae3e59-1406-4207-9590-4b82d7c6c64c 8338e6adb4904b158814f4885be0ea0e 7d2e7f99e6434890a3d2e8408b1c4651 - - default default] 10.0.0.68 "GET /v2.0/routers?tags=red HTTP/1.1" status: 200 len: 1946 time: 0.0790787
2026-04-23 01:27:53.032 9 INFO neutron.wsgi [None req-0b179ea8-e225-4923-8ecc-a69bfc320852 8963401e92e845ad9815dedca761ed82 8f1a23f8a0e84f45a59937c7499ead71 - - default default] 10.0.0.68 "PUT /v2.0/subnetpools/289ff0f3-ba1d-4100-85c2-731d9ffc63ea/tags HTTP/1.1" status: 200 len: 218 time: 0.0976241
2026-04-23 01:27:53.063 9 INFO neutron.wsgi [None req-b2a9e5cc-aa69-4137-89b4-c9c0d01efb15 8963401e92e845ad9815dedca761ed82 8f1a23f8a0e84f45a59937c7499ead71 - - default default] 10.0.0.68 "GET /v2.0/subnetpools/289ff0f3-ba1d-4100-85c2-731d9ffc63ea/tags HTTP/1.1" status: 200 len: 218 time: 0.0255599
2026-04-23 01:27:53.103 9 INFO neutron.wsgi [None req-60b98d14-1bf7-41a4-aa4d-9dc1dbbe8957 8963401e92e845ad9815dedca761ed82 8f1a23f8a0e84f45a59937c7499ead71 - - default default] 10.0.0.68 "PUT /v2.0/subnetpools/289ff0f3-ba1d-4100-85c2-731d9ffc63ea/tags/green HTTP/1.1" status: 201 len: 201 time: 0.0341401
2026-04-23 01:27:53.135 9 INFO neutron.wsgi [None req-b4148a97-c58e-49ff-a4ca-aea36e769655 8963401e92e845ad9815dedca761ed82 8f1a23f8a0e84f45a59937c7499ead71 - - default default] 10.0.0.68 "GET /v2.0/subnetpools/289ff0f3-ba1d-4100-85c2-731d9ffc63ea/tags HTTP/1.1" status: 200 len: 227 time: 0.0270059
2026-04-23 01:27:53.163 9 INFO neutron.wsgi [None req-5a379a14-b043-4e1a-9254-f4331a001df4 8963401e92e845ad9815dedca761ed82 8f1a23f8a0e84f45a59937c7499ead71 - - default default] 10.0.0.68 "PUT /v2.0/subnetpools/289ff0f3-ba1d-4100-85c2-731d9ffc63ea/tags/red HTTP/1.1" status: 201 len: 201 time: 0.0237849
2026-04-23 01:27:53.190 9 INFO neutron.wsgi [None req-97ef1aad-6949-40ee-93ec-e329260f870d 8963401e92e845ad9815dedca761ed82 8f1a23f8a0e84f45a59937c7499ead71 - - default default] 10.0.0.68 "GET /v2.0/subnetpools/289ff0f3-ba1d-4100-85c2-731d9ffc63ea/tags HTTP/1.1" status: 200 len: 227 time: 0.0227077
2026-04-23 01:27:53.234 9 INFO neutron.wsgi [None req-5e16e872-d307-4c83-969c-e7ee3af45a9c 8963401e92e845ad9815dedca761ed82 8f1a23f8a0e84f45a59937c7499ead71 - - default default] 10.0.0.68 "PUT /v2.0/subnetpools/289ff0f3-ba1d-4100-85c2-731d9ffc63ea/tags/black.or.white HTTP/1.1" status: 201 len: 201 time: 0.0381365
2026-04-23 01:27:53.267 9 INFO neutron.wsgi [None req-9517c06e-29d8-4ff2-bb16-eb9f5d1c759d 8963401e92e845ad9815dedca761ed82 8f1a23f8a0e84f45a59937c7499ead71 - - default default] 10.0.0.68 "GET /v2.0/subnetpools/289ff0f3-ba1d-4100-85c2-731d9ffc63ea/tags HTTP/1.1" status: 200 len: 245 time: 0.0255268
2026-04-23 01:27:53.294 10 INFO neutron.wsgi [None req-12adcd83-ec19-4660-bf52-257383ed53ee ee220b7581044d1eb0705f43789d751f cd1c1c395a994abfb877c34e94f2d83b - - default default] 10.0.0.68 "GET /v2.0/floatingips?floating_network_id=972385ad-3565-4712-abbc-3ddb5cba818d&port_id=6aaabd58-b075-4487-a443-21d518038267 HTTP/1.1" status: 200 len: 1055 time: 0.2968020
2026-04-23 01:27:53.302 10 INFO neutron.wsgi [None req-b7bd0a66-37d1-4a79-b10e-7177c8f0d29c 8338e6adb4904b158814f4885be0ea0e 7d2e7f99e6434890a3d2e8408b1c4651 - - default default] 10.0.0.68 "GET /v2.0/routers?tags=red%2Cblue HTTP/1.1" status: 200 len: 1375 time: 0.2665143
2026-04-23 01:27:53.316 9 INFO neutron.wsgi [None req-490d31b6-4267-491d-a192-5b668aaac536 8963401e92e845ad9815dedca761ed82 8f1a23f8a0e84f45a59937c7499ead71 - - default default] 10.0.0.68 "PUT /v2.0/subnetpools/289ff0f3-ba1d-4100-85c2-731d9ffc63ea/tags HTTP/1.1" status: 200 len: 230 time: 0.0437610
2026-04-23 01:27:53.345 9 INFO neutron.wsgi [None req-deb9b195-7470-4361-9a6f-9bdde7d6fe06 8963401e92e845ad9815dedca761ed82 8f1a23f8a0e84f45a59937c7499ead71 - - default default] 10.0.0.68 "GET /v2.0/subnetpools/289ff0f3-ba1d-4100-85c2-731d9ffc63ea/tags HTTP/1.1" status: 200 len: 230 time: 0.0243058
2026-04-23 01:27:53.371 10 INFO neutron.wsgi [None req-3e278d7c-1e1a-45a4-a694-52346587f6b3 8338e6adb4904b158814f4885be0ea0e 7d2e7f99e6434890a3d2e8408b1c4651 - - default default] 10.0.0.68 "GET /v2.0/routers?tags-any=blue HTTP/1.1" status: 200 len: 1375 time: 0.0654261
2026-04-23 01:27:53.374 9 INFO neutron.wsgi [None req-7b9f83bc-b926-425e-b491-f1a6c2d5b9dd 8963401e92e845ad9815dedca761ed82 8f1a23f8a0e84f45a59937c7499ead71 - - default default] 10.0.0.68 "GET /v2.0/subnetpools/289ff0f3-ba1d-4100-85c2-731d9ffc63ea/tags/red HTTP/1.1" status: 204 len: 168 time: 0.0243628
2026-04-23 01:27:53.402 9 INFO neutron.api.v2.resource [None req-9ee9c9f0-7ca0-40eb-83b7-cfa7f14851cf 8963401e92e845ad9815dedca761ed82 8f1a23f8a0e84f45a59937c7499ead71 - - default default] show failed (client error): The resource could not be found.
2026-04-23 01:27:53.406 9 INFO neutron.wsgi [None req-9ee9c9f0-7ca0-40eb-83b7-cfa7f14851cf 8963401e92e845ad9815dedca761ed82 8f1a23f8a0e84f45a59937c7499ead71 - - default default] 10.0.0.68 "GET /v2.0/subnetpools/289ff0f3-ba1d-4100-85c2-731d9ffc63ea/tags/green HTTP/1.1" status: 404 len: 299 time: 0.0280924
2026-04-23 01:27:53.436 10 INFO neutron.wsgi [None req-15ce6364-e2b9-4edf-9628-f46b7ecf6fc7 8338e6adb4904b158814f4885be0ea0e 7d2e7f99e6434890a3d2e8408b1c4651 - - default default] 10.0.0.68 "GET /v2.0/routers?tags-any=red%2Cblue HTTP/1.1" status: 200 len: 1946 time: 0.0603645
2026-04-23 01:27:53.450 9 INFO neutron.wsgi [None req-1c6f007e-56d6-4bc1-b748-b0dd033cb1bf 8963401e92e845ad9815dedca761ed82 8f1a23f8a0e84f45a59937c7499ead71 - - default default] 10.0.0.68 "DELETE /v2.0/subnetpools/289ff0f3-ba1d-4100-85c2-731d9ffc63ea/tags/red HTTP/1.1" status: 204 len: 168 time: 0.0406358
2026-04-23 01:27:53.476 9 INFO neutron.wsgi [None req-c842d92c-2128-46f0-ad4d-ba69413d4c32 8963401e92e845ad9815dedca761ed82 8f1a23f8a0e84f45a59937c7499ead71 - - default default] 10.0.0.68 "GET /v2.0/subnetpools/289ff0f3-ba1d-4100-85c2-731d9ffc63ea/tags HTTP/1.1" status: 200 len: 223 time: 0.0230448
2026-04-23 01:27:53.501 9 INFO neutron.api.v2.resource [None req-5eaf065d-7641-485f-bb11-2646477847ea 8963401e92e845ad9815dedca761ed82 8f1a23f8a0e84f45a59937c7499ead71 - - default default] delete failed (client error): The resource could not be found.
2026-04-23 01:27:53.503 9 INFO neutron.wsgi [None req-5eaf065d-7641-485f-bb11-2646477847ea 8963401e92e845ad9815dedca761ed82 8f1a23f8a0e84f45a59937c7499ead71 - - default default] 10.0.0.68 "DELETE /v2.0/subnetpools/289ff0f3-ba1d-4100-85c2-731d9ffc63ea/tags/green HTTP/1.1" status: 404 len: 299 time: 0.0239170
2026-04-23 01:27:53.507 10 INFO neutron.wsgi [None req-94a34604-3721-498e-a359-6612b863d597 8338e6adb4904b158814f4885be0ea0e 7d2e7f99e6434890a3d2e8408b1c4651 - - default default] 10.0.0.68 "GET /v2.0/routers?not-tags=red HTTP/1.1" status: 200 len: 1347 time: 0.0672450
2026-04-23 01:27:53.613 9 INFO neutron.wsgi [None req-2d0b78ea-e656-4166-acbb-994c4e5ea144 8338e6adb4904b158814f4885be0ea0e 7d2e7f99e6434890a3d2e8408b1c4651 - - default default] 10.0.0.68 "GET /v2.0/routers?not-tags=red%2Cblue HTTP/1.1" status: 200 len: 1918 time: 0.1003907
2026-04-23 01:27:53.640 9 INFO neutron.wsgi [req-920725f7-2288-49fd-a7df-f015be7c4019 req-78a64bee-6059-4c67-a86f-a4849c8ca1a2 42cf36478136434db3270fcbc5344f56 b9ee4f74b5054b83875cc34b12576d9f - - a7ed30a739404a2197aa32eb983b8e68 a7ed30a739404a2197aa32eb983b8e68] 10.0.0.254 "GET /v2.0/ports?device_id=fd63c787-f04f-4f6c-8d86-6b8b3f513e59 HTTP/1.1" status: 200 len: 1452 time: 0.0863407
2026-04-23 01:27:53.659 9 INFO neutron.wsgi [None req-12b4b86c-48ca-423c-9b29-f434381b6349 8963401e92e845ad9815dedca761ed82 8f1a23f8a0e84f45a59937c7499ead71 - - default default] 10.0.0.68 "DELETE /v2.0/subnetpools/289ff0f3-ba1d-4100-85c2-731d9ffc63ea/tags HTTP/1.1" status: 204 len: 168 time: 0.1512055
2026-04-23 01:27:53.706 10 INFO neutron.wsgi [None req-1732ec8c-cfbd-4def-ab93-f73216f96d00 8963401e92e845ad9815dedca761ed82 8f1a23f8a0e84f45a59937c7499ead71 - - default default] 10.0.0.68 "GET /v2.0/subnetpools/289ff0f3-ba1d-4100-85c2-731d9ffc63ea/tags HTTP/1.1" status: 200 len: 205 time: 0.0392790
2026-04-23 01:27:53.713 9 INFO neutron.wsgi [None req-939b1512-e0ae-4fe2-b73d-3788b958b17e 8338e6adb4904b158814f4885be0ea0e 7d2e7f99e6434890a3d2e8408b1c4651 - - default default] 10.0.0.68 "GET /v2.0/routers?not-tags-any=blue HTTP/1.1" status: 200 len: 1918 time: 0.0944681
2026-04-23 01:27:53.751 9 INFO neutron.wsgi [req-920725f7-2288-49fd-a7df-f015be7c4019 req-b86dd1bf-7846-45d7-84fa-798bd6561a56 42cf36478136434db3270fcbc5344f56 b9ee4f74b5054b83875cc34b12576d9f - - a7ed30a739404a2197aa32eb983b8e68 a7ed30a739404a2197aa32eb983b8e68] 10.0.0.254 "GET /v2.0/security-groups?id=c48b944b-404f-4150-9aea-8e266d13f628&id=0ad7d439-5a80-442b-b88f-ffcd7862d424&fields=id&fields=name HTTP/1.1" status: 200 len: 406 time: 0.0885763
2026-04-23 01:27:53.772 10 INFO neutron.wsgi [None req-847e7d07-08a0-41e1-9a84-6f7a16b5f584 8963401e92e845ad9815dedca761ed82 8f1a23f8a0e84f45a59937c7499ead71 - - default default] 10.0.0.68 "DELETE /v2.0/subnetpools/289ff0f3-ba1d-4100-85c2-731d9ffc63ea HTTP/1.1" status: 204 len: 168 time: 0.0615783
2026-04-23 01:27:53.779 9 INFO neutron.wsgi [None req-eb2d038a-ed99-4593-b539-068402b64a43 8338e6adb4904b158814f4885be0ea0e 7d2e7f99e6434890a3d2e8408b1c4651 - - default default] 10.0.0.68 "GET /v2.0/routers?not-tags-any=red%2Cblue HTTP/1.1" status: 200 len: 1347 time: 0.0613050
2026-04-23 01:27:53.847 9 INFO neutron.wsgi [None req-50fa9cc9-f4ac-4e55-aece-6ab694542906 8338e6adb4904b158814f4885be0ea0e 7d2e7f99e6434890a3d2e8408b1c4651 - - default default] 10.0.0.68 "GET /v2.0/routers/3b7cdea7-a185-464a-8c61-7fc949797665 HTTP/1.1" status: 200 len: 775 time: 0.0613053
2026-04-23 01:27:54.278 9 INFO neutron.wsgi [None req-2bf224bf-6a82-4438-b363-8b5ca54157c4 0eeba1160bdb41448461231bf3b2aee0 6a4ddc12ff6044efa6a6bd9b595174c8 - - default default] 10.0.0.233 "GET /v2.0/ports HTTP/1.1" status: 200 len: 14037 time: 0.3179603
2026-04-23 01:27:54.296 10 INFO neutron.db.ovn_revision_numbers_db [None req-8958e3ee-e587-4030-8bc3-f8166f6377d2 8338e6adb4904b158814f4885be0ea0e 7d2e7f99e6434890a3d2e8408b1c4651 - - default default] Successfully bumped revision number for resource 3b7cdea7-a185-464a-8c61-7fc949797665 (type: routers) to 2
2026-04-23 01:27:54.303 10 INFO neutron.wsgi [None req-8958e3ee-e587-4030-8bc3-f8166f6377d2 8338e6adb4904b158814f4885be0ea0e 7d2e7f99e6434890a3d2e8408b1c4651 - - default default] 10.0.0.68 "PUT /v2.0/routers/3b7cdea7-a185-464a-8c61-7fc949797665 HTTP/1.1" status: 200 len: 775 time: 0.4508698
2026-04-23 01:27:54.312 9 INFO neutron.wsgi [None req-e1458f1a-f6c3-407a-b1e9-3e918fe24b80 0eeba1160bdb41448461231bf3b2aee0 6a4ddc12ff6044efa6a6bd9b595174c8 - - default default] 10.0.0.233 "GET /v2.0/agents HTTP/1.1" status: 200 len: 1390 time: 0.0222018
2026-04-23 01:27:54.336 10 INFO neutron.wsgi [None req-e9169aad-39e9-411a-9c37-e57ed806cfd8 8338e6adb4904b158814f4885be0ea0e 7d2e7f99e6434890a3d2e8408b1c4651 - - default default] 10.0.0.68 "GET /v2.0/ports?device_id=3b7cdea7-a185-464a-8c61-7fc949797665 HTTP/1.1" status: 200 len: 205 time: 0.0277205
2026-04-23 01:27:54.361 9 INFO neutron.wsgi [None req-004e4a2c-aa74-427f-aa33-9c8a6cf9f07d 0eeba1160bdb41448461231bf3b2aee0 6a4ddc12ff6044efa6a6bd9b595174c8 - - default default] 10.0.0.233 "GET /v2.0/subnets HTTP/1.1" status: 200 len: 2745 time: 0.0459726
2026-04-23 01:27:54.386 9 INFO neutron.wsgi [None req-79f3e9b6-ce16-44d2-b60f-23047595c893 0eeba1160bdb41448461231bf3b2aee0 6a4ddc12ff6044efa6a6bd9b595174c8 - - default default] 10.0.0.233 "GET /v2.0/subnetpools HTTP/1.1" status: 200 len: 193 time: 0.0233181
2026-04-23 01:27:54.436 9 INFO neutron.wsgi [None req-7afcc6cd-e6c8-4688-a8f9-53e927df7bce 0eeba1160bdb41448461231bf3b2aee0 6a4ddc12ff6044efa6a6bd9b595174c8 - - default default] 10.0.0.233 "GET /v2.0/floatingips HTTP/1.1" status: 200 len: 1036 time: 0.0488546
2026-04-23 01:27:54.531 9 INFO neutron.wsgi [None req-abfeaaa0-a96d-48f1-9593-c530966adbd8 0eeba1160bdb41448461231bf3b2aee0 6a4ddc12ff6044efa6a6bd9b595174c8 - - default default] 10.0.0.233 "GET /v2.0/routers HTTP/1.1" status: 200 len: 5050 time: 0.0926738
2026-04-23 01:27:54.550 9 INFO neutron.wsgi [None req-92a33048-a5e6-4df7-928d-ebf20f9a77f7 0eeba1160bdb41448461231bf3b2aee0 6a4ddc12ff6044efa6a6bd9b595174c8 - - default default] 10.0.0.233 "GET /v2.0/agents?binary=ovn-controller HTTP/1.1" status: 200 len: 591 time: 0.0138209
2026-04-23 01:27:54.576 10 INFO neutron.wsgi [None req-8d190067-8375-4d21-b16f-217ac51c59be 8338e6adb4904b158814f4885be0ea0e 7d2e7f99e6434890a3d2e8408b1c4651 - - default default] 10.0.0.68 "DELETE /v2.0/routers/3b7cdea7-a185-464a-8c61-7fc949797665 HTTP/1.1" status: 204 len: 168 time: 0.2331767
2026-04-23 01:27:54.650 9 INFO neutron.wsgi [None req-456bc527-9341-4701-a9cd-0c57b00db8f4 0eeba1160bdb41448461231bf3b2aee0 6a4ddc12ff6044efa6a6bd9b595174c8 - - default default] 10.0.0.233 "GET /v2.0/security-groups HTTP/1.1" status: 200 len: 34498 time: 0.0991344
2026-04-23 01:27:54.655 9 INFO neutron.wsgi [None req-3547d6c3-7188-483f-b612-566b12be40e0 8338e6adb4904b158814f4885be0ea0e 7d2e7f99e6434890a3d2e8408b1c4651 - - default default] 10.0.0.68 "GET /v2.0/routers/67e2f433-6423-4eb0-abad-138e28021ad5 HTTP/1.1" status: 200 len: 783 time: 0.0731776
2026-04-23 01:27:54.668 9 INFO neutron.db.ovn_revision_numbers_db [None req-bb05c3a1-d1a5-414c-9c37-7484aa6094d1 0eeba1160bdb41448461231bf3b2aee0 6a4ddc12ff6044efa6a6bd9b595174c8 - - default default] Successfully bumped revision number for resource bc08cc81-9622-46f3-aa2e-0f7ff8c58769 (type: security_groups) to 1
2026-04-23 01:27:54.688 9 INFO neutron.wsgi [None req-89338954-7b51-4829-bdde-24f1db4d417b 0eeba1160bdb41448461231bf3b2aee0 6a4ddc12ff6044efa6a6bd9b595174c8 - - default default] 10.0.0.233 "GET /v2.0/network-ip-availabilities HTTP/1.1" status: 200 len: 2224 time: 0.0318854
2026-04-23 01:27:54.735 9 INFO neutron.db.ovn_revision_numbers_db [None req-bb05c3a1-d1a5-414c-9c37-7484aa6094d1 0eeba1160bdb41448461231bf3b2aee0 6a4ddc12ff6044efa6a6bd9b595174c8 - - default default] Successfully bumped revision number for resource 68625c11-07dd-45f0-9e5e-640ec8f63d33 (type: security_group_rules) to 0
2026-04-23 01:27:54.790 9 INFO neutron.db.ovn_revision_numbers_db [None req-bb05c3a1-d1a5-414c-9c37-7484aa6094d1 0eeba1160bdb41448461231bf3b2aee0 6a4ddc12ff6044efa6a6bd9b595174c8 - - default default] Successfully bumped revision number for resource 8bffa677-1d04-4b36-a84e-7f193d2149fb (type: security_group_rules) to 0
2026-04-23 01:27:54.845 9 INFO neutron.db.ovn_revision_numbers_db [None req-bb05c3a1-d1a5-414c-9c37-7484aa6094d1 0eeba1160bdb41448461231bf3b2aee0 6a4ddc12ff6044efa6a6bd9b595174c8 - - default default] Successfully bumped revision number for resource e5eb7d40-992e-40c2-99d5-d9302af72ceb (type: security_group_rules) to 0
2026-04-23 01:27:54.857 9 INFO neutron.wsgi [None req-4ed1c12d-cbbc-47fd-8926-968071dab681 0eeba1160bdb41448461231bf3b2aee0 6a4ddc12ff6044efa6a6bd9b595174c8 - - default default] 10.0.0.233 "GET /v2.0/networks HTTP/1.1" status: 200 len: 3864 time: 0.1527293
2026-04-23 01:27:55.171 9 INFO neutron.db.ovn_revision_numbers_db [None req-bb05c3a1-d1a5-414c-9c37-7484aa6094d1 0eeba1160bdb41448461231bf3b2aee0 6a4ddc12ff6044efa6a6bd9b595174c8 - - default default] Successfully bumped revision number for resource ef8a42dd-0247-4a5e-81b7-52d5b60e4c3d (type: security_group_rules) to 0
2026-04-23 01:27:55.198 9 INFO neutron.wsgi [None req-51c731e6-9368-4680-978a-f92eb49464eb 0eeba1160bdb41448461231bf3b2aee0 6a4ddc12ff6044efa6a6bd9b595174c8 - - default default] 10.0.0.233 "GET /v2.0/subnets HTTP/1.1" status: 200 len: 2745 time: 0.3374643
2026-04-23 01:27:55.225 9 INFO neutron.wsgi [None req-bb05c3a1-d1a5-414c-9c37-7484aa6094d1 0eeba1160bdb41448461231bf3b2aee0 6a4ddc12ff6044efa6a6bd9b595174c8 - - default default] 10.0.0.68 "GET /v2.0/security-groups?tenant_id=8f1a23f8a0e84f45a59937c7499ead71&name=default HTTP/1.1" status: 200 len: 3120 time: 0.8634820
2026-04-23 01:27:55.404 9 INFO neutron.db.ovn_revision_numbers_db [None req-d6212459-4d69-4b73-92e5-8e3abb963476 8338e6adb4904b158814f4885be0ea0e 7d2e7f99e6434890a3d2e8408b1c4651 - - default default] Successfully bumped revision number for resource 67e2f433-6423-4eb0-abad-138e28021ad5 (type: routers) to 2
2026-04-23 01:27:55.412 9 INFO neutron.wsgi [None req-d6212459-4d69-4b73-92e5-8e3abb963476 8338e6adb4904b158814f4885be0ea0e 7d2e7f99e6434890a3d2e8408b1c4651 - - default default] 10.0.0.68 "PUT /v2.0/routers/67e2f433-6423-4eb0-abad-138e28021ad5 HTTP/1.1" status: 200 len: 783 time: 0.7506759
2026-04-23 01:27:55.433 10 INFO neutron.wsgi [None req-de12c8ce-0258-457b-9db3-b500e3de6908 0eeba1160bdb41448461231bf3b2aee0 6a4ddc12ff6044efa6a6bd9b595174c8 - - default default] 10.0.0.68 "DELETE /v2.0/security-groups/bc08cc81-9622-46f3-aa2e-0f7ff8c58769 HTTP/1.1" status: 204 len: 168 time: 0.2018244
2026-04-23 01:27:55.450 9 INFO neutron.wsgi [None req-28d00961-bcd8-4ea1-95c0-68b0b71490f3 8338e6adb4904b158814f4885be0ea0e 7d2e7f99e6434890a3d2e8408b1c4651 - - default default] 10.0.0.68 "GET /v2.0/ports?device_id=67e2f433-6423-4eb0-abad-138e28021ad5 HTTP/1.1" status: 200 len: 205 time: 0.0321901
2026-04-23 01:27:55.670 10 INFO neutron.db.ovn_revision_numbers_db [None req-124923cc-b2cc-4672-b2c4-86ec07c1e72c 0eeba1160bdb41448461231bf3b2aee0 6a4ddc12ff6044efa6a6bd9b595174c8 - - default default] Successfully bumped revision number for resource 55e19fb1-56cb-4fc0-9c55-30256d108b68 (type: security_groups) to 1
2026-04-23 01:27:55.682 10 INFO neutron.db.ovn_revision_numbers_db [None req-124923cc-b2cc-4672-b2c4-86ec07c1e72c 0eeba1160bdb41448461231bf3b2aee0 6a4ddc12ff6044efa6a6bd9b595174c8 - - default default] Successfully bumped revision number for resource 178b95f6-0eec-47cc-a25c-5492ccb54167 (type: security_group_rules) to 0
2026-04-23 01:27:55.696 10 INFO neutron.db.ovn_revision_numbers_db [None req-124923cc-b2cc-4672-b2c4-86ec07c1e72c 0eeba1160bdb41448461231bf3b2aee0 6a4ddc12ff6044efa6a6bd9b595174c8 - - default default] Successfully bumped revision number for resource 6dc14585-86b6-4afc-bc96-0b84f308f342 (type: security_group_rules) to 0
2026-04-23 01:27:55.710 9 INFO neutron.wsgi [None req-e4f4fb86-bc36-423b-a217-9590b2f00504 8338e6adb4904b158814f4885be0ea0e 7d2e7f99e6434890a3d2e8408b1c4651 - - default default] 10.0.0.68 "DELETE /v2.0/routers/67e2f433-6423-4eb0-abad-138e28021ad5 HTTP/1.1" status: 204 len: 168 time: 0.2564328
2026-04-23 01:27:55.710 10 INFO neutron.db.ovn_revision_numbers_db [None req-124923cc-b2cc-4672-b2c4-86ec07c1e72c 0eeba1160bdb41448461231bf3b2aee0 6a4ddc12ff6044efa6a6bd9b595174c8 - - default default] Successfully bumped revision number for resource 74506983-9b34-4219-8a11-16b210a20ced (type: security_group_rules) to 0
