2026-04-23 01:26:37.755 10 WARNING neutron_lib.context [None req-138d00ca-e5ea-4a46-84b1-ac9051bbc5d6 64659ccf36bc48cd977c4aa402eb961a e7a0a569d82e4228add73a7f65ea3427 - - default default] Method 'is_advsvc' is deprecated since 2023.2 release (neutron-lib 3.8.0) and will be removed once support for the old RBAC API policies will be removed from Neutron. Please use method 'is_service_role' instead.
2026-04-23 01:26:37.785 15 INFO neutron.plugins.ml2.drivers.ovn.mech_driver.ovsdb.maintenance [None req-46a208fe-090e-4819-ad2c-f08096b2effa - - - - - -] Maintenance task: Synchronization completed (took 0.95 seconds)
2026-04-23 01:26:37.791 10 INFO neutron.wsgi [None req-5c436a28-dfa8-4ba5-819d-694e6e83eb84 29246d7707804c21a7a6abb83b375478 e36ac9785029412eb81f58f936618bb5 - - default default] 10.0.0.68 "POST /v2.0/security-group-rules HTTP/1.1" status: 201 len: 800 time: 0.4618881
2026-04-23 01:26:37.792 10 WARNING neutron.plugins.ml2.drivers.ovn.mech_driver.ovsdb.ovn_client [None req-8d099bd5-3702-4535-9a1e-086901901d26 - - - - - -] No hosting information found for port f3b0f33a-5d5d-4abd-bb75-3dea8a96b6c2: RuntimeError: No hosting information found for port f3b0f33a-5d5d-4abd-bb75-3dea8a96b6c2
2026-04-23 01:26:37.792 10 INFO neutron.plugins.ml2.drivers.ovn.mech_driver.mech_driver [None req-8d099bd5-3702-4535-9a1e-086901901d26 - - - - - -] OVN reports status up for port: b22867e6-26fb-413f-b024-e97108778698
2026-04-23 01:26:37.801 10 INFO neutron.plugins.ml2.plugin [None req-8d099bd5-3702-4535-9a1e-086901901d26 - - - - - -] Attempt 1 to provision port b22867e6-26fb-413f-b024-e97108778698
2026-04-23 01:26:37.813 10 WARNING neutron_lib.context [None req-e56a585a-90c9-4470-b7f5-df1fa4b7d237 29246d7707804c21a7a6abb83b375478 e36ac9785029412eb81f58f936618bb5 - - default default] Method 'is_advsvc' is deprecated since 2023.2 release (neutron-lib 3.8.0) and will be removed once support for the old RBAC API policies will be removed from Neutron. Please use method 'is_service_role' instead.
2026-04-23 01:26:37.852 10 INFO neutron.wsgi [None req-138d00ca-e5ea-4a46-84b1-ac9051bbc5d6 64659ccf36bc48cd977c4aa402eb961a e7a0a569d82e4228add73a7f65ea3427 - - default default] 10.0.0.68 "POST /v2.0/subnetpools HTTP/1.1" status: 201 len: 715 time: 0.4286087
2026-04-23 01:26:37.861 10 WARNING neutron_lib.context [None req-4e24a13a-6733-45d4-b7bd-9cea6220d2d1 64659ccf36bc48cd977c4aa402eb961a e7a0a569d82e4228add73a7f65ea3427 - - default default] Method 'is_advsvc' is deprecated since 2023.2 release (neutron-lib 3.8.0) and will be removed once support for the old RBAC API policies will be removed from Neutron. Please use method 'is_service_role' instead.
2026-04-23 01:26:37.873 10 INFO neutron.db.securitygroups_db [None req-e56a585a-90c9-4470-b7f5-df1fa4b7d237 29246d7707804c21a7a6abb83b375478 e36ac9785029412eb81f58f936618bb5 - - default default] Project e36ac9785029412eb81f58f936618bb5 added a security group rule with legacy IPv6 ICMP protocol name icmp, ipv6-icmp should be used instead. It was automatically converted.
2026-04-23 01:26:37.942 10 INFO neutron.wsgi [None req-4e24a13a-6733-45d4-b7bd-9cea6220d2d1 64659ccf36bc48cd977c4aa402eb961a e7a0a569d82e4228add73a7f65ea3427 - - default default] 10.0.0.68 "POST /v2.0/subnetpools HTTP/1.1" status: 201 len: 715 time: 0.0837297
2026-04-23 01:26:37.952 10 WARNING neutron_lib.context [None req-dc96a34d-b371-4559-b604-4f1d49d17b11 64659ccf36bc48cd977c4aa402eb961a e7a0a569d82e4228add73a7f65ea3427 - - default default] Method 'is_advsvc' is deprecated since 2023.2 release (neutron-lib 3.8.0) and will be removed once support for the old RBAC API policies will be removed from Neutron. Please use method 'is_service_role' instead.
2026-04-23 01:26:38.045 10 INFO neutron.wsgi [None req-dc96a34d-b371-4559-b604-4f1d49d17b11 64659ccf36bc48cd977c4aa402eb961a e7a0a569d82e4228add73a7f65ea3427 - - default default] 10.0.0.68 "POST /v2.0/subnetpools HTTP/1.1" status: 201 len: 715 time: 0.0967188
2026-04-23 01:26:38.064 10 WARNING neutron_lib.context [None req-8d4cff74-add2-479c-8fa3-94e2de68cae3 64659ccf36bc48cd977c4aa402eb961a e7a0a569d82e4228add73a7f65ea3427 - - default default] Method 'is_advsvc' is deprecated since 2023.2 release (neutron-lib 3.8.0) and will be removed once support for the old RBAC API policies will be removed from Neutron. Please use method 'is_service_role' instead.
2026-04-23 01:26:38.067 10 INFO neutron.db.ovn_revision_numbers_db [None req-e56a585a-90c9-4470-b7f5-df1fa4b7d237 29246d7707804c21a7a6abb83b375478 e36ac9785029412eb81f58f936618bb5 - - default default] Successfully bumped revision number for resource 93b87854-70ff-48bf-aa82-6c3a6e799744 (type: security_group_rules) to 0
2026-04-23 01:26:38.103 10 INFO neutron.wsgi [None req-e56a585a-90c9-4470-b7f5-df1fa4b7d237 29246d7707804c21a7a6abb83b375478 e36ac9785029412eb81f58f936618bb5 - - default default] 10.0.0.68 "POST /v2.0/security-group-rules HTTP/1.1" status: 201 len: 806 time: 0.3017359
2026-04-23 01:26:38.112 9 INFO neutron.wsgi [None req-57ef8ab9-e636-4ad9-bbb0-01a27125a4c1 664550fd79004f31b8c760aa942dae5b e02599e074b74e99a9204f8633c5b898 - - default default] 10.0.0.68 "DELETE /v2.0/networks/07adc5e1-41be-4599-ac43-6fab597bef12 HTTP/1.1" status: 204 len: 168 time: 0.3727319
2026-04-23 01:26:38.117 10 WARNING neutron_lib.context [None req-dee2651c-81dc-4e57-890a-de29b256fc4f 29246d7707804c21a7a6abb83b375478 e36ac9785029412eb81f58f936618bb5 - - default default] Method 'is_advsvc' is deprecated since 2023.2 release (neutron-lib 3.8.0) and will be removed once support for the old RBAC API policies will be removed from Neutron. Please use method 'is_service_role' instead.
2026-04-23 01:26:38.161 10 INFO neutron.wsgi [None req-8d4cff74-add2-479c-8fa3-94e2de68cae3 64659ccf36bc48cd977c4aa402eb961a e7a0a569d82e4228add73a7f65ea3427 - - default default] 10.0.0.68 "POST /v2.0/subnetpools HTTP/1.1" status: 201 len: 715 time: 0.1088948
2026-04-23 01:26:38.172 9 WARNING neutron_lib.context [None req-1fb3938a-d385-4f45-9dc1-014477ec1ce2 64659ccf36bc48cd977c4aa402eb961a e7a0a569d82e4228add73a7f65ea3427 - - default default] Method 'is_advsvc' is deprecated since 2023.2 release (neutron-lib 3.8.0) and will be removed once support for the old RBAC API policies will be removed from Neutron. Please use method 'is_service_role' instead.
2026-04-23 01:26:38.175 10 INFO neutron.db.securitygroups_db [None req-dee2651c-81dc-4e57-890a-de29b256fc4f 29246d7707804c21a7a6abb83b375478 e36ac9785029412eb81f58f936618bb5 - - default default] Project e36ac9785029412eb81f58f936618bb5 added a security group rule with legacy IPv6 ICMP protocol name icmp, ipv6-icmp should be used instead. It was automatically converted.
2026-04-23 01:26:38.194 9 INFO neutron.wsgi [None req-4b1b7240-3970-41af-bc0c-1bc652a338a5 f2a0d13fe6a144d885c9efb0a1a999ea 95ec8f50052a49f9bb6d9eea4ccf7222 - - default default] 10.0.0.68 "GET /v2.0/ports/b22867e6-26fb-413f-b024-e97108778698 HTTP/1.1" status: 200 len: 1137 time: 0.0489008
2026-04-23 01:26:38.235 9 INFO neutron.wsgi [None req-1fb3938a-d385-4f45-9dc1-014477ec1ce2 64659ccf36bc48cd977c4aa402eb961a e7a0a569d82e4228add73a7f65ea3427 - - default default] 10.0.0.68 "POST /v2.0/subnetpools HTTP/1.1" status: 201 len: 715 time: 0.0697904
2026-04-23 01:26:38.348 10 INFO neutron.wsgi [None req-1aa91d80-2b8a-41b0-89a8-a234fde0fc16 64659ccf36bc48cd977c4aa402eb961a e7a0a569d82e4228add73a7f65ea3427 - - default default] 10.0.0.68 "PUT /v2.0/subnetpools/f0466371-d3b4-4d48-b650-7127638e70a0/tags HTTP/1.1" status: 200 len: 210 time: 0.1067002
2026-04-23 01:26:38.403 9 INFO neutron.wsgi [None req-4c62d2c6-705c-454d-a6f0-4e8325197b91 64659ccf36bc48cd977c4aa402eb961a e7a0a569d82e4228add73a7f65ea3427 - - default default] 10.0.0.68 "PUT /v2.0/subnetpools/850bbc18-e739-4926-a206-8befa7f8e5c9/tags HTTP/1.1" status: 200 len: 218 time: 0.0496116
2026-04-23 01:26:38.447 10 INFO neutron.db.ovn_revision_numbers_db [None req-dee2651c-81dc-4e57-890a-de29b256fc4f 29246d7707804c21a7a6abb83b375478 e36ac9785029412eb81f58f936618bb5 - - default default] Successfully bumped revision number for resource a70b74fa-3175-4ca6-ad82-63d92e6d6636 (type: security_group_rules) to 0
2026-04-23 01:26:38.452 10 INFO neutron.db.ovn_revision_numbers_db [None req-8d099bd5-3702-4535-9a1e-086901901d26 - - - - - -] Successfully bumped revision number for resource b22867e6-26fb-413f-b024-e97108778698 (type: ports) to 2
2026-04-23 01:26:38.509 10 INFO neutron.wsgi [None req-9aa954c3-4f0d-4462-a20a-8d2223bace0b 64659ccf36bc48cd977c4aa402eb961a e7a0a569d82e4228add73a7f65ea3427 - - default default] 10.0.0.68 "PUT /v2.0/subnetpools/7cdb9cfc-3f80-4e92-9889-5e7e44629dd1/tags HTTP/1.1" status: 200 len: 227 time: 0.0995171
2026-04-23 01:26:38.514 10 INFO neutron.wsgi [None req-dee2651c-81dc-4e57-890a-de29b256fc4f 29246d7707804c21a7a6abb83b375478 e36ac9785029412eb81f58f936618bb5 - - default default] 10.0.0.68 "POST /v2.0/security-group-rules HTTP/1.1" status: 201 len: 805 time: 0.4049327
2026-04-23 01:26:38.549 9 INFO neutron.wsgi [None req-d673c460-7ac1-4d5f-8311-d2ff1c5d3a57 64659ccf36bc48cd977c4aa402eb961a e7a0a569d82e4228add73a7f65ea3427 - - default default] 10.0.0.68 "PUT /v2.0/subnetpools/190e200a-1877-4bbe-88a0-de870b20b84a/tags HTTP/1.1" status: 200 len: 212 time: 0.0344560
2026-04-23 01:26:38.559 9 INFO neutron.wsgi [None req-d1acc3d1-e1d1-42da-8776-e7d5316e2f03 664550fd79004f31b8c760aa942dae5b e02599e074b74e99a9204f8633c5b898 - - default default] 10.0.0.68 "DELETE /v2.0/networks/c332a598-5677-48d6-98c5-8785f6566585 HTTP/1.1" status: 204 len: 168 time: 0.4415638
2026-04-23 01:26:38.604 10 INFO neutron.wsgi [None req-c21143a2-5ba4-43e7-8c54-efc617168eaf 64659ccf36bc48cd977c4aa402eb961a e7a0a569d82e4228add73a7f65ea3427 - - default default] 10.0.0.68 "GET /v2.0/subnetpools?tags=red HTTP/1.1" status: 200 len: 1758 time: 0.0428193
2026-04-23 01:26:38.647 9 INFO neutron.wsgi [None req-2743d135-d852-4d4f-a1ee-b191db213251 64659ccf36bc48cd977c4aa402eb961a e7a0a569d82e4228add73a7f65ea3427 - - default default] 10.0.0.68 "GET /v2.0/subnetpools?tags=red%2Cblue HTTP/1.1" status: 200 len: 1251 time: 0.0372734
2026-04-23 01:26:38.691 9 INFO neutron.wsgi [None req-7aa23012-13c4-4ec4-b08e-5c7e15bb2d16 64659ccf36bc48cd977c4aa402eb961a e7a0a569d82e4228add73a7f65ea3427 - - default default] 10.0.0.68 "GET /v2.0/subnetpools?tags-any=blue HTTP/1.1" status: 200 len: 1251 time: 0.0390549
2026-04-23 01:26:38.702 10 INFO neutron.db.ovn_revision_numbers_db [None req-8d099bd5-3702-4535-9a1e-086901901d26 - - - - - -] Successfully bumped revision number for resource b22867e6-26fb-413f-b024-e97108778698 (type: router_ports) to 2
2026-04-23 01:26:38.722 9 INFO neutron.wsgi [None req-394184f3-9685-4ff1-bde0-fac290c2757a 64659ccf36bc48cd977c4aa402eb961a e7a0a569d82e4228add73a7f65ea3427 - - default default] 10.0.0.68 "GET /v2.0/subnetpools?tags-any=red%2Cblue HTTP/1.1" status: 200 len: 1758 time: 0.0261340
2026-04-23 01:26:38.758 9 INFO neutron.wsgi [None req-b3441cce-de68-4105-81f4-9fdcde75f9b9 64659ccf36bc48cd977c4aa402eb961a e7a0a569d82e4228add73a7f65ea3427 - - default default] 10.0.0.68 "GET /v2.0/subnetpools?not-tags=red HTTP/1.1" status: 200 len: 1223 time: 0.0303183
2026-04-23 01:26:38.793 9 INFO neutron.wsgi [None req-e0550fa0-c4ba-4496-9472-66344c907ada 64659ccf36bc48cd977c4aa402eb961a e7a0a569d82e4228add73a7f65ea3427 - - default default] 10.0.0.68 "GET /v2.0/subnetpools?not-tags=red%2Cblue HTTP/1.1" status: 200 len: 1730 time: 0.0302918
2026-04-23 01:26:38.839 9 INFO neutron.wsgi [None req-f07f6fcd-02e1-41aa-8cf8-31ffb05b5495 64659ccf36bc48cd977c4aa402eb961a e7a0a569d82e4228add73a7f65ea3427 - - default default] 10.0.0.68 "GET /v2.0/subnetpools?not-tags-any=blue HTTP/1.1" status: 200 len: 1730 time: 0.0388339
2026-04-23 01:26:38.865 9 INFO neutron.wsgi [None req-3351e6c5-480c-472c-b14e-3f25fab0f9af 64659ccf36bc48cd977c4aa402eb961a e7a0a569d82e4228add73a7f65ea3427 - - default default] 10.0.0.68 "GET /v2.0/subnetpools?not-tags-any=red%2Cblue HTTP/1.1" status: 200 len: 1223 time: 0.0202072
2026-04-23 01:26:38.931 9 INFO neutron.wsgi [None req-9c7a6813-650e-4b4b-9f41-3f92e008cd35 64659ccf36bc48cd977c4aa402eb961a e7a0a569d82e4228add73a7f65ea3427 - - default default] 10.0.0.68 "DELETE /v2.0/subnetpools/f0466371-d3b4-4d48-b650-7127638e70a0 HTTP/1.1" status: 204 len: 168 time: 0.0601752
2026-04-23 01:26:39.050 10 INFO neutron.wsgi [None req-254a5442-d897-4a6b-92c1-4fafaa00b6e8 64659ccf36bc48cd977c4aa402eb961a e7a0a569d82e4228add73a7f65ea3427 - - default default] 10.0.0.68 "DELETE /v2.0/subnetpools/850bbc18-e739-4926-a206-8befa7f8e5c9 HTTP/1.1" status: 204 len: 168 time: 0.1128087
2026-04-23 01:26:39.084 10 INFO neutron.wsgi [None req-a22f075b-8b2e-47ee-b316-9cda8097504a 29246d7707804c21a7a6abb83b375478 e36ac9785029412eb81f58f936618bb5 - - default default] 10.0.0.68 "GET /v2.0/networks HTTP/1.1" status: 200 len: 1492 time: 0.1814775
2026-04-23 01:26:39.144 10 INFO neutron.wsgi [None req-3959c143-fa8f-4203-8657-1d02f94feb0b 64659ccf36bc48cd977c4aa402eb961a e7a0a569d82e4228add73a7f65ea3427 - - default default] 10.0.0.68 "DELETE /v2.0/subnetpools/7cdb9cfc-3f80-4e92-9889-5e7e44629dd1 HTTP/1.1" status: 204 len: 168 time: 0.0872130
2026-04-23 01:26:39.229 10 INFO neutron.wsgi [req-9ac38bcd-e360-415a-afab-434efe7d68c1 req-b9b650a8-2869-4a53-8ed9-6f37c4d1f26d 29246d7707804c21a7a6abb83b375478 e36ac9785029412eb81f58f936618bb5 - - default default] 10.0.0.146 "GET /v2.0/security-groups?name=tempest-secgroup-smoke-114542515&fields=id&tenant_id=e36ac9785029412eb81f58f936618bb5 HTTP/1.1" status: 200 len: 267 time: 0.0659103
2026-04-23 01:26:39.233 9 INFO neutron.wsgi [None req-094e911a-20f0-4017-bed1-b0b26183e42f 64659ccf36bc48cd977c4aa402eb961a e7a0a569d82e4228add73a7f65ea3427 - - default default] 10.0.0.68 "DELETE /v2.0/subnetpools/190e200a-1877-4bbe-88a0-de870b20b84a HTTP/1.1" status: 204 len: 168 time: 0.0830703
2026-04-23 01:26:39.255 9 INFO neutron.wsgi [None req-a4f07ea5-69ec-4289-aae5-f9ddfdd0f5bd 0eeba1160bdb41448461231bf3b2aee0 6a4ddc12ff6044efa6a6bd9b595174c8 - - default default] 10.0.0.68 "GET /v2.0/security-groups?tenant_id=e02599e074b74e99a9204f8633c5b898&name=default HTTP/1.1" status: 200 len: 3120 time: 0.1293733
2026-04-23 01:26:39.339 9 INFO neutron.wsgi [None req-59543e1a-09b6-435d-8d8f-ca269f62b00e 64659ccf36bc48cd977c4aa402eb961a e7a0a569d82e4228add73a7f65ea3427 - - default default] 10.0.0.68 "DELETE /v2.0/subnetpools/86e55875-d1bf-4970-a1e8-6b5e96dc6c0b HTTP/1.1" status: 204 len: 168 time: 0.0997725
2026-04-23 01:26:39.346 10 INFO neutron.wsgi [None req-bb760eb1-bf2a-43a3-9c68-a88b7d5db42c f2a0d13fe6a144d885c9efb0a1a999ea 95ec8f50052a49f9bb6d9eea4ccf7222 - - default default] 10.0.0.68 "PUT /v2.0/routers/7e40b6d4-322e-4573-965d-4d48ab75cd03/remove_router_interface HTTP/1.1" status: 200 len: 503 time: 1.1448183
2026-04-23 01:26:39.374 10 INFO neutron.wsgi [req-9ac38bcd-e360-415a-afab-434efe7d68c1 req-531b3069-973d-4951-a4b7-ae2c6328aa61 29246d7707804c21a7a6abb83b375478 e36ac9785029412eb81f58f936618bb5 - - default default] 10.0.0.146 "GET /v2.0/networks?id=82525b75-b2cd-4ab5-9052-a742f0dd8f31 HTTP/1.1" status: 200 len: 859 time: 0.1394277 /var/lib/openstack/lib/python3.10/site-packages/pycadf/identifier.py:71: UserWarning: Invalid uuid: neutron. To ensure interoperability, identifiers should be a valid uuid. warnings.warn(('Invalid uuid: %s. To ensure interoperability, '
2026-04-23 01:26:39.397 10 INFO neutron.wsgi [req-9ac38bcd-e360-415a-afab-434efe7d68c1 req-7eb82e9e-fa1a-4b36-a3d0-b9ee6cba5d06 29246d7707804c21a7a6abb83b375478 e36ac9785029412eb81f58f936618bb5 - - default default] 10.0.0.146 "GET /v2.0/quotas/e36ac9785029412eb81f58f936618bb5 HTTP/1.1" status: 200 len: 491 time: 0.0161870
2026-04-23 01:26:39.470 9 INFO neutron.wsgi [None req-0bc1c679-f420-43b2-a588-b326073ec046 f2a0d13fe6a144d885c9efb0a1a999ea 95ec8f50052a49f9bb6d9eea4ccf7222 - - default default] 10.0.0.68 "GET /v2.0/ports/f3b0f33a-5d5d-4abd-bb75-3dea8a96b6c2 HTTP/1.1" status: 200 len: 1137 time: 0.1195447
2026-04-23 01:26:39.516 10 INFO neutron.wsgi [req-9ac38bcd-e360-415a-afab-434efe7d68c1 req-9062bd74-e78b-4b5e-9a5a-bfb8c7d98d8e 29246d7707804c21a7a6abb83b375478 e36ac9785029412eb81f58f936618bb5 - - default default] 10.0.0.146 "GET /v2.0/ports?tenant_id=e36ac9785029412eb81f58f936618bb5&fields=id HTTP/1.1" status: 200 len: 348 time: 0.1107378
2026-04-23 01:26:39.585 9 INFO neutron.wsgi [None req-7c954f1f-bb20-46c5-8fc4-bbd08062cb0d 0eeba1160bdb41448461231bf3b2aee0 6a4ddc12ff6044efa6a6bd9b595174c8 - - default default] 10.0.0.68 "DELETE /v2.0/security-groups/b5633f11-f46c-41a2-9d58-15434b22ca72 HTTP/1.1" status: 204 len: 168 time: 0.3236091
2026-04-23 01:26:39.592 10 INFO neutron.wsgi [req-9ac38bcd-e360-415a-afab-434efe7d68c1 req-3f990a83-9add-4fdc-86b1-b8a7b18f1450 42cf36478136434db3270fcbc5344f56 b9ee4f74b5054b83875cc34b12576d9f - - a7ed30a739404a2197aa32eb983b8e68 a7ed30a739404a2197aa32eb983b8e68] 10.0.0.146 "GET /v2.0/networks/82525b75-b2cd-4ab5-9052-a742f0dd8f31?fields=segments HTTP/1.1" status: 200 len: 212 time: 0.0615439
2026-04-23 01:26:39.672 10 INFO neutron.wsgi [req-9ac38bcd-e360-415a-afab-434efe7d68c1 req-8d79ba3e-c8e8-4cef-8260-23d613a50334 42cf36478136434db3270fcbc5344f56 b9ee4f74b5054b83875cc34b12576d9f - - a7ed30a739404a2197aa32eb983b8e68 a7ed30a739404a2197aa32eb983b8e68] 10.0.0.146 "GET /v2.0/networks/82525b75-b2cd-4ab5-9052-a742f0dd8f31?fields=provider%3Aphysical_network&fields=provider%3Anetwork_type HTTP/1.1" status: 200 len: 277 time: 0.0705202
2026-04-23 01:26:39.730 9 INFO neutron.services.segments.plugin [-] Segment b71f436f-bfbd-4108-bd7d-afec9d34b323 resource provider aggregate not found
2026-04-23 01:26:39.734 9 INFO neutron.services.segments.plugin [-] Segment b71f436f-bfbd-4108-bd7d-afec9d34b323 resource provider aggregate not found
2026-04-23 01:26:39.747 9 INFO neutron.services.segments.plugin [-] Segment b71f436f-bfbd-4108-bd7d-afec9d34b323 resource provider not found; error: Placement Client Error (4xx): {"errors": [{"status": 404, "title": "Not Found", "detail": "The resource could not be found.\n\n No resource provider with uuid b71f436f-bfbd-4108-bd7d-afec9d34b323 found for delete ", "request_id": "req-35245083-feff-4866-94d1-8ddbded33a80"}]}
2026-04-23 01:26:39.757 9 INFO neutron.services.segments.plugin [-] Segment b71f436f-bfbd-4108-bd7d-afec9d34b323 resource provider not found; error: Placement Client Error (4xx): {"errors": [{"status": 404, "title": "Not Found", "detail": "The resource could not be found.\n\n No resource provider with uuid b71f436f-bfbd-4108-bd7d-afec9d34b323 found for delete ", "request_id": "req-d9c2c266-f238-49bb-893b-226d0e855cef"}]}
2026-04-23 01:26:39.763 9 INFO neutron.services.segments.plugin [-] Segment bdba0050-404a-450f-8581-e5aa594132c7 resource provider aggregate not found
2026-04-23 01:26:39.772 9 INFO neutron.services.segments.plugin [-] Segment bdba0050-404a-450f-8581-e5aa594132c7 resource provider aggregate not found
2026-04-23 01:26:39.777 9 INFO neutron.services.segments.plugin [-] Segment bdba0050-404a-450f-8581-e5aa594132c7 resource provider not found; error: Placement Client Error (4xx): {"errors": [{"status": 404, "title": "Not Found", "detail": "The resource could not be found.\n\n No resource provider with uuid bdba0050-404a-450f-8581-e5aa594132c7 found for delete ", "request_id": "req-ca1cea2c-cc4d-4f59-93f7-5b1c02ea3680"}]}
2026-04-23 01:26:39.790 9 INFO neutron.services.segments.plugin [-] Segment bdba0050-404a-450f-8581-e5aa594132c7 resource provider not found; error: Placement Client Error (4xx): {"errors": [{"status": 404, "title": "Not Found", "detail": "The resource could not be found.\n\n No resource provider with uuid bdba0050-404a-450f-8581-e5aa594132c7 found for delete ", "request_id": "req-83d93a41-badc-4b37-adf7-54e2b109017a"}]}
2026-04-23 01:26:39.819 10 INFO neutron.wsgi [req-00a801da-9698-40a6-b8c6-09d8ddadd79d req-eca54f80-3ebb-47cf-95da-c33eabcff1a8 29246d7707804c21a7a6abb83b375478 e36ac9785029412eb81f58f936618bb5 - - default default] 10.0.0.146 "GET /v2.0/ports?device_id=0aec810e-83a8-4b38-ba4b-dface66dea69 HTTP/1.1" status: 200 len: 210 time: 0.0255778
2026-04-23 01:26:40.370 9 INFO neutron.wsgi [None req-547aa66b-aab6-4010-babc-2ef44abc6677 f2a0d13fe6a144d885c9efb0a1a999ea 95ec8f50052a49f9bb6d9eea4ccf7222 - - default default] 10.0.0.68 "PUT /v2.0/routers/7e40b6d4-322e-4573-965d-4d48ab75cd03/remove_router_interface HTTP/1.1" status: 200 len: 503 time: 0.8955302 /var/lib/openstack/lib/python3.10/site-packages/pycadf/identifier.py:71: UserWarning: Invalid uuid: neutron. To ensure interoperability, identifiers should be a valid uuid. warnings.warn(('Invalid uuid: %s. To ensure interoperability, '
2026-04-23 01:26:40.400 10 INFO neutron.db.ovn_revision_numbers_db [None req-91e42c17-2c42-47e3-bfee-04f68009687d 0eeba1160bdb41448461231bf3b2aee0 6a4ddc12ff6044efa6a6bd9b595174c8 - - default default] Successfully bumped revision number for resource ddc648c0-9cbf-4406-aca2-2e99acca0f4e (type: security_groups) to 1
2026-04-23 01:26:40.414 9 INFO neutron.wsgi [None req-8cfe9d2f-c0cf-4ab3-98f0-0e0d0929826c f2a0d13fe6a144d885c9efb0a1a999ea 95ec8f50052a49f9bb6d9eea4ccf7222 - - default default] 10.0.0.68 "GET /v2.0/ports?device_id=7e40b6d4-322e-4573-965d-4d48ab75cd03 HTTP/1.1" status: 200 len: 205 time: 0.0357647
2026-04-23 01:26:40.416 10 INFO neutron.db.ovn_revision_numbers_db [None req-91e42c17-2c42-47e3-bfee-04f68009687d 0eeba1160bdb41448461231bf3b2aee0 6a4ddc12ff6044efa6a6bd9b595174c8 - - default default] Successfully bumped revision number for resource 687f879a-fecd-4155-a751-451124241ec6 (type: security_group_rules) to 0
2026-04-23 01:26:40.431 10 INFO neutron.db.ovn_revision_numbers_db [None req-91e42c17-2c42-47e3-bfee-04f68009687d 0eeba1160bdb41448461231bf3b2aee0 6a4ddc12ff6044efa6a6bd9b595174c8 - - default default] Successfully bumped revision number for resource 76aa5855-1d76-47cc-a476-d7babecef631 (type: security_group_rules) to 0
2026-04-23 01:26:40.447 10 INFO neutron.db.ovn_revision_numbers_db [None req-91e42c17-2c42-47e3-bfee-04f68009687d 0eeba1160bdb41448461231bf3b2aee0 6a4ddc12ff6044efa6a6bd9b595174c8 - - default default] Successfully bumped revision number for resource e4e6ee62-e6a5-4f39-9434-501b991b0029 (type: security_group_rules) to 0
2026-04-23 01:26:40.462 10 INFO neutron.db.ovn_revision_numbers_db [None req-91e42c17-2c42-47e3-bfee-04f68009687d 0eeba1160bdb41448461231bf3b2aee0 6a4ddc12ff6044efa6a6bd9b595174c8 - - default default] Successfully bumped revision number for resource eb04b3cd-19f5-4677-952c-afac5e907181 (type: security_group_rules) to 0
2026-04-23 01:26:40.487 10 INFO neutron.wsgi [None req-91e42c17-2c42-47e3-bfee-04f68009687d 0eeba1160bdb41448461231bf3b2aee0 6a4ddc12ff6044efa6a6bd9b595174c8 - - default default] 10.0.0.68 "GET /v2.0/security-groups?tenant_id=e7a0a569d82e4228add73a7f65ea3427&name=default HTTP/1.1" status: 200 len: 3120 time: 0.3330948
2026-04-23 01:26:40.590 10 INFO neutron.wsgi [req-9ac38bcd-e360-415a-afab-434efe7d68c1 req-c7ce8106-32cd-4942-b85a-1c9894c331cc 29246d7707804c21a7a6abb83b375478 e36ac9785029412eb81f58f936618bb5 - - default default] 199.204.45.22 "GET /v2.0/networks?id=82525b75-b2cd-4ab5-9052-a742f0dd8f31 HTTP/1.1" status: 200 len: 859 time: 0.1065080
2026-04-23 01:26:40.668 10 INFO neutron.wsgi [req-9ac38bcd-e360-415a-afab-434efe7d68c1 req-a6cebcf1-9a4c-42a3-a77c-f3b45c43dafa 29246d7707804c21a7a6abb83b375478 e36ac9785029412eb81f58f936618bb5 - - default default] 199.204.45.22 "GET /v2.0/security-groups?fields=id&fields=name&tenant_id=e36ac9785029412eb81f58f936618bb5 HTTP/1.1" status: 200 len: 472 time: 0.0721388
2026-04-23 01:26:40.678 10 WARNING neutron_lib.context [req-9ac38bcd-e360-415a-afab-434efe7d68c1 req-058875d1-9c82-4dce-83e3-7d3d829d488f 29246d7707804c21a7a6abb83b375478 e36ac9785029412eb81f58f936618bb5 - - default default] Method 'is_advsvc' is deprecated since 2023.2 release (neutron-lib 3.8.0) and will be removed once support for the old RBAC API policies will be removed from Neutron. Please use method 'is_service_role' instead.
2026-04-23 01:26:40.703 9 INFO neutron.wsgi [None req-0f4c1cdf-6684-4e3d-9baa-025ac4bcdc1e f2a0d13fe6a144d885c9efb0a1a999ea 95ec8f50052a49f9bb6d9eea4ccf7222 - - default default] 10.0.0.68 "DELETE /v2.0/routers/7e40b6d4-322e-4573-965d-4d48ab75cd03 HTTP/1.1" status: 204 len: 168 time: 0.2821352
2026-04-23 01:26:40.787 10 INFO neutron.wsgi [None req-4c6e155c-fbce-4b77-9989-7c6cbdb8e828 0eeba1160bdb41448461231bf3b2aee0 6a4ddc12ff6044efa6a6bd9b595174c8 - - default default] 10.0.0.68 "DELETE /v2.0/security-groups/ddc648c0-9cbf-4406-aca2-2e99acca0f4e HTTP/1.1" status: 204 len: 168 time: 0.2872541
2026-04-23 01:26:40.912 10 INFO neutron.wsgi [req-7395c7f2-52cc-4eee-9898-66c516695af7 req-6db7be5c-6e3d-44f3-9881-5fe7b998968f 29246d7707804c21a7a6abb83b375478 e36ac9785029412eb81f58f936618bb5 - - default default] 10.0.0.146 "GET /v2.0/ports?device_id=0aec810e-83a8-4b38-ba4b-dface66dea69 HTTP/1.1" status: 200 len: 210 time: 0.0260220
2026-04-23 01:26:41.075 10 INFO neutron.db.ovn_revision_numbers_db [None req-c4f1e76c-f267-460e-8687-32bfb7687bdd 0eeba1160bdb41448461231bf3b2aee0 6a4ddc12ff6044efa6a6bd9b595174c8 - - default default] Successfully bumped revision number for resource 989dd2c6-576c-495e-894f-215cced3f28e (type: security_groups) to 1
2026-04-23 01:26:41.100 10 WARNING neutron.scheduler.dhcp_agent_scheduler [req-9ac38bcd-e360-415a-afab-434efe7d68c1 req-058875d1-9c82-4dce-83e3-7d3d829d488f 29246d7707804c21a7a6abb83b375478 e36ac9785029412eb81f58f936618bb5 - - default default] No more DHCP agents
2026-04-23 01:26:41.101 10 INFO neutron.db.ovn_revision_numbers_db [None req-c4f1e76c-f267-460e-8687-32bfb7687bdd 0eeba1160bdb41448461231bf3b2aee0 6a4ddc12ff6044efa6a6bd9b595174c8 - - default default] Successfully bumped revision number for resource a4f21e86-348f-4c08-93b7-9c7ace21f629 (type: security_group_rules) to 0
2026-04-23 01:26:41.103 10 WARNING neutron.api.rpc.agentnotifiers.dhcp_rpc_agent_api [req-9ac38bcd-e360-415a-afab-434efe7d68c1 req-058875d1-9c82-4dce-83e3-7d3d829d488f 29246d7707804c21a7a6abb83b375478 e36ac9785029412eb81f58f936618bb5 - - default default] Unable to schedule network 82525b75-b2cd-4ab5-9052-a742f0dd8f31: no agents available; will retry on subsequent port and subnet creation events.
2026-04-23 01:26:41.228 9 INFO neutron.wsgi [None req-e5ed72aa-032c-4544-afdd-035bc4436e93 f2a0d13fe6a144d885c9efb0a1a999ea 95ec8f50052a49f9bb6d9eea4ccf7222 - - default default] 10.0.0.68 "DELETE /v2.0/subnets/86eb5031-f962-4aca-943e-8d14723b9378 HTTP/1.1" status: 204 len: 168 time: 0.5186024
2026-04-23 01:26:41.390 10 INFO neutron.db.ovn_revision_numbers_db [None req-c4f1e76c-f267-460e-8687-32bfb7687bdd 0eeba1160bdb41448461231bf3b2aee0 6a4ddc12ff6044efa6a6bd9b595174c8 - - default default] Successfully bumped revision number for resource c969c129-947c-43f7-876e-85676f45d6d8 (type: security_group_rules) to 0
2026-04-23 01:26:41.413 10 INFO neutron.db.ovn_revision_numbers_db [None req-c4f1e76c-f267-460e-8687-32bfb7687bdd 0eeba1160bdb41448461231bf3b2aee0 6a4ddc12ff6044efa6a6bd9b595174c8 - - default default] Successfully bumped revision number for resource ca17d71a-7c1b-42a5-aa4b-2cfb16a7b938 (type: security_group_rules) to 0
2026-04-23 01:26:41.433 10 INFO neutron.db.ovn_revision_numbers_db [None req-c4f1e76c-f267-460e-8687-32bfb7687bdd 0eeba1160bdb41448461231bf3b2aee0 6a4ddc12ff6044efa6a6bd9b595174c8 - - default default] Successfully bumped revision number for resource fdc0e312-52b4-465b-ae3e-8a0b25925dce (type: security_group_rules) to 0
2026-04-23 01:26:41.460 9 INFO neutron.wsgi [None req-78d86d68-46c0-4c54-9673-59bbfea9f720 f2a0d13fe6a144d885c9efb0a1a999ea 95ec8f50052a49f9bb6d9eea4ccf7222 - - default default] 10.0.0.68 "DELETE /v2.0/subnets/8be1664e-99cd-4e77-8b1c-19116f722363 HTTP/1.1" status: 204 len: 168 time: 0.2279787
2026-04-23 01:26:41.470 10 INFO neutron.wsgi [None req-c4f1e76c-f267-460e-8687-32bfb7687bdd 0eeba1160bdb41448461231bf3b2aee0 6a4ddc12ff6044efa6a6bd9b595174c8 - - default default] 10.0.0.68 "GET /v2.0/security-groups?tenant_id=b0647d40329040b6b86cadc7b06f779f&name=default HTTP/1.1" status: 200 len: 3120 time: 0.5593660 /var/lib/openstack/lib/python3.10/site-packages/pycadf/identifier.py:71: UserWarning: Invalid uuid: neutron. To ensure interoperability, identifiers should be a valid uuid. warnings.warn(('Invalid uuid: %s. To ensure interoperability, '
2026-04-23 01:26:41.549 10 INFO neutron.db.ovn_revision_numbers_db [req-9ac38bcd-e360-415a-afab-434efe7d68c1 req-058875d1-9c82-4dce-83e3-7d3d829d488f 29246d7707804c21a7a6abb83b375478 e36ac9785029412eb81f58f936618bb5 - - default default] Successfully bumped revision number for resource d8d9ad88-072d-4002-a919-d3e3dbda663b (type: ports) to 1
2026-04-23 01:26:41.584 10 INFO neutron.wsgi [req-9ac38bcd-e360-415a-afab-434efe7d68c1 req-058875d1-9c82-4dce-83e3-7d3d829d488f 29246d7707804c21a7a6abb83b375478 e36ac9785029412eb81f58f936618bb5 - - default default] 199.204.45.22 "POST /v2.0/ports HTTP/1.1" status: 201 len: 1162 time: 0.9094570
2026-04-23 01:26:41.626 9 WARNING neutron_lib.context [None req-47f7c3e8-a9ba-4738-b64f-cb335497bb6e b9b03075da2c458191c28d2ccc2c752f 5eadf967d1b34da2852abccad904fa40 - - default default] Method 'is_advsvc' is deprecated since 2023.2 release (neutron-lib 3.8.0) and will be removed once support for the old RBAC API policies will be removed from Neutron. Please use method 'is_service_role' instead.
2026-04-23 01:26:41.626 9 WARNING neutron_lib.context [None req-47f7c3e8-a9ba-4738-b64f-cb335497bb6e b9b03075da2c458191c28d2ccc2c752f 5eadf967d1b34da2852abccad904fa40 - - default default] Method 'is_advsvc' is deprecated since 2023.2 release (neutron-lib 3.8.0) and will be removed once support for the old RBAC API policies will be removed from Neutron. Please use method 'is_service_role' instead.
2026-04-23 01:26:41.786 10 INFO neutron.wsgi [None req-2177c3f0-45ea-4535-a48c-ad6d0021b484 0eeba1160bdb41448461231bf3b2aee0 6a4ddc12ff6044efa6a6bd9b595174c8 - - default default] 10.0.0.68 "DELETE /v2.0/security-groups/989dd2c6-576c-495e-894f-215cced3f28e HTTP/1.1" status: 204 len: 168 time: 0.3106875
2026-04-23 01:26:41.808 9 INFO neutron.db.ovn_revision_numbers_db [None req-47f7c3e8-a9ba-4738-b64f-cb335497bb6e b9b03075da2c458191c28d2ccc2c752f 5eadf967d1b34da2852abccad904fa40 - - default default] Successfully bumped revision number for resource b3d85d39-4267-4910-b8e2-d79a8d257ecc (type: security_groups) to 1
2026-04-23 01:26:41.824 9 INFO neutron.db.ovn_revision_numbers_db [None req-47f7c3e8-a9ba-4738-b64f-cb335497bb6e b9b03075da2c458191c28d2ccc2c752f 5eadf967d1b34da2852abccad904fa40 - - default default] Successfully bumped revision number for resource 18d0aa17-a752-495c-85f0-fb0655026521 (type: security_group_rules) to 0
2026-04-23 01:26:41.854 9 INFO neutron.services.segments.plugin [-] Segment 2389f290-b8a7-4457-ab6c-cecb59361b4b resource provider aggregate not found
2026-04-23 01:26:41.859 9 INFO neutron.services.segments.plugin [-] Segment 2389f290-b8a7-4457-ab6c-cecb59361b4b resource provider aggregate not found
2026-04-23 01:26:41.862 9 INFO neutron.db.ovn_revision_numbers_db [None req-47f7c3e8-a9ba-4738-b64f-cb335497bb6e b9b03075da2c458191c28d2ccc2c752f 5eadf967d1b34da2852abccad904fa40 - - default default] Successfully bumped revision number for resource 466de907-13c4-42f9-b686-6fe54e86beb9 (type: security_group_rules) to 0
2026-04-23 01:26:41.870 9 INFO neutron.services.segments.plugin [-] Segment 2389f290-b8a7-4457-ab6c-cecb59361b4b resource provider not found; error: Placement Client Error (4xx): {"errors": [{"status": 404, "title": "Not Found", "detail": "The resource could not be found.\n\n No resource provider with uuid 2389f290-b8a7-4457-ab6c-cecb59361b4b found for delete ", "request_id": "req-8d4eee8e-7a03-45a0-b818-73d13f0f5e41"}]}
2026-04-23 01:26:41.877 9 INFO neutron.services.segments.plugin [-] Segment 2389f290-b8a7-4457-ab6c-cecb59361b4b resource provider not found; error: Placement Client Error (4xx): {"errors": [{"status": 404, "title": "Not Found", "detail": "The resource could not be found.\n\n No resource provider with uuid 2389f290-b8a7-4457-ab6c-cecb59361b4b found for delete ", "request_id": "req-74b66219-562d-460e-9c33-d4d35b8becd3"}]}
2026-04-23 01:26:41.880 9 INFO neutron.db.ovn_revision_numbers_db [None req-47f7c3e8-a9ba-4738-b64f-cb335497bb6e b9b03075da2c458191c28d2ccc2c752f 5eadf967d1b34da2852abccad904fa40 - - default default] Successfully bumped revision number for resource d7a21abe-1695-486b-ad1f-206c79bbdd82 (type: security_group_rules) to 0
2026-04-23 01:26:41.901 9 INFO neutron.wsgi [None req-06f7c85e-a88a-41b1-a043-eb255e587a74 f2a0d13fe6a144d885c9efb0a1a999ea 95ec8f50052a49f9bb6d9eea4ccf7222 - - default default] 10.0.0.68 "DELETE /v2.0/networks/cf670cef-e827-4785-b338-c4a45a11f373 HTTP/1.1" status: 204 len: 168 time: 0.4364257
2026-04-23 01:26:41.902 9 INFO neutron.db.ovn_revision_numbers_db [None req-47f7c3e8-a9ba-4738-b64f-cb335497bb6e b9b03075da2c458191c28d2ccc2c752f 5eadf967d1b34da2852abccad904fa40 - - default default] Successfully bumped revision number for resource f2e67f53-9ae0-411c-8faa-3d9e7efdde5c (type: security_group_rules) to 0 /var/lib/openstack/lib/python3.10/site-packages/pycadf/identifier.py:71: UserWarning: Invalid uuid: neutron. To ensure interoperability, identifiers should be a valid uuid. warnings.warn(('Invalid uuid: %s. To ensure interoperability, '
2026-04-23 01:26:41.999 9 INFO neutron.db.segments_db [None req-47f7c3e8-a9ba-4738-b64f-cb335497bb6e b9b03075da2c458191c28d2ccc2c752f 5eadf967d1b34da2852abccad904fa40 - - default default] Added segment 48f3317e-291f-49be-923d-ee522f170294 of type geneve for network b25c4b90-45a5-452c-85d2-3bd8dd5c3652
2026-04-23 01:26:42.042 10 INFO neutron.wsgi [req-e8b0c6e2-e3d3-46c9-b4c1-f7642c497c4c req-7ef94821-90a7-4dbd-a781-6a6ef355bd10 29246d7707804c21a7a6abb83b375478 e36ac9785029412eb81f58f936618bb5 - - default default] 10.0.0.146 "GET /v2.0/ports?device_id=0aec810e-83a8-4b38-ba4b-dface66dea69 HTTP/1.1" status: 200 len: 1172 time: 0.0656588
2026-04-23 01:26:42.105 10 INFO neutron.wsgi [req-e8b0c6e2-e3d3-46c9-b4c1-f7642c497c4c req-513df363-b727-41e1-8b02-429b8d7bd2a7 29246d7707804c21a7a6abb83b375478 e36ac9785029412eb81f58f936618bb5 - - default default] 10.0.0.146 "GET /v2.0/security-groups?id=ada033dd-0892-430d-8dff-8b3d891a51e7&fields=id&fields=name HTTP/1.1" status: 200 len: 312 time: 0.0517690
2026-04-23 01:26:42.111 10 INFO neutron.db.ovn_revision_numbers_db [req-9ac38bcd-e360-415a-afab-434efe7d68c1 req-64e540bd-417e-4d64-9aed-1147e41e7a9b 42cf36478136434db3270fcbc5344f56 b9ee4f74b5054b83875cc34b12576d9f - - a7ed30a739404a2197aa32eb983b8e68 a7ed30a739404a2197aa32eb983b8e68] Successfully bumped revision number for resource d8d9ad88-072d-4002-a919-d3e3dbda663b (type: ports) to 2
2026-04-23 01:26:42.151 9 INFO neutron.db.ovn_revision_numbers_db [None req-7901d53a-e8e2-4bbd-a46e-ce648e3833ad 0eeba1160bdb41448461231bf3b2aee0 6a4ddc12ff6044efa6a6bd9b595174c8 - - default default] Successfully bumped revision number for resource 223480ca-aebc-40e2-a857-4dba9f4227aa (type: security_groups) to 1
2026-04-23 01:26:42.154 9 INFO neutron.db.segments_db [None req-47f7c3e8-a9ba-4738-b64f-cb335497bb6e b9b03075da2c458191c28d2ccc2c752f 5eadf967d1b34da2852abccad904fa40 - - default default] Added segment 6f6ba18f-942a-4994-8d48-5e64b7ad3a27 of type geneve for network 4a3df1d3-b691-4b64-86fe-1e6402e98c3a
2026-04-23 01:26:42.176 9 INFO neutron.db.ovn_revision_numbers_db [None req-7901d53a-e8e2-4bbd-a46e-ce648e3833ad 0eeba1160bdb41448461231bf3b2aee0 6a4ddc12ff6044efa6a6bd9b595174c8 - - default default] Successfully bumped revision number for resource 590b6729-1af4-4678-b7aa-e0a6af962737 (type: security_group_rules) to 0
2026-04-23 01:26:42.213 9 INFO neutron.db.ovn_revision_numbers_db [None req-7901d53a-e8e2-4bbd-a46e-ce648e3833ad 0eeba1160bdb41448461231bf3b2aee0 6a4ddc12ff6044efa6a6bd9b595174c8 - - default default] Successfully bumped revision number for resource ac680481-7f00-4e98-bae1-984b886bb026 (type: security_group_rules) to 0
2026-04-23 01:26:42.245 9 INFO neutron.db.ovn_revision_numbers_db [None req-7901d53a-e8e2-4bbd-a46e-ce648e3833ad 0eeba1160bdb41448461231bf3b2aee0 6a4ddc12ff6044efa6a6bd9b595174c8 - - default default] Successfully bumped revision number for resource e361ebf7-4894-4c2c-be0f-4f4b4a1dc98f (type: security_group_rules) to 0
2026-04-23 01:26:42.276 9 INFO neutron.db.ovn_revision_numbers_db [None req-7901d53a-e8e2-4bbd-a46e-ce648e3833ad 0eeba1160bdb41448461231bf3b2aee0 6a4ddc12ff6044efa6a6bd9b595174c8 - - default default] Successfully bumped revision number for resource f7d15169-0778-483c-8967-fde2001bcd66 (type: security_group_rules) to 0
2026-04-23 01:26:42.314 10 INFO neutron.db.ovn_revision_numbers_db [req-9ac38bcd-e360-415a-afab-434efe7d68c1 req-64e540bd-417e-4d64-9aed-1147e41e7a9b 42cf36478136434db3270fcbc5344f56 b9ee4f74b5054b83875cc34b12576d9f - - a7ed30a739404a2197aa32eb983b8e68 a7ed30a739404a2197aa32eb983b8e68] Successfully bumped revision number for resource d8d9ad88-072d-4002-a919-d3e3dbda663b (type: ports) to 2
2026-04-23 01:26:42.331 9 INFO neutron.wsgi [None req-7901d53a-e8e2-4bbd-a46e-ce648e3833ad 0eeba1160bdb41448461231bf3b2aee0 6a4ddc12ff6044efa6a6bd9b595174c8 - - default default] 10.0.0.68 "GET /v2.0/security-groups?tenant_id=cc45f2ac8365498cb3b8bc1e79ffcce8&name=default HTTP/1.1" status: 200 len: 3120 time: 0.3714271
2026-04-23 01:26:42.333 10 INFO neutron.wsgi [req-9ac38bcd-e360-415a-afab-434efe7d68c1 req-64e540bd-417e-4d64-9aed-1147e41e7a9b 42cf36478136434db3270fcbc5344f56 b9ee4f74b5054b83875cc34b12576d9f - - a7ed30a739404a2197aa32eb983b8e68 a7ed30a739404a2197aa32eb983b8e68] 199.204.45.22 "PUT /v2.0/ports/d8d9ad88-072d-4002-a919-d3e3dbda663b HTTP/1.1" status: 200 len: 1380 time: 0.7414176
2026-04-23 01:26:42.362 9 INFO neutron.db.ovn_revision_numbers_db [None req-47f7c3e8-a9ba-4738-b64f-cb335497bb6e b9b03075da2c458191c28d2ccc2c752f 5eadf967d1b34da2852abccad904fa40 - - default default] Successfully bumped revision number for resource b25c4b90-45a5-452c-85d2-3bd8dd5c3652 (type: networks) to 1
2026-04-23 01:26:42.373 10 INFO neutron.notifiers.nova [-] Nova event matching ['req-2d2ba765-a92e-4009-9bf6-63cebd14d8f4'] response: {'name': 'network-changed', 'server_uuid': '0aec810e-83a8-4b38-ba4b-dface66dea69', 'tag': 'd8d9ad88-072d-4002-a919-d3e3dbda663b', 'status': 'completed', 'code': 200} /var/lib/openstack/lib/python3.10/site-packages/pycadf/identifier.py:71: UserWarning: Invalid uuid: neutron. To ensure interoperability, identifiers should be a valid uuid. warnings.warn(('Invalid uuid: %s. To ensure interoperability, '
2026-04-23 01:26:42.437 10 INFO neutron.wsgi [req-9ac38bcd-e360-415a-afab-434efe7d68c1 req-f42b3fa0-ce75-4935-b2ca-f68832842031 42cf36478136434db3270fcbc5344f56 b9ee4f74b5054b83875cc34b12576d9f - - a7ed30a739404a2197aa32eb983b8e68 a7ed30a739404a2197aa32eb983b8e68] 199.204.45.22 "GET /v2.0/ports?tenant_id=e36ac9785029412eb81f58f936618bb5&device_id=0aec810e-83a8-4b38-ba4b-dface66dea69 HTTP/1.1" status: 200 len: 1411 time: 0.0414495
2026-04-23 01:26:42.464 10 INFO neutron.wsgi [req-9ac38bcd-e360-415a-afab-434efe7d68c1 req-acc3f181-abaa-4ee1-a3f0-2b89e0c97ab5 42cf36478136434db3270fcbc5344f56 b9ee4f74b5054b83875cc34b12576d9f - - a7ed30a739404a2197aa32eb983b8e68 a7ed30a739404a2197aa32eb983b8e68] 199.204.45.22 "GET /v2.0/floatingips?fixed_ip_address=10.100.0.12&port_id=d8d9ad88-072d-4002-a919-d3e3dbda663b HTTP/1.1" status: 200 len: 217 time: 0.0193369
2026-04-23 01:26:42.502 10 INFO neutron.wsgi [req-9ac38bcd-e360-415a-afab-434efe7d68c1 req-12e11ca7-6ab0-4a51-b380-31869be67ab3 42cf36478136434db3270fcbc5344f56 b9ee4f74b5054b83875cc34b12576d9f - - a7ed30a739404a2197aa32eb983b8e68 a7ed30a739404a2197aa32eb983b8e68] 199.204.45.22 "GET /v2.0/subnets?id=12be739e-0a0b-4de6-951a-3b06c683d7af HTTP/1.1" status: 200 len: 853 time: 0.0308928
2026-04-23 01:26:42.531 10 INFO neutron.wsgi [req-9ac38bcd-e360-415a-afab-434efe7d68c1 req-d6bdce74-29f3-43da-8c08-fb5123763d91 42cf36478136434db3270fcbc5344f56 b9ee4f74b5054b83875cc34b12576d9f - - a7ed30a739404a2197aa32eb983b8e68 a7ed30a739404a2197aa32eb983b8e68] 199.204.45.22 "GET /v2.0/ports?network_id=82525b75-b2cd-4ab5-9052-a742f0dd8f31&device_owner=network%3Adhcp HTTP/1.1" status: 200 len: 210 time: 0.0217702
2026-04-23 01:26:42.607 9 INFO neutron.wsgi [None req-2c679182-92dd-4c60-a7be-36d9c61f9826 f2a0d13fe6a144d885c9efb0a1a999ea 95ec8f50052a49f9bb6d9eea4ccf7222 - - default default] 10.0.0.68 "DELETE /v2.0/networks/f2275cf0-d05d-4cba-88f0-290240363feb HTTP/1.1" status: 204 len: 168 time: 0.6834145
2026-04-23 01:26:42.608 10 INFO neutron.wsgi [req-9ac38bcd-e360-415a-afab-434efe7d68c1 req-55cf434e-489a-4f03-95ff-14024f9dc71d 42cf36478136434db3270fcbc5344f56 b9ee4f74b5054b83875cc34b12576d9f - - a7ed30a739404a2197aa32eb983b8e68 a7ed30a739404a2197aa32eb983b8e68] 199.204.45.22 "GET /v2.0/networks/82525b75-b2cd-4ab5-9052-a742f0dd8f31?fields=segments HTTP/1.1" status: 200 len: 212 time: 0.0700176
2026-04-23 01:26:42.617 10 WARNING neutron_lib.context [None req-32787ab7-2fc4-457f-bb4d-715d43b75185 f2a0d13fe6a144d885c9efb0a1a999ea 95ec8f50052a49f9bb6d9eea4ccf7222 - - default default] Method 'is_advsvc' is deprecated since 2023.2 release (neutron-lib 3.8.0) and will be removed once support for the old RBAC API policies will be removed from Neutron. Please use method 'is_service_role' instead.
2026-04-23 01:26:42.643 9 WARNING neutron.scheduler.dhcp_agent_scheduler [None req-47f7c3e8-a9ba-4738-b64f-cb335497bb6e b9b03075da2c458191c28d2ccc2c752f 5eadf967d1b34da2852abccad904fa40 - - default default] No more DHCP agents
2026-04-23 01:26:42.647 9 WARNING neutron.api.rpc.agentnotifiers.dhcp_rpc_agent_api [None req-47f7c3e8-a9ba-4738-b64f-cb335497bb6e b9b03075da2c458191c28d2ccc2c752f 5eadf967d1b34da2852abccad904fa40 - - default default] Unable to schedule network b25c4b90-45a5-452c-85d2-3bd8dd5c3652: no agents available; will retry on subsequent port and subnet creation events.
2026-04-23 01:26:42.712 10 INFO neutron.wsgi [req-9ac38bcd-e360-415a-afab-434efe7d68c1 req-55a1c8f5-eece-40b0-8349-4181aab459ef 42cf36478136434db3270fcbc5344f56 b9ee4f74b5054b83875cc34b12576d9f - - a7ed30a739404a2197aa32eb983b8e68 a7ed30a739404a2197aa32eb983b8e68] 199.204.45.22 "GET /v2.0/networks/82525b75-b2cd-4ab5-9052-a742f0dd8f31?fields=provider%3Aphysical_network&fields=provider%3Anetwork_type HTTP/1.1" status: 200 len: 277 time: 0.0908892
2026-04-23 01:26:42.728 9 INFO neutron.db.ovn_revision_numbers_db [None req-47f7c3e8-a9ba-4738-b64f-cb335497bb6e b9b03075da2c458191c28d2ccc2c752f 5eadf967d1b34da2852abccad904fa40 - - default default] Successfully bumped revision number for resource 84165d81-3268-46db-984d-50a2ae1f44ae (type: ports) to 1
2026-04-23 01:26:42.739 9 INFO neutron.wsgi [None req-8569a422-cbce-45e2-aa10-c4f23d367542 0eeba1160bdb41448461231bf3b2aee0 6a4ddc12ff6044efa6a6bd9b595174c8 - - default default] 10.0.0.68 "DELETE /v2.0/security-groups/223480ca-aebc-40e2-a857-4dba9f4227aa HTTP/1.1" status: 204 len: 168 time: 0.4018502
2026-04-23 01:26:42.750 10 INFO neutron.db.segments_db [None req-32787ab7-2fc4-457f-bb4d-715d43b75185 f2a0d13fe6a144d885c9efb0a1a999ea 95ec8f50052a49f9bb6d9eea4ccf7222 - - default default] Added segment 50938297-558f-4f8f-b7ad-0e01d13c98f8 of type geneve for network 65c1f000-eb7b-4cd0-9994-910ec53283d2
2026-04-23 01:26:42.801 9 INFO neutron.db.ovn_revision_numbers_db [None req-47f7c3e8-a9ba-4738-b64f-cb335497bb6e b9b03075da2c458191c28d2ccc2c752f 5eadf967d1b34da2852abccad904fa40 - - default default] Successfully bumped revision number for resource 4a3df1d3-b691-4b64-86fe-1e6402e98c3a (type: networks) to 1
2026-04-23 01:26:42.821 10 INFO neutron.wsgi [req-1370209a-9a74-4849-a0c7-8703a2b54cfa req-1d03e8ac-9fe5-41c6-85a1-34eb987c7758 42cf36478136434db3270fcbc5344f56 b9ee4f74b5054b83875cc34b12576d9f - - a7ed30a739404a2197aa32eb983b8e68 a7ed30a739404a2197aa32eb983b8e68] 199.204.45.22 "GET /v2.0/ports?tenant_id=e36ac9785029412eb81f58f936618bb5&device_id=0aec810e-83a8-4b38-ba4b-dface66dea69 HTTP/1.1" status: 200 len: 1411 time: 0.0651331
2026-04-23 01:26:42.953 10 INFO neutron.wsgi [req-1370209a-9a74-4849-a0c7-8703a2b54cfa req-5a91eaa5-428c-493d-ac72-57b7f9e7200e 42cf36478136434db3270fcbc5344f56 b9ee4f74b5054b83875cc34b12576d9f - - a7ed30a739404a2197aa32eb983b8e68 a7ed30a739404a2197aa32eb983b8e68] 199.204.45.22 "GET /v2.0/networks?id=82525b75-b2cd-4ab5-9052-a742f0dd8f31 HTTP/1.1" status: 200 len: 958 time: 0.1219096
2026-04-23 01:26:42.990 10 INFO neutron.db.ovn_revision_numbers_db [None req-32787ab7-2fc4-457f-bb4d-715d43b75185 f2a0d13fe6a144d885c9efb0a1a999ea 95ec8f50052a49f9bb6d9eea4ccf7222 - - default default] Successfully bumped revision number for resource 65c1f000-eb7b-4cd0-9994-910ec53283d2 (type: networks) to 1
2026-04-23 01:26:42.993 10 INFO neutron.wsgi [req-1370209a-9a74-4849-a0c7-8703a2b54cfa req-40c44e77-ed5c-4d31-80cb-ffb3d5adc3b7 42cf36478136434db3270fcbc5344f56 b9ee4f74b5054b83875cc34b12576d9f - - a7ed30a739404a2197aa32eb983b8e68 a7ed30a739404a2197aa32eb983b8e68] 199.204.45.22 "GET /v2.0/floatingips?fixed_ip_address=10.100.0.12&port_id=d8d9ad88-072d-4002-a919-d3e3dbda663b HTTP/1.1" status: 200 len: 217 time: 0.0294030
2026-04-23 01:26:43.031 9 WARNING neutron.scheduler.dhcp_agent_scheduler [None req-47f7c3e8-a9ba-4738-b64f-cb335497bb6e b9b03075da2c458191c28d2ccc2c752f 5eadf967d1b34da2852abccad904fa40 - - default default] No more DHCP agents
2026-04-23 01:26:43.034 9 WARNING neutron.api.rpc.agentnotifiers.dhcp_rpc_agent_api [None req-47f7c3e8-a9ba-4738-b64f-cb335497bb6e b9b03075da2c458191c28d2ccc2c752f 5eadf967d1b34da2852abccad904fa40 - - default default] Unable to schedule network 4a3df1d3-b691-4b64-86fe-1e6402e98c3a: no agents available; will retry on subsequent port and subnet creation events.
2026-04-23 01:26:43.052 10 INFO neutron.wsgi [req-1370209a-9a74-4849-a0c7-8703a2b54cfa req-5df5c47e-b4e0-466d-9e50-33334d40d288 42cf36478136434db3270fcbc5344f56 b9ee4f74b5054b83875cc34b12576d9f - - a7ed30a739404a2197aa32eb983b8e68 a7ed30a739404a2197aa32eb983b8e68] 199.204.45.22 "GET /v2.0/subnets?id=12be739e-0a0b-4de6-951a-3b06c683d7af HTTP/1.1" status: 200 len: 853 time: 0.0460978
2026-04-23 01:26:43.092 10 INFO neutron.wsgi [req-1370209a-9a74-4849-a0c7-8703a2b54cfa req-2d3234e0-9202-448c-ade4-4d0d0f17562e 42cf36478136434db3270fcbc5344f56 b9ee4f74b5054b83875cc34b12576d9f - - a7ed30a739404a2197aa32eb983b8e68 a7ed30a739404a2197aa32eb983b8e68] 199.204.45.22 "GET /v2.0/ports?network_id=82525b75-b2cd-4ab5-9052-a742f0dd8f31&device_owner=network%3Adhcp HTTP/1.1" status: 200 len: 210 time: 0.0336194
2026-04-23 01:26:43.118 9 INFO neutron.db.ovn_revision_numbers_db [None req-47f7c3e8-a9ba-4738-b64f-cb335497bb6e b9b03075da2c458191c28d2ccc2c752f 5eadf967d1b34da2852abccad904fa40 - - default default] Successfully bumped revision number for resource d65f79f6-3638-4b98-8b3c-d9d243b0afaa (type: ports) to 1
2026-04-23 01:26:43.140 9 INFO neutron.wsgi [None req-47f7c3e8-a9ba-4738-b64f-cb335497bb6e b9b03075da2c458191c28d2ccc2c752f 5eadf967d1b34da2852abccad904fa40 - - default default] 10.0.0.68 "POST /v2.0/networks HTTP/1.1" status: 201 len: 1445 time: 1.6982803
2026-04-23 01:26:43.213 10 INFO neutron.wsgi [req-1370209a-9a74-4849-a0c7-8703a2b54cfa req-3227d7c1-fc6a-4643-8b7d-1a54d661521b 42cf36478136434db3270fcbc5344f56 b9ee4f74b5054b83875cc34b12576d9f - - a7ed30a739404a2197aa32eb983b8e68 a7ed30a739404a2197aa32eb983b8e68] 199.204.45.22 "GET /v2.0/networks/82525b75-b2cd-4ab5-9052-a742f0dd8f31?fields=segments HTTP/1.1" status: 200 len: 212 time: 0.1099074
2026-04-23 01:26:43.238 10 INFO neutron.wsgi [req-d5dd2b38-f355-4f6b-b3bc-d5c740b53eb8 req-0df6f3c6-78df-42a9-8345-02654a0dbc92 29246d7707804c21a7a6abb83b375478 e36ac9785029412eb81f58f936618bb5 - - default default] 10.0.0.146 "GET /v2.0/ports?device_id=0aec810e-83a8-4b38-ba4b-dface66dea69 HTTP/1.1" status: 200 len: 1172 time: 0.0615690
2026-04-23 01:26:43.243 9 INFO neutron.wsgi [None req-d7958240-35ed-45f0-a55b-74d617c58a0f b9b03075da2c458191c28d2ccc2c752f 5eadf967d1b34da2852abccad904fa40 - - default default] 10.0.0.68 "GET /v2.0/networks HTTP/1.1" status: 200 len: 2051 time: 0.0981832
2026-04-23 01:26:43.296 10 WARNING neutron.scheduler.dhcp_agent_scheduler [None req-32787ab7-2fc4-457f-bb4d-715d43b75185 f2a0d13fe6a144d885c9efb0a1a999ea 95ec8f50052a49f9bb6d9eea4ccf7222 - - default default] No more DHCP agents
2026-04-23 01:26:43.312 10 WARNING neutron.api.rpc.agentnotifiers.dhcp_rpc_agent_api [None req-32787ab7-2fc4-457f-bb4d-715d43b75185 f2a0d13fe6a144d885c9efb0a1a999ea 95ec8f50052a49f9bb6d9eea4ccf7222 - - default default] Unable to schedule network 65c1f000-eb7b-4cd0-9994-910ec53283d2: no agents available; will retry on subsequent port and subnet creation events.
2026-04-23 01:26:43.330 10 INFO neutron.wsgi [req-d5dd2b38-f355-4f6b-b3bc-d5c740b53eb8 req-7af5386b-1ee5-426d-ba96-fb94c29850b2 29246d7707804c21a7a6abb83b375478 e36ac9785029412eb81f58f936618bb5 - - default default] 10.0.0.146 "GET /v2.0/security-groups?id=ada033dd-0892-430d-8dff-8b3d891a51e7&fields=id&fields=name HTTP/1.1" status: 200 len: 312 time: 0.0847189
2026-04-23 01:26:43.333 10 INFO neutron.wsgi [req-1370209a-9a74-4849-a0c7-8703a2b54cfa req-a378ba57-3763-4833-8d2e-a0d40e672384 42cf36478136434db3270fcbc5344f56 b9ee4f74b5054b83875cc34b12576d9f - - a7ed30a739404a2197aa32eb983b8e68 a7ed30a739404a2197aa32eb983b8e68] 199.204.45.22 "GET /v2.0/networks/82525b75-b2cd-4ab5-9052-a742f0dd8f31?fields=provider%3Aphysical_network&fields=provider%3Anetwork_type HTTP/1.1" status: 200 len: 277 time: 0.1152639
2026-04-23 01:26:43.432 10 INFO neutron.db.ovn_revision_numbers_db [None req-32787ab7-2fc4-457f-bb4d-715d43b75185 f2a0d13fe6a144d885c9efb0a1a999ea 95ec8f50052a49f9bb6d9eea4ccf7222 - - default default] Successfully bumped revision number for resource b1477ab7-28b7-4d94-a520-56fdd98125eb (type: ports) to 1
