2026-04-23 01:24:15.194 9 ERROR ovsdbapp.backend.ovs_idl.command raise RowNotFound(table=table, col=column, match=match)
2026-04-23 01:24:15.194 9 ERROR ovsdbapp.backend.ovs_idl.command ovsdbapp.backend.ovs_idl.idlutils.RowNotFound: Cannot find Logical_Router_Port with name=lrp-4f2467b3-f5f6-4eba-ad72-f35dc1537334
2026-04-23 01:24:15.194 9 ERROR ovsdbapp.backend.ovs_idl.command 
2026-04-23 01:24:15.194 9 ERROR neutron_lib.callbacks.manager [None req-c612d61b-d3dc-4239-bb0f-a4f800aee0c2 0eeba1160bdb41448461231bf3b2aee0 6a4ddc12ff6044efa6a6bd9b595174c8 - - default default] Error during notification for neutron.services.ovn_l3.plugin.OVNL3RouterPlugin._port_update-8756655709935 port, after_update: ovsdbapp.backend.ovs_idl.idlutils.RowNotFound: Cannot find Logical_Router_Port with name=lrp-4f2467b3-f5f6-4eba-ad72-f35dc1537334
2026-04-23 01:24:15.194 9 ERROR neutron_lib.callbacks.manager
Traceback (most recent call last):
2026-04-23 01:24:15.194 9 ERROR neutron_lib.callbacks.manager
File "/var/lib/openstack/lib/python3.10/site-packages/neutron_lib/callbacks/manager.py", line 189, in _notify_loop
2026-04-23 01:24:15.194 9 ERROR neutron_lib.callbacks.manager callback.method(resource, event, trigger, payload=payload)
2026-04-23 01:24:15.194 9 ERROR neutron_lib.callbacks.manager
File "/var/lib/openstack/lib/python3.10/site-packages/neutron/services/ovn_l3/plugin.py", line 391, in _port_update
2026-04-23 01:24:15.194 9 ERROR neutron_lib.callbacks.manager l3plugin._ovn_client.update_router_port(context,
2026-04-23 01:24:15.194 9 ERROR neutron_lib.callbacks.manager
File "/var/lib/openstack/lib/python3.10/site-packages/neutron/plugins/ml2/drivers/ovn/mech_driver/ovsdb/ovn_client.py", line 1878, in update_router_port
2026-04-23 01:24:15.194 9 ERROR neutron_lib.callbacks.manager self._update_lrouter_port(context, port, if_exists=if_exists,
2026-04-23 01:24:15.194 9 ERROR neutron_lib.callbacks.manager
File "/var/lib/openstack/lib/python3.10/site-packages/neutron/plugins/ml2/drivers/ovn/mech_driver/ovsdb/ovn_client.py", line 1855, in _update_lrouter_port
2026-04-23 01:24:15.194 9 ERROR neutron_lib.callbacks.manager external_ids = self._nb_idl.db_get(
2026-04-23 01:24:15.194 9 ERROR neutron_lib.callbacks.manager
File "/var/lib/openstack/lib/python3.10/site-packages/ovsdbapp/backend/ovs_idl/command.py", line 47, in execute
2026-04-23 01:24:15.194 9 ERROR neutron_lib.callbacks.manager self.run_idl(None)
2026-04-23 01:24:15.194 9 ERROR neutron_lib.callbacks.manager
File "/var/lib/openstack/lib/python3.10/site-packages/ovsdbapp/backend/ovs_idl/command.py", line 235, in run_idl
2026-04-23 01:24:15.194 9 ERROR neutron_lib.callbacks.manager record = self.api.lookup(self.table, self.record)
2026-04-23 01:24:15.194 9 ERROR neutron_lib.callbacks.manager
File "/var/lib/openstack/lib/python3.10/site-packages/ovsdbapp/backend/ovs_idl/__init__.py", line 184, in lookup
2026-04-23 01:24:15.194 9 ERROR neutron_lib.callbacks.manager return self._lookup(table, record)
2026-04-23 01:24:15.194 9 ERROR neutron_lib.callbacks.manager
File "/var/lib/openstack/lib/python3.10/site-packages/ovsdbapp/backend/ovs_idl/__init__.py", line 235, in _lookup
2026-04-23 01:24:15.194 9 ERROR neutron_lib.callbacks.manager row = idlutils.row_by_value(self, rl.table, rl.column, record)
2026-04-23 01:24:15.194 9 ERROR neutron_lib.callbacks.manager
File "/var/lib/openstack/lib/python3.10/site-packages/ovsdbapp/backend/ovs_idl/idlutils.py", line 114, in row_by_value
2026-04-23 01:24:15.194 9 ERROR neutron_lib.callbacks.manager raise RowNotFound(table=table, col=column, match=match)
2026-04-23 01:24:15.194 9 ERROR neutron_lib.callbacks.manager ovsdbapp.backend.ovs_idl.idlutils.RowNotFound: Cannot find Logical_Router_Port with name=lrp-4f2467b3-f5f6-4eba-ad72-f35dc1537334
2026-04-23 01:24:15.194 9 ERROR neutron_lib.callbacks.manager 
2026-04-23 01:24:15.523 9 INFO neutron.plugins.ml2.drivers.ovn.mech_driver.mech_driver [-] OVN reports status up for port: 4f2467b3-f5f6-4eba-ad72-f35dc1537334
2026-04-23 01:24:15.534 9 INFO neutron.plugins.ml2.plugin [None req-3fc36076-e92a-4a78-9ce5-9190947797b2 - - - - - -] Attempt 1 to provision port 4f2467b3-f5f6-4eba-ad72-f35dc1537334
2026-04-23 01:24:15.578 9 INFO neutron.db.ovn_revision_numbers_db [None req-c612d61b-d3dc-4239-bb0f-a4f800aee0c2 0eeba1160bdb41448461231bf3b2aee0 6a4ddc12ff6044efa6a6bd9b595174c8 - - default default] Successfully bumped revision number for resource 4f2467b3-f5f6-4eba-ad72-f35dc1537334 (type: ports) to 1
2026-04-23 01:24:15.694 10 INFO neutron.plugins.ml2.drivers.ovn.mech_driver.ovsdb.commands [None req-e0086d83-6f42-4774-8d51-14c11e9467ca - - - - - -] Schedule LRP lrp-04f08172-97fe-471a-96e6-460b47d5676e on gateway e3fae03a-740d-4cf2-8c34-fbdd765be0bb with priority 1
2026-04-23 01:24:15.727 9 INFO neutron.plugins.ml2.drivers.ovn.mech_driver.ovsdb.ovsdb_monitor [-] Router a8dbd3c6-248c-403a-bc2f-bfc90ca8c0c5 is bound to host instance
2026-04-23 01:24:15.730 9 WARNING neutron.scheduler.dhcp_agent_scheduler [None req-c612d61b-d3dc-4239-bb0f-a4f800aee0c2 0eeba1160bdb41448461231bf3b2aee0 6a4ddc12ff6044efa6a6bd9b595174c8 - - default default] No more DHCP agents
2026-04-23 01:24:15.748 9 WARNING neutron.api.rpc.agentnotifiers.dhcp_rpc_agent_api [None req-c612d61b-d3dc-4239-bb0f-a4f800aee0c2 0eeba1160bdb41448461231bf3b2aee0 6a4ddc12ff6044efa6a6bd9b595174c8 - - default default] Unable to schedule network c7423cea-2773-433f-a37b-a5572617f87a: no agents available; will retry on subsequent port and subnet creation events.
2026-04-23 01:24:15.750 10 INFO neutron.db.ovn_revision_numbers_db [None req-e027cb80-e2de-44ad-bc81-7f4dcc5d6d81 0eeba1160bdb41448461231bf3b2aee0 6a4ddc12ff6044efa6a6bd9b595174c8 - - default default] Successfully bumped revision number for resource 04f08172-97fe-471a-96e6-460b47d5676e (type: router_ports) to 1
2026-04-23 01:24:15.866 10 INFO neutron.db.ovn_revision_numbers_db [None req-e027cb80-e2de-44ad-bc81-7f4dcc5d6d81 0eeba1160bdb41448461231bf3b2aee0 6a4ddc12ff6044efa6a6bd9b595174c8 - - default default] Successfully bumped revision number for resource a8dbd3c6-248c-403a-bc2f-bfc90ca8c0c5 (type: routers) to 2
2026-04-23 01:24:15.888 10 INFO neutron.wsgi [None req-e027cb80-e2de-44ad-bc81-7f4dcc5d6d81 0eeba1160bdb41448461231bf3b2aee0 6a4ddc12ff6044efa6a6bd9b595174c8 - - default default] 10.0.0.68 "POST /v2.0/routers HTTP/1.1" status: 201 len: 1172 time: 2.1334813
2026-04-23 01:24:15.916 10 INFO neutron.db.ovn_revision_numbers_db [None req-41291f4e-2da9-42e9-84ee-46d7961e06f3 - - - - - -] Successfully bumped revision number for resource 47da58ce-699f-4282-882c-e17056a18e94 (type: ports) to 1
2026-04-23 01:24:16.319 10 INFO neutron.db.ovn_revision_numbers_db [None req-41291f4e-2da9-42e9-84ee-46d7961e06f3 - - - - - -] Successfully bumped revision number for resource 47da58ce-699f-4282-882c-e17056a18e94 (type: router_ports) to 3
2026-04-23 01:24:16.561 10 INFO neutron.db.ovn_revision_numbers_db [None req-41291f4e-2da9-42e9-84ee-46d7961e06f3 - - - - - -] Successfully bumped revision number for resource 47da58ce-699f-4282-882c-e17056a18e94 (type: ports) to 2
2026-04-23 01:24:16.569 10 INFO neutron.wsgi [req-4b34574b-3d39-47f7-afb1-3eabf88e13dd req-ddc48b4d-009c-49af-8384-5ae2adb300eb 5455d582e90044588762bc25f3f63b3a ff99d0f96d504649bc6b9f5f4ea68a4e - - default default] 10.0.0.146 "GET /v2.0/networks?id=784f3c56-d251-40ad-afbd-cb7d2f1343a7 HTTP/1.1" status: 200 len: 877 time: 0.0989299
2026-04-23 01:24:16.593 10 INFO neutron.wsgi [req-4b34574b-3d39-47f7-afb1-3eabf88e13dd req-7fb61eaf-98b7-48d9-9bbb-be919a117c5e 5455d582e90044588762bc25f3f63b3a ff99d0f96d504649bc6b9f5f4ea68a4e - - default default] 10.0.0.146 "GET /v2.0/quotas/ff99d0f96d504649bc6b9f5f4ea68a4e HTTP/1.1" status: 200 len: 491 time: 0.0164075
2026-04-23 01:24:16.786 10 INFO neutron.plugins.ml2.drivers.ovn.mech_driver.mech_driver [None req-8d099bd5-3702-4535-9a1e-086901901d26 - - - - - -] OVN reports status up for port: 5b8f5e9c-8030-47c2-91f4-4135047dcd23
2026-04-23 01:24:16.822 10 INFO neutron.plugins.ml2.plugin [None req-8d099bd5-3702-4535-9a1e-086901901d26 - - - - - -] Attempt 1 to provision port 5b8f5e9c-8030-47c2-91f4-4135047dcd23
2026-04-23 01:24:16.879 10 INFO neutron.wsgi [req-4b34574b-3d39-47f7-afb1-3eabf88e13dd req-11564572-8bb7-40ae-9e19-5d1add65195b 5455d582e90044588762bc25f3f63b3a ff99d0f96d504649bc6b9f5f4ea68a4e - - default default] 10.0.0.146 "GET /v2.0/ports?tenant_id=ff99d0f96d504649bc6b9f5f4ea68a4e&fields=id HTTP/1.1" status: 200 len: 302 time: 0.2761049
2026-04-23 01:24:16.997 9 INFO neutron.db.ovn_revision_numbers_db [None req-3fc36076-e92a-4a78-9ce5-9190947797b2 - - - - - -] Successfully bumped revision number for resource 4f2467b3-f5f6-4eba-ad72-f35dc1537334 (type: ports) to 2
2026-04-23 01:24:17.144 9 INFO neutron.db.ovn_revision_numbers_db [None req-200559b7-e8b3-41a2-8f60-e822cb5f5176 0eeba1160bdb41448461231bf3b2aee0 6a4ddc12ff6044efa6a6bd9b595174c8 - - default default] Successfully bumped revision number for resource 5038cc1f-3b90-4b88-8331-c084240730aa (type: router_ports) to 1
2026-04-23 01:24:17.152 10 INFO neutron.db.ovn_revision_numbers_db [None req-41291f4e-2da9-42e9-84ee-46d7961e06f3 - - - - - -] Successfully bumped revision number for resource 47da58ce-699f-4282-882c-e17056a18e94 (type: ports) to 4
2026-04-23 01:24:17.162 9 INFO neutron.wsgi [None req-200559b7-e8b3-41a2-8f60-e822cb5f5176 0eeba1160bdb41448461231bf3b2aee0 6a4ddc12ff6044efa6a6bd9b595174c8 - - default default] 10.0.0.68 "PUT /v2.0/routers/0eaccdc1-cd61-4270-8fe7-e437ac7d7a37/add_router_interface HTTP/1.1" status: 200 len: 503 time: 4.9279943
2026-04-23 01:24:17.261 9 ERROR ovsdbapp.backend.ovs_idl.command [None req-3fc36076-e92a-4a78-9ce5-9190947797b2 - - - - - -] Error executing command (DbGetCommand): ovsdbapp.backend.ovs_idl.idlutils.RowNotFound: Cannot find Logical_Router_Port with name=lrp-4f2467b3-f5f6-4eba-ad72-f35dc1537334
2026-04-23 01:24:17.261 9 ERROR ovsdbapp.backend.ovs_idl.command
Traceback (most recent call last):
2026-04-23 01:24:17.261 9 ERROR ovsdbapp.backend.ovs_idl.command
File "/var/lib/openstack/lib/python3.10/site-packages/ovsdbapp/backend/ovs_idl/command.py", line 47, in execute
2026-04-23 01:24:17.261 9 ERROR ovsdbapp.backend.ovs_idl.command self.run_idl(None)
2026-04-23 01:24:17.261 9 ERROR ovsdbapp.backend.ovs_idl.command
File "/var/lib/openstack/lib/python3.10/site-packages/ovsdbapp/backend/ovs_idl/command.py", line 235, in run_idl
2026-04-23 01:24:17.261 9 ERROR ovsdbapp.backend.ovs_idl.command record = self.api.lookup(self.table, self.record)
2026-04-23 01:24:17.261 9 ERROR ovsdbapp.backend.ovs_idl.command
File "/var/lib/openstack/lib/python3.10/site-packages/ovsdbapp/backend/ovs_idl/__init__.py", line 184, in lookup
2026-04-23 01:24:17.261 9 ERROR ovsdbapp.backend.ovs_idl.command return self._lookup(table, record)
2026-04-23 01:24:17.261 9 ERROR ovsdbapp.backend.ovs_idl.command
File "/var/lib/openstack/lib/python3.10/site-packages/ovsdbapp/backend/ovs_idl/__init__.py", line 235, in _lookup
2026-04-23 01:24:17.261 9 ERROR ovsdbapp.backend.ovs_idl.command row = idlutils.row_by_value(self, rl.table, rl.column, record)
2026-04-23 01:24:17.261 9 ERROR ovsdbapp.backend.ovs_idl.command
File "/var/lib/openstack/lib/python3.10/site-packages/ovsdbapp/backend/ovs_idl/idlutils.py", line 114, in row_by_value
2026-04-23 01:24:17.261 9 ERROR ovsdbapp.backend.ovs_idl.command raise RowNotFound(table=table, col=column, match=match)
2026-04-23 01:24:17.261 9 ERROR ovsdbapp.backend.ovs_idl.command ovsdbapp.backend.ovs_idl.idlutils.RowNotFound: Cannot find Logical_Router_Port with name=lrp-4f2467b3-f5f6-4eba-ad72-f35dc1537334
2026-04-23 01:24:17.261 9 ERROR ovsdbapp.backend.ovs_idl.command 
2026-04-23 01:24:17.261 9 ERROR neutron_lib.callbacks.manager [None req-3fc36076-e92a-4a78-9ce5-9190947797b2 - - - - - -] Error during notification for neutron.services.ovn_l3.plugin.OVNL3RouterPlugin._port_update-8756655709935 port, after_update: ovsdbapp.backend.ovs_idl.idlutils.RowNotFound: Cannot find Logical_Router_Port with name=lrp-4f2467b3-f5f6-4eba-ad72-f35dc1537334
2026-04-23 01:24:17.261 9 ERROR neutron_lib.callbacks.manager
Traceback (most recent call last):
2026-04-23 01:24:17.261 9 ERROR neutron_lib.callbacks.manager
File "/var/lib/openstack/lib/python3.10/site-packages/neutron_lib/callbacks/manager.py", line 189, in _notify_loop
2026-04-23 01:24:17.261 9 ERROR neutron_lib.callbacks.manager callback.method(resource, event, trigger, payload=payload)
2026-04-23 01:24:17.261 9 ERROR neutron_lib.callbacks.manager
File "/var/lib/openstack/lib/python3.10/site-packages/neutron/services/ovn_l3/plugin.py", line 391, in _port_update
2026-04-23 01:24:17.261 9 ERROR neutron_lib.callbacks.manager l3plugin._ovn_client.update_router_port(context,
2026-04-23 01:24:17.261 9 ERROR neutron_lib.callbacks.manager
File "/var/lib/openstack/lib/python3.10/site-packages/neutron/plugins/ml2/drivers/ovn/mech_driver/ovsdb/ovn_client.py", line 1878, in update_router_port
2026-04-23 01:24:17.261 9 ERROR neutron_lib.callbacks.manager self._update_lrouter_port(context, port, if_exists=if_exists,
2026-04-23 01:24:17.261 9 ERROR neutron_lib.callbacks.manager
File "/var/lib/openstack/lib/python3.10/site-packages/neutron/plugins/ml2/drivers/ovn/mech_driver/ovsdb/ovn_client.py", line 1855, in _update_lrouter_port
2026-04-23 01:24:17.261 9 ERROR neutron_lib.callbacks.manager external_ids = self._nb_idl.db_get(
2026-04-23 01:24:17.261 9 ERROR neutron_lib.callbacks.manager
File "/var/lib/openstack/lib/python3.10/site-packages/ovsdbapp/backend/ovs_idl/command.py", line 47, in execute
2026-04-23 01:24:17.261 9 ERROR neutron_lib.callbacks.manager self.run_idl(None)
2026-04-23 01:24:17.261 9 ERROR neutron_lib.callbacks.manager
File "/var/lib/openstack/lib/python3.10/site-packages/ovsdbapp/backend/ovs_idl/command.py", line 235, in run_idl
2026-04-23 01:24:17.261 9 ERROR neutron_lib.callbacks.manager record = self.api.lookup(self.table, self.record)
2026-04-23 01:24:17.261 9 ERROR neutron_lib.callbacks.manager
File "/var/lib/openstack/lib/python3.10/site-packages/ovsdbapp/backend/ovs_idl/__init__.py", line 184, in lookup
2026-04-23 01:24:17.261 9 ERROR neutron_lib.callbacks.manager return self._lookup(table, record)
2026-04-23 01:24:17.261 9 ERROR neutron_lib.callbacks.manager
File "/var/lib/openstack/lib/python3.10/site-packages/ovsdbapp/backend/ovs_idl/__init__.py", line 235, in _lookup
2026-04-23 01:24:17.261 9 ERROR neutron_lib.callbacks.manager row = idlutils.row_by_value(self, rl.table, rl.column, record)
2026-04-23 01:24:17.261 9 ERROR neutron_lib.callbacks.manager
File "/var/lib/openstack/lib/python3.10/site-packages/ovsdbapp/backend/ovs_idl/idlutils.py", line 114, in row_by_value
2026-04-23 01:24:17.261 9 ERROR neutron_lib.callbacks.manager raise RowNotFound(table=table, col=column, match=match)
2026-04-23 01:24:17.261 9 ERROR neutron_lib.callbacks.manager ovsdbapp.backend.ovs_idl.idlutils.RowNotFound: Cannot find Logical_Router_Port with name=lrp-4f2467b3-f5f6-4eba-ad72-f35dc1537334
2026-04-23 01:24:17.261 9 ERROR neutron_lib.callbacks.manager 
2026-04-23 01:24:17.294 10 INFO neutron.wsgi [req-4b34574b-3d39-47f7-afb1-3eabf88e13dd req-100e3e10-b9c0-47b3-9ee3-075210060ddc 42cf36478136434db3270fcbc5344f56 b9ee4f74b5054b83875cc34b12576d9f - - a7ed30a739404a2197aa32eb983b8e68 a7ed30a739404a2197aa32eb983b8e68] 10.0.0.146 "GET /v2.0/extensions HTTP/1.1" status: 200 len: 18683 time: 0.0589426
2026-04-23 01:24:17.380 10 INFO neutron.wsgi [req-4b34574b-3d39-47f7-afb1-3eabf88e13dd req-eb08ec78-17cc-4b6e-a68f-745f9bae995f 42cf36478136434db3270fcbc5344f56 b9ee4f74b5054b83875cc34b12576d9f - - a7ed30a739404a2197aa32eb983b8e68 a7ed30a739404a2197aa32eb983b8e68] 10.0.0.146 "GET /v2.0/networks/784f3c56-d251-40ad-afbd-cb7d2f1343a7?fields=segments HTTP/1.1" status: 200 len: 212 time: 0.0808847
2026-04-23 01:24:17.453 10 INFO neutron.wsgi [req-4b34574b-3d39-47f7-afb1-3eabf88e13dd req-8e4914c5-475a-4d30-bb24-e620c9f4a261 42cf36478136434db3270fcbc5344f56 b9ee4f74b5054b83875cc34b12576d9f - - a7ed30a739404a2197aa32eb983b8e68 a7ed30a739404a2197aa32eb983b8e68] 10.0.0.146 "GET /v2.0/networks/784f3c56-d251-40ad-afbd-cb7d2f1343a7?fields=provider%3Aphysical_network&fields=provider%3Anetwork_type HTTP/1.1" status: 200 len: 277 time: 0.0685492
2026-04-23 01:24:17.465 10 INFO neutron.wsgi [-] 10.0.0.100 "GET / HTTP/1.1" status: 200 len: 246 time: 0.0012035
2026-04-23 01:24:17.466 10 INFO neutron.wsgi [-] 10.0.0.100 "GET / HTTP/1.1" status: 200 len: 246 time: 0.0009079
2026-04-23 01:24:17.495 10 INFO neutron.db.ovn_revision_numbers_db [None req-41291f4e-2da9-42e9-84ee-46d7961e06f3 - - - - - -] Successfully bumped revision number for resource 47da58ce-699f-4282-882c-e17056a18e94 (type: router_ports) to 4
2026-04-23 01:24:17.526 10 INFO neutron.plugins.ml2.drivers.ovn.mech_driver.ovsdb.ovsdb_monitor [None req-41291f4e-2da9-42e9-84ee-46d7961e06f3 - - - - - -] Router fac7c0d8-889c-4184-98bc-b1302e9e01ab is bound to host instance
2026-04-23 01:24:17.582 9 WARNING neutron.scheduler.dhcp_agent_scheduler [None req-8011d198-20b6-436b-98f8-0743e6b53684 0eeba1160bdb41448461231bf3b2aee0 6a4ddc12ff6044efa6a6bd9b595174c8 - - default default] No more DHCP agents
2026-04-23 01:24:17.585 9 WARNING neutron.api.rpc.agentnotifiers.dhcp_rpc_agent_api [None req-8011d198-20b6-436b-98f8-0743e6b53684 0eeba1160bdb41448461231bf3b2aee0 6a4ddc12ff6044efa6a6bd9b595174c8 - - default default] Unable to schedule network c5a12ec0-5cd1-4b50-bd79-4919a12c694b: no agents available; will retry on subsequent port and subnet creation events.
2026-04-23 01:24:17.608 9 INFO neutron.db.ovn_revision_numbers_db [None req-2a9b79c1-c753-4d75-adb6-adb0e1737f8e - - - - - -] Successfully bumped revision number for resource 04f08172-97fe-471a-96e6-460b47d5676e (type: ports) to 1
2026-04-23 01:24:17.641 10 INFO neutron.wsgi [req-99b463b5-0941-495c-93cd-ec916c7d85b1 req-b79f72b7-0625-427d-a7d2-f27565ef2068 5455d582e90044588762bc25f3f63b3a ff99d0f96d504649bc6b9f5f4ea68a4e - - default default] 10.0.0.146 "GET /v2.0/ports?device_id=a04797fa-18db-4a5d-ba20-10819ed2dd88 HTTP/1.1" status: 200 len: 210 time: 0.0286562
2026-04-23 01:24:17.692 10 WARNING neutron_lib.context [None req-3147b628-db61-42ca-b410-1ccc79f7a291 caa74698aa42419e9e1f665fe9964b61 eccfc55977d94cdcb535621dd1237090 - - default default] Method 'is_advsvc' is deprecated since 2023.2 release (neutron-lib 3.8.0) and will be removed once support for the old RBAC API policies will be removed from Neutron. Please use method 'is_service_role' instead.
2026-04-23 01:24:17.878 10 INFO neutron.db.ovn_revision_numbers_db [None req-3147b628-db61-42ca-b410-1ccc79f7a291 caa74698aa42419e9e1f665fe9964b61 eccfc55977d94cdcb535621dd1237090 - - default default] Successfully bumped revision number for resource 11a14f1f-49ad-4ffe-97f7-912c81c96e6f (type: security_groups) to 1
2026-04-23 01:24:17.896 10 INFO neutron.db.ovn_revision_numbers_db [None req-3147b628-db61-42ca-b410-1ccc79f7a291 caa74698aa42419e9e1f665fe9964b61 eccfc55977d94cdcb535621dd1237090 - - default default] Successfully bumped revision number for resource 010d425a-1360-4f21-944f-7519136c08b0 (type: security_group_rules) to 0
2026-04-23 01:24:17.921 9 INFO neutron.db.ovn_revision_numbers_db [None req-8011d198-20b6-436b-98f8-0743e6b53684 0eeba1160bdb41448461231bf3b2aee0 6a4ddc12ff6044efa6a6bd9b595174c8 - - default default] Successfully bumped revision number for resource 5718a9e5-3528-4065-95de-865855686662 (type: ports) to 1
2026-04-23 01:24:17.945 10 INFO neutron.db.ovn_revision_numbers_db [None req-3147b628-db61-42ca-b410-1ccc79f7a291 caa74698aa42419e9e1f665fe9964b61 eccfc55977d94cdcb535621dd1237090 - - default default] Successfully bumped revision number for resource 38b7f92e-9e34-4cca-ad2b-65b59678d355 (type: security_group_rules) to 0
2026-04-23 01:24:17.979 9 INFO neutron.db.ovn_revision_numbers_db [None req-c612d61b-d3dc-4239-bb0f-a4f800aee0c2 0eeba1160bdb41448461231bf3b2aee0 6a4ddc12ff6044efa6a6bd9b595174c8 - - default default] Successfully bumped revision number for resource 4f2467b3-f5f6-4eba-ad72-f35dc1537334 (type: router_ports) to 1
2026-04-23 01:24:17.981 10 INFO neutron.wsgi [None req-3147b628-db61-42ca-b410-1ccc79f7a291 caa74698aa42419e9e1f665fe9964b61 eccfc55977d94cdcb535621dd1237090 - - default default] 10.0.0.68 "POST /v2.0/security-groups HTTP/1.1" status: 201 len: 1861 time: 0.2940536
2026-04-23 01:24:17.986 9 INFO neutron.wsgi [None req-c612d61b-d3dc-4239-bb0f-a4f800aee0c2 0eeba1160bdb41448461231bf3b2aee0 6a4ddc12ff6044efa6a6bd9b595174c8 - - default default] 10.0.0.68 "PUT /v2.0/routers/fac7c0d8-889c-4184-98bc-b1302e9e01ab/add_router_interface HTTP/1.1" status: 200 len: 503 time: 5.2533965
2026-04-23 01:24:17.990 10 WARNING neutron_lib.context [None req-de726262-f5d5-4b78-a479-0b5f28c08a65 caa74698aa42419e9e1f665fe9964b61 eccfc55977d94cdcb535621dd1237090 - - default default] Method 'is_advsvc' is deprecated since 2023.2 release (neutron-lib 3.8.0) and will be removed once support for the old RBAC API policies will be removed from Neutron. Please use method 'is_service_role' instead.
2026-04-23 01:24:18.297 9 INFO neutron.db.ovn_revision_numbers_db [None req-2a9b79c1-c753-4d75-adb6-adb0e1737f8e - - - - - -] Successfully bumped revision number for resource 04f08172-97fe-471a-96e6-460b47d5676e (type: router_ports) to 3
2026-04-23 01:24:18.300 10 INFO neutron.db.ovn_revision_numbers_db [None req-de726262-f5d5-4b78-a479-0b5f28c08a65 caa74698aa42419e9e1f665fe9964b61 eccfc55977d94cdcb535621dd1237090 - - default default] Successfully bumped revision number for resource 0ffdb5d9-fd4f-40aa-aedd-30bb61b54ccf (type: security_group_rules) to 0
2026-04-23 01:24:18.332 10 INFO neutron.wsgi [None req-de726262-f5d5-4b78-a479-0b5f28c08a65 caa74698aa42419e9e1f665fe9964b61 eccfc55977d94cdcb535621dd1237090 - - default default] 10.0.0.68 "POST /v2.0/security-group-rules HTTP/1.1" status: 201 len: 796 time: 0.3456209
2026-04-23 01:24:18.343 10 WARNING neutron_lib.context [None req-cdf20130-d890-439c-aa1d-acdab436bba9 caa74698aa42419e9e1f665fe9964b61 eccfc55977d94cdcb535621dd1237090 - - default default] Method 'is_advsvc' is deprecated since 2023.2 release (neutron-lib 3.8.0) and will be removed once support for the old RBAC API policies will be removed from Neutron. Please use method 'is_service_role' instead.
2026-04-23 01:24:18.461 10 WARNING neutron_lib.context [req-c121a497-2499-4af6-8b5d-49d9397ab33a req-fe2f0d98-9b5a-473a-9ca9-9a2ca7698fdd ba4fa82f205f487599b378e7de60e522 036a2409703940e68973405fb5fae5ab - - default default] Method 'is_advsvc' is deprecated since 2023.2 release (neutron-lib 3.8.0) and will be removed once support for the old RBAC API policies will be removed from Neutron. Please use method 'is_service_role' instead.
2026-04-23 01:24:18.465 10 INFO neutron.db.ovn_revision_numbers_db [None req-41291f4e-2da9-42e9-84ee-46d7961e06f3 - - - - - -] Successfully bumped revision number for resource 5b8f5e9c-8030-47c2-91f4-4135047dcd23 (type: ports) to 1
2026-04-23 01:24:18.555 10 INFO neutron.db.ovn_revision_numbers_db [None req-cdf20130-d890-439c-aa1d-acdab436bba9 caa74698aa42419e9e1f665fe9964b61 eccfc55977d94cdcb535621dd1237090 - - default default] Successfully bumped revision number for resource 3c08cdc1-2132-430b-86dd-2a5b22869a58 (type: security_group_rules) to 0
2026-04-23 01:24:18.560 9 INFO neutron.db.ovn_revision_numbers_db [None req-2a9b79c1-c753-4d75-adb6-adb0e1737f8e - - - - - -] Successfully bumped revision number for resource 04f08172-97fe-471a-96e6-460b47d5676e (type: ports) to 2
2026-04-23 01:24:18.570 9 ERROR ovsdbapp.backend.ovs_idl.command [None req-8011d198-20b6-436b-98f8-0743e6b53684 0eeba1160bdb41448461231bf3b2aee0 6a4ddc12ff6044efa6a6bd9b595174c8 - - default default] Error executing command (DbGetCommand): ovsdbapp.backend.ovs_idl.idlutils.RowNotFound: Cannot find Logical_Router_Port with name=lrp-5718a9e5-3528-4065-95de-865855686662
2026-04-23 01:24:18.570 9 ERROR ovsdbapp.backend.ovs_idl.command
Traceback (most recent call last):
2026-04-23 01:24:18.570 9 ERROR ovsdbapp.backend.ovs_idl.command
File "/var/lib/openstack/lib/python3.10/site-packages/ovsdbapp/backend/ovs_idl/command.py", line 47, in execute
2026-04-23 01:24:18.570 9 ERROR ovsdbapp.backend.ovs_idl.command self.run_idl(None)
2026-04-23 01:24:18.570 9 ERROR ovsdbapp.backend.ovs_idl.command
File "/var/lib/openstack/lib/python3.10/site-packages/ovsdbapp/backend/ovs_idl/command.py", line 235, in run_idl
2026-04-23 01:24:18.570 9 ERROR ovsdbapp.backend.ovs_idl.command record = self.api.lookup(self.table, self.record)
2026-04-23 01:24:18.570 9 ERROR ovsdbapp.backend.ovs_idl.command
File "/var/lib/openstack/lib/python3.10/site-packages/ovsdbapp/backend/ovs_idl/__init__.py", line 184, in lookup
2026-04-23 01:24:18.570 9 ERROR ovsdbapp.backend.ovs_idl.command return self._lookup(table, record)
2026-04-23 01:24:18.570 9 ERROR ovsdbapp.backend.ovs_idl.command
File "/var/lib/openstack/lib/python3.10/site-packages/ovsdbapp/backend/ovs_idl/__init__.py", line 235, in _lookup
2026-04-23 01:24:18.570 9 ERROR ovsdbapp.backend.ovs_idl.command row = idlutils.row_by_value(self, rl.table, rl.column, record)
2026-04-23 01:24:18.570 9 ERROR ovsdbapp.backend.ovs_idl.command
File "/var/lib/openstack/lib/python3.10/site-packages/ovsdbapp/backend/ovs_idl/idlutils.py", line 114, in row_by_value
2026-04-23 01:24:18.570 9 ERROR ovsdbapp.backend.ovs_idl.command raise RowNotFound(table=table, col=column, match=match)
2026-04-23 01:24:18.570 9 ERROR ovsdbapp.backend.ovs_idl.command ovsdbapp.backend.ovs_idl.idlutils.RowNotFound: Cannot find Logical_Router_Port with name=lrp-5718a9e5-3528-4065-95de-865855686662
2026-04-23 01:24:18.570 9 ERROR ovsdbapp.backend.ovs_idl.command 
2026-04-23 01:24:18.570 9 ERROR neutron_lib.callbacks.manager [None req-8011d198-20b6-436b-98f8-0743e6b53684 0eeba1160bdb41448461231bf3b2aee0 6a4ddc12ff6044efa6a6bd9b595174c8 - - default default] Error during notification for neutron.services.ovn_l3.plugin.OVNL3RouterPlugin._port_update-8756655709935 port, after_update: ovsdbapp.backend.ovs_idl.idlutils.RowNotFound: Cannot find Logical_Router_Port with name=lrp-5718a9e5-3528-4065-95de-865855686662
2026-04-23 01:24:18.570 9 ERROR neutron_lib.callbacks.manager
Traceback (most recent call last):
2026-04-23 01:24:18.570 9 ERROR neutron_lib.callbacks.manager
File "/var/lib/openstack/lib/python3.10/site-packages/neutron_lib/callbacks/manager.py", line 189, in _notify_loop
2026-04-23 01:24:18.570 9 ERROR neutron_lib.callbacks.manager callback.method(resource, event, trigger, payload=payload)
2026-04-23 01:24:18.570 9 ERROR neutron_lib.callbacks.manager
File "/var/lib/openstack/lib/python3.10/site-packages/neutron/services/ovn_l3/plugin.py", line 391, in _port_update
2026-04-23 01:24:18.570 9 ERROR neutron_lib.callbacks.manager l3plugin._ovn_client.update_router_port(context,
2026-04-23 01:24:18.570 9 ERROR neutron_lib.callbacks.manager
File "/var/lib/openstack/lib/python3.10/site-packages/neutron/plugins/ml2/drivers/ovn/mech_driver/ovsdb/ovn_client.py", line 1878, in update_router_port
2026-04-23 01:24:18.570 9 ERROR neutron_lib.callbacks.manager self._update_lrouter_port(context, port, if_exists=if_exists,
2026-04-23 01:24:18.570 9 ERROR neutron_lib.callbacks.manager
File "/var/lib/openstack/lib/python3.10/site-packages/neutron/plugins/ml2/drivers/ovn/mech_driver/ovsdb/ovn_client.py", line 1855, in _update_lrouter_port
2026-04-23 01:24:18.570 9 ERROR neutron_lib.callbacks.manager external_ids = self._nb_idl.db_get(
2026-04-23 01:24:18.570 9 ERROR neutron_lib.callbacks.manager
File "/var/lib/openstack/lib/python3.10/site-packages/ovsdbapp/backend/ovs_idl/command.py", line 47, in execute
2026-04-23 01:24:18.570 9 ERROR neutron_lib.callbacks.manager self.run_idl(None)
2026-04-23 01:24:18.570 9 ERROR neutron_lib.callbacks.manager
File "/var/lib/openstack/lib/python3.10/site-packages/ovsdbapp/backend/ovs_idl/command.py", line 235, in run_idl
2026-04-23 01:24:18.570 9 ERROR neutron_lib.callbacks.manager record = self.api.lookup(self.table, self.record)
2026-04-23 01:24:18.570 9 ERROR neutron_lib.callbacks.manager
File "/var/lib/openstack/lib/python3.10/site-packages/ovsdbapp/backend/ovs_idl/__init__.py", line 184, in lookup
2026-04-23 01:24:18.570 9 ERROR neutron_lib.callbacks.manager return self._lookup(table, record)
2026-04-23 01:24:18.570 9 ERROR neutron_lib.callbacks.manager
File "/var/lib/openstack/lib/python3.10/site-packages/ovsdbapp/backend/ovs_idl/__init__.py", line 235, in _lookup
2026-04-23 01:24:18.570 9 ERROR neutron_lib.callbacks.manager row = idlutils.row_by_value(self, rl.table, rl.column, record)
2026-04-23 01:24:18.570 9 ERROR neutron_lib.callbacks.manager
File "/var/lib/openstack/lib/python3.10/site-packages/ovsdbapp/backend/ovs_idl/idlutils.py", line 114, in row_by_value
2026-04-23 01:24:18.570 9 ERROR neutron_lib.callbacks.manager raise RowNotFound(table=table, col=column, match=match)
2026-04-23 01:24:18.570 9 ERROR neutron_lib.callbacks.manager ovsdbapp.backend.ovs_idl.idlutils.RowNotFound: Cannot find Logical_Router_Port with name=lrp-5718a9e5-3528-4065-95de-865855686662
2026-04-23 01:24:18.570 9 ERROR neutron_lib.callbacks.manager 
2026-04-23 01:24:18.606 10 INFO neutron.wsgi [None req-cdf20130-d890-439c-aa1d-acdab436bba9 caa74698aa42419e9e1f665fe9964b61 eccfc55977d94cdcb535621dd1237090 - - default default] 10.0.0.68 "POST /v2.0/security-group-rules HTTP/1.1" status: 201 len: 801 time: 0.2677257
2026-04-23 01:24:18.624 9 WARNING neutron_lib.context [None req-8b7d4fc3-08ef-47e6-bea5-ffa1e64cde9c caa74698aa42419e9e1f665fe9964b61 eccfc55977d94cdcb535621dd1237090 - - default default] Method 'is_advsvc' is deprecated since 2023.2 release (neutron-lib 3.8.0) and will be removed once support for the old RBAC API policies will be removed from Neutron. Please use method 'is_service_role' instead.
2026-04-23 01:24:18.690 10 INFO neutron.db.ovn_revision_numbers_db [req-c121a497-2499-4af6-8b5d-49d9397ab33a req-fe2f0d98-9b5a-473a-9ca9-9a2ca7698fdd ba4fa82f205f487599b378e7de60e522 036a2409703940e68973405fb5fae5ab - - default default] Successfully bumped revision number for resource 9be18522-8e63-495b-be88-dbe6a272f550 (type: security_groups) to 1
2026-04-23 01:24:18.713 10 INFO neutron.db.ovn_revision_numbers_db [req-c121a497-2499-4af6-8b5d-49d9397ab33a req-fe2f0d98-9b5a-473a-9ca9-9a2ca7698fdd ba4fa82f205f487599b378e7de60e522 036a2409703940e68973405fb5fae5ab - - default default] Successfully bumped revision number for resource 331580e5-5bf3-4276-b6ac-3cb66a9c232f (type: security_group_rules) to 0
2026-04-23 01:24:18.753 10 INFO neutron.db.ovn_revision_numbers_db [req-c121a497-2499-4af6-8b5d-49d9397ab33a req-fe2f0d98-9b5a-473a-9ca9-9a2ca7698fdd ba4fa82f205f487599b378e7de60e522 036a2409703940e68973405fb5fae5ab - - default default] Successfully bumped revision number for resource 39f35a07-3fb2-4db9-ac68-3c0367b05b6c (type: security_group_rules) to 0
2026-04-23 01:24:18.784 10 INFO neutron.wsgi [req-c121a497-2499-4af6-8b5d-49d9397ab33a req-fe2f0d98-9b5a-473a-9ca9-9a2ca7698fdd ba4fa82f205f487599b378e7de60e522 036a2409703940e68973405fb5fae5ab - - default default] 10.0.0.146 "POST /v2.0/security-groups HTTP/1.1" status: 201 len: 1886 time: 0.3272836
2026-04-23 01:24:18.831 10 WARNING neutron_lib.context [req-9e965a38-7da9-4387-9562-3a482c91147a req-6fa2b569-353b-47e4-9f44-0028ccd81262 ba4fa82f205f487599b378e7de60e522 036a2409703940e68973405fb5fae5ab - - default default] Method 'is_advsvc' is deprecated since 2023.2 release (neutron-lib 3.8.0) and will be removed once support for the old RBAC API policies will be removed from Neutron. Please use method 'is_service_role' instead.
2026-04-23 01:24:19.001 10 INFO neutron.db.ovn_revision_numbers_db [None req-41291f4e-2da9-42e9-84ee-46d7961e06f3 - - - - - -] Successfully bumped revision number for resource 5b8f5e9c-8030-47c2-91f4-4135047dcd23 (type: router_ports) to 3
2026-04-23 01:24:19.002 10 INFO neutron.db.ovn_revision_numbers_db [req-9e965a38-7da9-4387-9562-3a482c91147a req-6fa2b569-353b-47e4-9f44-0028ccd81262 ba4fa82f205f487599b378e7de60e522 036a2409703940e68973405fb5fae5ab - - default default] Successfully bumped revision number for resource 4e9d7c5f-d357-4af9-846f-671d926ff6a2 (type: security_groups) to 1
2026-04-23 01:24:19.025 10 INFO neutron.db.ovn_revision_numbers_db [req-9e965a38-7da9-4387-9562-3a482c91147a req-6fa2b569-353b-47e4-9f44-0028ccd81262 ba4fa82f205f487599b378e7de60e522 036a2409703940e68973405fb5fae5ab - - default default] Successfully bumped revision number for resource 72969b9a-9a7a-4c9b-a606-1f8c6680ccda (type: security_group_rules) to 0
2026-04-23 01:24:19.046 10 INFO neutron.db.ovn_revision_numbers_db [req-9e965a38-7da9-4387-9562-3a482c91147a req-6fa2b569-353b-47e4-9f44-0028ccd81262 ba4fa82f205f487599b378e7de60e522 036a2409703940e68973405fb5fae5ab - - default default] Successfully bumped revision number for resource a8f469e3-d697-4283-b96d-84af4fe2a2fd (type: security_group_rules) to 0
2026-04-23 01:24:19.073 10 INFO neutron.wsgi [req-9e965a38-7da9-4387-9562-3a482c91147a req-6fa2b569-353b-47e4-9f44-0028ccd81262 ba4fa82f205f487599b378e7de60e522 036a2409703940e68973405fb5fae5ab - - default default] 10.0.0.146 "POST /v2.0/security-groups HTTP/1.1" status: 201 len: 1884 time: 0.2474618
2026-04-23 01:24:19.073 9 INFO neutron.db.ovn_revision_numbers_db [None req-8011d198-20b6-436b-98f8-0743e6b53684 0eeba1160bdb41448461231bf3b2aee0 6a4ddc12ff6044efa6a6bd9b595174c8 - - default default] Successfully bumped revision number for resource 5718a9e5-3528-4065-95de-865855686662 (type: ports) to 1
2026-04-23 01:24:19.110 10 WARNING neutron_lib.context [req-e68baa63-5ed2-4aa5-9eea-b8c470c24322 req-ac92d7dc-aa12-4457-aada-d9736cd5986c ba4fa82f205f487599b378e7de60e522 036a2409703940e68973405fb5fae5ab - - default default] Method 'is_advsvc' is deprecated since 2023.2 release (neutron-lib 3.8.0) and will be removed once support for the old RBAC API policies will be removed from Neutron. Please use method 'is_service_role' instead.
2026-04-23 01:24:19.176 10 INFO neutron.plugins.ml2.drivers.ovn.mech_driver.mech_driver [None req-8d099bd5-3702-4535-9a1e-086901901d26 - - - - - -] OVN reports status up for port: 7bc5ecee-0604-4f01-8e80-ad320bf82460
2026-04-23 01:24:19.195 10 INFO neutron.wsgi [req-75627d0e-d2c3-41b6-8b8c-202b0bf0808e req-15091aa5-a615-4df9-b861-d731d12c6fa0 5455d582e90044588762bc25f3f63b3a ff99d0f96d504649bc6b9f5f4ea68a4e - - default default] 10.0.0.146 "GET /v2.0/ports?device_id=a04797fa-18db-4a5d-ba20-10819ed2dd88 HTTP/1.1" status: 200 len: 210 time: 0.0802121
2026-04-23 01:24:19.198 10 INFO neutron.plugins.ml2.plugin [None req-8d099bd5-3702-4535-9a1e-086901901d26 - - - - - -] Attempt 1 to provision port 7bc5ecee-0604-4f01-8e80-ad320bf82460
2026-04-23 01:24:19.248 9 INFO neutron.wsgi [req-4b34574b-3d39-47f7-afb1-3eabf88e13dd req-f6560987-cfbd-4771-bcae-91835787c71b 5455d582e90044588762bc25f3f63b3a ff99d0f96d504649bc6b9f5f4ea68a4e - - default default] 199.204.45.22 "GET /v2.0/networks?id=784f3c56-d251-40ad-afbd-cb7d2f1343a7 HTTP/1.1" status: 200 len: 877 time: 0.2364209
2026-04-23 01:24:19.289 9 WARNING neutron_lib.context [req-4b34574b-3d39-47f7-afb1-3eabf88e13dd req-d04b2916-f0bf-4b4c-8820-982d2862813e 5455d582e90044588762bc25f3f63b3a ff99d0f96d504649bc6b9f5f4ea68a4e - - default default] Method 'is_advsvc' is deprecated since 2023.2 release (neutron-lib 3.8.0) and will be removed once support for the old RBAC API policies will be removed from Neutron. Please use method 'is_service_role' instead.
2026-04-23 01:24:19.293 9 WARNING neutron.scheduler.dhcp_agent_scheduler [None req-8011d198-20b6-436b-98f8-0743e6b53684 0eeba1160bdb41448461231bf3b2aee0 6a4ddc12ff6044efa6a6bd9b595174c8 - - default default] No more DHCP agents
2026-04-23 01:24:19.301 9 WARNING neutron.api.rpc.agentnotifiers.dhcp_rpc_agent_api [None req-8011d198-20b6-436b-98f8-0743e6b53684 0eeba1160bdb41448461231bf3b2aee0 6a4ddc12ff6044efa6a6bd9b595174c8 - - default default] Unable to schedule network c5a12ec0-5cd1-4b50-bd79-4919a12c694b: no agents available; will retry on subsequent port and subnet creation events.
2026-04-23 01:24:19.328 9 WARNING neutron.scheduler.dhcp_agent_scheduler [None req-8b7d4fc3-08ef-47e6-bea5-ffa1e64cde9c caa74698aa42419e9e1f665fe9964b61 eccfc55977d94cdcb535621dd1237090 - - default default] No more DHCP agents
2026-04-23 01:24:19.342 9 WARNING neutron.api.rpc.agentnotifiers.dhcp_rpc_agent_api [None req-8b7d4fc3-08ef-47e6-bea5-ffa1e64cde9c caa74698aa42419e9e1f665fe9964b61 eccfc55977d94cdcb535621dd1237090 - - default default] Unable to schedule network 972385ad-3565-4712-abbc-3ddb5cba818d: no agents available; will retry on subsequent port and subnet creation events.
2026-04-23 01:24:19.366 10 INFO neutron.db.ovn_revision_numbers_db [None req-41291f4e-2da9-42e9-84ee-46d7961e06f3 - - - - - -] Successfully bumped revision number for resource 5b8f5e9c-8030-47c2-91f4-4135047dcd23 (type: ports) to 2
2026-04-23 01:24:19.411 10 INFO neutron.db.ovn_revision_numbers_db [req-e68baa63-5ed2-4aa5-9eea-b8c470c24322 req-ac92d7dc-aa12-4457-aada-d9736cd5986c ba4fa82f205f487599b378e7de60e522 036a2409703940e68973405fb5fae5ab - - default default] Successfully bumped revision number for resource dbf14d74-0dec-48bf-9459-6462be7fa832 (type: security_groups) to 1
2026-04-23 01:24:19.432 10 INFO neutron.db.ovn_revision_numbers_db [req-e68baa63-5ed2-4aa5-9eea-b8c470c24322 req-ac92d7dc-aa12-4457-aada-d9736cd5986c ba4fa82f205f487599b378e7de60e522 036a2409703940e68973405fb5fae5ab - - default default] Successfully bumped revision number for resource 0a372729-ffb6-4f9f-be43-e09ba94c995d (type: security_group_rules) to 0
2026-04-23 01:24:19.455 10 INFO neutron.db.ovn_revision_numbers_db [req-e68baa63-5ed2-4aa5-9eea-b8c470c24322 req-ac92d7dc-aa12-4457-aada-d9736cd5986c ba4fa82f205f487599b378e7de60e522 036a2409703940e68973405fb5fae5ab - - default default] Successfully bumped revision number for resource 24382dbf-c4a8-4aca-92af-91b33b898c62 (type: security_group_rules) to 0
2026-04-23 01:24:19.491 10 INFO neutron.wsgi [req-e68baa63-5ed2-4aa5-9eea-b8c470c24322 req-ac92d7dc-aa12-4457-aada-d9736cd5986c ba4fa82f205f487599b378e7de60e522 036a2409703940e68973405fb5fae5ab - - default default] 10.0.0.146 "POST /v2.0/security-groups HTTP/1.1" status: 201 len: 1887 time: 0.3883626
2026-04-23 01:24:19.509 9 INFO neutron.db.ovn_revision_numbers_db [None req-2a9b79c1-c753-4d75-adb6-adb0e1737f8e - - - - - -] Successfully bumped revision number for resource 04f08172-97fe-471a-96e6-460b47d5676e (type: ports) to 4
2026-04-23 01:24:19.732 10 INFO neutron.wsgi [req-6f47e7e9-dd5d-4221-9cd8-56df023ad542 req-9bf93902-e751-4a5b-8b68-06f5dbe1ce4a ba4fa82f205f487599b378e7de60e522 036a2409703940e68973405fb5fae5ab - - default default] 10.0.0.146 "GET /v2.0/security-groups?tenant_id=036a2409703940e68973405fb5fae5ab HTTP/1.1" status: 200 len: 8103 time: 0.2149272
2026-04-23 01:24:19.802 10 INFO neutron.wsgi [req-6f47e7e9-dd5d-4221-9cd8-56df023ad542 req-2fc6d3e5-ad25-4656-80a7-cb87fce64617 ba4fa82f205f487599b378e7de60e522 036a2409703940e68973405fb5fae5ab - - default default] 10.0.0.146 "GET /v2.0/security-groups/96de655b-5172-4c14-b242-fd4faafbda51 HTTP/1.1" status: 200 len: 3118 time: 0.0583725
2026-04-23 01:24:19.863 10 INFO neutron.wsgi [req-6f47e7e9-dd5d-4221-9cd8-56df023ad542 req-ac7bd65d-0aee-4419-ba09-50b7d159d4c4 ba4fa82f205f487599b378e7de60e522 036a2409703940e68973405fb5fae5ab - - default default] 10.0.0.146 "GET /v2.0/security-groups/96de655b-5172-4c14-b242-fd4faafbda51 HTTP/1.1" status: 200 len: 3118 time: 0.0530012
2026-04-23 01:24:19.953 10 INFO neutron.wsgi [req-01b40ac3-608b-4ae7-b19f-654fecceea31 req-c7e39f25-8f6e-4e33-bc78-8d42d6abfc5e ba4fa82f205f487599b378e7de60e522 036a2409703940e68973405fb5fae5ab - - default default] 10.0.0.146 "GET /v2.0/security-groups/9be18522-8e63-495b-be88-dbe6a272f550 HTTP/1.1" status: 200 len: 1881 time: 0.0592866
2026-04-23 01:24:19.989 10 INFO neutron.db.ovn_revision_numbers_db [None req-8d099bd5-3702-4535-9a1e-086901901d26 - - - - - -] Successfully bumped revision number for resource 7bc5ecee-0604-4f01-8e80-ad320bf82460 (type: ports) to 2
2026-04-23 01:24:20.174 10 INFO neutron.db.ovn_revision_numbers_db [None req-41291f4e-2da9-42e9-84ee-46d7961e06f3 - - - - - -] Successfully bumped revision number for resource 5b8f5e9c-8030-47c2-91f4-4135047dcd23 (type: ports) to 4
2026-04-23 01:24:20.182 10 INFO neutron.wsgi [req-01b40ac3-608b-4ae7-b19f-654fecceea31 req-84c9a8f2-043a-4b05-bf25-f84d667da475 ba4fa82f205f487599b378e7de60e522 036a2409703940e68973405fb5fae5ab - - default default] 10.0.0.146 "DELETE /v2.0/security-groups/9be18522-8e63-495b-be88-dbe6a272f550 HTTP/1.1" status: 204 len: 173 time: 0.2232642
2026-04-23 01:24:20.241 10 INFO neutron.api.v2.resource [req-b344f7fc-b66a-4b7a-ae3c-dc74dc0ee520 req-65ddeebb-80ca-42dd-a63b-3173bdd973c5 ba4fa82f205f487599b378e7de60e522 036a2409703940e68973405fb5fae5ab - - default default] show failed (client error): The resource could not be found.
2026-04-23 01:24:20.242 10 INFO neutron.wsgi [req-b344f7fc-b66a-4b7a-ae3c-dc74dc0ee520 req-65ddeebb-80ca-42dd-a63b-3173bdd973c5 ba4fa82f205f487599b378e7de60e522 036a2409703940e68973405fb5fae5ab - - default default] 10.0.0.146 "GET /v2.0/security-groups/9be18522-8e63-495b-be88-dbe6a272f550 HTTP/1.1" status: 404 len: 352 time: 0.0370243
2026-04-23 01:24:20.250 10 INFO neutron.db.ovn_revision_numbers_db [None req-8d099bd5-3702-4535-9a1e-086901901d26 - - - - - -] Successfully bumped revision number for resource 7bc5ecee-0604-4f01-8e80-ad320bf82460 (type: router_ports) to 2
2026-04-23 01:24:20.252 9 INFO neutron.wsgi [None req-8b7d4fc3-08ef-47e6-bea5-ffa1e64cde9c caa74698aa42419e9e1f665fe9964b61 eccfc55977d94cdcb535621dd1237090 - - default default] 10.0.0.68 "POST /v2.0/floatingips HTTP/1.1" status: 201 len: 751 time: 1.6343353
2026-04-23 01:24:20.296 9 WARNING neutron.scheduler.dhcp_agent_scheduler [req-4b34574b-3d39-47f7-afb1-3eabf88e13dd req-d04b2916-f0bf-4b4c-8820-982d2862813e 5455d582e90044588762bc25f3f63b3a ff99d0f96d504649bc6b9f5f4ea68a4e - - default default] No more DHCP agents
2026-04-23 01:24:20.311 9 WARNING neutron.api.rpc.agentnotifiers.dhcp_rpc_agent_api [req-4b34574b-3d39-47f7-afb1-3eabf88e13dd req-d04b2916-f0bf-4b4c-8820-982d2862813e 5455d582e90044588762bc25f3f63b3a ff99d0f96d504649bc6b9f5f4ea68a4e - - default default] Unable to schedule network 784f3c56-d251-40ad-afbd-cb7d2f1343a7: no agents available; will retry on subsequent port and subnet creation events.
2026-04-23 01:24:20.325 10 INFO neutron.wsgi [req-5f2e5b7d-0520-41af-a2a4-aef281f977ab req-4208f7a0-db42-4bfc-9b74-97764de04386 ba4fa82f205f487599b378e7de60e522 036a2409703940e68973405fb5fae5ab - - default default] 10.0.0.146 "GET /v2.0/security-groups/4e9d7c5f-d357-4af9-846f-671d926ff6a2 HTTP/1.1" status: 200 len: 1879 time: 0.0621181
2026-04-23 01:24:20.373 9 INFO neutron.db.ovn_revision_numbers_db [None req-2a9b79c1-c753-4d75-adb6-adb0e1737f8e - - - - - -] Successfully bumped revision number for resource 04f08172-97fe-471a-96e6-460b47d5676e (type: router_ports) to 4
2026-04-23 01:24:20.421 10 INFO neutron.wsgi [req-29105a59-fb5f-4197-9eea-6e413a85df65 req-caa4fe4f-9112-4dc9-bb21-35e150ca3229 5455d582e90044588762bc25f3f63b3a ff99d0f96d504649bc6b9f5f4ea68a4e - - default default] 10.0.0.146 "GET /v2.0/ports?device_id=a04797fa-18db-4a5d-ba20-10819ed2dd88 HTTP/1.1" status: 200 len: 1160 time: 0.0686364
2026-04-23 01:24:20.518 10 INFO neutron.wsgi [req-29105a59-fb5f-4197-9eea-6e413a85df65 req-b3b85850-17fb-4bc9-af62-f845f7ee7d71 5455d582e90044588762bc25f3f63b3a ff99d0f96d504649bc6b9f5f4ea68a4e - - default default] 10.0.0.146 "GET /v2.0/security-groups?id=d9188b2a-2988-49f5-bab7-1be274a8ec37&fields=id&fields=name HTTP/1.1" status: 200 len: 286 time: 0.0801573
2026-04-23 01:24:20.527 10 INFO neutron.wsgi [req-5f2e5b7d-0520-41af-a2a4-aef281f977ab req-2d0bbeb4-32b3-4e98-95b8-70f201c62ca7 ba4fa82f205f487599b378e7de60e522 036a2409703940e68973405fb5fae5ab - - default default] 10.0.0.146 "DELETE /v2.0/security-groups/4e9d7c5f-d357-4af9-846f-671d926ff6a2 HTTP/1.1" status: 204 len: 173 time: 0.1933119
2026-04-23 01:24:20.561 10 INFO neutron.api.v2.resource [req-b83a71ec-6751-4391-9d28-6aa3d6ed92a5 req-cb5c1ca5-7fc4-4292-afe6-df6dd02df149 ba4fa82f205f487599b378e7de60e522 036a2409703940e68973405fb5fae5ab - - default default] show failed (client error): The resource could not be found.
2026-04-23 01:24:20.562 10 INFO neutron.wsgi [req-b83a71ec-6751-4391-9d28-6aa3d6ed92a5 req-cb5c1ca5-7fc4-4292-afe6-df6dd02df149 ba4fa82f205f487599b378e7de60e522 036a2409703940e68973405fb5fae5ab - - default default] 10.0.0.146 "GET /v2.0/security-groups/4e9d7c5f-d357-4af9-846f-671d926ff6a2 HTTP/1.1" status: 404 len: 352 time: 0.0148647
2026-04-23 01:24:20.603 10 INFO neutron.db.ovn_revision_numbers_db [None req-41291f4e-2da9-42e9-84ee-46d7961e06f3 - - - - - -] Successfully bumped revision number for resource 5b8f5e9c-8030-47c2-91f4-4135047dcd23 (type: router_ports) to 4
2026-04-23 01:24:20.609 10 INFO neutron.wsgi [req-8d562008-614a-4e69-8262-eb6f4ddbd3ae req-09c4d3a2-9e39-47d6-8c56-0ed6fd35a63b ba4fa82f205f487599b378e7de60e522 036a2409703940e68973405fb5fae5ab - - default default] 10.0.0.146 "GET /v2.0/security-groups/dbf14d74-0dec-48bf-9459-6462be7fa832 HTTP/1.1" status: 200 len: 1882 time: 0.0299222
2026-04-23 01:24:20.664 9 INFO neutron.db.ovn_revision_numbers_db [req-4b34574b-3d39-47f7-afb1-3eabf88e13dd req-d04b2916-f0bf-4b4c-8820-982d2862813e 5455d582e90044588762bc25f3f63b3a ff99d0f96d504649bc6b9f5f4ea68a4e - - default default] Successfully bumped revision number for resource c0de31bf-5255-4a35-953d-01d3881c3350 (type: ports) to 1
2026-04-23 01:24:20.701 9 INFO neutron.wsgi [req-4b34574b-3d39-47f7-afb1-3eabf88e13dd req-d04b2916-f0bf-4b4c-8820-982d2862813e 5455d582e90044588762bc25f3f63b3a ff99d0f96d504649bc6b9f5f4ea68a4e - - default default] 199.204.45.22 "POST /v2.0/ports HTTP/1.1" status: 201 len: 1162 time: 1.4211903 /var/lib/openstack/lib/python3.10/site-packages/pycadf/identifier.py:71: UserWarning: Invalid uuid: neutron. To ensure interoperability, identifiers should be a valid uuid. warnings.warn(('Invalid uuid: %s. To ensure interoperability, '
2026-04-23 01:24:20.715 9 INFO neutron.wsgi [req-4b34574b-3d39-47f7-afb1-3eabf88e13dd req-142896b1-9913-49f0-a571-f866fd817df4 5455d582e90044588762bc25f3f63b3a ff99d0f96d504649bc6b9f5f4ea68a4e - - default default] 199.204.45.22 "GET /v2.0/extensions HTTP/1.1" status: 200 len: 18683 time: 0.0076597
2026-04-23 01:24:20.805 10 INFO neutron.wsgi [req-f76b24bd-ea10-4dd3-8813-bdb5fc581fe4 req-9ac7d2fa-d988-4ec8-906a-22333507eac2 caa74698aa42419e9e1f665fe9964b61 eccfc55977d94cdcb535621dd1237090 - - default default] 10.0.0.146 "GET /v2.0/security-groups?name=tempest-securitygroup--1808128691&fields=id&tenant_id=eccfc55977d94cdcb535621dd1237090 HTTP/1.1" status: 200 len: 267 time: 0.0779145
2026-04-23 01:24:20.872 10 INFO neutron.wsgi [req-f76b24bd-ea10-4dd3-8813-bdb5fc581fe4 req-ac2915ca-a3f4-479a-8364-aa4c3d33b41f caa74698aa42419e9e1f665fe9964b61 eccfc55977d94cdcb535621dd1237090 - - default default] 10.0.0.146 "GET /v2.0/networks?id=a1426115-54ce-4721-83ae-80ac8537c80d HTTP/1.1" status: 200 len: 868 time: 0.0587802
2026-04-23 01:24:20.875 10 INFO neutron.wsgi [req-8d562008-614a-4e69-8262-eb6f4ddbd3ae req-332543b4-7a46-4599-8234-6ab76e67d7e2 ba4fa82f205f487599b378e7de60e522 036a2409703940e68973405fb5fae5ab - - default default] 10.0.0.146 "DELETE /v2.0/security-groups/dbf14d74-0dec-48bf-9459-6462be7fa832 HTTP/1.1" status: 204 len: 173 time: 0.1500518
2026-04-23 01:24:20.886 10 INFO neutron.wsgi [req-f76b24bd-ea10-4dd3-8813-bdb5fc581fe4 req-889cbd3b-e67f-4169-9d67-308c97848db8 caa74698aa42419e9e1f665fe9964b61 eccfc55977d94cdcb535621dd1237090 - - default default] 10.0.0.146 "GET /v2.0/quotas/eccfc55977d94cdcb535621dd1237090 HTTP/1.1" status: 200 len: 491 time: 0.0095563
2026-04-23 01:24:20.919 10 INFO neutron.api.v2.resource [req-4fe61953-c9af-44d7-97f4-2432499c9987 req-b664be95-60e3-4459-8fb5-b0c0bb6ede3a ba4fa82f205f487599b378e7de60e522 036a2409703940e68973405fb5fae5ab - - default default] show failed (client error): The resource could not be found.
2026-04-23 01:24:20.920 10 INFO neutron.wsgi [req-4fe61953-c9af-44d7-97f4-2432499c9987 req-b664be95-60e3-4459-8fb5-b0c0bb6ede3a ba4fa82f205f487599b378e7de60e522 036a2409703940e68973405fb5fae5ab - - default default] 10.0.0.146 "GET /v2.0/security-groups/dbf14d74-0dec-48bf-9459-6462be7fa832 HTTP/1.1" status: 404 len: 352 time: 0.0161705
2026-04-23 01:24:20.998 10 INFO neutron.wsgi [req-f7beb77d-86d4-4431-8637-d7fb51d28d5f req-daeeed69-436a-4729-8495-9dee4ffc480a ba4fa82f205f487599b378e7de60e522 036a2409703940e68973405fb5fae5ab - - default default] 10.0.0.146 "GET /v2.0/security-groups?tenant_id=036a2409703940e68973405fb5fae5ab HTTP/1.1" status: 200 len: 3121 time: 0.0556419
2026-04-23 01:24:21.003 10 INFO neutron.wsgi [req-f76b24bd-ea10-4dd3-8813-bdb5fc581fe4 req-1b589cc3-d536-4b1e-9d2e-be180e332c2a caa74698aa42419e9e1f665fe9964b61 eccfc55977d94cdcb535621dd1237090 - - default default] 10.0.0.146 "GET /v2.0/ports?tenant_id=eccfc55977d94cdcb535621dd1237090&fields=id HTTP/1.1" status: 200 len: 302 time: 0.1097102
2026-04-23 01:24:21.050 9 INFO neutron.db.ovn_revision_numbers_db [None req-8011d198-20b6-436b-98f8-0743e6b53684 0eeba1160bdb41448461231bf3b2aee0 6a4ddc12ff6044efa6a6bd9b595174c8 - - default default] Successfully bumped revision number for resource 5718a9e5-3528-4065-95de-865855686662 (type: router_ports) to 1
2026-04-23 01:24:21.057 9 INFO neutron.wsgi [None req-8011d198-20b6-436b-98f8-0743e6b53684 0eeba1160bdb41448461231bf3b2aee0 6a4ddc12ff6044efa6a6bd9b595174c8 - - default default] 10.0.0.68 "PUT /v2.0/routers/a8dbd3c6-248c-403a-bc2f-bfc90ca8c0c5/add_router_interface HTTP/1.1" status: 200 len: 503 time: 5.1621389
