2026-04-23 01:27:11.262 10 INFO neutron.db.segments_db [None req-9b95274d-77ca-42ce-b15e-1a6dd58edac2 0eeba1160bdb41448461231bf3b2aee0 6a4ddc12ff6044efa6a6bd9b595174c8 - - default default] Added segment 3398e71e-ab8b-4b0a-913f-475975ffe13d of type geneve for network 87d03601-db1a-46fb-bdb9-46f182932d45
2026-04-23 01:27:11.282 9 INFO neutron.db.ovn_revision_numbers_db [None req-83f16bd2-7881-4aac-9e51-4b732a0f958b 0eeba1160bdb41448461231bf3b2aee0 6a4ddc12ff6044efa6a6bd9b595174c8 - - default default] Successfully bumped revision number for resource 694063e4-6e23-443e-8f84-8348cda8f811 (type: security_groups) to 1
2026-04-23 01:27:11.294 9 INFO neutron.db.ovn_revision_numbers_db [None req-83f16bd2-7881-4aac-9e51-4b732a0f958b 0eeba1160bdb41448461231bf3b2aee0 6a4ddc12ff6044efa6a6bd9b595174c8 - - default default] Successfully bumped revision number for resource 64d4e697-c39f-4d5d-a724-8c509452d847 (type: security_group_rules) to 0
2026-04-23 01:27:11.308 9 INFO neutron.db.ovn_revision_numbers_db [None req-83f16bd2-7881-4aac-9e51-4b732a0f958b 0eeba1160bdb41448461231bf3b2aee0 6a4ddc12ff6044efa6a6bd9b595174c8 - - default default] Successfully bumped revision number for resource 7a48a50f-50f8-47c2-8772-19079070332a (type: security_group_rules) to 0
2026-04-23 01:27:11.327 9 INFO neutron.db.ovn_revision_numbers_db [None req-83f16bd2-7881-4aac-9e51-4b732a0f958b 0eeba1160bdb41448461231bf3b2aee0 6a4ddc12ff6044efa6a6bd9b595174c8 - - default default] Successfully bumped revision number for resource bb09356e-5b45-4e16-abde-e7e74431432b (type: security_group_rules) to 0
2026-04-23 01:27:11.356 9 INFO neutron.db.ovn_revision_numbers_db [None req-83f16bd2-7881-4aac-9e51-4b732a0f958b 0eeba1160bdb41448461231bf3b2aee0 6a4ddc12ff6044efa6a6bd9b595174c8 - - default default] Successfully bumped revision number for resource d4744156-0df6-4a19-bc29-3546c1ee7610 (type: security_group_rules) to 0
2026-04-23 01:27:11.382 9 INFO neutron.wsgi [None req-83f16bd2-7881-4aac-9e51-4b732a0f958b 0eeba1160bdb41448461231bf3b2aee0 6a4ddc12ff6044efa6a6bd9b595174c8 - - default default] 10.0.0.68 "GET /v2.0/security-groups?tenant_id=7960f4cdf0814aec924d73d482e0dc76&name=default HTTP/1.1" status: 200 len: 3120 time: 0.4031563
2026-04-23 01:27:11.441 10 INFO neutron.db.ovn_revision_numbers_db [None req-9b95274d-77ca-42ce-b15e-1a6dd58edac2 0eeba1160bdb41448461231bf3b2aee0 6a4ddc12ff6044efa6a6bd9b595174c8 - - default default] Successfully bumped revision number for resource 87d03601-db1a-46fb-bdb9-46f182932d45 (type: networks) to 1
2026-04-23 01:27:11.649 10 WARNING neutron.scheduler.dhcp_agent_scheduler [None req-9b95274d-77ca-42ce-b15e-1a6dd58edac2 0eeba1160bdb41448461231bf3b2aee0 6a4ddc12ff6044efa6a6bd9b595174c8 - - default default] No more DHCP agents
2026-04-23 01:27:11.653 10 WARNING neutron.api.rpc.agentnotifiers.dhcp_rpc_agent_api [None req-9b95274d-77ca-42ce-b15e-1a6dd58edac2 0eeba1160bdb41448461231bf3b2aee0 6a4ddc12ff6044efa6a6bd9b595174c8 - - default default] Unable to schedule network 87d03601-db1a-46fb-bdb9-46f182932d45: no agents available; will retry on subsequent port and subnet creation events.
2026-04-23 01:27:11.708 10 INFO neutron.wsgi [None req-475bedea-8d45-41de-abe0-f3203ce9b30c 0eeba1160bdb41448461231bf3b2aee0 6a4ddc12ff6044efa6a6bd9b595174c8 - - default default] 10.0.0.68 "DELETE /v2.0/security-groups/694063e4-6e23-443e-8f84-8348cda8f811 HTTP/1.1" status: 204 len: 168 time: 0.3189082
2026-04-23 01:27:11.754 10 INFO neutron.db.ovn_revision_numbers_db [None req-9b95274d-77ca-42ce-b15e-1a6dd58edac2 0eeba1160bdb41448461231bf3b2aee0 6a4ddc12ff6044efa6a6bd9b595174c8 - - default default] Successfully bumped revision number for resource 20036985-f9cf-4703-825a-e5915bd041bf (type: ports) to 1
2026-04-23 01:27:11.781 10 INFO neutron.wsgi [None req-9b95274d-77ca-42ce-b15e-1a6dd58edac2 0eeba1160bdb41448461231bf3b2aee0 6a4ddc12ff6044efa6a6bd9b595174c8 - - default default] 10.0.0.68 "POST /v2.0/networks HTTP/1.1" status: 201 len: 943 time: 1.2124021
2026-04-23 01:27:11.925 10 INFO neutron.wsgi [-] 10.0.0.68 "GET / HTTP/1.1" status: 200 len: 279 time: 0.0031078
2026-04-23 01:27:11.967 9 WARNING neutron.scheduler.dhcp_agent_scheduler [None req-54a8b12b-1e43-4717-9c49-4f1396560d02 0eeba1160bdb41448461231bf3b2aee0 6a4ddc12ff6044efa6a6bd9b595174c8 - - default default] No more DHCP agents
2026-04-23 01:27:11.971 9 WARNING neutron.api.rpc.agentnotifiers.dhcp_rpc_agent_api [None req-54a8b12b-1e43-4717-9c49-4f1396560d02 0eeba1160bdb41448461231bf3b2aee0 6a4ddc12ff6044efa6a6bd9b595174c8 - - default default] Unable to schedule network 87d03601-db1a-46fb-bdb9-46f182932d45: no agents available; will retry on subsequent port and subnet creation events.
2026-04-23 01:27:12.043 10 INFO neutron.wsgi [None req-c10c91ff-c1ac-4222-b069-d6d8748cf636 79cae9705ffa4425877e7599f8c08e5b 323816cf08c547f1920a51a4fe5b7d10 - - default default] 10.0.0.68 "GET /v2.0/ HTTP/1.1" status: 200 len: 826 time: 0.1115277
2026-04-23 01:27:12.203 10 INFO neutron.db.ovn_revision_numbers_db [None req-a6380a3d-a987-4cb6-9d6a-507808e9c38a 0eeba1160bdb41448461231bf3b2aee0 6a4ddc12ff6044efa6a6bd9b595174c8 - - default default] Successfully bumped revision number for resource b9fd5990-4069-4592-bfea-7566e68cf30c (type: security_groups) to 1
2026-04-23 01:27:12.216 10 INFO neutron.db.ovn_revision_numbers_db [None req-a6380a3d-a987-4cb6-9d6a-507808e9c38a 0eeba1160bdb41448461231bf3b2aee0 6a4ddc12ff6044efa6a6bd9b595174c8 - - default default] Successfully bumped revision number for resource 21668932-f105-45bc-884a-71a6f674eec7 (type: security_group_rules) to 0
2026-04-23 01:27:12.229 10 INFO neutron.db.ovn_revision_numbers_db [None req-a6380a3d-a987-4cb6-9d6a-507808e9c38a 0eeba1160bdb41448461231bf3b2aee0 6a4ddc12ff6044efa6a6bd9b595174c8 - - default default] Successfully bumped revision number for resource 7949f6b9-fdce-4579-af90-82246019e53c (type: security_group_rules) to 0
2026-04-23 01:27:12.243 10 INFO neutron.db.ovn_revision_numbers_db [None req-a6380a3d-a987-4cb6-9d6a-507808e9c38a 0eeba1160bdb41448461231bf3b2aee0 6a4ddc12ff6044efa6a6bd9b595174c8 - - default default] Successfully bumped revision number for resource cb0ef305-7787-4747-a3f4-d0237ad55b3e (type: security_group_rules) to 0
2026-04-23 01:27:12.257 10 INFO neutron.db.ovn_revision_numbers_db [None req-a6380a3d-a987-4cb6-9d6a-507808e9c38a 0eeba1160bdb41448461231bf3b2aee0 6a4ddc12ff6044efa6a6bd9b595174c8 - - default default] Successfully bumped revision number for resource f2023076-2954-4b3f-8fa9-9052807b97e5 (type: security_group_rules) to 0
2026-04-23 01:27:12.276 10 INFO neutron.wsgi [None req-a6380a3d-a987-4cb6-9d6a-507808e9c38a 0eeba1160bdb41448461231bf3b2aee0 6a4ddc12ff6044efa6a6bd9b595174c8 - - default default] 10.0.0.68 "GET /v2.0/security-groups?tenant_id=634e16bc8f8e412799e28bb01438c88f&name=default HTTP/1.1" status: 200 len: 3120 time: 0.4438689
2026-04-23 01:27:12.512 10 INFO neutron.wsgi [None req-8b456940-edff-41a7-8449-da4ea0d0e292 0eeba1160bdb41448461231bf3b2aee0 6a4ddc12ff6044efa6a6bd9b595174c8 - - default default] 10.0.0.68 "DELETE /v2.0/security-groups/b9fd5990-4069-4592-bfea-7566e68cf30c HTTP/1.1" status: 204 len: 168 time: 0.2262304
2026-04-23 01:27:12.520 9 INFO neutron.db.ovn_revision_numbers_db [None req-54a8b12b-1e43-4717-9c49-4f1396560d02 0eeba1160bdb41448461231bf3b2aee0 6a4ddc12ff6044efa6a6bd9b595174c8 - - default default] Successfully bumped revision number for resource 20036985-f9cf-4703-825a-e5915bd041bf (type: ports) to 2
2026-04-23 01:27:12.555 9 INFO neutron.db.ovn_revision_numbers_db [None req-54a8b12b-1e43-4717-9c49-4f1396560d02 0eeba1160bdb41448461231bf3b2aee0 6a4ddc12ff6044efa6a6bd9b595174c8 - - default default] Successfully bumped revision number for resource 9e298db0-b2a3-44e1-b0a4-d15d5003aab0 (type: subnets) to 0
2026-04-23 01:27:12.570 9 INFO neutron.wsgi [None req-54a8b12b-1e43-4717-9c49-4f1396560d02 0eeba1160bdb41448461231bf3b2aee0 6a4ddc12ff6044efa6a6bd9b595174c8 - - default default] 10.0.0.68 "POST /v2.0/subnets HTTP/1.1" status: 201 len: 863 time: 0.7842903
2026-04-23 01:27:12.862 10 INFO neutron.db.ovn_revision_numbers_db [None req-e9f06806-5df3-498c-9828-cbed872c0e88 0eeba1160bdb41448461231bf3b2aee0 6a4ddc12ff6044efa6a6bd9b595174c8 - - default default] Successfully bumped revision number for resource 48094ce9-661c-46f4-a7e1-0d24e8aa3924 (type: security_groups) to 1
2026-04-23 01:27:12.903 10 INFO neutron.db.ovn_revision_numbers_db [None req-e9f06806-5df3-498c-9828-cbed872c0e88 0eeba1160bdb41448461231bf3b2aee0 6a4ddc12ff6044efa6a6bd9b595174c8 - - default default] Successfully bumped revision number for resource 130b421d-4d2f-4cdd-b04d-a7d71afe9181 (type: security_group_rules) to 0
2026-04-23 01:27:12.914 10 INFO neutron.db.ovn_revision_numbers_db [None req-c163044c-c999-4dc0-a77a-c737704799ab 0eeba1160bdb41448461231bf3b2aee0 6a4ddc12ff6044efa6a6bd9b595174c8 - - default default] Successfully bumped revision number for resource 4d026a47-de0e-4735-8427-418eda32fa7e (type: security_groups) to 1
2026-04-23 01:27:12.928 10 INFO neutron.db.ovn_revision_numbers_db [None req-e9f06806-5df3-498c-9828-cbed872c0e88 0eeba1160bdb41448461231bf3b2aee0 6a4ddc12ff6044efa6a6bd9b595174c8 - - default default] Successfully bumped revision number for resource 52dc521a-18b3-43b6-9b78-a0bd95cbdf56 (type: security_group_rules) to 0
2026-04-23 01:27:12.954 10 INFO neutron.db.ovn_revision_numbers_db [None req-c163044c-c999-4dc0-a77a-c737704799ab 0eeba1160bdb41448461231bf3b2aee0 6a4ddc12ff6044efa6a6bd9b595174c8 - - default default] Successfully bumped revision number for resource 2d5462cf-3350-4a8b-b638-c38cfe2d671c (type: security_group_rules) to 0
2026-04-23 01:27:12.963 10 INFO neutron.db.ovn_revision_numbers_db [None req-e9f06806-5df3-498c-9828-cbed872c0e88 0eeba1160bdb41448461231bf3b2aee0 6a4ddc12ff6044efa6a6bd9b595174c8 - - default default] Successfully bumped revision number for resource a22591f3-ab70-4863-a10c-62914781af9f (type: security_group_rules) to 0
2026-04-23 01:27:12.979 10 INFO neutron.db.ovn_revision_numbers_db [None req-c163044c-c999-4dc0-a77a-c737704799ab 0eeba1160bdb41448461231bf3b2aee0 6a4ddc12ff6044efa6a6bd9b595174c8 - - default default] Successfully bumped revision number for resource 492f1f8a-e62c-44f2-807e-1491e5469fe8 (type: security_group_rules) to 0
2026-04-23 01:27:12.990 10 INFO neutron.db.ovn_revision_numbers_db [None req-e9f06806-5df3-498c-9828-cbed872c0e88 0eeba1160bdb41448461231bf3b2aee0 6a4ddc12ff6044efa6a6bd9b595174c8 - - default default] Successfully bumped revision number for resource f432e6ba-69d4-4f0e-9980-86eca33598ff (type: security_group_rules) to 0
2026-04-23 01:27:13.006 10 INFO neutron.db.ovn_revision_numbers_db [None req-c163044c-c999-4dc0-a77a-c737704799ab 0eeba1160bdb41448461231bf3b2aee0 6a4ddc12ff6044efa6a6bd9b595174c8 - - default default] Successfully bumped revision number for resource b2654861-6819-4893-ab44-8810837d4fe3 (type: security_group_rules) to 0
2026-04-23 01:27:13.024 10 INFO neutron.wsgi [None req-e9f06806-5df3-498c-9828-cbed872c0e88 0eeba1160bdb41448461231bf3b2aee0 6a4ddc12ff6044efa6a6bd9b595174c8 - - default default] 10.0.0.68 "GET /v2.0/security-groups?tenant_id=34d74b290df247cbb4644f9551021d5c&name=default HTTP/1.1" status: 200 len: 3120 time: 0.4247627
2026-04-23 01:27:13.037 10 INFO neutron.db.ovn_revision_numbers_db [None req-c163044c-c999-4dc0-a77a-c737704799ab 0eeba1160bdb41448461231bf3b2aee0 6a4ddc12ff6044efa6a6bd9b595174c8 - - default default] Successfully bumped revision number for resource c8eba662-119a-43b3-93ab-f5d09fff9a12 (type: security_group_rules) to 0
2026-04-23 01:27:13.063 10 INFO neutron.wsgi [None req-c163044c-c999-4dc0-a77a-c737704799ab 0eeba1160bdb41448461231bf3b2aee0 6a4ddc12ff6044efa6a6bd9b595174c8 - - default default] 10.0.0.68 "GET /v2.0/security-groups?tenant_id=323816cf08c547f1920a51a4fe5b7d10&name=default HTTP/1.1" status: 200 len: 3120 time: 0.5923584
2026-04-23 01:27:13.174 10 WARNING neutron.scheduler.dhcp_agent_scheduler [None req-d69d9d54-6741-4450-a4db-7b46bb831d56 0eeba1160bdb41448461231bf3b2aee0 6a4ddc12ff6044efa6a6bd9b595174c8 - - default default] No more DHCP agents
2026-04-23 01:27:13.176 10 WARNING neutron.api.rpc.agentnotifiers.dhcp_rpc_agent_api [None req-d69d9d54-6741-4450-a4db-7b46bb831d56 0eeba1160bdb41448461231bf3b2aee0 6a4ddc12ff6044efa6a6bd9b595174c8 - - default default] Unable to schedule network 972385ad-3565-4712-abbc-3ddb5cba818d: no agents available; will retry on subsequent port and subnet creation events.
2026-04-23 01:27:13.265 9 INFO neutron.wsgi [None req-e7fb616c-4703-41db-9b07-a080630b7112 0eeba1160bdb41448461231bf3b2aee0 6a4ddc12ff6044efa6a6bd9b595174c8 - - default default] 10.0.0.68 "DELETE /v2.0/security-groups/48094ce9-661c-46f4-a7e1-0d24e8aa3924 HTTP/1.1" status: 204 len: 168 time: 0.2354598
2026-04-23 01:27:13.294 9 INFO neutron.wsgi [None req-e68f0e81-c1e4-43a8-add7-7944611e786b 0eeba1160bdb41448461231bf3b2aee0 6a4ddc12ff6044efa6a6bd9b595174c8 - - default default] 10.0.0.68 "DELETE /v2.0/security-groups/4d026a47-de0e-4735-8427-418eda32fa7e HTTP/1.1" status: 204 len: 168 time: 0.2258554
2026-04-23 01:27:13.310 10 INFO neutron.db.ovn_revision_numbers_db [None req-d69d9d54-6741-4450-a4db-7b46bb831d56 0eeba1160bdb41448461231bf3b2aee0 6a4ddc12ff6044efa6a6bd9b595174c8 - - default default] Successfully bumped revision number for resource 9c6d8b4b-f884-4ff4-93d5-306ee1652e65 (type: ports) to 1
2026-04-23 01:27:14.203 10 INFO neutron.plugins.ml2.drivers.ovn.mech_driver.ovsdb.commands [None req-e0086d83-6f42-4774-8d51-14c11e9467ca - - - - - -] Schedule LRP lrp-9c6d8b4b-f884-4ff4-93d5-306ee1652e65 on gateway e3fae03a-740d-4cf2-8c34-fbdd765be0bb with priority 1
2026-04-23 01:27:14.217 10 INFO neutron.plugins.ml2.drivers.ovn.mech_driver.mech_driver [None req-8d099bd5-3702-4535-9a1e-086901901d26 - - - - - -] OVN reports status up for port: 9c6d8b4b-f884-4ff4-93d5-306ee1652e65
2026-04-23 01:27:14.233 10 INFO neutron.plugins.ml2.drivers.ovn.mech_driver.ovsdb.ovsdb_monitor [None req-41291f4e-2da9-42e9-84ee-46d7961e06f3 - - - - - -] Router bb724803-f344-43c2-944c-d643d62e4832 is bound to host instance
2026-04-23 01:27:14.259 10 INFO neutron.db.ovn_revision_numbers_db [None req-a43618d0-a032-41ec-b353-9e9794d09618 0eeba1160bdb41448461231bf3b2aee0 6a4ddc12ff6044efa6a6bd9b595174c8 - - default default] Successfully bumped revision number for resource b9e5d8c3-35c6-423a-a928-72670bcd04fa (type: security_groups) to 1
2026-04-23 01:27:14.266 10 INFO neutron.plugins.ml2.plugin [None req-8d099bd5-3702-4535-9a1e-086901901d26 - - - - - -] Attempt 1 to provision port 9c6d8b4b-f884-4ff4-93d5-306ee1652e65
2026-04-23 01:27:14.303 10 INFO neutron.db.ovn_revision_numbers_db [None req-a43618d0-a032-41ec-b353-9e9794d09618 0eeba1160bdb41448461231bf3b2aee0 6a4ddc12ff6044efa6a6bd9b595174c8 - - default default] Successfully bumped revision number for resource 25f58f09-35e9-48a1-a302-5b992292de60 (type: security_group_rules) to 0
2026-04-23 01:27:14.305 10 INFO neutron.db.ovn_revision_numbers_db [None req-d69d9d54-6741-4450-a4db-7b46bb831d56 0eeba1160bdb41448461231bf3b2aee0 6a4ddc12ff6044efa6a6bd9b595174c8 - - default default] Successfully bumped revision number for resource 9c6d8b4b-f884-4ff4-93d5-306ee1652e65 (type: router_ports) to 1
2026-04-23 01:27:14.353 10 INFO neutron.db.ovn_revision_numbers_db [None req-a43618d0-a032-41ec-b353-9e9794d09618 0eeba1160bdb41448461231bf3b2aee0 6a4ddc12ff6044efa6a6bd9b595174c8 - - default default] Successfully bumped revision number for resource 38facbde-847b-4053-86cf-a0685758fc84 (type: security_group_rules) to 0
2026-04-23 01:27:14.400 10 INFO neutron.db.ovn_revision_numbers_db [None req-a43618d0-a032-41ec-b353-9e9794d09618 0eeba1160bdb41448461231bf3b2aee0 6a4ddc12ff6044efa6a6bd9b595174c8 - - default default] Successfully bumped revision number for resource 86f81732-7f4e-4b05-93f5-6c4265e68742 (type: security_group_rules) to 0
2026-04-23 01:27:14.435 10 INFO neutron.db.ovn_revision_numbers_db [None req-a43618d0-a032-41ec-b353-9e9794d09618 0eeba1160bdb41448461231bf3b2aee0 6a4ddc12ff6044efa6a6bd9b595174c8 - - default default] Successfully bumped revision number for resource f822971b-87b6-4796-ab71-4ff5edf0e5a7 (type: security_group_rules) to 0
2026-04-23 01:27:14.448 10 INFO neutron.db.ovn_revision_numbers_db [None req-d69d9d54-6741-4450-a4db-7b46bb831d56 0eeba1160bdb41448461231bf3b2aee0 6a4ddc12ff6044efa6a6bd9b595174c8 - - default default] Successfully bumped revision number for resource bb724803-f344-43c2-944c-d643d62e4832 (type: routers) to 2
2026-04-23 01:27:14.473 10 INFO neutron.wsgi [None req-a43618d0-a032-41ec-b353-9e9794d09618 0eeba1160bdb41448461231bf3b2aee0 6a4ddc12ff6044efa6a6bd9b595174c8 - - default default] 10.0.0.68 "GET /v2.0/security-groups?tenant_id=194ab29f0a9846e38d014d0b19f01839&name=default HTTP/1.1" status: 200 len: 3120 time: 0.5151134
2026-04-23 01:27:14.491 10 INFO neutron.wsgi [None req-d69d9d54-6741-4450-a4db-7b46bb831d56 0eeba1160bdb41448461231bf3b2aee0 6a4ddc12ff6044efa6a6bd9b595174c8 - - default default] 10.0.0.68 "POST /v2.0/routers HTTP/1.1" status: 201 len: 1165 time: 1.9150875
2026-04-23 01:27:14.722 9 INFO neutron.wsgi [None req-844d6e4a-0798-4bd2-83a6-55a3606a29b5 0eeba1160bdb41448461231bf3b2aee0 6a4ddc12ff6044efa6a6bd9b595174c8 - - default default] 10.0.0.68 "DELETE /v2.0/security-groups/b9e5d8c3-35c6-423a-a928-72670bcd04fa HTTP/1.1" status: 204 len: 168 time: 0.2433121
2026-04-23 01:27:15.433 10 WARNING neutron.scheduler.dhcp_agent_scheduler [None req-61314985-a4bd-4856-aaa8-642d4386a3b9 0eeba1160bdb41448461231bf3b2aee0 6a4ddc12ff6044efa6a6bd9b595174c8 - - default default] No more DHCP agents
2026-04-23 01:27:15.439 10 WARNING neutron.api.rpc.agentnotifiers.dhcp_rpc_agent_api [None req-61314985-a4bd-4856-aaa8-642d4386a3b9 0eeba1160bdb41448461231bf3b2aee0 6a4ddc12ff6044efa6a6bd9b595174c8 - - default default] Unable to schedule network 87d03601-db1a-46fb-bdb9-46f182932d45: no agents available; will retry on subsequent port and subnet creation events.
2026-04-23 01:27:15.496 10 INFO neutron.db.ovn_revision_numbers_db [None req-41291f4e-2da9-42e9-84ee-46d7961e06f3 - - - - - -] Successfully bumped revision number for resource 9c6d8b4b-f884-4ff4-93d5-306ee1652e65 (type: ports) to 1
2026-04-23 01:27:15.638 10 INFO neutron.db.ovn_revision_numbers_db [None req-61314985-a4bd-4856-aaa8-642d4386a3b9 0eeba1160bdb41448461231bf3b2aee0 6a4ddc12ff6044efa6a6bd9b595174c8 - - default default] Successfully bumped revision number for resource 2f3cd902-8368-41ad-9165-1fcf37a105cc (type: ports) to 1
2026-04-23 01:27:16.036 10 INFO neutron.db.ovn_revision_numbers_db [None req-41291f4e-2da9-42e9-84ee-46d7961e06f3 - - - - - -] Successfully bumped revision number for resource 9c6d8b4b-f884-4ff4-93d5-306ee1652e65 (type: router_ports) to 3
2026-04-23 01:27:16.639 10 INFO neutron.db.ovn_revision_numbers_db [None req-41291f4e-2da9-42e9-84ee-46d7961e06f3 - - - - - -] Successfully bumped revision number for resource 9c6d8b4b-f884-4ff4-93d5-306ee1652e65 (type: ports) to 2
2026-04-23 01:27:16.641 10 ERROR ovsdbapp.backend.ovs_idl.command [None req-61314985-a4bd-4856-aaa8-642d4386a3b9 0eeba1160bdb41448461231bf3b2aee0 6a4ddc12ff6044efa6a6bd9b595174c8 - - default default] Error executing command (DbGetCommand): ovsdbapp.backend.ovs_idl.idlutils.RowNotFound: Cannot find Logical_Router_Port with name=lrp-2f3cd902-8368-41ad-9165-1fcf37a105cc
2026-04-23 01:27:16.641 10 ERROR ovsdbapp.backend.ovs_idl.command
Traceback (most recent call last):
2026-04-23 01:27:16.641 10 ERROR ovsdbapp.backend.ovs_idl.command
File "/var/lib/openstack/lib/python3.10/site-packages/ovsdbapp/backend/ovs_idl/command.py", line 47, in execute
2026-04-23 01:27:16.641 10 ERROR ovsdbapp.backend.ovs_idl.command self.run_idl(None)
2026-04-23 01:27:16.641 10 ERROR ovsdbapp.backend.ovs_idl.command
File "/var/lib/openstack/lib/python3.10/site-packages/ovsdbapp/backend/ovs_idl/command.py", line 235, in run_idl
2026-04-23 01:27:16.641 10 ERROR ovsdbapp.backend.ovs_idl.command record = self.api.lookup(self.table, self.record)
2026-04-23 01:27:16.641 10 ERROR ovsdbapp.backend.ovs_idl.command
File "/var/lib/openstack/lib/python3.10/site-packages/ovsdbapp/backend/ovs_idl/__init__.py", line 184, in lookup
2026-04-23 01:27:16.641 10 ERROR ovsdbapp.backend.ovs_idl.command return self._lookup(table, record)
2026-04-23 01:27:16.641 10 ERROR ovsdbapp.backend.ovs_idl.command
File "/var/lib/openstack/lib/python3.10/site-packages/ovsdbapp/backend/ovs_idl/__init__.py", line 235, in _lookup
2026-04-23 01:27:16.641 10 ERROR ovsdbapp.backend.ovs_idl.command row = idlutils.row_by_value(self, rl.table, rl.column, record)
2026-04-23 01:27:16.641 10 ERROR ovsdbapp.backend.ovs_idl.command
File "/var/lib/openstack/lib/python3.10/site-packages/ovsdbapp/backend/ovs_idl/idlutils.py", line 114, in row_by_value
2026-04-23 01:27:16.641 10 ERROR ovsdbapp.backend.ovs_idl.command raise RowNotFound(table=table, col=column, match=match)
2026-04-23 01:27:16.641 10 ERROR ovsdbapp.backend.ovs_idl.command ovsdbapp.backend.ovs_idl.idlutils.RowNotFound: Cannot find Logical_Router_Port with name=lrp-2f3cd902-8368-41ad-9165-1fcf37a105cc
2026-04-23 01:27:16.641 10 ERROR ovsdbapp.backend.ovs_idl.command 
2026-04-23 01:27:16.642 10 ERROR neutron_lib.callbacks.manager [None req-61314985-a4bd-4856-aaa8-642d4386a3b9 0eeba1160bdb41448461231bf3b2aee0 6a4ddc12ff6044efa6a6bd9b595174c8 - - default default] Error during notification for neutron.services.ovn_l3.plugin.OVNL3RouterPlugin._port_update-8756655709935 port, after_update: ovsdbapp.backend.ovs_idl.idlutils.RowNotFound: Cannot find Logical_Router_Port with name=lrp-2f3cd902-8368-41ad-9165-1fcf37a105cc
2026-04-23 01:27:16.642 10 ERROR neutron_lib.callbacks.manager
Traceback (most recent call last):
2026-04-23 01:27:16.642 10 ERROR neutron_lib.callbacks.manager
File "/var/lib/openstack/lib/python3.10/site-packages/neutron_lib/callbacks/manager.py", line 189, in _notify_loop
2026-04-23 01:27:16.642 10 ERROR neutron_lib.callbacks.manager callback.method(resource, event, trigger, payload=payload)
2026-04-23 01:27:16.642 10 ERROR neutron_lib.callbacks.manager
File "/var/lib/openstack/lib/python3.10/site-packages/neutron/services/ovn_l3/plugin.py", line 391, in _port_update
2026-04-23 01:27:16.642 10 ERROR neutron_lib.callbacks.manager l3plugin._ovn_client.update_router_port(context,
2026-04-23 01:27:16.642 10 ERROR neutron_lib.callbacks.manager
File "/var/lib/openstack/lib/python3.10/site-packages/neutron/plugins/ml2/drivers/ovn/mech_driver/ovsdb/ovn_client.py", line 1878, in update_router_port
2026-04-23 01:27:16.642 10 ERROR neutron_lib.callbacks.manager self._update_lrouter_port(context, port, if_exists=if_exists,
2026-04-23 01:27:16.642 10 ERROR neutron_lib.callbacks.manager
File "/var/lib/openstack/lib/python3.10/site-packages/neutron/plugins/ml2/drivers/ovn/mech_driver/ovsdb/ovn_client.py", line 1855, in _update_lrouter_port
2026-04-23 01:27:16.642 10 ERROR neutron_lib.callbacks.manager external_ids = self._nb_idl.db_get(
2026-04-23 01:27:16.642 10 ERROR neutron_lib.callbacks.manager
File "/var/lib/openstack/lib/python3.10/site-packages/ovsdbapp/backend/ovs_idl/command.py", line 47, in execute
2026-04-23 01:27:16.642 10 ERROR neutron_lib.callbacks.manager self.run_idl(None)
2026-04-23 01:27:16.642 10 ERROR neutron_lib.callbacks.manager
File "/var/lib/openstack/lib/python3.10/site-packages/ovsdbapp/backend/ovs_idl/command.py", line 235, in run_idl
2026-04-23 01:27:16.642 10 ERROR neutron_lib.callbacks.manager record = self.api.lookup(self.table, self.record)
2026-04-23 01:27:16.642 10 ERROR neutron_lib.callbacks.manager
File "/var/lib/openstack/lib/python3.10/site-packages/ovsdbapp/backend/ovs_idl/__init__.py", line 184, in lookup
2026-04-23 01:27:16.642 10 ERROR neutron_lib.callbacks.manager return self._lookup(table, record)
2026-04-23 01:27:16.642 10 ERROR neutron_lib.callbacks.manager
File "/var/lib/openstack/lib/python3.10/site-packages/ovsdbapp/backend/ovs_idl/__init__.py", line 235, in _lookup
2026-04-23 01:27:16.642 10 ERROR neutron_lib.callbacks.manager row = idlutils.row_by_value(self, rl.table, rl.column, record)
2026-04-23 01:27:16.642 10 ERROR neutron_lib.callbacks.manager
File "/var/lib/openstack/lib/python3.10/site-packages/ovsdbapp/backend/ovs_idl/idlutils.py", line 114, in row_by_value
2026-04-23 01:27:16.642 10 ERROR neutron_lib.callbacks.manager raise RowNotFound(table=table, col=column, match=match)
2026-04-23 01:27:16.642 10 ERROR neutron_lib.callbacks.manager ovsdbapp.backend.ovs_idl.idlutils.RowNotFound: Cannot find Logical_Router_Port with name=lrp-2f3cd902-8368-41ad-9165-1fcf37a105cc
2026-04-23 01:27:16.642 10 ERROR neutron_lib.callbacks.manager 
2026-04-23 01:27:16.653 9 WARNING neutron_lib.context [None req-9f06159c-9001-4487-a9f3-da9c553fe5bf 9a05e4b17c5b447f90b5ebb2547343a0 9fa0a96b16d14cb882ca67870474efd1 - - default default] Method 'is_advsvc' is deprecated since 2023.2 release (neutron-lib 3.8.0) and will be removed once support for the old RBAC API policies will be removed from Neutron. Please use method 'is_service_role' instead.
2026-04-23 01:27:16.870 9 INFO neutron.db.ovn_revision_numbers_db [None req-9f06159c-9001-4487-a9f3-da9c553fe5bf 9a05e4b17c5b447f90b5ebb2547343a0 9fa0a96b16d14cb882ca67870474efd1 - - default default] Successfully bumped revision number for resource 8b49abd2-b10a-4d0d-b8e4-ded2a76928dc (type: security_groups) to 1
2026-04-23 01:27:16.886 9 INFO neutron.db.ovn_revision_numbers_db [None req-9f06159c-9001-4487-a9f3-da9c553fe5bf 9a05e4b17c5b447f90b5ebb2547343a0 9fa0a96b16d14cb882ca67870474efd1 - - default default] Successfully bumped revision number for resource 26280b79-12db-49e8-a371-260135b7a197 (type: security_group_rules) to 0
2026-04-23 01:27:16.909 9 INFO neutron.db.ovn_revision_numbers_db [None req-9f06159c-9001-4487-a9f3-da9c553fe5bf 9a05e4b17c5b447f90b5ebb2547343a0 9fa0a96b16d14cb882ca67870474efd1 - - default default] Successfully bumped revision number for resource 55e27255-fafc-4248-9f9b-5ad3099ba394 (type: security_group_rules) to 0
2026-04-23 01:27:16.924 9 INFO neutron.db.ovn_revision_numbers_db [None req-9f06159c-9001-4487-a9f3-da9c553fe5bf 9a05e4b17c5b447f90b5ebb2547343a0 9fa0a96b16d14cb882ca67870474efd1 - - default default] Successfully bumped revision number for resource 7dd69fa5-4841-4fb2-b3cc-462d175ab492 (type: security_group_rules) to 0
2026-04-23 01:27:16.944 9 INFO neutron.db.ovn_revision_numbers_db [None req-9f06159c-9001-4487-a9f3-da9c553fe5bf 9a05e4b17c5b447f90b5ebb2547343a0 9fa0a96b16d14cb882ca67870474efd1 - - default default] Successfully bumped revision number for resource b978ce7a-c95c-4a0b-b6cb-76d1e0c3e261 (type: security_group_rules) to 0
2026-04-23 01:27:16.997 10 INFO neutron.db.ovn_revision_numbers_db [None req-61314985-a4bd-4856-aaa8-642d4386a3b9 0eeba1160bdb41448461231bf3b2aee0 6a4ddc12ff6044efa6a6bd9b595174c8 - - default default] Successfully bumped revision number for resource 2f3cd902-8368-41ad-9165-1fcf37a105cc (type: ports) to 1
2026-04-23 01:27:17.097 9 INFO neutron.db.ovn_revision_numbers_db [None req-9f06159c-9001-4487-a9f3-da9c553fe5bf 9a05e4b17c5b447f90b5ebb2547343a0 9fa0a96b16d14cb882ca67870474efd1 - - default default] Successfully bumped revision number for resource df691dad-1237-43a4-b4fe-368cb3acb0b5 (type: security_groups) to 1
2026-04-23 01:27:17.107 10 WARNING neutron.scheduler.dhcp_agent_scheduler [None req-61314985-a4bd-4856-aaa8-642d4386a3b9 0eeba1160bdb41448461231bf3b2aee0 6a4ddc12ff6044efa6a6bd9b595174c8 - - default default] No more DHCP agents
2026-04-23 01:27:17.110 10 WARNING neutron.api.rpc.agentnotifiers.dhcp_rpc_agent_api [None req-61314985-a4bd-4856-aaa8-642d4386a3b9 0eeba1160bdb41448461231bf3b2aee0 6a4ddc12ff6044efa6a6bd9b595174c8 - - default default] Unable to schedule network 87d03601-db1a-46fb-bdb9-46f182932d45: no agents available; will retry on subsequent port and subnet creation events.
2026-04-23 01:27:17.125 9 INFO neutron.db.ovn_revision_numbers_db [None req-9f06159c-9001-4487-a9f3-da9c553fe5bf 9a05e4b17c5b447f90b5ebb2547343a0 9fa0a96b16d14cb882ca67870474efd1 - - default default] Successfully bumped revision number for resource 3b80fe34-fcbb-4ff0-8c21-ddb7f9151d09 (type: security_group_rules) to 0
2026-04-23 01:27:17.148 9 INFO neutron.db.ovn_revision_numbers_db [None req-9f06159c-9001-4487-a9f3-da9c553fe5bf 9a05e4b17c5b447f90b5ebb2547343a0 9fa0a96b16d14cb882ca67870474efd1 - - default default] Successfully bumped revision number for resource 3c667b90-4c0e-4274-90e3-685b4bdfaec2 (type: security_group_rules) to 0
2026-04-23 01:27:17.170 9 INFO neutron.wsgi [None req-9f06159c-9001-4487-a9f3-da9c553fe5bf 9a05e4b17c5b447f90b5ebb2547343a0 9fa0a96b16d14cb882ca67870474efd1 - - default default] 10.0.0.68 "POST /v2.0/security-groups HTTP/1.1" status: 201 len: 1801 time: 0.7039845
2026-04-23 01:27:17.215 10 INFO neutron.plugins.ml2.drivers.ovn.mech_driver.mech_driver [None req-8d099bd5-3702-4535-9a1e-086901901d26 - - - - - -] OVN reports status up for port: 2f3cd902-8368-41ad-9165-1fcf37a105cc
2026-04-23 01:27:17.233 10 INFO neutron.db.ovn_revision_numbers_db [None req-41291f4e-2da9-42e9-84ee-46d7961e06f3 - - - - - -] Successfully bumped revision number for resource 9c6d8b4b-f884-4ff4-93d5-306ee1652e65 (type: ports) to 4
2026-04-23 01:27:17.241 10 INFO neutron.plugins.ml2.plugin [None req-8d099bd5-3702-4535-9a1e-086901901d26 - - - - - -] Attempt 1 to provision port 2f3cd902-8368-41ad-9165-1fcf37a105cc
2026-04-23 01:27:17.257 10 INFO neutron.wsgi [None req-1cb377f0-88c8-4ab2-a66f-716bdeab2a46 9a05e4b17c5b447f90b5ebb2547343a0 9fa0a96b16d14cb882ca67870474efd1 - - default default] 10.0.0.68 "PUT /v2.0/security-groups/df691dad-1237-43a4-b4fe-368cb3acb0b5/tags HTTP/1.1" status: 200 len: 218 time: 0.0822186
2026-04-23 01:27:17.466 10 INFO neutron.wsgi [-] 10.0.0.100 "GET / HTTP/1.1" status: 200 len: 246 time: 0.0017998
2026-04-23 01:27:17.468 10 INFO neutron.wsgi [-] 10.0.0.100 "GET / HTTP/1.1" status: 200 len: 246 time: 0.0013125
2026-04-23 01:27:17.503 9 INFO neutron.wsgi [None req-b9073fb6-13e1-4f58-b760-3af7692f5416 9a05e4b17c5b447f90b5ebb2547343a0 9fa0a96b16d14cb882ca67870474efd1 - - default default] 10.0.0.68 "GET /v2.0/security-groups/df691dad-1237-43a4-b4fe-368cb3acb0b5/tags HTTP/1.1" status: 200 len: 218 time: 0.2402577
2026-04-23 01:27:17.540 9 INFO neutron.wsgi [None req-a7dd1c89-2b6a-416c-81fd-0790cf1e4ebb 9a05e4b17c5b447f90b5ebb2547343a0 9fa0a96b16d14cb882ca67870474efd1 - - default default] 10.0.0.68 "PUT /v2.0/security-groups/df691dad-1237-43a4-b4fe-368cb3acb0b5/tags/green HTTP/1.1" status: 201 len: 201 time: 0.0324240
2026-04-23 01:27:17.566 9 INFO neutron.wsgi [None req-5615461c-75d1-4816-aa5c-71da183cf8fb 9a05e4b17c5b447f90b5ebb2547343a0 9fa0a96b16d14cb882ca67870474efd1 - - default default] 10.0.0.68 "GET /v2.0/security-groups/df691dad-1237-43a4-b4fe-368cb3acb0b5/tags HTTP/1.1" status: 200 len: 227 time: 0.0203645
2026-04-23 01:27:17.599 9 INFO neutron.wsgi [None req-6e6bdf66-56ef-4ae8-9a9e-dd7484bb0c81 9a05e4b17c5b447f90b5ebb2547343a0 9fa0a96b16d14cb882ca67870474efd1 - - default default] 10.0.0.68 "PUT /v2.0/security-groups/df691dad-1237-43a4-b4fe-368cb3acb0b5/tags/red HTTP/1.1" status: 201 len: 201 time: 0.0287631
2026-04-23 01:27:17.626 9 INFO neutron.wsgi [None req-eda7641a-1904-4d84-a513-048a71c9d4aa 9a05e4b17c5b447f90b5ebb2547343a0 9fa0a96b16d14cb882ca67870474efd1 - - default default] 10.0.0.68 "GET /v2.0/security-groups/df691dad-1237-43a4-b4fe-368cb3acb0b5/tags HTTP/1.1" status: 200 len: 227 time: 0.0218227
2026-04-23 01:27:17.664 9 INFO neutron.wsgi [None req-f812b6e6-8be1-4fa9-ad73-08c7414628ca 9a05e4b17c5b447f90b5ebb2547343a0 9fa0a96b16d14cb882ca67870474efd1 - - default default] 10.0.0.68 "PUT /v2.0/security-groups/df691dad-1237-43a4-b4fe-368cb3acb0b5/tags/black.or.white HTTP/1.1" status: 201 len: 201 time: 0.0311825
2026-04-23 01:27:17.693 9 INFO neutron.wsgi [None req-3773db73-0f1c-470f-9df4-a122a89e2613 9a05e4b17c5b447f90b5ebb2547343a0 9fa0a96b16d14cb882ca67870474efd1 - - default default] 10.0.0.68 "GET /v2.0/security-groups/df691dad-1237-43a4-b4fe-368cb3acb0b5/tags HTTP/1.1" status: 200 len: 245 time: 0.0216954
2026-04-23 01:27:17.739 9 INFO neutron.wsgi [None req-d44981da-ba18-4aef-b081-03ce46d4b3e9 9a05e4b17c5b447f90b5ebb2547343a0 9fa0a96b16d14cb882ca67870474efd1 - - default default] 10.0.0.68 "PUT /v2.0/security-groups/df691dad-1237-43a4-b4fe-368cb3acb0b5/tags HTTP/1.1" status: 200 len: 230 time: 0.0415456
2026-04-23 01:27:17.762 9 INFO neutron.wsgi [None req-54c1d32f-d912-45ff-bf72-1fda7d4310df 9a05e4b17c5b447f90b5ebb2547343a0 9fa0a96b16d14cb882ca67870474efd1 - - default default] 10.0.0.68 "GET /v2.0/security-groups/df691dad-1237-43a4-b4fe-368cb3acb0b5/tags HTTP/1.1" status: 200 len: 230 time: 0.0186164
2026-04-23 01:27:17.793 9 INFO neutron.wsgi [None req-e7dfbee2-0979-40b6-8822-5aeb1d0a8c50 9a05e4b17c5b447f90b5ebb2547343a0 9fa0a96b16d14cb882ca67870474efd1 - - default default] 10.0.0.68 "GET /v2.0/security-groups/df691dad-1237-43a4-b4fe-368cb3acb0b5/tags/red HTTP/1.1" status: 204 len: 168 time: 0.0262830
2026-04-23 01:27:17.818 9 INFO neutron.api.v2.resource [None req-1950bdaa-83d1-4e36-a809-06ebe7cb6a49 9a05e4b17c5b447f90b5ebb2547343a0 9fa0a96b16d14cb882ca67870474efd1 - - default default] show failed (client error): The resource could not be found.
2026-04-23 01:27:17.819 9 INFO neutron.wsgi [None req-1950bdaa-83d1-4e36-a809-06ebe7cb6a49 9a05e4b17c5b447f90b5ebb2547343a0 9fa0a96b16d14cb882ca67870474efd1 - - default default] 10.0.0.68 "GET /v2.0/security-groups/df691dad-1237-43a4-b4fe-368cb3acb0b5/tags/green HTTP/1.1" status: 404 len: 299 time: 0.0223718
2026-04-23 01:27:17.859 9 INFO neutron.wsgi [None req-ddc95a75-fbc9-4e1c-bd14-787f057f6a0e 9a05e4b17c5b447f90b5ebb2547343a0 9fa0a96b16d14cb882ca67870474efd1 - - default default] 10.0.0.68 "DELETE /v2.0/security-groups/df691dad-1237-43a4-b4fe-368cb3acb0b5/tags/red HTTP/1.1" status: 204 len: 168 time: 0.0353713
2026-04-23 01:27:17.886 9 INFO neutron.wsgi [None req-1cb6e0ad-b2ba-46d7-bb22-34c20c5f5042 9a05e4b17c5b447f90b5ebb2547343a0 9fa0a96b16d14cb882ca67870474efd1 - - default default] 10.0.0.68 "GET /v2.0/security-groups/df691dad-1237-43a4-b4fe-368cb3acb0b5/tags HTTP/1.1" status: 200 len: 223 time: 0.0231187
2026-04-23 01:27:17.913 9 INFO neutron.api.v2.resource [None req-8c0cf806-fe78-4873-ac0a-fa9d314d127c 9a05e4b17c5b447f90b5ebb2547343a0 9fa0a96b16d14cb882ca67870474efd1 - - default default] delete failed (client error): The resource could not be found.
2026-04-23 01:27:17.915 9 INFO neutron.wsgi [None req-8c0cf806-fe78-4873-ac0a-fa9d314d127c 9a05e4b17c5b447f90b5ebb2547343a0 9fa0a96b16d14cb882ca67870474efd1 - - default default] 10.0.0.68 "DELETE /v2.0/security-groups/df691dad-1237-43a4-b4fe-368cb3acb0b5/tags/green HTTP/1.1" status: 404 len: 299 time: 0.0252030
2026-04-23 01:27:17.956 9 INFO neutron.wsgi [None req-976f2215-4de3-44b0-9f75-5a85766b7090 9a05e4b17c5b447f90b5ebb2547343a0 9fa0a96b16d14cb882ca67870474efd1 - - default default] 10.0.0.68 "DELETE /v2.0/security-groups/df691dad-1237-43a4-b4fe-368cb3acb0b5/tags HTTP/1.1" status: 204 len: 168 time: 0.0370293
2026-04-23 01:27:17.984 9 INFO neutron.wsgi [None req-2c9ddc8c-d798-4533-96dd-36f167626d18 9a05e4b17c5b447f90b5ebb2547343a0 9fa0a96b16d14cb882ca67870474efd1 - - default default] 10.0.0.68 "GET /v2.0/security-groups/df691dad-1237-43a4-b4fe-368cb3acb0b5/tags HTTP/1.1" status: 200 len: 205 time: 0.0201590
2026-04-23 01:27:18.016 10 INFO neutron.db.ovn_revision_numbers_db [None req-41291f4e-2da9-42e9-84ee-46d7961e06f3 - - - - - -] Successfully bumped revision number for resource 9c6d8b4b-f884-4ff4-93d5-306ee1652e65 (type: router_ports) to 4
2026-04-23 01:27:18.109 9 INFO neutron.wsgi [None req-6e3d6e91-9329-4078-b01a-0f892eceadbd 9a05e4b17c5b447f90b5ebb2547343a0 9fa0a96b16d14cb882ca67870474efd1 - - default default] 10.0.0.68 "DELETE /v2.0/security-groups/df691dad-1237-43a4-b4fe-368cb3acb0b5 HTTP/1.1" status: 204 len: 168 time: 0.1164553
2026-04-23 01:27:18.196 10 INFO neutron.db.ovn_revision_numbers_db [None req-61314985-a4bd-4856-aaa8-642d4386a3b9 0eeba1160bdb41448461231bf3b2aee0 6a4ddc12ff6044efa6a6bd9b595174c8 - - default default] Successfully bumped revision number for resource 2f3cd902-8368-41ad-9165-1fcf37a105cc (type: router_ports) to 1
2026-04-23 01:27:18.202 10 INFO neutron.wsgi [None req-61314985-a4bd-4856-aaa8-642d4386a3b9 0eeba1160bdb41448461231bf3b2aee0 6a4ddc12ff6044efa6a6bd9b595174c8 - - default default] 10.0.0.68 "PUT /v2.0/routers/bb724803-f344-43c2-944c-d643d62e4832/add_router_interface HTTP/1.1" status: 200 len: 503 time: 3.7039247
2026-04-23 01:27:18.241 10 INFO neutron.db.ovn_revision_numbers_db [None req-8d099bd5-3702-4535-9a1e-086901901d26 - - - - - -] Successfully bumped revision number for resource 2f3cd902-8368-41ad-9165-1fcf37a105cc (type: ports) to 2
2026-04-23 01:27:18.388 10 INFO neutron.db.ovn_revision_numbers_db [None req-8d099bd5-3702-4535-9a1e-086901901d26 - - - - - -] Successfully bumped revision number for resource 2f3cd902-8368-41ad-9165-1fcf37a105cc (type: router_ports) to 2
2026-04-23 01:27:18.943 9 WARNING neutron_lib.context [None req-3f7eb59e-4d07-449a-ab1e-0fdf91eeaf68 8d60ca60036042f892124c71cf4562b0 a3f487e49b64455fbf42757213a6f2ae - - default default] Method 'is_advsvc' is deprecated since 2023.2 release (neutron-lib 3.8.0) and will be removed once support for the old RBAC API policies will be removed from Neutron. Please use method 'is_service_role' instead.
2026-04-23 01:27:19.077 10 INFO neutron.db.ovn_revision_numbers_db [None req-890725ac-66b6-452a-836f-82a3db21f629 0eeba1160bdb41448461231bf3b2aee0 6a4ddc12ff6044efa6a6bd9b595174c8 - - default default] Successfully bumped revision number for resource 6a37c69c-5c63-4474-a370-782634f2827c (type: security_groups) to 1
2026-04-23 01:27:19.089 10 INFO neutron.db.ovn_revision_numbers_db [None req-890725ac-66b6-452a-836f-82a3db21f629 0eeba1160bdb41448461231bf3b2aee0 6a4ddc12ff6044efa6a6bd9b595174c8 - - default default] Successfully bumped revision number for resource 1e7154c1-9362-4d29-940c-1ac6d59ae1ec (type: security_group_rules) to 0
2026-04-23 01:27:19.104 10 INFO neutron.db.ovn_revision_numbers_db [None req-890725ac-66b6-452a-836f-82a3db21f629 0eeba1160bdb41448461231bf3b2aee0 6a4ddc12ff6044efa6a6bd9b595174c8 - - default default] Successfully bumped revision number for resource 384ab719-43f5-43e4-a5b0-f5922ae2c7bf (type: security_group_rules) to 0
2026-04-23 01:27:19.125 10 INFO neutron.db.ovn_revision_numbers_db [None req-890725ac-66b6-452a-836f-82a3db21f629 0eeba1160bdb41448461231bf3b2aee0 6a4ddc12ff6044efa6a6bd9b595174c8 - - default default] Successfully bumped revision number for resource a706fbba-ce3f-4fe2-bcb2-46977941f73b (type: security_group_rules) to 0
2026-04-23 01:27:19.140 10 INFO neutron.db.ovn_revision_numbers_db [None req-890725ac-66b6-452a-836f-82a3db21f629 0eeba1160bdb41448461231bf3b2aee0 6a4ddc12ff6044efa6a6bd9b595174c8 - - default default] Successfully bumped revision number for resource d333c2ce-7cd7-4d68-9be1-8338f7089075 (type: security_group_rules) to 0
2026-04-23 01:27:19.167 10 INFO neutron.wsgi [None req-890725ac-66b6-452a-836f-82a3db21f629 0eeba1160bdb41448461231bf3b2aee0 6a4ddc12ff6044efa6a6bd9b595174c8 - - default default] 10.0.0.68 "GET /v2.0/security-groups?tenant_id=4e0cf383f280481bbc8cd2b8e363d208&name=default HTTP/1.1" status: 200 len: 3120 time: 0.3345926
2026-04-23 01:27:19.215 9 WARNING neutron.scheduler.dhcp_agent_scheduler [None req-3f7eb59e-4d07-449a-ab1e-0fdf91eeaf68 8d60ca60036042f892124c71cf4562b0 a3f487e49b64455fbf42757213a6f2ae - - default default] No more DHCP agents
2026-04-23 01:27:19.222 9 WARNING neutron.api.rpc.agentnotifiers.dhcp_rpc_agent_api [None req-3f7eb59e-4d07-449a-ab1e-0fdf91eeaf68 8d60ca60036042f892124c71cf4562b0 a3f487e49b64455fbf42757213a6f2ae - - default default] Unable to schedule network 972385ad-3565-4712-abbc-3ddb5cba818d: no agents available; will retry on subsequent port and subnet creation events.
2026-04-23 01:27:19.491 10 INFO neutron.db.ovn_revision_numbers_db [None req-c5d3e2c5-f1f9-413b-b949-50ce8cd3efc3 0eeba1160bdb41448461231bf3b2aee0 6a4ddc12ff6044efa6a6bd9b595174c8 - - default default] Successfully bumped revision number for resource 7d398eef-c82a-4202-9b41-66e5a43aa6f2 (type: security_groups) to 1
2026-04-23 01:27:19.492 9 INFO neutron.wsgi [None req-bc9eae46-6b00-4e3c-ae71-ce4b2b495888 0eeba1160bdb41448461231bf3b2aee0 6a4ddc12ff6044efa6a6bd9b595174c8 - - default default] 10.0.0.68 "DELETE /v2.0/security-groups/6a37c69c-5c63-4474-a370-782634f2827c HTTP/1.1" status: 204 len: 168 time: 0.3193619
2026-04-23 01:27:19.506 10 INFO neutron.db.ovn_revision_numbers_db [None req-c5d3e2c5-f1f9-413b-b949-50ce8cd3efc3 0eeba1160bdb41448461231bf3b2aee0 6a4ddc12ff6044efa6a6bd9b595174c8 - - default default] Successfully bumped revision number for resource 28f4a976-2947-4afe-b882-7853bb063f01 (type: security_group_rules) to 0
2026-04-23 01:27:19.524 10 INFO neutron.db.ovn_revision_numbers_db [None req-c5d3e2c5-f1f9-413b-b949-50ce8cd3efc3 0eeba1160bdb41448461231bf3b2aee0 6a4ddc12ff6044efa6a6bd9b595174c8 - - default default] Successfully bumped revision number for resource 4bc6cf86-f512-4ac5-8199-1fd16fd188c9 (type: security_group_rules) to 0
2026-04-23 01:27:19.539 10 INFO neutron.db.ovn_revision_numbers_db [None req-c5d3e2c5-f1f9-413b-b949-50ce8cd3efc3 0eeba1160bdb41448461231bf3b2aee0 6a4ddc12ff6044efa6a6bd9b595174c8 - - default default] Successfully bumped revision number for resource 9c45d97f-cb0b-407d-8dc5-b6c82c65bafe (type: security_group_rules) to 0
2026-04-23 01:27:19.553 10 INFO neutron.db.ovn_revision_numbers_db [None req-c5d3e2c5-f1f9-413b-b949-50ce8cd3efc3 0eeba1160bdb41448461231bf3b2aee0 6a4ddc12ff6044efa6a6bd9b595174c8 - - default default] Successfully bumped revision number for resource b069edda-51ee-4239-9d45-eac983878ea7 (type: security_group_rules) to 0
2026-04-23 01:27:19.604 10 INFO neutron.db.segments_db [None req-c5d3e2c5-f1f9-413b-b949-50ce8cd3efc3 0eeba1160bdb41448461231bf3b2aee0 6a4ddc12ff6044efa6a6bd9b595174c8 - - default default] Added segment 5ecc301c-1b64-48d9-ac34-2cd56ed1ed61 of type geneve for network 53feba77-3c48-4f56-822a-deb75272ff1b
2026-04-23 01:27:19.622 9 INFO neutron.wsgi [None req-3f7eb59e-4d07-449a-ab1e-0fdf91eeaf68 8d60ca60036042f892124c71cf4562b0 a3f487e49b64455fbf42757213a6f2ae - - default default] 10.0.0.68 "POST /v2.0/floatingips HTTP/1.1" status: 201 len: 751 time: 0.7258902
2026-04-23 01:27:19.636 9 WARNING neutron_lib.context [None req-1d8f0c58-d42f-4c9a-b195-fe6812cbf984 8d60ca60036042f892124c71cf4562b0 a3f487e49b64455fbf42757213a6f2ae - - default default] Method 'is_advsvc' is deprecated since 2023.2 release (neutron-lib 3.8.0) and will be removed once support for the old RBAC API policies will be removed from Neutron. Please use method 'is_service_role' instead.
2026-04-23 01:27:19.710 9 INFO neutron.wsgi [None req-bee30cc3-d5a1-48bf-8742-ed119b90de13 0eeba1160bdb41448461231bf3b2aee0 6a4ddc12ff6044efa6a6bd9b595174c8 - - default default] 10.0.0.68 "GET /v2.0/security-groups?tenant_id=9fa0a96b16d14cb882ca67870474efd1&name=default HTTP/1.1" status: 200 len: 3120 time: 0.0572276
2026-04-23 01:27:19.750 10 INFO neutron.db.ovn_revision_numbers_db [None req-c5d3e2c5-f1f9-413b-b949-50ce8cd3efc3 0eeba1160bdb41448461231bf3b2aee0 6a4ddc12ff6044efa6a6bd9b595174c8 - - default default] Successfully bumped revision number for resource 53feba77-3c48-4f56-822a-deb75272ff1b (type: networks) to 1
2026-04-23 01:27:19.935 10 WARNING neutron.scheduler.dhcp_agent_scheduler [None req-c5d3e2c5-f1f9-413b-b949-50ce8cd3efc3 0eeba1160bdb41448461231bf3b2aee0 6a4ddc12ff6044efa6a6bd9b595174c8 - - default default] No more DHCP agents
2026-04-23 01:27:19.938 10 WARNING neutron.api.rpc.agentnotifiers.dhcp_rpc_agent_api [None req-c5d3e2c5-f1f9-413b-b949-50ce8cd3efc3 0eeba1160bdb41448461231bf3b2aee0 6a4ddc12ff6044efa6a6bd9b595174c8 - - default default] Unable to schedule network 53feba77-3c48-4f56-822a-deb75272ff1b: no agents available; will retry on subsequent port and subnet creation events.
2026-04-23 01:27:19.954 9 WARNING neutron.scheduler.dhcp_agent_scheduler [None req-1d8f0c58-d42f-4c9a-b195-fe6812cbf984 8d60ca60036042f892124c71cf4562b0 a3f487e49b64455fbf42757213a6f2ae - - default default] No more DHCP agents
2026-04-23 01:27:19.958 9 WARNING neutron.api.rpc.agentnotifiers.dhcp_rpc_agent_api [None req-1d8f0c58-d42f-4c9a-b195-fe6812cbf984 8d60ca60036042f892124c71cf4562b0 a3f487e49b64455fbf42757213a6f2ae - - default default] Unable to schedule network 972385ad-3565-4712-abbc-3ddb5cba818d: no agents available; will retry on subsequent port and subnet creation events.
2026-04-23 01:27:20.024 10 INFO neutron.db.ovn_revision_numbers_db [None req-c5d3e2c5-f1f9-413b-b949-50ce8cd3efc3 0eeba1160bdb41448461231bf3b2aee0 6a4ddc12ff6044efa6a6bd9b595174c8 - - default default] Successfully bumped revision number for resource fa10667c-68e0-4a1a-801d-8ae8e6df1d42 (type: ports) to 1
2026-04-23 01:27:20.046 9 INFO neutron.wsgi [None req-89c6be66-3a0d-41b1-b464-15c97548c1ec 0eeba1160bdb41448461231bf3b2aee0 6a4ddc12ff6044efa6a6bd9b595174c8 - - default default] 10.0.0.68 "DELETE /v2.0/security-groups/8b49abd2-b10a-4d0d-b8e4-ded2a76928dc HTTP/1.1" status: 204 len: 168 time: 0.3279903
2026-04-23 01:27:20.051 10 INFO neutron.wsgi [None req-c5d3e2c5-f1f9-413b-b949-50ce8cd3efc3 0eeba1160bdb41448461231bf3b2aee0 6a4ddc12ff6044efa6a6bd9b595174c8 - - default default] 10.0.0.68 "POST /v2.0/networks HTTP/1.1" status: 201 len: 942 time: 0.7449958
2026-04-23 01:27:20.290 9 WARNING neutron.scheduler.dhcp_agent_scheduler [None req-eb44bd25-3b93-4b96-a917-20586319f55d 0eeba1160bdb41448461231bf3b2aee0 6a4ddc12ff6044efa6a6bd9b595174c8 - - default default] No more DHCP agents
2026-04-23 01:27:20.294 9 WARNING neutron.api.rpc.agentnotifiers.dhcp_rpc_agent_api [None req-eb44bd25-3b93-4b96-a917-20586319f55d 0eeba1160bdb41448461231bf3b2aee0 6a4ddc12ff6044efa6a6bd9b595174c8 - - default default] Unable to schedule network 53feba77-3c48-4f56-822a-deb75272ff1b: no agents available; will retry on subsequent port and subnet creation events.
2026-04-23 01:27:20.501 9 INFO neutron.wsgi [None req-1d8f0c58-d42f-4c9a-b195-fe6812cbf984 8d60ca60036042f892124c71cf4562b0 a3f487e49b64455fbf42757213a6f2ae - - default default] 10.0.0.68 "POST /v2.0/floatingips HTTP/1.1" status: 201 len: 751 time: 0.8714361
2026-04-23 01:27:20.514 9 WARNING neutron_lib.context [None req-c13e56da-ef23-4d92-8959-de87306eac0b 8d60ca60036042f892124c71cf4562b0 a3f487e49b64455fbf42757213a6f2ae - - default default] Method 'is_advsvc' is deprecated since 2023.2 release (neutron-lib 3.8.0) and will be removed once support for the old RBAC API policies will be removed from Neutron. Please use method 'is_service_role' instead.
2026-04-23 01:27:20.886 9 WARNING neutron.scheduler.dhcp_agent_scheduler [None req-c13e56da-ef23-4d92-8959-de87306eac0b 8d60ca60036042f892124c71cf4562b0 a3f487e49b64455fbf42757213a6f2ae - - default default] No more DHCP agents
2026-04-23 01:27:20.896 9 WARNING neutron.api.rpc.agentnotifiers.dhcp_rpc_agent_api [None req-c13e56da-ef23-4d92-8959-de87306eac0b 8d60ca60036042f892124c71cf4562b0 a3f487e49b64455fbf42757213a6f2ae - - default default] Unable to schedule network 972385ad-3565-4712-abbc-3ddb5cba818d: no agents available; will retry on subsequent port and subnet creation events.
2026-04-23 01:27:21.048 9 INFO neutron.db.ovn_revision_numbers_db [None req-eb44bd25-3b93-4b96-a917-20586319f55d 0eeba1160bdb41448461231bf3b2aee0 6a4ddc12ff6044efa6a6bd9b595174c8 - - default default] Successfully bumped revision number for resource fa10667c-68e0-4a1a-801d-8ae8e6df1d42 (type: ports) to 2
2026-04-23 01:27:21.090 9 INFO neutron.db.ovn_revision_numbers_db [None req-eb44bd25-3b93-4b96-a917-20586319f55d 0eeba1160bdb41448461231bf3b2aee0 6a4ddc12ff6044efa6a6bd9b595174c8 - - default default] Successfully bumped revision number for resource 891dbf96-32dc-4d5b-ab29-d205781c84a0 (type: subnets) to 0
2026-04-23 01:27:21.107 9 INFO neutron.wsgi [None req-eb44bd25-3b93-4b96-a917-20586319f55d 0eeba1160bdb41448461231bf3b2aee0 6a4ddc12ff6044efa6a6bd9b595174c8 - - default default] 10.0.0.68 "POST /v2.0/subnets HTTP/1.1" status: 201 len: 863 time: 1.0500963
2026-04-23 01:27:21.292 9 INFO neutron.wsgi [None req-c13e56da-ef23-4d92-8959-de87306eac0b 8d60ca60036042f892124c71cf4562b0 a3f487e49b64455fbf42757213a6f2ae - - default default] 10.0.0.68 "POST /v2.0/floatingips HTTP/1.1" status: 201 len: 751 time: 0.7851000
2026-04-23 01:27:21.307 9 WARNING neutron_lib.context [None req-cda90510-0e49-472c-893d-38106c8b813f 8d60ca60036042f892124c71cf4562b0 a3f487e49b64455fbf42757213a6f2ae - - default default] Method 'is_advsvc' is deprecated since 2023.2 release (neutron-lib 3.8.0) and will be removed once support for the old RBAC API policies will be removed from Neutron. Please use method 'is_service_role' instead.
2026-04-23 01:27:21.600 9 WARNING neutron.scheduler.dhcp_agent_scheduler [None req-cda90510-0e49-472c-893d-38106c8b813f 8d60ca60036042f892124c71cf4562b0 a3f487e49b64455fbf42757213a6f2ae - - default default] No more DHCP agents
2026-04-23 01:27:21.603 9 WARNING neutron.api.rpc.agentnotifiers.dhcp_rpc_agent_api [None req-cda90510-0e49-472c-893d-38106c8b813f 8d60ca60036042f892124c71cf4562b0 a3f487e49b64455fbf42757213a6f2ae - - default default] Unable to schedule network 972385ad-3565-4712-abbc-3ddb5cba818d: no agents available; will retry on subsequent port and subnet creation events.
2026-04-23 01:27:21.719 10 WARNING neutron.scheduler.dhcp_agent_scheduler [None req-4f400b97-b0b0-4580-86d3-c9e9d47c794a 0eeba1160bdb41448461231bf3b2aee0 6a4ddc12ff6044efa6a6bd9b595174c8 - - default default] No more DHCP agents
2026-04-23 01:27:21.724 10 WARNING neutron.api.rpc.agentnotifiers.dhcp_rpc_agent_api [None req-4f400b97-b0b0-4580-86d3-c9e9d47c794a 0eeba1160bdb41448461231bf3b2aee0 6a4ddc12ff6044efa6a6bd9b595174c8 - - default default] Unable to schedule network 972385ad-3565-4712-abbc-3ddb5cba818d: no agents available; will retry on subsequent port and subnet creation events.
