2026-04-23 01:05:47.467 9 INFO neutron.wsgi [-] 10.0.0.100 "GET / HTTP/1.1" status: 200 len: 246 time: 0.0023854
2026-04-23 01:05:47.467 10 INFO neutron.wsgi [-] 10.0.0.100 "GET / HTTP/1.1" status: 200 len: 246 time: 0.0033414
2026-04-23 01:06:02.467 9 INFO neutron.wsgi [-] 10.0.0.100 "GET / HTTP/1.1" status: 200 len: 246 time: 0.0024526
2026-04-23 01:06:02.467 10 INFO neutron.wsgi [-] 10.0.0.100 "GET / HTTP/1.1" status: 200 len: 246 time: 0.0023823
2026-04-23 01:06:17.467 10 INFO neutron.wsgi [-] 10.0.0.100 "GET / HTTP/1.1" status: 200 len: 246 time: 0.0027781
2026-04-23 01:06:17.470 10 INFO neutron.wsgi [-] 10.0.0.100 "GET / HTTP/1.1" status: 200 len: 246 time: 0.0029383
2026-04-23 01:06:32.466 10 INFO neutron.wsgi [-] 10.0.0.100 "GET / HTTP/1.1" status: 200 len: 246 time: 0.0017679
2026-04-23 01:06:32.468 10 INFO neutron.wsgi [-] 10.0.0.100 "GET / HTTP/1.1" status: 200 len: 246 time: 0.0012636
2026-04-23 01:06:47.467 9 INFO neutron.wsgi [-] 10.0.0.100 "GET / HTTP/1.1" status: 200 len: 246 time: 0.0028114
2026-04-23 01:06:47.468 10 INFO neutron.wsgi [-] 10.0.0.100 "GET / HTTP/1.1" status: 200 len: 246 time: 0.0041826 /var/lib/openstack/lib/python3.10/site-packages/pycadf/identifier.py:71: UserWarning: Invalid uuid: unknown. To ensure interoperability, identifiers should be a valid uuid. warnings.warn(('Invalid uuid: %s. To ensure interoperability, '
2026-04-23 01:06:52.078 10 INFO neutron.api.v2.resource [None req-730874e5-dc28-4d13-86e6-e6813c23dd1e 0eeba1160bdb41448461231bf3b2aee0 6a4ddc12ff6044efa6a6bd9b595174c8 - - default default] show failed (client error): The resource could not be found.
2026-04-23 01:06:52.080 10 INFO neutron.wsgi [None req-730874e5-dc28-4d13-86e6-e6813c23dd1e 0eeba1160bdb41448461231bf3b2aee0 6a4ddc12ff6044efa6a6bd9b595174c8 - - default default] 199.204.45.22,10.0.0.100 "GET /v2.0/security-groups/manila-service-security-group?project_id=b9ee4f74b5054b83875cc34b12576d9f HTTP/1.1" status: 404 len: 321 time: 0.1577194
2026-04-23 01:06:52.203 10 INFO neutron.db.ovn_revision_numbers_db [None req-5f308f8a-e63b-4415-aa85-e56b345a1771 0eeba1160bdb41448461231bf3b2aee0 6a4ddc12ff6044efa6a6bd9b595174c8 - - default default] Successfully bumped revision number for resource 565995ed-ec15-4b4b-a0e2-54207ad0e14f (type: security_groups) to 1
2026-04-23 01:06:52.213 10 INFO neutron.db.ovn_revision_numbers_db [None req-5f308f8a-e63b-4415-aa85-e56b345a1771 0eeba1160bdb41448461231bf3b2aee0 6a4ddc12ff6044efa6a6bd9b595174c8 - - default default] Successfully bumped revision number for resource 33c7e687-21f1-447f-a248-3acc62958e8e (type: security_group_rules) to 0
2026-04-23 01:06:52.226 10 INFO neutron.db.ovn_revision_numbers_db [None req-5f308f8a-e63b-4415-aa85-e56b345a1771 0eeba1160bdb41448461231bf3b2aee0 6a4ddc12ff6044efa6a6bd9b595174c8 - - default default] Successfully bumped revision number for resource 5244443e-f065-4344-a2fa-f0872e9e8edd (type: security_group_rules) to 0
2026-04-23 01:06:52.237 10 INFO neutron.db.ovn_revision_numbers_db [None req-5f308f8a-e63b-4415-aa85-e56b345a1771 0eeba1160bdb41448461231bf3b2aee0 6a4ddc12ff6044efa6a6bd9b595174c8 - - default default] Successfully bumped revision number for resource 52cc5f23-7ce6-4768-b2eb-fbf74050aaae (type: security_group_rules) to 0
2026-04-23 01:06:52.247 10 INFO neutron.db.ovn_revision_numbers_db [None req-5f308f8a-e63b-4415-aa85-e56b345a1771 0eeba1160bdb41448461231bf3b2aee0 6a4ddc12ff6044efa6a6bd9b595174c8 - - default default] Successfully bumped revision number for resource a2b8a12f-5c6b-4028-8e71-63169d0f6903 (type: security_group_rules) to 0
2026-04-23 01:06:52.262 10 INFO neutron.wsgi [None req-5f308f8a-e63b-4415-aa85-e56b345a1771 0eeba1160bdb41448461231bf3b2aee0 6a4ddc12ff6044efa6a6bd9b595174c8 - - default default] 199.204.45.22,10.0.0.100 "GET /v2.0/security-groups?name=manila-service-security-group&project_id=b9ee4f74b5054b83875cc34b12576d9f HTTP/1.1" status: 200 len: 197 time: 0.1782391
2026-04-23 01:06:52.461 10 INFO neutron.db.ovn_revision_numbers_db [None req-d2d68385-8e28-4e15-83a9-6c264040cf41 0eeba1160bdb41448461231bf3b2aee0 6a4ddc12ff6044efa6a6bd9b595174c8 - - default default] Successfully bumped revision number for resource 15bd6c2b-dd45-4b1e-814d-fc6f6884e07b (type: security_groups) to 1
2026-04-23 01:06:52.474 10 INFO neutron.db.ovn_revision_numbers_db [None req-d2d68385-8e28-4e15-83a9-6c264040cf41 0eeba1160bdb41448461231bf3b2aee0 6a4ddc12ff6044efa6a6bd9b595174c8 - - default default] Successfully bumped revision number for resource 8f0caa36-df97-4f99-a579-dc2f160a50fd (type: security_group_rules) to 0
2026-04-23 01:06:52.486 10 INFO neutron.db.ovn_revision_numbers_db [None req-d2d68385-8e28-4e15-83a9-6c264040cf41 0eeba1160bdb41448461231bf3b2aee0 6a4ddc12ff6044efa6a6bd9b595174c8 - - default default] Successfully bumped revision number for resource 9380082e-512a-4348-99f3-6baecab5af2d (type: security_group_rules) to 0
2026-04-23 01:06:52.505 10 INFO neutron.wsgi [None req-d2d68385-8e28-4e15-83a9-6c264040cf41 0eeba1160bdb41448461231bf3b2aee0 6a4ddc12ff6044efa6a6bd9b595174c8 - - default default] 199.204.45.22,10.0.0.100 "POST /v2.0/security-groups HTTP/1.1" status: 201 len: 1805 time: 0.1827252
2026-04-23 01:06:53.481 10 INFO neutron.wsgi [None req-94eb69b6-6bb6-4f19-9353-74bbeee8e5e2 0eeba1160bdb41448461231bf3b2aee0 6a4ddc12ff6044efa6a6bd9b595174c8 - - default default] 199.204.45.22,10.0.0.100 "GET /v2.0/security-groups/15bd6c2b-dd45-4b1e-814d-fc6f6884e07b?project_id=b9ee4f74b5054b83875cc34b12576d9f HTTP/1.1" status: 200 len: 1800 time: 0.0591576
2026-04-23 01:06:53.513 10 INFO neutron.wsgi [None req-9ac2d324-4c1e-47df-b165-922c6b437492 0eeba1160bdb41448461231bf3b2aee0 6a4ddc12ff6044efa6a6bd9b595174c8 - - default default] 199.204.45.22,10.0.0.100 "GET /v2.0/security-groups/15bd6c2b-dd45-4b1e-814d-fc6f6884e07b HTTP/1.1" status: 200 len: 1800 time: 0.0259483
2026-04-23 01:06:53.613 10 INFO neutron.wsgi [None req-4d0f0048-b9b8-4962-a3e5-6f410f307e56 0eeba1160bdb41448461231bf3b2aee0 6a4ddc12ff6044efa6a6bd9b595174c8 - - default default] 199.204.45.22,10.0.0.100 "GET /v2.0/security-groups/15bd6c2b-dd45-4b1e-814d-fc6f6884e07b?project_id=b9ee4f74b5054b83875cc34b12576d9f HTTP/1.1" status: 200 len: 1800 time: 0.0294490
2026-04-23 01:06:53.753 10 INFO neutron.db.ovn_revision_numbers_db [None req-adfce5b9-f888-4123-968a-a114f607866e 0eeba1160bdb41448461231bf3b2aee0 6a4ddc12ff6044efa6a6bd9b595174c8 - - default default] Successfully bumped revision number for resource 00447d18-0ec4-4ea0-aad7-7f07d331aa8c (type: security_group_rules) to 0
2026-04-23 01:06:53.781 10 INFO neutron.wsgi [None req-adfce5b9-f888-4123-968a-a114f607866e 0eeba1160bdb41448461231bf3b2aee0 6a4ddc12ff6044efa6a6bd9b595174c8 - - default default] 199.204.45.22,10.0.0.100 "POST /v2.0/security-group-rules HTTP/1.1" status: 201 len: 777 time: 0.1607883
2026-04-23 01:06:54.748 10 INFO neutron.wsgi [None req-a1e0edf7-caad-45e6-a167-12f32a394e2f 0eeba1160bdb41448461231bf3b2aee0 6a4ddc12ff6044efa6a6bd9b595174c8 - - default default] 199.204.45.22,10.0.0.100 "GET /v2.0/security-groups/15bd6c2b-dd45-4b1e-814d-fc6f6884e07b?project_id=b9ee4f74b5054b83875cc34b12576d9f HTTP/1.1" status: 200 len: 2410 time: 0.0536258
2026-04-23 01:06:54.784 10 INFO neutron.wsgi [None req-8f93bf65-23c0-4a16-9f96-845fa5bcd30b 0eeba1160bdb41448461231bf3b2aee0 6a4ddc12ff6044efa6a6bd9b595174c8 - - default default] 199.204.45.22,10.0.0.100 "GET /v2.0/security-groups/15bd6c2b-dd45-4b1e-814d-fc6f6884e07b HTTP/1.1" status: 200 len: 2410 time: 0.0284996
2026-04-23 01:06:54.888 10 INFO neutron.wsgi [None req-b48b1cbd-636d-494f-9d08-e35b508bd729 0eeba1160bdb41448461231bf3b2aee0 6a4ddc12ff6044efa6a6bd9b595174c8 - - default default] 199.204.45.22,10.0.0.100 "GET /v2.0/security-groups/15bd6c2b-dd45-4b1e-814d-fc6f6884e07b?project_id=b9ee4f74b5054b83875cc34b12576d9f HTTP/1.1" status: 200 len: 2410 time: 0.0301936
2026-04-23 01:06:55.012 10 INFO neutron.db.ovn_revision_numbers_db [None req-8277b9d3-e776-43c8-b3c3-b0ef8752672a 0eeba1160bdb41448461231bf3b2aee0 6a4ddc12ff6044efa6a6bd9b595174c8 - - default default] Successfully bumped revision number for resource 3071148a-98c0-43e9-b27c-7d44408c44ad (type: security_group_rules) to 0
2026-04-23 01:06:55.035 10 INFO neutron.wsgi [None req-8277b9d3-e776-43c8-b3c3-b0ef8752672a 0eeba1160bdb41448461231bf3b2aee0 6a4ddc12ff6044efa6a6bd9b595174c8 - - default default] 199.204.45.22,10.0.0.100 "POST /v2.0/security-group-rules HTTP/1.1" status: 201 len: 779 time: 0.1384516
2026-04-23 01:06:55.943 10 INFO neutron.wsgi [None req-783913b9-7b78-4af8-a3c9-55d210e329a9 0eeba1160bdb41448461231bf3b2aee0 6a4ddc12ff6044efa6a6bd9b595174c8 - - default default] 199.204.45.22,10.0.0.100 "GET /v2.0/security-groups/15bd6c2b-dd45-4b1e-814d-fc6f6884e07b?project_id=b9ee4f74b5054b83875cc34b12576d9f HTTP/1.1" status: 200 len: 3022 time: 0.0617802
2026-04-23 01:06:55.981 10 INFO neutron.wsgi [None req-605c24ed-28d5-45b7-9eb2-f67de7fc49cd 0eeba1160bdb41448461231bf3b2aee0 6a4ddc12ff6044efa6a6bd9b595174c8 - - default default] 199.204.45.22,10.0.0.100 "GET /v2.0/security-groups/15bd6c2b-dd45-4b1e-814d-fc6f6884e07b HTTP/1.1" status: 200 len: 3022 time: 0.0278153
2026-04-23 01:06:56.074 10 INFO neutron.wsgi [None req-c63ca17c-aeb7-4849-888c-a8b587863cf7 0eeba1160bdb41448461231bf3b2aee0 6a4ddc12ff6044efa6a6bd9b595174c8 - - default default] 199.204.45.22,10.0.0.100 "GET /v2.0/security-groups/15bd6c2b-dd45-4b1e-814d-fc6f6884e07b?project_id=b9ee4f74b5054b83875cc34b12576d9f HTTP/1.1" status: 200 len: 3022 time: 0.0284829
2026-04-23 01:06:56.203 10 INFO neutron.db.ovn_revision_numbers_db [None req-f9b98aed-cc0d-4f91-b86f-047e6baa900e 0eeba1160bdb41448461231bf3b2aee0 6a4ddc12ff6044efa6a6bd9b595174c8 - - default default] Successfully bumped revision number for resource 8e75f91c-826d-42ad-9650-4c6c9e8bd8c5 (type: security_group_rules) to 0
2026-04-23 01:06:56.228 10 INFO neutron.wsgi [None req-f9b98aed-cc0d-4f91-b86f-047e6baa900e 0eeba1160bdb41448461231bf3b2aee0 6a4ddc12ff6044efa6a6bd9b595174c8 - - default default] 199.204.45.22,10.0.0.100 "POST /v2.0/security-group-rules HTTP/1.1" status: 201 len: 781 time: 0.1460476
2026-04-23 01:06:57.219 10 INFO neutron.wsgi [None req-1bc599ef-c86a-46f0-8d53-c48b8ec39fea 0eeba1160bdb41448461231bf3b2aee0 6a4ddc12ff6044efa6a6bd9b595174c8 - - default default] 199.204.45.22,10.0.0.100 "GET /v2.0/security-groups/15bd6c2b-dd45-4b1e-814d-fc6f6884e07b?project_id=b9ee4f74b5054b83875cc34b12576d9f HTTP/1.1" status: 200 len: 3636 time: 0.0625420
2026-04-23 01:06:57.256 10 INFO neutron.wsgi [None req-97ebcbc9-b847-411f-811a-c08761daa81f 0eeba1160bdb41448461231bf3b2aee0 6a4ddc12ff6044efa6a6bd9b595174c8 - - default default] 199.204.45.22,10.0.0.100 "GET /v2.0/security-groups/15bd6c2b-dd45-4b1e-814d-fc6f6884e07b HTTP/1.1" status: 200 len: 3636 time: 0.0304887
2026-04-23 01:06:57.353 10 INFO neutron.wsgi [None req-e52c3091-9552-4bd8-b0e7-fed787084b16 0eeba1160bdb41448461231bf3b2aee0 6a4ddc12ff6044efa6a6bd9b595174c8 - - default default] 199.204.45.22,10.0.0.100 "GET /v2.0/security-groups/15bd6c2b-dd45-4b1e-814d-fc6f6884e07b?project_id=b9ee4f74b5054b83875cc34b12576d9f HTTP/1.1" status: 200 len: 3636 time: 0.0320606
2026-04-23 01:06:57.499 10 INFO neutron.db.ovn_revision_numbers_db [None req-53b432d8-e203-4330-af90-4de44c8b51d1 0eeba1160bdb41448461231bf3b2aee0 6a4ddc12ff6044efa6a6bd9b595174c8 - - default default] Successfully bumped revision number for resource 89a4543d-857f-45a4-a8ca-a9668c79d699 (type: security_group_rules) to 0
2026-04-23 01:06:57.527 10 INFO neutron.wsgi [None req-53b432d8-e203-4330-af90-4de44c8b51d1 0eeba1160bdb41448461231bf3b2aee0 6a4ddc12ff6044efa6a6bd9b595174c8 - - default default] 199.204.45.22,10.0.0.100 "POST /v2.0/security-group-rules HTTP/1.1" status: 201 len: 782 time: 0.1679947
2026-04-23 01:07:02.466 9 INFO neutron.wsgi [-] 10.0.0.100 "GET / HTTP/1.1" status: 200 len: 246 time: 0.0020967
2026-04-23 01:07:02.469 10 INFO neutron.wsgi [-] 10.0.0.100 "GET / HTTP/1.1" status: 200 len: 246 time: 0.0034616
2026-04-23 01:07:17.466 9 INFO neutron.wsgi [-] 10.0.0.100 "GET / HTTP/1.1" status: 200 len: 246 time: 0.0021291
2026-04-23 01:07:17.467 10 INFO neutron.wsgi [-] 10.0.0.100 "GET / HTTP/1.1" status: 200 len: 246 time: 0.0030169
2026-04-23 01:07:32.466 9 INFO neutron.wsgi [-] 10.0.0.100 "GET / HTTP/1.1" status: 200 len: 246 time: 0.0017500
2026-04-23 01:07:32.468 10 INFO neutron.wsgi [-] 10.0.0.100 "GET / HTTP/1.1" status: 200 len: 246 time: 0.0035429
2026-04-23 01:07:47.467 10 INFO neutron.wsgi [-] 10.0.0.100 "GET / HTTP/1.1" status: 200 len: 246 time: 0.0026114
2026-04-23 01:07:47.467 9 INFO neutron.wsgi [-] 10.0.0.100 "GET / HTTP/1.1" status: 200 len: 246 time: 0.0026557
2026-04-23 01:08:02.467 10 INFO neutron.wsgi [-] 10.0.0.100 "GET / HTTP/1.1" status: 200 len: 246 time: 0.0026069
2026-04-23 01:08:02.470 10 INFO neutron.wsgi [-] 10.0.0.100 "GET / HTTP/1.1" status: 200 len: 246 time: 0.0021427
2026-04-23 01:08:17.465 10 INFO neutron.wsgi [-] 10.0.0.100 "GET / HTTP/1.1" status: 200 len: 246 time: 0.0012958
2026-04-23 01:08:17.467 9 INFO neutron.wsgi [-] 10.0.0.100 "GET / HTTP/1.1" status: 200 len: 246 time: 0.0027182
2026-04-23 01:08:32.466 9 INFO neutron.wsgi [-] 10.0.0.100 "GET / HTTP/1.1" status: 200 len: 246 time: 0.0016949
2026-04-23 01:08:32.467 10 INFO neutron.wsgi [-] 10.0.0.100 "GET / HTTP/1.1" status: 200 len: 246 time: 0.0025611
2026-04-23 01:08:47.466 10 INFO neutron.wsgi [-] 10.0.0.100 "GET / HTTP/1.1" status: 200 len: 246 time: 0.0024412
2026-04-23 01:08:47.467 9 INFO neutron.wsgi [-] 10.0.0.100 "GET / HTTP/1.1" status: 200 len: 246 time: 0.0034318
2026-04-23 01:09:02.471 9 INFO neutron.wsgi [-] 10.0.0.100 "GET / HTTP/1.1" status: 200 len: 246 time: 0.0059392
2026-04-23 01:09:02.474 9 INFO neutron.wsgi [-] 10.0.0.100 "GET / HTTP/1.1" status: 200 len: 246 time: 0.0024059 /var/lib/openstack/lib/python3.10/site-packages/pycadf/identifier.py:71: UserWarning: Invalid uuid: neutron. To ensure interoperability, identifiers should be a valid uuid. warnings.warn(('Invalid uuid: %s. To ensure interoperability, '
2026-04-23 01:09:06.285 9 INFO neutron.wsgi [None req-9fb55f41-fb7b-4ed3-afb7-f9017f9138c7 37ac509644ef49168f230a6ed946abad b9ee4f74b5054b83875cc34b12576d9f - - a7ed30a739404a2197aa32eb983b8e68 a7ed30a739404a2197aa32eb983b8e68] 199.204.45.22 "GET /v2.0/networks?tenant_id=b9ee4f74b5054b83875cc34b12576d9f&shared=False HTTP/1.1" status: 200 len: 213 time: 0.1747839
2026-04-23 01:09:06.410 9 INFO neutron.db.segments_db [None req-5e0a77b6-a390-4796-86bf-0d3177d8e22d 37ac509644ef49168f230a6ed946abad b9ee4f74b5054b83875cc34b12576d9f - - a7ed30a739404a2197aa32eb983b8e68 a7ed30a739404a2197aa32eb983b8e68] Added segment a5b12521-930c-4fed-a67c-85e21ce087aa of type geneve for network c3b13fb2-aae8-48db-aea3-29a76e284604
2026-04-23 01:09:06.623 9 INFO neutron.db.ovn_revision_numbers_db [None req-5e0a77b6-a390-4796-86bf-0d3177d8e22d 37ac509644ef49168f230a6ed946abad b9ee4f74b5054b83875cc34b12576d9f - - a7ed30a739404a2197aa32eb983b8e68 a7ed30a739404a2197aa32eb983b8e68] Successfully bumped revision number for resource c3b13fb2-aae8-48db-aea3-29a76e284604 (type: networks) to 1
2026-04-23 01:09:06.839 9 WARNING neutron.scheduler.dhcp_agent_scheduler [None req-5e0a77b6-a390-4796-86bf-0d3177d8e22d 37ac509644ef49168f230a6ed946abad b9ee4f74b5054b83875cc34b12576d9f - - a7ed30a739404a2197aa32eb983b8e68 a7ed30a739404a2197aa32eb983b8e68] No more DHCP agents
2026-04-23 01:09:06.842 9 WARNING neutron.api.rpc.agentnotifiers.dhcp_rpc_agent_api [None req-5e0a77b6-a390-4796-86bf-0d3177d8e22d 37ac509644ef49168f230a6ed946abad b9ee4f74b5054b83875cc34b12576d9f - - a7ed30a739404a2197aa32eb983b8e68 a7ed30a739404a2197aa32eb983b8e68] Unable to schedule network c3b13fb2-aae8-48db-aea3-29a76e284604: no agents available; will retry on subsequent port and subnet creation events.
2026-04-23 01:09:06.944 9 INFO neutron.db.ovn_revision_numbers_db [None req-5e0a77b6-a390-4796-86bf-0d3177d8e22d 37ac509644ef49168f230a6ed946abad b9ee4f74b5054b83875cc34b12576d9f - - a7ed30a739404a2197aa32eb983b8e68 a7ed30a739404a2197aa32eb983b8e68] Successfully bumped revision number for resource f3f17aa7-cfd7-4217-bdee-cbc767e3f8fa (type: ports) to 1
2026-04-23 01:09:06.966 9 INFO neutron.wsgi [None req-5e0a77b6-a390-4796-86bf-0d3177d8e22d 37ac509644ef49168f230a6ed946abad b9ee4f74b5054b83875cc34b12576d9f - - a7ed30a739404a2197aa32eb983b8e68 a7ed30a739404a2197aa32eb983b8e68] 199.204.45.22 "POST /v2.0/networks HTTP/1.1" status: 201 len: 924 time: 0.6725218
2026-04-23 01:09:07.002 9 INFO neutron.wsgi [None req-d98e9cb2-5edc-460a-9f22-2c1398c7bd27 37ac509644ef49168f230a6ed946abad b9ee4f74b5054b83875cc34b12576d9f - - a7ed30a739404a2197aa32eb983b8e68 a7ed30a739404a2197aa32eb983b8e68] 199.204.45.22 "GET /v2.0/ports?device_id=manila-share&binding%3Ahost_id=instance HTTP/1.1" status: 200 len: 210 time: 0.0306625
2026-04-23 01:09:07.017 9 INFO neutron.wsgi [None req-022ae155-24db-4fbb-8edc-05f5d2df02ca 37ac509644ef49168f230a6ed946abad b9ee4f74b5054b83875cc34b12576d9f - - a7ed30a739404a2197aa32eb983b8e68 a7ed30a739404a2197aa32eb983b8e68] 199.204.45.22 "GET /v2.0/extensions HTTP/1.1" status: 200 len: 18683 time: 0.0061629
2026-04-23 01:09:07.242 9 WARNING neutron.scheduler.dhcp_agent_scheduler [None req-63817ba9-4489-4a33-b260-189fdd7e897c 37ac509644ef49168f230a6ed946abad b9ee4f74b5054b83875cc34b12576d9f - - a7ed30a739404a2197aa32eb983b8e68 a7ed30a739404a2197aa32eb983b8e68] No more DHCP agents
2026-04-23 01:09:07.243 9 WARNING neutron.api.rpc.agentnotifiers.dhcp_rpc_agent_api [None req-63817ba9-4489-4a33-b260-189fdd7e897c 37ac509644ef49168f230a6ed946abad b9ee4f74b5054b83875cc34b12576d9f - - a7ed30a739404a2197aa32eb983b8e68 a7ed30a739404a2197aa32eb983b8e68] Unable to schedule network c3b13fb2-aae8-48db-aea3-29a76e284604: no agents available; will retry on subsequent port and subnet creation events.
2026-04-23 01:09:07.331 9 INFO neutron.db.ovn_revision_numbers_db [None req-63817ba9-4489-4a33-b260-189fdd7e897c 37ac509644ef49168f230a6ed946abad b9ee4f74b5054b83875cc34b12576d9f - - a7ed30a739404a2197aa32eb983b8e68 a7ed30a739404a2197aa32eb983b8e68] Successfully bumped revision number for resource 78d0ebe9-f482-4939-b6d3-8527a2556ffa (type: ports) to 1
2026-04-23 01:09:07.512 9 INFO neutron.db.ovn_revision_numbers_db [None req-63817ba9-4489-4a33-b260-189fdd7e897c 37ac509644ef49168f230a6ed946abad b9ee4f74b5054b83875cc34b12576d9f - - a7ed30a739404a2197aa32eb983b8e68 a7ed30a739404a2197aa32eb983b8e68] Successfully bumped revision number for resource 78d0ebe9-f482-4939-b6d3-8527a2556ffa (type: ports) to 1
2026-04-23 01:09:07.539 9 INFO neutron.wsgi [None req-63817ba9-4489-4a33-b260-189fdd7e897c 37ac509644ef49168f230a6ed946abad b9ee4f74b5054b83875cc34b12576d9f - - a7ed30a739404a2197aa32eb983b8e68 a7ed30a739404a2197aa32eb983b8e68] 199.204.45.22 "POST /v2.0/ports HTTP/1.1" status: 201 len: 1144 time: 0.5156155
2026-04-23 01:09:07.588 9 INFO neutron.wsgi [None req-6fe1fbdf-c63d-4a97-8d20-4f716ff83c11 37ac509644ef49168f230a6ed946abad b9ee4f74b5054b83875cc34b12576d9f - - a7ed30a739404a2197aa32eb983b8e68 a7ed30a739404a2197aa32eb983b8e68] 199.204.45.22 "GET /v2.0/networks/c3b13fb2-aae8-48db-aea3-29a76e284604 HTTP/1.1" status: 200 len: 906 time: 0.0420909
2026-04-23 01:09:08.195 10 INFO neutron.plugins.ml2.drivers.ovn.mech_driver.mech_driver [None req-8d099bd5-3702-4535-9a1e-086901901d26 - - - - - -] OVN reports status up for port: 78d0ebe9-f482-4939-b6d3-8527a2556ffa
2026-04-23 01:09:08.207 10 INFO neutron.plugins.ml2.plugin [None req-8d099bd5-3702-4535-9a1e-086901901d26 - - - - - -] Attempt 1 to provision port 78d0ebe9-f482-4939-b6d3-8527a2556ffa
2026-04-23 01:09:08.448 10 INFO neutron.db.ovn_revision_numbers_db [None req-8d099bd5-3702-4535-9a1e-086901901d26 - - - - - -] Successfully bumped revision number for resource 78d0ebe9-f482-4939-b6d3-8527a2556ffa (type: ports) to 3
2026-04-23 01:09:09.318 9 INFO neutron.wsgi [None req-0a9bff7d-500d-48f3-85c7-fa08f606f437 37ac509644ef49168f230a6ed946abad b9ee4f74b5054b83875cc34b12576d9f - - a7ed30a739404a2197aa32eb983b8e68 a7ed30a739404a2197aa32eb983b8e68] 199.204.45.22 "GET /v2.0/ports?device_id=manila-share&binding%3Ahost_id=instance HTTP/1.1" status: 200 len: 1172 time: 0.0491412
2026-04-23 01:09:09.367 9 INFO neutron.wsgi [None req-cdc75d34-005e-465f-8d61-fabc856989c6 37ac509644ef49168f230a6ed946abad b9ee4f74b5054b83875cc34b12576d9f - - a7ed30a739404a2197aa32eb983b8e68 a7ed30a739404a2197aa32eb983b8e68] 199.204.45.22 "GET /v2.0/networks/c3b13fb2-aae8-48db-aea3-29a76e284604 HTTP/1.1" status: 200 len: 906 time: 0.0405254
2026-04-23 01:09:17.467 10 INFO neutron.wsgi [-] 10.0.0.100 "GET / HTTP/1.1" status: 200 len: 246 time: 0.0024242
2026-04-23 01:09:17.468 9 INFO neutron.wsgi [-] 10.0.0.100 "GET / HTTP/1.1" status: 200 len: 246 time: 0.0027914
2026-04-23 01:09:32.466 10 INFO neutron.wsgi [-] 10.0.0.100 "GET / HTTP/1.1" status: 200 len: 246 time: 0.0023906
2026-04-23 01:09:32.471 10 INFO neutron.wsgi [-] 10.0.0.100 "GET / HTTP/1.1" status: 200 len: 246 time: 0.0032446
2026-04-23 01:09:34.721 10 INFO neutron.wsgi [None req-31076a63-6590-458a-9239-8172ddcc1b96 0eeba1160bdb41448461231bf3b2aee0 6a4ddc12ff6044efa6a6bd9b595174c8 - - default default] 199.204.45.22,10.0.0.100 "GET /v2.0/quotas/b9ee4f74b5054b83875cc34b12576d9f HTTP/1.1" status: 200 len: 467 time: 0.0153217 /var/lib/openstack/lib/python3.10/site-packages/neutron/extensions/quotasv2.py:139: UserWarning: Neutron quota engine will require "--force" parameter to set a quota limit without checking the resource usage. warnings.warn('Neutron quota engine will require "--force" '
2026-04-23 01:09:35.249 10 INFO neutron.wsgi [None req-29ff2325-7968-448f-a58c-0ff99199910a 0eeba1160bdb41448461231bf3b2aee0 6a4ddc12ff6044efa6a6bd9b595174c8 - - default default] 199.204.45.22,10.0.0.100 "PUT /v2.0/quotas/b9ee4f74b5054b83875cc34b12576d9f HTTP/1.1" status: 200 len: 466 time: 0.0361090
2026-04-23 01:09:47.466 10 INFO neutron.wsgi [-] 10.0.0.100 "GET / HTTP/1.1" status: 200 len: 246 time: 0.0023565
2026-04-23 01:09:47.469 10 INFO neutron.wsgi [-] 10.0.0.100 "GET / HTTP/1.1" status: 200 len: 246 time: 0.0012932
2026-04-23 01:10:02.466 9 INFO neutron.wsgi [-] 10.0.0.100 "GET / HTTP/1.1" status: 200 len: 246 time: 0.0025313
2026-04-23 01:10:02.468 10 INFO neutron.wsgi [-] 10.0.0.100 "GET / HTTP/1.1" status: 200 len: 246 time: 0.0038009
2026-04-23 01:10:17.467 10 INFO neutron.wsgi [-] 10.0.0.100 "GET / HTTP/1.1" status: 200 len: 246 time: 0.0025160
2026-04-23 01:10:17.469 9 INFO neutron.wsgi [-] 10.0.0.100 "GET / HTTP/1.1" status: 200 len: 246 time: 0.0046248
2026-04-23 01:10:32.467 9 INFO neutron.wsgi [-] 10.0.0.100 "GET / HTTP/1.1" status: 200 len: 246 time: 0.0027869
2026-04-23 01:10:32.468 10 INFO neutron.wsgi [-] 10.0.0.100 "GET / HTTP/1.1" status: 200 len: 246 time: 0.0027361
2026-04-23 01:10:47.466 9 INFO neutron.wsgi [-] 10.0.0.100 "GET / HTTP/1.1" status: 200 len: 246 time: 0.0025461
2026-04-23 01:10:47.466 10 INFO neutron.wsgi [-] 10.0.0.100 "GET / HTTP/1.1" status: 200 len: 246 time: 0.0027266
2026-04-23 01:10:54.048 9 INFO neutron.wsgi [None req-60a95d92-2a8f-4247-a836-2a9ba8c98c5c 0eeba1160bdb41448461231bf3b2aee0 6a4ddc12ff6044efa6a6bd9b595174c8 - - default default] 10.0.0.233 "GET /v2.0/floatingips HTTP/1.1" status: 200 len: 193 time: 0.1052389
2026-04-23 01:10:54.087 9 INFO neutron.wsgi [None req-095a9d05-3e5c-46c3-b761-8515e351aba5 0eeba1160bdb41448461231bf3b2aee0 6a4ddc12ff6044efa6a6bd9b595174c8 - - default default] 10.0.0.233 "GET /v2.0/routers HTTP/1.1" status: 200 len: 189 time: 0.0382414
2026-04-23 01:10:54.127 9 INFO neutron.wsgi [None req-eba7abb7-c3a8-4d06-97e7-f12903e23f21 0eeba1160bdb41448461231bf3b2aee0 6a4ddc12ff6044efa6a6bd9b595174c8 - - default default] 10.0.0.233 "GET /v2.0/agents?binary=ovn-controller HTTP/1.1" status: 200 len: 591 time: 0.0382190
2026-04-23 01:10:54.147 9 INFO neutron.wsgi [None req-b89fece9-8eab-4e6d-88ab-34994b858ca6 0eeba1160bdb41448461231bf3b2aee0 6a4ddc12ff6044efa6a6bd9b595174c8 - - default default] 10.0.0.233 "GET /v2.0/agents HTTP/1.1" status: 200 len: 1390 time: 0.0178251
2026-04-23 01:10:54.163 9 INFO neutron.wsgi [None req-6bfdfdb1-95e3-488b-8272-0a791bfc06b9 0eeba1160bdb41448461231bf3b2aee0 6a4ddc12ff6044efa6a6bd9b595174c8 - - default default] 10.0.0.233 "GET /v2.0/network-ip-availabilities HTTP/1.1" status: 200 len: 1280 time: 0.0154688
2026-04-23 01:10:54.236 9 INFO neutron.wsgi [None req-23c0b7bc-ddc5-45ae-a5d1-d7d1b11123b8 0eeba1160bdb41448461231bf3b2aee0 6a4ddc12ff6044efa6a6bd9b595174c8 - - default default] 10.0.0.233 "GET /v2.0/ports HTTP/1.1" status: 200 len: 5351 time: 0.0718069
2026-04-23 01:10:54.294 9 INFO neutron.wsgi [None req-f2f726e1-1ef3-43d4-8b93-992d95d8cf3a 0eeba1160bdb41448461231bf3b2aee0 6a4ddc12ff6044efa6a6bd9b595174c8 - - default default] 10.0.0.233 "GET /v2.0/subnets HTTP/1.1" status: 200 len: 1437 time: 0.0497415
2026-04-23 01:10:54.309 9 INFO neutron.wsgi [None req-5807a07c-949e-468b-a908-e96ea5403f82 0eeba1160bdb41448461231bf3b2aee0 6a4ddc12ff6044efa6a6bd9b595174c8 - - default default] 10.0.0.233 "GET /v2.0/subnetpools HTTP/1.1" status: 200 len: 193 time: 0.0130000
2026-04-23 01:10:54.355 9 INFO neutron.wsgi [None req-be028096-7845-485d-acc7-d304a238e7d0 0eeba1160bdb41448461231bf3b2aee0 6a4ddc12ff6044efa6a6bd9b595174c8 - - default default] 10.0.0.233 "GET /v2.0/security-groups HTTP/1.1" status: 200 len: 17578 time: 0.0456817
2026-04-23 01:10:54.419 9 INFO neutron.wsgi [None req-30a0b3b4-bf8d-4475-bf15-538472ada42e 0eeba1160bdb41448461231bf3b2aee0 6a4ddc12ff6044efa6a6bd9b595174c8 - - default default] 10.0.0.233 "GET /v2.0/subnets HTTP/1.1" status: 200 len: 1437 time: 0.0535285
2026-04-23 01:10:54.508 9 INFO neutron.wsgi [None req-1107944d-677c-447c-9630-a2f971ce2f77 0eeba1160bdb41448461231bf3b2aee0 6a4ddc12ff6044efa6a6bd9b595174c8 - - default default] 10.0.0.233 "GET /v2.0/networks HTTP/1.1" status: 200 len: 2349 time: 0.0879896
2026-04-23 01:11:02.467 9 INFO neutron.wsgi [-] 10.0.0.100 "GET / HTTP/1.1" status: 200 len: 246 time: 0.0026207
2026-04-23 01:11:02.468 10 INFO neutron.wsgi [-] 10.0.0.100 "GET / HTTP/1.1" status: 200 len: 246 time: 0.0035777
2026-04-23 01:11:17.465 10 INFO neutron.wsgi [-] 10.0.0.100 "GET / HTTP/1.1" status: 200 len: 246 time: 0.0013978
2026-04-23 01:11:17.468 9 INFO neutron.wsgi [-] 10.0.0.100 "GET / HTTP/1.1" status: 200 len: 246 time: 0.0031412
2026-04-23 01:11:32.467 10 INFO neutron.wsgi [-] 10.0.0.100 "GET / HTTP/1.1" status: 200 len: 246 time: 0.0024474
2026-04-23 01:11:32.467 9 INFO neutron.wsgi [-] 10.0.0.100 "GET / HTTP/1.1" status: 200 len: 246 time: 0.0025313
2026-04-23 01:11:36.834 15 INFO neutron.db.ovn_revision_numbers_db [None req-46a208fe-090e-4819-ad2c-f08096b2effa - - - - - -] Successfully bumped revision number for resource 15bd6c2b-dd45-4b1e-814d-fc6f6884e07b (type: security_groups) to 5
2026-04-23 01:11:36.834 15 INFO neutron.plugins.ml2.drivers.ovn.mech_driver.ovsdb.maintenance [None req-46a208fe-090e-4819-ad2c-f08096b2effa - - - - - -] Maintenance task: Synchronization completed (took 0.06 seconds)
2026-04-23 01:11:47.468 10 INFO neutron.wsgi [-] 10.0.0.100 "GET / HTTP/1.1" status: 200 len: 246 time: 0.0019767
2026-04-23 01:11:47.475 9 INFO neutron.wsgi [-] 10.0.0.100 "GET / HTTP/1.1" status: 200 len: 246 time: 0.0041511
2026-04-23 01:11:54.163 9 INFO neutron.wsgi [None req-0a03d17f-0b06-403f-9807-96f8733c2c2c 0eeba1160bdb41448461231bf3b2aee0 6a4ddc12ff6044efa6a6bd9b595174c8 - - default default] 10.0.0.233 "GET /v2.0/networks HTTP/1.1" status: 200 len: 2349 time: 0.2444677
2026-04-23 01:11:54.216 9 INFO neutron.wsgi [None req-b28a3814-eb68-4b63-9356-cc721aa0e419 0eeba1160bdb41448461231bf3b2aee0 6a4ddc12ff6044efa6a6bd9b595174c8 - - default default] 10.0.0.233 "GET /v2.0/subnets HTTP/1.1" status: 200 len: 1437 time: 0.0502446
2026-04-23 01:11:54.240 9 INFO neutron.wsgi [None req-a69c0b63-5bce-4145-b00e-c9bc630a481f 0eeba1160bdb41448461231bf3b2aee0 6a4ddc12ff6044efa6a6bd9b595174c8 - - default default] 10.0.0.233 "GET /v2.0/routers HTTP/1.1" status: 200 len: 189 time: 0.0225351
2026-04-23 01:11:54.296 9 INFO neutron.wsgi [None req-66244019-b6e7-494c-9ae8-cbc0b4c76f1a 0eeba1160bdb41448461231bf3b2aee0 6a4ddc12ff6044efa6a6bd9b595174c8 - - default default] 10.0.0.233 "GET /v2.0/agents?binary=ovn-controller HTTP/1.1" status: 200 len: 591 time: 0.0513585
2026-04-23 01:11:54.347 9 INFO neutron.wsgi [None req-a83d6e32-9e05-4320-b532-1c7d371f346b 0eeba1160bdb41448461231bf3b2aee0 6a4ddc12ff6044efa6a6bd9b595174c8 - - default default] 10.0.0.233 "GET /v2.0/subnets HTTP/1.1" status: 200 len: 1437 time: 0.0498829
2026-04-23 01:11:54.360 9 INFO neutron.wsgi [None req-c94cd1e3-3485-47ff-b10b-1dc1178e3ceb 0eeba1160bdb41448461231bf3b2aee0 6a4ddc12ff6044efa6a6bd9b595174c8 - - default default] 10.0.0.233 "GET /v2.0/subnetpools HTTP/1.1" status: 200 len: 193 time: 0.0120060
2026-04-23 01:11:54.416 9 INFO neutron.wsgi [None req-f7f5e4a8-e4c9-4626-aa33-f7aeae3d4773 0eeba1160bdb41448461231bf3b2aee0 6a4ddc12ff6044efa6a6bd9b595174c8 - - default default] 10.0.0.233 "GET /v2.0/security-groups HTTP/1.1" status: 200 len: 17578 time: 0.0544369
2026-04-23 01:11:54.477 9 INFO neutron.wsgi [None req-ac0b9a6c-6183-48f5-9527-4c6852904dd7 0eeba1160bdb41448461231bf3b2aee0 6a4ddc12ff6044efa6a6bd9b595174c8 - - default default] 10.0.0.233 "GET /v2.0/ports HTTP/1.1" status: 200 len: 5351 time: 0.0575449
2026-04-23 01:11:54.508 9 INFO neutron.wsgi [None req-c968d7be-ebc3-470a-808b-465043092ac1 0eeba1160bdb41448461231bf3b2aee0 6a4ddc12ff6044efa6a6bd9b595174c8 - - default default] 10.0.0.233 "GET /v2.0/floatingips HTTP/1.1" status: 200 len: 193 time: 0.0256138
2026-04-23 01:11:54.525 9 INFO neutron.wsgi [None req-9c9763fc-1e73-43c9-bee4-acbde31c1d9b 0eeba1160bdb41448461231bf3b2aee0 6a4ddc12ff6044efa6a6bd9b595174c8 - - default default] 10.0.0.233 "GET /v2.0/agents HTTP/1.1" status: 200 len: 1390 time: 0.0159714
2026-04-23 01:11:54.548 9 INFO neutron.wsgi [None req-cf2ff1cb-4574-446f-81e3-ec2f3e163087 0eeba1160bdb41448461231bf3b2aee0 6a4ddc12ff6044efa6a6bd9b595174c8 - - default default] 10.0.0.233 "GET /v2.0/network-ip-availabilities HTTP/1.1" status: 200 len: 1280 time: 0.0219622
2026-04-23 01:12:02.467 10 INFO neutron.wsgi [-] 10.0.0.100 "GET / HTTP/1.1" status: 200 len: 246 time: 0.0018666
2026-04-23 01:12:02.471 9 INFO neutron.wsgi [-] 10.0.0.100 "GET / HTTP/1.1" status: 200 len: 246 time: 0.0019372
2026-04-23 01:12:17.466 9 INFO neutron.wsgi [-] 10.0.0.100 "GET / HTTP/1.1" status: 200 len: 246 time: 0.0023549
2026-04-23 01:12:17.467 10 INFO neutron.wsgi [-] 10.0.0.100 "GET / HTTP/1.1" status: 200 len: 246 time: 0.0026236
2026-04-23 01:12:32.469 10 INFO neutron.wsgi [-] 10.0.0.100 "GET / HTTP/1.1" status: 200 len: 246 time: 0.0033245
2026-04-23 01:12:32.473 10 INFO neutron.wsgi [-] 10.0.0.100 "GET / HTTP/1.1" status: 200 len: 246 time: 0.0025494
2026-04-23 01:12:47.466 9 INFO neutron.wsgi [-] 10.0.0.100 "GET / HTTP/1.1" status: 200 len: 246 time: 0.0016167
2026-04-23 01:12:47.467 10 INFO neutron.wsgi [-] 10.0.0.100 "GET / HTTP/1.1" status: 200 len: 246 time: 0.0026407
2026-04-23 01:12:53.990 9 INFO neutron.wsgi [None req-0924a92f-d88c-4013-8757-9234da497b0a 0eeba1160bdb41448461231bf3b2aee0 6a4ddc12ff6044efa6a6bd9b595174c8 - - default default] 10.0.0.233 "GET /v2.0/network-ip-availabilities HTTP/1.1" status: 200 len: 1280 time: 0.0618091
2026-04-23 01:12:54.020 9 INFO neutron.wsgi [None req-72d876c5-22c8-4166-aaa5-0e26ef733d63 0eeba1160bdb41448461231bf3b2aee0 6a4ddc12ff6044efa6a6bd9b595174c8 - - default default] 10.0.0.233 "GET /v2.0/routers HTTP/1.1" status: 200 len: 189 time: 0.0286026
2026-04-23 01:12:54.057 9 INFO neutron.wsgi [None req-5806ff60-6eee-4c0e-b210-3bbe340c73f7 0eeba1160bdb41448461231bf3b2aee0 6a4ddc12ff6044efa6a6bd9b595174c8 - - default default] 10.0.0.233 "GET /v2.0/agents?binary=ovn-controller HTTP/1.1" status: 200 len: 591 time: 0.0368574
2026-04-23 01:12:54.121 9 INFO neutron.wsgi [None req-6fa128b6-7b26-4541-aeac-2c4993432ff7 0eeba1160bdb41448461231bf3b2aee0 6a4ddc12ff6044efa6a6bd9b595174c8 - - default default] 10.0.0.233 "GET /v2.0/security-groups HTTP/1.1" status: 200 len: 17578 time: 0.0557945
2026-04-23 01:12:54.184 9 INFO neutron.wsgi [None req-f6498a9a-5735-42a8-a3b7-dec9fd5da4a5 0eeba1160bdb41448461231bf3b2aee0 6a4ddc12ff6044efa6a6bd9b595174c8 - - default default] 10.0.0.233 "GET /v2.0/ports HTTP/1.1" status: 200 len: 5351 time: 0.0493269
2026-04-23 01:12:54.323 9 INFO neutron.wsgi [None req-ad185b29-b8b1-4819-a9ee-ac6acbd8e43c 0eeba1160bdb41448461231bf3b2aee0 6a4ddc12ff6044efa6a6bd9b595174c8 - - default default] 10.0.0.233 "GET /v2.0/subnets HTTP/1.1" status: 200 len: 1437 time: 0.1348791
2026-04-23 01:12:54.344 9 INFO neutron.wsgi [None req-ea6b0c87-0a10-40c1-8f99-a4e5eacb20ec 0eeba1160bdb41448461231bf3b2aee0 6a4ddc12ff6044efa6a6bd9b595174c8 - - default default] 10.0.0.233 "GET /v2.0/subnetpools HTTP/1.1" status: 200 len: 193 time: 0.0199647
2026-04-23 01:12:54.392 9 INFO neutron.wsgi [None req-72744587-0145-4a62-8288-0cee6590cf2f 0eeba1160bdb41448461231bf3b2aee0 6a4ddc12ff6044efa6a6bd9b595174c8 - - default default] 10.0.0.233 "GET /v2.0/floatingips HTTP/1.1" status: 200 len: 193 time: 0.0461726
2026-04-23 01:12:54.466 9 INFO neutron.wsgi [None req-6305976c-601e-4fd0-92fb-621ee0811fcd 0eeba1160bdb41448461231bf3b2aee0 6a4ddc12ff6044efa6a6bd9b595174c8 - - default default] 10.0.0.233 "GET /v2.0/networks HTTP/1.1" status: 200 len: 2349 time: 0.0732849
2026-04-23 01:12:54.503 9 INFO neutron.wsgi [None req-a8127ce9-923e-4323-a381-08c7c3a4b471 0eeba1160bdb41448461231bf3b2aee0 6a4ddc12ff6044efa6a6bd9b595174c8 - - default default] 10.0.0.233 "GET /v2.0/subnets HTTP/1.1" status: 200 len: 1437 time: 0.0344472
2026-04-23 01:12:54.517 9 INFO neutron.wsgi [None req-1b540f5b-7d9b-4035-96ed-0b996a116431 0eeba1160bdb41448461231bf3b2aee0 6a4ddc12ff6044efa6a6bd9b595174c8 - - default default] 10.0.0.233 "GET /v2.0/agents HTTP/1.1" status: 200 len: 1390 time: 0.0121887
2026-04-23 01:13:02.466 10 INFO neutron.wsgi [-] 10.0.0.100 "GET / HTTP/1.1" status: 200 len: 246 time: 0.0023572
2026-04-23 01:13:02.472 9 INFO neutron.wsgi [-] 10.0.0.100 "GET / HTTP/1.1" status: 200 len: 246 time: 0.0081358
2026-04-23 01:13:17.466 10 INFO neutron.wsgi [-] 10.0.0.100 "GET / HTTP/1.1" status: 200 len: 246 time: 0.0020368
2026-04-23 01:13:17.468 9 INFO neutron.wsgi [-] 10.0.0.100 "GET / HTTP/1.1" status: 200 len: 246 time: 0.0028734
2026-04-23 01:13:32.467 9 INFO neutron.wsgi [-] 10.0.0.100 "GET / HTTP/1.1" status: 200 len: 246 time: 0.0023894
2026-04-23 01:13:32.467 10 INFO neutron.wsgi [-] 10.0.0.100 "GET / HTTP/1.1" status: 200 len: 246 time: 0.0028656
2026-04-23 01:13:47.466 9 INFO neutron.wsgi [-] 10.0.0.100 "GET / HTTP/1.1" status: 200 len: 246 time: 0.0021751
2026-04-23 01:13:47.467 10 INFO neutron.wsgi [-] 10.0.0.100 "GET / HTTP/1.1" status: 200 len: 246 time: 0.0027125
2026-04-23 01:13:54.105 9 INFO neutron.wsgi [None req-7c777c8c-c4e8-4b4a-980d-f370ea7ff2ed 0eeba1160bdb41448461231bf3b2aee0 6a4ddc12ff6044efa6a6bd9b595174c8 - - default default] 10.0.0.233 "GET /v2.0/security-groups HTTP/1.1" status: 200 len: 17578 time: 0.1189938
2026-04-23 01:13:54.154 9 INFO neutron.wsgi [None req-87b08958-fe53-4932-89a6-ee072d5d66ee 0eeba1160bdb41448461231bf3b2aee0 6a4ddc12ff6044efa6a6bd9b595174c8 - - default default] 10.0.0.233 "GET /v2.0/subnets HTTP/1.1" status: 200 len: 1437 time: 0.0432808
2026-04-23 01:13:54.181 9 INFO neutron.wsgi [None req-2975c139-b331-4292-aad7-6edd952dd86b 0eeba1160bdb41448461231bf3b2aee0 6a4ddc12ff6044efa6a6bd9b595174c8 - - default default] 10.0.0.233 "GET /v2.0/routers HTTP/1.1" status: 200 len: 189 time: 0.0246274
2026-04-23 01:13:54.212 9 INFO neutron.wsgi [None req-5a9f4e8d-27c4-468c-9c68-a323b0f64051 0eeba1160bdb41448461231bf3b2aee0 6a4ddc12ff6044efa6a6bd9b595174c8 - - default default] 10.0.0.233 "GET /v2.0/agents?binary=ovn-controller HTTP/1.1" status: 200 len: 591 time: 0.0304046
2026-04-23 01:13:54.225 9 INFO neutron.wsgi [None req-358bd225-8edd-4732-b659-a8f4f1e2bbed 0eeba1160bdb41448461231bf3b2aee0 6a4ddc12ff6044efa6a6bd9b595174c8 - - default default] 10.0.0.233 "GET /v2.0/agents HTTP/1.1" status: 200 len: 1390 time: 0.0123775
2026-04-23 01:13:54.238 9 INFO neutron.wsgi [None req-b00a8563-1db8-4a7c-8669-35de3e9484a5 0eeba1160bdb41448461231bf3b2aee0 6a4ddc12ff6044efa6a6bd9b595174c8 - - default default] 10.0.0.233 "GET /v2.0/network-ip-availabilities HTTP/1.1" status: 200 len: 1280 time: 0.0117264
2026-04-23 01:13:54.267 9 INFO neutron.wsgi [None req-41b2fc46-50f3-4040-bb28-1e0c406c7a75 0eeba1160bdb41448461231bf3b2aee0 6a4ddc12ff6044efa6a6bd9b595174c8 - - default default] 10.0.0.233 "GET /v2.0/floatingips HTTP/1.1" status: 200 len: 193 time: 0.0272899
2026-04-23 01:13:54.352 9 INFO neutron.wsgi [None req-bb1eca96-dec0-4df2-bd9a-1af4786711dc 0eeba1160bdb41448461231bf3b2aee0 6a4ddc12ff6044efa6a6bd9b595174c8 - - default default] 10.0.0.233 "GET /v2.0/networks HTTP/1.1" status: 200 len: 2349 time: 0.0830941
2026-04-23 01:13:54.414 9 INFO neutron.wsgi [None req-33aff980-409b-49fd-9468-a06024ad9a13 0eeba1160bdb41448461231bf3b2aee0 6a4ddc12ff6044efa6a6bd9b595174c8 - - default default] 10.0.0.233 "GET /v2.0/ports HTTP/1.1" status: 200 len: 5351 time: 0.0515833
2026-04-23 01:13:54.452 9 INFO neutron.wsgi [None req-466c480d-b239-44fb-b36d-e6ba3b482edd 0eeba1160bdb41448461231bf3b2aee0 6a4ddc12ff6044efa6a6bd9b595174c8 - - default default] 10.0.0.233 "GET /v2.0/subnets HTTP/1.1" status: 200 len: 1437 time: 0.0325861
2026-04-23 01:13:54.461 9 INFO neutron.wsgi [None req-96060ee2-3cd3-4059-bab8-3fe5f3d99e8e 0eeba1160bdb41448461231bf3b2aee0 6a4ddc12ff6044efa6a6bd9b595174c8 - - default default] 10.0.0.233 "GET /v2.0/subnetpools HTTP/1.1" status: 200 len: 193 time: 0.0088120
2026-04-23 01:14:02.466 9 INFO neutron.wsgi [-] 10.0.0.100 "GET / HTTP/1.1" status: 200 len: 246 time: 0.0019257
2026-04-23 01:14:02.467 10 INFO neutron.wsgi [-] 10.0.0.100 "GET / HTTP/1.1" status: 200 len: 246 time: 0.0025229
2026-04-23 01:14:17.468 9 INFO neutron.wsgi [-] 10.0.0.100 "GET / HTTP/1.1" status: 200 len: 246 time: 0.0036488
2026-04-23 01:14:17.471 9 INFO neutron.wsgi [-] 10.0.0.100 "GET / HTTP/1.1" status: 200 len: 246 time: 0.0016801
2026-04-23 01:14:32.467 9 INFO neutron.wsgi [-] 10.0.0.100 "GET / HTTP/1.1" status: 200 len: 246 time: 0.0023460
2026-04-23 01:14:32.467 10 INFO neutron.wsgi [-] 10.0.0.100 "GET / HTTP/1.1" status: 200 len: 246 time: 0.0026968
2026-04-23 01:14:47.467 9 INFO neutron.wsgi [-] 10.0.0.100 "GET / HTTP/1.1" status: 200 len: 246 time: 0.0028894
2026-04-23 01:14:47.468 10 INFO neutron.wsgi [-] 10.0.0.100 "GET / HTTP/1.1" status: 200 len: 246 time: 0.0041339
2026-04-23 01:14:54.072 9 INFO neutron.wsgi [None req-f7929dcf-1278-4b76-a339-fbc078335249 0eeba1160bdb41448461231bf3b2aee0 6a4ddc12ff6044efa6a6bd9b595174c8 - - default default] 10.0.0.233 "GET /v2.0/ports HTTP/1.1" status: 200 len: 5351 time: 0.1392972
2026-04-23 01:14:54.102 9 INFO neutron.wsgi [None req-523bb9aa-d22e-4b70-8ecc-5144e0973141 0eeba1160bdb41448461231bf3b2aee0 6a4ddc12ff6044efa6a6bd9b595174c8 - - default default] 10.0.0.233 "GET /v2.0/routers HTTP/1.1" status: 200 len: 189 time: 0.0268071
2026-04-23 01:14:54.259 9 INFO neutron.wsgi [None req-feefb5de-7b41-45c1-87c2-fee34f15316b 0eeba1160bdb41448461231bf3b2aee0 6a4ddc12ff6044efa6a6bd9b595174c8 - - default default] 10.0.0.233 "GET /v2.0/agents?binary=ovn-controller HTTP/1.1" status: 200 len: 591 time: 0.1514435
2026-04-23 01:14:54.300 9 INFO neutron.wsgi [None req-6585e426-91b5-488c-b214-3b9962addb92 0eeba1160bdb41448461231bf3b2aee0 6a4ddc12ff6044efa6a6bd9b595174c8 - - default default] 10.0.0.233 "GET /v2.0/subnets HTTP/1.1" status: 200 len: 1437 time: 0.0407174
2026-04-23 01:14:54.309 9 INFO neutron.wsgi [None req-782fb36f-1a8f-4251-8935-b203d52efa8a 0eeba1160bdb41448461231bf3b2aee0 6a4ddc12ff6044efa6a6bd9b595174c8 - - default default] 10.0.0.233 "GET /v2.0/subnetpools HTTP/1.1" status: 200 len: 193 time: 0.0077953
2026-04-23 01:14:54.368 9 INFO neutron.wsgi [None req-243cb379-f2f2-472a-aea3-88e39379abac 0eeba1160bdb41448461231bf3b2aee0 6a4ddc12ff6044efa6a6bd9b595174c8 - - default default] 10.0.0.233 "GET /v2.0/security-groups HTTP/1.1" status: 200 len: 17578 time: 0.0582018
2026-04-23 01:14:54.405 9 INFO neutron.wsgi [None req-920b5393-a0c2-41f2-915b-5ea55a3fce48 0eeba1160bdb41448461231bf3b2aee0 6a4ddc12ff6044efa6a6bd9b595174c8 - - default default] 10.0.0.233 "GET /v2.0/floatingips HTTP/1.1" status: 200 len: 193 time: 0.0301776
2026-04-23 01:14:54.422 9 INFO neutron.wsgi [None req-b2f7a1e4-14ee-4f32-9d5e-d3136121e9ac 0eeba1160bdb41448461231bf3b2aee0 6a4ddc12ff6044efa6a6bd9b595174c8 - - default default] 10.0.0.233 "GET /v2.0/agents HTTP/1.1" status: 200 len: 1390 time: 0.0153968
2026-04-23 01:14:54.450 9 INFO neutron.wsgi [None req-74217091-5d88-4901-9222-7bf54b1bb52e 0eeba1160bdb41448461231bf3b2aee0 6a4ddc12ff6044efa6a6bd9b595174c8 - - default default] 10.0.0.233 "GET /v2.0/network-ip-availabilities HTTP/1.1" status: 200 len: 1280 time: 0.0265403
2026-04-23 01:14:54.534 9 INFO neutron.wsgi [None req-a173f613-5756-49b2-8457-66da169d5afb 0eeba1160bdb41448461231bf3b2aee0 6a4ddc12ff6044efa6a6bd9b595174c8 - - default default] 10.0.0.233 "GET /v2.0/networks HTTP/1.1" status: 200 len: 2349 time: 0.0813451
2026-04-23 01:14:54.568 9 INFO neutron.wsgi [None req-a498c282-50b0-4a1f-81f2-67709e04099e 0eeba1160bdb41448461231bf3b2aee0 6a4ddc12ff6044efa6a6bd9b595174c8 - - default default] 10.0.0.233 "GET /v2.0/subnets HTTP/1.1" status: 200 len: 1437 time: 0.0318513
2026-04-23 01:15:02.467 10 INFO neutron.wsgi [-] 10.0.0.100 "GET / HTTP/1.1" status: 200 len: 246 time: 0.0025094
2026-04-23 01:15:02.468 9 INFO neutron.wsgi [-] 10.0.0.100 "GET / HTTP/1.1" status: 200 len: 246 time: 0.0026476
2026-04-23 01:15:17.467 9 INFO neutron.wsgi [-] 10.0.0.100 "GET / HTTP/1.1" status: 200 len: 246 time: 0.0023732
2026-04-23 01:15:17.467 10 INFO neutron.wsgi [-] 10.0.0.100 "GET / HTTP/1.1" status: 200 len: 246 time: 0.0023990
2026-04-23 01:15:32.471 9 INFO neutron.wsgi [-] 10.0.0.100 "GET / HTTP/1.1" status: 200 len: 246 time: 0.0064981
2026-04-23 01:15:32.474 9 INFO neutron.wsgi [-] 10.0.0.100 "GET / HTTP/1.1" status: 200 len: 246 time: 0.0011115
2026-04-23 01:15:47.467 9 INFO neutron.wsgi [-] 10.0.0.100 "GET / HTTP/1.1" status: 200 len: 246 time: 0.0032303
2026-04-23 01:15:47.467 10 INFO neutron.wsgi [-] 10.0.0.100 "GET / HTTP/1.1" status: 200 len: 246 time: 0.0032253
2026-04-23 01:15:54.044 9 INFO neutron.wsgi [None req-06f9beed-625c-497d-82f8-9414bba47638 0eeba1160bdb41448461231bf3b2aee0 6a4ddc12ff6044efa6a6bd9b595174c8 - - default default] 10.0.0.233 "GET /v2.0/networks HTTP/1.1" status: 200 len: 2349 time: 0.1182377
2026-04-23 01:15:54.080 9 INFO neutron.wsgi [None req-e5b5ab98-9544-4a5d-9ab1-e7a9b4482cc2 0eeba1160bdb41448461231bf3b2aee0 6a4ddc12ff6044efa6a6bd9b595174c8 - - default default] 10.0.0.233 "GET /v2.0/subnets HTTP/1.1" status: 200 len: 1437 time: 0.0335908
2026-04-23 01:15:54.091 9 INFO neutron.wsgi [None req-ac08ffd6-23a1-4782-9376-53d83105bc5d 0eeba1160bdb41448461231bf3b2aee0 6a4ddc12ff6044efa6a6bd9b595174c8 - - default default] 10.0.0.233 "GET /v2.0/subnetpools HTTP/1.1" status: 200 len: 193 time: 0.0093434
2026-04-23 01:15:54.113 9 INFO neutron.wsgi [None req-9eb76810-2165-49b8-8172-97044df736aa 0eeba1160bdb41448461231bf3b2aee0 6a4ddc12ff6044efa6a6bd9b595174c8 - - default default] 10.0.0.233 "GET /v2.0/floatingips HTTP/1.1" status: 200 len: 193 time: 0.0214567
2026-04-23 01:15:54.128 9 INFO neutron.wsgi [None req-7d89b990-fe73-4a62-89d1-45f1e34a5510 0eeba1160bdb41448461231bf3b2aee0 6a4ddc12ff6044efa6a6bd9b595174c8 - - default default] 10.0.0.233 "GET /v2.0/network-ip-availabilities HTTP/1.1" status: 200 len: 1280 time: 0.0134752
2026-04-23 01:15:54.170 9 INFO neutron.wsgi [None req-4226611e-2b60-4e16-b60c-c0b0bd21f483 0eeba1160bdb41448461231bf3b2aee0 6a4ddc12ff6044efa6a6bd9b595174c8 - - default default] 10.0.0.233 "GET /v2.0/subnets HTTP/1.1" status: 200 len: 1437 time: 0.0410738
2026-04-23 01:15:54.191 9 INFO neutron.wsgi [None req-c93d543a-0d8f-4a78-a6ae-d659031f6d82 0eeba1160bdb41448461231bf3b2aee0 6a4ddc12ff6044efa6a6bd9b595174c8 - - default default] 10.0.0.233 "GET /v2.0/routers HTTP/1.1" status: 200 len: 189 time: 0.0204439
2026-04-23 01:15:54.224 9 INFO neutron.wsgi [None req-a1f9c88c-10bf-49ed-b1fb-e12a020daab3 0eeba1160bdb41448461231bf3b2aee0 6a4ddc12ff6044efa6a6bd9b595174c8 - - default default] 10.0.0.233 "GET /v2.0/agents?binary=ovn-controller HTTP/1.1" status: 200 len: 591 time: 0.0318129
2026-04-23 01:15:54.244 9 INFO neutron.wsgi [None req-e12b40f6-e318-4ab9-a75d-2f0a29fa9c65 0eeba1160bdb41448461231bf3b2aee0 6a4ddc12ff6044efa6a6bd9b595174c8 - - default default] 10.0.0.233 "GET /v2.0/agents HTTP/1.1" status: 200 len: 1390 time: 0.0184107
2026-04-23 01:15:54.308 9 INFO neutron.wsgi [None req-cc7c95ad-0927-497a-bbb6-051056fdcb63 0eeba1160bdb41448461231bf3b2aee0 6a4ddc12ff6044efa6a6bd9b595174c8 - - default default] 10.0.0.233 "GET /v2.0/security-groups HTTP/1.1" status: 200 len: 17578 time: 0.0624187
2026-04-23 01:15:54.377 9 INFO neutron.wsgi [None req-c7b49f3b-5c6e-4ab7-adb0-6a184840d044 0eeba1160bdb41448461231bf3b2aee0 6a4ddc12ff6044efa6a6bd9b595174c8 - - default default] 10.0.0.233 "GET /v2.0/ports HTTP/1.1" status: 200 len: 5351 time: 0.0639606
2026-04-23 01:16:02.465 9 INFO neutron.wsgi [-] 10.0.0.100 "GET / HTTP/1.1" status: 200 len: 246 time: 0.0018582
2026-04-23 01:16:02.467 10 INFO neutron.wsgi [-] 10.0.0.100 "GET / HTTP/1.1" status: 200 len: 246 time: 0.0027857
2026-04-23 01:16:17.467 9 INFO neutron.wsgi [-] 10.0.0.100 "GET / HTTP/1.1" status: 200 len: 246 time: 0.0026057
2026-04-23 01:16:17.468 10 INFO neutron.wsgi [-] 10.0.0.100 "GET / HTTP/1.1" status: 200 len: 246 time: 0.0027733
2026-04-23 01:16:32.467 10 INFO neutron.wsgi [-] 10.0.0.100 "GET / HTTP/1.1" status: 200 len: 246 time: 0.0024848
2026-04-23 01:16:32.467 9 INFO neutron.wsgi [-] 10.0.0.100 "GET / HTTP/1.1" status: 200 len: 246 time: 0.0027018
2026-04-23 01:16:47.468 9 INFO neutron.wsgi [-] 10.0.0.100 "GET / HTTP/1.1" status: 200 len: 246 time: 0.0026050
2026-04-23 01:16:47.467 10 INFO neutron.wsgi [-] 10.0.0.100 "GET / HTTP/1.1" status: 200 len: 246 time: 0.0028636
2026-04-23 01:16:54.032 9 INFO neutron.wsgi [None req-28023d6d-8510-4f1c-a4ea-202decc6fcee 0eeba1160bdb41448461231bf3b2aee0 6a4ddc12ff6044efa6a6bd9b595174c8 - - default default] 10.0.0.233 "GET /v2.0/ports HTTP/1.1" status: 200 len: 5351 time: 0.1148612
2026-04-23 01:16:54.069 9 INFO neutron.wsgi [None req-feb4c563-0111-4127-afb6-b057943deb00 0eeba1160bdb41448461231bf3b2aee0 6a4ddc12ff6044efa6a6bd9b595174c8 - - default default] 10.0.0.233 "GET /v2.0/subnets HTTP/1.1" status: 200 len: 1437 time: 0.0351374
2026-04-23 01:16:54.151 9 INFO neutron.wsgi [None req-26dfc71a-0580-49a4-ae40-98099f54439d 0eeba1160bdb41448461231bf3b2aee0 6a4ddc12ff6044efa6a6bd9b595174c8 - - default default] 10.0.0.233 "GET /v2.0/networks HTTP/1.1" status: 200 len: 2349 time: 0.0804667
2026-04-23 01:16:54.202 9 INFO neutron.wsgi [None req-8f5d9af1-5707-441d-b81c-170941d7f242 0eeba1160bdb41448461231bf3b2aee0 6a4ddc12ff6044efa6a6bd9b595174c8 - - default default] 10.0.0.233 "GET /v2.0/security-groups HTTP/1.1" status: 200 len: 17578 time: 0.0481610
2026-04-23 01:16:54.239 9 INFO neutron.wsgi [None req-f08a9ce7-bf9a-449d-b6ab-33d4ffe170e4 0eeba1160bdb41448461231bf3b2aee0 6a4ddc12ff6044efa6a6bd9b595174c8 - - default default] 10.0.0.233 "GET /v2.0/routers HTTP/1.1" status: 200 len: 189 time: 0.0295036
2026-04-23 01:16:54.271 9 INFO neutron.wsgi [None req-3a0688cb-b9cf-4bdc-a705-35ee6adc9de7 0eeba1160bdb41448461231bf3b2aee0 6a4ddc12ff6044efa6a6bd9b595174c8 - - default default] 10.0.0.233 "GET /v2.0/agents?binary=ovn-controller HTTP/1.1" status: 200 len: 591 time: 0.0300007
2026-04-23 01:16:54.288 9 INFO neutron.wsgi [None req-96b43417-0bc9-4716-b1ac-908782be7e42 0eeba1160bdb41448461231bf3b2aee0 6a4ddc12ff6044efa6a6bd9b595174c8 - - default default] 10.0.0.233 "GET /v2.0/agents HTTP/1.1" status: 200 len: 1390 time: 0.0148549
2026-04-23 01:16:54.319 9 INFO neutron.wsgi [None req-48b7163e-4839-4c3d-a45d-af48d9526eab 0eeba1160bdb41448461231bf3b2aee0 6a4ddc12ff6044efa6a6bd9b595174c8 - - default default] 10.0.0.233 "GET /v2.0/subnets HTTP/1.1" status: 200 len: 1437 time: 0.0299096
2026-04-23 01:16:54.331 9 INFO neutron.wsgi [None req-a70752d3-7f9f-410c-9bb2-061e0f94f646 0eeba1160bdb41448461231bf3b2aee0 6a4ddc12ff6044efa6a6bd9b595174c8 - - default default] 10.0.0.233 "GET /v2.0/subnetpools HTTP/1.1" status: 200 len: 193 time: 0.0115399
2026-04-23 01:16:54.348 9 INFO neutron.wsgi [None req-a7b14e62-3f2e-4c94-912c-a039c0be2b8b 0eeba1160bdb41448461231bf3b2aee0 6a4ddc12ff6044efa6a6bd9b595174c8 - - default default] 10.0.0.233 "GET /v2.0/network-ip-availabilities HTTP/1.1" status: 200 len: 1280 time: 0.0156355
2026-04-23 01:16:54.372 9 INFO neutron.wsgi [None req-21428db4-e2c4-438a-9341-13ec6b35d027 0eeba1160bdb41448461231bf3b2aee0 6a4ddc12ff6044efa6a6bd9b595174c8 - - default default] 10.0.0.233 "GET /v2.0/floatingips HTTP/1.1" status: 200 len: 193 time: 0.0225904
2026-04-23 01:17:02.466 9 INFO neutron.wsgi [-] 10.0.0.100 "GET / HTTP/1.1" status: 200 len: 246 time: 0.0018525
2026-04-23 01:17:02.468 10 INFO neutron.wsgi [-] 10.0.0.100 "GET / HTTP/1.1" status: 200 len: 246 time: 0.0033097
2026-04-23 01:17:17.466 9 INFO neutron.wsgi [-] 10.0.0.100 "GET / HTTP/1.1" status: 200 len: 246 time: 0.0020726
2026-04-23 01:17:17.468 10 INFO neutron.wsgi [-] 10.0.0.100 "GET / HTTP/1.1" status: 200 len: 246 time: 0.0030944
2026-04-23 01:17:32.467 9 INFO neutron.wsgi [-] 10.0.0.100 "GET / HTTP/1.1" status: 200 len: 246 time: 0.0013728
2026-04-23 01:17:32.467 10 INFO neutron.wsgi [-] 10.0.0.100 "GET / HTTP/1.1" status: 200 len: 246 time: 0.0025856
2026-04-23 01:17:47.467 10 INFO neutron.wsgi [-] 10.0.0.100 "GET / HTTP/1.1" status: 200 len: 246 time: 0.0030291
2026-04-23 01:17:47.467 9 INFO neutron.wsgi [-] 10.0.0.100 "GET / HTTP/1.1" status: 200 len: 246 time: 0.0026000
