2026-04-23 01:24:51.249 10 INFO neutron.wsgi [req-a0733a88-754f-472c-94ef-ea1fa8f28e92 req-70949daf-f3ba-45a9-ba1e-d42348054f6a 42cf36478136434db3270fcbc5344f56 b9ee4f74b5054b83875cc34b12576d9f - - a7ed30a739404a2197aa32eb983b8e68 a7ed30a739404a2197aa32eb983b8e68] 199.204.45.22 "GET /v2.0/networks/e49b0889-3766-4f3d-ad0c-8aca142b1cd9?fields=segments HTTP/1.1" status: 200 len: 212 time: 0.0694125
2026-04-23 01:24:51.264 9 INFO neutron.wsgi [req-c40c7a4b-743d-4aa3-9f2f-f821ea31d766 req-474cb710-6a3a-4be6-a2c9-969946ff4887 42cf36478136434db3270fcbc5344f56 b9ee4f74b5054b83875cc34b12576d9f - - a7ed30a739404a2197aa32eb983b8e68 a7ed30a739404a2197aa32eb983b8e68] 199.204.45.22 "GET /v2.0/floatingips?fixed_ip_address=10.100.0.5&port_id=5858f2dc-95ff-41bc-a652-e00610a4b5c6 HTTP/1.1" status: 200 len: 1059 time: 0.0672243
2026-04-23 01:24:51.264 9 WARNING neutron.plugins.ml2.drivers.ovn.mech_driver.ovsdb.ovn_client [None req-3fc36076-e92a-4a78-9ce5-9190947797b2 - - - - - -] No hosting information found for port d7527fad-a71b-4ca9-898d-5781a0ff0c21: RuntimeError: No hosting information found for port d7527fad-a71b-4ca9-898d-5781a0ff0c21
2026-04-23 01:24:51.264 9 INFO neutron.plugins.ml2.drivers.ovn.mech_driver.mech_driver [None req-3fc36076-e92a-4a78-9ce5-9190947797b2 - - - - - -] OVN reports status up for port: a182752d-24c5-40d9-9d98-8ad8de54cb6e
2026-04-23 01:24:51.281 10 INFO neutron.wsgi [req-06005dcb-83ba-4256-9add-5eb7c526016d req-3971911f-a863-45e5-af6f-f211117d77c3 996c5053d9344b7f940affed47977398 5f50554d239746ea85d7e1240168e5ba - - default default] 10.0.0.146 "GET /v2.0/security-groups?id=25d94767-a0d1-44ce-97e3-ec1e6abc8d82&fields=id&fields=name HTTP/1.1" status: 200 len: 312 time: 0.0626526
2026-04-23 01:24:51.286 9 INFO neutron.plugins.ml2.plugin [None req-3fc36076-e92a-4a78-9ce5-9190947797b2 - - - - - -] Attempt 1 to provision port a182752d-24c5-40d9-9d98-8ad8de54cb6e
2026-04-23 01:24:51.304 9 INFO neutron.wsgi [req-c40c7a4b-743d-4aa3-9f2f-f821ea31d766 req-80d86c3d-1139-47f0-8490-07cc7190fd66 42cf36478136434db3270fcbc5344f56 b9ee4f74b5054b83875cc34b12576d9f - - a7ed30a739404a2197aa32eb983b8e68 a7ed30a739404a2197aa32eb983b8e68] 199.204.45.22 "GET /v2.0/subnets?id=616ec5f5-ca48-417d-a5b1-f35a630c6dc5 HTTP/1.1" status: 200 len: 876 time: 0.0366096
2026-04-23 01:24:51.316 10 INFO neutron.wsgi [req-a0733a88-754f-472c-94ef-ea1fa8f28e92 req-920da6f1-2247-40e0-86f0-37463d5c8711 42cf36478136434db3270fcbc5344f56 b9ee4f74b5054b83875cc34b12576d9f - - a7ed30a739404a2197aa32eb983b8e68 a7ed30a739404a2197aa32eb983b8e68] 199.204.45.22 "GET /v2.0/networks/e49b0889-3766-4f3d-ad0c-8aca142b1cd9?fields=provider%3Aphysical_network&fields=provider%3Anetwork_type HTTP/1.1" status: 200 len: 277 time: 0.0571291
2026-04-23 01:24:51.330 9 INFO neutron.wsgi [req-c40c7a4b-743d-4aa3-9f2f-f821ea31d766 req-87b4b512-c1d1-4fd0-b453-2ca1fb10e1e1 42cf36478136434db3270fcbc5344f56 b9ee4f74b5054b83875cc34b12576d9f - - a7ed30a739404a2197aa32eb983b8e68 a7ed30a739404a2197aa32eb983b8e68] 199.204.45.22 "GET /v2.0/ports?network_id=f6c5dc48-f3a3-4f5c-a3e8-c9dcfeb0002b&device_owner=network%3Adhcp HTTP/1.1" status: 200 len: 210 time: 0.0194132
2026-04-23 01:24:51.403 10 INFO neutron.wsgi [req-d3f109e4-8bc4-498b-a2a4-ab7731ccc7b7 req-18d9be08-6305-4970-9360-82c5d919c544 42cf36478136434db3270fcbc5344f56 b9ee4f74b5054b83875cc34b12576d9f - - a7ed30a739404a2197aa32eb983b8e68 a7ed30a739404a2197aa32eb983b8e68] 199.204.45.22 "GET /v2.0/ports?tenant_id=ddf03cd6be474f9bb96a7e1bcb8bf65c&device_id=36b66fc2-9627-49d2-aa51-392e99d06758 HTTP/1.1" status: 200 len: 1407 time: 0.0449488
2026-04-23 01:24:51.409 9 INFO neutron.wsgi [req-c40c7a4b-743d-4aa3-9f2f-f821ea31d766 req-38f219d7-e1bf-4795-96c8-6d344caf725f 42cf36478136434db3270fcbc5344f56 b9ee4f74b5054b83875cc34b12576d9f - - a7ed30a739404a2197aa32eb983b8e68 a7ed30a739404a2197aa32eb983b8e68] 199.204.45.22 "GET /v2.0/networks/f6c5dc48-f3a3-4f5c-a3e8-c9dcfeb0002b?fields=segments HTTP/1.1" status: 200 len: 212 time: 0.0711701
2026-04-23 01:24:51.483 10 INFO neutron.wsgi [req-d3f109e4-8bc4-498b-a2a4-ab7731ccc7b7 req-28c69d5e-60cd-4e80-9148-91f1a3ae0be4 42cf36478136434db3270fcbc5344f56 b9ee4f74b5054b83875cc34b12576d9f - - a7ed30a739404a2197aa32eb983b8e68 a7ed30a739404a2197aa32eb983b8e68] 199.204.45.22 "GET /v2.0/networks?id=e49b0889-3766-4f3d-ad0c-8aca142b1cd9 HTTP/1.1" status: 200 len: 973 time: 0.0662711
2026-04-23 01:24:51.503 9 INFO neutron.wsgi [req-c40c7a4b-743d-4aa3-9f2f-f821ea31d766 req-c8437468-6b29-418b-88be-452a2b262a48 42cf36478136434db3270fcbc5344f56 b9ee4f74b5054b83875cc34b12576d9f - - a7ed30a739404a2197aa32eb983b8e68 a7ed30a739404a2197aa32eb983b8e68] 199.204.45.22 "GET /v2.0/networks/f6c5dc48-f3a3-4f5c-a3e8-c9dcfeb0002b?fields=provider%3Aphysical_network&fields=provider%3Anetwork_type HTTP/1.1" status: 200 len: 277 time: 0.0857289
2026-04-23 01:24:51.541 10 INFO neutron.plugins.ml2.drivers.ovn.mech_driver.mech_driver [None req-8d099bd5-3702-4535-9a1e-086901901d26 - - - - - -] OVN reports status up for port: 2accca4d-8241-4c1a-8de3-fb11bdb85a29
2026-04-23 01:24:51.546 10 INFO neutron.wsgi [req-d3f109e4-8bc4-498b-a2a4-ab7731ccc7b7 req-74ead6f2-f8b5-49a0-b82e-58b37fda2e0c 42cf36478136434db3270fcbc5344f56 b9ee4f74b5054b83875cc34b12576d9f - - a7ed30a739404a2197aa32eb983b8e68 a7ed30a739404a2197aa32eb983b8e68] 199.204.45.22 "GET /v2.0/floatingips?fixed_ip_address=10.100.0.7&port_id=2accca4d-8241-4c1a-8de3-fb11bdb85a29 HTTP/1.1" status: 200 len: 217 time: 0.0488410
2026-04-23 01:24:51.554 10 INFO neutron.plugins.ml2.plugin [None req-8d099bd5-3702-4535-9a1e-086901901d26 - - - - - -] Attempt 1 to provision port 2accca4d-8241-4c1a-8de3-fb11bdb85a29
2026-04-23 01:24:51.620 10 INFO neutron.wsgi [req-d3f109e4-8bc4-498b-a2a4-ab7731ccc7b7 req-29ea4738-41e3-44b1-8e91-754ace65693a 42cf36478136434db3270fcbc5344f56 b9ee4f74b5054b83875cc34b12576d9f - - a7ed30a739404a2197aa32eb983b8e68 a7ed30a739404a2197aa32eb983b8e68] 199.204.45.22 "GET /v2.0/subnets?id=260cd116-eec6-41b6-827c-3d978358d0b4 HTTP/1.1" status: 200 len: 869 time: 0.0646267
2026-04-23 01:24:51.654 10 INFO neutron.wsgi [req-d3f109e4-8bc4-498b-a2a4-ab7731ccc7b7 req-d29611cb-5083-427f-9f09-34bde8aef78d 42cf36478136434db3270fcbc5344f56 b9ee4f74b5054b83875cc34b12576d9f - - a7ed30a739404a2197aa32eb983b8e68 a7ed30a739404a2197aa32eb983b8e68] 199.204.45.22 "GET /v2.0/ports?network_id=e49b0889-3766-4f3d-ad0c-8aca142b1cd9&device_owner=network%3Adhcp HTTP/1.1" status: 200 len: 210 time: 0.0292473
2026-04-23 01:24:51.708 9 INFO neutron.db.ovn_revision_numbers_db [None req-3fc36076-e92a-4a78-9ce5-9190947797b2 - - - - - -] Successfully bumped revision number for resource a182752d-24c5-40d9-9d98-8ad8de54cb6e (type: ports) to 4
2026-04-23 01:24:51.733 10 INFO neutron.wsgi [req-d3f109e4-8bc4-498b-a2a4-ab7731ccc7b7 req-26150145-aa6c-4233-a713-91cecfee0d6d 42cf36478136434db3270fcbc5344f56 b9ee4f74b5054b83875cc34b12576d9f - - a7ed30a739404a2197aa32eb983b8e68 a7ed30a739404a2197aa32eb983b8e68] 199.204.45.22 "GET /v2.0/networks/e49b0889-3766-4f3d-ad0c-8aca142b1cd9?fields=segments HTTP/1.1" status: 200 len: 212 time: 0.0735617
2026-04-23 01:24:51.824 10 INFO neutron.wsgi [req-d3f109e4-8bc4-498b-a2a4-ab7731ccc7b7 req-1b0ec8a5-315c-4c69-a656-1c1894faedc7 42cf36478136434db3270fcbc5344f56 b9ee4f74b5054b83875cc34b12576d9f - - a7ed30a739404a2197aa32eb983b8e68 a7ed30a739404a2197aa32eb983b8e68] 199.204.45.22 "GET /v2.0/networks/e49b0889-3766-4f3d-ad0c-8aca142b1cd9?fields=provider%3Aphysical_network&fields=provider%3Anetwork_type HTTP/1.1" status: 200 len: 277 time: 0.0835681
2026-04-23 01:24:51.948 10 INFO neutron.db.ovn_revision_numbers_db [None req-8d099bd5-3702-4535-9a1e-086901901d26 - - - - - -] Successfully bumped revision number for resource 2accca4d-8241-4c1a-8de3-fb11bdb85a29 (type: ports) to 4 /var/lib/openstack/lib/python3.10/site-packages/pycadf/identifier.py:71: UserWarning: Invalid uuid: neutron. To ensure interoperability, identifiers should be a valid uuid. warnings.warn(('Invalid uuid: %s. To ensure interoperability, '
2026-04-23 01:24:52.090 10 INFO neutron.wsgi [req-d1254c59-6c89-49a4-9198-28741fef3ac7 req-f2f08a53-0b5c-43c4-afea-bd701f13caca 7de5aeab8ed24b8497ef9220710cd989 ddf03cd6be474f9bb96a7e1bcb8bf65c - - default default] 10.0.0.146 "GET /v2.0/ports?device_id=36b66fc2-9627-49d2-aa51-392e99d06758 HTTP/1.1" status: 200 len: 1170 time: 0.0450766
2026-04-23 01:24:52.139 10 INFO neutron.wsgi [req-d1254c59-6c89-49a4-9198-28741fef3ac7 req-55626bd9-b1de-4c9e-a63f-d17f9649add1 7de5aeab8ed24b8497ef9220710cd989 ddf03cd6be474f9bb96a7e1bcb8bf65c - - default default] 10.0.0.146 "GET /v2.0/security-groups?id=c01ec848-b3e2-456a-95c8-17e58614fb7e&fields=id&fields=name HTTP/1.1" status: 200 len: 313 time: 0.0407188
2026-04-23 01:24:52.396 10 INFO neutron.wsgi [req-3311086a-def3-4948-bc19-cc147f9be100 req-c4ff895f-1950-47f2-bdc1-9757f006e2b1 996c5053d9344b7f940affed47977398 5f50554d239746ea85d7e1240168e5ba - - default default] 10.0.0.146 "GET /v2.0/ports?device_id=990d857a-c808-4f52-a2f1-1453bab1d87c HTTP/1.1" status: 200 len: 1174 time: 0.0552173
2026-04-23 01:24:52.441 10 INFO neutron.wsgi [req-3311086a-def3-4948-bc19-cc147f9be100 req-1b0af3f5-e4c9-4026-aecc-51182db8ebd2 996c5053d9344b7f940affed47977398 5f50554d239746ea85d7e1240168e5ba - - default default] 10.0.0.146 "GET /v2.0/security-groups?id=25d94767-a0d1-44ce-97e3-ec1e6abc8d82&fields=id&fields=name HTTP/1.1" status: 200 len: 312 time: 0.0369287
2026-04-23 01:24:53.067 9 INFO neutron.notifiers.nova [-] Nova event matching ['req-da49fd50-01d8-4ead-965f-213a03924025'] response: {'server_uuid': '990d857a-c808-4f52-a2f1-1453bab1d87c', 'name': 'network-vif-plugged', 'status': 'completed', 'tag': 'a182752d-24c5-40d9-9d98-8ad8de54cb6e', 'code': 200}
2026-04-23 01:24:53.067 9 INFO neutron.notifiers.nova [-] Nova event matching ['req-da49fd50-01d8-4ead-965f-213a03924025'] response: {'server_uuid': '990d857a-c808-4f52-a2f1-1453bab1d87c', 'name': 'network-vif-plugged', 'status': 'completed', 'tag': 'a182752d-24c5-40d9-9d98-8ad8de54cb6e', 'code': 200}
2026-04-23 01:24:53.116 10 INFO neutron.notifiers.nova [-] Nova event matching ['req-ae9939e1-1b1d-4618-ab8c-49796a7db4cb'] response: {'server_uuid': '36b66fc2-9627-49d2-aa51-392e99d06758', 'name': 'network-vif-plugged', 'status': 'completed', 'tag': '2accca4d-8241-4c1a-8de3-fb11bdb85a29', 'code': 200}
2026-04-23 01:24:53.117 10 INFO neutron.notifiers.nova [-] Nova event matching ['req-ae9939e1-1b1d-4618-ab8c-49796a7db4cb'] response: {'server_uuid': '36b66fc2-9627-49d2-aa51-392e99d06758', 'name': 'network-vif-plugged', 'status': 'completed', 'tag': '2accca4d-8241-4c1a-8de3-fb11bdb85a29', 'code': 200} /var/lib/openstack/lib/python3.10/site-packages/pycadf/identifier.py:71: UserWarning: Invalid uuid: neutron. To ensure interoperability, identifiers should be a valid uuid. warnings.warn(('Invalid uuid: %s. To ensure interoperability, '
2026-04-23 01:24:53.278 10 INFO neutron.wsgi [req-21ed427c-1fde-41e8-a80b-76bfed095fb6 req-e7565052-862d-4662-a3d0-0244f833e43d 7de5aeab8ed24b8497ef9220710cd989 ddf03cd6be474f9bb96a7e1bcb8bf65c - - default default] 10.0.0.146 "GET /v2.0/ports?device_id=36b66fc2-9627-49d2-aa51-392e99d06758 HTTP/1.1" status: 200 len: 1170 time: 0.0546875
2026-04-23 01:24:53.339 10 INFO neutron.wsgi [req-21ed427c-1fde-41e8-a80b-76bfed095fb6 req-ed39f7de-5779-4d08-8de3-ab48ddbc8a37 7de5aeab8ed24b8497ef9220710cd989 ddf03cd6be474f9bb96a7e1bcb8bf65c - - default default] 10.0.0.146 "GET /v2.0/security-groups?id=c01ec848-b3e2-456a-95c8-17e58614fb7e&fields=id&fields=name HTTP/1.1" status: 200 len: 313 time: 0.0521164
2026-04-23 01:24:53.371 9 INFO neutron.db.ovn_revision_numbers_db [None req-9fa5e3c0-b63d-4106-aa32-a886b36d594c 0eeba1160bdb41448461231bf3b2aee0 6a4ddc12ff6044efa6a6bd9b595174c8 - - default default] Successfully bumped revision number for resource eef157f5-f737-4161-b118-236e4e6b3e82 (type: security_groups) to 1
2026-04-23 01:24:53.384 9 INFO neutron.db.ovn_revision_numbers_db [None req-9fa5e3c0-b63d-4106-aa32-a886b36d594c 0eeba1160bdb41448461231bf3b2aee0 6a4ddc12ff6044efa6a6bd9b595174c8 - - default default] Successfully bumped revision number for resource 5b00f16a-295c-41f6-abaa-859b38865543 (type: security_group_rules) to 0
2026-04-23 01:24:53.397 9 INFO neutron.db.ovn_revision_numbers_db [None req-9fa5e3c0-b63d-4106-aa32-a886b36d594c 0eeba1160bdb41448461231bf3b2aee0 6a4ddc12ff6044efa6a6bd9b595174c8 - - default default] Successfully bumped revision number for resource 87dff749-088f-435e-9ae3-6fb5c8907a59 (type: security_group_rules) to 0
2026-04-23 01:24:53.414 9 INFO neutron.db.ovn_revision_numbers_db [None req-9fa5e3c0-b63d-4106-aa32-a886b36d594c 0eeba1160bdb41448461231bf3b2aee0 6a4ddc12ff6044efa6a6bd9b595174c8 - - default default] Successfully bumped revision number for resource b18c8252-f11a-4c7e-b2c6-0697cc10560f (type: security_group_rules) to 0
2026-04-23 01:24:53.430 9 INFO neutron.db.ovn_revision_numbers_db [None req-9fa5e3c0-b63d-4106-aa32-a886b36d594c 0eeba1160bdb41448461231bf3b2aee0 6a4ddc12ff6044efa6a6bd9b595174c8 - - default default] Successfully bumped revision number for resource cca66e64-30a1-4008-aa6a-378d396bafc3 (type: security_group_rules) to 0
2026-04-23 01:24:53.452 9 INFO neutron.wsgi [None req-9fa5e3c0-b63d-4106-aa32-a886b36d594c 0eeba1160bdb41448461231bf3b2aee0 6a4ddc12ff6044efa6a6bd9b595174c8 - - default default] 10.0.0.68 "GET /v2.0/security-groups?tenant_id=06193205d93140169e87e0f677263bfc&name=default HTTP/1.1" status: 200 len: 3120 time: 0.4690690
2026-04-23 01:24:53.571 10 INFO neutron.wsgi [req-3150bb95-6b2b-48ec-b01c-92c9510f684d req-e83647b0-7cbe-45b2-8d63-3c9de6f8eb21 996c5053d9344b7f940affed47977398 5f50554d239746ea85d7e1240168e5ba - - default default] 10.0.0.146 "GET /v2.0/ports?device_id=990d857a-c808-4f52-a2f1-1453bab1d87c HTTP/1.1" status: 200 len: 1174 time: 0.0587349
2026-04-23 01:24:53.624 10 INFO neutron.wsgi [req-3150bb95-6b2b-48ec-b01c-92c9510f684d req-f967038e-e17e-494f-997b-b5f9122c08de 996c5053d9344b7f940affed47977398 5f50554d239746ea85d7e1240168e5ba - - default default] 10.0.0.146 "GET /v2.0/security-groups?id=25d94767-a0d1-44ce-97e3-ec1e6abc8d82&fields=id&fields=name HTTP/1.1" status: 200 len: 312 time: 0.0453532
2026-04-23 01:24:53.739 10 INFO neutron.wsgi [req-85f37470-48e0-48b8-95e5-d743331228dc req-6bd0651e-8cc7-48f3-b33c-caec40326a82 996c5053d9344b7f940affed47977398 5f50554d239746ea85d7e1240168e5ba - - default default] 10.0.0.146 "GET /v2.0/ports?device_id=990d857a-c808-4f52-a2f1-1453bab1d87c HTTP/1.1" status: 200 len: 1174 time: 0.0372989
2026-04-23 01:24:53.763 10 INFO neutron.wsgi [None req-5bdfaa2f-dec0-4982-8420-14025a16ffec 0eeba1160bdb41448461231bf3b2aee0 6a4ddc12ff6044efa6a6bd9b595174c8 - - default default] 10.0.0.68 "DELETE /v2.0/security-groups/eef157f5-f737-4161-b118-236e4e6b3e82 HTTP/1.1" status: 204 len: 168 time: 0.3046973
2026-04-23 01:24:53.999 10 INFO neutron.db.ovn_revision_numbers_db [None req-cbf2cc8c-189f-4b65-bb62-33f1161f90ec 0eeba1160bdb41448461231bf3b2aee0 6a4ddc12ff6044efa6a6bd9b595174c8 - - default default] Successfully bumped revision number for resource ce77b680-2be7-4679-b4dc-9408356f414a (type: security_groups) to 1
2026-04-23 01:24:54.012 10 INFO neutron.db.ovn_revision_numbers_db [None req-cbf2cc8c-189f-4b65-bb62-33f1161f90ec 0eeba1160bdb41448461231bf3b2aee0 6a4ddc12ff6044efa6a6bd9b595174c8 - - default default] Successfully bumped revision number for resource 17ac12e4-0800-485b-a691-54eb82be9609 (type: security_group_rules) to 0
2026-04-23 01:24:54.028 10 INFO neutron.db.ovn_revision_numbers_db [None req-cbf2cc8c-189f-4b65-bb62-33f1161f90ec 0eeba1160bdb41448461231bf3b2aee0 6a4ddc12ff6044efa6a6bd9b595174c8 - - default default] Successfully bumped revision number for resource 1d494dbd-52ea-445d-b700-e20ca4b78428 (type: security_group_rules) to 0
2026-04-23 01:24:54.045 10 INFO neutron.db.ovn_revision_numbers_db [None req-cbf2cc8c-189f-4b65-bb62-33f1161f90ec 0eeba1160bdb41448461231bf3b2aee0 6a4ddc12ff6044efa6a6bd9b595174c8 - - default default] Successfully bumped revision number for resource 3b75e423-c319-408d-a317-944fc9980a76 (type: security_group_rules) to 0
2026-04-23 01:24:54.064 10 INFO neutron.db.ovn_revision_numbers_db [None req-cbf2cc8c-189f-4b65-bb62-33f1161f90ec 0eeba1160bdb41448461231bf3b2aee0 6a4ddc12ff6044efa6a6bd9b595174c8 - - default default] Successfully bumped revision number for resource 87a122aa-a0de-4337-b400-c2c62f1d684c (type: security_group_rules) to 0
2026-04-23 01:24:54.092 10 INFO neutron.wsgi [None req-cbf2cc8c-189f-4b65-bb62-33f1161f90ec 0eeba1160bdb41448461231bf3b2aee0 6a4ddc12ff6044efa6a6bd9b595174c8 - - default default] 10.0.0.68 "GET /v2.0/security-groups?tenant_id=f5931cab73954810ad024d4985fd23cf&name=default HTTP/1.1" status: 200 len: 3120 time: 0.2246935
2026-04-23 01:24:54.249 9 INFO neutron.wsgi [None req-e94cfd90-d739-46e2-ba9d-a3fafc574998 0eeba1160bdb41448461231bf3b2aee0 6a4ddc12ff6044efa6a6bd9b595174c8 - - default default] 10.0.0.233 "GET /v2.0/agents HTTP/1.1" status: 200 len: 1390 time: 0.1296070
2026-04-23 01:24:54.344 10 INFO neutron.wsgi [None req-e51cc07a-380e-4293-a7fb-ae186188f909 0eeba1160bdb41448461231bf3b2aee0 6a4ddc12ff6044efa6a6bd9b595174c8 - - default default] 10.0.0.68 "DELETE /v2.0/security-groups/ce77b680-2be7-4679-b4dc-9408356f414a HTTP/1.1" status: 204 len: 168 time: 0.2453201
2026-04-23 01:24:54.366 9 INFO neutron.wsgi [None req-4188f7b0-8690-4ebe-afe2-af5200e7d874 0eeba1160bdb41448461231bf3b2aee0 6a4ddc12ff6044efa6a6bd9b595174c8 - - default default] 10.0.0.233 "GET /v2.0/ports HTTP/1.1" status: 200 len: 21607 time: 0.1143265
2026-04-23 01:24:54.456 9 INFO neutron.wsgi [None req-b0da908c-cf9e-49c8-8178-21c33abd8621 0eeba1160bdb41448461231bf3b2aee0 6a4ddc12ff6044efa6a6bd9b595174c8 - - default default] 10.0.0.233 "GET /v2.0/security-groups HTTP/1.1" status: 200 len: 34886 time: 0.0774775
2026-04-23 01:24:54.509 10 INFO neutron.wsgi [req-4da50184-bcce-4e14-b914-6e96cfa858b8 req-6189a8f8-8700-477d-8dfe-32b05d38d456 7de5aeab8ed24b8497ef9220710cd989 ddf03cd6be474f9bb96a7e1bcb8bf65c - - default default] 10.0.0.146 "GET /v2.0/ports?device_id=36b66fc2-9627-49d2-aa51-392e99d06758 HTTP/1.1" status: 200 len: 1170 time: 0.0843558
2026-04-23 01:24:54.560 10 INFO neutron.wsgi [req-4da50184-bcce-4e14-b914-6e96cfa858b8 req-426153d4-edf0-4184-9e07-b2140f4b4385 7de5aeab8ed24b8497ef9220710cd989 ddf03cd6be474f9bb96a7e1bcb8bf65c - - default default] 10.0.0.146 "GET /v2.0/security-groups?id=c01ec848-b3e2-456a-95c8-17e58614fb7e&fields=id&fields=name HTTP/1.1" status: 200 len: 313 time: 0.0420544
2026-04-23 01:24:54.563 9 INFO neutron.wsgi [None req-d33e686d-f27f-4ff8-a5f6-9c958eb25f12 0eeba1160bdb41448461231bf3b2aee0 6a4ddc12ff6044efa6a6bd9b595174c8 - - default default] 10.0.0.233 "GET /v2.0/networks HTTP/1.1" status: 200 len: 4641 time: 0.0927899
2026-04-23 01:24:54.608 9 INFO neutron.wsgi [None req-3ad8119a-18a6-4096-b8ae-08dd90751504 0eeba1160bdb41448461231bf3b2aee0 6a4ddc12ff6044efa6a6bd9b595174c8 - - default default] 10.0.0.233 "GET /v2.0/subnets HTTP/1.1" status: 200 len: 3419 time: 0.0401576
2026-04-23 01:24:54.627 9 INFO neutron.wsgi [None req-59968693-e3f3-46dc-afa1-2de7851f92ff 0eeba1160bdb41448461231bf3b2aee0 6a4ddc12ff6044efa6a6bd9b595174c8 - - default default] 10.0.0.233 "GET /v2.0/subnetpools HTTP/1.1" status: 200 len: 193 time: 0.0107527
2026-04-23 01:24:54.707 10 INFO neutron.wsgi [req-6ca9826b-4a9b-4f29-9d8f-4875dc542de2 req-22406cb2-944b-471a-aee2-c699518d8d0a 7de5aeab8ed24b8497ef9220710cd989 ddf03cd6be474f9bb96a7e1bcb8bf65c - - default default] 10.0.0.146 "GET /v2.0/ports?device_id=36b66fc2-9627-49d2-aa51-392e99d06758 HTTP/1.1" status: 200 len: 1170 time: 0.0725355 /var/lib/openstack/lib/python3.10/site-packages/pycadf/identifier.py:71: UserWarning: Invalid uuid: neutron. To ensure interoperability, identifiers should be a valid uuid. warnings.warn(('Invalid uuid: %s. To ensure interoperability, '
2026-04-23 01:24:54.779 9 INFO neutron.wsgi [None req-04005343-6a95-44de-90c3-ec523a95766b 0eeba1160bdb41448461231bf3b2aee0 6a4ddc12ff6044efa6a6bd9b595174c8 - - default default] 10.0.0.233 "GET /v2.0/routers HTTP/1.1" status: 200 len: 3095 time: 0.1498992
2026-04-23 01:24:54.785 9 INFO neutron.db.ovn_revision_numbers_db [None req-ece4ce3f-dbfe-43da-8d6c-74f48adc1165 996c5053d9344b7f940affed47977398 5f50554d239746ea85d7e1240168e5ba - - default default] Successfully bumped revision number for resource 6d77b832-b46b-40a3-9ba2-c43d3fc912a5 (type: floatingips) to 1
2026-04-23 01:24:54.791 9 INFO neutron.wsgi [None req-da28da64-98a2-45c3-a875-f18666c833ed 0eeba1160bdb41448461231bf3b2aee0 6a4ddc12ff6044efa6a6bd9b595174c8 - - default default] 10.0.0.233 "GET /v2.0/agents?binary=ovn-controller HTTP/1.1" status: 200 len: 591 time: 0.0105915
2026-04-23 01:24:54.818 9 INFO neutron.wsgi [None req-1c8fa1c2-f138-4ba4-b970-47d24f7eacc0 0eeba1160bdb41448461231bf3b2aee0 6a4ddc12ff6044efa6a6bd9b595174c8 - - default default] 10.0.0.233 "GET /v2.0/network-ip-availabilities HTTP/1.1" status: 200 len: 2736 time: 0.0147042
2026-04-23 01:24:54.891 9 INFO neutron.wsgi [None req-4a466787-75e4-4b78-8c41-2fd10ddde2b6 0eeba1160bdb41448461231bf3b2aee0 6a4ddc12ff6044efa6a6bd9b595174c8 - - default default] 10.0.0.233 "GET /v2.0/floatingips HTTP/1.1" status: 200 len: 2416 time: 0.0708361
2026-04-23 01:24:54.934 9 INFO neutron.wsgi [None req-f71843e3-4d68-4a00-bd27-f00cc8b149e4 0eeba1160bdb41448461231bf3b2aee0 6a4ddc12ff6044efa6a6bd9b595174c8 - - default default] 10.0.0.233 "GET /v2.0/subnets HTTP/1.1" status: 200 len: 3419 time: 0.0389712
2026-04-23 01:24:54.985 9 INFO neutron.db.ovn_revision_numbers_db [None req-ece4ce3f-dbfe-43da-8d6c-74f48adc1165 996c5053d9344b7f940affed47977398 5f50554d239746ea85d7e1240168e5ba - - default default] Successfully bumped revision number for resource 6d77b832-b46b-40a3-9ba2-c43d3fc912a5 (type: floatingips) to 2
2026-04-23 01:24:54.985 9 INFO neutron.db.l3_db [None req-ece4ce3f-dbfe-43da-8d6c-74f48adc1165 996c5053d9344b7f940affed47977398 5f50554d239746ea85d7e1240168e5ba - - default default] Floating IP 6d77b832-b46b-40a3-9ba2-c43d3fc912a5 associated. External IP: 10.96.250.216, port: a182752d-24c5-40d9-9d98-8ad8de54cb6e.
2026-04-23 01:24:55.027 9 INFO neutron.wsgi [None req-ece4ce3f-dbfe-43da-8d6c-74f48adc1165 996c5053d9344b7f940affed47977398 5f50554d239746ea85d7e1240168e5ba - - default default] 10.0.0.68 "PUT /v2.0/floatingips/6d77b832-b46b-40a3-9ba2-c43d3fc912a5 HTTP/1.1" status: 200 len: 1050 time: 1.2769272
2026-04-23 01:24:55.103 9 INFO neutron.notifiers.nova [-] Nova event matching ['req-084051c8-1587-4025-ab0d-4747ef9aff22'] response: {'name': 'network-changed', 'server_uuid': '990d857a-c808-4f52-a2f1-1453bab1d87c', 'tag': 'a182752d-24c5-40d9-9d98-8ad8de54cb6e', 'status': 'completed', 'code': 200}
2026-04-23 01:24:55.177 10 INFO neutron.wsgi [req-bc3342b6-cfb4-498b-9006-596d2e438d76 req-c9fab008-a2c0-4bf0-917c-59073ea681e5 42cf36478136434db3270fcbc5344f56 b9ee4f74b5054b83875cc34b12576d9f - - a7ed30a739404a2197aa32eb983b8e68 a7ed30a739404a2197aa32eb983b8e68] 199.204.45.22 "GET /v2.0/ports?tenant_id=5f50554d239746ea85d7e1240168e5ba&device_id=990d857a-c808-4f52-a2f1-1453bab1d87c HTTP/1.1" status: 200 len: 1413 time: 0.0567195
2026-04-23 01:24:55.238 10 INFO neutron.wsgi [req-571f1449-41c5-4934-84af-d94fc3d07c7d req-a756a129-221a-49f3-9b1b-e0efc34eab6c 996c5053d9344b7f940affed47977398 5f50554d239746ea85d7e1240168e5ba - - default default] 10.0.0.146 "GET /v2.0/ports?device_id=990d857a-c808-4f52-a2f1-1453bab1d87c HTTP/1.1" status: 200 len: 1174 time: 0.1728370
2026-04-23 01:24:55.298 10 INFO neutron.wsgi [req-bc3342b6-cfb4-498b-9006-596d2e438d76 req-c5822ca5-ef95-438a-89f7-e2123fc522db 42cf36478136434db3270fcbc5344f56 b9ee4f74b5054b83875cc34b12576d9f - - a7ed30a739404a2197aa32eb983b8e68 a7ed30a739404a2197aa32eb983b8e68] 199.204.45.22 "GET /v2.0/networks?id=6ee34169-709d-47ec-bf78-a2bd0cbd67fc HTTP/1.1" status: 200 len: 977 time: 0.1113350
2026-04-23 01:24:55.317 10 INFO neutron.wsgi [req-571f1449-41c5-4934-84af-d94fc3d07c7d req-9e405e9b-c038-407a-be1a-461e52cdf5aa 996c5053d9344b7f940affed47977398 5f50554d239746ea85d7e1240168e5ba - - default default] 10.0.0.146 "GET /v2.0/security-groups?id=25d94767-a0d1-44ce-97e3-ec1e6abc8d82&fields=id&fields=name HTTP/1.1" status: 200 len: 312 time: 0.0693450
2026-04-23 01:24:55.610 10 INFO neutron.wsgi [req-bc3342b6-cfb4-498b-9006-596d2e438d76 req-19221248-9837-4884-a7a8-2fb1fc6de2ad 42cf36478136434db3270fcbc5344f56 b9ee4f74b5054b83875cc34b12576d9f - - a7ed30a739404a2197aa32eb983b8e68 a7ed30a739404a2197aa32eb983b8e68] 199.204.45.22 "GET /v2.0/floatingips?fixed_ip_address=10.100.0.13&port_id=a182752d-24c5-40d9-9d98-8ad8de54cb6e HTTP/1.1" status: 200 len: 1060 time: 0.3045924
2026-04-23 01:24:55.671 9 INFO neutron.plugins.ml2.drivers.ovn.mech_driver.mech_driver [None req-3fc36076-e92a-4a78-9ce5-9190947797b2 - - - - - -] OVN reports status down for port: a182752d-24c5-40d9-9d98-8ad8de54cb6e
2026-04-23 01:24:55.709 10 INFO neutron.wsgi [req-bc3342b6-cfb4-498b-9006-596d2e438d76 req-1d608a5d-1aeb-47a8-9193-dd474225408c 42cf36478136434db3270fcbc5344f56 b9ee4f74b5054b83875cc34b12576d9f - - a7ed30a739404a2197aa32eb983b8e68 a7ed30a739404a2197aa32eb983b8e68] 199.204.45.22 "GET /v2.0/subnets?id=26b9ac23-b7d9-4228-bceb-64fb6ad479d2 HTTP/1.1" status: 200 len: 873 time: 0.0902655
2026-04-23 01:24:55.716 10 INFO neutron.wsgi [req-75303a72-7acf-43cc-9816-6ba2701b8e9d req-40341259-d000-4030-b47e-715eab80994d 996c5053d9344b7f940affed47977398 5f50554d239746ea85d7e1240168e5ba - - default default] 10.0.0.146 "GET /v2.0/ports?device_id=990d857a-c808-4f52-a2f1-1453bab1d87c HTTP/1.1" status: 200 len: 1174 time: 0.0898869
2026-04-23 01:24:55.745 10 INFO neutron.wsgi [req-bc3342b6-cfb4-498b-9006-596d2e438d76 req-c98855a6-fa7f-4c8e-a8a7-a0327707ae99 42cf36478136434db3270fcbc5344f56 b9ee4f74b5054b83875cc34b12576d9f - - a7ed30a739404a2197aa32eb983b8e68 a7ed30a739404a2197aa32eb983b8e68] 199.204.45.22 "GET /v2.0/ports?network_id=6ee34169-709d-47ec-bf78-a2bd0cbd67fc&device_owner=network%3Adhcp HTTP/1.1" status: 200 len: 210 time: 0.0282383 /var/lib/openstack/lib/python3.10/site-packages/pycadf/identifier.py:71: UserWarning: Invalid uuid: neutron. To ensure interoperability, identifiers should be a valid uuid. warnings.warn(('Invalid uuid: %s. To ensure interoperability, '
2026-04-23 01:24:55.867 10 INFO neutron.wsgi [req-75303a72-7acf-43cc-9816-6ba2701b8e9d req-64fdd916-aa61-4b7a-bb1a-c0bd0b7f4ce2 996c5053d9344b7f940affed47977398 5f50554d239746ea85d7e1240168e5ba - - default default] 10.0.0.146 "GET /v2.0/security-groups?id=25d94767-a0d1-44ce-97e3-ec1e6abc8d82&fields=id&fields=name HTTP/1.1" status: 200 len: 312 time: 0.1399703
2026-04-23 01:24:55.882 10 INFO neutron.db.ovn_revision_numbers_db [None req-6668385f-a4bf-4599-99ea-29b815533920 7de5aeab8ed24b8497ef9220710cd989 ddf03cd6be474f9bb96a7e1bcb8bf65c - - default default] Successfully bumped revision number for resource 9c1c9b11-4fe6-4a29-b89d-721797bcbcbf (type: floatingips) to 1
2026-04-23 01:24:55.907 10 INFO neutron.wsgi [req-bc3342b6-cfb4-498b-9006-596d2e438d76 req-61065847-5322-44b0-9ff3-93a62887adb0 42cf36478136434db3270fcbc5344f56 b9ee4f74b5054b83875cc34b12576d9f - - a7ed30a739404a2197aa32eb983b8e68 a7ed30a739404a2197aa32eb983b8e68] 199.204.45.22 "GET /v2.0/networks/6ee34169-709d-47ec-bf78-a2bd0cbd67fc?fields=segments HTTP/1.1" status: 200 len: 212 time: 0.1532123
2026-04-23 01:24:55.993 10 INFO neutron.wsgi [req-bc3342b6-cfb4-498b-9006-596d2e438d76 req-597cdeaa-4877-41d6-94fc-99f751a57324 42cf36478136434db3270fcbc5344f56 b9ee4f74b5054b83875cc34b12576d9f - - a7ed30a739404a2197aa32eb983b8e68 a7ed30a739404a2197aa32eb983b8e68] 199.204.45.22 "GET /v2.0/networks/6ee34169-709d-47ec-bf78-a2bd0cbd67fc?fields=provider%3Aphysical_network&fields=provider%3Anetwork_type HTTP/1.1" status: 200 len: 277 time: 0.0790300
2026-04-23 01:24:56.049 10 INFO neutron.db.ovn_revision_numbers_db [None req-6668385f-a4bf-4599-99ea-29b815533920 7de5aeab8ed24b8497ef9220710cd989 ddf03cd6be474f9bb96a7e1bcb8bf65c - - default default] Successfully bumped revision number for resource 9c1c9b11-4fe6-4a29-b89d-721797bcbcbf (type: floatingips) to 2
2026-04-23 01:24:56.049 10 INFO neutron.db.l3_db [None req-6668385f-a4bf-4599-99ea-29b815533920 7de5aeab8ed24b8497ef9220710cd989 ddf03cd6be474f9bb96a7e1bcb8bf65c - - default default] Floating IP 9c1c9b11-4fe6-4a29-b89d-721797bcbcbf associated. External IP: 10.96.250.213, port: 2accca4d-8241-4c1a-8de3-fb11bdb85a29.
2026-04-23 01:24:56.060 9 INFO neutron.wsgi [req-626dc8b8-c9b5-4ca0-9d4f-4981b24c3796 req-2d638ebc-51e5-44d4-97a2-c7dd4f184745 996c5053d9344b7f940affed47977398 5f50554d239746ea85d7e1240168e5ba - - default default] 199.204.45.22 "GET /v2.0/ports?device_id=990d857a-c808-4f52-a2f1-1453bab1d87c HTTP/1.1" status: 200 len: 1172 time: 0.1207342
2026-04-23 01:24:56.089 10 INFO neutron.wsgi [None req-6668385f-a4bf-4599-99ea-29b815533920 7de5aeab8ed24b8497ef9220710cd989 ddf03cd6be474f9bb96a7e1bcb8bf65c - - default default] 10.0.0.68 "PUT /v2.0/floatingips/9c1c9b11-4fe6-4a29-b89d-721797bcbcbf HTTP/1.1" status: 200 len: 1049 time: 1.3673329
2026-04-23 01:24:56.096 9 INFO neutron.db.ovn_revision_numbers_db [None req-3fc36076-e92a-4a78-9ce5-9190947797b2 - - - - - -] Successfully bumped revision number for resource a182752d-24c5-40d9-9d98-8ad8de54cb6e (type: ports) to 5
2026-04-23 01:24:56.135 10 INFO neutron.notifiers.nova [-] Nova event matching ['req-ca1c0a5f-1207-45b7-9f7a-aa9049509c2f'] response: {'name': 'network-changed', 'server_uuid': '36b66fc2-9627-49d2-aa51-392e99d06758', 'tag': '2accca4d-8241-4c1a-8de3-fb11bdb85a29', 'status': 'completed', 'code': 200}
2026-04-23 01:24:56.189 10 INFO neutron.wsgi [req-3228eda1-d5cb-4eda-91cf-5a34a55baccb req-819dd312-076a-4f93-8e6f-1fcae2fb9476 7de5aeab8ed24b8497ef9220710cd989 ddf03cd6be474f9bb96a7e1bcb8bf65c - - default default] 10.0.0.146 "GET /v2.0/ports?device_id=36b66fc2-9627-49d2-aa51-392e99d06758 HTTP/1.1" status: 200 len: 1170 time: 0.0485837
2026-04-23 01:24:56.207 10 INFO neutron.wsgi [req-316653ce-9371-41a2-b09f-03658df64f65 req-d65009bb-cc4b-4958-921f-1d7e6a217ece 42cf36478136434db3270fcbc5344f56 b9ee4f74b5054b83875cc34b12576d9f - - a7ed30a739404a2197aa32eb983b8e68 a7ed30a739404a2197aa32eb983b8e68] 199.204.45.22 "GET /v2.0/ports?tenant_id=ddf03cd6be474f9bb96a7e1bcb8bf65c&device_id=36b66fc2-9627-49d2-aa51-392e99d06758 HTTP/1.1" status: 200 len: 1409 time: 0.0529380
2026-04-23 01:24:56.258 10 INFO neutron.wsgi [req-3228eda1-d5cb-4eda-91cf-5a34a55baccb req-00e1020e-4505-4ac6-9bf1-d189f9f72856 7de5aeab8ed24b8497ef9220710cd989 ddf03cd6be474f9bb96a7e1bcb8bf65c - - default default] 10.0.0.146 "GET /v2.0/security-groups?id=c01ec848-b3e2-456a-95c8-17e58614fb7e&fields=id&fields=name HTTP/1.1" status: 200 len: 313 time: 0.0633433
2026-04-23 01:24:56.282 10 INFO neutron.wsgi [req-316653ce-9371-41a2-b09f-03658df64f65 req-df4a5f29-7fe1-4f99-bdae-010b2e3d5dcd 42cf36478136434db3270fcbc5344f56 b9ee4f74b5054b83875cc34b12576d9f - - a7ed30a739404a2197aa32eb983b8e68 a7ed30a739404a2197aa32eb983b8e68] 199.204.45.22 "GET /v2.0/networks?id=e49b0889-3766-4f3d-ad0c-8aca142b1cd9 HTTP/1.1" status: 200 len: 973 time: 0.0677400
2026-04-23 01:24:56.340 10 INFO neutron.wsgi [req-316653ce-9371-41a2-b09f-03658df64f65 req-bfd5313e-3b4a-4211-a9d9-8c9becab1e02 42cf36478136434db3270fcbc5344f56 b9ee4f74b5054b83875cc34b12576d9f - - a7ed30a739404a2197aa32eb983b8e68 a7ed30a739404a2197aa32eb983b8e68] 199.204.45.22 "GET /v2.0/floatingips?fixed_ip_address=10.100.0.7&port_id=2accca4d-8241-4c1a-8de3-fb11bdb85a29 HTTP/1.1" status: 200 len: 1059 time: 0.0483687
2026-04-23 01:24:56.381 10 INFO neutron.wsgi [req-316653ce-9371-41a2-b09f-03658df64f65 req-1a48fed0-9cc9-45ee-9446-956f50051b14 42cf36478136434db3270fcbc5344f56 b9ee4f74b5054b83875cc34b12576d9f - - a7ed30a739404a2197aa32eb983b8e68 a7ed30a739404a2197aa32eb983b8e68] 199.204.45.22 "GET /v2.0/subnets?id=260cd116-eec6-41b6-827c-3d978358d0b4 HTTP/1.1" status: 200 len: 869 time: 0.0335479
2026-04-23 01:24:56.410 10 INFO neutron.wsgi [req-316653ce-9371-41a2-b09f-03658df64f65 req-c64022fb-48d7-44e3-b00e-251bd0ea4c1d 42cf36478136434db3270fcbc5344f56 b9ee4f74b5054b83875cc34b12576d9f - - a7ed30a739404a2197aa32eb983b8e68 a7ed30a739404a2197aa32eb983b8e68] 199.204.45.22 "GET /v2.0/ports?network_id=e49b0889-3766-4f3d-ad0c-8aca142b1cd9&device_owner=network%3Adhcp HTTP/1.1" status: 200 len: 210 time: 0.0217426
2026-04-23 01:24:56.498 10 INFO neutron.wsgi [req-316653ce-9371-41a2-b09f-03658df64f65 req-29d904c3-a89a-4768-8b7c-79c5dda20784 42cf36478136434db3270fcbc5344f56 b9ee4f74b5054b83875cc34b12576d9f - - a7ed30a739404a2197aa32eb983b8e68 a7ed30a739404a2197aa32eb983b8e68] 199.204.45.22 "GET /v2.0/networks/e49b0889-3766-4f3d-ad0c-8aca142b1cd9?fields=segments HTTP/1.1" status: 200 len: 212 time: 0.0816050
2026-04-23 01:24:56.564 10 INFO neutron.plugins.ml2.drivers.ovn.mech_driver.mech_driver [None req-8d099bd5-3702-4535-9a1e-086901901d26 - - - - - -] OVN reports status down for port: 2accca4d-8241-4c1a-8de3-fb11bdb85a29
2026-04-23 01:24:56.587 10 INFO neutron.wsgi [req-7a468d69-5ef2-4bee-a963-b5a48acea6aa req-a22bfabb-aad9-44f8-ac52-e7431b67f8d6 7de5aeab8ed24b8497ef9220710cd989 ddf03cd6be474f9bb96a7e1bcb8bf65c - - default default] 10.0.0.146 "GET /v2.0/ports?device_id=36b66fc2-9627-49d2-aa51-392e99d06758 HTTP/1.1" status: 200 len: 1170 time: 0.0565720
2026-04-23 01:24:56.590 10 INFO neutron.wsgi [req-316653ce-9371-41a2-b09f-03658df64f65 req-1b21f0b0-91ac-4a24-9d5e-fc5b96210ad7 42cf36478136434db3270fcbc5344f56 b9ee4f74b5054b83875cc34b12576d9f - - a7ed30a739404a2197aa32eb983b8e68 a7ed30a739404a2197aa32eb983b8e68] 199.204.45.22 "GET /v2.0/networks/e49b0889-3766-4f3d-ad0c-8aca142b1cd9?fields=provider%3Aphysical_network&fields=provider%3Anetwork_type HTTP/1.1" status: 200 len: 277 time: 0.0874858
2026-04-23 01:24:56.664 10 INFO neutron.wsgi [req-7a468d69-5ef2-4bee-a963-b5a48acea6aa req-0a0ed051-2c70-4af5-9251-1bf9f6f394c9 7de5aeab8ed24b8497ef9220710cd989 ddf03cd6be474f9bb96a7e1bcb8bf65c - - default default] 10.0.0.146 "GET /v2.0/security-groups?id=c01ec848-b3e2-456a-95c8-17e58614fb7e&fields=id&fields=name HTTP/1.1" status: 200 len: 313 time: 0.0673923
2026-04-23 01:24:56.726 9 INFO neutron.db.l3_db [req-626dc8b8-c9b5-4ca0-9d4f-4981b24c3796 req-a7fdb9ba-9e75-43cb-b387-322e4f6b2ee9 996c5053d9344b7f940affed47977398 5f50554d239746ea85d7e1240168e5ba - - default default] Floating IP 6d77b832-b46b-40a3-9ba2-c43d3fc912a5 disassociated. External IP: 10.96.250.216, port: a182752d-24c5-40d9-9d98-8ad8de54cb6e. /var/lib/openstack/lib/python3.10/site-packages/pycadf/identifier.py:71: UserWarning: Invalid uuid: neutron. To ensure interoperability, identifiers should be a valid uuid. warnings.warn(('Invalid uuid: %s. To ensure interoperability, '
2026-04-23 01:24:56.894 9 INFO neutron.wsgi [req-626dc8b8-c9b5-4ca0-9d4f-4981b24c3796 req-a7fdb9ba-9e75-43cb-b387-322e4f6b2ee9 996c5053d9344b7f940affed47977398 5f50554d239746ea85d7e1240168e5ba - - default default] 199.204.45.22 "DELETE /v2.0/ports/a182752d-24c5-40d9-9d98-8ad8de54cb6e HTTP/1.1" status: 204 len: 173 time: 0.8301380
2026-04-23 01:24:56.911 10 INFO neutron.wsgi [req-4d86f1aa-0539-444f-a13a-f2130c98289d req-fee2e2d3-5c93-44ac-9298-ed2267ebfd70 7de5aeab8ed24b8497ef9220710cd989 ddf03cd6be474f9bb96a7e1bcb8bf65c - - default default] 199.204.45.22 "GET /v2.0/ports?device_id=36b66fc2-9627-49d2-aa51-392e99d06758 HTTP/1.1" status: 200 len: 1168 time: 0.0582592
2026-04-23 01:24:56.965 10 INFO neutron.wsgi [req-e441dcda-da82-49c9-9899-44ce42c0bb33 req-95ff0149-644a-4024-bd72-78edabb2ac74 996c5053d9344b7f940affed47977398 5f50554d239746ea85d7e1240168e5ba - - default default] 10.0.0.146 "GET /v2.0/ports?device_id=990d857a-c808-4f52-a2f1-1453bab1d87c HTTP/1.1" status: 200 len: 210 time: 0.0401225
2026-04-23 01:24:56.965 9 INFO neutron.db.ovn_revision_numbers_db [None req-37bcfd9d-2f2a-4138-8a71-5dcd46ed0561 0eeba1160bdb41448461231bf3b2aee0 6a4ddc12ff6044efa6a6bd9b595174c8 - - default default] Successfully bumped revision number for resource 49dc3049-df0e-44a2-a46a-c086a928ec1b (type: security_groups) to 1
2026-04-23 01:24:56.966 10 INFO neutron.db.ovn_revision_numbers_db [None req-8d099bd5-3702-4535-9a1e-086901901d26 - - - - - -] Successfully bumped revision number for resource 2accca4d-8241-4c1a-8de3-fb11bdb85a29 (type: ports) to 5
2026-04-23 01:24:56.992 9 INFO neutron.db.ovn_revision_numbers_db [None req-37bcfd9d-2f2a-4138-8a71-5dcd46ed0561 0eeba1160bdb41448461231bf3b2aee0 6a4ddc12ff6044efa6a6bd9b595174c8 - - default default] Successfully bumped revision number for resource 1a4047c0-a3b5-4699-a685-a28e0a00e1ae (type: security_group_rules) to 0
2026-04-23 01:24:57.007 9 INFO neutron.db.ovn_revision_numbers_db [None req-37bcfd9d-2f2a-4138-8a71-5dcd46ed0561 0eeba1160bdb41448461231bf3b2aee0 6a4ddc12ff6044efa6a6bd9b595174c8 - - default default] Successfully bumped revision number for resource 837ccec2-30b9-4602-9fac-9b1867236d71 (type: security_group_rules) to 0
2026-04-23 01:24:57.024 9 INFO neutron.db.ovn_revision_numbers_db [None req-37bcfd9d-2f2a-4138-8a71-5dcd46ed0561 0eeba1160bdb41448461231bf3b2aee0 6a4ddc12ff6044efa6a6bd9b595174c8 - - default default] Successfully bumped revision number for resource aaa7e665-c8d8-4b23-955d-fbc870132fff (type: security_group_rules) to 0
2026-04-23 01:24:57.036 9 INFO neutron.db.ovn_revision_numbers_db [None req-37bcfd9d-2f2a-4138-8a71-5dcd46ed0561 0eeba1160bdb41448461231bf3b2aee0 6a4ddc12ff6044efa6a6bd9b595174c8 - - default default] Successfully bumped revision number for resource fd6cd5f0-a52d-462d-ac5f-356c73b86c59 (type: security_group_rules) to 0
2026-04-23 01:24:57.058 9 INFO neutron.wsgi [None req-37bcfd9d-2f2a-4138-8a71-5dcd46ed0561 0eeba1160bdb41448461231bf3b2aee0 6a4ddc12ff6044efa6a6bd9b595174c8 - - default default] 10.0.0.68 "GET /v2.0/security-groups?tenant_id=3cee27c597134a2fb09cb9c1fe12f22d&name=default HTTP/1.1" status: 200 len: 3120 time: 0.4128406 /var/lib/openstack/lib/python3.10/site-packages/pycadf/identifier.py:71: UserWarning: Invalid uuid: neutron. To ensure interoperability, identifiers should be a valid uuid. warnings.warn(('Invalid uuid: %s. To ensure interoperability, '
2026-04-23 01:24:57.154 9 INFO neutron.notifiers.nova [-] Nova event matching ['req-41e4647b-492a-4080-9295-61f9862f1ddb'] response: {'server_uuid': '990d857a-c808-4f52-a2f1-1453bab1d87c', 'name': 'network-vif-unplugged', 'status': 'completed', 'tag': 'a182752d-24c5-40d9-9d98-8ad8de54cb6e', 'code': 200}
2026-04-23 01:24:57.154 9 INFO neutron.notifiers.nova [-] Nova event matching ['req-41e4647b-492a-4080-9295-61f9862f1ddb'] response: {'server_uuid': '990d857a-c808-4f52-a2f1-1453bab1d87c', 'name': 'network-vif-unplugged', 'status': 'completed', 'tag': 'a182752d-24c5-40d9-9d98-8ad8de54cb6e', 'code': 200}
2026-04-23 01:24:57.155 9 INFO neutron.notifiers.nova [-] Nova event matching ['req-41e4647b-492a-4080-9295-61f9862f1ddb'] response: {'server_uuid': '990d857a-c808-4f52-a2f1-1453bab1d87c', 'name': 'network-vif-deleted', 'tag': 'a182752d-24c5-40d9-9d98-8ad8de54cb6e', 'status': 'completed', 'code': 200}
2026-04-23 01:24:57.459 10 INFO neutron.wsgi [None req-e8026cbf-9c07-4fde-b34e-e74a39657c5b 0eeba1160bdb41448461231bf3b2aee0 6a4ddc12ff6044efa6a6bd9b595174c8 - - default default] 10.0.0.68 "DELETE /v2.0/security-groups/49dc3049-df0e-44a2-a46a-c086a928ec1b HTTP/1.1" status: 204 len: 168 time: 0.3959715
2026-04-23 01:24:57.465 10 INFO neutron.db.l3_db [req-4d86f1aa-0539-444f-a13a-f2130c98289d req-18ef366c-197d-4f27-8e18-7b319e9ffd91 7de5aeab8ed24b8497ef9220710cd989 ddf03cd6be474f9bb96a7e1bcb8bf65c - - default default] Floating IP 9c1c9b11-4fe6-4a29-b89d-721797bcbcbf disassociated. External IP: 10.96.250.213, port: 2accca4d-8241-4c1a-8de3-fb11bdb85a29.
2026-04-23 01:24:57.599 10 INFO neutron.wsgi [req-4d86f1aa-0539-444f-a13a-f2130c98289d req-18ef366c-197d-4f27-8e18-7b319e9ffd91 7de5aeab8ed24b8497ef9220710cd989 ddf03cd6be474f9bb96a7e1bcb8bf65c - - default default] 199.204.45.22 "DELETE /v2.0/ports/2accca4d-8241-4c1a-8de3-fb11bdb85a29 HTTP/1.1" status: 204 len: 173 time: 0.6787596 /var/lib/openstack/lib/python3.10/site-packages/pycadf/identifier.py:71: UserWarning: Invalid uuid: neutron. To ensure interoperability, identifiers should be a valid uuid. warnings.warn(('Invalid uuid: %s. To ensure interoperability, '
2026-04-23 01:24:57.758 10 INFO neutron.wsgi [req-d756e1d8-6276-48fa-8b53-982dcb3c8c1c req-d6a761b7-dcb7-4e31-82b8-654a871be35d 7de5aeab8ed24b8497ef9220710cd989 ddf03cd6be474f9bb96a7e1bcb8bf65c - - default default] 10.0.0.146 "GET /v2.0/ports?device_id=36b66fc2-9627-49d2-aa51-392e99d06758 HTTP/1.1" status: 200 len: 210 time: 0.0272722
2026-04-23 01:24:58.181 10 INFO neutron.notifiers.nova [-] Nova event matching ['req-2980226c-d577-48e9-b857-b36704480209'] response: {'server_uuid': '36b66fc2-9627-49d2-aa51-392e99d06758', 'name': 'network-vif-unplugged', 'status': 'completed', 'tag': '2accca4d-8241-4c1a-8de3-fb11bdb85a29', 'code': 200}
2026-04-23 01:24:58.181 10 INFO neutron.notifiers.nova [-] Nova event matching ['req-2980226c-d577-48e9-b857-b36704480209'] response: {'server_uuid': '36b66fc2-9627-49d2-aa51-392e99d06758', 'name': 'network-vif-unplugged', 'status': 'completed', 'tag': '2accca4d-8241-4c1a-8de3-fb11bdb85a29', 'code': 200}
2026-04-23 01:24:58.181 10 INFO neutron.notifiers.nova [-] Nova event matching ['req-2980226c-d577-48e9-b857-b36704480209'] response: {'server_uuid': '36b66fc2-9627-49d2-aa51-392e99d06758', 'name': 'network-vif-deleted', 'tag': '2accca4d-8241-4c1a-8de3-fb11bdb85a29', 'status': 'completed', 'code': 200}
2026-04-23 01:24:58.203 10 INFO neutron.wsgi [None req-78b6deca-a49a-4195-9ed4-25d7143e84b2 996c5053d9344b7f940affed47977398 5f50554d239746ea85d7e1240168e5ba - - default default] 10.0.0.68 "DELETE /v2.0/security-groups/25d94767-a0d1-44ce-97e3-ec1e6abc8d82 HTTP/1.1" status: 204 len: 168 time: 0.1302352
2026-04-23 01:24:58.220 9 INFO neutron.api.v2.resource [None req-d1cb02aa-0978-426d-8fb2-4a8585deb7f7 996c5053d9344b7f940affed47977398 5f50554d239746ea85d7e1240168e5ba - - default default] show failed (client error): The resource could not be found.
2026-04-23 01:24:58.221 9 INFO neutron.wsgi [None req-d1cb02aa-0978-426d-8fb2-4a8585deb7f7 996c5053d9344b7f940affed47977398 5f50554d239746ea85d7e1240168e5ba - - default default] 10.0.0.68 "GET /v2.0/security-groups/25d94767-a0d1-44ce-97e3-ec1e6abc8d82 HTTP/1.1" status: 404 len: 347 time: 0.0119734
2026-04-23 01:24:58.648 10 INFO neutron.wsgi [None req-103744f3-deb2-47b1-b2f8-0e006d9cee5f 996c5053d9344b7f940affed47977398 5f50554d239746ea85d7e1240168e5ba - - default default] 10.0.0.68 "DELETE /v2.0/floatingips/6d77b832-b46b-40a3-9ba2-c43d3fc912a5 HTTP/1.1" status: 204 len: 168 time: 0.4222465
2026-04-23 01:24:59.027 10 INFO neutron.wsgi [None req-0e451de7-9a76-46c1-b992-8812f910bf58 7de5aeab8ed24b8497ef9220710cd989 ddf03cd6be474f9bb96a7e1bcb8bf65c - - default default] 10.0.0.68 "DELETE /v2.0/security-groups/c01ec848-b3e2-456a-95c8-17e58614fb7e HTTP/1.1" status: 204 len: 168 time: 0.1663053
2026-04-23 01:24:59.046 10 INFO neutron.api.v2.resource [None req-2d684df2-839c-4325-82de-5c9724427523 7de5aeab8ed24b8497ef9220710cd989 ddf03cd6be474f9bb96a7e1bcb8bf65c - - default default] show failed (client error): The resource could not be found.
2026-04-23 01:24:59.048 10 INFO neutron.wsgi [None req-2d684df2-839c-4325-82de-5c9724427523 7de5aeab8ed24b8497ef9220710cd989 ddf03cd6be474f9bb96a7e1bcb8bf65c - - default default] 10.0.0.68 "GET /v2.0/security-groups/c01ec848-b3e2-456a-95c8-17e58614fb7e HTTP/1.1" status: 404 len: 347 time: 0.0123651
2026-04-23 01:24:59.341 9 WARNING neutron_lib.context [None req-52878cd8-2d08-4c8f-8615-efa4f89ef48f 50f892c8b9264a0d92289bc7486c0bf0 fa20de8a3d884b1089ab16a3d780fa14 - - default default] Method 'is_advsvc' is deprecated since 2023.2 release (neutron-lib 3.8.0) and will be removed once support for the old RBAC API policies will be removed from Neutron. Please use method 'is_service_role' instead.
2026-04-23 01:24:59.425 10 INFO neutron.wsgi [None req-38564b11-8339-4ec6-b0a2-ab59956cc632 7de5aeab8ed24b8497ef9220710cd989 ddf03cd6be474f9bb96a7e1bcb8bf65c - - default default] 10.0.0.68 "DELETE /v2.0/floatingips/9c1c9b11-4fe6-4a29-b89d-721797bcbcbf HTTP/1.1" status: 204 len: 168 time: 0.3732233
2026-04-23 01:24:59.600 9 INFO neutron.db.ovn_revision_numbers_db [None req-52878cd8-2d08-4c8f-8615-efa4f89ef48f 50f892c8b9264a0d92289bc7486c0bf0 fa20de8a3d884b1089ab16a3d780fa14 - - default default] Successfully bumped revision number for resource 40e1ccd3-37c8-43bf-9295-3da67205c661 (type: security_groups) to 1
2026-04-23 01:24:59.631 9 INFO neutron.db.ovn_revision_numbers_db [None req-52878cd8-2d08-4c8f-8615-efa4f89ef48f 50f892c8b9264a0d92289bc7486c0bf0 fa20de8a3d884b1089ab16a3d780fa14 - - default default] Successfully bumped revision number for resource 069e3196-b857-4d82-aebe-2ee35ba5c644 (type: security_group_rules) to 0
2026-04-23 01:24:59.665 9 INFO neutron.db.ovn_revision_numbers_db [None req-52878cd8-2d08-4c8f-8615-efa4f89ef48f 50f892c8b9264a0d92289bc7486c0bf0 fa20de8a3d884b1089ab16a3d780fa14 - - default default] Successfully bumped revision number for resource 32b48e12-a05a-4199-8a5c-fb71e497bc12 (type: security_group_rules) to 0
2026-04-23 01:24:59.711 9 INFO neutron.db.ovn_revision_numbers_db [None req-52878cd8-2d08-4c8f-8615-efa4f89ef48f 50f892c8b9264a0d92289bc7486c0bf0 fa20de8a3d884b1089ab16a3d780fa14 - - default default] Successfully bumped revision number for resource aa1f4362-3da8-4cf8-a956-e04dea9b2b78 (type: security_group_rules) to 0
2026-04-23 01:24:59.748 9 INFO neutron.db.ovn_revision_numbers_db [None req-52878cd8-2d08-4c8f-8615-efa4f89ef48f 50f892c8b9264a0d92289bc7486c0bf0 fa20de8a3d884b1089ab16a3d780fa14 - - default default] Successfully bumped revision number for resource b35689c7-51c9-41c7-b32d-8f31d44f6a33 (type: security_group_rules) to 0
2026-04-23 01:24:59.812 9 INFO neutron.db.segments_db [None req-52878cd8-2d08-4c8f-8615-efa4f89ef48f 50f892c8b9264a0d92289bc7486c0bf0 fa20de8a3d884b1089ab16a3d780fa14 - - default default] Added segment 82905fcf-bcda-404f-a23b-89a0ab51332d of type geneve for network 0cc43f0a-50fe-45c5-9cf4-a4277f9a8a3f
2026-04-23 01:25:00.088 9 INFO neutron.db.ovn_revision_numbers_db [None req-52878cd8-2d08-4c8f-8615-efa4f89ef48f 50f892c8b9264a0d92289bc7486c0bf0 fa20de8a3d884b1089ab16a3d780fa14 - - default default] Successfully bumped revision number for resource 0cc43f0a-50fe-45c5-9cf4-a4277f9a8a3f (type: networks) to 1
2026-04-23 01:25:00.574 10 INFO neutron.wsgi [req-fa5b6d33-3b57-40de-9590-a402e2110cab req-1ba2b6af-e4f2-4fc2-acb2-f07623abb837 42cf36478136434db3270fcbc5344f56 b9ee4f74b5054b83875cc34b12576d9f - - a7ed30a739404a2197aa32eb983b8e68 a7ed30a739404a2197aa32eb983b8e68] 10.0.0.254 "GET /v2.0/ports?device_id=04140375-a53b-4e25-8ac3-d36637d48b29 HTTP/1.1" status: 200 len: 1409 time: 0.2248247
2026-04-23 01:25:00.608 9 WARNING neutron.scheduler.dhcp_agent_scheduler [None req-52878cd8-2d08-4c8f-8615-efa4f89ef48f 50f892c8b9264a0d92289bc7486c0bf0 fa20de8a3d884b1089ab16a3d780fa14 - - default default] No more DHCP agents
2026-04-23 01:25:00.614 9 WARNING neutron.api.rpc.agentnotifiers.dhcp_rpc_agent_api [None req-52878cd8-2d08-4c8f-8615-efa4f89ef48f 50f892c8b9264a0d92289bc7486c0bf0 fa20de8a3d884b1089ab16a3d780fa14 - - default default] Unable to schedule network 0cc43f0a-50fe-45c5-9cf4-a4277f9a8a3f: no agents available; will retry on subsequent port and subnet creation events.
2026-04-23 01:25:00.639 10 INFO neutron.wsgi [req-fa5b6d33-3b57-40de-9590-a402e2110cab req-b113da70-b447-4ba8-8ac9-57e88837cce7 42cf36478136434db3270fcbc5344f56 b9ee4f74b5054b83875cc34b12576d9f - - a7ed30a739404a2197aa32eb983b8e68 a7ed30a739404a2197aa32eb983b8e68] 10.0.0.254 "GET /v2.0/security-groups?id=a96ad02c-b0ae-4196-9885-7741fbcc4d5e&fields=id&fields=name HTTP/1.1" status: 200 len: 313 time: 0.0514116
2026-04-23 01:25:00.694 9 INFO neutron.wsgi [None req-e3cf74a7-fc7c-46c6-a543-fbda477d9b92 0eeba1160bdb41448461231bf3b2aee0 6a4ddc12ff6044efa6a6bd9b595174c8 - - default default] 10.0.0.68 "PUT /v2.0/routers/66b9a488-c06e-42bf-8215-613d239d87aa/remove_router_interface HTTP/1.1" status: 200 len: 503 time: 2.0420973
2026-04-23 01:25:00.772 9 INFO neutron.db.ovn_revision_numbers_db [None req-52878cd8-2d08-4c8f-8615-efa4f89ef48f 50f892c8b9264a0d92289bc7486c0bf0 fa20de8a3d884b1089ab16a3d780fa14 - - default default] Successfully bumped revision number for resource 665a4989-f61d-4c8c-986d-45b8723275d8 (type: ports) to 1
2026-04-23 01:25:00.802 9 INFO neutron.wsgi [None req-52878cd8-2d08-4c8f-8615-efa4f89ef48f 50f892c8b9264a0d92289bc7486c0bf0 fa20de8a3d884b1089ab16a3d780fa14 - - default default] 10.0.0.68 "POST /v2.0/networks HTTP/1.1" status: 201 len: 849 time: 1.6256111
2026-04-23 01:25:00.811 10 WARNING neutron_lib.context [None req-bfa5a077-d9b4-437f-bf22-b20bd453332f 50f892c8b9264a0d92289bc7486c0bf0 fa20de8a3d884b1089ab16a3d780fa14 - - default default] Method 'is_advsvc' is deprecated since 2023.2 release (neutron-lib 3.8.0) and will be removed once support for the old RBAC API policies will be removed from Neutron. Please use method 'is_service_role' instead.
2026-04-23 01:25:01.190 10 WARNING neutron.scheduler.dhcp_agent_scheduler [None req-bfa5a077-d9b4-437f-bf22-b20bd453332f 50f892c8b9264a0d92289bc7486c0bf0 fa20de8a3d884b1089ab16a3d780fa14 - - default default] No more DHCP agents
2026-04-23 01:25:01.195 10 WARNING neutron.api.rpc.agentnotifiers.dhcp_rpc_agent_api [None req-bfa5a077-d9b4-437f-bf22-b20bd453332f 50f892c8b9264a0d92289bc7486c0bf0 fa20de8a3d884b1089ab16a3d780fa14 - - default default] Unable to schedule network 0cc43f0a-50fe-45c5-9cf4-a4277f9a8a3f: no agents available; will retry on subsequent port and subnet creation events.
2026-04-23 01:25:01.248 10 INFO neutron.db.ovn_revision_numbers_db [None req-bfa5a077-d9b4-437f-bf22-b20bd453332f 50f892c8b9264a0d92289bc7486c0bf0 fa20de8a3d884b1089ab16a3d780fa14 - - default default] Successfully bumped revision number for resource dba7060a-d527-4316-ae02-11cb4c0d55f4 (type: subnets) to 0
