2026-04-23 01:26:24.466 10 INFO neutron.db.ovn_revision_numbers_db [None req-86ac3e6e-acb6-4b7a-89ed-daf7d85931c8 803a6c3e89834c06af53c2f1cd0a45e1 9397c3308f144307a88d85334323fa1a - - default default] Successfully bumped revision number for resource fd3e8ccb-8a8d-4ca4-8616-e620c23272a9 (type: subnets) to 0
2026-04-23 01:26:24.482 10 INFO neutron.wsgi [None req-86ac3e6e-acb6-4b7a-89ed-daf7d85931c8 803a6c3e89834c06af53c2f1cd0a45e1 9397c3308f144307a88d85334323fa1a - - default default] 10.0.0.68 "POST /v2.0/subnets HTTP/1.1" status: 201 len: 819 time: 0.7137942
2026-04-23 01:26:24.494 10 WARNING neutron.api.v2.base [None req-ecc459cc-3fb9-4ffb-ab62-a071ad06cc0b 803a6c3e89834c06af53c2f1cd0a45e1 9397c3308f144307a88d85334323fa1a - - default default] An exception happened while processing the request body. The exception message is [Invalid input for target_tenant. Reason: 'None' is not a valid string.].: webob.exc.HTTPBadRequest: Invalid input for target_tenant. Reason: 'None' is not a valid string.
2026-04-23 01:26:24.495 10 INFO neutron.api.v2.resource [None req-ecc459cc-3fb9-4ffb-ab62-a071ad06cc0b 803a6c3e89834c06af53c2f1cd0a45e1 9397c3308f144307a88d85334323fa1a - - default default] create failed (client error): Invalid input for target_tenant. Reason: 'None' is not a valid string.
2026-04-23 01:26:24.496 10 INFO neutron.wsgi [None req-ecc459cc-3fb9-4ffb-ab62-a071ad06cc0b 803a6c3e89834c06af53c2f1cd0a45e1 9397c3308f144307a88d85334323fa1a - - default default] 10.0.0.68 "POST /v2.0/rbac-policies HTTP/1.1" status: 400 len: 346 time: 0.0058017
2026-04-23 01:26:24.544 10 INFO neutron.db.ovn_revision_numbers_db [None req-e8000c39-14c3-4006-9bdd-bf922d041a9f 0eeba1160bdb41448461231bf3b2aee0 6a4ddc12ff6044efa6a6bd9b595174c8 - - default default] Successfully bumped revision number for resource 81ecb75b-991e-4c24-9e07-4bb94a034a47 (type: security_groups) to 1
2026-04-23 01:26:24.563 10 INFO neutron.db.ovn_revision_numbers_db [None req-e8000c39-14c3-4006-9bdd-bf922d041a9f 0eeba1160bdb41448461231bf3b2aee0 6a4ddc12ff6044efa6a6bd9b595174c8 - - default default] Successfully bumped revision number for resource 06d59d7a-c068-43ed-b5ac-9a00c4edb336 (type: security_group_rules) to 0
2026-04-23 01:26:24.579 10 INFO neutron.db.ovn_revision_numbers_db [None req-e8000c39-14c3-4006-9bdd-bf922d041a9f 0eeba1160bdb41448461231bf3b2aee0 6a4ddc12ff6044efa6a6bd9b595174c8 - - default default] Successfully bumped revision number for resource 0a4127fe-45ba-4b03-b061-4aa3b9a8ab8a (type: security_group_rules) to 0
2026-04-23 01:26:24.598 10 INFO neutron.db.ovn_revision_numbers_db [None req-e8000c39-14c3-4006-9bdd-bf922d041a9f 0eeba1160bdb41448461231bf3b2aee0 6a4ddc12ff6044efa6a6bd9b595174c8 - - default default] Successfully bumped revision number for resource 9262c159-8393-4806-95e1-ab371f5e6c74 (type: security_group_rules) to 0
2026-04-23 01:26:24.611 10 INFO neutron.db.ovn_revision_numbers_db [None req-e8000c39-14c3-4006-9bdd-bf922d041a9f 0eeba1160bdb41448461231bf3b2aee0 6a4ddc12ff6044efa6a6bd9b595174c8 - - default default] Successfully bumped revision number for resource 926dd564-c596-4d81-9644-6c6f82e994e0 (type: security_group_rules) to 0
2026-04-23 01:26:24.632 10 INFO neutron.wsgi [None req-e8000c39-14c3-4006-9bdd-bf922d041a9f 0eeba1160bdb41448461231bf3b2aee0 6a4ddc12ff6044efa6a6bd9b595174c8 - - default default] 10.0.0.68 "GET /v2.0/security-groups?tenant_id=1b39d46b11c14e2389aa554981a3c9cd&name=default HTTP/1.1" status: 200 len: 3120 time: 0.3706534
2026-04-23 01:26:24.902 9 INFO neutron.wsgi [None req-c89ee5aa-2e3a-4ca0-adb4-505029b2c48d 0eeba1160bdb41448461231bf3b2aee0 6a4ddc12ff6044efa6a6bd9b595174c8 - - default default] 10.0.0.68 "DELETE /v2.0/security-groups/81ecb75b-991e-4c24-9e07-4bb94a034a47 HTTP/1.1" status: 204 len: 168 time: 0.2619212
2026-04-23 01:26:25.126 10 INFO neutron.services.segments.plugin [-] Segment b17c7def-4a21-4085-beb3-bdb7ad503f78 resource provider aggregate not found
2026-04-23 01:26:25.131 10 INFO neutron.services.segments.plugin [-] Segment b17c7def-4a21-4085-beb3-bdb7ad503f78 resource provider aggregate not found
2026-04-23 01:26:25.132 9 INFO neutron.db.ovn_revision_numbers_db [None req-3dfb8382-4abb-4f4b-b402-03c7385b208c 0eeba1160bdb41448461231bf3b2aee0 6a4ddc12ff6044efa6a6bd9b595174c8 - - default default] Successfully bumped revision number for resource c2bf3a8e-eb4d-4790-a533-39963dd29d61 (type: security_groups) to 1
2026-04-23 01:26:25.146 9 INFO neutron.db.ovn_revision_numbers_db [None req-3dfb8382-4abb-4f4b-b402-03c7385b208c 0eeba1160bdb41448461231bf3b2aee0 6a4ddc12ff6044efa6a6bd9b595174c8 - - default default] Successfully bumped revision number for resource 3e7c0b10-334f-4931-b735-0895a12a62bf (type: security_group_rules) to 0
2026-04-23 01:26:25.150 10 INFO neutron.services.segments.plugin [-] Segment b17c7def-4a21-4085-beb3-bdb7ad503f78 resource provider not found; error: Placement Client Error (4xx): {"errors": [{"status": 404, "title": "Not Found", "detail": "The resource could not be found.\n\n No resource provider with uuid b17c7def-4a21-4085-beb3-bdb7ad503f78 found for delete ", "request_id": "req-3f11ae47-e27d-4e0e-8b12-206bd1869beb"}]}
2026-04-23 01:26:25.151 10 INFO neutron.services.segments.plugin [-] Segment b17c7def-4a21-4085-beb3-bdb7ad503f78 resource provider not found; error: Placement Client Error (4xx): {"errors": [{"status": 404, "title": "Not Found", "detail": "The resource could not be found.\n\n No resource provider with uuid b17c7def-4a21-4085-beb3-bdb7ad503f78 found for delete ", "request_id": "req-996e0098-9bfc-4777-b083-feb34b1ca994"}]}
2026-04-23 01:26:25.161 9 INFO neutron.db.ovn_revision_numbers_db [None req-3dfb8382-4abb-4f4b-b402-03c7385b208c 0eeba1160bdb41448461231bf3b2aee0 6a4ddc12ff6044efa6a6bd9b595174c8 - - default default] Successfully bumped revision number for resource 82ce5879-d8ee-41b5-8d85-d23f63cd2763 (type: security_group_rules) to 0
2026-04-23 01:26:25.166 10 INFO neutron.wsgi [None req-c9d8ad25-16bb-4cf7-83b6-81cac9a0c336 803a6c3e89834c06af53c2f1cd0a45e1 9397c3308f144307a88d85334323fa1a - - default default] 10.0.0.68 "DELETE /v2.0/networks/e0dd21b9-da2d-4b7f-b0eb-f913d025ca32 HTTP/1.1" status: 204 len: 168 time: 0.6659117
2026-04-23 01:26:25.176 9 INFO neutron.db.ovn_revision_numbers_db [None req-3dfb8382-4abb-4f4b-b402-03c7385b208c 0eeba1160bdb41448461231bf3b2aee0 6a4ddc12ff6044efa6a6bd9b595174c8 - - default default] Successfully bumped revision number for resource 90beb81c-b7c1-47a2-a759-825a2126b614 (type: security_group_rules) to 0
2026-04-23 01:26:25.190 9 INFO neutron.db.ovn_revision_numbers_db [None req-3dfb8382-4abb-4f4b-b402-03c7385b208c 0eeba1160bdb41448461231bf3b2aee0 6a4ddc12ff6044efa6a6bd9b595174c8 - - default default] Successfully bumped revision number for resource bafafeab-0b1a-435c-ad25-16d963549eac (type: security_group_rules) to 0
2026-04-23 01:26:25.213 9 INFO neutron.wsgi [None req-3dfb8382-4abb-4f4b-b402-03c7385b208c 0eeba1160bdb41448461231bf3b2aee0 6a4ddc12ff6044efa6a6bd9b595174c8 - - default default] 10.0.0.68 "GET /v2.0/security-groups?tenant_id=c4dabe73eca7431bac28733ebd101e79&name=default HTTP/1.1" status: 200 len: 3120 time: 0.1928422
2026-04-23 01:26:25.268 10 INFO neutron.db.segments_db [None req-648ca94c-4e76-450e-bae3-26089fd6fbcc 803a6c3e89834c06af53c2f1cd0a45e1 9397c3308f144307a88d85334323fa1a - - default default] Added segment a99012fb-b760-4524-bad0-16b3c8502f9f of type geneve for network f5173d1e-b31f-488b-9aa3-51311245763d
2026-04-23 01:26:25.297 9 INFO neutron.notifiers.nova [-] Nova event matching ['req-3fc72474-8a07-4a16-8ba3-c516bc48fe90'] response: {'name': 'network-changed', 'server_uuid': '7b0caaec-3e75-4926-8404-1b90720e6b33', 'tag': 'da0a7e36-4b73-423b-bf63-d574ccea14b0', 'status': 'completed', 'code': 200}
2026-04-23 01:26:25.375 10 INFO neutron.wsgi [req-cc45897d-952c-4602-84ed-7769d840fbb3 req-793d5567-9aeb-41a6-b6ff-b8dfd3a52353 42cf36478136434db3270fcbc5344f56 b9ee4f74b5054b83875cc34b12576d9f - - a7ed30a739404a2197aa32eb983b8e68 a7ed30a739404a2197aa32eb983b8e68] 199.204.45.22 "GET /v2.0/ports?tenant_id=e36ac9785029412eb81f58f936618bb5&device_id=7b0caaec-3e75-4926-8404-1b90720e6b33 HTTP/1.1" status: 200 len: 1409 time: 0.0521777
2026-04-23 01:26:25.507 10 INFO neutron.wsgi [req-cc45897d-952c-4602-84ed-7769d840fbb3 req-1778c84a-9a02-4950-b62f-a776f97855cb 42cf36478136434db3270fcbc5344f56 b9ee4f74b5054b83875cc34b12576d9f - - a7ed30a739404a2197aa32eb983b8e68 a7ed30a739404a2197aa32eb983b8e68] 199.204.45.22 "GET /v2.0/networks?id=82525b75-b2cd-4ab5-9052-a742f0dd8f31 HTTP/1.1" status: 200 len: 958 time: 0.1218405
2026-04-23 01:26:25.512 10 INFO neutron.db.ovn_revision_numbers_db [None req-648ca94c-4e76-450e-bae3-26089fd6fbcc 803a6c3e89834c06af53c2f1cd0a45e1 9397c3308f144307a88d85334323fa1a - - default default] Successfully bumped revision number for resource f5173d1e-b31f-488b-9aa3-51311245763d (type: networks) to 1
2026-04-23 01:26:25.597 10 INFO neutron.wsgi [req-cc45897d-952c-4602-84ed-7769d840fbb3 req-8f5844ee-7a93-4dd1-b75c-ed73909dceda 42cf36478136434db3270fcbc5344f56 b9ee4f74b5054b83875cc34b12576d9f - - a7ed30a739404a2197aa32eb983b8e68 a7ed30a739404a2197aa32eb983b8e68] 199.204.45.22 "GET /v2.0/floatingips?fixed_ip_address=10.100.0.5&port_id=da0a7e36-4b73-423b-bf63-d574ccea14b0 HTTP/1.1" status: 200 len: 1059 time: 0.0828462
2026-04-23 01:26:25.659 10 INFO neutron.wsgi [req-cc45897d-952c-4602-84ed-7769d840fbb3 req-216d6ecb-0f2b-47fe-8974-cca4949b6dcb 42cf36478136434db3270fcbc5344f56 b9ee4f74b5054b83875cc34b12576d9f - - a7ed30a739404a2197aa32eb983b8e68 a7ed30a739404a2197aa32eb983b8e68] 199.204.45.22 "GET /v2.0/subnets?id=12be739e-0a0b-4de6-951a-3b06c683d7af HTTP/1.1" status: 200 len: 853 time: 0.0496600
2026-04-23 01:26:25.697 10 INFO neutron.wsgi [None req-368600be-f6c9-44c9-83c6-cf79f13524da 0eeba1160bdb41448461231bf3b2aee0 6a4ddc12ff6044efa6a6bd9b595174c8 - - default default] 10.0.0.68 "DELETE /v2.0/security-groups/c2bf3a8e-eb4d-4790-a533-39963dd29d61 HTTP/1.1" status: 204 len: 168 time: 0.4789264
2026-04-23 01:26:25.712 10 INFO neutron.wsgi [req-cc45897d-952c-4602-84ed-7769d840fbb3 req-96047150-f1b6-4840-8527-0b191465d457 42cf36478136434db3270fcbc5344f56 b9ee4f74b5054b83875cc34b12576d9f - - a7ed30a739404a2197aa32eb983b8e68 a7ed30a739404a2197aa32eb983b8e68] 199.204.45.22 "GET /v2.0/ports?network_id=82525b75-b2cd-4ab5-9052-a742f0dd8f31&device_owner=network%3Adhcp HTTP/1.1" status: 200 len: 210 time: 0.0330641
2026-04-23 01:26:25.802 10 INFO neutron.wsgi [req-cc45897d-952c-4602-84ed-7769d840fbb3 req-86248196-6fd1-4acb-8a9b-02c8973dc62a 42cf36478136434db3270fcbc5344f56 b9ee4f74b5054b83875cc34b12576d9f - - a7ed30a739404a2197aa32eb983b8e68 a7ed30a739404a2197aa32eb983b8e68] 199.204.45.22 "GET /v2.0/networks/82525b75-b2cd-4ab5-9052-a742f0dd8f31?fields=segments HTTP/1.1" status: 200 len: 212 time: 0.0815408
2026-04-23 01:26:25.808 10 WARNING neutron.scheduler.dhcp_agent_scheduler [None req-648ca94c-4e76-450e-bae3-26089fd6fbcc 803a6c3e89834c06af53c2f1cd0a45e1 9397c3308f144307a88d85334323fa1a - - default default] No more DHCP agents
2026-04-23 01:26:25.810 10 WARNING neutron.api.rpc.agentnotifiers.dhcp_rpc_agent_api [None req-648ca94c-4e76-450e-bae3-26089fd6fbcc 803a6c3e89834c06af53c2f1cd0a45e1 9397c3308f144307a88d85334323fa1a - - default default] Unable to schedule network f5173d1e-b31f-488b-9aa3-51311245763d: no agents available; will retry on subsequent port and subnet creation events.
2026-04-23 01:26:25.893 10 INFO neutron.wsgi [req-cc45897d-952c-4602-84ed-7769d840fbb3 req-9a4a20ee-ec44-406c-ae20-727501a50ff9 42cf36478136434db3270fcbc5344f56 b9ee4f74b5054b83875cc34b12576d9f - - a7ed30a739404a2197aa32eb983b8e68 a7ed30a739404a2197aa32eb983b8e68] 199.204.45.22 "GET /v2.0/networks/82525b75-b2cd-4ab5-9052-a742f0dd8f31?fields=provider%3Aphysical_network&fields=provider%3Anetwork_type HTTP/1.1" status: 200 len: 277 time: 0.0837624
2026-04-23 01:26:25.911 9 WARNING neutron_lib.context [None req-b343ad2a-1f74-448c-9b5e-bcff5c4b14d2 f2a0d13fe6a144d885c9efb0a1a999ea 95ec8f50052a49f9bb6d9eea4ccf7222 - - default default] Method 'is_advsvc' is deprecated since 2023.2 release (neutron-lib 3.8.0) and will be removed once support for the old RBAC API policies will be removed from Neutron. Please use method 'is_service_role' instead.
2026-04-23 01:26:25.918 10 INFO neutron.db.ovn_revision_numbers_db [None req-648ca94c-4e76-450e-bae3-26089fd6fbcc 803a6c3e89834c06af53c2f1cd0a45e1 9397c3308f144307a88d85334323fa1a - - default default] Successfully bumped revision number for resource 19f42c31-f6de-4cfd-92de-b663c8930cb6 (type: ports) to 1
2026-04-23 01:26:25.939 10 INFO neutron.wsgi [None req-648ca94c-4e76-450e-bae3-26089fd6fbcc 803a6c3e89834c06af53c2f1cd0a45e1 9397c3308f144307a88d85334323fa1a - - default default] 10.0.0.68 "POST /v2.0/networks HTTP/1.1" status: 201 len: 928 time: 0.7674489
2026-04-23 01:26:26.028 9 INFO neutron.db.ovn_revision_numbers_db [None req-b343ad2a-1f74-448c-9b5e-bcff5c4b14d2 f2a0d13fe6a144d885c9efb0a1a999ea 95ec8f50052a49f9bb6d9eea4ccf7222 - - default default] Successfully bumped revision number for resource 4cb7dc92-e817-4dae-91ee-57e59394305e (type: security_groups) to 1
2026-04-23 01:26:26.040 9 INFO neutron.db.ovn_revision_numbers_db [None req-b343ad2a-1f74-448c-9b5e-bcff5c4b14d2 f2a0d13fe6a144d885c9efb0a1a999ea 95ec8f50052a49f9bb6d9eea4ccf7222 - - default default] Successfully bumped revision number for resource 1145f0f1-40eb-40d2-bfb1-6a07eddad244 (type: security_group_rules) to 0
2026-04-23 01:26:26.054 9 INFO neutron.db.ovn_revision_numbers_db [None req-b343ad2a-1f74-448c-9b5e-bcff5c4b14d2 f2a0d13fe6a144d885c9efb0a1a999ea 95ec8f50052a49f9bb6d9eea4ccf7222 - - default default] Successfully bumped revision number for resource 5f3dfbd2-80f7-43e9-bd4b-44cf1f92a8a9 (type: security_group_rules) to 0
2026-04-23 01:26:26.069 9 INFO neutron.db.ovn_revision_numbers_db [None req-b343ad2a-1f74-448c-9b5e-bcff5c4b14d2 f2a0d13fe6a144d885c9efb0a1a999ea 95ec8f50052a49f9bb6d9eea4ccf7222 - - default default] Successfully bumped revision number for resource 6f84470a-de5b-4bec-b3a1-3ee3a0cdde85 (type: security_group_rules) to 0
2026-04-23 01:26:26.080 9 INFO neutron.db.ovn_revision_numbers_db [None req-b343ad2a-1f74-448c-9b5e-bcff5c4b14d2 f2a0d13fe6a144d885c9efb0a1a999ea 95ec8f50052a49f9bb6d9eea4ccf7222 - - default default] Successfully bumped revision number for resource c10fb256-369d-46f3-b26c-942341f0536f (type: security_group_rules) to 0
2026-04-23 01:26:26.093 10 WARNING neutron.scheduler.dhcp_agent_scheduler [None req-c89a107b-8f4a-44db-a9d7-d64117a03614 803a6c3e89834c06af53c2f1cd0a45e1 9397c3308f144307a88d85334323fa1a - - default default] No more DHCP agents
2026-04-23 01:26:26.095 10 WARNING neutron.api.rpc.agentnotifiers.dhcp_rpc_agent_api [None req-c89a107b-8f4a-44db-a9d7-d64117a03614 803a6c3e89834c06af53c2f1cd0a45e1 9397c3308f144307a88d85334323fa1a - - default default] Unable to schedule network f5173d1e-b31f-488b-9aa3-51311245763d: no agents available; will retry on subsequent port and subnet creation events.
2026-04-23 01:26:26.137 9 INFO neutron.db.segments_db [None req-b343ad2a-1f74-448c-9b5e-bcff5c4b14d2 f2a0d13fe6a144d885c9efb0a1a999ea 95ec8f50052a49f9bb6d9eea4ccf7222 - - default default] Added segment 1ee3876e-c937-4f39-8f46-037143b2c926 of type geneve for network f2275cf0-d05d-4cba-88f0-290240363feb
2026-04-23 01:26:26.269 9 INFO neutron.db.ovn_revision_numbers_db [None req-b343ad2a-1f74-448c-9b5e-bcff5c4b14d2 f2a0d13fe6a144d885c9efb0a1a999ea 95ec8f50052a49f9bb6d9eea4ccf7222 - - default default] Successfully bumped revision number for resource f2275cf0-d05d-4cba-88f0-290240363feb (type: networks) to 1
2026-04-23 01:26:26.554 10 INFO neutron.db.ovn_revision_numbers_db [None req-c89a107b-8f4a-44db-a9d7-d64117a03614 803a6c3e89834c06af53c2f1cd0a45e1 9397c3308f144307a88d85334323fa1a - - default default] Successfully bumped revision number for resource 19f42c31-f6de-4cfd-92de-b663c8930cb6 (type: ports) to 2
2026-04-23 01:26:26.588 10 INFO neutron.db.ovn_revision_numbers_db [None req-c89a107b-8f4a-44db-a9d7-d64117a03614 803a6c3e89834c06af53c2f1cd0a45e1 9397c3308f144307a88d85334323fa1a - - default default] Successfully bumped revision number for resource bebb6a82-dcbe-421f-81db-c744bff1a56c (type: subnets) to 0
2026-04-23 01:26:26.606 10 INFO neutron.wsgi [None req-c89a107b-8f4a-44db-a9d7-d64117a03614 803a6c3e89834c06af53c2f1cd0a45e1 9397c3308f144307a88d85334323fa1a - - default default] 10.0.0.68 "POST /v2.0/subnets HTTP/1.1" status: 201 len: 822 time: 0.6594114
2026-04-23 01:26:26.617 10 WARNING neutron.api.v2.base [None req-ba69b60a-97f9-4286-8a7b-270e4b45066e 803a6c3e89834c06af53c2f1cd0a45e1 9397c3308f144307a88d85334323fa1a - - default default] An exception happened while processing the request body. The exception message is [Invalid input for target_tenant. Reason: '1234123412341234123412341234123412341234123412341234123412341234123412341234123412341234123412341234123412341234123412341234123412341234123412341234123412341234123412341234123412341234123412341234123412341234123412341234123412341234123412341234123412341234123412341234123412341234123412341234123412341234123412341234123412341234123412341234123412341234123412341234123412341234123412341234123412341234' exceeds maximum length of 255.].: webob.exc.HTTPBadRequest: Invalid input for target_tenant. Reason: '1234123412341234123412341234123412341234123412341234123412341234123412341234123412341234123412341234123412341234123412341234123412341234123412341234123412341234123412341234123412341234123412341234123412341234123412341234123412341234123412341234123412341234123412341234123412341234123412341234123412341234123412341234123412341234123412341234123412341234123412341234123412341234123412341234123412341234' exceeds maximum length of 255.
2026-04-23 01:26:26.617 10 INFO neutron.api.v2.resource [None req-ba69b60a-97f9-4286-8a7b-270e4b45066e 803a6c3e89834c06af53c2f1cd0a45e1 9397c3308f144307a88d85334323fa1a - - default default] create failed (client error): Invalid input for target_tenant. Reason: '1234123412341234123412341234123412341234123412341234123412341234123412341234123412341234123412341234123412341234123412341234123412341234123412341234123412341234123412341234123412341234123412341234123412341234123412341234123412341234123412341234123412341234123412341234123412341234123412341234123412341234123412341234123412341234123412341234123412341234123412341234123412341234123412341234123412341234' exceeds maximum length of 255.
2026-04-23 01:26:26.619 10 INFO neutron.wsgi [None req-ba69b60a-97f9-4286-8a7b-270e4b45066e 803a6c3e89834c06af53c2f1cd0a45e1 9397c3308f144307a88d85334323fa1a - - default default] 10.0.0.68 "POST /v2.0/rbac-policies HTTP/1.1" status: 400 len: 750 time: 0.0061958
2026-04-23 01:26:26.686 9 WARNING neutron.scheduler.dhcp_agent_scheduler [None req-b343ad2a-1f74-448c-9b5e-bcff5c4b14d2 f2a0d13fe6a144d885c9efb0a1a999ea 95ec8f50052a49f9bb6d9eea4ccf7222 - - default default] No more DHCP agents
2026-04-23 01:26:26.689 9 WARNING neutron.api.rpc.agentnotifiers.dhcp_rpc_agent_api [None req-b343ad2a-1f74-448c-9b5e-bcff5c4b14d2 f2a0d13fe6a144d885c9efb0a1a999ea 95ec8f50052a49f9bb6d9eea4ccf7222 - - default default] Unable to schedule network f2275cf0-d05d-4cba-88f0-290240363feb: no agents available; will retry on subsequent port and subnet creation events.
2026-04-23 01:26:26.775 9 INFO neutron.db.ovn_revision_numbers_db [None req-b343ad2a-1f74-448c-9b5e-bcff5c4b14d2 f2a0d13fe6a144d885c9efb0a1a999ea 95ec8f50052a49f9bb6d9eea4ccf7222 - - default default] Successfully bumped revision number for resource 55bd659c-2a78-4010-809f-d32b6f2f453a (type: ports) to 1
2026-04-23 01:26:26.798 9 INFO neutron.wsgi [None req-b343ad2a-1f74-448c-9b5e-bcff5c4b14d2 f2a0d13fe6a144d885c9efb0a1a999ea 95ec8f50052a49f9bb6d9eea4ccf7222 - - default default] 10.0.0.68 "POST /v2.0/networks HTTP/1.1" status: 201 len: 829 time: 1.1767404
2026-04-23 01:26:26.806 10 WARNING neutron_lib.context [None req-759c4c62-b1d2-4c41-a085-813f95fa619b f2a0d13fe6a144d885c9efb0a1a999ea 95ec8f50052a49f9bb6d9eea4ccf7222 - - default default] Method 'is_advsvc' is deprecated since 2023.2 release (neutron-lib 3.8.0) and will be removed once support for the old RBAC API policies will be removed from Neutron. Please use method 'is_service_role' instead.
2026-04-23 01:26:26.891 10 INFO neutron.db.segments_db [None req-759c4c62-b1d2-4c41-a085-813f95fa619b f2a0d13fe6a144d885c9efb0a1a999ea 95ec8f50052a49f9bb6d9eea4ccf7222 - - default default] Added segment 2389f290-b8a7-4457-ab6c-cecb59361b4b of type geneve for network cf670cef-e827-4785-b338-c4a45a11f373
2026-04-23 01:26:27.074 10 INFO neutron.db.ovn_revision_numbers_db [None req-759c4c62-b1d2-4c41-a085-813f95fa619b f2a0d13fe6a144d885c9efb0a1a999ea 95ec8f50052a49f9bb6d9eea4ccf7222 - - default default] Successfully bumped revision number for resource cf670cef-e827-4785-b338-c4a45a11f373 (type: networks) to 1
2026-04-23 01:26:27.275 10 WARNING neutron.scheduler.dhcp_agent_scheduler [None req-759c4c62-b1d2-4c41-a085-813f95fa619b f2a0d13fe6a144d885c9efb0a1a999ea 95ec8f50052a49f9bb6d9eea4ccf7222 - - default default] No more DHCP agents
2026-04-23 01:26:27.281 10 WARNING neutron.api.rpc.agentnotifiers.dhcp_rpc_agent_api [None req-759c4c62-b1d2-4c41-a085-813f95fa619b f2a0d13fe6a144d885c9efb0a1a999ea 95ec8f50052a49f9bb6d9eea4ccf7222 - - default default] Unable to schedule network cf670cef-e827-4785-b338-c4a45a11f373: no agents available; will retry on subsequent port and subnet creation events.
2026-04-23 01:26:27.361 10 INFO neutron.services.segments.plugin [-] Segment a99012fb-b760-4524-bad0-16b3c8502f9f resource provider aggregate not found
2026-04-23 01:26:27.366 10 INFO neutron.services.segments.plugin [-] Segment a99012fb-b760-4524-bad0-16b3c8502f9f resource provider aggregate not found
2026-04-23 01:26:27.374 10 INFO neutron.services.segments.plugin [-] Segment a99012fb-b760-4524-bad0-16b3c8502f9f resource provider not found; error: Placement Client Error (4xx): {"errors": [{"status": 404, "title": "Not Found", "detail": "The resource could not be found.\n\n No resource provider with uuid a99012fb-b760-4524-bad0-16b3c8502f9f found for delete ", "request_id": "req-3e5e4b9d-d913-413e-898e-09d679ef65e0"}]}
2026-04-23 01:26:27.381 10 INFO neutron.services.segments.plugin [-] Segment a99012fb-b760-4524-bad0-16b3c8502f9f resource provider not found; error: Placement Client Error (4xx): {"errors": [{"status": 404, "title": "Not Found", "detail": "The resource could not be found.\n\n No resource provider with uuid a99012fb-b760-4524-bad0-16b3c8502f9f found for delete ", "request_id": "req-305c07fc-9457-4a51-a108-c9d0e02f3122"}]}
2026-04-23 01:26:27.407 10 INFO neutron.wsgi [None req-2f871caa-d408-428e-98db-573e1585e694 803a6c3e89834c06af53c2f1cd0a45e1 9397c3308f144307a88d85334323fa1a - - default default] 10.0.0.68 "DELETE /v2.0/networks/f5173d1e-b31f-488b-9aa3-51311245763d HTTP/1.1" status: 204 len: 168 time: 0.7846286
2026-04-23 01:26:27.408 10 INFO neutron.db.ovn_revision_numbers_db [None req-759c4c62-b1d2-4c41-a085-813f95fa619b f2a0d13fe6a144d885c9efb0a1a999ea 95ec8f50052a49f9bb6d9eea4ccf7222 - - default default] Successfully bumped revision number for resource 22ec858c-2f78-444c-a527-091125c4d142 (type: ports) to 1
2026-04-23 01:26:27.432 10 INFO neutron.wsgi [None req-759c4c62-b1d2-4c41-a085-813f95fa619b f2a0d13fe6a144d885c9efb0a1a999ea 95ec8f50052a49f9bb6d9eea4ccf7222 - - default default] 10.0.0.68 "POST /v2.0/networks HTTP/1.1" status: 201 len: 829 time: 0.6299322
2026-04-23 01:26:27.442 10 WARNING neutron_lib.context [None req-65b15f46-0512-4131-b4da-0811a39f0a7a f2a0d13fe6a144d885c9efb0a1a999ea 95ec8f50052a49f9bb6d9eea4ccf7222 - - default default] Method 'is_advsvc' is deprecated since 2023.2 release (neutron-lib 3.8.0) and will be removed once support for the old RBAC API policies will be removed from Neutron. Please use method 'is_service_role' instead.
2026-04-23 01:26:27.507 9 INFO neutron.db.segments_db [None req-92fd3f8d-afb8-4451-b9a2-a6c25a9f1089 803a6c3e89834c06af53c2f1cd0a45e1 9397c3308f144307a88d85334323fa1a - - default default] Added segment efe382fd-7eeb-4558-8759-330d450f8dd1 of type geneve for network b36425af-363c-4f64-b18a-a926c854f19f
2026-04-23 01:26:27.645 9 INFO neutron.db.ovn_revision_numbers_db [None req-92fd3f8d-afb8-4451-b9a2-a6c25a9f1089 803a6c3e89834c06af53c2f1cd0a45e1 9397c3308f144307a88d85334323fa1a - - default default] Successfully bumped revision number for resource b36425af-363c-4f64-b18a-a926c854f19f (type: networks) to 1
2026-04-23 01:26:27.745 10 WARNING neutron_lib.context [None req-24590553-eb4a-4a4c-a336-f23e3e045972 664550fd79004f31b8c760aa942dae5b e02599e074b74e99a9204f8633c5b898 - - default default] Method 'is_advsvc' is deprecated since 2023.2 release (neutron-lib 3.8.0) and will be removed once support for the old RBAC API policies will be removed from Neutron. Please use method 'is_service_role' instead.
2026-04-23 01:26:27.745 10 WARNING neutron_lib.context [None req-24590553-eb4a-4a4c-a336-f23e3e045972 664550fd79004f31b8c760aa942dae5b e02599e074b74e99a9204f8633c5b898 - - default default] Method 'is_advsvc' is deprecated since 2023.2 release (neutron-lib 3.8.0) and will be removed once support for the old RBAC API policies will be removed from Neutron. Please use method 'is_service_role' instead.
2026-04-23 01:26:27.808 9 WARNING neutron.scheduler.dhcp_agent_scheduler [None req-92fd3f8d-afb8-4451-b9a2-a6c25a9f1089 803a6c3e89834c06af53c2f1cd0a45e1 9397c3308f144307a88d85334323fa1a - - default default] No more DHCP agents
2026-04-23 01:26:27.810 9 WARNING neutron.api.rpc.agentnotifiers.dhcp_rpc_agent_api [None req-92fd3f8d-afb8-4451-b9a2-a6c25a9f1089 803a6c3e89834c06af53c2f1cd0a45e1 9397c3308f144307a88d85334323fa1a - - default default] Unable to schedule network b36425af-363c-4f64-b18a-a926c854f19f: no agents available; will retry on subsequent port and subnet creation events.
2026-04-23 01:26:27.885 9 INFO neutron.db.ovn_revision_numbers_db [None req-92fd3f8d-afb8-4451-b9a2-a6c25a9f1089 803a6c3e89834c06af53c2f1cd0a45e1 9397c3308f144307a88d85334323fa1a - - default default] Successfully bumped revision number for resource 51250953-1fb1-4e45-b0f3-79f2de67b2f8 (type: ports) to 1
2026-04-23 01:26:27.907 9 INFO neutron.wsgi [None req-92fd3f8d-afb8-4451-b9a2-a6c25a9f1089 803a6c3e89834c06af53c2f1cd0a45e1 9397c3308f144307a88d85334323fa1a - - default default] 10.0.0.68 "POST /v2.0/networks HTTP/1.1" status: 201 len: 929 time: 0.4935968
2026-04-23 01:26:27.907 10 WARNING neutron.scheduler.dhcp_agent_scheduler [None req-65b15f46-0512-4131-b4da-0811a39f0a7a f2a0d13fe6a144d885c9efb0a1a999ea 95ec8f50052a49f9bb6d9eea4ccf7222 - - default default] No more DHCP agents
2026-04-23 01:26:27.912 10 WARNING neutron.api.rpc.agentnotifiers.dhcp_rpc_agent_api [None req-65b15f46-0512-4131-b4da-0811a39f0a7a f2a0d13fe6a144d885c9efb0a1a999ea 95ec8f50052a49f9bb6d9eea4ccf7222 - - default default] Unable to schedule network f2275cf0-d05d-4cba-88f0-290240363feb: no agents available; will retry on subsequent port and subnet creation events.
2026-04-23 01:26:27.934 10 INFO neutron.db.ovn_revision_numbers_db [None req-24590553-eb4a-4a4c-a336-f23e3e045972 664550fd79004f31b8c760aa942dae5b e02599e074b74e99a9204f8633c5b898 - - default default] Successfully bumped revision number for resource b5633f11-f46c-41a2-9d58-15434b22ca72 (type: security_groups) to 1
2026-04-23 01:26:27.963 10 INFO neutron.db.ovn_revision_numbers_db [None req-24590553-eb4a-4a4c-a336-f23e3e045972 664550fd79004f31b8c760aa942dae5b e02599e074b74e99a9204f8633c5b898 - - default default] Successfully bumped revision number for resource 16dfc4f9-0108-4bf6-9af8-5cfef7d8510a (type: security_group_rules) to 0
2026-04-23 01:26:27.984 10 INFO neutron.db.ovn_revision_numbers_db [None req-24590553-eb4a-4a4c-a336-f23e3e045972 664550fd79004f31b8c760aa942dae5b e02599e074b74e99a9204f8633c5b898 - - default default] Successfully bumped revision number for resource cd02bbf0-00d3-4b90-8e16-c8c602d7bb74 (type: security_group_rules) to 0
2026-04-23 01:26:28.001 10 INFO neutron.db.ovn_revision_numbers_db [None req-24590553-eb4a-4a4c-a336-f23e3e045972 664550fd79004f31b8c760aa942dae5b e02599e074b74e99a9204f8633c5b898 - - default default] Successfully bumped revision number for resource f36fbd17-279d-4a0e-befb-d9cf4baf0c71 (type: security_group_rules) to 0
2026-04-23 01:26:28.021 10 INFO neutron.db.ovn_revision_numbers_db [None req-24590553-eb4a-4a4c-a336-f23e3e045972 664550fd79004f31b8c760aa942dae5b e02599e074b74e99a9204f8633c5b898 - - default default] Successfully bumped revision number for resource f4bcf509-4cbf-4e8f-85a4-4f9796bde106 (type: security_group_rules) to 0
2026-04-23 01:26:28.051 9 WARNING neutron.scheduler.dhcp_agent_scheduler [None req-f59d20c2-95a6-419d-97c3-2c1762c9988b 803a6c3e89834c06af53c2f1cd0a45e1 9397c3308f144307a88d85334323fa1a - - default default] No more DHCP agents
2026-04-23 01:26:28.053 9 WARNING neutron.api.rpc.agentnotifiers.dhcp_rpc_agent_api [None req-f59d20c2-95a6-419d-97c3-2c1762c9988b 803a6c3e89834c06af53c2f1cd0a45e1 9397c3308f144307a88d85334323fa1a - - default default] Unable to schedule network b36425af-363c-4f64-b18a-a926c854f19f: no agents available; will retry on subsequent port and subnet creation events.
2026-04-23 01:26:28.121 10 INFO neutron.db.segments_db [None req-24590553-eb4a-4a4c-a336-f23e3e045972 664550fd79004f31b8c760aa942dae5b e02599e074b74e99a9204f8633c5b898 - - default default] Added segment f7c57039-24f7-427c-a906-e3455ffc6d9c of type geneve for network 9614aad9-95aa-486b-b426-1e4612e2028f
2026-04-23 01:26:28.259 10 INFO neutron.db.segments_db [None req-24590553-eb4a-4a4c-a336-f23e3e045972 664550fd79004f31b8c760aa942dae5b e02599e074b74e99a9204f8633c5b898 - - default default] Added segment c07849ba-9660-475b-9d6b-24716b14a9be of type geneve for network 11383f76-4207-4446-b37c-8b4a3344c781
2026-04-23 01:26:28.433 10 INFO neutron.db.ovn_revision_numbers_db [None req-24590553-eb4a-4a4c-a336-f23e3e045972 664550fd79004f31b8c760aa942dae5b e02599e074b74e99a9204f8633c5b898 - - default default] Successfully bumped revision number for resource 9614aad9-95aa-486b-b426-1e4612e2028f (type: networks) to 1
2026-04-23 01:26:28.600 10 INFO neutron.db.ovn_revision_numbers_db [None req-65b15f46-0512-4131-b4da-0811a39f0a7a f2a0d13fe6a144d885c9efb0a1a999ea 95ec8f50052a49f9bb6d9eea4ccf7222 - - default default] Successfully bumped revision number for resource 55bd659c-2a78-4010-809f-d32b6f2f453a (type: ports) to 2
2026-04-23 01:26:28.625 9 INFO neutron.db.ovn_revision_numbers_db [None req-f59d20c2-95a6-419d-97c3-2c1762c9988b 803a6c3e89834c06af53c2f1cd0a45e1 9397c3308f144307a88d85334323fa1a - - default default] Successfully bumped revision number for resource 51250953-1fb1-4e45-b0f3-79f2de67b2f8 (type: ports) to 2
2026-04-23 01:26:28.661 10 INFO neutron.db.ovn_revision_numbers_db [None req-65b15f46-0512-4131-b4da-0811a39f0a7a f2a0d13fe6a144d885c9efb0a1a999ea 95ec8f50052a49f9bb6d9eea4ccf7222 - - default default] Successfully bumped revision number for resource 8be1664e-99cd-4e77-8b1c-19116f722363 (type: subnets) to 0
2026-04-23 01:26:28.682 10 INFO neutron.wsgi [None req-65b15f46-0512-4131-b4da-0811a39f0a7a f2a0d13fe6a144d885c9efb0a1a999ea 95ec8f50052a49f9bb6d9eea4ccf7222 - - default default] 10.0.0.68 "POST /v2.0/subnets HTTP/1.1" status: 201 len: 801 time: 1.2447548
2026-04-23 01:26:28.686 9 INFO neutron.db.ovn_revision_numbers_db [None req-f59d20c2-95a6-419d-97c3-2c1762c9988b 803a6c3e89834c06af53c2f1cd0a45e1 9397c3308f144307a88d85334323fa1a - - default default] Successfully bumped revision number for resource 26b5e919-3d85-45a0-9de5-181644c12e2d (type: subnets) to 0
2026-04-23 01:26:28.695 9 WARNING neutron_lib.context [None req-bae890e7-6ee1-4c19-babe-706b3b84dc2a f2a0d13fe6a144d885c9efb0a1a999ea 95ec8f50052a49f9bb6d9eea4ccf7222 - - default default] Method 'is_advsvc' is deprecated since 2023.2 release (neutron-lib 3.8.0) and will be removed once support for the old RBAC API policies will be removed from Neutron. Please use method 'is_service_role' instead.
2026-04-23 01:26:28.727 9 INFO neutron.wsgi [None req-f59d20c2-95a6-419d-97c3-2c1762c9988b 803a6c3e89834c06af53c2f1cd0a45e1 9397c3308f144307a88d85334323fa1a - - default default] 10.0.0.68 "POST /v2.0/subnets HTTP/1.1" status: 201 len: 822 time: 0.8135588
2026-04-23 01:26:28.727 10 WARNING neutron.scheduler.dhcp_agent_scheduler [None req-24590553-eb4a-4a4c-a336-f23e3e045972 664550fd79004f31b8c760aa942dae5b e02599e074b74e99a9204f8633c5b898 - - default default] No more DHCP agents
2026-04-23 01:26:28.728 10 WARNING neutron.api.rpc.agentnotifiers.dhcp_rpc_agent_api [None req-24590553-eb4a-4a4c-a336-f23e3e045972 664550fd79004f31b8c760aa942dae5b e02599e074b74e99a9204f8633c5b898 - - default default] Unable to schedule network 9614aad9-95aa-486b-b426-1e4612e2028f: no agents available; will retry on subsequent port and subnet creation events.
2026-04-23 01:26:28.808 10 INFO neutron.db.ovn_revision_numbers_db [None req-24590553-eb4a-4a4c-a336-f23e3e045972 664550fd79004f31b8c760aa942dae5b e02599e074b74e99a9204f8633c5b898 - - default default] Successfully bumped revision number for resource 126c99da-2239-48de-825f-d1c117c891a2 (type: ports) to 1
2026-04-23 01:26:28.889 10 INFO neutron.db.ovn_revision_numbers_db [None req-24590553-eb4a-4a4c-a336-f23e3e045972 664550fd79004f31b8c760aa942dae5b e02599e074b74e99a9204f8633c5b898 - - default default] Successfully bumped revision number for resource 11383f76-4207-4446-b37c-8b4a3344c781 (type: networks) to 1
2026-04-23 01:26:29.014 9 WARNING neutron.scheduler.dhcp_agent_scheduler [None req-bae890e7-6ee1-4c19-babe-706b3b84dc2a f2a0d13fe6a144d885c9efb0a1a999ea 95ec8f50052a49f9bb6d9eea4ccf7222 - - default default] No more DHCP agents
2026-04-23 01:26:29.018 9 WARNING neutron.api.rpc.agentnotifiers.dhcp_rpc_agent_api [None req-bae890e7-6ee1-4c19-babe-706b3b84dc2a f2a0d13fe6a144d885c9efb0a1a999ea 95ec8f50052a49f9bb6d9eea4ccf7222 - - default default] Unable to schedule network cf670cef-e827-4785-b338-c4a45a11f373: no agents available; will retry on subsequent port and subnet creation events.
2026-04-23 01:26:29.071 10 WARNING neutron.scheduler.dhcp_agent_scheduler [None req-24590553-eb4a-4a4c-a336-f23e3e045972 664550fd79004f31b8c760aa942dae5b e02599e074b74e99a9204f8633c5b898 - - default default] No more DHCP agents
2026-04-23 01:26:29.074 10 WARNING neutron.api.rpc.agentnotifiers.dhcp_rpc_agent_api [None req-24590553-eb4a-4a4c-a336-f23e3e045972 664550fd79004f31b8c760aa942dae5b e02599e074b74e99a9204f8633c5b898 - - default default] Unable to schedule network 11383f76-4207-4446-b37c-8b4a3344c781: no agents available; will retry on subsequent port and subnet creation events.
2026-04-23 01:26:29.137 9 INFO neutron.wsgi [None req-ac1c8105-9d0a-4444-b595-2aed1db93991 803a6c3e89834c06af53c2f1cd0a45e1 9397c3308f144307a88d85334323fa1a - - default default] 10.0.0.68 "POST /v2.0/rbac-policies HTTP/1.1" status: 201 len: 523 time: 0.4009356
2026-04-23 01:26:29.164 10 INFO neutron.db.ovn_revision_numbers_db [None req-24590553-eb4a-4a4c-a336-f23e3e045972 664550fd79004f31b8c760aa942dae5b e02599e074b74e99a9204f8633c5b898 - - default default] Successfully bumped revision number for resource 82455614-03cd-40c8-a332-ddc6819f59b0 (type: ports) to 1
2026-04-23 01:26:29.193 10 INFO neutron.wsgi [None req-24590553-eb4a-4a4c-a336-f23e3e045972 664550fd79004f31b8c760aa942dae5b e02599e074b74e99a9204f8633c5b898 - - default default] 10.0.0.68 "POST /v2.0/networks HTTP/1.1" status: 201 len: 1446 time: 1.7096767
2026-04-23 01:26:29.272 10 INFO neutron.wsgi [None req-c5405dcc-fc8e-4078-9d73-264b389578b4 664550fd79004f31b8c760aa942dae5b e02599e074b74e99a9204f8633c5b898 - - default default] 10.0.0.68 "GET /v2.0/networks HTTP/1.1" status: 200 len: 2052 time: 0.0739729
2026-04-23 01:26:29.551 9 INFO neutron.db.ovn_revision_numbers_db [None req-bae890e7-6ee1-4c19-babe-706b3b84dc2a f2a0d13fe6a144d885c9efb0a1a999ea 95ec8f50052a49f9bb6d9eea4ccf7222 - - default default] Successfully bumped revision number for resource 22ec858c-2f78-444c-a527-091125c4d142 (type: ports) to 2
2026-04-23 01:26:29.593 9 INFO neutron.wsgi [None req-1c7650f5-46c1-4375-930f-834fe25a7fcd 2ec8039390354913acc8e561a64dd2d1 199c004556bb4286b6ef8db19ccb3060 - - default default] 10.0.0.68 "GET /v2.0/networks/b36425af-363c-4f64-b18a-a926c854f19f HTTP/1.1" status: 200 len: 849 time: 0.1071336
2026-04-23 01:26:29.593 9 INFO neutron.db.ovn_revision_numbers_db [None req-bae890e7-6ee1-4c19-babe-706b3b84dc2a f2a0d13fe6a144d885c9efb0a1a999ea 95ec8f50052a49f9bb6d9eea4ccf7222 - - default default] Successfully bumped revision number for resource 86eb5031-f962-4aca-943e-8d14723b9378 (type: subnets) to 0
2026-04-23 01:26:29.607 9 INFO neutron.wsgi [None req-bae890e7-6ee1-4c19-babe-706b3b84dc2a f2a0d13fe6a144d885c9efb0a1a999ea 95ec8f50052a49f9bb6d9eea4ccf7222 - - default default] 10.0.0.68 "POST /v2.0/subnets HTTP/1.1" status: 201 len: 801 time: 0.9169858
2026-04-23 01:26:29.617 9 WARNING neutron_lib.context [None req-7f737603-6d89-4ffd-9cff-987966e0fe3c f2a0d13fe6a144d885c9efb0a1a999ea 95ec8f50052a49f9bb6d9eea4ccf7222 - - default default] Method 'is_advsvc' is deprecated since 2023.2 release (neutron-lib 3.8.0) and will be removed once support for the old RBAC API policies will be removed from Neutron. Please use method 'is_service_role' instead.
2026-04-23 01:26:29.641 10 INFO neutron.services.segments.plugin [-] Segment f7c57039-24f7-427c-a906-e3455ffc6d9c resource provider aggregate not found
2026-04-23 01:26:29.645 10 INFO neutron.services.segments.plugin [-] Segment f7c57039-24f7-427c-a906-e3455ffc6d9c resource provider aggregate not found
2026-04-23 01:26:29.659 10 INFO neutron.services.segments.plugin [-] Segment f7c57039-24f7-427c-a906-e3455ffc6d9c resource provider not found; error: Placement Client Error (4xx): {"errors": [{"status": 404, "title": "Not Found", "detail": "The resource could not be found.\n\n No resource provider with uuid f7c57039-24f7-427c-a906-e3455ffc6d9c found for delete ", "request_id": "req-e1803e51-4079-481c-adda-7d10debd7fe8"}]}
2026-04-23 01:26:29.662 10 INFO neutron.services.segments.plugin [-] Segment f7c57039-24f7-427c-a906-e3455ffc6d9c resource provider not found; error: Placement Client Error (4xx): {"errors": [{"status": 404, "title": "Not Found", "detail": "The resource could not be found.\n\n No resource provider with uuid f7c57039-24f7-427c-a906-e3455ffc6d9c found for delete ", "request_id": "req-8e47a70f-602a-42d8-992d-f891b21f2f37"}]}
2026-04-23 01:26:29.678 10 INFO neutron.wsgi [None req-7c54409b-03b0-4167-84d0-8047e65dbe92 664550fd79004f31b8c760aa942dae5b e02599e074b74e99a9204f8633c5b898 - - default default] 10.0.0.68 "DELETE /v2.0/networks/9614aad9-95aa-486b-b426-1e4612e2028f HTTP/1.1" status: 204 len: 168 time: 0.4004798
2026-04-23 01:26:29.784 9 INFO neutron.db.ovn_revision_numbers_db [None req-7f737603-6d89-4ffd-9cff-987966e0fe3c f2a0d13fe6a144d885c9efb0a1a999ea 95ec8f50052a49f9bb6d9eea4ccf7222 - - default default] Successfully bumped revision number for resource 7e40b6d4-322e-4573-965d-4d48ab75cd03 (type: routers) to 1
2026-04-23 01:26:29.804 9 INFO neutron.wsgi [None req-7f737603-6d89-4ffd-9cff-987966e0fe3c f2a0d13fe6a144d885c9efb0a1a999ea 95ec8f50052a49f9bb6d9eea4ccf7222 - - default default] 10.0.0.68 "POST /v2.0/routers HTTP/1.1" status: 201 len: 801 time: 0.1922975
2026-04-23 01:26:30.007 10 INFO neutron.pecan_wsgi.hooks.translation [None req-85bc1440-d7ac-4256-888d-38fd26663aad 3eb00b959f4e4e4bb3677b641fe1448c 12f6058615774151aa061778e24bce47 - - default default] GET failed (client error): The resource could not be found.
2026-04-23 01:26:30.008 10 INFO neutron.wsgi [None req-85bc1440-d7ac-4256-888d-38fd26663aad 3eb00b959f4e4e4bb3677b641fe1448c 12f6058615774151aa061778e24bce47 - - default default] 10.0.0.68 "GET /v2.0/networks/b36425af-363c-4f64-b18a-a926c854f19f HTTP/1.1" status: 404 len: 339 time: 0.0620847
2026-04-23 01:26:30.440 9 INFO neutron.services.segments.plugin [-] Segment c07849ba-9660-475b-9d6b-24716b14a9be resource provider aggregate not found
2026-04-23 01:26:30.451 9 INFO neutron.services.segments.plugin [-] Segment c07849ba-9660-475b-9d6b-24716b14a9be resource provider aggregate not found
2026-04-23 01:26:30.462 9 INFO neutron.services.segments.plugin [-] Segment c07849ba-9660-475b-9d6b-24716b14a9be resource provider not found; error: Placement Client Error (4xx): {"errors": [{"status": 404, "title": "Not Found", "detail": "The resource could not be found.\n\n No resource provider with uuid c07849ba-9660-475b-9d6b-24716b14a9be found for delete ", "request_id": "req-2295ab9e-d095-4e8b-8594-13d3d2ad2c3f"}]}
2026-04-23 01:26:30.476 9 INFO neutron.services.segments.plugin [-] Segment c07849ba-9660-475b-9d6b-24716b14a9be resource provider not found; error: Placement Client Error (4xx): {"errors": [{"status": 404, "title": "Not Found", "detail": "The resource could not be found.\n\n No resource provider with uuid c07849ba-9660-475b-9d6b-24716b14a9be found for delete ", "request_id": "req-bf276e0e-588b-40cc-8165-b2b30e8dc9be"}]}
2026-04-23 01:26:30.522 9 INFO neutron.wsgi [None req-faaaef1c-1717-493b-835c-db740e532497 664550fd79004f31b8c760aa942dae5b e02599e074b74e99a9204f8633c5b898 - - default default] 10.0.0.68 "DELETE /v2.0/networks/11383f76-4207-4446-b37c-8b4a3344c781 HTTP/1.1" status: 204 len: 168 time: 0.8374417
2026-04-23 01:26:30.534 9 WARNING neutron.scheduler.dhcp_agent_scheduler [None req-071db9c6-31be-4c6c-be63-8758afd6c298 f2a0d13fe6a144d885c9efb0a1a999ea 95ec8f50052a49f9bb6d9eea4ccf7222 - - default default] No more DHCP agents
2026-04-23 01:26:30.538 9 WARNING neutron.api.rpc.agentnotifiers.dhcp_rpc_agent_api [None req-071db9c6-31be-4c6c-be63-8758afd6c298 f2a0d13fe6a144d885c9efb0a1a999ea 95ec8f50052a49f9bb6d9eea4ccf7222 - - default default] Unable to schedule network f2275cf0-d05d-4cba-88f0-290240363feb: no agents available; will retry on subsequent port and subnet creation events.
2026-04-23 01:26:30.610 10 INFO neutron.wsgi [None req-4e741832-6c58-4d2e-9eda-8f4682f6b25a 664550fd79004f31b8c760aa942dae5b e02599e074b74e99a9204f8633c5b898 - - default default] 10.0.0.68 "GET /v2.0/networks HTTP/1.1" status: 200 len: 845 time: 0.0822749
2026-04-23 01:26:30.625 10 INFO neutron.wsgi [None req-bd252a7f-c70e-4aac-8fa4-b89329f8535f 803a6c3e89834c06af53c2f1cd0a45e1 9397c3308f144307a88d85334323fa1a - - default default] 10.0.0.68 "DELETE /v2.0/networks/b36425af-363c-4f64-b18a-a926c854f19f HTTP/1.1" status: 204 len: 168 time: 0.6117063
2026-04-23 01:26:30.632 10 WARNING neutron_lib.context [None req-d58cca37-7e4c-4bb6-875d-a580eaed8daa 664550fd79004f31b8c760aa942dae5b e02599e074b74e99a9204f8633c5b898 - - default default] Method 'is_advsvc' is deprecated since 2023.2 release (neutron-lib 3.8.0) and will be removed once support for the old RBAC API policies will be removed from Neutron. Please use method 'is_service_role' instead.
2026-04-23 01:26:30.643 9 INFO neutron.pecan_wsgi.hooks.translation [None req-58c4f791-61ae-40e8-8840-cec959743ffe 803a6c3e89834c06af53c2f1cd0a45e1 9397c3308f144307a88d85334323fa1a - - default default] DELETE failed (client error): The resource could not be found.
2026-04-23 01:26:30.645 9 INFO neutron.wsgi [None req-58c4f791-61ae-40e8-8840-cec959743ffe 803a6c3e89834c06af53c2f1cd0a45e1 9397c3308f144307a88d85334323fa1a - - default default] 10.0.0.68 "DELETE /v2.0/subnets/fd3e8ccb-8a8d-4ca4-8616-e620c23272a9 HTTP/1.1" status: 404 len: 337 time: 0.0150285
2026-04-23 01:26:30.670 10 INFO neutron.pecan_wsgi.hooks.translation [None req-47ecc6cf-39c5-49ae-ab85-f88459ef3120 803a6c3e89834c06af53c2f1cd0a45e1 9397c3308f144307a88d85334323fa1a - - default default] DELETE failed (client error): The resource could not be found.
2026-04-23 01:26:30.673 10 INFO neutron.wsgi [None req-47ecc6cf-39c5-49ae-ab85-f88459ef3120 803a6c3e89834c06af53c2f1cd0a45e1 9397c3308f144307a88d85334323fa1a - - default default] 10.0.0.68 "DELETE /v2.0/subnets/bebb6a82-dcbe-421f-81db-c744bff1a56c HTTP/1.1" status: 404 len: 337 time: 0.0237670
2026-04-23 01:26:30.702 10 INFO neutron.pecan_wsgi.hooks.translation [None req-535637c7-ab36-4402-894c-65c4b9259ec7 803a6c3e89834c06af53c2f1cd0a45e1 9397c3308f144307a88d85334323fa1a - - default default] DELETE failed (client error): The resource could not be found.
2026-04-23 01:26:30.705 10 INFO neutron.wsgi [None req-535637c7-ab36-4402-894c-65c4b9259ec7 803a6c3e89834c06af53c2f1cd0a45e1 9397c3308f144307a88d85334323fa1a - - default default] 10.0.0.68 "DELETE /v2.0/subnets/26b5e919-3d85-45a0-9de5-181644c12e2d HTTP/1.1" status: 404 len: 337 time: 0.0221310
2026-04-23 01:26:30.715 9 INFO neutron.db.ovn_revision_numbers_db [None req-071db9c6-31be-4c6c-be63-8758afd6c298 f2a0d13fe6a144d885c9efb0a1a999ea 95ec8f50052a49f9bb6d9eea4ccf7222 - - default default] Successfully bumped revision number for resource f3b0f33a-5d5d-4abd-bb75-3dea8a96b6c2 (type: ports) to 1
2026-04-23 01:26:30.761 10 INFO neutron.db.segments_db [None req-d58cca37-7e4c-4bb6-875d-a580eaed8daa 664550fd79004f31b8c760aa942dae5b e02599e074b74e99a9204f8633c5b898 - - default default] Added segment bdba0050-404a-450f-8581-e5aa594132c7 of type geneve for network c332a598-5677-48d6-98c5-8785f6566585
2026-04-23 01:26:30.896 10 INFO neutron.db.ovn_revision_numbers_db [None req-d58cca37-7e4c-4bb6-875d-a580eaed8daa 664550fd79004f31b8c760aa942dae5b e02599e074b74e99a9204f8633c5b898 - - default default] Successfully bumped revision number for resource c332a598-5677-48d6-98c5-8785f6566585 (type: networks) to 1
2026-04-23 01:26:31.070 10 WARNING neutron.scheduler.dhcp_agent_scheduler [None req-d58cca37-7e4c-4bb6-875d-a580eaed8daa 664550fd79004f31b8c760aa942dae5b e02599e074b74e99a9204f8633c5b898 - - default default] No more DHCP agents
2026-04-23 01:26:31.072 10 WARNING neutron.api.rpc.agentnotifiers.dhcp_rpc_agent_api [None req-d58cca37-7e4c-4bb6-875d-a580eaed8daa 664550fd79004f31b8c760aa942dae5b e02599e074b74e99a9204f8633c5b898 - - default default] Unable to schedule network c332a598-5677-48d6-98c5-8785f6566585: no agents available; will retry on subsequent port and subnet creation events.
2026-04-23 01:26:31.142 9 ERROR ovsdbapp.backend.ovs_idl.command [None req-071db9c6-31be-4c6c-be63-8758afd6c298 f2a0d13fe6a144d885c9efb0a1a999ea 95ec8f50052a49f9bb6d9eea4ccf7222 - - default default] Error executing command (DbGetCommand): ovsdbapp.backend.ovs_idl.idlutils.RowNotFound: Cannot find Logical_Router_Port with name=lrp-f3b0f33a-5d5d-4abd-bb75-3dea8a96b6c2
2026-04-23 01:26:31.142 9 ERROR ovsdbapp.backend.ovs_idl.command
Traceback (most recent call last):
2026-04-23 01:26:31.142 9 ERROR ovsdbapp.backend.ovs_idl.command
File "/var/lib/openstack/lib/python3.10/site-packages/ovsdbapp/backend/ovs_idl/command.py", line 47, in execute
2026-04-23 01:26:31.142 9 ERROR ovsdbapp.backend.ovs_idl.command self.run_idl(None)
2026-04-23 01:26:31.142 9 ERROR ovsdbapp.backend.ovs_idl.command
File "/var/lib/openstack/lib/python3.10/site-packages/ovsdbapp/backend/ovs_idl/command.py", line 235, in run_idl
2026-04-23 01:26:31.142 9 ERROR ovsdbapp.backend.ovs_idl.command record = self.api.lookup(self.table, self.record)
2026-04-23 01:26:31.142 9 ERROR ovsdbapp.backend.ovs_idl.command
File "/var/lib/openstack/lib/python3.10/site-packages/ovsdbapp/backend/ovs_idl/__init__.py", line 184, in lookup
2026-04-23 01:26:31.142 9 ERROR ovsdbapp.backend.ovs_idl.command return self._lookup(table, record)
2026-04-23 01:26:31.142 9 ERROR ovsdbapp.backend.ovs_idl.command
File "/var/lib/openstack/lib/python3.10/site-packages/ovsdbapp/backend/ovs_idl/__init__.py", line 235, in _lookup
2026-04-23 01:26:31.142 9 ERROR ovsdbapp.backend.ovs_idl.command row = idlutils.row_by_value(self, rl.table, rl.column, record)
2026-04-23 01:26:31.142 9 ERROR ovsdbapp.backend.ovs_idl.command
File "/var/lib/openstack/lib/python3.10/site-packages/ovsdbapp/backend/ovs_idl/idlutils.py", line 114, in row_by_value
2026-04-23 01:26:31.142 9 ERROR ovsdbapp.backend.ovs_idl.command raise RowNotFound(table=table, col=column, match=match)
2026-04-23 01:26:31.142 9 ERROR ovsdbapp.backend.ovs_idl.command ovsdbapp.backend.ovs_idl.idlutils.RowNotFound: Cannot find Logical_Router_Port with name=lrp-f3b0f33a-5d5d-4abd-bb75-3dea8a96b6c2
2026-04-23 01:26:31.142 9 ERROR ovsdbapp.backend.ovs_idl.command 
2026-04-23 01:26:31.143 9 ERROR neutron_lib.callbacks.manager [None req-071db9c6-31be-4c6c-be63-8758afd6c298 f2a0d13fe6a144d885c9efb0a1a999ea 95ec8f50052a49f9bb6d9eea4ccf7222 - - default default] Error during notification for neutron.services.ovn_l3.plugin.OVNL3RouterPlugin._port_update-8756655709935 port, after_update: ovsdbapp.backend.ovs_idl.idlutils.RowNotFound: Cannot find Logical_Router_Port with name=lrp-f3b0f33a-5d5d-4abd-bb75-3dea8a96b6c2
2026-04-23 01:26:31.143 9 ERROR neutron_lib.callbacks.manager
Traceback (most recent call last):
2026-04-23 01:26:31.143 9 ERROR neutron_lib.callbacks.manager
File "/var/lib/openstack/lib/python3.10/site-packages/neutron_lib/callbacks/manager.py", line 189, in _notify_loop
2026-04-23 01:26:31.143 9 ERROR neutron_lib.callbacks.manager callback.method(resource, event, trigger, payload=payload)
2026-04-23 01:26:31.143 9 ERROR neutron_lib.callbacks.manager
File "/var/lib/openstack/lib/python3.10/site-packages/neutron/services/ovn_l3/plugin.py", line 391, in _port_update
2026-04-23 01:26:31.143 9 ERROR neutron_lib.callbacks.manager l3plugin._ovn_client.update_router_port(context,
2026-04-23 01:26:31.143 9 ERROR neutron_lib.callbacks.manager
File "/var/lib/openstack/lib/python3.10/site-packages/neutron/plugins/ml2/drivers/ovn/mech_driver/ovsdb/ovn_client.py", line 1878, in update_router_port
2026-04-23 01:26:31.143 9 ERROR neutron_lib.callbacks.manager self._update_lrouter_port(context, port, if_exists=if_exists,
2026-04-23 01:26:31.143 9 ERROR neutron_lib.callbacks.manager
File "/var/lib/openstack/lib/python3.10/site-packages/neutron/plugins/ml2/drivers/ovn/mech_driver/ovsdb/ovn_client.py", line 1855, in _update_lrouter_port
2026-04-23 01:26:31.143 9 ERROR neutron_lib.callbacks.manager external_ids = self._nb_idl.db_get(
