2026-04-23 01:25:10.522 10 INFO neutron.plugins.ml2.drivers.ovn.mech_driver.mech_driver [None req-8d099bd5-3702-4535-9a1e-086901901d26 - - - - - -] OVN reports status up for port: 7bdec0a6-552c-41d3-9b0d-b68de5b1da5f
2026-04-23 01:25:10.541 10 INFO neutron.plugins.ml2.plugin [None req-8d099bd5-3702-4535-9a1e-086901901d26 - - - - - -] Attempt 1 to provision port 7bdec0a6-552c-41d3-9b0d-b68de5b1da5f
2026-04-23 01:25:10.559 10 INFO neutron.plugins.ml2.drivers.ovn.mech_driver.ovsdb.ovsdb_monitor [None req-41291f4e-2da9-42e9-84ee-46d7961e06f3 - - - - - -] Router c9668b3c-bf06-45e2-b210-86d3c12d1850 is bound to host instance
2026-04-23 01:25:10.559 9 INFO neutron.db.ovn_revision_numbers_db [None req-eeb2f45c-6513-41c9-941b-cf85cd17f238 0eeba1160bdb41448461231bf3b2aee0 6a4ddc12ff6044efa6a6bd9b595174c8 - - default default] Successfully bumped revision number for resource 7bdec0a6-552c-41d3-9b0d-b68de5b1da5f (type: router_ports) to 1
2026-04-23 01:25:10.561 10 INFO neutron.db.ovn_revision_numbers_db [req-018f835c-ee71-41ad-9999-9efe96d098fe req-9ce5cc87-62d3-4163-b84c-fac2d69dff00 0d17aae64f98442185de9509590cbef5 b61569ba48934debb65ead906bdbafa7 - - default default] Successfully bumped revision number for resource 5858f2dc-95ff-41bc-a652-e00610a4b5c6 (type: ports) to 6
2026-04-23 01:25:10.602 10 INFO neutron.wsgi [req-018f835c-ee71-41ad-9999-9efe96d098fe req-9ce5cc87-62d3-4163-b84c-fac2d69dff00 0d17aae64f98442185de9509590cbef5 b61569ba48934debb65ead906bdbafa7 - - default default] 199.204.45.22 "PUT /v2.0/ports/5858f2dc-95ff-41bc-a652-e00610a4b5c6 HTTP/1.1" status: 200 len: 1167 time: 0.6423168 /var/lib/openstack/lib/python3.10/site-packages/pycadf/identifier.py:71: UserWarning: Invalid uuid: neutron. To ensure interoperability, identifiers should be a valid uuid. warnings.warn(('Invalid uuid: %s. To ensure interoperability, '
2026-04-23 01:25:10.649 10 INFO neutron.notifiers.nova [-] Nova event matching ['req-4a945292-bbbc-4619-a279-8494d4716c5b'] response: {'name': 'network-changed', 'server_uuid': '04140375-a53b-4e25-8ac3-d36637d48b29', 'tag': '5858f2dc-95ff-41bc-a652-e00610a4b5c6', 'status': 'completed', 'code': 200}
2026-04-23 01:25:10.680 10 INFO neutron.wsgi [req-018f835c-ee71-41ad-9999-9efe96d098fe req-0ea5b38d-aacd-4a81-9f27-6e53befdf522 42cf36478136434db3270fcbc5344f56 b9ee4f74b5054b83875cc34b12576d9f - - a7ed30a739404a2197aa32eb983b8e68 a7ed30a739404a2197aa32eb983b8e68] 199.204.45.22 "GET /v2.0/ports?tenant_id=b61569ba48934debb65ead906bdbafa7&device_id=04140375-a53b-4e25-8ac3-d36637d48b29 HTTP/1.1" status: 200 len: 1409 time: 0.0554478
2026-04-23 01:25:10.796 10 INFO neutron.wsgi [req-018f835c-ee71-41ad-9999-9efe96d098fe req-e00dee9e-aa06-4cd6-8df1-eccf626e1af6 42cf36478136434db3270fcbc5344f56 b9ee4f74b5054b83875cc34b12576d9f - - a7ed30a739404a2197aa32eb983b8e68 a7ed30a739404a2197aa32eb983b8e68] 199.204.45.22 "GET /v2.0/networks?id=f6c5dc48-f3a3-4f5c-a3e8-c9dcfeb0002b HTTP/1.1" status: 200 len: 981 time: 0.1093094
2026-04-23 01:25:10.853 10 INFO neutron.wsgi [req-018f835c-ee71-41ad-9999-9efe96d098fe req-fcf96547-6f94-476b-b18f-5e0b8d247ba8 42cf36478136434db3270fcbc5344f56 b9ee4f74b5054b83875cc34b12576d9f - - a7ed30a739404a2197aa32eb983b8e68 a7ed30a739404a2197aa32eb983b8e68] 199.204.45.22 "GET /v2.0/floatingips?fixed_ip_address=10.100.0.5&port_id=5858f2dc-95ff-41bc-a652-e00610a4b5c6 HTTP/1.1" status: 200 len: 1059 time: 0.0509949
2026-04-23 01:25:10.889 9 INFO neutron.db.ovn_revision_numbers_db [None req-eeb2f45c-6513-41c9-941b-cf85cd17f238 0eeba1160bdb41448461231bf3b2aee0 6a4ddc12ff6044efa6a6bd9b595174c8 - - default default] Successfully bumped revision number for resource c9668b3c-bf06-45e2-b210-86d3c12d1850 (type: routers) to 2
2026-04-23 01:25:10.893 10 INFO neutron.wsgi [req-018f835c-ee71-41ad-9999-9efe96d098fe req-886e1685-04e8-4cda-a7d0-cbd7ca3734c2 42cf36478136434db3270fcbc5344f56 b9ee4f74b5054b83875cc34b12576d9f - - a7ed30a739404a2197aa32eb983b8e68 a7ed30a739404a2197aa32eb983b8e68] 199.204.45.22 "GET /v2.0/subnets?id=616ec5f5-ca48-417d-a5b1-f35a630c6dc5 HTTP/1.1" status: 200 len: 876 time: 0.0324442
2026-04-23 01:25:10.917 9 INFO neutron.wsgi [None req-eeb2f45c-6513-41c9-941b-cf85cd17f238 0eeba1160bdb41448461231bf3b2aee0 6a4ddc12ff6044efa6a6bd9b595174c8 - - default default] 10.0.0.68 "POST /v2.0/routers HTTP/1.1" status: 201 len: 1168 time: 3.0285881
2026-04-23 01:25:10.926 10 INFO neutron.wsgi [req-018f835c-ee71-41ad-9999-9efe96d098fe req-6552c89f-1e3f-4696-9130-d4ae34212013 42cf36478136434db3270fcbc5344f56 b9ee4f74b5054b83875cc34b12576d9f - - a7ed30a739404a2197aa32eb983b8e68 a7ed30a739404a2197aa32eb983b8e68] 199.204.45.22 "GET /v2.0/ports?network_id=f6c5dc48-f3a3-4f5c-a3e8-c9dcfeb0002b&device_owner=network%3Adhcp HTTP/1.1" status: 200 len: 210 time: 0.0248566
2026-04-23 01:25:11.106 9 INFO neutron.wsgi [None req-fcabd969-246a-442c-92a2-150bf103252d 50f892c8b9264a0d92289bc7486c0bf0 fa20de8a3d884b1089ab16a3d780fa14 - - default default] 10.0.0.68 "DELETE /v2.0/floatingips/ade41992-4a0a-472f-84ef-65d75428283d HTTP/1.1" status: 204 len: 168 time: 0.6872818
2026-04-23 01:25:11.117 9 WARNING neutron_lib.context [None req-db90e454-53f7-474d-9113-c001dc4cb620 50f892c8b9264a0d92289bc7486c0bf0 fa20de8a3d884b1089ab16a3d780fa14 - - default default] Method 'is_advsvc' is deprecated since 2023.2 release (neutron-lib 3.8.0) and will be removed once support for the old RBAC API policies will be removed from Neutron. Please use method 'is_service_role' instead.
2026-04-23 01:25:11.182 10 INFO neutron.wsgi [req-018f835c-ee71-41ad-9999-9efe96d098fe req-64a3a37d-f846-4648-8304-3fef0e5e1327 42cf36478136434db3270fcbc5344f56 b9ee4f74b5054b83875cc34b12576d9f - - a7ed30a739404a2197aa32eb983b8e68 a7ed30a739404a2197aa32eb983b8e68] 199.204.45.22 "GET /v2.0/networks/f6c5dc48-f3a3-4f5c-a3e8-c9dcfeb0002b?fields=segments HTTP/1.1" status: 200 len: 212 time: 0.2489364
2026-04-23 01:25:11.268 10 INFO neutron.wsgi [req-018f835c-ee71-41ad-9999-9efe96d098fe req-7ce04824-4e16-4caf-b59a-1d72032436b8 42cf36478136434db3270fcbc5344f56 b9ee4f74b5054b83875cc34b12576d9f - - a7ed30a739404a2197aa32eb983b8e68 a7ed30a739404a2197aa32eb983b8e68] 199.204.45.22 "GET /v2.0/networks/f6c5dc48-f3a3-4f5c-a3e8-c9dcfeb0002b?fields=provider%3Aphysical_network&fields=provider%3Anetwork_type HTTP/1.1" status: 200 len: 277 time: 0.0781534
2026-04-23 01:25:11.391 10 INFO neutron.wsgi [req-712b98b2-ba5b-4bf7-b591-33b6dd19ca9c req-825547bf-05f8-474c-a5b3-e87f18907507 42cf36478136434db3270fcbc5344f56 b9ee4f74b5054b83875cc34b12576d9f - - a7ed30a739404a2197aa32eb983b8e68 a7ed30a739404a2197aa32eb983b8e68] 199.204.45.22 "GET /v2.0/ports?tenant_id=b61569ba48934debb65ead906bdbafa7&device_id=04140375-a53b-4e25-8ac3-d36637d48b29 HTTP/1.1" status: 200 len: 1409 time: 0.0734396
2026-04-23 01:25:11.467 9 WARNING neutron.scheduler.dhcp_agent_scheduler [None req-db90e454-53f7-474d-9113-c001dc4cb620 50f892c8b9264a0d92289bc7486c0bf0 fa20de8a3d884b1089ab16a3d780fa14 - - default default] No more DHCP agents
2026-04-23 01:25:11.482 9 WARNING neutron.api.rpc.agentnotifiers.dhcp_rpc_agent_api [None req-db90e454-53f7-474d-9113-c001dc4cb620 50f892c8b9264a0d92289bc7486c0bf0 fa20de8a3d884b1089ab16a3d780fa14 - - default default] Unable to schedule network 972385ad-3565-4712-abbc-3ddb5cba818d: no agents available; will retry on subsequent port and subnet creation events.
2026-04-23 01:25:11.502 10 INFO neutron.wsgi [req-712b98b2-ba5b-4bf7-b591-33b6dd19ca9c req-b697a1b2-8b13-4f7b-8b2a-3207d117af68 42cf36478136434db3270fcbc5344f56 b9ee4f74b5054b83875cc34b12576d9f - - a7ed30a739404a2197aa32eb983b8e68 a7ed30a739404a2197aa32eb983b8e68] 199.204.45.22 "GET /v2.0/networks?id=f6c5dc48-f3a3-4f5c-a3e8-c9dcfeb0002b HTTP/1.1" status: 200 len: 981 time: 0.1046138
2026-04-23 01:25:11.557 9 WARNING neutron.scheduler.dhcp_agent_scheduler [None req-51c8efc2-4712-43c2-b4ab-c82d26be3d52 0eeba1160bdb41448461231bf3b2aee0 6a4ddc12ff6044efa6a6bd9b595174c8 - - default default] No more DHCP agents
2026-04-23 01:25:11.559 9 WARNING neutron.api.rpc.agentnotifiers.dhcp_rpc_agent_api [None req-51c8efc2-4712-43c2-b4ab-c82d26be3d52 0eeba1160bdb41448461231bf3b2aee0 6a4ddc12ff6044efa6a6bd9b595174c8 - - default default] Unable to schedule network f792fc93-44f6-474a-bad9-73f1b5d87a5f: no agents available; will retry on subsequent port and subnet creation events.
2026-04-23 01:25:11.561 10 INFO neutron.wsgi [req-712b98b2-ba5b-4bf7-b591-33b6dd19ca9c req-10738503-4bca-4597-a125-92d6e1e16bac 42cf36478136434db3270fcbc5344f56 b9ee4f74b5054b83875cc34b12576d9f - - a7ed30a739404a2197aa32eb983b8e68 a7ed30a739404a2197aa32eb983b8e68] 199.204.45.22 "GET /v2.0/floatingips?fixed_ip_address=10.100.0.5&port_id=5858f2dc-95ff-41bc-a652-e00610a4b5c6 HTTP/1.1" status: 200 len: 1059 time: 0.0510259
2026-04-23 01:25:11.629 10 INFO neutron.wsgi [req-712b98b2-ba5b-4bf7-b591-33b6dd19ca9c req-611984db-24de-43fc-ba57-8af015992ff6 42cf36478136434db3270fcbc5344f56 b9ee4f74b5054b83875cc34b12576d9f - - a7ed30a739404a2197aa32eb983b8e68 a7ed30a739404a2197aa32eb983b8e68] 199.204.45.22 "GET /v2.0/subnets?id=616ec5f5-ca48-417d-a5b1-f35a630c6dc5 HTTP/1.1" status: 200 len: 876 time: 0.0455642
2026-04-23 01:25:11.678 10 INFO neutron.wsgi [req-712b98b2-ba5b-4bf7-b591-33b6dd19ca9c req-5b19cc55-6c73-45e3-8246-6cecd7e15630 42cf36478136434db3270fcbc5344f56 b9ee4f74b5054b83875cc34b12576d9f - - a7ed30a739404a2197aa32eb983b8e68 a7ed30a739404a2197aa32eb983b8e68] 199.204.45.22 "GET /v2.0/ports?network_id=f6c5dc48-f3a3-4f5c-a3e8-c9dcfeb0002b&device_owner=network%3Adhcp HTTP/1.1" status: 200 len: 210 time: 0.0252571
2026-04-23 01:25:11.768 9 INFO neutron.db.ovn_revision_numbers_db [None req-51c8efc2-4712-43c2-b4ab-c82d26be3d52 0eeba1160bdb41448461231bf3b2aee0 6a4ddc12ff6044efa6a6bd9b595174c8 - - default default] Successfully bumped revision number for resource 2ff20572-3aef-45df-8df7-6b959df65ecd (type: ports) to 1
2026-04-23 01:25:11.781 10 INFO neutron.wsgi [req-712b98b2-ba5b-4bf7-b591-33b6dd19ca9c req-156be95b-c437-497d-958c-5e525b16e4f9 42cf36478136434db3270fcbc5344f56 b9ee4f74b5054b83875cc34b12576d9f - - a7ed30a739404a2197aa32eb983b8e68 a7ed30a739404a2197aa32eb983b8e68] 199.204.45.22 "GET /v2.0/networks/f6c5dc48-f3a3-4f5c-a3e8-c9dcfeb0002b?fields=segments HTTP/1.1" status: 200 len: 212 time: 0.0981543
2026-04-23 01:25:11.796 10 INFO neutron.db.ovn_revision_numbers_db [None req-41291f4e-2da9-42e9-84ee-46d7961e06f3 - - - - - -] Successfully bumped revision number for resource 7bdec0a6-552c-41d3-9b0d-b68de5b1da5f (type: ports) to 1
2026-04-23 01:25:11.895 10 INFO neutron.wsgi [req-712b98b2-ba5b-4bf7-b591-33b6dd19ca9c req-e6e25bc7-5362-4cac-859b-cf7f171c5d39 42cf36478136434db3270fcbc5344f56 b9ee4f74b5054b83875cc34b12576d9f - - a7ed30a739404a2197aa32eb983b8e68 a7ed30a739404a2197aa32eb983b8e68] 199.204.45.22 "GET /v2.0/networks/f6c5dc48-f3a3-4f5c-a3e8-c9dcfeb0002b?fields=provider%3Aphysical_network&fields=provider%3Anetwork_type HTTP/1.1" status: 200 len: 277 time: 0.1067281
2026-04-23 01:25:11.960 10 INFO neutron.wsgi [req-591bf795-b12b-4218-ace5-30adff8851c4 req-f4b3c4f9-bb2f-4a4c-9d04-14c661c62063 0d17aae64f98442185de9509590cbef5 b61569ba48934debb65ead906bdbafa7 - - default default] 10.0.0.146 "GET /v2.0/ports?device_id=04140375-a53b-4e25-8ac3-d36637d48b29 HTTP/1.1" status: 200 len: 1170 time: 0.1461670
2026-04-23 01:25:12.016 10 INFO neutron.wsgi [req-591bf795-b12b-4218-ace5-30adff8851c4 req-2b632d4c-90c2-4d9e-95a3-51de723edc03 0d17aae64f98442185de9509590cbef5 b61569ba48934debb65ead906bdbafa7 - - default default] 10.0.0.146 "GET /v2.0/security-groups?id=a96ad02c-b0ae-4196-9885-7741fbcc4d5e&fields=id&fields=name HTTP/1.1" status: 200 len: 313 time: 0.0428259
2026-04-23 01:25:12.377 10 INFO neutron.wsgi [req-cb16739e-e9d7-4e92-ae1c-58ef35c84c74 req-79663198-e8f8-4329-8b41-c2b0913327a3 0d17aae64f98442185de9509590cbef5 b61569ba48934debb65ead906bdbafa7 - - default default] 199.204.45.22 "GET /v2.0/ports?device_id=04140375-a53b-4e25-8ac3-d36637d48b29 HTTP/1.1" status: 200 len: 1170 time: 0.2198038
2026-04-23 01:25:12.422 9 INFO neutron.db.ovn_revision_numbers_db [None req-db90e454-53f7-474d-9113-c001dc4cb620 50f892c8b9264a0d92289bc7486c0bf0 fa20de8a3d884b1089ab16a3d780fa14 - - default default] Successfully bumped revision number for resource d75db634-bddd-4868-a224-3b0e4eb11093 (type: floatingips) to -1
2026-04-23 01:25:12.425 9 ERROR ovsdbapp.backend.ovs_idl.command [None req-51c8efc2-4712-43c2-b4ab-c82d26be3d52 0eeba1160bdb41448461231bf3b2aee0 6a4ddc12ff6044efa6a6bd9b595174c8 - - default default] Error executing command (DbGetCommand): ovsdbapp.backend.ovs_idl.idlutils.RowNotFound: Cannot find Logical_Router_Port with name=lrp-2ff20572-3aef-45df-8df7-6b959df65ecd
2026-04-23 01:25:12.425 9 ERROR ovsdbapp.backend.ovs_idl.command
Traceback (most recent call last):
2026-04-23 01:25:12.425 9 ERROR ovsdbapp.backend.ovs_idl.command
File "/var/lib/openstack/lib/python3.10/site-packages/ovsdbapp/backend/ovs_idl/command.py", line 47, in execute
2026-04-23 01:25:12.425 9 ERROR ovsdbapp.backend.ovs_idl.command self.run_idl(None)
2026-04-23 01:25:12.425 9 ERROR ovsdbapp.backend.ovs_idl.command
File "/var/lib/openstack/lib/python3.10/site-packages/ovsdbapp/backend/ovs_idl/command.py", line 235, in run_idl
2026-04-23 01:25:12.425 9 ERROR ovsdbapp.backend.ovs_idl.command record = self.api.lookup(self.table, self.record)
2026-04-23 01:25:12.425 9 ERROR ovsdbapp.backend.ovs_idl.command
File "/var/lib/openstack/lib/python3.10/site-packages/ovsdbapp/backend/ovs_idl/__init__.py", line 184, in lookup
2026-04-23 01:25:12.425 9 ERROR ovsdbapp.backend.ovs_idl.command return self._lookup(table, record)
2026-04-23 01:25:12.425 9 ERROR ovsdbapp.backend.ovs_idl.command
File "/var/lib/openstack/lib/python3.10/site-packages/ovsdbapp/backend/ovs_idl/__init__.py", line 235, in _lookup
2026-04-23 01:25:12.425 9 ERROR ovsdbapp.backend.ovs_idl.command row = idlutils.row_by_value(self, rl.table, rl.column, record)
2026-04-23 01:25:12.425 9 ERROR ovsdbapp.backend.ovs_idl.command
File "/var/lib/openstack/lib/python3.10/site-packages/ovsdbapp/backend/ovs_idl/idlutils.py", line 114, in row_by_value
2026-04-23 01:25:12.425 9 ERROR ovsdbapp.backend.ovs_idl.command raise RowNotFound(table=table, col=column, match=match)
2026-04-23 01:25:12.425 9 ERROR ovsdbapp.backend.ovs_idl.command ovsdbapp.backend.ovs_idl.idlutils.RowNotFound: Cannot find Logical_Router_Port with name=lrp-2ff20572-3aef-45df-8df7-6b959df65ecd
2026-04-23 01:25:12.425 9 ERROR ovsdbapp.backend.ovs_idl.command 
2026-04-23 01:25:12.426 9 ERROR neutron_lib.callbacks.manager [None req-51c8efc2-4712-43c2-b4ab-c82d26be3d52 0eeba1160bdb41448461231bf3b2aee0 6a4ddc12ff6044efa6a6bd9b595174c8 - - default default] Error during notification for neutron.services.ovn_l3.plugin.OVNL3RouterPlugin._port_update-8756655709935 port, after_update: ovsdbapp.backend.ovs_idl.idlutils.RowNotFound: Cannot find Logical_Router_Port with name=lrp-2ff20572-3aef-45df-8df7-6b959df65ecd
2026-04-23 01:25:12.426 9 ERROR neutron_lib.callbacks.manager
Traceback (most recent call last):
2026-04-23 01:25:12.426 9 ERROR neutron_lib.callbacks.manager
File "/var/lib/openstack/lib/python3.10/site-packages/neutron_lib/callbacks/manager.py", line 189, in _notify_loop
2026-04-23 01:25:12.426 9 ERROR neutron_lib.callbacks.manager callback.method(resource, event, trigger, payload=payload)
2026-04-23 01:25:12.426 9 ERROR neutron_lib.callbacks.manager
File "/var/lib/openstack/lib/python3.10/site-packages/neutron/services/ovn_l3/plugin.py", line 391, in _port_update
2026-04-23 01:25:12.426 9 ERROR neutron_lib.callbacks.manager l3plugin._ovn_client.update_router_port(context,
2026-04-23 01:25:12.426 9 ERROR neutron_lib.callbacks.manager
File "/var/lib/openstack/lib/python3.10/site-packages/neutron/plugins/ml2/drivers/ovn/mech_driver/ovsdb/ovn_client.py", line 1878, in update_router_port
2026-04-23 01:25:12.426 9 ERROR neutron_lib.callbacks.manager self._update_lrouter_port(context, port, if_exists=if_exists,
2026-04-23 01:25:12.426 9 ERROR neutron_lib.callbacks.manager
File "/var/lib/openstack/lib/python3.10/site-packages/neutron/plugins/ml2/drivers/ovn/mech_driver/ovsdb/ovn_client.py", line 1855, in _update_lrouter_port
2026-04-23 01:25:12.426 9 ERROR neutron_lib.callbacks.manager external_ids = self._nb_idl.db_get(
2026-04-23 01:25:12.426 9 ERROR neutron_lib.callbacks.manager
File "/var/lib/openstack/lib/python3.10/site-packages/ovsdbapp/backend/ovs_idl/command.py", line 47, in execute
2026-04-23 01:25:12.426 9 ERROR neutron_lib.callbacks.manager self.run_idl(None)
2026-04-23 01:25:12.426 9 ERROR neutron_lib.callbacks.manager
File "/var/lib/openstack/lib/python3.10/site-packages/ovsdbapp/backend/ovs_idl/command.py", line 235, in run_idl
2026-04-23 01:25:12.426 9 ERROR neutron_lib.callbacks.manager record = self.api.lookup(self.table, self.record)
2026-04-23 01:25:12.426 9 ERROR neutron_lib.callbacks.manager
File "/var/lib/openstack/lib/python3.10/site-packages/ovsdbapp/backend/ovs_idl/__init__.py", line 184, in lookup
2026-04-23 01:25:12.426 9 ERROR neutron_lib.callbacks.manager return self._lookup(table, record)
2026-04-23 01:25:12.426 9 ERROR neutron_lib.callbacks.manager
File "/var/lib/openstack/lib/python3.10/site-packages/ovsdbapp/backend/ovs_idl/__init__.py", line 235, in _lookup
2026-04-23 01:25:12.426 9 ERROR neutron_lib.callbacks.manager row = idlutils.row_by_value(self, rl.table, rl.column, record)
2026-04-23 01:25:12.426 9 ERROR neutron_lib.callbacks.manager
File "/var/lib/openstack/lib/python3.10/site-packages/ovsdbapp/backend/ovs_idl/idlutils.py", line 114, in row_by_value
2026-04-23 01:25:12.426 9 ERROR neutron_lib.callbacks.manager raise RowNotFound(table=table, col=column, match=match)
2026-04-23 01:25:12.426 9 ERROR neutron_lib.callbacks.manager ovsdbapp.backend.ovs_idl.idlutils.RowNotFound: Cannot find Logical_Router_Port with name=lrp-2ff20572-3aef-45df-8df7-6b959df65ecd
2026-04-23 01:25:12.426 9 ERROR neutron_lib.callbacks.manager 
2026-04-23 01:25:12.516 10 INFO neutron.db.ovn_revision_numbers_db [None req-41291f4e-2da9-42e9-84ee-46d7961e06f3 - - - - - -] Successfully bumped revision number for resource 7bdec0a6-552c-41d3-9b0d-b68de5b1da5f (type: router_ports) to 3
2026-04-23 01:25:12.803 9 INFO neutron.db.ovn_revision_numbers_db [None req-db90e454-53f7-474d-9113-c001dc4cb620 50f892c8b9264a0d92289bc7486c0bf0 fa20de8a3d884b1089ab16a3d780fa14 - - default default] Successfully bumped revision number for resource d75db634-bddd-4868-a224-3b0e4eb11093 (type: floatingips) to 1
2026-04-23 01:25:12.803 9 INFO neutron.db.l3_db [None req-db90e454-53f7-474d-9113-c001dc4cb620 50f892c8b9264a0d92289bc7486c0bf0 fa20de8a3d884b1089ab16a3d780fa14 - - default default] Floating IP d75db634-bddd-4868-a224-3b0e4eb11093 associated. External IP: 10.96.250.208, port: a64fc119-0d9b-4760-b429-5fd988c61878.
2026-04-23 01:25:12.844 10 INFO neutron.db.l3_db [req-cb16739e-e9d7-4e92-ae1c-58ef35c84c74 req-749cb7c4-6f91-4e96-93b4-7971f92d9705 0d17aae64f98442185de9509590cbef5 b61569ba48934debb65ead906bdbafa7 - - default default] Floating IP dcb728dc-3cb2-4d03-af61-ef2e51ff3f80 disassociated. External IP: 10.96.250.211, port: 5858f2dc-95ff-41bc-a652-e00610a4b5c6.
2026-04-23 01:25:12.854 10 INFO neutron.db.ovn_revision_numbers_db [None req-41291f4e-2da9-42e9-84ee-46d7961e06f3 - - - - - -] Successfully bumped revision number for resource 7bdec0a6-552c-41d3-9b0d-b68de5b1da5f (type: ports) to 2
2026-04-23 01:25:12.865 9 INFO neutron.wsgi [None req-db90e454-53f7-474d-9113-c001dc4cb620 50f892c8b9264a0d92289bc7486c0bf0 fa20de8a3d884b1089ab16a3d780fa14 - - default default] 10.0.0.68 "POST /v2.0/floatingips HTTP/1.1" status: 201 len: 1041 time: 1.7531102
2026-04-23 01:25:12.926 9 INFO neutron.wsgi [None req-f75ec7f0-1f34-41c8-bb77-e0490a291270 50f892c8b9264a0d92289bc7486c0bf0 fa20de8a3d884b1089ab16a3d780fa14 - - default default] 10.0.0.68 "GET /v2.0/floatingips/d75db634-bddd-4868-a224-3b0e4eb11093 HTTP/1.1" status: 200 len: 1038 time: 0.0559840
2026-04-23 01:25:12.969 9 INFO neutron.db.ovn_revision_numbers_db [None req-51c8efc2-4712-43c2-b4ab-c82d26be3d52 0eeba1160bdb41448461231bf3b2aee0 6a4ddc12ff6044efa6a6bd9b595174c8 - - default default] Successfully bumped revision number for resource 2ff20572-3aef-45df-8df7-6b959df65ecd (type: ports) to 1
2026-04-23 01:25:13.007 9 INFO neutron.wsgi [None req-fd71375d-f59d-460c-86f2-44098b854d0a 50f892c8b9264a0d92289bc7486c0bf0 fa20de8a3d884b1089ab16a3d780fa14 - - default default] 10.0.0.68 "GET /v2.0/floatingips HTTP/1.1" status: 200 len: 1041 time: 0.0747573
2026-04-23 01:25:13.018 10 INFO neutron.wsgi [req-cb16739e-e9d7-4e92-ae1c-58ef35c84c74 req-749cb7c4-6f91-4e96-93b4-7971f92d9705 0d17aae64f98442185de9509590cbef5 b61569ba48934debb65ead906bdbafa7 - - default default] 199.204.45.22 "DELETE /v2.0/ports/5858f2dc-95ff-41bc-a652-e00610a4b5c6 HTTP/1.1" status: 204 len: 173 time: 0.6381876
2026-04-23 01:25:13.054 10 INFO neutron.notifiers.nova [-] Nova event matching ['req-b00dc86a-2092-4f0b-891d-5b96e97c9cc6'] response: {'server_uuid': '04140375-a53b-4e25-8ac3-d36637d48b29', 'name': 'network-vif-deleted', 'tag': '5858f2dc-95ff-41bc-a652-e00610a4b5c6', 'status': 'completed', 'code': 200}
2026-04-23 01:25:13.081 9 WARNING neutron.scheduler.dhcp_agent_scheduler [None req-51c8efc2-4712-43c2-b4ab-c82d26be3d52 0eeba1160bdb41448461231bf3b2aee0 6a4ddc12ff6044efa6a6bd9b595174c8 - - default default] No more DHCP agents
2026-04-23 01:25:13.085 9 WARNING neutron.api.rpc.agentnotifiers.dhcp_rpc_agent_api [None req-51c8efc2-4712-43c2-b4ab-c82d26be3d52 0eeba1160bdb41448461231bf3b2aee0 6a4ddc12ff6044efa6a6bd9b595174c8 - - default default] Unable to schedule network f792fc93-44f6-474a-bad9-73f1b5d87a5f: no agents available; will retry on subsequent port and subnet creation events.
2026-04-23 01:25:13.102 10 INFO neutron.wsgi [req-c956660c-14e9-4972-839e-7038fe612f94 req-eafd80cb-be37-4f39-a2b5-6144efccc712 0d17aae64f98442185de9509590cbef5 b61569ba48934debb65ead906bdbafa7 - - default default] 10.0.0.146 "GET /v2.0/ports?device_id=04140375-a53b-4e25-8ac3-d36637d48b29 HTTP/1.1" status: 200 len: 210 time: 0.0203931
2026-04-23 01:25:13.312 10 INFO neutron.db.ovn_revision_numbers_db [None req-41291f4e-2da9-42e9-84ee-46d7961e06f3 - - - - - -] Successfully bumped revision number for resource 7bdec0a6-552c-41d3-9b0d-b68de5b1da5f (type: ports) to 4
2026-04-23 01:25:13.593 10 INFO neutron.plugins.ml2.drivers.ovn.mech_driver.mech_driver [None req-8d099bd5-3702-4535-9a1e-086901901d26 - - - - - -] OVN reports status down for port: 5858f2dc-95ff-41bc-a652-e00610a4b5c6
2026-04-23 01:25:13.660 10 INFO neutron.db.ovn_revision_numbers_db [None req-41291f4e-2da9-42e9-84ee-46d7961e06f3 - - - - - -] Successfully bumped revision number for resource 7bdec0a6-552c-41d3-9b0d-b68de5b1da5f (type: router_ports) to 4
2026-04-23 01:25:13.755 9 INFO neutron.db.ovn_revision_numbers_db [None req-f7b8f25b-999a-4d9c-a4ef-c7faee9f24a5 50f892c8b9264a0d92289bc7486c0bf0 fa20de8a3d884b1089ab16a3d780fa14 - - default default] Successfully bumped revision number for resource d75db634-bddd-4868-a224-3b0e4eb11093 (type: floatingips) to 2
2026-04-23 01:25:13.896 9 INFO neutron.db.ovn_revision_numbers_db [None req-f7b8f25b-999a-4d9c-a4ef-c7faee9f24a5 50f892c8b9264a0d92289bc7486c0bf0 fa20de8a3d884b1089ab16a3d780fa14 - - default default] Successfully bumped revision number for resource d75db634-bddd-4868-a224-3b0e4eb11093 (type: floatingips) to 2
2026-04-23 01:25:13.897 9 INFO neutron.db.l3_db [None req-f7b8f25b-999a-4d9c-a4ef-c7faee9f24a5 50f892c8b9264a0d92289bc7486c0bf0 fa20de8a3d884b1089ab16a3d780fa14 - - default default] Floating IP d75db634-bddd-4868-a224-3b0e4eb11093 associated. External IP: 10.96.250.208, port: a64fc119-0d9b-4760-b429-5fd988c61878.
2026-04-23 01:25:13.976 9 INFO neutron.db.ovn_revision_numbers_db [None req-51c8efc2-4712-43c2-b4ab-c82d26be3d52 0eeba1160bdb41448461231bf3b2aee0 6a4ddc12ff6044efa6a6bd9b595174c8 - - default default] Successfully bumped revision number for resource 2ff20572-3aef-45df-8df7-6b959df65ecd (type: router_ports) to 1
2026-04-23 01:25:13.984 9 INFO neutron.wsgi [None req-51c8efc2-4712-43c2-b4ab-c82d26be3d52 0eeba1160bdb41448461231bf3b2aee0 6a4ddc12ff6044efa6a6bd9b595174c8 - - default default] 10.0.0.68 "PUT /v2.0/routers/c9668b3c-bf06-45e2-b210-86d3c12d1850/add_router_interface HTTP/1.1" status: 200 len: 503 time: 3.0619698
2026-04-23 01:25:13.986 9 INFO neutron.wsgi [None req-f7b8f25b-999a-4d9c-a4ef-c7faee9f24a5 50f892c8b9264a0d92289bc7486c0bf0 fa20de8a3d884b1089ab16a3d780fa14 - - default default] 10.0.0.68 "PUT /v2.0/floatingips/d75db634-bddd-4868-a224-3b0e4eb11093 HTTP/1.1" status: 200 len: 1038 time: 0.9735305 /var/lib/openstack/lib/python3.10/site-packages/pycadf/identifier.py:71: UserWarning: Invalid uuid: neutron. To ensure interoperability, identifiers should be a valid uuid. warnings.warn(('Invalid uuid: %s. To ensure interoperability, '
2026-04-23 01:25:14.210 10 INFO neutron.db.ovn_revision_numbers_db [None req-8d65f667-e822-4962-880a-f9d6b90c03fd 50f892c8b9264a0d92289bc7486c0bf0 fa20de8a3d884b1089ab16a3d780fa14 - - default default] Successfully bumped revision number for resource d75db634-bddd-4868-a224-3b0e4eb11093 (type: floatingips) to 3
2026-04-23 01:25:14.284 10 INFO neutron.db.l3_db [None req-8d65f667-e822-4962-880a-f9d6b90c03fd 50f892c8b9264a0d92289bc7486c0bf0 fa20de8a3d884b1089ab16a3d780fa14 - - default default] Floating IP d75db634-bddd-4868-a224-3b0e4eb11093 disassociated. External IP: 10.96.250.208, port: ecb12708-83f2-4308-8c04-eb1451458e81.
2026-04-23 01:25:14.320 10 INFO neutron.wsgi [None req-8d65f667-e822-4962-880a-f9d6b90c03fd 50f892c8b9264a0d92289bc7486c0bf0 fa20de8a3d884b1089ab16a3d780fa14 - - default default] 10.0.0.68 "PUT /v2.0/floatingips/d75db634-bddd-4868-a224-3b0e4eb11093 HTTP/1.1" status: 200 len: 748 time: 0.3291490
2026-04-23 01:25:14.358 9 INFO neutron.wsgi [None req-234b3331-0919-45fb-870e-520670499f0e 0d17aae64f98442185de9509590cbef5 b61569ba48934debb65ead906bdbafa7 - - default default] 10.0.0.68 "DELETE /v2.0/security-groups/a96ad02c-b0ae-4196-9885-7741fbcc4d5e HTTP/1.1" status: 204 len: 168 time: 0.1679356
2026-04-23 01:25:14.373 10 INFO neutron.api.v2.resource [None req-899f4b39-4723-41a2-8355-db14353962ff 0d17aae64f98442185de9509590cbef5 b61569ba48934debb65ead906bdbafa7 - - default default] show failed (client error): The resource could not be found.
2026-04-23 01:25:14.375 10 INFO neutron.wsgi [None req-899f4b39-4723-41a2-8355-db14353962ff 0d17aae64f98442185de9509590cbef5 b61569ba48934debb65ead906bdbafa7 - - default default] 10.0.0.68 "GET /v2.0/security-groups/a96ad02c-b0ae-4196-9885-7741fbcc4d5e HTTP/1.1" status: 404 len: 347 time: 0.0121257
2026-04-23 01:25:14.580 10 WARNING neutron_lib.context [None req-fd41270c-6154-4142-98a5-44d3d4806f64 7f3eff79db4841309811e56bc8e7d489 9587ca99c4244e93ad5ce4af3a749ab2 - - default default] Method 'is_advsvc' is deprecated since 2023.2 release (neutron-lib 3.8.0) and will be removed once support for the old RBAC API policies will be removed from Neutron. Please use method 'is_service_role' instead.
2026-04-23 01:25:14.723 10 INFO neutron.db.ovn_revision_numbers_db [None req-fd41270c-6154-4142-98a5-44d3d4806f64 7f3eff79db4841309811e56bc8e7d489 9587ca99c4244e93ad5ce4af3a749ab2 - - default default] Successfully bumped revision number for resource d14abb9e-f67a-4a0c-82c8-c0873a3a8eea (type: security_groups) to 1
2026-04-23 01:25:14.738 10 INFO neutron.db.ovn_revision_numbers_db [None req-fd41270c-6154-4142-98a5-44d3d4806f64 7f3eff79db4841309811e56bc8e7d489 9587ca99c4244e93ad5ce4af3a749ab2 - - default default] Successfully bumped revision number for resource a5f5fcf9-c834-4364-aa7f-d5ba9d725f17 (type: security_group_rules) to 0
2026-04-23 01:25:14.742 10 INFO neutron.wsgi [None req-e37642ea-7386-4737-b37b-c88b0999fcd5 0d17aae64f98442185de9509590cbef5 b61569ba48934debb65ead906bdbafa7 - - default default] 10.0.0.68 "DELETE /v2.0/floatingips/dcb728dc-3cb2-4d03-af61-ef2e51ff3f80 HTTP/1.1" status: 204 len: 168 time: 0.3632364
2026-04-23 01:25:14.751 10 INFO neutron.db.ovn_revision_numbers_db [None req-fd41270c-6154-4142-98a5-44d3d4806f64 7f3eff79db4841309811e56bc8e7d489 9587ca99c4244e93ad5ce4af3a749ab2 - - default default] Successfully bumped revision number for resource b59e2295-df5e-493a-bd28-a6b4decf1ef4 (type: security_group_rules) to 0
2026-04-23 01:25:14.783 10 INFO neutron.wsgi [None req-fd41270c-6154-4142-98a5-44d3d4806f64 7f3eff79db4841309811e56bc8e7d489 9587ca99c4244e93ad5ce4af3a749ab2 - - default default] 10.0.0.68 "POST /v2.0/security-groups HTTP/1.1" status: 201 len: 1859 time: 0.2071185
2026-04-23 01:25:14.792 10 WARNING neutron_lib.context [None req-01e15adf-1016-4cda-a733-b4e7a97c1407 7f3eff79db4841309811e56bc8e7d489 9587ca99c4244e93ad5ce4af3a749ab2 - - default default] Method 'is_advsvc' is deprecated since 2023.2 release (neutron-lib 3.8.0) and will be removed once support for the old RBAC API policies will be removed from Neutron. Please use method 'is_service_role' instead.
2026-04-23 01:25:14.870 9 INFO neutron.db.ovn_revision_numbers_db [None req-66686718-d0e7-498a-8919-faf3ab90ac0c 0eeba1160bdb41448461231bf3b2aee0 6a4ddc12ff6044efa6a6bd9b595174c8 - - default default] Successfully bumped revision number for resource 13acead1-1d31-49f1-9eef-680a8a08ddde (type: security_groups) to 1
2026-04-23 01:25:14.893 9 INFO neutron.db.ovn_revision_numbers_db [None req-66686718-d0e7-498a-8919-faf3ab90ac0c 0eeba1160bdb41448461231bf3b2aee0 6a4ddc12ff6044efa6a6bd9b595174c8 - - default default] Successfully bumped revision number for resource 16163c72-1aa6-430c-9eb3-e587af4e3079 (type: security_group_rules) to 0
2026-04-23 01:25:14.908 9 INFO neutron.db.ovn_revision_numbers_db [None req-66686718-d0e7-498a-8919-faf3ab90ac0c 0eeba1160bdb41448461231bf3b2aee0 6a4ddc12ff6044efa6a6bd9b595174c8 - - default default] Successfully bumped revision number for resource 1f6f0937-9265-4c44-a2d5-baa3c6c5dfa2 (type: security_group_rules) to 0
2026-04-23 01:25:14.925 9 INFO neutron.db.ovn_revision_numbers_db [None req-66686718-d0e7-498a-8919-faf3ab90ac0c 0eeba1160bdb41448461231bf3b2aee0 6a4ddc12ff6044efa6a6bd9b595174c8 - - default default] Successfully bumped revision number for resource 3f63498b-ed3f-4dc6-b132-6c1bd737b98a (type: security_group_rules) to 0
2026-04-23 01:25:14.941 9 INFO neutron.db.ovn_revision_numbers_db [None req-66686718-d0e7-498a-8919-faf3ab90ac0c 0eeba1160bdb41448461231bf3b2aee0 6a4ddc12ff6044efa6a6bd9b595174c8 - - default default] Successfully bumped revision number for resource 4d11ed3d-97dc-457b-9e53-87ba115b81a6 (type: security_group_rules) to 0
2026-04-23 01:25:14.949 9 INFO neutron.wsgi [None req-b6932f70-e604-47f9-9d1f-a15343336209 50f892c8b9264a0d92289bc7486c0bf0 fa20de8a3d884b1089ab16a3d780fa14 - - default default] 10.0.0.68 "DELETE /v2.0/floatingips/d75db634-bddd-4868-a224-3b0e4eb11093 HTTP/1.1" status: 204 len: 168 time: 0.6227846
2026-04-23 01:25:14.976 9 INFO neutron.api.v2.resource [None req-136a8041-5d3b-4228-aa81-5bb8452ed3e3 50f892c8b9264a0d92289bc7486c0bf0 fa20de8a3d884b1089ab16a3d780fa14 - - default default] delete failed (client error): The resource could not be found.
2026-04-23 01:25:14.977 9 INFO neutron.wsgi [None req-136a8041-5d3b-4228-aa81-5bb8452ed3e3 50f892c8b9264a0d92289bc7486c0bf0 fa20de8a3d884b1089ab16a3d780fa14 - - default default] 10.0.0.68 "DELETE /v2.0/floatingips/d75db634-bddd-4868-a224-3b0e4eb11093 HTTP/1.1" status: 404 len: 345 time: 0.0206556
2026-04-23 01:25:14.981 9 INFO neutron.wsgi [None req-66686718-d0e7-498a-8919-faf3ab90ac0c 0eeba1160bdb41448461231bf3b2aee0 6a4ddc12ff6044efa6a6bd9b595174c8 - - default default] 10.0.0.68 "GET /v2.0/security-groups?tenant_id=e0f5da098cb44c878ad3c0a6c3bcd465&name=default HTTP/1.1" status: 200 len: 3120 time: 0.6795290
2026-04-23 01:25:15.026 10 INFO neutron.db.ovn_revision_numbers_db [None req-01e15adf-1016-4cda-a733-b4e7a97c1407 7f3eff79db4841309811e56bc8e7d489 9587ca99c4244e93ad5ce4af3a749ab2 - - default default] Successfully bumped revision number for resource 61795b3e-b127-47c9-a9f4-456027a4d983 (type: security_group_rules) to 0
2026-04-23 01:25:15.211 9 INFO neutron.wsgi [None req-7c021944-864b-4e0a-b145-c75e9d8ce3a4 0eeba1160bdb41448461231bf3b2aee0 6a4ddc12ff6044efa6a6bd9b595174c8 - - default default] 10.0.0.68 "DELETE /v2.0/security-groups/13acead1-1d31-49f1-9eef-680a8a08ddde HTTP/1.1" status: 204 len: 168 time: 0.2245169
2026-04-23 01:25:15.266 10 INFO neutron.wsgi [None req-01e15adf-1016-4cda-a733-b4e7a97c1407 7f3eff79db4841309811e56bc8e7d489 9587ca99c4244e93ad5ce4af3a749ab2 - - default default] 10.0.0.68 "POST /v2.0/security-group-rules HTTP/1.1" status: 201 len: 796 time: 0.4779885
2026-04-23 01:25:15.284 9 WARNING neutron_lib.context [None req-1cee8504-9da8-4a99-a08e-22c26e786b02 7f3eff79db4841309811e56bc8e7d489 9587ca99c4244e93ad5ce4af3a749ab2 - - default default] Method 'is_advsvc' is deprecated since 2023.2 release (neutron-lib 3.8.0) and will be removed once support for the old RBAC API policies will be removed from Neutron. Please use method 'is_service_role' instead.
2026-04-23 01:25:15.498 9 INFO neutron.db.ovn_revision_numbers_db [None req-1cee8504-9da8-4a99-a08e-22c26e786b02 7f3eff79db4841309811e56bc8e7d489 9587ca99c4244e93ad5ce4af3a749ab2 - - default default] Successfully bumped revision number for resource 6b77ec0a-efc6-4eb4-b8da-e192b0e38cfb (type: security_group_rules) to 0
2026-04-23 01:25:15.511 9 INFO neutron.db.ovn_revision_numbers_db [None req-2eee9605-bae8-4d24-80e7-0c2059d2244d 0eeba1160bdb41448461231bf3b2aee0 6a4ddc12ff6044efa6a6bd9b595174c8 - - default default] Successfully bumped revision number for resource e13638cb-3cf7-4a3c-9e27-79e292834ed4 (type: security_groups) to 1
2026-04-23 01:25:15.523 9 WARNING neutron.plugins.ml2.drivers.ovn.mech_driver.ovsdb.ovn_client [None req-3fc36076-e92a-4a78-9ce5-9190947797b2 - - - - - -] No hosting information found for port cec97bc9-50aa-44be-998e-a6d26c2c0397: RuntimeError: No hosting information found for port cec97bc9-50aa-44be-998e-a6d26c2c0397
2026-04-23 01:25:15.572 9 INFO neutron.plugins.ml2.drivers.ovn.mech_driver.mech_driver [None req-3fc36076-e92a-4a78-9ce5-9190947797b2 - - - - - -] OVN reports status up for port: 2ff20572-3aef-45df-8df7-6b959df65ecd
2026-04-23 01:25:15.581 9 INFO neutron.wsgi [None req-1cee8504-9da8-4a99-a08e-22c26e786b02 7f3eff79db4841309811e56bc8e7d489 9587ca99c4244e93ad5ce4af3a749ab2 - - default default] 10.0.0.68 "POST /v2.0/security-group-rules HTTP/1.1" status: 201 len: 801 time: 0.3036330
2026-04-23 01:25:15.583 9 INFO neutron.db.ovn_revision_numbers_db [None req-2eee9605-bae8-4d24-80e7-0c2059d2244d 0eeba1160bdb41448461231bf3b2aee0 6a4ddc12ff6044efa6a6bd9b595174c8 - - default default] Successfully bumped revision number for resource 2f4e81fc-7d02-4474-b9a4-0f8c0bad4ad2 (type: security_group_rules) to 0 /var/lib/openstack/lib/python3.10/site-packages/pycadf/identifier.py:71: UserWarning: Invalid uuid: neutron. To ensure interoperability, identifiers should be a valid uuid. warnings.warn(('Invalid uuid: %s. To ensure interoperability, '
2026-04-23 01:25:15.593 9 WARNING neutron_lib.context [None req-44af1780-1bdc-4fe2-a201-723beb15804d 7f3eff79db4841309811e56bc8e7d489 9587ca99c4244e93ad5ce4af3a749ab2 - - default default] Method 'is_advsvc' is deprecated since 2023.2 release (neutron-lib 3.8.0) and will be removed once support for the old RBAC API policies will be removed from Neutron. Please use method 'is_service_role' instead.
2026-04-23 01:25:15.599 9 INFO neutron.plugins.ml2.plugin [None req-3fc36076-e92a-4a78-9ce5-9190947797b2 - - - - - -] Attempt 1 to provision port 2ff20572-3aef-45df-8df7-6b959df65ecd
2026-04-23 01:25:15.613 9 INFO neutron.db.ovn_revision_numbers_db [None req-2eee9605-bae8-4d24-80e7-0c2059d2244d 0eeba1160bdb41448461231bf3b2aee0 6a4ddc12ff6044efa6a6bd9b595174c8 - - default default] Successfully bumped revision number for resource 7fadcaa6-ea3b-4210-88ec-1ce731096874 (type: security_group_rules) to 0
2026-04-23 01:25:15.633 9 INFO neutron.db.ovn_revision_numbers_db [None req-2eee9605-bae8-4d24-80e7-0c2059d2244d 0eeba1160bdb41448461231bf3b2aee0 6a4ddc12ff6044efa6a6bd9b595174c8 - - default default] Successfully bumped revision number for resource cfefb922-b6ea-4f6c-a37f-3949a121ded2 (type: security_group_rules) to 0
2026-04-23 01:25:15.666 9 INFO neutron.db.ovn_revision_numbers_db [None req-2eee9605-bae8-4d24-80e7-0c2059d2244d 0eeba1160bdb41448461231bf3b2aee0 6a4ddc12ff6044efa6a6bd9b595174c8 - - default default] Successfully bumped revision number for resource e54933b3-7bca-4695-a1b5-0ac3344f3d03 (type: security_group_rules) to 0
2026-04-23 01:25:15.709 9 INFO neutron.wsgi [None req-2eee9605-bae8-4d24-80e7-0c2059d2244d 0eeba1160bdb41448461231bf3b2aee0 6a4ddc12ff6044efa6a6bd9b595174c8 - - default default] 10.0.0.68 "GET /v2.0/security-groups?tenant_id=377cdb6fa4f748699d668a15d85750aa&name=default HTTP/1.1" status: 200 len: 3120 time: 0.3894935
2026-04-23 01:25:15.763 10 INFO neutron.wsgi [None req-39e0bfef-2495-4e83-af75-d3938e1c7297 50f892c8b9264a0d92289bc7486c0bf0 fa20de8a3d884b1089ab16a3d780fa14 - - default default] 10.0.0.68 "DELETE /v2.0/ports/ecb12708-83f2-4308-8c04-eb1451458e81 HTTP/1.1" status: 204 len: 168 time: 0.7680378
2026-04-23 01:25:16.011 10 INFO neutron.wsgi [None req-2c84e40d-37ec-438e-a516-15ea972722f3 0eeba1160bdb41448461231bf3b2aee0 6a4ddc12ff6044efa6a6bd9b595174c8 - - default default] 10.0.0.68 "DELETE /v2.0/security-groups/e13638cb-3cf7-4a3c-9e27-79e292834ed4 HTTP/1.1" status: 204 len: 168 time: 0.2959316
2026-04-23 01:25:16.016 9 WARNING neutron.scheduler.dhcp_agent_scheduler [None req-44af1780-1bdc-4fe2-a201-723beb15804d 7f3eff79db4841309811e56bc8e7d489 9587ca99c4244e93ad5ce4af3a749ab2 - - default default] No more DHCP agents
2026-04-23 01:25:16.020 9 WARNING neutron.api.rpc.agentnotifiers.dhcp_rpc_agent_api [None req-44af1780-1bdc-4fe2-a201-723beb15804d 7f3eff79db4841309811e56bc8e7d489 9587ca99c4244e93ad5ce4af3a749ab2 - - default default] Unable to schedule network 972385ad-3565-4712-abbc-3ddb5cba818d: no agents available; will retry on subsequent port and subnet creation events.
2026-04-23 01:25:16.309 9 INFO neutron.db.ovn_revision_numbers_db [None req-3fc36076-e92a-4a78-9ce5-9190947797b2 - - - - - -] Successfully bumped revision number for resource 2ff20572-3aef-45df-8df7-6b959df65ecd (type: ports) to 2
2026-04-23 01:25:16.532 9 INFO neutron.wsgi [None req-2e67de48-7d14-4ec2-b02e-882e95d71d82 50f892c8b9264a0d92289bc7486c0bf0 fa20de8a3d884b1089ab16a3d780fa14 - - default default] 10.0.0.68 "DELETE /v2.0/ports/a64fc119-0d9b-4760-b429-5fd988c61878 HTTP/1.1" status: 204 len: 168 time: 0.7621205
2026-04-23 01:25:16.543 10 INFO neutron.wsgi [None req-ee34d350-962c-4f87-b051-6b9776c237f4 0eeba1160bdb41448461231bf3b2aee0 6a4ddc12ff6044efa6a6bd9b595174c8 - - default default] 10.0.0.68 "PUT /v2.0/routers/1681cd7a-157e-47d5-b821-5655688aada5/remove_router_interface HTTP/1.1" status: 200 len: 503 time: 1.7380605 /var/lib/openstack/lib/python3.10/site-packages/pycadf/identifier.py:71: UserWarning: Invalid uuid: neutron. To ensure interoperability, identifiers should be a valid uuid. warnings.warn(('Invalid uuid: %s. To ensure interoperability, '
2026-04-23 01:25:16.566 9 INFO neutron.db.ovn_revision_numbers_db [None req-3fc36076-e92a-4a78-9ce5-9190947797b2 - - - - - -] Successfully bumped revision number for resource 2ff20572-3aef-45df-8df7-6b959df65ecd (type: router_ports) to 2
2026-04-23 01:25:16.591 9 INFO neutron.wsgi [None req-a2c10df9-b19f-4f06-b05f-f58276bce365 50f892c8b9264a0d92289bc7486c0bf0 fa20de8a3d884b1089ab16a3d780fa14 - - default default] 10.0.0.68 "GET /v2.0/ports?device_id=1a84e30c-976b-4bb4-9977-0a13616ed2c9 HTTP/1.1" status: 200 len: 1140 time: 0.0474534
2026-04-23 01:25:16.595 9 INFO neutron.wsgi [None req-44af1780-1bdc-4fe2-a201-723beb15804d 7f3eff79db4841309811e56bc8e7d489 9587ca99c4244e93ad5ce4af3a749ab2 - - default default] 10.0.0.68 "POST /v2.0/floatingips HTTP/1.1" status: 201 len: 751 time: 1.0082154
2026-04-23 01:25:17.090 10 INFO neutron.wsgi [req-a7f5464a-4ca0-4d1c-ae9a-792723aac1c6 req-1cf04c83-3276-442d-8608-fdb28030312e 7f3eff79db4841309811e56bc8e7d489 9587ca99c4244e93ad5ce4af3a749ab2 - - default default] 10.0.0.146 "GET /v2.0/security-groups?name=tempest-securitygroup--479747160&fields=id&tenant_id=9587ca99c4244e93ad5ce4af3a749ab2 HTTP/1.1" status: 200 len: 267 time: 0.0530252
2026-04-23 01:25:17.202 10 INFO neutron.wsgi [req-a7f5464a-4ca0-4d1c-ae9a-792723aac1c6 req-ed1cdc1f-13a1-429b-8859-5207633db34f 7f3eff79db4841309811e56bc8e7d489 9587ca99c4244e93ad5ce4af3a749ab2 - - default default] 10.0.0.146 "GET /v2.0/networks?id=f792fc93-44f6-474a-bad9-73f1b5d87a5f HTTP/1.1" status: 200 len: 875 time: 0.1011605
2026-04-23 01:25:17.404 10 INFO neutron.wsgi [req-a7f5464a-4ca0-4d1c-ae9a-792723aac1c6 req-765c2bae-9bcb-4c4c-93a1-6bd06110db98 7f3eff79db4841309811e56bc8e7d489 9587ca99c4244e93ad5ce4af3a749ab2 - - default default] 10.0.0.146 "GET /v2.0/quotas/9587ca99c4244e93ad5ce4af3a749ab2 HTTP/1.1" status: 200 len: 491 time: 0.1965890
2026-04-23 01:25:17.474 10 INFO neutron.wsgi [-] 10.0.0.100 "GET / HTTP/1.1" status: 200 len: 246 time: 0.0014052
2026-04-23 01:25:17.475 10 INFO neutron.wsgi [-] 10.0.0.100 "GET / HTTP/1.1" status: 200 len: 246 time: 0.0008676
2026-04-23 01:25:17.585 10 INFO neutron.wsgi [req-a7f5464a-4ca0-4d1c-ae9a-792723aac1c6 req-c0f26458-a1ae-4439-a2f0-dcdb7952f711 7f3eff79db4841309811e56bc8e7d489 9587ca99c4244e93ad5ce4af3a749ab2 - - default default] 10.0.0.146 "GET /v2.0/ports?tenant_id=9587ca99c4244e93ad5ce4af3a749ab2&fields=id HTTP/1.1" status: 200 len: 302 time: 0.1722510
2026-04-23 01:25:17.699 10 INFO neutron.wsgi [req-a7f5464a-4ca0-4d1c-ae9a-792723aac1c6 req-1f9e388a-b670-4720-b827-629338b2dbe8 42cf36478136434db3270fcbc5344f56 b9ee4f74b5054b83875cc34b12576d9f - - a7ed30a739404a2197aa32eb983b8e68 a7ed30a739404a2197aa32eb983b8e68] 10.0.0.146 "GET /v2.0/networks/f792fc93-44f6-474a-bad9-73f1b5d87a5f?fields=segments HTTP/1.1" status: 200 len: 212 time: 0.0926523
2026-04-23 01:25:17.707 10 INFO neutron.wsgi [None req-e65052e2-3467-48fd-8b4d-70eca9da69ca 0eeba1160bdb41448461231bf3b2aee0 6a4ddc12ff6044efa6a6bd9b595174c8 - - default default] 10.0.0.68 "DELETE /v2.0/routers/1681cd7a-157e-47d5-b821-5655688aada5 HTTP/1.1" status: 204 len: 168 time: 1.1604199
2026-04-23 01:25:17.766 10 INFO neutron.wsgi [req-a7f5464a-4ca0-4d1c-ae9a-792723aac1c6 req-ef6e5f19-e552-42ef-8283-e1fa4569a164 42cf36478136434db3270fcbc5344f56 b9ee4f74b5054b83875cc34b12576d9f - - a7ed30a739404a2197aa32eb983b8e68 a7ed30a739404a2197aa32eb983b8e68] 10.0.0.146 "GET /v2.0/networks/f792fc93-44f6-474a-bad9-73f1b5d87a5f?fields=provider%3Aphysical_network&fields=provider%3Anetwork_type HTTP/1.1" status: 200 len: 277 time: 0.0620799
2026-04-23 01:25:17.895 9 INFO neutron.wsgi [None req-512245fc-3086-4132-8ada-5b1dc1e436b9 50f892c8b9264a0d92289bc7486c0bf0 fa20de8a3d884b1089ab16a3d780fa14 - - default default] 10.0.0.68 "PUT /v2.0/routers/1a84e30c-976b-4bb4-9977-0a13616ed2c9/remove_router_interface HTTP/1.1" status: 200 len: 503 time: 1.2926066
2026-04-23 01:25:17.935 10 INFO neutron.wsgi [req-f1d5dd15-faa2-4076-96bf-8922489146b5 req-8a488aa5-27f2-4333-a032-1765fa580d98 7f3eff79db4841309811e56bc8e7d489 9587ca99c4244e93ad5ce4af3a749ab2 - - default default] 10.0.0.146 "GET /v2.0/ports?device_id=6a72920d-d1a1-4e23-9315-a142362daa77 HTTP/1.1" status: 200 len: 210 time: 0.0365491
2026-04-23 01:25:17.981 9 INFO neutron.wsgi [None req-e6354149-fbc6-47aa-bd6c-786330d66176 0eeba1160bdb41448461231bf3b2aee0 6a4ddc12ff6044efa6a6bd9b595174c8 - - default default] 10.0.0.68 "DELETE /v2.0/subnets/616ec5f5-ca48-417d-a5b1-f35a630c6dc5 HTTP/1.1" status: 204 len: 168 time: 0.2671452
2026-04-23 01:25:18.464 10 INFO neutron.services.segments.plugin [-] Segment 0f18fc83-b421-4874-ae66-17751b801ef7 resource provider aggregate not found
2026-04-23 01:25:18.468 10 INFO neutron.services.segments.plugin [-] Segment 0f18fc83-b421-4874-ae66-17751b801ef7 resource provider aggregate not found
2026-04-23 01:25:18.487 10 INFO neutron.services.segments.plugin [-] Segment 0f18fc83-b421-4874-ae66-17751b801ef7 resource provider not found; error: Placement Client Error (4xx): {"errors": [{"status": 404, "title": "Not Found", "detail": "The resource could not be found.\n\n No resource provider with uuid 0f18fc83-b421-4874-ae66-17751b801ef7 found for delete ", "request_id": "req-8fc2becf-07d6-4954-ac09-174cf9e50460"}]}
2026-04-23 01:25:18.488 10 INFO neutron.services.segments.plugin [-] Segment 0f18fc83-b421-4874-ae66-17751b801ef7 resource provider not found; error: Placement Client Error (4xx): {"errors": [{"status": 404, "title": "Not Found", "detail": "The resource could not be found.\n\n No resource provider with uuid 0f18fc83-b421-4874-ae66-17751b801ef7 found for delete ", "request_id": "req-e547ed4c-16f4-4ba7-a078-5e5907ede8d3"}]}
2026-04-23 01:25:18.494 10 INFO neutron.wsgi [None req-86438f4a-07d8-4dfd-a164-febbda68f47c 0eeba1160bdb41448461231bf3b2aee0 6a4ddc12ff6044efa6a6bd9b595174c8 - - default default] 10.0.0.68 "DELETE /v2.0/networks/f6c5dc48-f3a3-4f5c-a3e8-c9dcfeb0002b HTTP/1.1" status: 204 len: 168 time: 0.5073943 /var/lib/openstack/lib/python3.10/site-packages/pycadf/identifier.py:71: UserWarning: Invalid uuid: neutron. To ensure interoperability, identifiers should be a valid uuid. warnings.warn(('Invalid uuid: %s. To ensure interoperability, '
2026-04-23 01:25:18.740 9 INFO neutron.wsgi [None req-13fb5795-73de-42da-b170-84f067577c68 0eeba1160bdb41448461231bf3b2aee0 6a4ddc12ff6044efa6a6bd9b595174c8 - - default default] 10.0.0.68 "GET /v2.0/security-groups?tenant_id=b61569ba48934debb65ead906bdbafa7&name=default HTTP/1.1" status: 200 len: 3120 time: 0.0687833
2026-04-23 01:25:19.003 9 INFO neutron.wsgi [None req-4931041c-07e4-4594-b380-b46d5133c971 0eeba1160bdb41448461231bf3b2aee0 6a4ddc12ff6044efa6a6bd9b595174c8 - - default default] 10.0.0.68 "DELETE /v2.0/security-groups/f5aa9b24-afea-4a86-85f5-2b24f349485f HTTP/1.1" status: 204 len: 168 time: 0.2592149
2026-04-23 01:25:19.004 10 INFO neutron.wsgi [req-a7f5464a-4ca0-4d1c-ae9a-792723aac1c6 req-302ed509-4ee7-4906-8735-ae02fdbd04b6 7f3eff79db4841309811e56bc8e7d489 9587ca99c4244e93ad5ce4af3a749ab2 - - default default] 199.204.45.22 "GET /v2.0/networks?id=f792fc93-44f6-474a-bad9-73f1b5d87a5f HTTP/1.1" status: 200 len: 875 time: 0.3263073
2026-04-23 01:25:19.064 10 INFO neutron.wsgi [req-0d2234ce-d381-4c05-a3cb-d698b04d4cca req-a7ee7894-2546-42c3-807d-ee44baeedabe 7f3eff79db4841309811e56bc8e7d489 9587ca99c4244e93ad5ce4af3a749ab2 - - default default] 10.0.0.146 "GET /v2.0/ports?device_id=6a72920d-d1a1-4e23-9315-a142362daa77 HTTP/1.1" status: 200 len: 210 time: 0.0563889
2026-04-23 01:25:19.110 10 INFO neutron.wsgi [req-a7f5464a-4ca0-4d1c-ae9a-792723aac1c6 req-a4d7d177-b716-4e13-9a92-e24d7a38ed8f 7f3eff79db4841309811e56bc8e7d489 9587ca99c4244e93ad5ce4af3a749ab2 - - default default] 199.204.45.22 "GET /v2.0/security-groups?fields=id&fields=name&tenant_id=9587ca99c4244e93ad5ce4af3a749ab2 HTTP/1.1" status: 200 len: 379 time: 0.0920427
2026-04-23 01:25:19.120 10 INFO neutron.wsgi [None req-adbde4f7-91c6-4507-940c-40040bc9d56c 50f892c8b9264a0d92289bc7486c0bf0 fa20de8a3d884b1089ab16a3d780fa14 - - default default] 10.0.0.68 "DELETE /v2.0/routers/1a84e30c-976b-4bb4-9977-0a13616ed2c9 HTTP/1.1" status: 204 len: 168 time: 1.2197247
2026-04-23 01:25:19.126 10 WARNING neutron_lib.context [req-a7f5464a-4ca0-4d1c-ae9a-792723aac1c6 req-c750cbfb-d9c3-4a39-ae9c-1a1e48ea19c8 7f3eff79db4841309811e56bc8e7d489 9587ca99c4244e93ad5ce4af3a749ab2 - - default default] Method 'is_advsvc' is deprecated since 2023.2 release (neutron-lib 3.8.0) and will be removed once support for the old RBAC API policies will be removed from Neutron. Please use method 'is_service_role' instead.
2026-04-23 01:25:19.306 9 INFO neutron.wsgi [None req-f856df14-601c-4d79-992f-1a7287576240 50f892c8b9264a0d92289bc7486c0bf0 fa20de8a3d884b1089ab16a3d780fa14 - - default default] 10.0.0.68 "DELETE /v2.0/subnets/dba7060a-d527-4316-ae02-11cb4c0d55f4 HTTP/1.1" status: 204 len: 168 time: 0.1803229
2026-04-23 01:25:19.463 10 WARNING neutron.scheduler.dhcp_agent_scheduler [req-a7f5464a-4ca0-4d1c-ae9a-792723aac1c6 req-c750cbfb-d9c3-4a39-ae9c-1a1e48ea19c8 7f3eff79db4841309811e56bc8e7d489 9587ca99c4244e93ad5ce4af3a749ab2 - - default default] No more DHCP agents
2026-04-23 01:25:19.466 10 WARNING neutron.api.rpc.agentnotifiers.dhcp_rpc_agent_api [req-a7f5464a-4ca0-4d1c-ae9a-792723aac1c6 req-c750cbfb-d9c3-4a39-ae9c-1a1e48ea19c8 7f3eff79db4841309811e56bc8e7d489 9587ca99c4244e93ad5ce4af3a749ab2 - - default default] Unable to schedule network f792fc93-44f6-474a-bad9-73f1b5d87a5f: no agents available; will retry on subsequent port and subnet creation events.
2026-04-23 01:25:19.619 10 INFO neutron.db.ovn_revision_numbers_db [req-a7f5464a-4ca0-4d1c-ae9a-792723aac1c6 req-c750cbfb-d9c3-4a39-ae9c-1a1e48ea19c8 7f3eff79db4841309811e56bc8e7d489 9587ca99c4244e93ad5ce4af3a749ab2 - - default default] Successfully bumped revision number for resource 081d5163-5c38-4f63-8e56-5e5b779aa0e6 (type: ports) to 1
2026-04-23 01:25:19.647 10 INFO neutron.wsgi [req-a7f5464a-4ca0-4d1c-ae9a-792723aac1c6 req-c750cbfb-d9c3-4a39-ae9c-1a1e48ea19c8 7f3eff79db4841309811e56bc8e7d489 9587ca99c4244e93ad5ce4af3a749ab2 - - default default] 199.204.45.22 "POST /v2.0/ports HTTP/1.1" status: 201 len: 1162 time: 0.5261230
2026-04-23 01:25:19.651 9 INFO neutron.services.segments.plugin [-] Segment 82905fcf-bcda-404f-a23b-89a0ab51332d resource provider aggregate not found
2026-04-23 01:25:19.654 9 INFO neutron.services.segments.plugin [-] Segment 82905fcf-bcda-404f-a23b-89a0ab51332d resource provider aggregate not found /var/lib/openstack/lib/python3.10/site-packages/pycadf/identifier.py:71: UserWarning: Invalid uuid: neutron. To ensure interoperability, identifiers should be a valid uuid. warnings.warn(('Invalid uuid: %s. To ensure interoperability, '
