2026-04-23 01:25:45.684 10 INFO neutron.wsgi [req-74def5b8-36ab-467a-b69e-969892b57b01 req-57d50f5d-1caa-4d78-9d4b-53b82cfa4896 855b2a096e014d7b89b9d0fac3b95e30 4d13ed50923840a6983c23b858e93c40 - - default default] 10.0.0.146 "GET /v2.0/ports?device_id=8df2f8ae-d793-4306-9ae8-408c7555e838 HTTP/1.1" status: 200 len: 210 time: 0.0299082
2026-04-23 01:25:45.688 9 INFO neutron.wsgi [None req-dc452243-dc6a-4b94-bf09-3387b1b2d011 d1f98069910b4e009e926e6f132c7e02 5e3a296b8d5541daa3c675e492ed7be5 - - default default] 10.0.0.68 "DELETE /v2.0/ports/01daae4b-6bee-4c6d-948f-f480583aa012 HTTP/1.1" status: 204 len: 168 time: 0.2392399
2026-04-23 01:25:45.821 10 WARNING neutron.scheduler.dhcp_agent_scheduler [req-2b00654f-a250-4e6d-8751-a8f5d3480b34 req-1cdd5ba7-6813-42b3-99ab-6b7dede8cfae 855b2a096e014d7b89b9d0fac3b95e30 4d13ed50923840a6983c23b858e93c40 - - default default] No more DHCP agents
2026-04-23 01:25:45.825 10 WARNING neutron.api.rpc.agentnotifiers.dhcp_rpc_agent_api [req-2b00654f-a250-4e6d-8751-a8f5d3480b34 req-1cdd5ba7-6813-42b3-99ab-6b7dede8cfae 855b2a096e014d7b89b9d0fac3b95e30 4d13ed50923840a6983c23b858e93c40 - - default default] Unable to schedule network 09da72d2-0d6e-4827-9b11-3170b4a47407: no agents available; will retry on subsequent port and subnet creation events. /var/lib/openstack/lib/python3.10/site-packages/pycadf/identifier.py:71: UserWarning: Invalid uuid: neutron. To ensure interoperability, identifiers should be a valid uuid. warnings.warn(('Invalid uuid: %s. To ensure interoperability, '
2026-04-23 01:25:46.004 10 INFO neutron.db.ovn_revision_numbers_db [None req-e222ee76-0a14-4da3-9039-4fbb0aebcdf5 0eeba1160bdb41448461231bf3b2aee0 6a4ddc12ff6044efa6a6bd9b595174c8 - - default default] Successfully bumped revision number for resource 17cc330b-e729-4327-acab-0caf6c1920c9 (type: security_groups) to 1
2026-04-23 01:25:46.007 10 INFO neutron.db.ovn_revision_numbers_db [req-2b00654f-a250-4e6d-8751-a8f5d3480b34 req-1cdd5ba7-6813-42b3-99ab-6b7dede8cfae 855b2a096e014d7b89b9d0fac3b95e30 4d13ed50923840a6983c23b858e93c40 - - default default] Successfully bumped revision number for resource 6188fb46-e6b7-4cd3-8d36-641080352775 (type: ports) to 1
2026-04-23 01:25:46.025 10 INFO neutron.db.ovn_revision_numbers_db [None req-e222ee76-0a14-4da3-9039-4fbb0aebcdf5 0eeba1160bdb41448461231bf3b2aee0 6a4ddc12ff6044efa6a6bd9b595174c8 - - default default] Successfully bumped revision number for resource 25225976-d61a-4cba-b095-6e8293555052 (type: security_group_rules) to 0
2026-04-23 01:25:46.034 10 INFO neutron.wsgi [req-2b00654f-a250-4e6d-8751-a8f5d3480b34 req-1cdd5ba7-6813-42b3-99ab-6b7dede8cfae 855b2a096e014d7b89b9d0fac3b95e30 4d13ed50923840a6983c23b858e93c40 - - default default] 199.204.45.22 "POST /v2.0/ports HTTP/1.1" status: 201 len: 1162 time: 0.5854568
2026-04-23 01:25:46.044 10 INFO neutron.db.ovn_revision_numbers_db [None req-e222ee76-0a14-4da3-9039-4fbb0aebcdf5 0eeba1160bdb41448461231bf3b2aee0 6a4ddc12ff6044efa6a6bd9b595174c8 - - default default] Successfully bumped revision number for resource 292a59cc-9589-444c-8ecd-62bfeedd1bdb (type: security_group_rules) to 0
2026-04-23 01:25:46.114 10 INFO neutron.db.ovn_revision_numbers_db [None req-e222ee76-0a14-4da3-9039-4fbb0aebcdf5 0eeba1160bdb41448461231bf3b2aee0 6a4ddc12ff6044efa6a6bd9b595174c8 - - default default] Successfully bumped revision number for resource 6b9acb91-626d-47cc-9f06-a47e6a7bdd78 (type: security_group_rules) to 0
2026-04-23 01:25:46.128 9 INFO neutron.services.segments.plugin [-] Segment 329f6f7f-d0ae-4089-819e-6698d0613d25 resource provider aggregate not found
2026-04-23 01:25:46.138 9 INFO neutron.services.segments.plugin [-] Segment 329f6f7f-d0ae-4089-819e-6698d0613d25 resource provider aggregate not found
2026-04-23 01:25:46.144 9 INFO neutron.services.segments.plugin [-] Segment 329f6f7f-d0ae-4089-819e-6698d0613d25 resource provider not found; error: Placement Client Error (4xx): {"errors": [{"status": 404, "title": "Not Found", "detail": "The resource could not be found.\n\n No resource provider with uuid 329f6f7f-d0ae-4089-819e-6698d0613d25 found for delete ", "request_id": "req-862b332a-78db-4d3c-8297-89d744805937"}]}
2026-04-23 01:25:46.157 9 INFO neutron.services.segments.plugin [-] Segment 329f6f7f-d0ae-4089-819e-6698d0613d25 resource provider not found; error: Placement Client Error (4xx): {"errors": [{"status": 404, "title": "Not Found", "detail": "The resource could not be found.\n\n No resource provider with uuid 329f6f7f-d0ae-4089-819e-6698d0613d25 found for delete ", "request_id": "req-65d81a01-186d-4920-a509-bd18f637144b"}]}
2026-04-23 01:25:46.169 9 INFO neutron.wsgi [None req-17a2cf90-0354-4a88-9e8a-963ac46df70b d1f98069910b4e009e926e6f132c7e02 5e3a296b8d5541daa3c675e492ed7be5 - - default default] 10.0.0.68 "DELETE /v2.0/networks/2f1c5c70-0b7c-436e-895b-fac284e19eb6 HTTP/1.1" status: 204 len: 168 time: 0.4766159
2026-04-23 01:25:46.176 10 INFO neutron.db.ovn_revision_numbers_db [None req-e222ee76-0a14-4da3-9039-4fbb0aebcdf5 0eeba1160bdb41448461231bf3b2aee0 6a4ddc12ff6044efa6a6bd9b595174c8 - - default default] Successfully bumped revision number for resource b65a53c8-f957-4331-819c-65425748db44 (type: security_group_rules) to 0
2026-04-23 01:25:46.203 10 INFO neutron.wsgi [None req-e222ee76-0a14-4da3-9039-4fbb0aebcdf5 0eeba1160bdb41448461231bf3b2aee0 6a4ddc12ff6044efa6a6bd9b595174c8 - - default default] 10.0.0.68 "GET /v2.0/security-groups?tenant_id=41ed3b1fe08b4a60a763fd6a7369f9a6&name=default HTTP/1.1" status: 200 len: 3120 time: 0.6152081
2026-04-23 01:25:46.246 10 INFO neutron.wsgi [req-9afd7818-ff31-4afb-ab5a-eed068357548 req-aabd07f2-6a0a-4d3d-a5a8-6cccce3147e6 7f3eff79db4841309811e56bc8e7d489 9587ca99c4244e93ad5ce4af3a749ab2 - - default default] 10.0.0.146 "GET /v2.0/ports?device_id=6a72920d-d1a1-4e23-9315-a142362daa77 HTTP/1.1" status: 200 len: 1174 time: 0.1856279
2026-04-23 01:25:46.328 10 INFO neutron.wsgi [req-9afd7818-ff31-4afb-ab5a-eed068357548 req-6be10ec4-8bb3-4448-8f98-bd630f1f213a 7f3eff79db4841309811e56bc8e7d489 9587ca99c4244e93ad5ce4af3a749ab2 - - default default] 10.0.0.146 "GET /v2.0/security-groups?id=d14abb9e-f67a-4a0c-82c8-c0873a3a8eea&fields=id&fields=name HTTP/1.1" status: 200 len: 312 time: 0.0744843
2026-04-23 01:25:46.426 9 INFO neutron.wsgi [None req-1ee874c9-9954-435d-bd42-1d108be1f92b 0eeba1160bdb41448461231bf3b2aee0 6a4ddc12ff6044efa6a6bd9b595174c8 - - default default] 10.0.0.68 "DELETE /v2.0/security-groups/17cc330b-e729-4327-acab-0caf6c1920c9 HTTP/1.1" status: 204 len: 168 time: 0.2172642
2026-04-23 01:25:46.583 10 INFO neutron.db.ovn_revision_numbers_db [req-2b00654f-a250-4e6d-8751-a8f5d3480b34 req-d83e3156-474e-4b34-bad5-4c366d1a95a6 42cf36478136434db3270fcbc5344f56 b9ee4f74b5054b83875cc34b12576d9f - - a7ed30a739404a2197aa32eb983b8e68 a7ed30a739404a2197aa32eb983b8e68] Successfully bumped revision number for resource 6188fb46-e6b7-4cd3-8d36-641080352775 (type: ports) to 2 /var/lib/openstack/lib/python3.10/site-packages/pycadf/identifier.py:71: UserWarning: Invalid uuid: neutron. To ensure interoperability, identifiers should be a valid uuid. warnings.warn(('Invalid uuid: %s. To ensure interoperability, '
2026-04-23 01:25:46.799 10 INFO neutron.db.ovn_revision_numbers_db [req-2b00654f-a250-4e6d-8751-a8f5d3480b34 req-d83e3156-474e-4b34-bad5-4c366d1a95a6 42cf36478136434db3270fcbc5344f56 b9ee4f74b5054b83875cc34b12576d9f - - a7ed30a739404a2197aa32eb983b8e68 a7ed30a739404a2197aa32eb983b8e68] Successfully bumped revision number for resource 6188fb46-e6b7-4cd3-8d36-641080352775 (type: ports) to 2
2026-04-23 01:25:46.811 10 INFO neutron.wsgi [req-7a6d8306-fc50-4d18-9ad7-10617d568f7f req-f2f93c90-229d-4d57-84aa-81421581f32f 855b2a096e014d7b89b9d0fac3b95e30 4d13ed50923840a6983c23b858e93c40 - - default default] 10.0.0.146 "GET /v2.0/ports?device_id=8df2f8ae-d793-4306-9ae8-408c7555e838 HTTP/1.1" status: 200 len: 1172 time: 0.0404117
2026-04-23 01:25:46.822 10 INFO neutron.wsgi [req-2b00654f-a250-4e6d-8751-a8f5d3480b34 req-d83e3156-474e-4b34-bad5-4c366d1a95a6 42cf36478136434db3270fcbc5344f56 b9ee4f74b5054b83875cc34b12576d9f - - a7ed30a739404a2197aa32eb983b8e68 a7ed30a739404a2197aa32eb983b8e68] 199.204.45.22 "PUT /v2.0/ports/6188fb46-e6b7-4cd3-8d36-641080352775 HTTP/1.1" status: 200 len: 1380 time: 0.7790065
2026-04-23 01:25:46.869 10 INFO neutron.notifiers.nova [-] Nova event matching ['req-1b268b5c-9477-4489-8140-1f8679ae9746'] response: {'name': 'network-changed', 'server_uuid': '8df2f8ae-d793-4306-9ae8-408c7555e838', 'tag': '6188fb46-e6b7-4cd3-8d36-641080352775', 'status': 'completed', 'code': 200}
2026-04-23 01:25:46.877 10 INFO neutron.wsgi [req-7a6d8306-fc50-4d18-9ad7-10617d568f7f req-ff8b2b26-f479-4afe-bb9f-56829ed99a7f 855b2a096e014d7b89b9d0fac3b95e30 4d13ed50923840a6983c23b858e93c40 - - default default] 10.0.0.146 "GET /v2.0/security-groups?id=cdad8266-ea4f-4caa-b105-b490e95d1306&fields=id&fields=name HTTP/1.1" status: 200 len: 286 time: 0.0497417
2026-04-23 01:25:46.914 10 INFO neutron.wsgi [req-2b00654f-a250-4e6d-8751-a8f5d3480b34 req-e0cff485-3ace-48d1-8c8e-decc07b1adf9 42cf36478136434db3270fcbc5344f56 b9ee4f74b5054b83875cc34b12576d9f - - a7ed30a739404a2197aa32eb983b8e68 a7ed30a739404a2197aa32eb983b8e68] 199.204.45.22 "GET /v2.0/ports?tenant_id=4d13ed50923840a6983c23b858e93c40&device_id=8df2f8ae-d793-4306-9ae8-408c7555e838 HTTP/1.1" status: 200 len: 1411 time: 0.0439620
2026-04-23 01:25:46.917 10 INFO neutron.wsgi [None req-326efe11-6760-4e79-aeb5-febd0a78966a 0eeba1160bdb41448461231bf3b2aee0 6a4ddc12ff6044efa6a6bd9b595174c8 - - default default] 10.0.0.68 "GET /v2.0/security-groups?tenant_id=5e3a296b8d5541daa3c675e492ed7be5&name=default HTTP/1.1" status: 200 len: 3120 time: 0.2634606
2026-04-23 01:25:46.953 10 INFO neutron.wsgi [req-2b00654f-a250-4e6d-8751-a8f5d3480b34 req-c82a22fa-a71d-47d9-a90f-ec58237b0b9e 42cf36478136434db3270fcbc5344f56 b9ee4f74b5054b83875cc34b12576d9f - - a7ed30a739404a2197aa32eb983b8e68 a7ed30a739404a2197aa32eb983b8e68] 199.204.45.22 "GET /v2.0/floatingips?fixed_ip_address=10.100.0.11&port_id=6188fb46-e6b7-4cd3-8d36-641080352775 HTTP/1.1" status: 200 len: 217 time: 0.0333350
2026-04-23 01:25:47.007 10 INFO neutron.wsgi [req-2b00654f-a250-4e6d-8751-a8f5d3480b34 req-af5084fb-b807-4599-b174-4dc37eea137c 42cf36478136434db3270fcbc5344f56 b9ee4f74b5054b83875cc34b12576d9f - - a7ed30a739404a2197aa32eb983b8e68 a7ed30a739404a2197aa32eb983b8e68] 199.204.45.22 "GET /v2.0/subnets?id=63efaa04-c511-48da-8daf-022468eb8603 HTTP/1.1" status: 200 len: 866 time: 0.0495133
2026-04-23 01:25:47.034 10 INFO neutron.wsgi [req-2b00654f-a250-4e6d-8751-a8f5d3480b34 req-fdccbbb8-966b-4620-9782-0f698136e70f 42cf36478136434db3270fcbc5344f56 b9ee4f74b5054b83875cc34b12576d9f - - a7ed30a739404a2197aa32eb983b8e68 a7ed30a739404a2197aa32eb983b8e68] 199.204.45.22 "GET /v2.0/ports?network_id=09da72d2-0d6e-4827-9b11-3170b4a47407&device_owner=network%3Adhcp HTTP/1.1" status: 200 len: 210 time: 0.0192235
2026-04-23 01:25:47.103 10 INFO neutron.wsgi [req-2b00654f-a250-4e6d-8751-a8f5d3480b34 req-272aaec6-6c14-47e8-ad78-4de7faa68aba 42cf36478136434db3270fcbc5344f56 b9ee4f74b5054b83875cc34b12576d9f - - a7ed30a739404a2197aa32eb983b8e68 a7ed30a739404a2197aa32eb983b8e68] 199.204.45.22 "GET /v2.0/networks/09da72d2-0d6e-4827-9b11-3170b4a47407?fields=segments HTTP/1.1" status: 200 len: 212 time: 0.0596442
2026-04-23 01:25:47.162 10 INFO neutron.wsgi [req-2b00654f-a250-4e6d-8751-a8f5d3480b34 req-3f5a57e3-bbd4-4967-939d-381b40e64246 42cf36478136434db3270fcbc5344f56 b9ee4f74b5054b83875cc34b12576d9f - - a7ed30a739404a2197aa32eb983b8e68 a7ed30a739404a2197aa32eb983b8e68] 199.204.45.22 "GET /v2.0/networks/09da72d2-0d6e-4827-9b11-3170b4a47407?fields=provider%3Aphysical_network&fields=provider%3Anetwork_type HTTP/1.1" status: 200 len: 277 time: 0.0529242
2026-04-23 01:25:47.168 9 INFO neutron.wsgi [None req-79921dfa-68d3-4c85-8248-3b4eb9d7fda9 0eeba1160bdb41448461231bf3b2aee0 6a4ddc12ff6044efa6a6bd9b595174c8 - - default default] 10.0.0.68 "DELETE /v2.0/security-groups/2af7b743-c879-400d-83df-406ee08d8c85 HTTP/1.1" status: 204 len: 168 time: 0.2456415
2026-04-23 01:25:47.240 10 INFO neutron.wsgi [req-e2c47a7c-e592-4a8b-9047-8948cd2ac969 req-1eeef57d-1311-4b72-9e4f-562989957458 42cf36478136434db3270fcbc5344f56 b9ee4f74b5054b83875cc34b12576d9f - - a7ed30a739404a2197aa32eb983b8e68 a7ed30a739404a2197aa32eb983b8e68] 199.204.45.22 "GET /v2.0/ports?tenant_id=4d13ed50923840a6983c23b858e93c40&device_id=8df2f8ae-d793-4306-9ae8-408c7555e838 HTTP/1.1" status: 200 len: 1411 time: 0.0408342
2026-04-23 01:25:47.311 10 INFO neutron.wsgi [req-e2c47a7c-e592-4a8b-9047-8948cd2ac969 req-340d2225-77d7-4731-97b4-83f1296c8b52 42cf36478136434db3270fcbc5344f56 b9ee4f74b5054b83875cc34b12576d9f - - a7ed30a739404a2197aa32eb983b8e68 a7ed30a739404a2197aa32eb983b8e68] 199.204.45.22 "GET /v2.0/networks?id=09da72d2-0d6e-4827-9b11-3170b4a47407 HTTP/1.1" status: 200 len: 971 time: 0.0669329
2026-04-23 01:25:47.349 10 INFO neutron.wsgi [req-e2c47a7c-e592-4a8b-9047-8948cd2ac969 req-f0165f98-a22f-4839-a832-cfa84ae8a0d2 42cf36478136434db3270fcbc5344f56 b9ee4f74b5054b83875cc34b12576d9f - - a7ed30a739404a2197aa32eb983b8e68 a7ed30a739404a2197aa32eb983b8e68] 199.204.45.22 "GET /v2.0/floatingips?fixed_ip_address=10.100.0.11&port_id=6188fb46-e6b7-4cd3-8d36-641080352775 HTTP/1.1" status: 200 len: 217 time: 0.0324910
2026-04-23 01:25:47.378 9 INFO neutron.plugins.ml2.drivers.ovn.mech_driver.mech_driver [None req-3fc36076-e92a-4a78-9ce5-9190947797b2 - - - - - -] OVN reports status up for port: 6188fb46-e6b7-4cd3-8d36-641080352775
2026-04-23 01:25:47.389 9 INFO neutron.plugins.ml2.plugin [None req-3fc36076-e92a-4a78-9ce5-9190947797b2 - - - - - -] Attempt 1 to provision port 6188fb46-e6b7-4cd3-8d36-641080352775
2026-04-23 01:25:47.407 10 INFO neutron.wsgi [req-e2c47a7c-e592-4a8b-9047-8948cd2ac969 req-817cc899-9ffa-4cf5-a9dc-0f9d4696438e 42cf36478136434db3270fcbc5344f56 b9ee4f74b5054b83875cc34b12576d9f - - a7ed30a739404a2197aa32eb983b8e68 a7ed30a739404a2197aa32eb983b8e68] 199.204.45.22 "GET /v2.0/subnets?id=63efaa04-c511-48da-8daf-022468eb8603 HTTP/1.1" status: 200 len: 866 time: 0.0528698
2026-04-23 01:25:47.454 10 INFO neutron.wsgi [req-e2c47a7c-e592-4a8b-9047-8948cd2ac969 req-c98535d2-641f-46c9-82f0-4704fa671502 42cf36478136434db3270fcbc5344f56 b9ee4f74b5054b83875cc34b12576d9f - - a7ed30a739404a2197aa32eb983b8e68 a7ed30a739404a2197aa32eb983b8e68] 199.204.45.22 "GET /v2.0/ports?network_id=09da72d2-0d6e-4827-9b11-3170b4a47407&device_owner=network%3Adhcp HTTP/1.1" status: 200 len: 210 time: 0.0413234
2026-04-23 01:25:47.475 10 INFO neutron.wsgi [-] 10.0.0.100 "GET / HTTP/1.1" status: 200 len: 246 time: 0.0016317
2026-04-23 01:25:47.478 10 INFO neutron.wsgi [-] 10.0.0.100 "GET / HTTP/1.1" status: 200 len: 246 time: 0.0013947
2026-04-23 01:25:47.527 10 INFO neutron.wsgi [req-e2c47a7c-e592-4a8b-9047-8948cd2ac969 req-e292d5b2-fd10-4228-a5a8-50ff7ef27a50 42cf36478136434db3270fcbc5344f56 b9ee4f74b5054b83875cc34b12576d9f - - a7ed30a739404a2197aa32eb983b8e68 a7ed30a739404a2197aa32eb983b8e68] 199.204.45.22 "GET /v2.0/networks/09da72d2-0d6e-4827-9b11-3170b4a47407?fields=segments HTTP/1.1" status: 200 len: 212 time: 0.0667622
2026-04-23 01:25:47.577 9 INFO neutron.notifiers.nova [-] Nova event matching ['req-433d33fc-261f-4822-9b55-6e70d25d4073'] response: {'server_uuid': '8df2f8ae-d793-4306-9ae8-408c7555e838', 'name': 'network-vif-plugged', 'status': 'completed', 'tag': '6188fb46-e6b7-4cd3-8d36-641080352775', 'code': 200}
2026-04-23 01:25:47.630 10 INFO neutron.wsgi [req-e2c47a7c-e592-4a8b-9047-8948cd2ac969 req-36367bf0-3563-48e8-a517-ead945881ae9 42cf36478136434db3270fcbc5344f56 b9ee4f74b5054b83875cc34b12576d9f - - a7ed30a739404a2197aa32eb983b8e68 a7ed30a739404a2197aa32eb983b8e68] 199.204.45.22 "GET /v2.0/networks/09da72d2-0d6e-4827-9b11-3170b4a47407?fields=provider%3Aphysical_network&fields=provider%3Anetwork_type HTTP/1.1" status: 200 len: 277 time: 0.0974512
2026-04-23 01:25:47.763 9 INFO neutron.db.ovn_revision_numbers_db [None req-3fc36076-e92a-4a78-9ce5-9190947797b2 - - - - - -] Successfully bumped revision number for resource 6188fb46-e6b7-4cd3-8d36-641080352775 (type: ports) to 4
2026-04-23 01:25:47.991 10 INFO neutron.wsgi [req-865c1b99-e7cc-44fe-bbac-bc765cb5e4d8 req-09a33668-fc77-4002-b12f-99548587941e 855b2a096e014d7b89b9d0fac3b95e30 4d13ed50923840a6983c23b858e93c40 - - default default] 10.0.0.146 "GET /v2.0/ports?device_id=8df2f8ae-d793-4306-9ae8-408c7555e838 HTTP/1.1" status: 200 len: 1174 time: 0.0503471
2026-04-23 01:25:48.036 10 INFO neutron.wsgi [req-865c1b99-e7cc-44fe-bbac-bc765cb5e4d8 req-3c9577e3-143f-48c2-93b1-71c92ebe4d1b 855b2a096e014d7b89b9d0fac3b95e30 4d13ed50923840a6983c23b858e93c40 - - default default] 10.0.0.146 "GET /v2.0/security-groups?id=cdad8266-ea4f-4caa-b105-b490e95d1306&fields=id&fields=name HTTP/1.1" status: 200 len: 286 time: 0.0370665
2026-04-23 01:25:48.087 10 WARNING neutron.plugins.ml2.drivers.ovn.mech_driver.ovsdb.ovn_client [None req-8d099bd5-3702-4535-9a1e-086901901d26 - - - - - -] No hosting information found for port 93351051-2591-4e3f-9f6b-6d4afe72fb6b: RuntimeError: No hosting information found for port 93351051-2591-4e3f-9f6b-6d4afe72fb6b
2026-04-23 01:25:48.088 10 INFO neutron.plugins.ml2.drivers.ovn.mech_driver.mech_driver [None req-8d099bd5-3702-4535-9a1e-086901901d26 - - - - - -] OVN reports status down for port: 081d5163-5c38-4f63-8e56-5e5b779aa0e6
2026-04-23 01:25:48.420 10 INFO neutron.db.ovn_revision_numbers_db [None req-8d099bd5-3702-4535-9a1e-086901901d26 - - - - - -] Successfully bumped revision number for resource 081d5163-5c38-4f63-8e56-5e5b779aa0e6 (type: ports) to 5
2026-04-23 01:25:48.438 10 WARNING neutron.plugins.ml2.drivers.ovn.mech_driver.ovsdb.ovn_client [None req-8d099bd5-3702-4535-9a1e-086901901d26 - - - - - -] Logical_Switch_Port %s host information not removed, the port state is up
2026-04-23 01:25:48.439 10 INFO neutron.plugins.ml2.drivers.ovn.mech_driver.mech_driver [None req-8d099bd5-3702-4535-9a1e-086901901d26 - - - - - -] OVN reports status up for port: 081d5163-5c38-4f63-8e56-5e5b779aa0e6
2026-04-23 01:25:48.463 10 WARNING neutron_lib.context [None req-27f3e327-c543-4874-b07d-38f7f937c958 9f92a2efad4f4c13af8990e285ea13b4 7c7749138b154b7e89399dbd7714e147 - - default default] Method 'is_advsvc' is deprecated since 2023.2 release (neutron-lib 3.8.0) and will be removed once support for the old RBAC API policies will be removed from Neutron. Please use method 'is_service_role' instead.
2026-04-23 01:25:48.474 10 INFO neutron.plugins.ml2.plugin [None req-8d099bd5-3702-4535-9a1e-086901901d26 - - - - - -] Attempt 1 to provision port 081d5163-5c38-4f63-8e56-5e5b779aa0e6
2026-04-23 01:25:48.650 10 INFO neutron.db.ovn_revision_numbers_db [None req-27f3e327-c543-4874-b07d-38f7f937c958 9f92a2efad4f4c13af8990e285ea13b4 7c7749138b154b7e89399dbd7714e147 - - default default] Successfully bumped revision number for resource f4bf44e7-4225-419f-8f7a-03aa70606355 (type: security_groups) to 1
2026-04-23 01:25:48.672 10 INFO neutron.db.ovn_revision_numbers_db [None req-27f3e327-c543-4874-b07d-38f7f937c958 9f92a2efad4f4c13af8990e285ea13b4 7c7749138b154b7e89399dbd7714e147 - - default default] Successfully bumped revision number for resource 0ce4c922-a4bd-4577-b0ab-4e11fbbdab8f (type: security_group_rules) to 0
2026-04-23 01:25:48.690 10 INFO neutron.db.ovn_revision_numbers_db [None req-27f3e327-c543-4874-b07d-38f7f937c958 9f92a2efad4f4c13af8990e285ea13b4 7c7749138b154b7e89399dbd7714e147 - - default default] Successfully bumped revision number for resource 26f5b3f6-0ecd-4f86-9d6e-96aa07a7ea71 (type: security_group_rules) to 0
2026-04-23 01:25:48.716 10 INFO neutron.db.ovn_revision_numbers_db [None req-27f3e327-c543-4874-b07d-38f7f937c958 9f92a2efad4f4c13af8990e285ea13b4 7c7749138b154b7e89399dbd7714e147 - - default default] Successfully bumped revision number for resource c190b578-c68c-4f9c-8bbb-72984ad7351f (type: security_group_rules) to 0
2026-04-23 01:25:48.735 10 INFO neutron.db.ovn_revision_numbers_db [None req-27f3e327-c543-4874-b07d-38f7f937c958 9f92a2efad4f4c13af8990e285ea13b4 7c7749138b154b7e89399dbd7714e147 - - default default] Successfully bumped revision number for resource f2ac49d9-5bd9-4224-98dc-6f28780d1bae (type: security_group_rules) to 0
2026-04-23 01:25:48.790 10 INFO neutron.db.segments_db [None req-27f3e327-c543-4874-b07d-38f7f937c958 9f92a2efad4f4c13af8990e285ea13b4 7c7749138b154b7e89399dbd7714e147 - - default default] Added segment bb989052-8b95-4b1b-9fa9-d5ca7c1d1496 of type geneve for network 9dbcf155-185d-4099-8a65-56f3f5e44926
2026-04-23 01:25:48.793 10 INFO neutron.db.ovn_revision_numbers_db [None req-8d099bd5-3702-4535-9a1e-086901901d26 - - - - - -] Successfully bumped revision number for resource 081d5163-5c38-4f63-8e56-5e5b779aa0e6 (type: ports) to 6
2026-04-23 01:25:48.919 10 INFO neutron.notifiers.nova [-] Nova event matching ['req-6b032d01-914a-464f-b085-85499773c717'] response: {'server_uuid': '6a72920d-d1a1-4e23-9315-a142362daa77', 'name': 'network-vif-unplugged', 'status': 'completed', 'tag': '081d5163-5c38-4f63-8e56-5e5b779aa0e6', 'code': 200}
2026-04-23 01:25:48.920 10 INFO neutron.notifiers.nova [-] Nova event matching ['req-6b032d01-914a-464f-b085-85499773c717'] response: {'server_uuid': '6a72920d-d1a1-4e23-9315-a142362daa77', 'name': 'network-vif-unplugged', 'status': 'completed', 'tag': '081d5163-5c38-4f63-8e56-5e5b779aa0e6', 'code': 200}
2026-04-23 01:25:48.920 10 INFO neutron.notifiers.nova [-] Nova event matching ['req-6b032d01-914a-464f-b085-85499773c717'] response: {'server_uuid': '6a72920d-d1a1-4e23-9315-a142362daa77', 'name': 'network-vif-plugged', 'status': 'completed', 'tag': '081d5163-5c38-4f63-8e56-5e5b779aa0e6', 'code': 200}
2026-04-23 01:25:48.920 10 INFO neutron.notifiers.nova [-] Nova event matching ['req-6b032d01-914a-464f-b085-85499773c717'] response: {'server_uuid': '6a72920d-d1a1-4e23-9315-a142362daa77', 'name': 'network-vif-plugged', 'status': 'completed', 'tag': '081d5163-5c38-4f63-8e56-5e5b779aa0e6', 'code': 200}
2026-04-23 01:25:48.970 10 INFO neutron.db.ovn_revision_numbers_db [None req-27f3e327-c543-4874-b07d-38f7f937c958 9f92a2efad4f4c13af8990e285ea13b4 7c7749138b154b7e89399dbd7714e147 - - default default] Successfully bumped revision number for resource 9dbcf155-185d-4099-8a65-56f3f5e44926 (type: networks) to 1 /var/lib/openstack/lib/python3.10/site-packages/pycadf/identifier.py:71: UserWarning: Invalid uuid: neutron. To ensure interoperability, identifiers should be a valid uuid. warnings.warn(('Invalid uuid: %s. To ensure interoperability, '
2026-04-23 01:25:49.004 10 WARNING neutron_lib.context [None req-c8eeb9e3-256e-4719-8017-e92eb15c0652 c43deb417252493a93a95dfe8987880d 8194516fed2c4001bacb0051c896b499 - - default default] Method 'is_advsvc' is deprecated since 2023.2 release (neutron-lib 3.8.0) and will be removed once support for the old RBAC API policies will be removed from Neutron. Please use method 'is_service_role' instead.
2026-04-23 01:25:49.152 10 INFO neutron.wsgi [req-a8c460d1-b4f4-46a9-a896-64f482d3f6a4 req-7049eab8-ec38-45ae-b60e-cfcb7a27e610 855b2a096e014d7b89b9d0fac3b95e30 4d13ed50923840a6983c23b858e93c40 - - default default] 10.0.0.146 "GET /v2.0/ports?device_id=8df2f8ae-d793-4306-9ae8-408c7555e838 HTTP/1.1" status: 200 len: 1174 time: 0.0451999
2026-04-23 01:25:49.182 10 WARNING neutron.scheduler.dhcp_agent_scheduler [None req-27f3e327-c543-4874-b07d-38f7f937c958 9f92a2efad4f4c13af8990e285ea13b4 7c7749138b154b7e89399dbd7714e147 - - default default] No more DHCP agents
2026-04-23 01:25:49.186 10 WARNING neutron.api.rpc.agentnotifiers.dhcp_rpc_agent_api [None req-27f3e327-c543-4874-b07d-38f7f937c958 9f92a2efad4f4c13af8990e285ea13b4 7c7749138b154b7e89399dbd7714e147 - - default default] Unable to schedule network 9dbcf155-185d-4099-8a65-56f3f5e44926: no agents available; will retry on subsequent port and subnet creation events.
2026-04-23 01:25:49.268 10 INFO neutron.wsgi [req-a8c460d1-b4f4-46a9-a896-64f482d3f6a4 req-44597f46-37e5-4b35-bc08-4d8d192cea87 855b2a096e014d7b89b9d0fac3b95e30 4d13ed50923840a6983c23b858e93c40 - - default default] 10.0.0.146 "GET /v2.0/security-groups?id=cdad8266-ea4f-4caa-b105-b490e95d1306&fields=id&fields=name HTTP/1.1" status: 200 len: 286 time: 0.1060414
2026-04-23 01:25:49.315 10 INFO neutron.db.ovn_revision_numbers_db [None req-27f3e327-c543-4874-b07d-38f7f937c958 9f92a2efad4f4c13af8990e285ea13b4 7c7749138b154b7e89399dbd7714e147 - - default default] Successfully bumped revision number for resource 91e01aca-d906-4441-8faf-9b506b8f07d6 (type: ports) to 1
2026-04-23 01:25:49.317 10 INFO neutron.db.ovn_revision_numbers_db [None req-c8eeb9e3-256e-4719-8017-e92eb15c0652 c43deb417252493a93a95dfe8987880d 8194516fed2c4001bacb0051c896b499 - - default default] Successfully bumped revision number for resource f4fc6158-8781-4ac0-9a9c-d1308d05cbbd (type: security_groups) to 1
2026-04-23 01:25:49.336 10 INFO neutron.db.ovn_revision_numbers_db [None req-c8eeb9e3-256e-4719-8017-e92eb15c0652 c43deb417252493a93a95dfe8987880d 8194516fed2c4001bacb0051c896b499 - - default default] Successfully bumped revision number for resource 8483ad87-6c3d-4c88-837c-f8a859b0d1ec (type: security_group_rules) to 0
2026-04-23 01:25:49.345 10 INFO neutron.wsgi [None req-27f3e327-c543-4874-b07d-38f7f937c958 9f92a2efad4f4c13af8990e285ea13b4 7c7749138b154b7e89399dbd7714e147 - - default default] 10.0.0.68 "POST /v2.0/networks HTTP/1.1" status: 201 len: 846 time: 1.1040487
2026-04-23 01:25:49.352 10 INFO neutron.db.ovn_revision_numbers_db [None req-c8eeb9e3-256e-4719-8017-e92eb15c0652 c43deb417252493a93a95dfe8987880d 8194516fed2c4001bacb0051c896b499 - - default default] Successfully bumped revision number for resource 87925fff-d2b5-415d-affd-ab2ad6cf3c2c (type: security_group_rules) to 0
2026-04-23 01:25:49.372 10 INFO neutron.db.ovn_revision_numbers_db [None req-c8eeb9e3-256e-4719-8017-e92eb15c0652 c43deb417252493a93a95dfe8987880d 8194516fed2c4001bacb0051c896b499 - - default default] Successfully bumped revision number for resource dd4bdb53-b594-4350-9057-adc69f596a06 (type: security_group_rules) to 0
2026-04-23 01:25:49.393 10 INFO neutron.db.ovn_revision_numbers_db [None req-c8eeb9e3-256e-4719-8017-e92eb15c0652 c43deb417252493a93a95dfe8987880d 8194516fed2c4001bacb0051c896b499 - - default default] Successfully bumped revision number for resource e7c772bf-01e0-4369-990a-6594be082039 (type: security_group_rules) to 0
2026-04-23 01:25:49.451 10 INFO neutron.db.segments_db [None req-c8eeb9e3-256e-4719-8017-e92eb15c0652 c43deb417252493a93a95dfe8987880d 8194516fed2c4001bacb0051c896b499 - - default default] Added segment b266f7e9-68fe-48ab-afd3-5d1d3a1eb86c of type geneve for network e841cb16-8b9c-4678-b28b-b92adf87f12a
2026-04-23 01:25:49.608 10 INFO neutron.db.ovn_revision_numbers_db [None req-c8eeb9e3-256e-4719-8017-e92eb15c0652 c43deb417252493a93a95dfe8987880d 8194516fed2c4001bacb0051c896b499 - - default default] Successfully bumped revision number for resource e841cb16-8b9c-4678-b28b-b92adf87f12a (type: networks) to 1
2026-04-23 01:25:49.618 9 INFO neutron.notifiers.nova [-] Nova event matching ['req-40733951-98b4-4029-bc53-7c0463ff6a0a'] response: {'server_uuid': '8df2f8ae-d793-4306-9ae8-408c7555e838', 'name': 'network-vif-plugged', 'status': 'completed', 'tag': '6188fb46-e6b7-4cd3-8d36-641080352775', 'code': 200}
2026-04-23 01:25:49.769 9 INFO neutron.plugins.ml2.drivers.ovn.mech_driver.mech_driver [None req-3fc36076-e92a-4a78-9ce5-9190947797b2 - - - - - -] OVN reports status down for port: 6188fb46-e6b7-4cd3-8d36-641080352775
2026-04-23 01:25:49.813 10 WARNING neutron_lib.context [None req-9cbf4ac6-0bb8-4641-95f5-ad505579eb09 9f92a2efad4f4c13af8990e285ea13b4 7c7749138b154b7e89399dbd7714e147 - - default default] Method 'is_advsvc' is deprecated since 2023.2 release (neutron-lib 3.8.0) and will be removed once support for the old RBAC API policies will be removed from Neutron. Please use method 'is_service_role' instead.
2026-04-23 01:25:50.074 9 INFO neutron.db.ovn_revision_numbers_db [None req-3fc36076-e92a-4a78-9ce5-9190947797b2 - - - - - -] Successfully bumped revision number for resource 6188fb46-e6b7-4cd3-8d36-641080352775 (type: ports) to 5
2026-04-23 01:25:50.107 10 WARNING neutron.scheduler.dhcp_agent_scheduler [None req-c8eeb9e3-256e-4719-8017-e92eb15c0652 c43deb417252493a93a95dfe8987880d 8194516fed2c4001bacb0051c896b499 - - default default] No more DHCP agents
2026-04-23 01:25:50.122 10 WARNING neutron.api.rpc.agentnotifiers.dhcp_rpc_agent_api [None req-c8eeb9e3-256e-4719-8017-e92eb15c0652 c43deb417252493a93a95dfe8987880d 8194516fed2c4001bacb0051c896b499 - - default default] Unable to schedule network e841cb16-8b9c-4678-b28b-b92adf87f12a: no agents available; will retry on subsequent port and subnet creation events.
2026-04-23 01:25:50.145 10 INFO neutron.wsgi [req-4c3a0bed-df72-4474-b782-8a6f6dfedc18 req-c9d87808-82a9-4b27-97b4-2fd6997a13be 855b2a096e014d7b89b9d0fac3b95e30 4d13ed50923840a6983c23b858e93c40 - - default default] 10.0.0.146 "GET /v2.0/ports?device_id=8df2f8ae-d793-4306-9ae8-408c7555e838 HTTP/1.1" status: 200 len: 1174 time: 0.4044087
2026-04-23 01:25:50.152 10 INFO neutron.wsgi [req-03401972-45de-42b8-a68e-42598f09fa81 req-f909aa6c-4b37-4394-889c-5a67337e220d 855b2a096e014d7b89b9d0fac3b95e30 4d13ed50923840a6983c23b858e93c40 - - default default] 199.204.45.22 "GET /v2.0/ports?device_id=8df2f8ae-d793-4306-9ae8-408c7555e838 HTTP/1.1" status: 200 len: 1172 time: 0.0920997
2026-04-23 01:25:50.307 10 INFO neutron.wsgi [req-4c3a0bed-df72-4474-b782-8a6f6dfedc18 req-1457e24d-30c1-43f7-bc51-1e6f0922a159 855b2a096e014d7b89b9d0fac3b95e30 4d13ed50923840a6983c23b858e93c40 - - default default] 10.0.0.146 "GET /v2.0/security-groups?id=cdad8266-ea4f-4caa-b105-b490e95d1306&fields=id&fields=name HTTP/1.1" status: 200 len: 286 time: 0.1472356
2026-04-23 01:25:50.342 10 INFO neutron.db.ovn_revision_numbers_db [None req-c8eeb9e3-256e-4719-8017-e92eb15c0652 c43deb417252493a93a95dfe8987880d 8194516fed2c4001bacb0051c896b499 - - default default] Successfully bumped revision number for resource 21bc4e3a-30a1-496c-a071-acf64437f64a (type: ports) to 1
2026-04-23 01:25:50.383 10 INFO neutron.wsgi [None req-c8eeb9e3-256e-4719-8017-e92eb15c0652 c43deb417252493a93a95dfe8987880d 8194516fed2c4001bacb0051c896b499 - - default default] 10.0.0.68 "POST /v2.0/networks HTTP/1.1" status: 201 len: 831 time: 1.4694741 /var/lib/openstack/lib/python3.10/site-packages/pycadf/identifier.py:71: UserWarning: Invalid uuid: neutron. To ensure interoperability, identifiers should be a valid uuid. warnings.warn(('Invalid uuid: %s. To ensure interoperability, '
2026-04-23 01:25:50.395 9 WARNING neutron_lib.context [None req-6fc7c830-3c87-40cc-9868-d8478bbff5a1 c43deb417252493a93a95dfe8987880d 8194516fed2c4001bacb0051c896b499 - - default default] Method 'is_advsvc' is deprecated since 2023.2 release (neutron-lib 3.8.0) and will be removed once support for the old RBAC API policies will be removed from Neutron. Please use method 'is_service_role' instead.
2026-04-23 01:25:50.482 9 INFO neutron.db.segments_db [None req-6fc7c830-3c87-40cc-9868-d8478bbff5a1 c43deb417252493a93a95dfe8987880d 8194516fed2c4001bacb0051c896b499 - - default default] Added segment 04e5c670-067c-42b6-bc96-3643abec4db4 of type geneve for network f41c650d-c9ab-4352-9346-27db03c7a3c6
2026-04-23 01:25:50.499 10 WARNING neutron.scheduler.dhcp_agent_scheduler [None req-9cbf4ac6-0bb8-4641-95f5-ad505579eb09 9f92a2efad4f4c13af8990e285ea13b4 7c7749138b154b7e89399dbd7714e147 - - default default] No more DHCP agents
2026-04-23 01:25:50.500 10 WARNING neutron.api.rpc.agentnotifiers.dhcp_rpc_agent_api [None req-9cbf4ac6-0bb8-4641-95f5-ad505579eb09 9f92a2efad4f4c13af8990e285ea13b4 7c7749138b154b7e89399dbd7714e147 - - default default] Unable to schedule network 9dbcf155-185d-4099-8a65-56f3f5e44926: no agents available; will retry on subsequent port and subnet creation events.
2026-04-23 01:25:50.534 10 INFO neutron.db.ovn_revision_numbers_db [None req-9cbf4ac6-0bb8-4641-95f5-ad505579eb09 9f92a2efad4f4c13af8990e285ea13b4 7c7749138b154b7e89399dbd7714e147 - - default default] Successfully bumped revision number for resource efe93fa2-509f-4b79-9c40-68db0552db02 (type: subnets) to 0
2026-04-23 01:25:50.553 10 INFO neutron.wsgi [None req-9cbf4ac6-0bb8-4641-95f5-ad505579eb09 9f92a2efad4f4c13af8990e285ea13b4 7c7749138b154b7e89399dbd7714e147 - - default default] 10.0.0.68 "POST /v2.0/subnets HTTP/1.1" status: 201 len: 848 time: 0.7516031
2026-04-23 01:25:50.563 9 WARNING neutron_lib.context [None req-9d988e2e-b1f8-408c-87fe-7b659d1e3162 9f92a2efad4f4c13af8990e285ea13b4 7c7749138b154b7e89399dbd7714e147 - - default default] Method 'is_advsvc' is deprecated since 2023.2 release (neutron-lib 3.8.0) and will be removed once support for the old RBAC API policies will be removed from Neutron. Please use method 'is_service_role' instead.
2026-04-23 01:25:50.610 10 INFO neutron.wsgi [req-03401972-45de-42b8-a68e-42598f09fa81 req-caa9a5c8-80cc-43f3-a3f4-55f3195ecfc1 855b2a096e014d7b89b9d0fac3b95e30 4d13ed50923840a6983c23b858e93c40 - - default default] 199.204.45.22 "DELETE /v2.0/ports/6188fb46-e6b7-4cd3-8d36-641080352775 HTTP/1.1" status: 204 len: 173 time: 0.4495673
2026-04-23 01:25:50.649 9 INFO neutron.db.ovn_revision_numbers_db [None req-6fc7c830-3c87-40cc-9868-d8478bbff5a1 c43deb417252493a93a95dfe8987880d 8194516fed2c4001bacb0051c896b499 - - default default] Successfully bumped revision number for resource f41c650d-c9ab-4352-9346-27db03c7a3c6 (type: networks) to 1
2026-04-23 01:25:50.687 9 INFO neutron.db.segments_db [None req-9d988e2e-b1f8-408c-87fe-7b659d1e3162 9f92a2efad4f4c13af8990e285ea13b4 7c7749138b154b7e89399dbd7714e147 - - default default] Added segment dc0655a2-7c6a-4906-92f9-d242406a11e9 of type geneve for network 154914a5-6c62-4785-b99f-d909f697f916
2026-04-23 01:25:50.897 9 WARNING neutron.scheduler.dhcp_agent_scheduler [None req-6fc7c830-3c87-40cc-9868-d8478bbff5a1 c43deb417252493a93a95dfe8987880d 8194516fed2c4001bacb0051c896b499 - - default default] No more DHCP agents
2026-04-23 01:25:50.900 9 WARNING neutron.api.rpc.agentnotifiers.dhcp_rpc_agent_api [None req-6fc7c830-3c87-40cc-9868-d8478bbff5a1 c43deb417252493a93a95dfe8987880d 8194516fed2c4001bacb0051c896b499 - - default default] Unable to schedule network f41c650d-c9ab-4352-9346-27db03c7a3c6: no agents available; will retry on subsequent port and subnet creation events.
2026-04-23 01:25:50.902 9 INFO neutron.db.ovn_revision_numbers_db [None req-9d988e2e-b1f8-408c-87fe-7b659d1e3162 9f92a2efad4f4c13af8990e285ea13b4 7c7749138b154b7e89399dbd7714e147 - - default default] Successfully bumped revision number for resource 154914a5-6c62-4785-b99f-d909f697f916 (type: networks) to 1
2026-04-23 01:25:50.966 10 INFO neutron.notifiers.nova [-] Nova event matching ['req-9b4a9fcd-5802-45d0-a37d-7c2d49a81b41'] response: {'server_uuid': '8df2f8ae-d793-4306-9ae8-408c7555e838', 'name': 'network-vif-deleted', 'tag': '6188fb46-e6b7-4cd3-8d36-641080352775', 'status': 'completed', 'code': 200}
2026-04-23 01:25:51.249 9 INFO neutron.db.ovn_revision_numbers_db [None req-6fc7c830-3c87-40cc-9868-d8478bbff5a1 c43deb417252493a93a95dfe8987880d 8194516fed2c4001bacb0051c896b499 - - default default] Successfully bumped revision number for resource 802c42ea-f0c3-40bb-8766-30efd821a2e5 (type: ports) to 1
2026-04-23 01:25:51.280 9 INFO neutron.wsgi [None req-6fc7c830-3c87-40cc-9868-d8478bbff5a1 c43deb417252493a93a95dfe8987880d 8194516fed2c4001bacb0051c896b499 - - default default] 10.0.0.68 "POST /v2.0/networks HTTP/1.1" status: 201 len: 833 time: 0.8915193
2026-04-23 01:25:51.290 9 WARNING neutron_lib.context [None req-bd62d79f-773f-43e4-82ce-8c7200d4f05f c43deb417252493a93a95dfe8987880d 8194516fed2c4001bacb0051c896b499 - - default default] Method 'is_advsvc' is deprecated since 2023.2 release (neutron-lib 3.8.0) and will be removed once support for the old RBAC API policies will be removed from Neutron. Please use method 'is_service_role' instead.
2026-04-23 01:25:51.373 9 WARNING neutron.scheduler.dhcp_agent_scheduler [None req-9d988e2e-b1f8-408c-87fe-7b659d1e3162 9f92a2efad4f4c13af8990e285ea13b4 7c7749138b154b7e89399dbd7714e147 - - default default] No more DHCP agents
2026-04-23 01:25:51.375 9 WARNING neutron.api.rpc.agentnotifiers.dhcp_rpc_agent_api [None req-9d988e2e-b1f8-408c-87fe-7b659d1e3162 9f92a2efad4f4c13af8990e285ea13b4 7c7749138b154b7e89399dbd7714e147 - - default default] Unable to schedule network 154914a5-6c62-4785-b99f-d909f697f916: no agents available; will retry on subsequent port and subnet creation events.
2026-04-23 01:25:51.498 9 INFO neutron.db.ovn_revision_numbers_db [None req-9d988e2e-b1f8-408c-87fe-7b659d1e3162 9f92a2efad4f4c13af8990e285ea13b4 7c7749138b154b7e89399dbd7714e147 - - default default] Successfully bumped revision number for resource b09e6539-608a-4452-856b-d0a3d80f5bf9 (type: ports) to 1
2026-04-23 01:25:51.539 9 INFO neutron.wsgi [None req-9d988e2e-b1f8-408c-87fe-7b659d1e3162 9f92a2efad4f4c13af8990e285ea13b4 7c7749138b154b7e89399dbd7714e147 - - default default] 10.0.0.68 "POST /v2.0/networks HTTP/1.1" status: 201 len: 846 time: 0.9799132
2026-04-23 01:25:51.641 9 WARNING neutron.scheduler.dhcp_agent_scheduler [None req-bd62d79f-773f-43e4-82ce-8c7200d4f05f c43deb417252493a93a95dfe8987880d 8194516fed2c4001bacb0051c896b499 - - default default] No more DHCP agents
2026-04-23 01:25:51.643 9 WARNING neutron.api.rpc.agentnotifiers.dhcp_rpc_agent_api [None req-bd62d79f-773f-43e4-82ce-8c7200d4f05f c43deb417252493a93a95dfe8987880d 8194516fed2c4001bacb0051c896b499 - - default default] Unable to schedule network e841cb16-8b9c-4678-b28b-b92adf87f12a: no agents available; will retry on subsequent port and subnet creation events.
2026-04-23 01:25:51.653 9 INFO neutron.notifiers.nova [-] Nova event matching ['req-37b3efc4-7df0-44ea-b3c3-3cc8e5703c59'] response: {'server_uuid': '8df2f8ae-d793-4306-9ae8-408c7555e838', 'name': 'network-vif-unplugged', 'status': 'completed', 'tag': '6188fb46-e6b7-4cd3-8d36-641080352775', 'code': 200}
2026-04-23 01:25:51.653 9 INFO neutron.notifiers.nova [-] Nova event matching ['req-37b3efc4-7df0-44ea-b3c3-3cc8e5703c59'] response: {'server_uuid': '8df2f8ae-d793-4306-9ae8-408c7555e838', 'name': 'network-vif-unplugged', 'status': 'completed', 'tag': '6188fb46-e6b7-4cd3-8d36-641080352775', 'code': 200}
2026-04-23 01:25:51.694 9 INFO neutron.db.ovn_revision_numbers_db [None req-bd62d79f-773f-43e4-82ce-8c7200d4f05f c43deb417252493a93a95dfe8987880d 8194516fed2c4001bacb0051c896b499 - - default default] Successfully bumped revision number for resource 53898ad2-da92-4ecb-8be9-bd30baccc9ed (type: subnets) to 0
2026-04-23 01:25:51.729 9 INFO neutron.wsgi [None req-bd62d79f-773f-43e4-82ce-8c7200d4f05f c43deb417252493a93a95dfe8987880d 8194516fed2c4001bacb0051c896b499 - - default default] 10.0.0.68 "POST /v2.0/subnets HTTP/1.1" status: 201 len: 821 time: 0.4422381
2026-04-23 01:25:51.739 10 WARNING neutron_lib.context [None req-8e4fb261-80e5-4766-a8c8-ee5f7a64d970 c43deb417252493a93a95dfe8987880d 8194516fed2c4001bacb0051c896b499 - - default default] Method 'is_advsvc' is deprecated since 2023.2 release (neutron-lib 3.8.0) and will be removed once support for the old RBAC API policies will be removed from Neutron. Please use method 'is_service_role' instead.
2026-04-23 01:25:51.768 9 INFO neutron.db.ovn_revision_numbers_db [None req-93d7da71-17a1-460d-9703-52384930402b 9f92a2efad4f4c13af8990e285ea13b4 7c7749138b154b7e89399dbd7714e147 - - default default] Successfully bumped revision number for resource 154914a5-6c62-4785-b99f-d909f697f916 (type: networks) to 2
2026-04-23 01:25:51.772 9 INFO neutron.wsgi [None req-93d7da71-17a1-460d-9703-52384930402b 9f92a2efad4f4c13af8990e285ea13b4 7c7749138b154b7e89399dbd7714e147 - - default default] 10.0.0.68 "PUT /v2.0/networks/154914a5-6c62-4785-b99f-d909f697f916 HTTP/1.1" status: 200 len: 792 time: 0.2288108
2026-04-23 01:25:51.782 9 WARNING neutron_lib.context [None req-eed25d21-3966-4ca3-90a4-360f6fb6ba06 9f92a2efad4f4c13af8990e285ea13b4 7c7749138b154b7e89399dbd7714e147 - - default default] Method 'is_advsvc' is deprecated since 2023.2 release (neutron-lib 3.8.0) and will be removed once support for the old RBAC API policies will be removed from Neutron. Please use method 'is_service_role' instead.
2026-04-23 01:25:51.968 10 WARNING neutron.scheduler.dhcp_agent_scheduler [None req-8e4fb261-80e5-4766-a8c8-ee5f7a64d970 c43deb417252493a93a95dfe8987880d 8194516fed2c4001bacb0051c896b499 - - default default] No more DHCP agents
2026-04-23 01:25:51.971 10 WARNING neutron.api.rpc.agentnotifiers.dhcp_rpc_agent_api [None req-8e4fb261-80e5-4766-a8c8-ee5f7a64d970 c43deb417252493a93a95dfe8987880d 8194516fed2c4001bacb0051c896b499 - - default default] Unable to schedule network f41c650d-c9ab-4352-9346-27db03c7a3c6: no agents available; will retry on subsequent port and subnet creation events.
2026-04-23 01:25:52.002 10 INFO neutron.db.ovn_revision_numbers_db [None req-8e4fb261-80e5-4766-a8c8-ee5f7a64d970 c43deb417252493a93a95dfe8987880d 8194516fed2c4001bacb0051c896b499 - - default default] Successfully bumped revision number for resource b837133e-bf1f-4916-aa51-f8230689122e (type: subnets) to 0
2026-04-23 01:25:52.018 10 INFO neutron.wsgi [None req-8e4fb261-80e5-4766-a8c8-ee5f7a64d970 c43deb417252493a93a95dfe8987880d 8194516fed2c4001bacb0051c896b499 - - default default] 10.0.0.68 "POST /v2.0/subnets HTTP/1.1" status: 201 len: 830 time: 0.2836437
2026-04-23 01:25:52.028 10 WARNING neutron_lib.context [None req-05d8b690-4d23-41d5-b8b1-b3e0161ea906 c43deb417252493a93a95dfe8987880d 8194516fed2c4001bacb0051c896b499 - - default default] Method 'is_advsvc' is deprecated since 2023.2 release (neutron-lib 3.8.0) and will be removed once support for the old RBAC API policies will be removed from Neutron. Please use method 'is_service_role' instead.
2026-04-23 01:25:52.035 9 WARNING neutron.scheduler.dhcp_agent_scheduler [None req-eed25d21-3966-4ca3-90a4-360f6fb6ba06 9f92a2efad4f4c13af8990e285ea13b4 7c7749138b154b7e89399dbd7714e147 - - default default] No more DHCP agents
2026-04-23 01:25:52.038 9 WARNING neutron.api.rpc.agentnotifiers.dhcp_rpc_agent_api [None req-eed25d21-3966-4ca3-90a4-360f6fb6ba06 9f92a2efad4f4c13af8990e285ea13b4 7c7749138b154b7e89399dbd7714e147 - - default default] Unable to schedule network 154914a5-6c62-4785-b99f-d909f697f916: no agents available; will retry on subsequent port and subnet creation events.
2026-04-23 01:25:52.071 9 INFO neutron.db.ovn_revision_numbers_db [None req-eed25d21-3966-4ca3-90a4-360f6fb6ba06 9f92a2efad4f4c13af8990e285ea13b4 7c7749138b154b7e89399dbd7714e147 - - default default] Successfully bumped revision number for resource 4a231ab5-2dae-42fa-8eb4-3bc1e9633f81 (type: subnets) to 0
2026-04-23 01:25:52.087 9 INFO neutron.wsgi [None req-eed25d21-3966-4ca3-90a4-360f6fb6ba06 9f92a2efad4f4c13af8990e285ea13b4 7c7749138b154b7e89399dbd7714e147 - - default default] 10.0.0.68 "POST /v2.0/subnets HTTP/1.1" status: 201 len: 821 time: 0.3098040
2026-04-23 01:25:52.164 10 INFO neutron.db.ovn_revision_numbers_db [None req-05d8b690-4d23-41d5-b8b1-b3e0161ea906 c43deb417252493a93a95dfe8987880d 8194516fed2c4001bacb0051c896b499 - - default default] Successfully bumped revision number for resource 11e91803-6590-44c1-80e6-849bf0b205f9 (type: routers) to 1
2026-04-23 01:25:52.182 10 INFO neutron.wsgi [None req-05d8b690-4d23-41d5-b8b1-b3e0161ea906 c43deb417252493a93a95dfe8987880d 8194516fed2c4001bacb0051c896b499 - - default default] 10.0.0.68 "POST /v2.0/routers HTTP/1.1" status: 201 len: 805 time: 0.1591437
2026-04-23 01:25:52.646 10 WARNING neutron.scheduler.dhcp_agent_scheduler [None req-4756a1fc-5435-45a1-8af0-7ada45cc6f04 c43deb417252493a93a95dfe8987880d 8194516fed2c4001bacb0051c896b499 - - default default] No more DHCP agents
2026-04-23 01:25:52.649 10 WARNING neutron.api.rpc.agentnotifiers.dhcp_rpc_agent_api [None req-4756a1fc-5435-45a1-8af0-7ada45cc6f04 c43deb417252493a93a95dfe8987880d 8194516fed2c4001bacb0051c896b499 - - default default] Unable to schedule network e841cb16-8b9c-4678-b28b-b92adf87f12a: no agents available; will retry on subsequent port and subnet creation events.
2026-04-23 01:25:52.772 10 INFO neutron.db.ovn_revision_numbers_db [None req-4756a1fc-5435-45a1-8af0-7ada45cc6f04 c43deb417252493a93a95dfe8987880d 8194516fed2c4001bacb0051c896b499 - - default default] Successfully bumped revision number for resource da8159d5-b422-4a6f-a19d-d876c40ce843 (type: ports) to 1
2026-04-23 01:25:52.892 9 INFO neutron.db.ovn_revision_numbers_db [None req-f53634cb-5f17-4fca-aa78-8e30c8bb1a57 9f92a2efad4f4c13af8990e285ea13b4 7c7749138b154b7e89399dbd7714e147 - - default default] Successfully bumped revision number for resource b09e6539-608a-4452-856b-d0a3d80f5bf9 (type: ports) to 2
2026-04-23 01:25:52.940 9 INFO neutron.db.ovn_revision_numbers_db [None req-f53634cb-5f17-4fca-aa78-8e30c8bb1a57 9f92a2efad4f4c13af8990e285ea13b4 7c7749138b154b7e89399dbd7714e147 - - default default] Successfully bumped revision number for resource 4a231ab5-2dae-42fa-8eb4-3bc1e9633f81 (type: subnets) to 1
2026-04-23 01:25:52.943 9 INFO neutron.wsgi [None req-f53634cb-5f17-4fca-aa78-8e30c8bb1a57 9f92a2efad4f4c13af8990e285ea13b4 7c7749138b154b7e89399dbd7714e147 - - default default] 10.0.0.68 "PUT /v2.0/subnets/4a231ab5-2dae-42fa-8eb4-3bc1e9633f81 HTTP/1.1" status: 200 len: 826 time: 0.8497534
2026-04-23 01:25:53.559 10 ERROR ovsdbapp.backend.ovs_idl.command [None req-4756a1fc-5435-45a1-8af0-7ada45cc6f04 c43deb417252493a93a95dfe8987880d 8194516fed2c4001bacb0051c896b499 - - default default] Error executing command (DbGetCommand): ovsdbapp.backend.ovs_idl.idlutils.RowNotFound: Cannot find Logical_Router_Port with name=lrp-da8159d5-b422-4a6f-a19d-d876c40ce843
2026-04-23 01:25:53.559 10 ERROR ovsdbapp.backend.ovs_idl.command
Traceback (most recent call last):
2026-04-23 01:25:53.559 10 ERROR ovsdbapp.backend.ovs_idl.command
File "/var/lib/openstack/lib/python3.10/site-packages/ovsdbapp/backend/ovs_idl/command.py", line 47, in execute
2026-04-23 01:25:53.559 10 ERROR ovsdbapp.backend.ovs_idl.command self.run_idl(None)
2026-04-23 01:25:53.559 10 ERROR ovsdbapp.backend.ovs_idl.command
File "/var/lib/openstack/lib/python3.10/site-packages/ovsdbapp/backend/ovs_idl/command.py", line 235, in run_idl
2026-04-23 01:25:53.559 10 ERROR ovsdbapp.backend.ovs_idl.command record = self.api.lookup(self.table, self.record)
2026-04-23 01:25:53.559 10 ERROR ovsdbapp.backend.ovs_idl.command
File "/var/lib/openstack/lib/python3.10/site-packages/ovsdbapp/backend/ovs_idl/__init__.py", line 184, in lookup
2026-04-23 01:25:53.559 10 ERROR ovsdbapp.backend.ovs_idl.command return self._lookup(table, record)
2026-04-23 01:25:53.559 10 ERROR ovsdbapp.backend.ovs_idl.command
File "/var/lib/openstack/lib/python3.10/site-packages/ovsdbapp/backend/ovs_idl/__init__.py", line 235, in _lookup
2026-04-23 01:25:53.559 10 ERROR ovsdbapp.backend.ovs_idl.command row = idlutils.row_by_value(self, rl.table, rl.column, record)
2026-04-23 01:25:53.559 10 ERROR ovsdbapp.backend.ovs_idl.command
File "/var/lib/openstack/lib/python3.10/site-packages/ovsdbapp/backend/ovs_idl/idlutils.py", line 114, in row_by_value
2026-04-23 01:25:53.559 10 ERROR ovsdbapp.backend.ovs_idl.command raise RowNotFound(table=table, col=column, match=match)
2026-04-23 01:25:53.559 10 ERROR ovsdbapp.backend.ovs_idl.command ovsdbapp.backend.ovs_idl.idlutils.RowNotFound: Cannot find Logical_Router_Port with name=lrp-da8159d5-b422-4a6f-a19d-d876c40ce843
2026-04-23 01:25:53.559 10 ERROR ovsdbapp.backend.ovs_idl.command 
2026-04-23 01:25:53.559 10 ERROR neutron_lib.callbacks.manager [None req-4756a1fc-5435-45a1-8af0-7ada45cc6f04 c43deb417252493a93a95dfe8987880d 8194516fed2c4001bacb0051c896b499 - - default default] Error during notification for neutron.services.ovn_l3.plugin.OVNL3RouterPlugin._port_update-8756655709935 port, after_update: ovsdbapp.backend.ovs_idl.idlutils.RowNotFound: Cannot find Logical_Router_Port with name=lrp-da8159d5-b422-4a6f-a19d-d876c40ce843
2026-04-23 01:25:53.559 10 ERROR neutron_lib.callbacks.manager
Traceback (most recent call last):
2026-04-23 01:25:53.559 10 ERROR neutron_lib.callbacks.manager
File "/var/lib/openstack/lib/python3.10/site-packages/neutron_lib/callbacks/manager.py", line 189, in _notify_loop
2026-04-23 01:25:53.559 10 ERROR neutron_lib.callbacks.manager callback.method(resource, event, trigger, payload=payload)
2026-04-23 01:25:53.559 10 ERROR neutron_lib.callbacks.manager
File "/var/lib/openstack/lib/python3.10/site-packages/neutron/services/ovn_l3/plugin.py", line 391, in _port_update
2026-04-23 01:25:53.559 10 ERROR neutron_lib.callbacks.manager l3plugin._ovn_client.update_router_port(context,
2026-04-23 01:25:53.559 10 ERROR neutron_lib.callbacks.manager
File "/var/lib/openstack/lib/python3.10/site-packages/neutron/plugins/ml2/drivers/ovn/mech_driver/ovsdb/ovn_client.py", line 1878, in update_router_port
2026-04-23 01:25:53.559 10 ERROR neutron_lib.callbacks.manager self._update_lrouter_port(context, port, if_exists=if_exists,
2026-04-23 01:25:53.559 10 ERROR neutron_lib.callbacks.manager
File "/var/lib/openstack/lib/python3.10/site-packages/neutron/plugins/ml2/drivers/ovn/mech_driver/ovsdb/ovn_client.py", line 1855, in _update_lrouter_port
2026-04-23 01:25:53.559 10 ERROR neutron_lib.callbacks.manager external_ids = self._nb_idl.db_get(
2026-04-23 01:25:53.559 10 ERROR neutron_lib.callbacks.manager
File "/var/lib/openstack/lib/python3.10/site-packages/ovsdbapp/backend/ovs_idl/command.py", line 47, in execute
2026-04-23 01:25:53.559 10 ERROR neutron_lib.callbacks.manager self.run_idl(None)
2026-04-23 01:25:53.559 10 ERROR neutron_lib.callbacks.manager
File "/var/lib/openstack/lib/python3.10/site-packages/ovsdbapp/backend/ovs_idl/command.py", line 235, in run_idl
2026-04-23 01:25:53.559 10 ERROR neutron_lib.callbacks.manager record = self.api.lookup(self.table, self.record)
2026-04-23 01:25:53.559 10 ERROR neutron_lib.callbacks.manager
