Mar 30 23:29:01.475838 np0000161735 neutron-periodic-workers[103987]: DEBUG cotyledon.oslo_config_glue [-] ml2.tunnelled_network_rp_name = rp_tunnelled {{(pid=103987) log_opt_values /opt/stack/data/venv/lib/python3.12/site-packages/oslo_config/cfg.py:3006}}
Mar 30 23:29:01.475917 np0000161735 neutron-periodic-workers[103987]: DEBUG cotyledon.oslo_config_glue [-] ml2.type_drivers = ['local', 'flat', 'vlan', 'geneve'] {{(pid=103987) log_opt_values /opt/stack/data/venv/lib/python3.12/site-packages/oslo_config/cfg.py:3006}}
Mar 30 23:29:01.475974 np0000161735 neutron-periodic-workers[103987]: DEBUG cotyledon.oslo_config_glue [-] ml2_type_flat.flat_networks = ['public'] {{(pid=103987) log_opt_values /opt/stack/data/venv/lib/python3.12/site-packages/oslo_config/cfg.py:3006}}
Mar 30 23:29:01.476032 np0000161735 neutron-periodic-workers[103987]: DEBUG cotyledon.oslo_config_glue [-] ml2_type_geneve.max_header_size = 38 {{(pid=103987) log_opt_values /opt/stack/data/venv/lib/python3.12/site-packages/oslo_config/cfg.py:3006}}
Mar 30 23:29:01.476088 np0000161735 neutron-periodic-workers[103987]: DEBUG cotyledon.oslo_config_glue [-] ml2_type_geneve.vni_ranges = ['1:65536'] {{(pid=103987) log_opt_values /opt/stack/data/venv/lib/python3.12/site-packages/oslo_config/cfg.py:3006}}
Mar 30 23:29:01.476151 np0000161735 neutron-periodic-workers[103987]: DEBUG cotyledon.oslo_config_glue [-] ml2_type_vlan.network_vlan_ranges = ['public'] {{(pid=103987) log_opt_values /opt/stack/data/venv/lib/python3.12/site-packages/oslo_config/cfg.py:3006}}
Mar 30 23:29:01.476224 np0000161735 neutron-periodic-workers[103987]: DEBUG cotyledon.oslo_config_glue [-] network_log.burst_limit = 25 {{(pid=103987) log_opt_values /opt/stack/data/venv/lib/python3.12/site-packages/oslo_config/cfg.py:3006}}
Mar 30 23:29:01.476275 np0000161735 neutron-periodic-workers[103987]: DEBUG cotyledon.oslo_config_glue [-] network_log.local_output_log_base = None {{(pid=103987) log_opt_values /opt/stack/data/venv/lib/python3.12/site-packages/oslo_config/cfg.py:3006}}
Mar 30 23:29:01.476305 np0000161735 neutron-periodic-workers[103987]: DEBUG cotyledon.oslo_config_glue [-] network_log.rate_limit = 100 {{(pid=103987) log_opt_values /opt/stack/data/venv/lib/python3.12/site-packages/oslo_config/cfg.py:3006}}
Mar 30 23:29:01.476370 np0000161735 neutron-periodic-workers[103987]: DEBUG cotyledon.oslo_config_glue [-] database.asyncio_connection = **** {{(pid=103987) log_opt_values /opt/stack/data/venv/lib/python3.12/site-packages/oslo_config/cfg.py:3006}}
Mar 30 23:29:01.476419 np0000161735 neutron-periodic-workers[103987]: DEBUG cotyledon.oslo_config_glue [-] database.asyncio_slave_connection = **** {{(pid=103987) log_opt_values /opt/stack/data/venv/lib/python3.12/site-packages/oslo_config/cfg.py:3006}}
Mar 30 23:29:01.476470 np0000161735 neutron-periodic-workers[103987]: DEBUG cotyledon.oslo_config_glue [-] database.backend = sqlalchemy {{(pid=103987) log_opt_values /opt/stack/data/venv/lib/python3.12/site-packages/oslo_config/cfg.py:3006}}
Mar 30 23:29:01.476514 np0000161735 neutron-periodic-workers[103987]: DEBUG cotyledon.oslo_config_glue [-] database.connection = **** {{(pid=103987) log_opt_values /opt/stack/data/venv/lib/python3.12/site-packages/oslo_config/cfg.py:3006}}
Mar 30 23:29:01.476554 np0000161735 neutron-periodic-workers[103987]: DEBUG cotyledon.oslo_config_glue [-] database.connection_debug = 0 {{(pid=103987) log_opt_values /opt/stack/data/venv/lib/python3.12/site-packages/oslo_config/cfg.py:3006}}
Mar 30 23:29:01.476611 np0000161735 neutron-periodic-workers[103987]: DEBUG cotyledon.oslo_config_glue [-] database.connection_parameters = {{(pid=103987) log_opt_values /opt/stack/data/venv/lib/python3.12/site-packages/oslo_config/cfg.py:3006}}
Mar 30 23:29:01.476673 np0000161735 neutron-periodic-workers[103987]: DEBUG cotyledon.oslo_config_glue [-] database.connection_recycle_time = 3600 {{(pid=103987) log_opt_values /opt/stack/data/venv/lib/python3.12/site-packages/oslo_config/cfg.py:3006}}
Mar 30 23:29:01.476730 np0000161735 neutron-periodic-workers[103987]: DEBUG cotyledon.oslo_config_glue [-] database.connection_trace = False {{(pid=103987) log_opt_values /opt/stack/data/venv/lib/python3.12/site-packages/oslo_config/cfg.py:3006}}
Mar 30 23:29:01.476789 np0000161735 neutron-periodic-workers[103987]: DEBUG cotyledon.oslo_config_glue [-] database.db_inc_retry_interval = True {{(pid=103987) log_opt_values /opt/stack/data/venv/lib/python3.12/site-packages/oslo_config/cfg.py:3006}}
Mar 30 23:29:01.476866 np0000161735 neutron-periodic-workers[103987]: DEBUG cotyledon.oslo_config_glue [-] database.db_max_retries = 20 {{(pid=103987) log_opt_values /opt/stack/data/venv/lib/python3.12/site-packages/oslo_config/cfg.py:3006}}
Mar 30 23:29:01.476894 np0000161735 neutron-periodic-workers[103987]: DEBUG cotyledon.oslo_config_glue [-] database.db_max_retry_interval = 10 {{(pid=103987) log_opt_values /opt/stack/data/venv/lib/python3.12/site-packages/oslo_config/cfg.py:3006}}
Mar 30 23:29:01.476924 np0000161735 neutron-periodic-workers[103987]: DEBUG cotyledon.oslo_config_glue [-] database.db_retry_interval = 1 {{(pid=103987) log_opt_values /opt/stack/data/venv/lib/python3.12/site-packages/oslo_config/cfg.py:3006}}
Mar 30 23:29:01.476966 np0000161735 neutron-periodic-workers[103987]: DEBUG cotyledon.oslo_config_glue [-] database.max_overflow = 50 {{(pid=103987) log_opt_values /opt/stack/data/venv/lib/python3.12/site-packages/oslo_config/cfg.py:3006}}
Mar 30 23:29:01.477019 np0000161735 neutron-periodic-workers[103987]: DEBUG cotyledon.oslo_config_glue [-] database.max_pool_size = 5 {{(pid=103987) log_opt_values /opt/stack/data/venv/lib/python3.12/site-packages/oslo_config/cfg.py:3006}}
Mar 30 23:29:01.477061 np0000161735 neutron-periodic-workers[103987]: DEBUG cotyledon.oslo_config_glue [-] database.max_retries = 10 {{(pid=103987) log_opt_values /opt/stack/data/venv/lib/python3.12/site-packages/oslo_config/cfg.py:3006}}
Mar 30 23:29:01.477111 np0000161735 neutron-periodic-workers[103987]: DEBUG cotyledon.oslo_config_glue [-] database.mysql_sql_mode = TRADITIONAL {{(pid=103987) log_opt_values /opt/stack/data/venv/lib/python3.12/site-packages/oslo_config/cfg.py:3006}}
Mar 30 23:29:01.477149 np0000161735 neutron-periodic-workers[103987]: DEBUG cotyledon.oslo_config_glue [-] database.mysql_wsrep_sync_wait = None {{(pid=103987) log_opt_values /opt/stack/data/venv/lib/python3.12/site-packages/oslo_config/cfg.py:3006}}
Mar 30 23:29:01.477191 np0000161735 neutron-periodic-workers[103987]: DEBUG cotyledon.oslo_config_glue [-] database.pool_timeout = None {{(pid=103987) log_opt_values /opt/stack/data/venv/lib/python3.12/site-packages/oslo_config/cfg.py:3006}}
Mar 30 23:29:01.477237 np0000161735 neutron-periodic-workers[103987]: DEBUG cotyledon.oslo_config_glue [-] database.retry_interval = 10 {{(pid=103987) log_opt_values /opt/stack/data/venv/lib/python3.12/site-packages/oslo_config/cfg.py:3006}}
Mar 30 23:29:01.477356 np0000161735 neutron-periodic-workers[103987]: DEBUG cotyledon.oslo_config_glue [-] database.slave_connection = **** {{(pid=103987) log_opt_values /opt/stack/data/venv/lib/python3.12/site-packages/oslo_config/cfg.py:3006}}
Mar 30 23:29:01.477421 np0000161735 neutron-periodic-workers[103987]: DEBUG cotyledon.oslo_config_glue [-] database.sqlite_synchronous = True {{(pid=103987) log_opt_values /opt/stack/data/venv/lib/python3.12/site-packages/oslo_config/cfg.py:3006}}
Mar 30 23:29:01.477466 np0000161735 neutron-periodic-workers[103987]: DEBUG cotyledon.oslo_config_glue [-] database.synchronous_reader = True {{(pid=103987) log_opt_values /opt/stack/data/venv/lib/python3.12/site-packages/oslo_config/cfg.py:3006}}
Mar 30 23:29:01.477493 np0000161735 neutron-periodic-workers[103987]: DEBUG cotyledon.oslo_config_glue [-] database.use_db_reconnect = False {{(pid=103987) log_opt_values /opt/stack/data/venv/lib/python3.12/site-packages/oslo_config/cfg.py:3006}}
Mar 30 23:29:01.477568 np0000161735 neutron-periodic-workers[103987]: DEBUG cotyledon.oslo_config_glue [-] ovn.bfd_min_rx = 1000 {{(pid=103987) log_opt_values /opt/stack/data/venv/lib/python3.12/site-packages/oslo_config/cfg.py:3006}}
Mar 30 23:29:01.477612 np0000161735 neutron-periodic-workers[103987]: DEBUG cotyledon.oslo_config_glue [-] ovn.bfd_min_tx = 100 {{(pid=103987) log_opt_values /opt/stack/data/venv/lib/python3.12/site-packages/oslo_config/cfg.py:3006}}
Mar 30 23:29:01.477655 np0000161735 neutron-periodic-workers[103987]: DEBUG cotyledon.oslo_config_glue [-] ovn.bfd_mult = 3 {{(pid=103987) log_opt_values /opt/stack/data/venv/lib/python3.12/site-packages/oslo_config/cfg.py:3006}}
Mar 30 23:29:01.477705 np0000161735 neutron-periodic-workers[103987]: DEBUG cotyledon.oslo_config_glue [-] ovn.broadcast_arps_to_all_routers = True {{(pid=103987) log_opt_values /opt/stack/data/venv/lib/python3.12/site-packages/oslo_config/cfg.py:3006}}
Mar 30 23:29:01.477748 np0000161735 neutron-periodic-workers[103987]: DEBUG cotyledon.oslo_config_glue [-] ovn.dhcp_default_lease_time = 43200 {{(pid=103987) log_opt_values /opt/stack/data/venv/lib/python3.12/site-packages/oslo_config/cfg.py:3006}}
Mar 30 23:29:01.477791 np0000161735 neutron-periodic-workers[103987]: DEBUG cotyledon.oslo_config_glue [-] ovn.disable_ovn_dhcp_for_baremetal_ports = False {{(pid=103987) log_opt_values /opt/stack/data/venv/lib/python3.12/site-packages/oslo_config/cfg.py:3006}}
Mar 30 23:29:01.477835 np0000161735 neutron-periodic-workers[103987]: DEBUG cotyledon.oslo_config_glue [-] ovn.dns_records_ovn_owned = False {{(pid=103987) log_opt_values /opt/stack/data/venv/lib/python3.12/site-packages/oslo_config/cfg.py:3006}}
Mar 30 23:29:01.477886 np0000161735 neutron-periodic-workers[103987]: DEBUG cotyledon.oslo_config_glue [-] ovn.dns_servers = [] {{(pid=103987) log_opt_values /opt/stack/data/venv/lib/python3.12/site-packages/oslo_config/cfg.py:3006}}
Mar 30 23:29:01.477935 np0000161735 neutron-periodic-workers[103987]: DEBUG cotyledon.oslo_config_glue [-] ovn.enable_distributed_floating_ip = False {{(pid=103987) log_opt_values /opt/stack/data/venv/lib/python3.12/site-packages/oslo_config/cfg.py:3006}}
Mar 30 23:29:01.477992 np0000161735 neutron-periodic-workers[103987]: DEBUG cotyledon.oslo_config_glue [-] ovn.fdb_age_threshold = 300 {{(pid=103987) log_opt_values /opt/stack/data/venv/lib/python3.12/site-packages/oslo_config/cfg.py:3006}}
Mar 30 23:29:01.478023 np0000161735 neutron-periodic-workers[103987]: DEBUG cotyledon.oslo_config_glue [-] ovn.ha_failover_strategy = normal {{(pid=103987) log_opt_values /opt/stack/data/venv/lib/python3.12/site-packages/oslo_config/cfg.py:3006}}
Mar 30 23:29:01.478054 np0000161735 neutron-periodic-workers[103987]: DEBUG cotyledon.oslo_config_glue [-] ovn.live_migration_activation_strategy = rarp {{(pid=103987) log_opt_values /opt/stack/data/venv/lib/python3.12/site-packages/oslo_config/cfg.py:3006}}
Mar 30 23:29:01.478090 np0000161735 neutron-periodic-workers[103987]: DEBUG cotyledon.oslo_config_glue [-] ovn.localnet_learn_fdb = False {{(pid=103987) log_opt_values /opt/stack/data/venv/lib/python3.12/site-packages/oslo_config/cfg.py:3006}}
Mar 30 23:29:01.478155 np0000161735 neutron-periodic-workers[103987]: DEBUG cotyledon.oslo_config_glue [-] ovn.mac_binding_age_threshold = 300 {{(pid=103987) log_opt_values /opt/stack/data/venv/lib/python3.12/site-packages/oslo_config/cfg.py:3006}}
Mar 30 23:29:01.478185 np0000161735 neutron-periodic-workers[103987]: DEBUG cotyledon.oslo_config_glue [-] ovn.neutron_sync_mode = log {{(pid=103987) log_opt_values /opt/stack/data/venv/lib/python3.12/site-packages/oslo_config/cfg.py:3006}}
Mar 30 23:29:01.478222 np0000161735 neutron-periodic-workers[103987]: DEBUG cotyledon.oslo_config_glue [-] ovn.ovn_dhcp4_global_options = {} {{(pid=103987) log_opt_values /opt/stack/data/venv/lib/python3.12/site-packages/oslo_config/cfg.py:3006}}
Mar 30 23:29:01.478270 np0000161735 neutron-periodic-workers[103987]: DEBUG cotyledon.oslo_config_glue [-] ovn.ovn_dhcp6_global_options = {} {{(pid=103987) log_opt_values /opt/stack/data/venv/lib/python3.12/site-packages/oslo_config/cfg.py:3006}}
Mar 30 23:29:01.478307 np0000161735 neutron-periodic-workers[103987]: DEBUG cotyledon.oslo_config_glue [-] ovn.ovn_l3_scheduler = leastloaded {{(pid=103987) log_opt_values /opt/stack/data/venv/lib/python3.12/site-packages/oslo_config/cfg.py:3006}}
Mar 30 23:29:01.478346 np0000161735 neutron-periodic-workers[103987]: DEBUG cotyledon.oslo_config_glue [-] ovn.ovn_metadata_enabled = True {{(pid=103987) log_opt_values /opt/stack/data/venv/lib/python3.12/site-packages/oslo_config/cfg.py:3006}}
Mar 30 23:29:01.478406 np0000161735 neutron-periodic-workers[103987]: DEBUG cotyledon.oslo_config_glue [-] ovn.ovn_nb_ca_cert = /opt/stack/data/CA/int-ca/ca-chain.pem {{(pid=103987) log_opt_values /opt/stack/data/venv/lib/python3.12/site-packages/oslo_config/cfg.py:3006}}
Mar 30 23:29:01.478474 np0000161735 neutron-periodic-workers[103987]: DEBUG cotyledon.oslo_config_glue [-] ovn.ovn_nb_certificate = /opt/stack/data/CA/int-ca/devstack-cert.crt {{(pid=103987) log_opt_values /opt/stack/data/venv/lib/python3.12/site-packages/oslo_config/cfg.py:3006}}
Mar 30 23:29:01.478546 np0000161735 neutron-periodic-workers[103987]: DEBUG cotyledon.oslo_config_glue [-] ovn.ovn_nb_connection = ['ssl:162.253.55.70:6641'] {{(pid=103987) log_opt_values /opt/stack/data/venv/lib/python3.12/site-packages/oslo_config/cfg.py:3006}}
Mar 30 23:29:01.478611 np0000161735 neutron-periodic-workers[103987]: DEBUG cotyledon.oslo_config_glue [-] ovn.ovn_nb_private_key = /opt/stack/data/CA/int-ca/private/devstack-cert.key {{(pid=103987) log_opt_values /opt/stack/data/venv/lib/python3.12/site-packages/oslo_config/cfg.py:3006}}
Mar 30 23:29:01.478655 np0000161735 neutron-periodic-workers[103987]: DEBUG cotyledon.oslo_config_glue [-] ovn.ovn_router_indirect_snat = False {{(pid=103987) log_opt_values /opt/stack/data/venv/lib/python3.12/site-packages/oslo_config/cfg.py:3006}}
Mar 30 23:29:01.478693 np0000161735 neutron-periodic-workers[103987]: DEBUG cotyledon.oslo_config_glue [-] ovn.ovn_sb_ca_cert = /opt/stack/data/CA/int-ca/ca-chain.pem {{(pid=103987) log_opt_values /opt/stack/data/venv/lib/python3.12/site-packages/oslo_config/cfg.py:3006}}
Mar 30 23:29:01.478736 np0000161735 neutron-periodic-workers[103987]: DEBUG cotyledon.oslo_config_glue [-] ovn.ovn_sb_certificate = /opt/stack/data/CA/int-ca/devstack-cert.crt {{(pid=103987) log_opt_values /opt/stack/data/venv/lib/python3.12/site-packages/oslo_config/cfg.py:3006}}
Mar 30 23:29:01.478776 np0000161735 neutron-periodic-workers[103987]: DEBUG cotyledon.oslo_config_glue [-] ovn.ovn_sb_connection = ['ssl:162.253.55.70:6642'] {{(pid=103987) log_opt_values /opt/stack/data/venv/lib/python3.12/site-packages/oslo_config/cfg.py:3006}}
Mar 30 23:29:01.478807 np0000161735 neutron-periodic-workers[103987]: DEBUG cotyledon.oslo_config_glue [-] ovn.ovn_sb_private_key = /opt/stack/data/CA/int-ca/private/devstack-cert.key {{(pid=103987) log_opt_values /opt/stack/data/venv/lib/python3.12/site-packages/oslo_config/cfg.py:3006}}
Mar 30 23:29:01.478836 np0000161735 neutron-periodic-workers[103987]: DEBUG cotyledon.oslo_config_glue [-] ovn.ovs_create_tap = False {{(pid=103987) log_opt_values /opt/stack/data/venv/lib/python3.12/site-packages/oslo_config/cfg.py:3006}}
Mar 30 23:29:01.478902 np0000161735 neutron-periodic-workers[103987]: DEBUG cotyledon.oslo_config_glue [-] ovn.ovsdb_connection_timeout = 180 {{(pid=103987) log_opt_values /opt/stack/data/venv/lib/python3.12/site-packages/oslo_config/cfg.py:3006}}
Mar 30 23:29:01.478943 np0000161735 neutron-periodic-workers[103987]: DEBUG cotyledon.oslo_config_glue [-] ovn.ovsdb_log_level = INFO {{(pid=103987) log_opt_values /opt/stack/data/venv/lib/python3.12/site-packages/oslo_config/cfg.py:3006}}
Mar 30 23:29:01.478984 np0000161735 neutron-periodic-workers[103987]: DEBUG cotyledon.oslo_config_glue [-] ovn.ovsdb_probe_interval = 60000 {{(pid=103987) log_opt_values /opt/stack/data/venv/lib/python3.12/site-packages/oslo_config/cfg.py:3006}}
Mar 30 23:29:01.479044 np0000161735 neutron-periodic-workers[103987]: DEBUG cotyledon.oslo_config_glue [-] ovn.ovsdb_retry_max_interval = 180 {{(pid=103987) log_opt_values /opt/stack/data/venv/lib/python3.12/site-packages/oslo_config/cfg.py:3006}}
Mar 30 23:29:01.479069 np0000161735 neutron-periodic-workers[103987]: DEBUG cotyledon.oslo_config_glue [-] ovn.stateless_nat_enabled = False {{(pid=103987) log_opt_values /opt/stack/data/venv/lib/python3.12/site-packages/oslo_config/cfg.py:3006}}
Mar 30 23:29:01.479109 np0000161735 neutron-periodic-workers[103987]: DEBUG cotyledon.oslo_config_glue [-] ovn.vhost_sock_dir = /var/run/openvswitch {{(pid=103987) log_opt_values /opt/stack/data/venv/lib/python3.12/site-packages/oslo_config/cfg.py:3006}}
Mar 30 23:29:01.479166 np0000161735 neutron-periodic-workers[103987]: DEBUG cotyledon.oslo_config_glue [-] OVS.bridge_mac_table_size = 50000 {{(pid=103987) log_opt_values /opt/stack/data/venv/lib/python3.12/site-packages/oslo_config/cfg.py:3006}}
Mar 30 23:29:01.479222 np0000161735 neutron-periodic-workers[103987]: DEBUG cotyledon.oslo_config_glue [-] OVS.igmp_flood = False {{(pid=103987) log_opt_values /opt/stack/data/venv/lib/python3.12/site-packages/oslo_config/cfg.py:3006}}
Mar 30 23:29:01.479277 np0000161735 neutron-periodic-workers[103987]: DEBUG cotyledon.oslo_config_glue [-] OVS.igmp_flood_reports = True {{(pid=103987) log_opt_values /opt/stack/data/venv/lib/python3.12/site-packages/oslo_config/cfg.py:3006}}
Mar 30 23:29:01.479308 np0000161735 neutron-periodic-workers[103987]: DEBUG cotyledon.oslo_config_glue [-] OVS.igmp_flood_unregistered = False {{(pid=103987) log_opt_values /opt/stack/data/venv/lib/python3.12/site-packages/oslo_config/cfg.py:3006}}
Mar 30 23:29:01.479342 np0000161735 neutron-periodic-workers[103987]: DEBUG cotyledon.oslo_config_glue [-] OVS.igmp_snooping_enable = False {{(pid=103987) log_opt_values /opt/stack/data/venv/lib/python3.12/site-packages/oslo_config/cfg.py:3006}}
Mar 30 23:29:01.479379 np0000161735 neutron-periodic-workers[103987]: DEBUG cotyledon.oslo_config_glue [-] OVS.ovsdb_timeout = 10 {{(pid=103987) log_opt_values /opt/stack/data/venv/lib/python3.12/site-packages/oslo_config/cfg.py:3006}}
Mar 30 23:29:01.479434 np0000161735 neutron-periodic-workers[103987]: DEBUG cotyledon.oslo_config_glue [-] ovn_nb_global.fdb_removal_limit = 0 {{(pid=103987) log_opt_values /opt/stack/data/venv/lib/python3.12/site-packages/oslo_config/cfg.py:3006}}
Mar 30 23:29:01.479483 np0000161735 neutron-periodic-workers[103987]: DEBUG cotyledon.oslo_config_glue [-] ovn_nb_global.ignore_lsp_down = False {{(pid=103987) log_opt_values /opt/stack/data/venv/lib/python3.12/site-packages/oslo_config/cfg.py:3006}}
Mar 30 23:29:01.479526 np0000161735 neutron-periodic-workers[103987]: DEBUG cotyledon.oslo_config_glue [-] ovn_nb_global.mac_binding_removal_limit = 0 {{(pid=103987) log_opt_values /opt/stack/data/venv/lib/python3.12/site-packages/oslo_config/cfg.py:3006}}
Mar 30 23:29:01.479560 np0000161735 neutron-periodic-workers[103987]: DEBUG cotyledon.oslo_config_glue [-] ******************************************************************************** {{(pid=103987) log_opt_values /opt/stack/data/venv/lib/python3.12/site-packages/oslo_config/cfg.py:3013}}
Mar 30 23:29:01.479761 np0000161735 neutron-periodic-workers[103987]: DEBUG cotyledon._service_worker [-] Run service ServiceWrapper(0) [103987] {{(pid=103987) wait_forever /opt/stack/data/venv/lib/python3.12/site-packages/cotyledon/_service_worker.py:218}}
Mar 30 23:29:11.045005 np0000161735 neutron-periodic-workers[103192]: DEBUG dbcounter [-] [103192] Writing DB stats neutron:SELECT=4 {{(pid=103192) stat_writer /opt/stack/data/venv/lib/python3.12/site-packages/dbcounter.py:115}}
Mar 30 23:29:45.470972 np0000161735 neutron-periodic-workers[103966]: DEBUG oslo_db.sqlalchemy.engines [None req-12b55df6-3f7a-4b47-bb68-be6065305e72 None None] Parent process 103192 forked (103966) with an open database connection, which is being discarded and recreated. {{(pid=103966) checkout /opt/stack/data/venv/lib/python3.12/site-packages/oslo_db/sqlalchemy/engines.py:402}}
Mar 30 23:29:45.478374 np0000161735 neutron-periodic-workers[103966]: DEBUG dbcounter [-] [103966] Writer thread running {{(pid=103966) stat_writer /opt/stack/data/venv/lib/python3.12/site-packages/dbcounter.py:102}}
Mar 30 23:29:45.483896 np0000161735 neutron-periodic-workers[103966]: DEBUG neutron.db.agents_db [None req-12b55df6-3f7a-4b47-bb68-be6065305e72 None None] Agent healthcheck: found 0 active agents {{(pid=103966) agent_health_check /opt/stack/neutron/neutron/db/agents_db.py:317}}
Mar 30 23:29:45.484296 np0000161735 neutron-periodic-workers[103966]: DEBUG oslo.service.backend._threading.loopingcall [None req-12b55df6-3f7a-4b47-bb68-be6065305e72 None None] Fixed interval looping call 'neutron.plugins.ml2.plugin.AgentDbMixin.agent_health_check' sleeping for 36.98 seconds {{(pid=103966) _run_loop /opt/stack/data/venv/lib/python3.12/site-packages/oslo_service/backend/_threading/loopingcall.py:125}}
Mar 30 23:30:05.479159 np0000161735 neutron-periodic-workers[103966]: DEBUG dbcounter [-] [103966] Writing DB stats neutron:SELECT=1 {{(pid=103966) stat_writer /opt/stack/data/venv/lib/python3.12/site-packages/dbcounter.py:115}}
Mar 30 23:30:07.443664 np0000161735 neutron-periodic-workers[103961]: DEBUG dbcounter [-] [103961] Writer thread running {{(pid=103961) stat_writer /opt/stack/data/venv/lib/python3.12/site-packages/dbcounter.py:102}}
Mar 30 23:30:07.454443 np0000161735 neutron-periodic-workers[103961]: DEBUG oslo.service.backend._threading.loopingcall [None req-3a72cce7-8d3d-4672-bee9-4557a1b9ee3b None None] Fixed interval looping call 'neutron.plugins.ml2.plugin.DhcpAgentSchedulerDbMixin.remove_networks_from_down_agents' sleeping for 36.97 seconds {{(pid=103961) _run_loop /opt/stack/data/venv/lib/python3.12/site-packages/oslo_service/backend/_threading/loopingcall.py:125}}
Mar 30 23:30:17.453278 np0000161735 neutron-periodic-workers[103961]: DEBUG dbcounter [-] [103961] Writing DB stats neutron:SELECT=3 {{(pid=103961) stat_writer /opt/stack/data/venv/lib/python3.12/site-packages/dbcounter.py:115}}
Mar 30 23:30:22.471700 np0000161735 neutron-periodic-workers[103966]: DEBUG neutron.db.agents_db [None req-12b55df6-3f7a-4b47-bb68-be6065305e72 None None] Agent healthcheck: found 0 active agents {{(pid=103966) agent_health_check /opt/stack/neutron/neutron/db/agents_db.py:317}}
Mar 30 23:30:22.471700 np0000161735 neutron-periodic-workers[103966]: DEBUG oslo.service.backend._threading.loopingcall [None req-12b55df6-3f7a-4b47-bb68-be6065305e72 None None] Fixed interval looping call 'neutron.plugins.ml2.plugin.AgentDbMixin.agent_health_check' sleeping for 36.99 seconds {{(pid=103966) _run_loop /opt/stack/data/venv/lib/python3.12/site-packages/oslo_service/backend/_threading/loopingcall.py:125}}
Mar 30 23:30:32.469336 np0000161735 neutron-periodic-workers[103966]: DEBUG dbcounter [-] [103966] Writing DB stats neutron:SELECT=1 {{(pid=103966) stat_writer /opt/stack/data/venv/lib/python3.12/site-packages/dbcounter.py:115}}
Mar 30 23:30:44.435223 np0000161735 neutron-periodic-workers[103961]: DEBUG oslo.service.backend._threading.loopingcall [None req-3a72cce7-8d3d-4672-bee9-4557a1b9ee3b None None] Fixed interval looping call 'neutron.plugins.ml2.plugin.DhcpAgentSchedulerDbMixin.remove_networks_from_down_agents' sleeping for 36.99 seconds {{(pid=103961) _run_loop /opt/stack/data/venv/lib/python3.12/site-packages/oslo_service/backend/_threading/loopingcall.py:125}}
Mar 30 23:30:54.434210 np0000161735 neutron-periodic-workers[103961]: DEBUG dbcounter [-] [103961] Writing DB stats neutron:SELECT=3 {{(pid=103961) stat_writer /opt/stack/data/venv/lib/python3.12/site-packages/dbcounter.py:115}}
Mar 30 23:30:59.467220 np0000161735 neutron-periodic-workers[103966]: DEBUG neutron.db.agents_db [None req-12b55df6-3f7a-4b47-bb68-be6065305e72 None None] Agent healthcheck: found 0 active agents {{(pid=103966) agent_health_check /opt/stack/neutron/neutron/db/agents_db.py:317}}
Mar 30 23:30:59.467729 np0000161735 neutron-periodic-workers[103966]: DEBUG oslo.service.backend._threading.loopingcall [None req-12b55df6-3f7a-4b47-bb68-be6065305e72 None None] Fixed interval looping call 'neutron.plugins.ml2.plugin.AgentDbMixin.agent_health_check' sleeping for 36.99 seconds {{(pid=103966) _run_loop /opt/stack/data/venv/lib/python3.12/site-packages/oslo_service/backend/_threading/loopingcall.py:125}}
Mar 30 23:31:01.472644 np0000161735 neutron-periodic-workers[103972]: DEBUG dbcounter [-] [103972] Writer thread running {{(pid=103972) stat_writer /opt/stack/data/venv/lib/python3.12/site-packages/dbcounter.py:102}}
Mar 30 23:31:01.477128 np0000161735 neutron-periodic-workers[103972]: DEBUG oslo.service.backend._threading.loopingcall [None req-0e5ebf3c-2378-4991-8527-cfebb1792a26 None None] Fixed interval looping call 'neutron.db.quota.driver_nolock.DbQuotaNoLockDriver._remove_expired_reservations' sleeping for 119.98 seconds {{(pid=103972) _run_loop /opt/stack/data/venv/lib/python3.12/site-packages/oslo_service/backend/_threading/loopingcall.py:125}}
Mar 30 23:31:09.465514 np0000161735 neutron-periodic-workers[103966]: DEBUG dbcounter [-] [103966] Writing DB stats neutron:SELECT=1 {{(pid=103966) stat_writer /opt/stack/data/venv/lib/python3.12/site-packages/dbcounter.py:115}}
Mar 30 23:31:21.434247 np0000161735 neutron-periodic-workers[103961]: DEBUG oslo.service.backend._threading.loopingcall [None req-3a72cce7-8d3d-4672-bee9-4557a1b9ee3b None None] Fixed interval looping call 'neutron.plugins.ml2.plugin.DhcpAgentSchedulerDbMixin.remove_networks_from_down_agents' sleeping for 36.99 seconds {{(pid=103961) _run_loop /opt/stack/data/venv/lib/python3.12/site-packages/oslo_service/backend/_threading/loopingcall.py:125}}
Mar 30 23:31:21.473260 np0000161735 neutron-periodic-workers[103972]: DEBUG dbcounter [-] [103972] Writing DB stats neutron:DELETE=1 {{(pid=103972) stat_writer /opt/stack/data/venv/lib/python3.12/site-packages/dbcounter.py:115}}
Mar 30 23:31:31.433335 np0000161735 neutron-periodic-workers[103961]: DEBUG dbcounter [-] [103961] Writing DB stats neutron:SELECT=3 {{(pid=103961) stat_writer /opt/stack/data/venv/lib/python3.12/site-packages/dbcounter.py:115}}
Mar 30 23:31:36.462188 np0000161735 neutron-periodic-workers[103966]: DEBUG neutron.db.agents_db [None req-12b55df6-3f7a-4b47-bb68-be6065305e72 None None] Agent healthcheck: found 0 active agents {{(pid=103966) agent_health_check /opt/stack/neutron/neutron/db/agents_db.py:317}}
Mar 30 23:31:36.463178 np0000161735 neutron-periodic-workers[103966]: DEBUG oslo.service.backend._threading.loopingcall [None req-12b55df6-3f7a-4b47-bb68-be6065305e72 None None] Fixed interval looping call 'neutron.plugins.ml2.plugin.AgentDbMixin.agent_health_check' sleeping for 37.00 seconds {{(pid=103966) _run_loop /opt/stack/data/venv/lib/python3.12/site-packages/oslo_service/backend/_threading/loopingcall.py:125}}
Mar 30 23:31:46.461592 np0000161735 neutron-periodic-workers[103966]: DEBUG dbcounter [-] [103966] Writing DB stats neutron:SELECT=1 {{(pid=103966) stat_writer /opt/stack/data/venv/lib/python3.12/site-packages/dbcounter.py:115}}
Mar 30 23:31:58.432413 np0000161735 neutron-periodic-workers[103961]: DEBUG oslo.service.backend._threading.loopingcall [None req-3a72cce7-8d3d-4672-bee9-4557a1b9ee3b None None] Fixed interval looping call 'neutron.plugins.ml2.plugin.DhcpAgentSchedulerDbMixin.remove_networks_from_down_agents' sleeping for 36.99 seconds {{(pid=103961) _run_loop /opt/stack/data/venv/lib/python3.12/site-packages/oslo_service/backend/_threading/loopingcall.py:125}}
Mar 30 23:32:08.431473 np0000161735 neutron-periodic-workers[103961]: DEBUG dbcounter [-] [103961] Writing DB stats neutron:SELECT=3 {{(pid=103961) stat_writer /opt/stack/data/venv/lib/python3.12/site-packages/dbcounter.py:115}}
Mar 30 23:32:13.469726 np0000161735 neutron-periodic-workers[103966]: DEBUG neutron.db.agents_db [None req-12b55df6-3f7a-4b47-bb68-be6065305e72 None None] Agent healthcheck: found 0 active agents {{(pid=103966) agent_health_check /opt/stack/neutron/neutron/db/agents_db.py:317}}
Mar 30 23:32:13.470379 np0000161735 neutron-periodic-workers[103966]: DEBUG oslo.service.backend._threading.loopingcall [None req-12b55df6-3f7a-4b47-bb68-be6065305e72 None None] Fixed interval looping call 'neutron.plugins.ml2.plugin.AgentDbMixin.agent_health_check' sleeping for 36.99 seconds {{(pid=103966) _run_loop /opt/stack/data/venv/lib/python3.12/site-packages/oslo_service/backend/_threading/loopingcall.py:125}}
Mar 30 23:32:23.468016 np0000161735 neutron-periodic-workers[103966]: DEBUG dbcounter [-] [103966] Writing DB stats neutron:SELECT=1 {{(pid=103966) stat_writer /opt/stack/data/venv/lib/python3.12/site-packages/dbcounter.py:115}}
Mar 30 23:32:35.431057 np0000161735 neutron-periodic-workers[103961]: DEBUG oslo.service.backend._threading.loopingcall [None req-3a72cce7-8d3d-4672-bee9-4557a1b9ee3b None None] Fixed interval looping call 'neutron.plugins.ml2.plugin.DhcpAgentSchedulerDbMixin.remove_networks_from_down_agents' sleeping for 36.99 seconds {{(pid=103961) _run_loop /opt/stack/data/venv/lib/python3.12/site-packages/oslo_service/backend/_threading/loopingcall.py:125}}
Mar 30 23:32:45.429765 np0000161735 neutron-periodic-workers[103961]: DEBUG dbcounter [-] [103961] Writing DB stats neutron:SELECT=3 {{(pid=103961) stat_writer /opt/stack/data/venv/lib/python3.12/site-packages/dbcounter.py:115}}
Mar 30 23:32:50.465472 np0000161735 neutron-periodic-workers[103966]: DEBUG neutron.db.agents_db [None req-12b55df6-3f7a-4b47-bb68-be6065305e72 None None] Agent healthcheck: found 0 active agents {{(pid=103966) agent_health_check /opt/stack/neutron/neutron/db/agents_db.py:317}}
Mar 30 23:32:50.465972 np0000161735 neutron-periodic-workers[103966]: DEBUG oslo.service.backend._threading.loopingcall [None req-12b55df6-3f7a-4b47-bb68-be6065305e72 None None] Fixed interval looping call 'neutron.plugins.ml2.plugin.AgentDbMixin.agent_health_check' sleeping for 36.99 seconds {{(pid=103966) _run_loop /opt/stack/data/venv/lib/python3.12/site-packages/oslo_service/backend/_threading/loopingcall.py:125}}
Mar 30 23:33:00.464733 np0000161735 neutron-periodic-workers[103966]: DEBUG dbcounter [-] [103966] Writing DB stats neutron:SELECT=1 {{(pid=103966) stat_writer /opt/stack/data/venv/lib/python3.12/site-packages/dbcounter.py:115}}
Mar 30 23:33:01.463389 np0000161735 neutron-periodic-workers[103972]: DEBUG oslo.service.backend._threading.loopingcall [None req-0e5ebf3c-2378-4991-8527-cfebb1792a26 None None] Fixed interval looping call 'neutron.db.quota.driver_nolock.DbQuotaNoLockDriver._remove_expired_reservations' sleeping for 119.99 seconds {{(pid=103972) _run_loop /opt/stack/data/venv/lib/python3.12/site-packages/oslo_service/backend/_threading/loopingcall.py:125}}
Mar 30 23:33:01.509408 np0000161735 neutron-periodic-workers[103987]: DEBUG dbcounter [-] [103987] Writer thread running {{(pid=103987) stat_writer /opt/stack/data/venv/lib/python3.12/site-packages/dbcounter.py:102}}
Mar 30 23:33:01.520286 np0000161735 neutron-periodic-workers[103987]: DEBUG oslo.service.backend._threading.loopingcall [None req-1a9bd918-0147-4e6d-881b-666000d93315 None None] Fixed interval looping call 'neutron.services.ovn_l3.plugin.L3_NAT_dbonly_mixin._clean_garbage' sleeping for 299.96 seconds {{(pid=103987) _run_loop /opt/stack/data/venv/lib/python3.12/site-packages/oslo_service/backend/_threading/loopingcall.py:125}}
Mar 30 23:33:11.462220 np0000161735 neutron-periodic-workers[103972]: DEBUG dbcounter [-] [103972] Writing DB stats neutron:DELETE=1 {{(pid=103972) stat_writer /opt/stack/data/venv/lib/python3.12/site-packages/dbcounter.py:115}}
Mar 30 23:33:11.510067 np0000161735 neutron-periodic-workers[103987]: DEBUG dbcounter [-] [103987] Writing DB stats neutron:SELECT=1 {{(pid=103987) stat_writer /opt/stack/data/venv/lib/python3.12/site-packages/dbcounter.py:115}}
Mar 30 23:33:12.432341 np0000161735 neutron-periodic-workers[103961]: DEBUG oslo.service.backend._threading.loopingcall [None req-3a72cce7-8d3d-4672-bee9-4557a1b9ee3b None None] Fixed interval looping call 'neutron.plugins.ml2.plugin.DhcpAgentSchedulerDbMixin.remove_networks_from_down_agents' sleeping for 36.99 seconds {{(pid=103961) _run_loop /opt/stack/data/venv/lib/python3.12/site-packages/oslo_service/backend/_threading/loopingcall.py:125}}
Mar 30 23:33:22.430692 np0000161735 neutron-periodic-workers[103961]: DEBUG dbcounter [-] [103961] Writing DB stats neutron:SELECT=3 {{(pid=103961) stat_writer /opt/stack/data/venv/lib/python3.12/site-packages/dbcounter.py:115}}
Mar 30 23:33:27.461028 np0000161735 neutron-periodic-workers[103966]: DEBUG neutron.db.agents_db [None req-12b55df6-3f7a-4b47-bb68-be6065305e72 None None] Agent healthcheck: found 0 active agents {{(pid=103966) agent_health_check /opt/stack/neutron/neutron/db/agents_db.py:317}}
Mar 30 23:33:27.461685 np0000161735 neutron-periodic-workers[103966]: DEBUG oslo.service.backend._threading.loopingcall [None req-12b55df6-3f7a-4b47-bb68-be6065305e72 None None] Fixed interval looping call 'neutron.plugins.ml2.plugin.AgentDbMixin.agent_health_check' sleeping for 36.99 seconds {{(pid=103966) _run_loop /opt/stack/data/venv/lib/python3.12/site-packages/oslo_service/backend/_threading/loopingcall.py:125}}
Mar 30 23:33:37.459410 np0000161735 neutron-periodic-workers[103966]: DEBUG dbcounter [-] [103966] Writing DB stats neutron:SELECT=1 {{(pid=103966) stat_writer /opt/stack/data/venv/lib/python3.12/site-packages/dbcounter.py:115}}
Mar 30 23:33:49.434632 np0000161735 neutron-periodic-workers[103961]: DEBUG oslo.service.backend._threading.loopingcall [None req-3a72cce7-8d3d-4672-bee9-4557a1b9ee3b None None] Fixed interval looping call 'neutron.plugins.ml2.plugin.DhcpAgentSchedulerDbMixin.remove_networks_from_down_agents' sleeping for 36.99 seconds {{(pid=103961) _run_loop /opt/stack/data/venv/lib/python3.12/site-packages/oslo_service/backend/_threading/loopingcall.py:125}}
Mar 30 23:33:59.433446 np0000161735 neutron-periodic-workers[103961]: DEBUG dbcounter [-] [103961] Writing DB stats neutron:SELECT=3 {{(pid=103961) stat_writer /opt/stack/data/venv/lib/python3.12/site-packages/dbcounter.py:115}}
Mar 30 23:34:04.457320 np0000161735 neutron-periodic-workers[103966]: DEBUG neutron.db.agents_db [None req-12b55df6-3f7a-4b47-bb68-be6065305e72 None None] Agent healthcheck: found 0 active agents {{(pid=103966) agent_health_check /opt/stack/neutron/neutron/db/agents_db.py:317}}
Mar 30 23:34:04.458719 np0000161735 neutron-periodic-workers[103966]: DEBUG oslo.service.backend._threading.loopingcall [None req-12b55df6-3f7a-4b47-bb68-be6065305e72 None None] Fixed interval looping call 'neutron.plugins.ml2.plugin.AgentDbMixin.agent_health_check' sleeping for 36.99 seconds {{(pid=103966) _run_loop /opt/stack/data/venv/lib/python3.12/site-packages/oslo_service/backend/_threading/loopingcall.py:125}}
Mar 30 23:34:14.455504 np0000161735 neutron-periodic-workers[103966]: DEBUG dbcounter [-] [103966] Writing DB stats neutron:SELECT=1 {{(pid=103966) stat_writer /opt/stack/data/venv/lib/python3.12/site-packages/dbcounter.py:115}}
Mar 30 23:34:26.435596 np0000161735 neutron-periodic-workers[103961]: DEBUG oslo.service.backend._threading.loopingcall [None req-3a72cce7-8d3d-4672-bee9-4557a1b9ee3b None None] Fixed interval looping call 'neutron.plugins.ml2.plugin.DhcpAgentSchedulerDbMixin.remove_networks_from_down_agents' sleeping for 36.99 seconds {{(pid=103961) _run_loop /opt/stack/data/venv/lib/python3.12/site-packages/oslo_service/backend/_threading/loopingcall.py:125}}
Mar 30 23:34:36.433396 np0000161735 neutron-periodic-workers[103961]: DEBUG dbcounter [-] [103961] Writing DB stats neutron:SELECT=3 {{(pid=103961) stat_writer /opt/stack/data/venv/lib/python3.12/site-packages/dbcounter.py:115}}
Mar 30 23:34:41.453536 np0000161735 neutron-periodic-workers[103966]: DEBUG neutron.db.agents_db [None req-12b55df6-3f7a-4b47-bb68-be6065305e72 None None] Agent healthcheck: found 0 active agents {{(pid=103966) agent_health_check /opt/stack/neutron/neutron/db/agents_db.py:317}}
Mar 30 23:34:41.454179 np0000161735 neutron-periodic-workers[103966]: DEBUG oslo.service.backend._threading.loopingcall [None req-12b55df6-3f7a-4b47-bb68-be6065305e72 None None] Fixed interval looping call 'neutron.plugins.ml2.plugin.AgentDbMixin.agent_health_check' sleeping for 36.99 seconds {{(pid=103966) _run_loop /opt/stack/data/venv/lib/python3.12/site-packages/oslo_service/backend/_threading/loopingcall.py:125}}
Mar 30 23:34:51.451384 np0000161735 neutron-periodic-workers[103966]: DEBUG dbcounter [-] [103966] Writing DB stats neutron:SELECT=1 {{(pid=103966) stat_writer /opt/stack/data/venv/lib/python3.12/site-packages/dbcounter.py:115}}
Mar 30 23:35:01.459308 np0000161735 neutron-periodic-workers[103972]: DEBUG oslo.service.backend._threading.loopingcall [None req-0e5ebf3c-2378-4991-8527-cfebb1792a26 None None] Fixed interval looping call 'neutron.db.quota.driver_nolock.DbQuotaNoLockDriver._remove_expired_reservations' sleeping for 119.99 seconds {{(pid=103972) _run_loop /opt/stack/data/venv/lib/python3.12/site-packages/oslo_service/backend/_threading/loopingcall.py:125}}
Mar 30 23:35:03.436634 np0000161735 neutron-periodic-workers[103961]: DEBUG oslo.service.backend._threading.loopingcall [None req-3a72cce7-8d3d-4672-bee9-4557a1b9ee3b None None] Fixed interval looping call 'neutron.plugins.ml2.plugin.DhcpAgentSchedulerDbMixin.remove_networks_from_down_agents' sleeping for 36.99 seconds {{(pid=103961) _run_loop /opt/stack/data/venv/lib/python3.12/site-packages/oslo_service/backend/_threading/loopingcall.py:125}}
Mar 30 23:35:11.457992 np0000161735 neutron-periodic-workers[103972]: DEBUG dbcounter [-] [103972] Writing DB stats neutron:DELETE=1 {{(pid=103972) stat_writer /opt/stack/data/venv/lib/python3.12/site-packages/dbcounter.py:115}}
Mar 30 23:35:13.435009 np0000161735 neutron-periodic-workers[103961]: DEBUG dbcounter [-] [103961] Writing DB stats neutron:SELECT=3 {{(pid=103961) stat_writer /opt/stack/data/venv/lib/python3.12/site-packages/dbcounter.py:115}}
Mar 30 23:35:18.449558 np0000161735 neutron-periodic-workers[103966]: DEBUG neutron.db.agents_db [None req-12b55df6-3f7a-4b47-bb68-be6065305e72 None None] Agent healthcheck: found 0 active agents {{(pid=103966) agent_health_check /opt/stack/neutron/neutron/db/agents_db.py:317}}
Mar 30 23:35:18.450208 np0000161735 neutron-periodic-workers[103966]: DEBUG oslo.service.backend._threading.loopingcall [None req-12b55df6-3f7a-4b47-bb68-be6065305e72 None None] Fixed interval looping call 'neutron.plugins.ml2.plugin.AgentDbMixin.agent_health_check' sleeping for 36.99 seconds {{(pid=103966) _run_loop /opt/stack/data/venv/lib/python3.12/site-packages/oslo_service/backend/_threading/loopingcall.py:125}}
Mar 30 23:35:28.447784 np0000161735 neutron-periodic-workers[103966]: DEBUG dbcounter [-] [103966] Writing DB stats neutron:SELECT=1 {{(pid=103966) stat_writer /opt/stack/data/venv/lib/python3.12/site-packages/dbcounter.py:115}}
Mar 30 23:35:40.434896 np0000161735 neutron-periodic-workers[103961]: DEBUG oslo.service.backend._threading.loopingcall [None req-3a72cce7-8d3d-4672-bee9-4557a1b9ee3b None None] Fixed interval looping call 'neutron.plugins.ml2.plugin.DhcpAgentSchedulerDbMixin.remove_networks_from_down_agents' sleeping for 36.99 seconds {{(pid=103961) _run_loop /opt/stack/data/venv/lib/python3.12/site-packages/oslo_service/backend/_threading/loopingcall.py:125}}
Mar 30 23:35:50.433894 np0000161735 neutron-periodic-workers[103961]: DEBUG dbcounter [-] [103961] Writing DB stats neutron:SELECT=3 {{(pid=103961) stat_writer /opt/stack/data/venv/lib/python3.12/site-packages/dbcounter.py:115}}
Mar 30 23:35:55.444932 np0000161735 neutron-periodic-workers[103966]: DEBUG neutron.db.agents_db [None req-12b55df6-3f7a-4b47-bb68-be6065305e72 None None] Agent healthcheck: found 0 active agents {{(pid=103966) agent_health_check /opt/stack/neutron/neutron/db/agents_db.py:317}}
Mar 30 23:35:55.445222 np0000161735 neutron-periodic-workers[103966]: DEBUG oslo.service.backend._threading.loopingcall [None req-12b55df6-3f7a-4b47-bb68-be6065305e72 None None] Fixed interval looping call 'neutron.plugins.ml2.plugin.AgentDbMixin.agent_health_check' sleeping for 36.99 seconds {{(pid=103966) _run_loop /opt/stack/data/venv/lib/python3.12/site-packages/oslo_service/backend/_threading/loopingcall.py:125}}
Mar 30 23:36:05.443093 np0000161735 neutron-periodic-workers[103966]: DEBUG dbcounter [-] [103966] Writing DB stats neutron:SELECT=1 {{(pid=103966) stat_writer /opt/stack/data/venv/lib/python3.12/site-packages/dbcounter.py:115}}
Mar 30 23:36:17.435347 np0000161735 neutron-periodic-workers[103961]: DEBUG oslo.service.backend._threading.loopingcall [None req-3a72cce7-8d3d-4672-bee9-4557a1b9ee3b None None] Fixed interval looping call 'neutron.plugins.ml2.plugin.DhcpAgentSchedulerDbMixin.remove_networks_from_down_agents' sleeping for 36.99 seconds {{(pid=103961) _run_loop /opt/stack/data/venv/lib/python3.12/site-packages/oslo_service/backend/_threading/loopingcall.py:125}}
Mar 30 23:36:27.434066 np0000161735 neutron-periodic-workers[103961]: DEBUG dbcounter [-] [103961] Writing DB stats neutron:SELECT=3 {{(pid=103961) stat_writer /opt/stack/data/venv/lib/python3.12/site-packages/dbcounter.py:115}}
Mar 30 23:36:32.440293 np0000161735 neutron-periodic-workers[103966]: DEBUG neutron.db.agents_db [None req-12b55df6-3f7a-4b47-bb68-be6065305e72 None None] Agent healthcheck: found 0 active agents {{(pid=103966) agent_health_check /opt/stack/neutron/neutron/db/agents_db.py:317}}
Mar 30 23:36:32.441011 np0000161735 neutron-periodic-workers[103966]: DEBUG oslo.service.backend._threading.loopingcall [None req-12b55df6-3f7a-4b47-bb68-be6065305e72 None None] Fixed interval looping call 'neutron.plugins.ml2.plugin.AgentDbMixin.agent_health_check' sleeping for 36.99 seconds {{(pid=103966) _run_loop /opt/stack/data/venv/lib/python3.12/site-packages/oslo_service/backend/_threading/loopingcall.py:125}}
Mar 30 23:36:42.438743 np0000161735 neutron-periodic-workers[103966]: DEBUG dbcounter [-] [103966] Writing DB stats neutron:SELECT=1 {{(pid=103966) stat_writer /opt/stack/data/venv/lib/python3.12/site-packages/dbcounter.py:115}}
Mar 30 23:36:54.437966 np0000161735 neutron-periodic-workers[103961]: DEBUG oslo.service.backend._threading.loopingcall [None req-3a72cce7-8d3d-4672-bee9-4557a1b9ee3b None None] Fixed interval looping call 'neutron.plugins.ml2.plugin.DhcpAgentSchedulerDbMixin.remove_networks_from_down_agents' sleeping for 36.99 seconds {{(pid=103961) _run_loop /opt/stack/data/venv/lib/python3.12/site-packages/oslo_service/backend/_threading/loopingcall.py:125}}
Mar 30 23:37:01.454488 np0000161735 neutron-periodic-workers[103972]: DEBUG oslo.service.backend._threading.loopingcall [None req-0e5ebf3c-2378-4991-8527-cfebb1792a26 None None] Fixed interval looping call 'neutron.db.quota.driver_nolock.DbQuotaNoLockDriver._remove_expired_reservations' sleeping for 120.00 seconds {{(pid=103972) _run_loop /opt/stack/data/venv/lib/python3.12/site-packages/oslo_service/backend/_threading/loopingcall.py:125}}
Mar 30 23:37:04.436788 np0000161735 neutron-periodic-workers[103961]: DEBUG dbcounter [-] [103961] Writing DB stats neutron:SELECT=3 {{(pid=103961) stat_writer /opt/stack/data/venv/lib/python3.12/site-packages/dbcounter.py:115}}
Mar 30 23:37:09.435646 np0000161735 neutron-periodic-workers[103966]: DEBUG neutron.db.agents_db [None req-12b55df6-3f7a-4b47-bb68-be6065305e72 None None] Agent healthcheck: found 0 active agents {{(pid=103966) agent_health_check /opt/stack/neutron/neutron/db/agents_db.py:317}}
Mar 30 23:37:09.436528 np0000161735 neutron-periodic-workers[103966]: DEBUG oslo.service.backend._threading.loopingcall [None req-12b55df6-3f7a-4b47-bb68-be6065305e72 None None] Fixed interval looping call 'neutron.plugins.ml2.plugin.AgentDbMixin.agent_health_check' sleeping for 37.00 seconds {{(pid=103966) _run_loop /opt/stack/data/venv/lib/python3.12/site-packages/oslo_service/backend/_threading/loopingcall.py:125}}
Mar 30 23:37:11.453698 np0000161735 neutron-periodic-workers[103972]: DEBUG dbcounter [-] [103972] Writing DB stats neutron:DELETE=1 {{(pid=103972) stat_writer /opt/stack/data/venv/lib/python3.12/site-packages/dbcounter.py:115}}
Mar 30 23:37:19.435323 np0000161735 neutron-periodic-workers[103966]: DEBUG dbcounter [-] [103966] Writing DB stats neutron:SELECT=1 {{(pid=103966) stat_writer /opt/stack/data/venv/lib/python3.12/site-packages/dbcounter.py:115}}
Mar 30 23:37:31.435899 np0000161735 neutron-periodic-workers[103961]: DEBUG oslo.service.backend._threading.loopingcall [None req-3a72cce7-8d3d-4672-bee9-4557a1b9ee3b None None] Fixed interval looping call 'neutron.plugins.ml2.plugin.DhcpAgentSchedulerDbMixin.remove_networks_from_down_agents' sleeping for 36.99 seconds {{(pid=103961) _run_loop /opt/stack/data/venv/lib/python3.12/site-packages/oslo_service/backend/_threading/loopingcall.py:125}}
Mar 30 23:37:41.434865 np0000161735 neutron-periodic-workers[103961]: DEBUG dbcounter [-] [103961] Writing DB stats neutron:SELECT=3 {{(pid=103961) stat_writer /opt/stack/data/venv/lib/python3.12/site-packages/dbcounter.py:115}}
Mar 30 23:37:46.440440 np0000161735 neutron-periodic-workers[103966]: DEBUG neutron.db.agents_db [None req-12b55df6-3f7a-4b47-bb68-be6065305e72 None None] Agent healthcheck: found 0 active agents {{(pid=103966) agent_health_check /opt/stack/neutron/neutron/db/agents_db.py:317}}
Mar 30 23:37:46.440440 np0000161735 neutron-periodic-workers[103966]: DEBUG oslo.service.backend._threading.loopingcall [None req-12b55df6-3f7a-4b47-bb68-be6065305e72 None None] Fixed interval looping call 'neutron.plugins.ml2.plugin.AgentDbMixin.agent_health_check' sleeping for 37.00 seconds {{(pid=103966) _run_loop /opt/stack/data/venv/lib/python3.12/site-packages/oslo_service/backend/_threading/loopingcall.py:125}}
Mar 30 23:37:56.438960 np0000161735 neutron-periodic-workers[103966]: DEBUG dbcounter [-] [103966] Writing DB stats neutron:SELECT=1 {{(pid=103966) stat_writer /opt/stack/data/venv/lib/python3.12/site-packages/dbcounter.py:115}}
Mar 30 23:38:01.489338 np0000161735 neutron-periodic-workers[103987]: DEBUG oslo.service.backend._threading.loopingcall [None req-1a9bd918-0147-4e6d-881b-666000d93315 None None] Fixed interval looping call 'neutron.services.ovn_l3.plugin.L3_NAT_dbonly_mixin._clean_garbage' sleeping for 299.99 seconds {{(pid=103987) _run_loop /opt/stack/data/venv/lib/python3.12/site-packages/oslo_service/backend/_threading/loopingcall.py:125}}
Mar 30 23:38:08.436680 np0000161735 neutron-periodic-workers[103961]: DEBUG oslo.service.backend._threading.loopingcall [None req-3a72cce7-8d3d-4672-bee9-4557a1b9ee3b None None] Fixed interval looping call 'neutron.plugins.ml2.plugin.DhcpAgentSchedulerDbMixin.remove_networks_from_down_agents' sleeping for 36.99 seconds {{(pid=103961) _run_loop /opt/stack/data/venv/lib/python3.12/site-packages/oslo_service/backend/_threading/loopingcall.py:125}}
Mar 30 23:38:11.483388 np0000161735 neutron-periodic-workers[103987]: DEBUG dbcounter [-] [103987] Writing DB stats neutron:SELECT=1 {{(pid=103987) stat_writer /opt/stack/data/venv/lib/python3.12/site-packages/dbcounter.py:115}}
Mar 30 23:38:18.435626 np0000161735 neutron-periodic-workers[103961]: DEBUG dbcounter [-] [103961] Writing DB stats neutron:SELECT=3 {{(pid=103961) stat_writer /opt/stack/data/venv/lib/python3.12/site-packages/dbcounter.py:115}}
Mar 30 23:38:23.446180 np0000161735 neutron-periodic-workers[103966]: DEBUG neutron.db.agents_db [None req-12b55df6-3f7a-4b47-bb68-be6065305e72 None None] Agent healthcheck: found 0 active agents {{(pid=103966) agent_health_check /opt/stack/neutron/neutron/db/agents_db.py:317}}
Mar 30 23:38:23.447059 np0000161735 neutron-periodic-workers[103966]: DEBUG oslo.service.backend._threading.loopingcall [None req-12b55df6-3f7a-4b47-bb68-be6065305e72 None None] Fixed interval looping call 'neutron.plugins.ml2.plugin.AgentDbMixin.agent_health_check' sleeping for 36.99 seconds {{(pid=103966) _run_loop /opt/stack/data/venv/lib/python3.12/site-packages/oslo_service/backend/_threading/loopingcall.py:125}}
Mar 30 23:38:33.444479 np0000161735 neutron-periodic-workers[103966]: DEBUG dbcounter [-] [103966] Writing DB stats neutron:SELECT=1 {{(pid=103966) stat_writer /opt/stack/data/venv/lib/python3.12/site-packages/dbcounter.py:115}}
Mar 30 23:38:45.436992 np0000161735 neutron-periodic-workers[103961]: DEBUG oslo.service.backend._threading.loopingcall [None req-3a72cce7-8d3d-4672-bee9-4557a1b9ee3b None None] Fixed interval looping call 'neutron.plugins.ml2.plugin.DhcpAgentSchedulerDbMixin.remove_networks_from_down_agents' sleeping for 36.99 seconds {{(pid=103961) _run_loop /opt/stack/data/venv/lib/python3.12/site-packages/oslo_service/backend/_threading/loopingcall.py:125}}
Mar 30 23:38:55.436296 np0000161735 neutron-periodic-workers[103961]: DEBUG dbcounter [-] [103961] Writing DB stats neutron:SELECT=3 {{(pid=103961) stat_writer /opt/stack/data/venv/lib/python3.12/site-packages/dbcounter.py:115}}
Mar 30 23:39:00.441551 np0000161735 neutron-periodic-workers[103966]: DEBUG neutron.db.agents_db [None req-12b55df6-3f7a-4b47-bb68-be6065305e72 None None] Agent healthcheck: found 0 active agents {{(pid=103966) agent_health_check /opt/stack/neutron/neutron/db/agents_db.py:317}}
Mar 30 23:39:00.442306 np0000161735 neutron-periodic-workers[103966]: DEBUG oslo.service.backend._threading.loopingcall [None req-12b55df6-3f7a-4b47-bb68-be6065305e72 None None] Fixed interval looping call 'neutron.plugins.ml2.plugin.AgentDbMixin.agent_health_check' sleeping for 36.99 seconds {{(pid=103966) _run_loop /opt/stack/data/venv/lib/python3.12/site-packages/oslo_service/backend/_threading/loopingcall.py:125}}
