+ COMMAND=start + start + for KEYSTONE_WSGI_SCRIPT in keystone-wsgi-public ++ type -p keystone-wsgi-public + cp -a /var/lib/openstack/bin/keystone-wsgi-public /var/www/cgi-bin/keystone/ + '[' -f /etc/apache2/envvars ']' + source /etc/apache2/envvars ++ unset HOME ++ '[' '' '!=' '' ']' ++ SUFFIX= ++ export APACHE_RUN_USER=www-data ++ APACHE_RUN_USER=www-data ++ export APACHE_RUN_GROUP=www-data ++ APACHE_RUN_GROUP=www-data ++ export APACHE_PID_FILE=/var/run/apache2/apache2.pid ++ APACHE_PID_FILE=/var/run/apache2/apache2.pid ++ export APACHE_RUN_DIR=/var/run/apache2 ++ APACHE_RUN_DIR=/var/run/apache2 ++ export APACHE_LOCK_DIR=/var/lock/apache2 ++ APACHE_LOCK_DIR=/var/lock/apache2 ++ export APACHE_LOG_DIR=/var/log/apache2 ++ APACHE_LOG_DIR=/var/log/apache2 ++ export LANG=C ++ LANG=C ++ export LANG + '[' -f /var/run/apache2/apache2.pid ']' + exec apache2 -DFOREGROUND AH00558: apache2: Could not reliably determine the server's fully qualified domain name, using 10.0.0.20. Set the 'ServerName' directive globally to suppress this message AH00558: apache2: Could not reliably determine the server's fully qualified domain name, using 10.0.0.20. Set the 'ServerName' directive globally to suppress this message
[Fri Jun 12 23:17:18.605544 2026] [mpm_event:notice] [pid 1:tid 140116240353152] AH00489: Apache/2.4.58 (Ubuntu) mod_wsgi/5.0.0 Python/3.12 configured -- resuming normal operations
[Fri Jun 12 23:17:18.605740 2026] [core:notice] [pid 1:tid 140116240353152] AH00094: Command line: 'apache2 -D FOREGROUND'
[Fri Jun 12 23:18:12.972763 2026] [wsgi:error] [pid 10:tid 140115602532032] /var/lib/openstack/lib/python3.12/site-packages/oslo_utils/importutils.py:77: EventletDeprecationWarning:
[Fri Jun 12 23:18:12.972802 2026] [wsgi:error] [pid 10:tid 140115602532032] Eventlet is deprecated. It is currently being maintained in bugfix mode, and
[Fri Jun 12 23:18:12.972804 2026] [wsgi:error] [pid 10:tid 140115602532032] we strongly recommend against using it for new projects.
[Fri Jun 12 23:18:12.972805 2026] [wsgi:error] [pid 10:tid 140115602532032]
[Fri Jun 12 23:18:12.972807 2026] [wsgi:error] [pid 10:tid 140115602532032] If you are already using Eventlet, we recommend migrating to a different
[Fri Jun 12 23:18:12.972808 2026] [wsgi:error] [pid 10:tid 140115602532032] framework. For more detail see
[Fri Jun 12 23:18:12.972809 2026] [wsgi:error] [pid 10:tid 140115602532032] https://eventlet.readthedocs.io/en/latest/asyncio/migration.html
[Fri Jun 12 23:18:12.972810 2026] [wsgi:error] [pid 10:tid 140115602532032]
[Fri Jun 12 23:18:12.972811 2026] [wsgi:error] [pid 10:tid 140115602532032] __import__(import_str)
[Fri Jun 12 23:18:12.981815 2026] [wsgi:error] [pid 11:tid 140115602532032] /var/lib/openstack/lib/python3.12/site-packages/oslo_utils/importutils.py:77: EventletDeprecationWarning:
[Fri Jun 12 23:18:12.981865 2026] [wsgi:error] [pid 11:tid 140115602532032] Eventlet is deprecated. It is currently being maintained in bugfix mode, and
[Fri Jun 12 23:18:12.981867 2026] [wsgi:error] [pid 11:tid 140115602532032] we strongly recommend against using it for new projects.
[Fri Jun 12 23:18:12.981868 2026] [wsgi:error] [pid 11:tid 140115602532032]
[Fri Jun 12 23:18:12.981869 2026] [wsgi:error] [pid 11:tid 140115602532032] If you are already using Eventlet, we recommend migrating to a different
[Fri Jun 12 23:18:12.981871 2026] [wsgi:error] [pid 11:tid 140115602532032] framework. For more detail see
[Fri Jun 12 23:18:12.981872 2026] [wsgi:error] [pid 11:tid 140115602532032] https://eventlet.readthedocs.io/en/latest/asyncio/migration.html
[Fri Jun 12 23:18:12.981873 2026] [wsgi:error] [pid 11:tid 140115602532032]
[Fri Jun 12 23:18:12.981874 2026] [wsgi:error] [pid 11:tid 140115602532032] __import__(import_str) 10.0.0.201 - - [12/Jun/2026:23:18:12 +0000] "GET /v3/ HTTP/1.1" 200 249 10.0.0.201 - - [12/Jun/2026:23:18:12 +0000] "GET /v3/ HTTP/1.1" 200 249
[Fri Jun 12 23:18:25.152535 2026] [wsgi:error] [pid 12:tid 140115602532032] /var/lib/openstack/lib/python3.12/site-packages/oslo_utils/importutils.py:77: EventletDeprecationWarning:
[Fri Jun 12 23:18:25.152581 2026] [wsgi:error] [pid 12:tid 140115602532032] Eventlet is deprecated. It is currently being maintained in bugfix mode, and
[Fri Jun 12 23:18:25.152583 2026] [wsgi:error] [pid 12:tid 140115602532032] we strongly recommend against using it for new projects.
[Fri Jun 12 23:18:25.152584 2026] [wsgi:error] [pid 12:tid 140115602532032]
[Fri Jun 12 23:18:25.152585 2026] [wsgi:error] [pid 12:tid 140115602532032] If you are already using Eventlet, we recommend migrating to a different
[Fri Jun 12 23:18:25.152587 2026] [wsgi:error] [pid 12:tid 140115602532032] framework. For more detail see
[Fri Jun 12 23:18:25.152588 2026] [wsgi:error] [pid 12:tid 140115602532032] https://eventlet.readthedocs.io/en/latest/asyncio/migration.html
[Fri Jun 12 23:18:25.152589 2026] [wsgi:error] [pid 12:tid 140115602532032]
[Fri Jun 12 23:18:25.152590 2026] [wsgi:error] [pid 12:tid 140115602532032] __import__(import_str) 10.0.0.102 - - [12/Jun/2026:23:18:24 +0000] "GET / HTTP/1.1" 300 295
[Fri Jun 12 23:18:30.539148 2026] [wsgi:error] [pid 9:tid 140115602532032] /var/lib/openstack/lib/python3.12/site-packages/oslo_utils/importutils.py:77: EventletDeprecationWarning:
[Fri Jun 12 23:18:30.539180 2026] [wsgi:error] [pid 9:tid 140115602532032] Eventlet is deprecated. It is currently being maintained in bugfix mode, and
[Fri Jun 12 23:18:30.539182 2026] [wsgi:error] [pid 9:tid 140115602532032] we strongly recommend against using it for new projects.
[Fri Jun 12 23:18:30.539183 2026] [wsgi:error] [pid 9:tid 140115602532032]
[Fri Jun 12 23:18:30.539184 2026] [wsgi:error] [pid 9:tid 140115602532032] If you are already using Eventlet, we recommend migrating to a different
[Fri Jun 12 23:18:30.539185 2026] [wsgi:error] [pid 9:tid 140115602532032] framework. For more detail see
[Fri Jun 12 23:18:30.539186 2026] [wsgi:error] [pid 9:tid 140115602532032] https://eventlet.readthedocs.io/en/latest/asyncio/migration.html
[Fri Jun 12 23:18:30.539188 2026] [wsgi:error] [pid 9:tid 140115602532032]
[Fri Jun 12 23:18:30.539189 2026] [wsgi:error] [pid 9:tid 140115602532032] __import__(import_str)
[Fri Jun 12 23:18:35.268083 2026] [wsgi:error] [pid 9:tid 140115602532032] [remote 10.0.0.102:39356] 2026-06-12 23:18:35.264 9 WARNING keystone.identity.core [None req-5ea4e367-5413-4d12-88e2-6e9c9682751e - - - - - -] Invalid domain name (atmosphere) found in config file name: keystone.exception.DomainNotFound: Could not find domain: atmosphere.
[Fri Jun 12 23:18:35.331954 2026] [wsgi:error] [pid 9:tid 140115602532032] [remote 10.0.0.102:39356] 2026-06-12 23:18:35.331 9 WARNING keystone.common.password_hashing [None req-5ea4e367-5413-4d12-88e2-6e9c9682751e - - - - - -] Truncating password to algorithm specific maximum length 72 characters.
[Fri Jun 12 23:18:35.624369 2026] [wsgi:error] [pid 9:tid 140115602532032] [remote 10.0.0.102:39356] 2026-06-12 23:18:35.624 9 WARNING keystone.common.fernet_utils [None req-5ea4e367-5413-4d12-88e2-6e9c9682751e - - - - - -] key_repository is world readable: /etc/keystone/fernet-keys/ 10.0.0.102 - - [12/Jun/2026:23:18:29 +0000] "POST /v3/auth/tokens HTTP/1.1" 201 1360
[Fri Jun 12 23:18:36.008099 2026] [wsgi:error] [pid 10:tid 140115602532032] [remote 10.0.0.102:39356] 2026-06-12 23:18:36.004 10 WARNING keystone.identity.core [None req-6ca25a5c-a395-4661-b7bb-d6a6b6552a31 - - - - - -] Invalid domain name (atmosphere) found in config file name: keystone.exception.DomainNotFound: Could not find domain: atmosphere. 10.0.0.102 - - [12/Jun/2026:23:18:35 +0000] "POST /v3/domains HTTP/1.1" 201 261 10.0.0.52 - - [12/Jun/2026:23:18:48 +0000] "GET / HTTP/1.1" 300 295
[Fri Jun 12 23:18:48.899626 2026] [wsgi:error] [pid 12:tid 140115602532032] [remote 10.0.0.52:48366] 2026-06-12 23:18:48.899 12 WARNING keystone.common.password_hashing [None req-dfa5b991-5e5d-4383-9e05-e3715c4d19e9 - - - - - -] Truncating password to algorithm specific maximum length 72 characters.
[Fri Jun 12 23:18:49.176081 2026] [wsgi:error] [pid 12:tid 140115602532032] [remote 10.0.0.52:48366] 2026-06-12 23:18:49.175 12 WARNING keystone.common.fernet_utils [None req-dfa5b991-5e5d-4383-9e05-e3715c4d19e9 - - - - - -] key_repository is world readable: /etc/keystone/fernet-keys/ 10.0.0.52 - - [12/Jun/2026:23:18:48 +0000] "POST /v3/auth/tokens HTTP/1.1" 201 1360 10.0.0.52 - - [12/Jun/2026:23:18:49 +0000] "GET /v3/roles/admin HTTP/1.1" 404 83
[Fri Jun 12 23:18:49.436224 2026] [wsgi:error] [pid 10:tid 140115602532032] [remote 10.0.0.52:48366] 2026-06-12 23:18:49.435 10 WARNING keystone.common.rbac_enforcer.enforcer [None req-4ecf5e65-7838-4fbe-a13a-c1cf678277c6 0a12057ab23048828d5401c6215e8c07 b2747330b64844ec89f13dacfbd67093 - - default default] Deprecated policy rules found. Use oslopolicy-policy-generator and oslopolicy-policy-upgrade to detect and resolve deprecated policies in your configuration. 10.0.0.52 - - [12/Jun/2026:23:18:49 +0000] "GET /v3/roles?name=admin HTTP/1.1" 200 389
[Fri Jun 12 23:18:49.885222 2026] [wsgi:error] [pid 11:tid 140115602532032] [remote 10.0.0.52:48366] 2026-06-12 23:18:49.884 11 WARNING keystone.common.rbac_enforcer.enforcer [None req-17122f46-4ddd-4c13-8201-07fde91edfbb 0a12057ab23048828d5401c6215e8c07 b2747330b64844ec89f13dacfbd67093 - - default default] Deprecated policy rules found. Use oslopolicy-policy-generator and oslopolicy-policy-upgrade to detect and resolve deprecated policies in your configuration. 10.0.0.52 - - [12/Jun/2026:23:18:49 +0000] "GET /v3/users/admin-RegionOne HTTP/1.1" 404 93
[Fri Jun 12 23:18:50.026414 2026] [wsgi:error] [pid 12:tid 140115602532032] [remote 10.0.0.52:48366] 2026-06-12 23:18:50.026 12 WARNING keystone.common.rbac_enforcer.enforcer [None req-d65e5ef9-17c6-4f8c-a685-451230351fcc 0a12057ab23048828d5401c6215e8c07 b2747330b64844ec89f13dacfbd67093 - - default default] Deprecated policy rules found. Use oslopolicy-policy-generator and oslopolicy-policy-upgrade to detect and resolve deprecated policies in your configuration. 10.0.0.52 - - [12/Jun/2026:23:18:49 +0000] "GET /v3/users?name=admin-RegionOne HTTP/1.1" 200 422
[Fri Jun 12 23:18:50.191570 2026] [wsgi:error] [pid 9:tid 140115602532032] [remote 10.0.0.52:48366] 2026-06-12 23:18:50.191 9 WARNING keystone.common.rbac_enforcer.enforcer [None req-07516959-532b-4514-a4fd-d0257e7a850a 0a12057ab23048828d5401c6215e8c07 b2747330b64844ec89f13dacfbd67093 - - default default] Deprecated policy rules found. Use oslopolicy-policy-generator and oslopolicy-policy-upgrade to detect and resolve deprecated policies in your configuration. 10.0.0.52 - - [12/Jun/2026:23:18:50 +0000] "GET /v3/domains/default HTTP/1.1" 200 224 10.0.0.52 - - [12/Jun/2026:23:18:50 +0000] "PUT /v3/domains/default/users/0a12057ab23048828d5401c6215e8c07/roles/218daa9c140b450ea8b0b1c008a212cf HTTP/1.1" 204 - 10.0.0.201 - - [12/Jun/2026:23:19:00 +0000] "GET / HTTP/1.1" 300 281 10.0.0.201 - - [12/Jun/2026:23:19:02 +0000] "GET /v3 HTTP/1.1" 200 266
[Fri Jun 12 23:19:02.058716 2026] [wsgi:error] [pid 9:tid 140115602532032] [remote 10.0.0.201:53268] 2026-06-12 23:19:02.058 9 WARNING keystone.common.password_hashing [None req-0c35ca07-7aab-4f76-84d1-fbf0f0134a09 - - - - - -] Truncating password to algorithm specific maximum length 72 characters.
[Fri Jun 12 23:19:02.347204 2026] [wsgi:error] [pid 9:tid 140115602532032] [remote 10.0.0.201:53268] 2026-06-12 23:19:02.347 9 WARNING keystone.common.fernet_utils [None req-0c35ca07-7aab-4f76-84d1-fbf0f0134a09 - - - - - -] key_repository is world readable: /etc/keystone/fernet-keys/ 10.0.0.201 - - [12/Jun/2026:23:19:02 +0000] "POST /v3/auth/tokens HTTP/1.1" 201 1360 10.0.0.201 - - [12/Jun/2026:23:19:02 +0000] "GET / HTTP/1.1" 300 281 10.0.0.201 - - [12/Jun/2026:23:19:02 +0000] "GET /v3/domains/atmosphere HTTP/1.1" 404 90 10.0.0.201 - - [12/Jun/2026:23:19:02 +0000] "GET /v3/domains?name=atmosphere HTTP/1.1" 200 370 10.0.0.201 - - [12/Jun/2026:23:19:02 +0000] "GET /v3/domains/afa11f0f83ff4e15bcb16ae7bf6918b8 HTTP/1.1" 200 247 10.0.0.201 - - [12/Jun/2026:23:19:03 +0000] "GET /v3 HTTP/1.1" 200 266
[Fri Jun 12 23:19:03.428094 2026] [wsgi:error] [pid 11:tid 140115602532032] [remote 10.0.0.201:53272] 2026-06-12 23:19:03.427 11 WARNING keystone.common.password_hashing [None req-9bb69c9a-767a-418d-87e2-dd766c3c9f39 - - - - - -] Truncating password to algorithm specific maximum length 72 characters.
[Fri Jun 12 23:19:03.705878 2026] [wsgi:error] [pid 11:tid 140115602532032] [remote 10.0.0.201:53272] 2026-06-12 23:19:03.705 11 WARNING keystone.common.fernet_utils [None req-9bb69c9a-767a-418d-87e2-dd766c3c9f39 - - - - - -] key_repository is world readable: /etc/keystone/fernet-keys/ 10.0.0.201 - - [12/Jun/2026:23:19:03 +0000] "POST /v3/auth/tokens HTTP/1.1" 201 1360 10.0.0.201 - - [12/Jun/2026:23:19:03 +0000] "GET / HTTP/1.1" 300 281 10.0.0.201 - - [12/Jun/2026:23:19:03 +0000] "GET /v3/OS-FEDERATION/identity_providers/atmosphere HTTP/1.1" 404 101 10.0.0.201 - - [12/Jun/2026:23:19:03 +0000] "GET /v3/OS-FEDERATION/identity_providers HTTP/1.1" 200 156 10.0.0.201 - - [12/Jun/2026:23:19:03 +0000] "PUT /v3/OS-FEDERATION/identity_providers/atmosphere HTTP/1.1" 201 342 10.0.0.201 - - [12/Jun/2026:23:19:04 +0000] "GET /v3 HTTP/1.1" 200 266
[Fri Jun 12 23:19:04.497522 2026] [wsgi:error] [pid 9:tid 140115602532032] [remote 10.0.0.201:53268] 2026-06-12 23:19:04.497 9 WARNING keystone.common.password_hashing [None req-1b1cb348-a3e9-45d5-a8e0-77f9e7f817e0 - - - - - -] Truncating password to algorithm specific maximum length 72 characters.
[Fri Jun 12 23:19:04.767708 2026] [wsgi:error] [pid 9:tid 140115602532032] [remote 10.0.0.201:53268] 2026-06-12 23:19:04.767 9 WARNING keystone.common.fernet_utils [None req-1b1cb348-a3e9-45d5-a8e0-77f9e7f817e0 - - - - - -] key_repository is world readable: /etc/keystone/fernet-keys/ 10.0.0.201 - - [12/Jun/2026:23:19:04 +0000] "POST /v3/auth/tokens HTTP/1.1" 201 1360 10.0.0.201 - - [12/Jun/2026:23:19:04 +0000] "GET / HTTP/1.1" 300 281 10.0.0.201 - - [12/Jun/2026:23:19:04 +0000] "GET /v3/OS-FEDERATION/mappings/atmosphere-openid HTTP/1.1" 404 98 10.0.0.201 - - [12/Jun/2026:23:19:04 +0000] "GET /v3/OS-FEDERATION/mappings HTTP/1.1" 200 136 10.0.0.201 - - [12/Jun/2026:23:19:04 +0000] "PUT /v3/OS-FEDERATION/mappings/atmosphere-openid HTTP/1.1" 201 357 10.0.0.201 - - [12/Jun/2026:23:19:05 +0000] "GET /v3 HTTP/1.1" 200 266
[Fri Jun 12 23:19:05.551533 2026] [wsgi:error] [pid 11:tid 140115602532032] [remote 10.0.0.201:53272] 2026-06-12 23:19:05.551 11 WARNING keystone.common.password_hashing [None req-b0cae774-931e-4018-b894-d25deedba456 - - - - - -] Truncating password to algorithm specific maximum length 72 characters.
[Fri Jun 12 23:19:05.827967 2026] [wsgi:error] [pid 11:tid 140115602532032] [remote 10.0.0.201:53272] 2026-06-12 23:19:05.827 11 WARNING keystone.common.fernet_utils [None req-b0cae774-931e-4018-b894-d25deedba456 - - - - - -] key_repository is world readable: /etc/keystone/fernet-keys/ 10.0.0.201 - - [12/Jun/2026:23:19:05 +0000] "POST /v3/auth/tokens HTTP/1.1" 201 1360 10.0.0.201 - - [12/Jun/2026:23:19:05 +0000] "GET / HTTP/1.1" 300 281 10.0.0.201 - - [12/Jun/2026:23:19:05 +0000] "GET /v3/OS-FEDERATION/identity_providers/atmosphere/protocols/openid?idp_id=atmosphere HTTP/1.1" 404 131 10.0.0.201 - - [12/Jun/2026:23:19:05 +0000] "GET /v3/OS-FEDERATION/identity_providers/atmosphere/protocols HTTP/1.1" 200 168 10.0.0.201 - - [12/Jun/2026:23:19:05 +0000] "PUT /v3/OS-FEDERATION/identity_providers/atmosphere/protocols/openid HTTP/1.1" 201 224 10.0.0.201 - - [12/Jun/2026:23:19:12 +0000] "GET /v3/ HTTP/1.1" 200 249 10.0.0.201 - - [12/Jun/2026:23:19:12 +0000] "GET /v3/ HTTP/1.1" 200 249 10.0.0.201 - - [12/Jun/2026:23:20:12 +0000] "GET /v3/ HTTP/1.1" 200 249 10.0.0.201 - - [12/Jun/2026:23:20:12 +0000] "GET /v3/ HTTP/1.1" 200 249 10.0.0.184 - - [12/Jun/2026:23:20:30 +0000] "GET / HTTP/1.1" 300 295
[Fri Jun 12 23:20:30.320985 2026] [wsgi:error] [pid 9:tid 140115602532032] [remote 10.0.0.184:39460] 2026-06-12 23:20:30.320 9 WARNING keystone.common.password_hashing [None req-ae91e752-8a91-4ec7-89a8-51bcdce5f7a6 - - - - - -] Truncating password to algorithm specific maximum length 72 characters.
[Fri Jun 12 23:20:30.592672 2026] [wsgi:error] [pid 9:tid 140115602532032] [remote 10.0.0.184:39460] 2026-06-12 23:20:30.592 9 WARNING keystone.common.fernet_utils [None req-ae91e752-8a91-4ec7-89a8-51bcdce5f7a6 - - - - - -] key_repository is world readable: /etc/keystone/fernet-keys/ 10.0.0.184 - - [12/Jun/2026:23:20:30 +0000] "POST /v3/auth/tokens HTTP/1.1" 201 1360 10.0.0.184 - - [12/Jun/2026:23:20:30 +0000] "GET /v3/services HTTP/1.1" 200 355 10.0.0.184 - - [12/Jun/2026:23:20:34 +0000] "GET / HTTP/1.1" 300 295
[Fri Jun 12 23:20:34.150971 2026] [wsgi:error] [pid 12:tid 140115602532032] [remote 10.0.0.184:39476] 2026-06-12 23:20:34.150 12 WARNING keystone.common.password_hashing [None req-ff7d4e4e-fcf1-4787-84b9-352dbfa06d97 - - - - - -] Truncating password to algorithm specific maximum length 72 characters.
[Fri Jun 12 23:20:34.428522 2026] [wsgi:error] [pid 12:tid 140115602532032] [remote 10.0.0.184:39476] 2026-06-12 23:20:34.428 12 WARNING keystone.common.fernet_utils [None req-ff7d4e4e-fcf1-4787-84b9-352dbfa06d97 - - - - - -] key_repository is world readable: /etc/keystone/fernet-keys/ 10.0.0.184 - - [12/Jun/2026:23:20:34 +0000] "POST /v3/auth/tokens HTTP/1.1" 201 1360 10.0.0.184 - - [12/Jun/2026:23:20:34 +0000] "GET /v3/services HTTP/1.1" 200 355 10.0.0.184 - - [12/Jun/2026:23:20:37 +0000] "GET / HTTP/1.1" 300 295
[Fri Jun 12 23:20:37.881629 2026] [wsgi:error] [pid 11:tid 140115602532032] [remote 10.0.0.184:43786] 2026-06-12 23:20:37.881 11 WARNING keystone.common.password_hashing [None req-fa085c29-a169-4938-acc2-0a28aa5e23ad - - - - - -] Truncating password to algorithm specific maximum length 72 characters.
[Fri Jun 12 23:20:38.153224 2026] [wsgi:error] [pid 11:tid 140115602532032] [remote 10.0.0.184:43786] 2026-06-12 23:20:38.153 11 WARNING keystone.common.fernet_utils [None req-fa085c29-a169-4938-acc2-0a28aa5e23ad - - - - - -] key_repository is world readable: /etc/keystone/fernet-keys/ 10.0.0.184 - - [12/Jun/2026:23:20:37 +0000] "POST /v3/auth/tokens HTTP/1.1" 201 1360 10.0.0.184 - - [12/Jun/2026:23:20:38 +0000] "GET /v3/services HTTP/1.1" 200 355 10.0.0.184 - - [12/Jun/2026:23:20:41 +0000] "GET / HTTP/1.1" 300 295
[Fri Jun 12 23:20:41.648726 2026] [wsgi:error] [pid 10:tid 140115602532032] [remote 10.0.0.184:43794] 2026-06-12 23:20:41.648 10 WARNING keystone.common.password_hashing [None req-49ff5dd0-00c1-49c2-aebd-6a458f5f90f1 - - - - - -] Truncating password to algorithm specific maximum length 72 characters.
[Fri Jun 12 23:20:41.920356 2026] [wsgi:error] [pid 10:tid 140115602532032] [remote 10.0.0.184:43794] 2026-06-12 23:20:41.920 10 WARNING keystone.common.fernet_utils [None req-49ff5dd0-00c1-49c2-aebd-6a458f5f90f1 - - - - - -] key_repository is world readable: /etc/keystone/fernet-keys/ 10.0.0.184 - - [12/Jun/2026:23:20:41 +0000] "POST /v3/auth/tokens HTTP/1.1" 201 1360 10.0.0.184 - - [12/Jun/2026:23:20:42 +0000] "POST /v3/services HTTP/1.1" 201 296 10.0.0.117 - - [12/Jun/2026:23:20:52 +0000] "GET / HTTP/1.1" 300 295
[Fri Jun 12 23:20:52.569988 2026] [wsgi:error] [pid 9:tid 140115602532032] [remote 10.0.0.117:33136] 2026-06-12 23:20:52.569 9 WARNING keystone.common.password_hashing [None req-52c78a66-8ed8-46ee-971f-b91743693e5b - - - - - -] Truncating password to algorithm specific maximum length 72 characters. 10.0.0.117 - - [12/Jun/2026:23:20:52 +0000] "GET / HTTP/1.1" 300 295
[Fri Jun 12 23:20:52.650859 2026] [wsgi:error] [pid 11:tid 140115602532032] [remote 10.0.0.117:33152] 2026-06-12 23:20:52.650 11 WARNING keystone.common.password_hashing [None req-b44dffb8-fc2e-4fb3-8785-8fcbad35cc30 - - - - - -] Truncating password to algorithm specific maximum length 72 characters. 10.0.0.117 - - [12/Jun/2026:23:20:52 +0000] "GET / HTTP/1.1" 300 295
[Fri Jun 12 23:20:52.835999 2026] [wsgi:error] [pid 10:tid 140115602532032] [remote 10.0.0.117:33156] 2026-06-12 23:20:52.835 10 WARNING keystone.common.password_hashing [None req-b4095939-bb36-442f-a940-0606a92e5b5e - - - - - -] Truncating password to algorithm specific maximum length 72 characters.
[Fri Jun 12 23:20:52.841816 2026] [wsgi:error] [pid 9:tid 140115602532032] [remote 10.0.0.117:33136] 2026-06-12 23:20:52.841 9 WARNING keystone.common.fernet_utils [None req-52c78a66-8ed8-46ee-971f-b91743693e5b - - - - - -] key_repository is world readable: /etc/keystone/fernet-keys/ 10.0.0.117 - - [12/Jun/2026:23:20:52 +0000] "POST /v3/auth/tokens HTTP/1.1" 201 1464
[Fri Jun 12 23:20:52.925765 2026] [wsgi:error] [pid 11:tid 140115602532032] [remote 10.0.0.117:33152] 2026-06-12 23:20:52.925 11 WARNING keystone.common.fernet_utils [None req-b44dffb8-fc2e-4fb3-8785-8fcbad35cc30 - - - - - -] key_repository is world readable: /etc/keystone/fernet-keys/ 10.0.0.117 - - [12/Jun/2026:23:20:52 +0000] "POST /v3/auth/tokens HTTP/1.1" 201 1464 10.0.0.117 - - [12/Jun/2026:23:20:52 +0000] "GET /v3/services HTTP/1.1" 200 639 10.0.0.117 - - [12/Jun/2026:23:20:53 +0000] "GET /v3/services HTTP/1.1" 200 639
[Fri Jun 12 23:20:53.113755 2026] [wsgi:error] [pid 10:tid 140115602532032] [remote 10.0.0.117:33156] 2026-06-12 23:20:53.113 10 WARNING keystone.common.fernet_utils [None req-b4095939-bb36-442f-a940-0606a92e5b5e - - - - - -] key_repository is world readable: /etc/keystone/fernet-keys/ 10.0.0.117 - - [12/Jun/2026:23:20:52 +0000] "POST /v3/auth/tokens HTTP/1.1" 201 1464 10.0.0.117 - - [12/Jun/2026:23:20:53 +0000] "GET /v3/services HTTP/1.1" 200 639 10.0.0.117 - - [12/Jun/2026:23:20:54 +0000] "GET / HTTP/1.1" 300 295
[Fri Jun 12 23:20:54.389705 2026] [wsgi:error] [pid 9:tid 140115602532032] [remote 10.0.0.117:33166] 2026-06-12 23:20:54.389 9 WARNING keystone.common.password_hashing [None req-15adbee7-d10f-4821-9c5a-184d0abb6589 - - - - - -] Truncating password to algorithm specific maximum length 72 characters. 10.0.0.117 - - [12/Jun/2026:23:20:54 +0000] "GET / HTTP/1.1" 300 295
[Fri Jun 12 23:20:54.447501 2026] [wsgi:error] [pid 11:tid 140115602532032] [remote 10.0.0.117:33178] 2026-06-12 23:20:54.447 11 WARNING keystone.common.password_hashing [None req-f791bfa9-d846-439c-b4a0-13211a30b685 - - - - - -] Truncating password to algorithm specific maximum length 72 characters. 10.0.0.117 - - [12/Jun/2026:23:20:54 +0000] "GET / HTTP/1.1" 300 295
[Fri Jun 12 23:20:54.660247 2026] [wsgi:error] [pid 9:tid 140115602532032] [remote 10.0.0.117:33166] 2026-06-12 23:20:54.660 9 WARNING keystone.common.fernet_utils [None req-15adbee7-d10f-4821-9c5a-184d0abb6589 - - - - - -] key_repository is world readable: /etc/keystone/fernet-keys/ 10.0.0.117 - - [12/Jun/2026:23:20:54 +0000] "POST /v3/auth/tokens HTTP/1.1" 201 1464
[Fri Jun 12 23:20:54.674678 2026] [wsgi:error] [pid 10:tid 140115602532032] [remote 10.0.0.117:33182] 2026-06-12 23:20:54.674 10 WARNING keystone.common.password_hashing [None req-6adbfa06-ec74-47f1-8c12-bc18c2c087f6 - - - - - -] Truncating password to algorithm specific maximum length 72 characters.
[Fri Jun 12 23:20:54.715659 2026] [wsgi:error] [pid 11:tid 140115602532032] [remote 10.0.0.117:33178] 2026-06-12 23:20:54.715 11 WARNING keystone.common.fernet_utils [None req-f791bfa9-d846-439c-b4a0-13211a30b685 - - - - - -] key_repository is world readable: /etc/keystone/fernet-keys/ 10.0.0.117 - - [12/Jun/2026:23:20:54 +0000] "POST /v3/auth/tokens HTTP/1.1" 201 1464 10.0.0.117 - - [12/Jun/2026:23:20:54 +0000] "GET /v3/endpoints HTTP/1.1" 200 1227 10.0.0.117 - - [12/Jun/2026:23:20:54 +0000] "GET /v3/services/8f178dd55f614c8eb8a48723566f7d3a HTTP/1.1" 200 233 10.0.0.117 - - [12/Jun/2026:23:20:54 +0000] "GET /v3/services/8f178dd55f614c8eb8a48723566f7d3a HTTP/1.1" 200 233 10.0.0.117 - - [12/Jun/2026:23:20:54 +0000] "GET /v3/endpoints HTTP/1.1" 200 1227 10.0.0.117 - - [12/Jun/2026:23:20:54 +0000] "GET /v3/services/8f178dd55f614c8eb8a48723566f7d3a HTTP/1.1" 200 233 10.0.0.117 - - [12/Jun/2026:23:20:54 +0000] "GET /v3/services/8f178dd55f614c8eb8a48723566f7d3a HTTP/1.1" 200 233 10.0.0.117 - - [12/Jun/2026:23:20:54 +0000] "GET /v3/services/8f178dd55f614c8eb8a48723566f7d3a HTTP/1.1" 200 233 10.0.0.117 - - [12/Jun/2026:23:20:54 +0000] "GET /v3/services/8f178dd55f614c8eb8a48723566f7d3a HTTP/1.1" 200 233
[Fri Jun 12 23:20:54.950455 2026] [wsgi:error] [pid 10:tid 140115602532032] [remote 10.0.0.117:33182] 2026-06-12 23:20:54.950 10 WARNING keystone.common.fernet_utils [None req-6adbfa06-ec74-47f1-8c12-bc18c2c087f6 - - - - - -] key_repository is world readable: /etc/keystone/fernet-keys/ 10.0.0.117 - - [12/Jun/2026:23:20:54 +0000] "POST /v3/auth/tokens HTTP/1.1" 201 1464 10.0.0.117 - - [12/Jun/2026:23:20:55 +0000] "GET /v3/endpoints HTTP/1.1" 200 1227 10.0.0.117 - - [12/Jun/2026:23:20:55 +0000] "GET /v3/services/8f178dd55f614c8eb8a48723566f7d3a HTTP/1.1" 200 233 10.0.0.117 - - [12/Jun/2026:23:20:55 +0000] "GET /v3/services/8f178dd55f614c8eb8a48723566f7d3a HTTP/1.1" 200 233 10.0.0.117 - - [12/Jun/2026:23:20:55 +0000] "GET /v3/services/8f178dd55f614c8eb8a48723566f7d3a HTTP/1.1" 200 233 10.0.0.117 - - [12/Jun/2026:23:20:56 +0000] "GET / HTTP/1.1" 300 295 10.0.0.117 - - [12/Jun/2026:23:20:56 +0000] "GET / HTTP/1.1" 300 295
[Fri Jun 12 23:20:56.278460 2026] [wsgi:error] [pid 12:tid 140115602532032] [remote 10.0.0.117:51922] 2026-06-12 23:20:56.278 12 WARNING keystone.common.password_hashing [None req-858cc674-9af1-4070-82a2-3dc408b93bce - - - - - -] Truncating password to algorithm specific maximum length 72 characters.
[Fri Jun 12 23:20:56.285557 2026] [wsgi:error] [pid 10:tid 140115602532032] [remote 10.0.0.117:51938] 2026-06-12 23:20:56.285 10 WARNING keystone.common.password_hashing [None req-8567a646-b8dd-4e8a-9000-059223e77d51 - - - - - -] Truncating password to algorithm specific maximum length 72 characters. 10.0.0.117 - - [12/Jun/2026:23:20:56 +0000] "GET / HTTP/1.1" 300 295
[Fri Jun 12 23:20:56.513791 2026] [wsgi:error] [pid 9:tid 140115602532032] [remote 10.0.0.117:51942] 2026-06-12 23:20:56.513 9 WARNING keystone.common.password_hashing [None req-141edaa4-596e-4361-908c-cc42f1b07228 - - - - - -] Truncating password to algorithm specific maximum length 72 characters.
[Fri Jun 12 23:20:56.560709 2026] [wsgi:error] [pid 10:tid 140115602532032] [remote 10.0.0.117:51938] 2026-06-12 23:20:56.560 10 WARNING keystone.common.fernet_utils [None req-8567a646-b8dd-4e8a-9000-059223e77d51 - - - - - -] key_repository is world readable: /etc/keystone/fernet-keys/
[Fri Jun 12 23:20:56.567087 2026] [wsgi:error] [pid 12:tid 140115602532032] [remote 10.0.0.117:51922] 2026-06-12 23:20:56.566 12 WARNING keystone.common.fernet_utils [None req-858cc674-9af1-4070-82a2-3dc408b93bce - - - - - -] key_repository is world readable: /etc/keystone/fernet-keys/ 10.0.0.117 - - [12/Jun/2026:23:20:56 +0000] "POST /v3/auth/tokens HTTP/1.1" 201 1464 10.0.0.117 - - [12/Jun/2026:23:20:56 +0000] "POST /v3/auth/tokens HTTP/1.1" 201 1464 10.0.0.117 - - [12/Jun/2026:23:20:56 +0000] "GET /v3/services/6eb121d0a762499d95c83c662f33f136 HTTP/1.1" 200 296 10.0.0.117 - - [12/Jun/2026:23:20:56 +0000] "GET /v3/services/6eb121d0a762499d95c83c662f33f136 HTTP/1.1" 200 296 10.0.0.117 - - [12/Jun/2026:23:20:56 +0000] "GET /v3/regions/RegionOne HTTP/1.1" 200 173 10.0.0.117 - - [12/Jun/2026:23:20:56 +0000] "GET /v3/regions/RegionOne HTTP/1.1" 200 173 10.0.0.117 - - [12/Jun/2026:23:20:56 +0000] "POST /v3/endpoints HTTP/1.1" 201 383
[Fri Jun 12 23:20:56.791523 2026] [wsgi:error] [pid 9:tid 140115602532032] [remote 10.0.0.117:51942] 2026-06-12 23:20:56.791 9 WARNING keystone.common.fernet_utils [None req-141edaa4-596e-4361-908c-cc42f1b07228 - - - - - -] key_repository is world readable: /etc/keystone/fernet-keys/ 10.0.0.117 - - [12/Jun/2026:23:20:56 +0000] "POST /v3/auth/tokens HTTP/1.1" 201 1823 10.0.0.117 - - [12/Jun/2026:23:20:56 +0000] "POST /v3/endpoints HTTP/1.1" 201 380 10.0.0.117 - - [12/Jun/2026:23:20:56 +0000] "GET /v3/services/6eb121d0a762499d95c83c662f33f136 HTTP/1.1" 200 296 10.0.0.117 - - [12/Jun/2026:23:20:56 +0000] "GET /v3/regions/RegionOne HTTP/1.1" 200 173 10.0.0.117 - - [12/Jun/2026:23:20:56 +0000] "POST /v3/endpoints HTTP/1.1" 201 370 10.0.0.117 - - [12/Jun/2026:23:20:58 +0000] "GET / HTTP/1.1" 300 295
[Fri Jun 12 23:20:58.247849 2026] [wsgi:error] [pid 11:tid 140115602532032] [remote 10.0.0.117:51946] 2026-06-12 23:20:58.247 11 WARNING keystone.common.password_hashing [None req-943f62b3-634e-41b4-968b-cb0921e9de3c - - - - - -] Truncating password to algorithm specific maximum length 72 characters. 10.0.0.117 - - [12/Jun/2026:23:20:58 +0000] "GET / HTTP/1.1" 300 295
[Fri Jun 12 23:20:58.334187 2026] [wsgi:error] [pid 9:tid 140115602532032] [remote 10.0.0.117:51948] 2026-06-12 23:20:58.333 9 WARNING keystone.common.password_hashing [None req-340db2be-2853-4ab1-8ca8-ea81fa3d299a - - - - - -] Truncating password to algorithm specific maximum length 72 characters. 10.0.0.117 - - [12/Jun/2026:23:20:58 +0000] "GET / HTTP/1.1" 300 295
[Fri Jun 12 23:20:58.508889 2026] [wsgi:error] [pid 10:tid 140115602532032] [remote 10.0.0.117:51958] 2026-06-12 23:20:58.508 10 WARNING keystone.common.password_hashing [None req-bbf30dc0-397f-432f-b9d3-87faabb49fb8 - - - - - -] Truncating password to algorithm specific maximum length 72 characters.
[Fri Jun 12 23:20:58.525057 2026] [wsgi:error] [pid 11:tid 140115602532032] [remote 10.0.0.117:51946] 2026-06-12 23:20:58.524 11 WARNING keystone.common.fernet_utils [None req-943f62b3-634e-41b4-968b-cb0921e9de3c - - - - - -] key_repository is world readable: /etc/keystone/fernet-keys/ 10.0.0.117 - - [12/Jun/2026:23:20:58 +0000] "POST /v3/auth/tokens HTTP/1.1" 201 1992
[Fri Jun 12 23:20:58.616691 2026] [wsgi:error] [pid 9:tid 140115602532032] [remote 10.0.0.117:51948] 2026-06-12 23:20:58.616 9 WARNING keystone.common.fernet_utils [None req-340db2be-2853-4ab1-8ca8-ea81fa3d299a - - - - - -] key_repository is world readable: /etc/keystone/fernet-keys/ 10.0.0.117 - - [12/Jun/2026:23:20:58 +0000] "POST /v3/auth/tokens HTTP/1.1" 201 1992 10.0.0.117 - - [12/Jun/2026:23:20:58 +0000] "GET /v3/endpoints/8f037f18ba2d403aab56e128e8373d6a HTTP/1.1" 200 380 10.0.0.117 - - [12/Jun/2026:23:20:58 +0000] "GET /v3/services/6eb121d0a762499d95c83c662f33f136 HTTP/1.1" 200 296 10.0.0.117 - - [12/Jun/2026:23:20:58 +0000] "GET /v3/endpoints/09411ef680344487a185f80dc0a3fc69 HTTP/1.1" 200 383 10.0.0.117 - - [12/Jun/2026:23:20:58 +0000] "GET /v3/services/6eb121d0a762499d95c83c662f33f136 HTTP/1.1" 200 296
[Fri Jun 12 23:20:58.786418 2026] [wsgi:error] [pid 10:tid 140115602532032] [remote 10.0.0.117:51958] 2026-06-12 23:20:58.786 10 WARNING keystone.common.fernet_utils [None req-bbf30dc0-397f-432f-b9d3-87faabb49fb8 - - - - - -] key_repository is world readable: /etc/keystone/fernet-keys/ 10.0.0.117 - - [12/Jun/2026:23:20:58 +0000] "POST /v3/auth/tokens HTTP/1.1" 201 1992 10.0.0.117 - - [12/Jun/2026:23:20:58 +0000] "GET /v3/endpoints/8aabd3869ed74b03881531e6f636acc8 HTTP/1.1" 200 370 10.0.0.117 - - [12/Jun/2026:23:20:58 +0000] "GET /v3/services/6eb121d0a762499d95c83c662f33f136 HTTP/1.1" 200 296 10.0.0.45 - - [12/Jun/2026:23:21:10 +0000] "GET / HTTP/1.1" 300 295
[Fri Jun 12 23:21:10.573017 2026] [wsgi:error] [pid 10:tid 140115602532032] [remote 10.0.0.45:58190] 2026-06-12 23:21:10.572 10 WARNING keystone.common.password_hashing [None req-b58c51bd-77b9-4186-a14b-0fabb2dd3091 - - - - - -] Truncating password to algorithm specific maximum length 72 characters.
[Fri Jun 12 23:21:10.845423 2026] [wsgi:error] [pid 10:tid 140115602532032] [remote 10.0.0.45:58190] 2026-06-12 23:21:10.845 10 WARNING keystone.common.fernet_utils [None req-b58c51bd-77b9-4186-a14b-0fabb2dd3091 - - - - - -] key_repository is world readable: /etc/keystone/fernet-keys/ 10.0.0.45 - - [12/Jun/2026:23:21:10 +0000] "POST /v3/auth/tokens HTTP/1.1" 201 1992 10.0.0.45 - - [12/Jun/2026:23:21:10 +0000] "POST /v3/domains HTTP/1.1" 201 284 10.0.0.201 - - [12/Jun/2026:23:21:12 +0000] "GET /v3/ HTTP/1.1" 200 249 10.0.0.201 - - [12/Jun/2026:23:21:12 +0000] "GET /v3/ HTTP/1.1" 200 249 10.0.0.45 - - [12/Jun/2026:23:21:12 +0000] "GET / HTTP/1.1" 300 295
[Fri Jun 12 23:21:12.364074 2026] [wsgi:error] [pid 11:tid 140115602532032] [remote 10.0.0.45:58198] 2026-06-12 23:21:12.363 11 WARNING keystone.common.password_hashing [None req-2e5b5392-a818-4d85-9392-f684ce4bc563 - - - - - -] Truncating password to algorithm specific maximum length 72 characters.
[Fri Jun 12 23:21:12.639729 2026] [wsgi:error] [pid 11:tid 140115602532032] [remote 10.0.0.45:58198] 2026-06-12 23:21:12.639 11 WARNING keystone.common.fernet_utils [None req-2e5b5392-a818-4d85-9392-f684ce4bc563 - - - - - -] key_repository is world readable: /etc/keystone/fernet-keys/ 10.0.0.45 - - [12/Jun/2026:23:21:12 +0000] "POST /v3/auth/tokens HTTP/1.1" 201 1992
[Fri Jun 12 23:21:12.846749 2026] [wsgi:error] [pid 9:tid 140115602532032] [remote 10.0.0.45:58198] 2026-06-12 23:21:12.833 9 ERROR keystone.server.flask.application [None req-b76b9b2a-9fbc-4454-8392-839a02e0b2cd 0a12057ab23048828d5401c6215e8c07 b2747330b64844ec89f13dacfbd67093 - - default default] Conflict occurred attempting to store project - it is not permitted to have two projects acting as domains with the same name: service.: keystone.exception.Conflict: Conflict occurred attempting to store project - it is not permitted to have two projects acting as domains with the same name: service.
[Fri Jun 12 23:21:12.846788 2026] [wsgi:error] [pid 9:tid 140115602532032] [remote 10.0.0.45:58198] 2026-06-12 23:21:12.833 9 ERROR keystone.server.flask.application
Traceback (most recent call last):
[Fri Jun 12 23:21:12.846790 2026] [wsgi:error] [pid 9:tid 140115602532032] [remote 10.0.0.45:58198] 2026-06-12 23:21:12.833 9 ERROR keystone.server.flask.application
File "/var/lib/openstack/lib/python3.12/site-packages/sqlalchemy/engine/base.py", line 1969, in _exec_single_context
[Fri Jun 12 23:21:12.846791 2026] [wsgi:error] [pid 9:tid 140115602532032] [remote 10.0.0.45:58198] 2026-06-12 23:21:12.833 9 ERROR keystone.server.flask.application self.dialect.do_execute(
[Fri Jun 12 23:21:12.846793 2026] [wsgi:error] [pid 9:tid 140115602532032] [remote 10.0.0.45:58198] 2026-06-12 23:21:12.833 9 ERROR keystone.server.flask.application
File "/var/lib/openstack/lib/python3.12/site-packages/sqlalchemy/engine/default.py", line 952, in do_execute
[Fri Jun 12 23:21:12.846794 2026] [wsgi:error] [pid 9:tid 140115602532032] [remote 10.0.0.45:58198] 2026-06-12 23:21:12.833 9 ERROR keystone.server.flask.application cursor.execute(statement, parameters)
[Fri Jun 12 23:21:12.846796 2026] [wsgi:error] [pid 9:tid 140115602532032] [remote 10.0.0.45:58198] 2026-06-12 23:21:12.833 9 ERROR keystone.server.flask.application
File "/var/lib/openstack/lib/python3.12/site-packages/pymysql/cursors.py", line 159, in execute
[Fri Jun 12 23:21:12.846797 2026] [wsgi:error] [pid 9:tid 140115602532032] [remote 10.0.0.45:58198] 2026-06-12 23:21:12.833 9 ERROR keystone.server.flask.application result = self._query(query)
[Fri Jun 12 23:21:12.846799 2026] [wsgi:error] [pid 9:tid 140115602532032] [remote 10.0.0.45:58198] 2026-06-12 23:21:12.833 9 ERROR keystone.server.flask.application ^^^^^^^^^^^^^^^^^^
[Fri Jun 12 23:21:12.846800 2026] [wsgi:error] [pid 9:tid 140115602532032] [remote 10.0.0.45:58198] 2026-06-12 23:21:12.833 9 ERROR keystone.server.flask.application
File "/var/lib/openstack/lib/python3.12/site-packages/pymysql/cursors.py", line 330, in _query
[Fri Jun 12 23:21:12.846801 2026] [wsgi:error] [pid 9:tid 140115602532032] [remote 10.0.0.45:58198] 2026-06-12 23:21:12.833 9 ERROR keystone.server.flask.application conn.query(q)
[Fri Jun 12 23:21:12.846803 2026] [wsgi:error] [pid 9:tid 140115602532032] [remote 10.0.0.45:58198] 2026-06-12 23:21:12.833 9 ERROR keystone.server.flask.application
File "/var/lib/openstack/lib/python3.12/site-packages/pymysql/connections.py", line 582, in query
[Fri Jun 12 23:21:12.846804 2026] [wsgi:error] [pid 9:tid 140115602532032] [remote 10.0.0.45:58198] 2026-06-12 23:21:12.833 9 ERROR keystone.server.flask.application self._affected_rows = self._read_query_result(unbuffered=unbuffered)
[Fri Jun 12 23:21:12.846806 2026] [wsgi:error] [pid 9:tid 140115602532032] [remote 10.0.0.45:58198] 2026-06-12 23:21:12.833 9 ERROR keystone.server.flask.application ^^^^^^^^^^^^^^^^^^^^^^^^^^^^^^^^^^^^^^^^^^^^^^
[Fri Jun 12 23:21:12.846807 2026] [wsgi:error] [pid 9:tid 140115602532032] [remote 10.0.0.45:58198] 2026-06-12 23:21:12.833 9 ERROR keystone.server.flask.application
File "/var/lib/openstack/lib/python3.12/site-packages/pymysql/connections.py", line 847, in _read_query_result
[Fri Jun 12 23:21:12.846809 2026] [wsgi:error] [pid 9:tid 140115602532032] [remote 10.0.0.45:58198] 2026-06-12 23:21:12.833 9 ERROR keystone.server.flask.application result.read()
[Fri Jun 12 23:21:12.846810 2026] [wsgi:error] [pid 9:tid 140115602532032] [remote 10.0.0.45:58198] 2026-06-12 23:21:12.833 9 ERROR keystone.server.flask.application
File "/var/lib/openstack/lib/python3.12/site-packages/pymysql/connections.py", line 1245, in read
[Fri Jun 12 23:21:12.846813 2026] [wsgi:error] [pid 9:tid 140115602532032] [remote 10.0.0.45:58198] 2026-06-12 23:21:12.833 9 ERROR keystone.server.flask.application first_packet = self.connection._read_packet()
[Fri Jun 12 23:21:12.846814 2026] [wsgi:error] [pid 9:tid 140115602532032] [remote 10.0.0.45:58198] 2026-06-12 23:21:12.833 9 ERROR keystone.server.flask.application ^^^^^^^^^^^^^^^^^^^^^^^^^^^^^^
[Fri Jun 12 23:21:12.846815 2026] [wsgi:error] [pid 9:tid 140115602532032] [remote 10.0.0.45:58198] 2026-06-12 23:21:12.833 9 ERROR keystone.server.flask.application
File "/var/lib/openstack/lib/python3.12/site-packages/pymysql/connections.py", line 803, in _read_packet
[Fri Jun 12 23:21:12.846817 2026] [wsgi:error] [pid 9:tid 140115602532032] [remote 10.0.0.45:58198] 2026-06-12 23:21:12.833 9 ERROR keystone.server.flask.application packet.raise_for_error()
[Fri Jun 12 23:21:12.846818 2026] [wsgi:error] [pid 9:tid 140115602532032] [remote 10.0.0.45:58198] 2026-06-12 23:21:12.833 9 ERROR keystone.server.flask.application
File "/var/lib/openstack/lib/python3.12/site-packages/pymysql/protocol.py", line 219, in raise_for_error
[Fri Jun 12 23:21:12.846820 2026] [wsgi:error] [pid 9:tid 140115602532032] [remote 10.0.0.45:58198] 2026-06-12 23:21:12.833 9 ERROR keystone.server.flask.application err.raise_mysql_exception(self._data)
[Fri Jun 12 23:21:12.846821 2026] [wsgi:error] [pid 9:tid 140115602532032] [remote 10.0.0.45:58198] 2026-06-12 23:21:12.833 9 ERROR keystone.server.flask.application
File "/var/lib/openstack/lib/python3.12/site-packages/pymysql/err.py", line 154, in raise_mysql_exception
[Fri Jun 12 23:21:12.846822 2026] [wsgi:error] [pid 9:tid 140115602532032] [remote 10.0.0.45:58198] 2026-06-12 23:21:12.833 9 ERROR keystone.server.flask.application raise errorclass(errno, errval, sqlstate=sqlstate)
[Fri Jun 12 23:21:12.846824 2026] [wsgi:error] [pid 9:tid 140115602532032] [remote 10.0.0.45:58198] 2026-06-12 23:21:12.833 9 ERROR keystone.server.flask.application pymysql.err.IntegrityError: (1062, "Duplicate entry '<>-service' for key 'project.ixu_project_name_domain_id'")
[Fri Jun 12 23:21:12.846826 2026] [wsgi:error] [pid 9:tid 140115602532032] [remote 10.0.0.45:58198] 2026-06-12 23:21:12.833 9 ERROR keystone.server.flask.application
[Fri Jun 12 23:21:12.846827 2026] [wsgi:error] [pid 9:tid 140115602532032] [remote 10.0.0.45:58198] 2026-06-12 23:21:12.833 9 ERROR keystone.server.flask.application The above exception was the direct cause of the following exception:
[Fri Jun 12 23:21:12.846828 2026] [wsgi:error] [pid 9:tid 140115602532032] [remote 10.0.0.45:58198] 2026-06-12 23:21:12.833 9 ERROR keystone.server.flask.application
[Fri Jun 12 23:21:12.846830 2026] [wsgi:error] [pid 9:tid 140115602532032] [remote 10.0.0.45:58198] 2026-06-12 23:21:12.833 9 ERROR keystone.server.flask.application
Traceback (most recent call last):
[Fri Jun 12 23:21:12.846831 2026] [wsgi:error] [pid 9:tid 140115602532032] [remote 10.0.0.45:58198] 2026-06-12 23:21:12.833 9 ERROR keystone.server.flask.application
File "/var/lib/openstack/lib/python3.12/site-packages/keystone/common/sql/core.py", line 575, in wrapper
[Fri Jun 12 23:21:12.846833 2026] [wsgi:error] [pid 9:tid 140115602532032] [remote 10.0.0.45:58198] 2026-06-12 23:21:12.833 9 ERROR keystone.server.flask.application return method(*args, **kwargs)
[Fri Jun 12 23:21:12.846834 2026] [wsgi:error] [pid 9:tid 140115602532032] [remote 10.0.0.45:58198] 2026-06-12 23:21:12.833 9 ERROR keystone.server.flask.application ^^^^^^^^^^^^^^^^^^^^^^^
[Fri Jun 12 23:21:12.846835 2026] [wsgi:error] [pid 9:tid 140115602532032] [remote 10.0.0.45:58198] 2026-06-12 23:21:12.833 9 ERROR keystone.server.flask.application
File "/var/lib/openstack/lib/python3.12/site-packages/keystone/resource/backends/sql.py", line 278, in create_project
[Fri Jun 12 23:21:12.846838 2026] [wsgi:error] [pid 9:tid 140115602532032] [remote 10.0.0.45:58198] 2026-06-12 23:21:12.833 9 ERROR keystone.server.flask.application with sql.session_for_write() as session:
[Fri Jun 12 23:21:12.846839 2026] [wsgi:error] [pid 9:tid 140115602532032] [remote 10.0.0.45:58198] 2026-06-12 23:21:12.833 9 ERROR keystone.server.flask.application
File "/usr/lib/python3.12/contextlib.py", line 144, in __exit__
[Fri Jun 12 23:21:12.846841 2026] [wsgi:error] [pid 9:tid 140115602532032] [remote 10.0.0.45:58198] 2026-06-12 23:21:12.833 9 ERROR keystone.server.flask.application next(self.gen)
[Fri Jun 12 23:21:12.846842 2026] [wsgi:error] [pid 9:tid 140115602532032] [remote 10.0.0.45:58198] 2026-06-12 23:21:12.833 9 ERROR keystone.server.flask.application
File "/var/lib/openstack/lib/python3.12/site-packages/oslo_db/sqlalchemy/enginefacade.py", line 1175, in _transaction_scope
[Fri Jun 12 23:21:12.846844 2026] [wsgi:error] [pid 9:tid 140115602532032] [remote 10.0.0.45:58198] 2026-06-12 23:21:12.833 9 ERROR keystone.server.flask.application with current._produce_block(
[Fri Jun 12 23:21:12.846845 2026] [wsgi:error] [pid 9:tid 140115602532032] [remote 10.0.0.45:58198] 2026-06-12 23:21:12.833 9 ERROR keystone.server.flask.application
File "/usr/lib/python3.12/contextlib.py", line 144, in __exit__
[Fri Jun 12 23:21:12.846846 2026] [wsgi:error] [pid 9:tid 140115602532032] [remote 10.0.0.45:58198] 2026-06-12 23:21:12.833 9 ERROR keystone.server.flask.application next(self.gen)
[Fri Jun 12 23:21:12.846848 2026] [wsgi:error] [pid 9:tid 140115602532032] [remote 10.0.0.45:58198] 2026-06-12 23:21:12.833 9 ERROR keystone.server.flask.application
File "/var/lib/openstack/lib/python3.12/site-packages/oslo_db/sqlalchemy/enginefacade.py", line 837, in _session
[Fri Jun 12 23:21:12.846849 2026] [wsgi:error] [pid 9:tid 140115602532032] [remote 10.0.0.45:58198] 2026-06-12 23:21:12.833 9 ERROR keystone.server.flask.application with excutils.save_and_reraise_exception():
[Fri Jun 12 23:21:12.846851 2026] [wsgi:error] [pid 9:tid 140115602532032] [remote 10.0.0.45:58198] 2026-06-12 23:21:12.833 9 ERROR keystone.server.flask.application
File "/var/lib/openstack/lib/python3.12/site-packages/oslo_utils/excutils.py", line 266, in __exit__
[Fri Jun 12 23:21:12.846852 2026] [wsgi:error] [pid 9:tid 140115602532032] [remote 10.0.0.45:58198] 2026-06-12 23:21:12.833 9 ERROR keystone.server.flask.application self.force_reraise()
[Fri Jun 12 23:21:12.846853 2026] [wsgi:error] [pid 9:tid 140115602532032] [remote 10.0.0.45:58198] 2026-06-12 23:21:12.833 9 ERROR keystone.server.flask.application
File "/var/lib/openstack/lib/python3.12/site-packages/oslo_utils/excutils.py", line 232, in force_reraise
[Fri Jun 12 23:21:12.846855 2026] [wsgi:error] [pid 9:tid 140115602532032] [remote 10.0.0.45:58198] 2026-06-12 23:21:12.833 9 ERROR keystone.server.flask.application raise self.value
[Fri Jun 12 23:21:12.846856 2026] [wsgi:error] [pid 9:tid 140115602532032] [remote 10.0.0.45:58198] 2026-06-12 23:21:12.833 9 ERROR keystone.server.flask.application
File "/var/lib/openstack/lib/python3.12/site-packages/oslo_db/sqlalchemy/enginefacade.py", line 835, in _session
[Fri Jun 12 23:21:12.846858 2026] [wsgi:error] [pid 9:tid 140115602532032] [remote 10.0.0.45:58198] 2026-06-12 23:21:12.833 9 ERROR keystone.server.flask.application self._end_session_transaction(self.session)
[Fri Jun 12 23:21:12.846859 2026] [wsgi:error] [pid 9:tid 140115602532032] [remote 10.0.0.45:58198] 2026-06-12 23:21:12.833 9 ERROR keystone.server.flask.application
File "/var/lib/openstack/lib/python3.12/site-packages/oslo_db/sqlalchemy/enginefacade.py", line 748, in _end_session_transaction
[Fri Jun 12 23:21:12.846860 2026] [wsgi:error] [pid 9:tid 140115602532032] [remote 10.0.0.45:58198] 2026-06-12 23:21:12.833 9 ERROR keystone.server.flask.application session.commit()
[Fri Jun 12 23:21:12.846862 2026] [wsgi:error] [pid 9:tid 140115602532032] [remote 10.0.0.45:58198] 2026-06-12 23:21:12.833 9 ERROR keystone.server.flask.application
File "/var/lib/openstack/lib/python3.12/site-packages/sqlalchemy/orm/session.py", line 2034, in commit
[Fri Jun 12 23:21:12.846864 2026] [wsgi:error] [pid 9:tid 140115602532032] [remote 10.0.0.45:58198] 2026-06-12 23:21:12.833 9 ERROR keystone.server.flask.application trans.commit(_to_root=True)
[Fri Jun 12 23:21:12.846865 2026] [wsgi:error] [pid 9:tid 140115602532032] [remote 10.0.0.45:58198] 2026-06-12 23:21:12.833 9 ERROR keystone.server.flask.application File "", line 2, in commit
[Fri Jun 12 23:21:12.846866 2026] [wsgi:error] [pid 9:tid 140115602532032] [remote 10.0.0.45:58198] 2026-06-12 23:21:12.833 9 ERROR keystone.server.flask.application
File "/var/lib/openstack/lib/python3.12/site-packages/sqlalchemy/orm/state_changes.py", line 137, in _go
[Fri Jun 12 23:21:12.846868 2026] [wsgi:error] [pid 9:tid 140115602532032] [remote 10.0.0.45:58198] 2026-06-12 23:21:12.833 9 ERROR keystone.server.flask.application ret_value = fn(self, *arg, **kw)
[Fri Jun 12 23:21:12.846869 2026] [wsgi:error] [pid 9:tid 140115602532032] [remote 10.0.0.45:58198] 2026-06-12 23:21:12.833 9 ERROR keystone.server.flask.application ^^^^^^^^^^^^^^^^^^^^
[Fri Jun 12 23:21:12.846883 2026] [wsgi:error] [pid 9:tid 140115602532032] [remote 10.0.0.45:58198] 2026-06-12 23:21:12.833 9 ERROR keystone.server.flask.application
File "/var/lib/openstack/lib/python3.12/site-packages/sqlalchemy/orm/session.py", line 1315, in commit
[Fri Jun 12 23:21:12.846885 2026] [wsgi:error] [pid 9:tid 140115602532032] [remote 10.0.0.45:58198] 2026-06-12 23:21:12.833 9 ERROR keystone.server.flask.application self._prepare_impl()
[Fri Jun 12 23:21:12.846887 2026] [wsgi:error] [pid 9:tid 140115602532032] [remote 10.0.0.45:58198] 2026-06-12 23:21:12.833 9 ERROR keystone.server.flask.application File "", line 2, in _prepare_impl
[Fri Jun 12 23:21:12.846888 2026] [wsgi:error] [pid 9:tid 140115602532032] [remote 10.0.0.45:58198] 2026-06-12 23:21:12.833 9 ERROR keystone.server.flask.application
File "/var/lib/openstack/lib/python3.12/site-packages/sqlalchemy/orm/state_changes.py", line 137, in _go
[Fri Jun 12 23:21:12.846890 2026] [wsgi:error] [pid 9:tid 140115602532032] [remote 10.0.0.45:58198] 2026-06-12 23:21:12.833 9 ERROR keystone.server.flask.application ret_value = fn(self, *arg, **kw)
[Fri Jun 12 23:21:12.846891 2026] [wsgi:error] [pid 9:tid 140115602532032] [remote 10.0.0.45:58198] 2026-06-12 23:21:12.833 9 ERROR keystone.server.flask.application ^^^^^^^^^^^^^^^^^^^^
[Fri Jun 12 23:21:12.846892 2026] [wsgi:error] [pid 9:tid 140115602532032] [remote 10.0.0.45:58198] 2026-06-12 23:21:12.833 9 ERROR keystone.server.flask.application
File "/var/lib/openstack/lib/python3.12/site-packages/sqlalchemy/orm/session.py", line 1290, in _prepare_impl
[Fri Jun 12 23:21:12.846894 2026] [wsgi:error] [pid 9:tid 140115602532032] [remote 10.0.0.45:58198] 2026-06-12 23:21:12.833 9 ERROR keystone.server.flask.application self.session.flush()
[Fri Jun 12 23:21:12.846896 2026] [wsgi:error] [pid 9:tid 140115602532032] [remote 10.0.0.45:58198] 2026-06-12 23:21:12.833 9 ERROR keystone.server.flask.application
File "/var/lib/openstack/lib/python3.12/site-packages/sqlalchemy/orm/session.py", line 4352, in flush
[Fri Jun 12 23:21:12.846897 2026] [wsgi:error] [pid 9:tid 140115602532032] [remote 10.0.0.45:58198] 2026-06-12 23:21:12.833 9 ERROR keystone.server.flask.application self._flush(objects)
[Fri Jun 12 23:21:12.846899 2026] [wsgi:error] [pid 9:tid 140115602532032] [remote 10.0.0.45:58198] 2026-06-12 23:21:12.833 9 ERROR keystone.server.flask.application
File "/var/lib/openstack/lib/python3.12/site-packages/sqlalchemy/orm/session.py", line 4487, in _flush
[Fri Jun 12 23:21:12.846900 2026] [wsgi:error] [pid 9:tid 140115602532032] [remote 10.0.0.45:58198] 2026-06-12 23:21:12.833 9 ERROR keystone.server.flask.application with util.safe_reraise():
[Fri Jun 12 23:21:12.846902 2026] [wsgi:error] [pid 9:tid 140115602532032] [remote 10.0.0.45:58198] 2026-06-12 23:21:12.833 9 ERROR keystone.server.flask.application
File "/var/lib/openstack/lib/python3.12/site-packages/sqlalchemy/util/langhelpers.py", line 122, in __exit__
[Fri Jun 12 23:21:12.846903 2026] [wsgi:error] [pid 9:tid 140115602532032] [remote 10.0.0.45:58198] 2026-06-12 23:21:12.833 9 ERROR keystone.server.flask.application raise exc_value.with_traceback(exc_tb)
[Fri Jun 12 23:21:12.846905 2026] [wsgi:error] [pid 9:tid 140115602532032] [remote 10.0.0.45:58198] 2026-06-12 23:21:12.833 9 ERROR keystone.server.flask.application
File "/var/lib/openstack/lib/python3.12/site-packages/sqlalchemy/orm/session.py", line 4448, in _flush
[Fri Jun 12 23:21:12.846906 2026] [wsgi:error] [pid 9:tid 140115602532032] [remote 10.0.0.45:58198] 2026-06-12 23:21:12.833 9 ERROR keystone.server.flask.application flush_context.execute()
[Fri Jun 12 23:21:12.847240 2026] [wsgi:error] [pid 9:tid 140115602532032] [remote 10.0.0.45:58198] 2026-06-12 23:21:12.833 9 ERROR keystone.server.flask.application
File "/var/lib/openstack/lib/python3.12/site-packages/sqlalchemy/orm/unitofwork.py", line 465, in execute
