Jun 23 17:05:22.450412 np0000182572 devstack@neutron-api.service[103129]: DEBUG oslo_concurrency.processutils [None req-ed5ac00d-b299-4177-b519-4cac5bd49803 None None] Running cmd (subprocess): ovsdb-client transact ssl:199.204.45.132:6641 --timeout 180 -p /opt/stack/data/CA/int-ca/private/devstack-cert.key -c /opt/stack/data/CA/int-ca/devstack-cert.crt -C /opt/stack/data/CA/int-ca/ca-chain.pem ["OVN_Northbound", {"op": "wait", "timeout": 0, "table": "Port_Group", "where": [["name", "==", "pvlan_pg_drop"]], "until": "==", "rows": []}, {"op": "insert", "table": "ACL", "row": {"action": "drop", "direction": "to-lport", "match": "outport == @pvlan_pg_drop && ip", "priority": 1010}, "uuid-name": "pvlandroptoport"}, {"op": "insert", "table": "ACL", "row": {"action": "drop", "direction": "from-lport", "match": "inport == @pvlan_pg_drop && ip", "priority": 1010}, "uuid-name": "pvlandropfromport"}, {"op": "insert", "table": "Port_Group", "row": {"name": "pvlan_pg_drop", "acls": ["set", [["named-uuid", "pvlandroptoport"], ["named-uuid", "pvlandropfromport"]]]}}] {{(pid=103129) execute /opt/stack/data/venv/lib/python3.12/site-packages/oslo_concurrency/processutils.py:440}}
Jun 23 17:05:22.451145 np0000182572 devstack@neutron-api.service[103129]: INFO neutron.plugins.ml2.drivers.ovn.mech_driver.ovsdb.extensions.qos [-] Starting OVNClientQosExtension
Jun 23 17:05:22.460054 np0000182572 devstack@neutron-api.service[103129]: INFO neutron.plugins.ml2.drivers.ovn.mech_driver.ovsdb.extensions.placement [-] Starting OVNClientPlacementExtension
Jun 23 17:05:22.469446 np0000182572 devstack@neutron-api.service[103126]: DEBUG neutron.common.ovn.hash_ring_manager [-] Allow caching, nodes 4>=4 {{(pid=103126) _wait_startup_before_caching /opt/stack/neutron/neutron/common/ovn/hash_ring_manager.py:71}}
Jun 23 17:05:22.469702 np0000182572 devstack@neutron-api.service[103126]: DEBUG neutron.plugins.ml2.drivers.ovn.mech_driver.ovsdb.ovsdb_monitor [-] Hash Ring: Node 5b2b8cb48e10595a91f321fba822ab25 (host: np0000182572) handling event "update" for row b136dcfe-bb43-42fb-8e06-238134ff8cbe (table: Connection) {{(pid=103126) notify /opt/stack/neutron/neutron/plugins/ml2/drivers/ovn/mech_driver/ovsdb/ovsdb_monitor.py:1015}}
Jun 23 17:05:22.472640 np0000182572 devstack@neutron-api.service[103128]: DEBUG neutron.plugins.ml2.drivers.ovn.mech_driver.ovsdb.ovsdb_monitor [-] Hash Ring: Node 7032dcfe11355d459e7b3463887f71ad (host: np0000182572) handling event "update" for row b136dcfe-bb43-42fb-8e06-238134ff8cbe (table: Connection) {{(pid=103128) notify /opt/stack/neutron/neutron/plugins/ml2/drivers/ovn/mech_driver/ovsdb/ovsdb_monitor.py:1015}}
Jun 23 17:05:22.491337 np0000182572 devstack@neutron-api.service[103129]: DEBUG oslo_concurrency.processutils [None req-ed5ac00d-b299-4177-b519-4cac5bd49803 None None] CMD "ovsdb-client transact ssl:199.204.45.132:6641 --timeout 180 -p /opt/stack/data/CA/int-ca/private/devstack-cert.key -c /opt/stack/data/CA/int-ca/devstack-cert.crt -C /opt/stack/data/CA/int-ca/ca-chain.pem ["OVN_Northbound", {"op": "wait", "timeout": 0, "table": "Port_Group", "where": [["name", "==", "pvlan_pg_drop"]], "until": "==", "rows": []}, {"op": "insert", "table": "ACL", "row": {"action": "drop", "direction": "to-lport", "match": "outport == @pvlan_pg_drop && ip", "priority": 1010}, "uuid-name": "pvlandroptoport"}, {"op": "insert", "table": "ACL", "row": {"action": "drop", "direction": "from-lport", "match": "inport == @pvlan_pg_drop && ip", "priority": 1010}, "uuid-name": "pvlandropfromport"}, {"op": "insert", "table": "Port_Group", "row": {"name": "pvlan_pg_drop", "acls": ["set", [["named-uuid", "pvlandroptoport"], ["named-uuid", "pvlandropfromport"]]]}}]" returned: 0 in 0.041s {{(pid=103129) execute /opt/stack/data/venv/lib/python3.12/site-packages/oslo_concurrency/processutils.py:468}}
Jun 23 17:05:22.494599 np0000182572 devstack@neutron-api.service[103129]: WSGI app 0 (mountpoint='') ready in 7 seconds on interpreter 0x7e38cb4a3668 pid: 103129 (default app)
Jun 23 17:05:27.538832 np0000182572 devstack@neutron-api.service[103126]: DEBUG neutron.plugins.ml2.drivers.ovn.mech_driver.ovsdb.ovsdb_monitor [-] Hash Ring: Node 5b2b8cb48e10595a91f321fba822ab25 (host: np0000182572) handling event "update" for row b136dcfe-bb43-42fb-8e06-238134ff8cbe (table: Connection) {{(pid=103126) notify /opt/stack/neutron/neutron/plugins/ml2/drivers/ovn/mech_driver/ovsdb/ovsdb_monitor.py:1015}}
Jun 23 17:05:27.539332 np0000182572 devstack@neutron-api.service[103128]: DEBUG neutron.plugins.ml2.drivers.ovn.mech_driver.ovsdb.ovsdb_monitor [-] Hash Ring: Node 7032dcfe11355d459e7b3463887f71ad (host: np0000182572) handling event "update" for row b136dcfe-bb43-42fb-8e06-238134ff8cbe (table: Connection) {{(pid=103128) notify /opt/stack/neutron/neutron/plugins/ml2/drivers/ovn/mech_driver/ovsdb/ovsdb_monitor.py:1015}}
Jun 23 17:05:28.384288 np0000182572 devstack@neutron-api.service[103126]: DEBUG neutron.api.wsgi [None req-3ed56ae1-3c7e-487f-a0b8-1d9db62d649b admin admin] Missing Content-Type {{(pid=103126) get_content_type /opt/stack/neutron/neutron/api/wsgi.py:80}}
Jun 23 17:05:28.384640 np0000182572 devstack@neutron-api.service[103126]: DEBUG neutron.api.wsgi [None req-3ed56ae1-3c7e-487f-a0b8-1d9db62d649b admin admin] https://199.204.45.132/networking/v2.0/extensions returned with HTTP 200 {{(pid=103126) __call__ /opt/stack/neutron/neutron/api/wsgi.py:540}}
Jun 23 17:05:28.384983 np0000182572 devstack@neutron-api.service[103126]: [pid: 103126|app: 0|req: 2/2] 199.204.45.132 () {64 vars in 1323 bytes} [Tue Jun 23 17:05:27 2026] GET /networking/v2.0/extensions => generated 16171 bytes in 421 msecs (HTTP/1.1 200) 4 headers in 159 bytes (1 switches on core 0)
Jun 23 17:05:28.794995 np0000182572 devstack@neutron-api.service[103127]: DEBUG neutron.api.v2.base [None req-efbbacac-6e08-426a-9432-4884bfb30cfe admin admin] Request body: {'subnetpool': {'is_default': True, 'shared': True, 'default_prefixlen': 26, 'name': 'shared-default-subnetpool-v4', 'prefixes': ['10.1.0.0/20']}} {{(pid=103127) prepare_request_body /opt/stack/neutron/neutron/api/v2/base.py:727}}
Jun 23 17:05:28.999682 np0000182572 devstack@neutron-api.service[103127]: DEBUG neutron.policy [None req-efbbacac-6e08-426a-9432-4884bfb30cfe admin admin] Loaded default policies from ['neutron'] under neutron.policies entry points {{(pid=103127) register_rules /opt/stack/neutron/neutron/policy.py:65}}
Jun 23 17:05:29.155427 np0000182572 devstack@neutron-api.service[103127]: DEBUG neutron_lib.callbacks.manager [None req-efbbacac-6e08-426a-9432-4884bfb30cfe admin admin] Publish callbacks ['neutron.objects.securitygroup.RbacNeutronDbObjectMixin.validate_rbac_policy_change-2799193098891', 'neutron.objects.address_group.RbacNeutronDbObjectMixin.validate_rbac_policy_change-2799193219805', 'neutron.objects.network.RbacNeutronDbObjectMixin.validate_rbac_policy_change-2799193290106', 'neutron.objects.qos.policy.RbacNeutronDbObjectMixin.validate_rbac_policy_change-2799193260210', 'neutron.objects.subnetpool.RbacNeutronDbObjectMixin.validate_rbac_policy_change-2799193244182', 'neutron.objects.address_scope.RbacNeutronDbObjectMixin.validate_rbac_policy_change-2799193231688', 'neutron.plugins.ml2.plugin.External_net_db_mixin._process_ext_policy_create-808682', 'neutron.plugins.ml2.plugin.NeutronDbPluginV2.validate_network_rbac_policy_change-1034782'] for rbac-policy (None), before_create {{(pid=103127) _notify_loop /opt/stack/data/venv/lib/python3.12/site-packages/neutron_lib/callbacks/manager.py:184}}
Jun 23 17:05:29.202216 np0000182572 devstack@neutron-api.service[103127]: DEBUG neutron_lib.callbacks.manager [None req-efbbacac-6e08-426a-9432-4884bfb30cfe admin admin] Publish callbacks [] for subnetpool (None), before_response {{(pid=103127) _notify_loop /opt/stack/data/venv/lib/python3.12/site-packages/neutron_lib/callbacks/manager.py:184}}
Jun 23 17:05:29.202909 np0000182572 devstack@neutron-api.service[103127]: [pid: 103127|app: 0|req: 1/3] 199.204.45.132 () {68 vars in 1367 bytes} [Tue Jun 23 17:05:28 2026] POST /networking/v2.0/subnetpools => generated 533 bytes in 526 msecs (HTTP/1.1 201) 4 headers in 162 bytes (1 switches on core 0)
Jun 23 17:05:29.520136 np0000182572 devstack@neutron-api.service[103128]: DEBUG neutron.api.v2.base [None req-5c6a7562-c07f-4284-9db6-854353b7beb5 admin admin] Request body: {'subnetpool': {'is_default': True, 'shared': True, 'default_prefixlen': 64, 'name': 'shared-default-subnetpool-v6', 'prefixes': ['fda1:feab:2ac9::/56']}} {{(pid=103128) prepare_request_body /opt/stack/neutron/neutron/api/v2/base.py:727}}
Jun 23 17:05:29.703496 np0000182572 devstack@neutron-api.service[103128]: DEBUG neutron.policy [None req-5c6a7562-c07f-4284-9db6-854353b7beb5 admin admin] Loaded default policies from ['neutron'] under neutron.policies entry points {{(pid=103128) register_rules /opt/stack/neutron/neutron/policy.py:65}}
Jun 23 17:05:29.858552 np0000182572 devstack@neutron-api.service[103128]: DEBUG neutron_lib.callbacks.manager [None req-5c6a7562-c07f-4284-9db6-854353b7beb5 admin admin] Publish callbacks ['neutron.objects.securitygroup.RbacNeutronDbObjectMixin.validate_rbac_policy_change-2799193280046', 'neutron.objects.address_group.RbacNeutronDbObjectMixin.validate_rbac_policy_change-2799193057280', 'neutron.objects.network.RbacNeutronDbObjectMixin.validate_rbac_policy_change-2799193183505', 'neutron.objects.qos.policy.RbacNeutronDbObjectMixin.validate_rbac_policy_change-2799193180249', 'neutron.objects.subnetpool.RbacNeutronDbObjectMixin.validate_rbac_policy_change-2799193164308', 'neutron.objects.address_scope.RbacNeutronDbObjectMixin.validate_rbac_policy_change-2799187623653', 'neutron.plugins.ml2.plugin.External_net_db_mixin._process_ext_policy_create-65993', 'neutron.plugins.ml2.plugin.NeutronDbPluginV2.validate_network_rbac_policy_change-125361'] for rbac-policy (None), before_create {{(pid=103128) _notify_loop /opt/stack/data/venv/lib/python3.12/site-packages/neutron_lib/callbacks/manager.py:184}}
Jun 23 17:05:29.904895 np0000182572 devstack@neutron-api.service[103128]: DEBUG neutron_lib.callbacks.manager [None req-5c6a7562-c07f-4284-9db6-854353b7beb5 admin admin] Publish callbacks [] for subnetpool (None), before_response {{(pid=103128) _notify_loop /opt/stack/data/venv/lib/python3.12/site-packages/neutron_lib/callbacks/manager.py:184}}
Jun 23 17:05:29.905569 np0000182572 devstack@neutron-api.service[103128]: [pid: 103128|app: 0|req: 1/4] 199.204.45.132 () {68 vars in 1367 bytes} [Tue Jun 23 17:05:29 2026] POST /networking/v2.0/subnetpools => generated 543 bytes in 499 msecs (HTTP/1.1 201) 4 headers in 162 bytes (1 switches on core 0)
Jun 23 17:05:30.311457 np0000182572 devstack@neutron-api.service[103129]: DEBUG neutron.api.v2.base [None req-57afa125-1192-4604-ae9c-6c72ee24a5e2 admin admin] Request body: {'network': {'admin_state_up': True, 'name': 'private'}} {{(pid=103129) prepare_request_body /opt/stack/neutron/neutron/api/v2/base.py:727}}
Jun 23 17:05:30.346175 np0000182572 devstack@neutron-api.service[103129]: DEBUG neutron.pecan_wsgi.hooks.quota_enforcement [None req-57afa125-1192-4604-ae9c-6c72ee24a5e2 admin admin] Made reservation on behalf of e65c23c701494deeb0b9875460916b43 for: {'network': 1} {{(pid=103129) before /opt/stack/neutron/neutron/pecan_wsgi/hooks/quota_enforcement.py:66}}
Jun 23 17:05:30.520449 np0000182572 devstack@neutron-api.service[103129]: DEBUG neutron.policy [None req-57afa125-1192-4604-ae9c-6c72ee24a5e2 admin admin] Loaded default policies from ['neutron'] under neutron.policies entry points {{(pid=103129) register_rules /opt/stack/neutron/neutron/policy.py:65}}
Jun 23 17:05:30.631438 np0000182572 devstack@neutron-api.service[103129]: DEBUG neutron_lib.callbacks.manager [None req-57afa125-1192-4604-ae9c-6c72ee24a5e2 admin admin] Publish callbacks ['neutron.plugins.ml2.plugin.SecurityGroupDbMixin._ensure_default_security_group_handler-1054224'] for network (None), before_create {{(pid=103129) _notify_loop /opt/stack/data/venv/lib/python3.12/site-packages/neutron_lib/callbacks/manager.py:184}}
Jun 23 17:05:30.653733 np0000182572 devstack@neutron-api.service[103129]: DEBUG neutron_lib.callbacks.manager [None req-57afa125-1192-4604-ae9c-6c72ee24a5e2 admin admin] Publish callbacks [] for security_group (None), before_create {{(pid=103129) _notify_loop /opt/stack/data/venv/lib/python3.12/site-packages/neutron_lib/callbacks/manager.py:184}}
Jun 23 17:05:30.756317 np0000182572 devstack@neutron-api.service[103129]: DEBUG neutron_lib.callbacks.manager [None req-57afa125-1192-4604-ae9c-6c72ee24a5e2 admin admin] Publish callbacks ['neutron.plugins.ml2.drivers.ovn.mech_driver.mech_driver.OVNMechanismDriver._create_security_group_precommit-323431'] for security_group (ed78053a-256a-46ac-8fd5-e58d055e34d8), precommit_create {{(pid=103129) _notify_loop /opt/stack/data/venv/lib/python3.12/site-packages/neutron_lib/callbacks/manager.py:184}}
Jun 23 17:05:30.756554 np0000182572 devstack@neutron-api.service[103129]: DEBUG neutron.db.ovn_revision_numbers_db [None req-57afa125-1192-4604-ae9c-6c72ee24a5e2 admin admin] create_initial_revision uuid=ed78053a-256a-46ac-8fd5-e58d055e34d8, type=security_groups, rev=-1 {{(pid=103129) create_initial_revision /opt/stack/neutron/neutron/db/ovn_revision_numbers_db.py:98}}
Jun 23 17:05:30.759913 np0000182572 devstack@neutron-api.service[103129]: DEBUG neutron.db.ovn_revision_numbers_db [None req-57afa125-1192-4604-ae9c-6c72ee24a5e2 admin admin] create_initial_revision uuid=177a3805-d166-45bd-b11c-99f9f66e56e2, type=security_group_rules, rev=-1 {{(pid=103129) create_initial_revision /opt/stack/neutron/neutron/db/ovn_revision_numbers_db.py:98}}
Jun 23 17:05:30.761248 np0000182572 devstack@neutron-api.service[103129]: DEBUG neutron.db.ovn_revision_numbers_db [None req-57afa125-1192-4604-ae9c-6c72ee24a5e2 admin admin] create_initial_revision uuid=345f4a8b-75b9-4956-a38b-f54f848173aa, type=security_group_rules, rev=-1 {{(pid=103129) create_initial_revision /opt/stack/neutron/neutron/db/ovn_revision_numbers_db.py:98}}
Jun 23 17:05:30.762356 np0000182572 devstack@neutron-api.service[103129]: DEBUG neutron.db.ovn_revision_numbers_db [None req-57afa125-1192-4604-ae9c-6c72ee24a5e2 admin admin] create_initial_revision uuid=8ba9585f-1b61-40e7-bf7d-c61fb9acca29, type=security_group_rules, rev=-1 {{(pid=103129) create_initial_revision /opt/stack/neutron/neutron/db/ovn_revision_numbers_db.py:98}}
Jun 23 17:05:30.763455 np0000182572 devstack@neutron-api.service[103129]: DEBUG neutron.db.ovn_revision_numbers_db [None req-57afa125-1192-4604-ae9c-6c72ee24a5e2 admin admin] create_initial_revision uuid=da116344-70bc-4cc4-98f6-e2c4a7893661, type=security_group_rules, rev=-1 {{(pid=103129) create_initial_revision /opt/stack/neutron/neutron/db/ovn_revision_numbers_db.py:98}}
Jun 23 17:05:30.770493 np0000182572 devstack@neutron-api.service[103129]: DEBUG neutron_lib.callbacks.manager [None req-57afa125-1192-4604-ae9c-6c72ee24a5e2 admin admin] Publish callbacks ['neutron.plugins.ml2.drivers.ovn.mech_driver.mech_driver.OVNMechanismDriver._create_security_group-323421', 'neutron.plugins.ml2.ovo_rpc._ObjectChangeHandler.handle_event-6986655'] for security_group (ed78053a-256a-46ac-8fd5-e58d055e34d8), after_create {{(pid=103129) _notify_loop /opt/stack/data/venv/lib/python3.12/site-packages/neutron_lib/callbacks/manager.py:184}}
Jun 23 17:05:30.771896 np0000182572 devstack@neutron-api.service[103129]: DEBUG ovsdbapp.backend.ovs_idl.transaction [-] Running txn n=1 command(idx=0): PgAddCommand(_result=None, name=pg_ed78053a_256a_46ac_8fd5_e58d055e34d8, may_exist=False, columns={'acls': [], 'external_ids': {'neutron:security_group_id': 'ed78053a-256a-46ac-8fd5-e58d055e34d8'}}) {{(pid=103129) do_commit /opt/stack/data/venv/lib/python3.12/site-packages/ovsdbapp/backend/ovs_idl/transaction.py:89}}
Jun 23 17:05:30.774167 np0000182572 devstack@neutron-api.service[103129]: DEBUG ovsdbapp.backend.ovs_idl.transaction [-] Running txn n=1 command(idx=1): PgAclAddCommand(_result=None, entity=pg_ed78053a_256a_46ac_8fd5_e58d055e34d8, direction=from-lport, priority=1002, match=inport == @pg_ed78053a_256a_46ac_8fd5_e58d055e34d8 && ip6, action=allow-related, log=False, may_exist=True, severity=[], name=[], meter=[], external_ids={'neutron:security_group_rule_id': '177a3805-d166-45bd-b11c-99f9f66e56e2'}) {{(pid=103129) do_commit /opt/stack/data/venv/lib/python3.12/site-packages/ovsdbapp/backend/ovs_idl/transaction.py:89}}
Jun 23 17:05:30.774919 np0000182572 devstack@neutron-api.service[103129]: DEBUG ovsdbapp.backend.ovs_idl.transaction [-] Running txn n=1 command(idx=2): PgAclAddCommand(_result=None, entity=pg_ed78053a_256a_46ac_8fd5_e58d055e34d8, direction=to-lport, priority=1002, match=outport == @pg_ed78053a_256a_46ac_8fd5_e58d055e34d8 && ip4 && ip4.src == $pg_ed78053a_256a_46ac_8fd5_e58d055e34d8_ip4, action=allow-related, log=False, may_exist=True, severity=[], name=[], meter=[], external_ids={'neutron:security_group_rule_id': '345f4a8b-75b9-4956-a38b-f54f848173aa'}) {{(pid=103129) do_commit /opt/stack/data/venv/lib/python3.12/site-packages/ovsdbapp/backend/ovs_idl/transaction.py:89}}
Jun 23 17:05:30.775516 np0000182572 devstack@neutron-api.service[103129]: DEBUG ovsdbapp.backend.ovs_idl.transaction [-] Running txn n=1 command(idx=3): PgAclAddCommand(_result=None, entity=pg_ed78053a_256a_46ac_8fd5_e58d055e34d8, direction=to-lport, priority=1002, match=outport == @pg_ed78053a_256a_46ac_8fd5_e58d055e34d8 && ip6 && ip6.src == $pg_ed78053a_256a_46ac_8fd5_e58d055e34d8_ip6, action=allow-related, log=False, may_exist=True, severity=[], name=[], meter=[], external_ids={'neutron:security_group_rule_id': '8ba9585f-1b61-40e7-bf7d-c61fb9acca29'}) {{(pid=103129) do_commit /opt/stack/data/venv/lib/python3.12/site-packages/ovsdbapp/backend/ovs_idl/transaction.py:89}}
Jun 23 17:05:30.776104 np0000182572 devstack@neutron-api.service[103129]: DEBUG ovsdbapp.backend.ovs_idl.transaction [-] Running txn n=1 command(idx=4): PgAclAddCommand(_result=None, entity=pg_ed78053a_256a_46ac_8fd5_e58d055e34d8, direction=from-lport, priority=1002, match=inport == @pg_ed78053a_256a_46ac_8fd5_e58d055e34d8 && ip4, action=allow-related, log=False, may_exist=True, severity=[], name=[], meter=[], external_ids={'neutron:security_group_rule_id': 'da116344-70bc-4cc4-98f6-e2c4a7893661'}) {{(pid=103129) do_commit /opt/stack/data/venv/lib/python3.12/site-packages/ovsdbapp/backend/ovs_idl/transaction.py:89}}
Jun 23 17:05:30.786441 np0000182572 devstack@neutron-api.service[103129]: DEBUG neutron.plugins.ml2.drivers.ovn.mech_driver.ovsdb.ovsdb_monitor [-] Hash Ring: Node b1b49da9e39058eeb5e46a40f6c2cc03 (host: np0000182572) handling event "create" for row 7cc91967-c761-4ee3-a3b8-8974df9ff42b (table: ACL) {{(pid=103129) notify /opt/stack/neutron/neutron/plugins/ml2/drivers/ovn/mech_driver/ovsdb/ovsdb_monitor.py:1015}}
Jun 23 17:05:30.786441 np0000182572 devstack@neutron-api.service[103129]: DEBUG neutron.plugins.ml2.drivers.ovn.mech_driver.ovsdb.ovsdb_monitor [-] Hash Ring: Node b1b49da9e39058eeb5e46a40f6c2cc03 (host: np0000182572) handling event "create" for row a5ab7b42-5746-4160-aef8-d80f96592633 (table: Port_Group) {{(pid=103129) notify /opt/stack/neutron/neutron/plugins/ml2/drivers/ovn/mech_driver/ovsdb/ovsdb_monitor.py:1015}}
Jun 23 17:05:30.787300 np0000182572 devstack@neutron-api.service[103126]: DEBUG neutron.plugins.ml2.drivers.ovn.mech_driver.ovsdb.ovsdb_monitor [-] Hash Ring: Node 5b2b8cb48e10595a91f321fba822ab25 (host: np0000182572) handling event "create" for row 340c0f11-9acc-487a-8045-a2be744a1acc (table: ACL) {{(pid=103126) notify /opt/stack/neutron/neutron/plugins/ml2/drivers/ovn/mech_driver/ovsdb/ovsdb_monitor.py:1015}}
Jun 23 17:05:30.787300 np0000182572 devstack@neutron-api.service[103126]: DEBUG neutron.plugins.ml2.drivers.ovn.mech_driver.ovsdb.ovsdb_monitor [-] Hash Ring: Node 5b2b8cb48e10595a91f321fba822ab25 (host: np0000182572) handling event "create" for row 7cc91967-c761-4ee3-a3b8-8974df9ff42b (table: ACL) {{(pid=103126) notify /opt/stack/neutron/neutron/plugins/ml2/drivers/ovn/mech_driver/ovsdb/ovsdb_monitor.py:1015}}
Jun 23 17:05:30.787978 np0000182572 devstack@neutron-api.service[103126]: DEBUG neutron.plugins.ml2.drivers.ovn.mech_driver.ovsdb.ovsdb_monitor [-] Hash Ring: Node 5b2b8cb48e10595a91f321fba822ab25 (host: np0000182572) handling event "create" for row 8e27d9db-6334-463e-ad75-511b1e4243ea (table: ACL) {{(pid=103126) notify /opt/stack/neutron/neutron/plugins/ml2/drivers/ovn/mech_driver/ovsdb/ovsdb_monitor.py:1015}}
Jun 23 17:05:30.787978 np0000182572 devstack@neutron-api.service[103126]: DEBUG neutron.plugins.ml2.drivers.ovn.mech_driver.ovsdb.ovsdb_monitor [-] Hash Ring: Node 5b2b8cb48e10595a91f321fba822ab25 (host: np0000182572) handling event "create" for row bbc16d0e-55f5-4ff1-9bdf-36629700b969 (table: ACL) {{(pid=103126) notify /opt/stack/neutron/neutron/plugins/ml2/drivers/ovn/mech_driver/ovsdb/ovsdb_monitor.py:1015}}
Jun 23 17:05:30.788379 np0000182572 devstack@neutron-api.service[103126]: DEBUG neutron.plugins.ml2.drivers.ovn.mech_driver.ovsdb.ovsdb_monitor [-] Hash Ring: Node 5b2b8cb48e10595a91f321fba822ab25 (host: np0000182572) handling event "create" for row a5ab7b42-5746-4160-aef8-d80f96592633 (table: Port_Group) {{(pid=103126) notify /opt/stack/neutron/neutron/plugins/ml2/drivers/ovn/mech_driver/ovsdb/ovsdb_monitor.py:1015}}
Jun 23 17:05:30.789413 np0000182572 devstack@neutron-api.service[103127]: DEBUG neutron.plugins.ml2.drivers.ovn.mech_driver.ovsdb.ovsdb_monitor [-] Hash Ring: Node 19efa8a6c98a5cb59618c7c5a421e82f (host: np0000182572) handling event "create" for row 340c0f11-9acc-487a-8045-a2be744a1acc (table: ACL) {{(pid=103127) notify /opt/stack/neutron/neutron/plugins/ml2/drivers/ovn/mech_driver/ovsdb/ovsdb_monitor.py:1015}}
Jun 23 17:05:30.789891 np0000182572 devstack@neutron-api.service[103127]: DEBUG neutron.plugins.ml2.drivers.ovn.mech_driver.ovsdb.ovsdb_monitor [-] Hash Ring: Node 19efa8a6c98a5cb59618c7c5a421e82f (host: np0000182572) handling event "create" for row a5ab7b42-5746-4160-aef8-d80f96592633 (table: Port_Group) {{(pid=103127) notify /opt/stack/neutron/neutron/plugins/ml2/drivers/ovn/mech_driver/ovsdb/ovsdb_monitor.py:1015}}
Jun 23 17:05:30.795275 np0000182572 devstack@neutron-api.service[103128]: DEBUG neutron.plugins.ml2.drivers.ovn.mech_driver.ovsdb.ovsdb_monitor [-] Hash Ring: Node 7032dcfe11355d459e7b3463887f71ad (host: np0000182572) handling event "create" for row 8e27d9db-6334-463e-ad75-511b1e4243ea (table: ACL) {{(pid=103128) notify /opt/stack/neutron/neutron/plugins/ml2/drivers/ovn/mech_driver/ovsdb/ovsdb_monitor.py:1015}}
Jun 23 17:05:30.795275 np0000182572 devstack@neutron-api.service[103128]: DEBUG neutron.plugins.ml2.drivers.ovn.mech_driver.ovsdb.ovsdb_monitor [-] Hash Ring: Node 7032dcfe11355d459e7b3463887f71ad (host: np0000182572) handling event "create" for row bbc16d0e-55f5-4ff1-9bdf-36629700b969 (table: ACL) {{(pid=103128) notify /opt/stack/neutron/neutron/plugins/ml2/drivers/ovn/mech_driver/ovsdb/ovsdb_monitor.py:1015}}
Jun 23 17:05:30.814319 np0000182572 devstack@neutron-api.service[103129]: INFO neutron.db.ovn_revision_numbers_db [None req-57afa125-1192-4604-ae9c-6c72ee24a5e2 admin admin] Successfully bumped revision number for resource ed78053a-256a-46ac-8fd5-e58d055e34d8 (type: security_groups) to 1
Jun 23 17:05:30.830342 np0000182572 devstack@neutron-api.service[103129]: INFO neutron.db.ovn_revision_numbers_db [None req-57afa125-1192-4604-ae9c-6c72ee24a5e2 admin admin] Successfully bumped revision number for resource 177a3805-d166-45bd-b11c-99f9f66e56e2 (type: security_group_rules) to 0
Jun 23 17:05:30.844758 np0000182572 devstack@neutron-api.service[103129]: INFO neutron.db.ovn_revision_numbers_db [None req-57afa125-1192-4604-ae9c-6c72ee24a5e2 admin admin] Successfully bumped revision number for resource 345f4a8b-75b9-4956-a38b-f54f848173aa (type: security_group_rules) to 0
Jun 23 17:05:30.860125 np0000182572 devstack@neutron-api.service[103129]: INFO neutron.db.ovn_revision_numbers_db [None req-57afa125-1192-4604-ae9c-6c72ee24a5e2 admin admin] Successfully bumped revision number for resource 8ba9585f-1b61-40e7-bf7d-c61fb9acca29 (type: security_group_rules) to 0
Jun 23 17:05:30.875478 np0000182572 devstack@neutron-api.service[103129]: INFO neutron.db.ovn_revision_numbers_db [None req-57afa125-1192-4604-ae9c-6c72ee24a5e2 admin admin] Successfully bumped revision number for resource da116344-70bc-4cc4-98f6-e2c4a7893661 (type: security_group_rules) to 0
Jun 23 17:05:30.902350 np0000182572 devstack@neutron-api.service[103129]: DEBUG neutron.api.rpc.handlers.resources_rpc [None req-57afa125-1192-4604-ae9c-6c72ee24a5e2 admin admin] Pushing event updated for resources: {'SecurityGroup': ['ID=ed78053a-256a-46ac-8fd5-e58d055e34d8,revision_number=1']} {{(pid=103129) push /opt/stack/neutron/neutron/api/rpc/handlers/resources_rpc.py:237}}
Jun 23 17:05:30.911182 np0000182572 devstack@neutron-api.service[103129]: DEBUG ovsdbapp.backend.ovs_idl.transaction [-] Running txn n=1 command(idx=0): CheckLivenessCommand(_result=None) {{(pid=103129) do_commit /opt/stack/data/venv/lib/python3.12/site-packages/ovsdbapp/backend/ovs_idl/transaction.py:89}}
Jun 23 17:05:30.915099 np0000182572 devstack@neutron-api.service[103126]: DEBUG neutron.plugins.ml2.drivers.ovn.mech_driver.ovsdb.ovsdb_monitor [-] Hash Ring: Node 5b2b8cb48e10595a91f321fba822ab25 (host: np0000182572) handling event "update" for row 434fd7f1-329b-4744-96f6-ea596426996c (table: NB_Global) {{(pid=103126) notify /opt/stack/neutron/neutron/plugins/ml2/drivers/ovn/mech_driver/ovsdb/ovsdb_monitor.py:1015}}
Jun 23 17:05:30.916567 np0000182572 devstack@neutron-api.service[103126]: DEBUG neutron.plugins.ml2.drivers.ovn.mech_driver.ovsdb.ovsdb_monitor [-] Hash Ring: Node 5b2b8cb48e10595a91f321fba822ab25 (host: np0000182572) handling event "update" for row 434fd7f1-329b-4744-96f6-ea596426996c (table: NB_Global) {{(pid=103126) notify /opt/stack/neutron/neutron/plugins/ml2/drivers/ovn/mech_driver/ovsdb/ovsdb_monitor.py:1015}}
Jun 23 17:05:30.918111 np0000182572 devstack@neutron-api.service[103126]: DEBUG neutron.plugins.ml2.drivers.ovn.mech_driver.ovsdb.ovsdb_monitor [-] Hash Ring: Node 5b2b8cb48e10595a91f321fba822ab25 (host: np0000182572) handling event "update" for row 434fd7f1-329b-4744-96f6-ea596426996c (table: NB_Global) {{(pid=103126) notify /opt/stack/neutron/neutron/plugins/ml2/drivers/ovn/mech_driver/ovsdb/ovsdb_monitor.py:1015}}
Jun 23 17:05:30.919824 np0000182572 devstack@neutron-api.service[103129]: DEBUG neutron.api.rpc.callbacks.version_manager [None req-57afa125-1192-4604-ae9c-6c72ee24a5e2 admin admin] Tracked resource versions report:
Jun 23 17:05:30.919824 np0000182572 devstack@neutron-api.service[103129]: pushed versions:
Jun 23 17:05:30.919824 np0000182572 devstack@neutron-api.service[103129]: { 'AddressGroup': {'1.2'},
Jun 23 17:05:30.919824 np0000182572 devstack@neutron-api.service[103129]: 'Agent': {'1.1'},
Jun 23 17:05:30.919824 np0000182572 devstack@neutron-api.service[103129]: 'ConntrackHelper': {'1.0'},
Jun 23 17:05:30.919824 np0000182572 devstack@neutron-api.service[103129]: 'LocalIPAssociation': {'1.0'},
Jun 23 17:05:30.919824 np0000182572 devstack@neutron-api.service[103129]: 'Log': {'1.0'},
Jun 23 17:05:30.919824 np0000182572 devstack@neutron-api.service[103129]: 'NDPProxy': {'1.0'},
Jun 23 17:05:30.919824 np0000182572 devstack@neutron-api.service[103129]: 'Network': {'1.3'},
Jun 23 17:05:30.919824 np0000182572 devstack@neutron-api.service[103129]: 'Port': {'1.11'},
Jun 23 17:05:30.919824 np0000182572 devstack@neutron-api.service[103129]: 'PortForwarding': {'1.3'},
Jun 23 17:05:30.919824 np0000182572 devstack@neutron-api.service[103129]: 'QosPolicy': {'1.10'},
Jun 23 17:05:30.919824 np0000182572 devstack@neutron-api.service[103129]: 'SecurityGroup': {'1.6'},
Jun 23 17:05:30.919824 np0000182572 devstack@neutron-api.service[103129]: 'SecurityGroupRule': {'1.3'},
Jun 23 17:05:30.919824 np0000182572 devstack@neutron-api.service[103129]: 'SubPort': {'1.0'},
Jun 23 17:05:30.919824 np0000182572 devstack@neutron-api.service[103129]: 'Subnet': {'1.2'},
Jun 23 17:05:30.919824 np0000182572 devstack@neutron-api.service[103129]: 'Trunk': {'1.1'}}
Jun 23 17:05:30.919824 np0000182572 devstack@neutron-api.service[103129]: consumer versions:
Jun 23 17:05:30.919824 np0000182572 devstack@neutron-api.service[103129]: {}
Jun 23 17:05:30.919824 np0000182572 devstack@neutron-api.service[103129]: {{(pid=103129) report /opt/stack/neutron/neutron/api/rpc/callbacks/version_manager.py:183}}
Jun 23 17:05:30.922414 np0000182572 devstack@neutron-api.service[103126]: DEBUG neutron.plugins.ml2.drivers.ovn.mech_driver.ovsdb.ovsdb_monitor [-] Hash Ring: Node 5b2b8cb48e10595a91f321fba822ab25 (host: np0000182572) handling event "update" for row 434fd7f1-329b-4744-96f6-ea596426996c (table: NB_Global) {{(pid=103126) notify /opt/stack/neutron/neutron/plugins/ml2/drivers/ovn/mech_driver/ovsdb/ovsdb_monitor.py:1015}}
Jun 23 17:05:30.922638 np0000182572 devstack@neutron-api.service[103127]: DEBUG neutron.plugins.ml2.drivers.ovn.mech_driver.ovsdb.ovsdb_monitor [-] ChassisAgentWriteEvent : Matched Chassis_Private, update, None None {{(pid=103127) matches /opt/stack/neutron/neutron/plugins/ml2/drivers/ovn/mech_driver/ovsdb/ovsdb_monitor.py:64}}
Jun 23 17:05:30.922858 np0000182572 devstack@neutron-api.service[103126]: DEBUG neutron.plugins.ml2.drivers.ovn.mech_driver.ovsdb.ovsdb_monitor [-] ChassisAgentWriteEvent : Matched Chassis_Private, update, None None {{(pid=103126) matches /opt/stack/neutron/neutron/plugins/ml2/drivers/ovn/mech_driver/ovsdb/ovsdb_monitor.py:64}}
Jun 23 17:05:30.924947 np0000182572 devstack@neutron-api.service[103129]: DEBUG neutron.plugins.ml2.drivers.ovn.mech_driver.ovsdb.ovsdb_monitor [-] ChassisAgentWriteEvent : Matched Chassis_Private, update, None None {{(pid=103129) matches /opt/stack/neutron/neutron/plugins/ml2/drivers/ovn/mech_driver/ovsdb/ovsdb_monitor.py:64}}
Jun 23 17:05:30.925349 np0000182572 devstack@neutron-api.service[103128]: DEBUG neutron.plugins.ml2.drivers.ovn.mech_driver.ovsdb.ovsdb_monitor [-] ChassisAgentWriteEvent : Matched Chassis_Private, update, None None {{(pid=103128) matches /opt/stack/neutron/neutron/plugins/ml2/drivers/ovn/mech_driver/ovsdb/ovsdb_monitor.py:64}}
Jun 23 17:05:30.926091 np0000182572 devstack@neutron-api.service[103128]: DEBUG neutron.plugins.ml2.drivers.ovn.mech_driver.ovsdb.ovsdb_monitor [-] Hash Ring: Node 7032dcfe11355d459e7b3463887f71ad (host: np0000182572) handling event "update" for row 8a590ad1-866d-4452-aaf2-d1e4fc9cec0c (table: Chassis_Private) {{(pid=103128) notify /opt/stack/neutron/neutron/plugins/ml2/drivers/ovn/mech_driver/ovsdb/ovsdb_monitor.py:1015}}
Jun 23 17:05:30.927733 np0000182572 devstack@neutron-api.service[103126]: DEBUG neutron.common.ovn.hash_ring_manager [-] Allow caching, nodes 4>=4 {{(pid=103126) _wait_startup_before_caching /opt/stack/neutron/neutron/common/ovn/hash_ring_manager.py:71}}
Jun 23 17:05:30.927733 np0000182572 devstack@neutron-api.service[103126]: DEBUG neutron.plugins.ml2.drivers.ovn.mech_driver.ovsdb.ovsdb_monitor [-] Hash Ring: Node 5b2b8cb48e10595a91f321fba822ab25 (host: np0000182572) handling event "update" for row 8a590ad1-866d-4452-aaf2-d1e4fc9cec0c (table: Chassis_Private) {{(pid=103126) notify /opt/stack/neutron/neutron/plugins/ml2/drivers/ovn/mech_driver/ovsdb/ovsdb_monitor.py:1015}}
Jun 23 17:05:30.928463 np0000182572 devstack@neutron-api.service[103126]: DEBUG neutron.plugins.ml2.drivers.ovn.mech_driver.ovsdb.ovsdb_monitor [-] ChassisOVNAgentWriteEvent : Matched Chassis_Private, update, None None {{(pid=103126) matches /opt/stack/neutron/neutron/plugins/ml2/drivers/ovn/mech_driver/ovsdb/ovsdb_monitor.py:64}}
Jun 23 17:05:30.928658 np0000182572 devstack@neutron-api.service[103126]: DEBUG neutron.plugins.ml2.drivers.ovn.mech_driver.ovsdb.ovsdb_monitor [-] Hash Ring: Node 5b2b8cb48e10595a91f321fba822ab25 (host: np0000182572) handling event "update" for row 8a590ad1-866d-4452-aaf2-d1e4fc9cec0c (table: Chassis_Private) {{(pid=103126) notify /opt/stack/neutron/neutron/plugins/ml2/drivers/ovn/mech_driver/ovsdb/ovsdb_monitor.py:1015}}
Jun 23 17:05:30.929145 np0000182572 devstack@neutron-api.service[103128]: DEBUG neutron.plugins.ml2.drivers.ovn.mech_driver.ovsdb.ovsdb_monitor [-] ChassisOVNAgentWriteEvent : Matched Chassis_Private, update, None None {{(pid=103128) matches /opt/stack/neutron/neutron/plugins/ml2/drivers/ovn/mech_driver/ovsdb/ovsdb_monitor.py:64}}
Jun 23 17:05:30.929307 np0000182572 devstack@neutron-api.service[103128]: DEBUG neutron.plugins.ml2.drivers.ovn.mech_driver.ovsdb.ovsdb_monitor [-] Hash Ring: Node 7032dcfe11355d459e7b3463887f71ad (host: np0000182572) handling event "update" for row 8a590ad1-866d-4452-aaf2-d1e4fc9cec0c (table: Chassis_Private) {{(pid=103128) notify /opt/stack/neutron/neutron/plugins/ml2/drivers/ovn/mech_driver/ovsdb/ovsdb_monitor.py:1015}}
Jun 23 17:05:30.930070 np0000182572 devstack@neutron-api.service[103129]: DEBUG neutron.plugins.ml2.drivers.ovn.mech_driver.ovsdb.ovsdb_monitor [-] ChassisOVNAgentWriteEvent : Matched Chassis_Private, update, None None {{(pid=103129) matches /opt/stack/neutron/neutron/plugins/ml2/drivers/ovn/mech_driver/ovsdb/ovsdb_monitor.py:64}}
Jun 23 17:05:30.931498 np0000182572 devstack@neutron-api.service[103127]: DEBUG neutron.plugins.ml2.drivers.ovn.mech_driver.ovsdb.ovsdb_monitor [-] ChassisOVNAgentWriteEvent : Matched Chassis_Private, update, None None {{(pid=103127) matches /opt/stack/neutron/neutron/plugins/ml2/drivers/ovn/mech_driver/ovsdb/ovsdb_monitor.py:64}}
Jun 23 17:05:30.979196 np0000182572 devstack@neutron-api.service[103129]: DEBUG neutron.plugins.ml2.drivers.helpers [None req-57afa125-1192-4604-ae9c-6c72ee24a5e2 admin admin] geneve segment allocate from pool success with {'geneve_vni': 40460} {{(pid=103129) allocate_partially_specified_segment /opt/stack/neutron/neutron/plugins/ml2/drivers/helpers.py:142}}
Jun 23 17:05:30.990669 np0000182572 devstack@neutron-api.service[103129]: DEBUG neutron_lib.callbacks.manager [None req-57afa125-1192-4604-ae9c-6c72ee24a5e2 admin admin] Publish callbacks ['neutron.services.segments.db._add_segment_host_mapping_for_segment-8673892392420', 'neutron.plugins.ml2.plugin.Ml2Plugin._handle_segment_change-1327348'] for segment (eb188029-5464-4888-8fb2-fce2c066f45a), precommit_create {{(pid=103129) _notify_loop /opt/stack/data/venv/lib/python3.12/site-packages/neutron_lib/callbacks/manager.py:184}}
Jun 23 17:05:30.990826 np0000182572 devstack@neutron-api.service[103129]: INFO neutron.db.segments_db [None req-57afa125-1192-4604-ae9c-6c72ee24a5e2 admin admin] Added segment eb188029-5464-4888-8fb2-fce2c066f45a of type geneve for network c8a183ba-526a-4f62-a956-00b42ef0043a
Jun 23 17:05:31.035108 np0000182572 devstack@neutron-api.service[103129]: DEBUG neutron_lib.callbacks.manager [None req-57afa125-1192-4604-ae9c-6c72ee24a5e2 admin admin] Publish callbacks ['neutron.services.auto_allocate.db._ensure_external_network_default_value_callback-8673890658728'] for network (c8a183ba-526a-4f62-a956-00b42ef0043a), precommit_create {{(pid=103129) _notify_loop /opt/stack/data/venv/lib/python3.12/site-packages/neutron_lib/callbacks/manager.py:184}}
Jun 23 17:05:31.055697 np0000182572 devstack@neutron-api.service[103129]: DEBUG neutron.plugins.ml2.drivers.ovn.mech_driver.mech_driver [None req-57afa125-1192-4604-ae9c-6c72ee24a5e2 admin admin] Validating network segment with type geneve, segmentation ID 40460, physical network None {{(pid=103129) _validate_network_segments /opt/stack/neutron/neutron/plugins/ml2/drivers/ovn/mech_driver/mech_driver.py:646}}
Jun 23 17:05:31.055807 np0000182572 devstack@neutron-api.service[103129]: DEBUG neutron.db.ovn_revision_numbers_db [None req-57afa125-1192-4604-ae9c-6c72ee24a5e2 admin admin] create_initial_revision uuid=c8a183ba-526a-4f62-a956-00b42ef0043a, type=networks, rev=-1 {{(pid=103129) create_initial_revision /opt/stack/neutron/neutron/db/ovn_revision_numbers_db.py:98}}
Jun 23 17:05:31.075858 np0000182572 devstack@neutron-api.service[103129]: DEBUG neutron_lib.callbacks.manager [None req-57afa125-1192-4604-ae9c-6c72ee24a5e2 admin admin] Publish callbacks ['neutron.plugins.ml2.ovo_rpc._ObjectChangeHandler.handle_event-6986648'] for network (c8a183ba-526a-4f62-a956-00b42ef0043a), after_create {{(pid=103129) _notify_loop /opt/stack/data/venv/lib/python3.12/site-packages/neutron_lib/callbacks/manager.py:184}}
Jun 23 17:05:31.122298 np0000182572 devstack@neutron-api.service[103129]: DEBUG neutron.api.rpc.handlers.resources_rpc [None req-57afa125-1192-4604-ae9c-6c72ee24a5e2 admin admin] Pushing event updated for resources: {'Network': ['ID=c8a183ba-526a-4f62-a956-00b42ef0043a,revision_number=1']} {{(pid=103129) push /opt/stack/neutron/neutron/api/rpc/handlers/resources_rpc.py:237}}
Jun 23 17:05:31.134499 np0000182572 devstack@neutron-api.service[103129]: DEBUG ovsdbapp.backend.ovs_idl.transaction [-] Running txn n=1 command(idx=0): AddNetworkCommand(_result=None, network_uuid=c8a183ba-526a-4f62-a956-00b42ef0043a, may_exist=True, columns={'external_ids': {'neutron:network_name': 'private', 'neutron:mtu': '1372', 'neutron:revision_number': '1', 'neutron:availability_zone_hints': '', 'neutron:provnet-network-type': 'geneve'}, 'other_config': {'mcast_snoop': 'false', 'mcast_flood_unregistered': 'false', 'vlan-passthru': 'false'}}) {{(pid=103129) do_commit /opt/stack/data/venv/lib/python3.12/site-packages/ovsdbapp/backend/ovs_idl/transaction.py:89}}
Jun 23 17:05:31.134952 np0000182572 devstack@neutron-api.service[103129]: DEBUG neutron.common.ovn.utils [-] OVS persist_uuid supported=True {{(pid=103129) ovs_persist_uuid_supported /opt/stack/neutron/neutron/common/ovn/utils.py:1544}}
Jun 23 17:05:31.173347 np0000182572 devstack@neutron-api.service[103126]: DEBUG neutron.plugins.ml2.drivers.ovn.mech_driver.ovsdb.ovsdb_monitor [-] Hash Ring: Node 5b2b8cb48e10595a91f321fba822ab25 (host: np0000182572) handling event "create" for row c8a183ba-526a-4f62-a956-00b42ef0043a (table: Logical_Switch) {{(pid=103126) notify /opt/stack/neutron/neutron/plugins/ml2/drivers/ovn/mech_driver/ovsdb/ovsdb_monitor.py:1015}}
Jun 23 17:05:31.182638 np0000182572 devstack@neutron-api.service[103126]: DEBUG neutron.plugins.ml2.drivers.ovn.mech_driver.ovsdb.ovsdb_monitor [-] Hash Ring: Node 5b2b8cb48e10595a91f321fba822ab25 (host: np0000182572) handling event "create" for row 3b4f95e2-3b72-4c5c-8aff-babb42b052f2 (table: Datapath_Binding) {{(pid=103126) notify /opt/stack/neutron/neutron/plugins/ml2/drivers/ovn/mech_driver/ovsdb/ovsdb_monitor.py:1015}}
Jun 23 17:05:31.211727 np0000182572 devstack@neutron-api.service[103129]: INFO neutron.db.ovn_revision_numbers_db [None req-57afa125-1192-4604-ae9c-6c72ee24a5e2 admin admin] Successfully bumped revision number for resource c8a183ba-526a-4f62-a956-00b42ef0043a (type: networks) to 1
Jun 23 17:05:31.277549 np0000182572 devstack@neutron-api.service[103129]: DEBUG neutron_lib.callbacks.manager [None req-57afa125-1192-4604-ae9c-6c72ee24a5e2 admin admin] Publish callbacks ['neutron.plugins.ml2.plugin.SecurityGroupDbMixin._ensure_default_security_group_handler-1054224'] for port (None), before_create {{(pid=103129) _notify_loop /opt/stack/data/venv/lib/python3.12/site-packages/neutron_lib/callbacks/manager.py:184}}
Jun 23 17:05:31.541919 np0000182572 devstack@neutron-api.service[103129]: DEBUG neutron_lib.callbacks.manager [None req-57afa125-1192-4604-ae9c-6c72ee24a5e2 admin admin] Publish callbacks ['neutron.plugins.ml2.drivers.ovn.mech_driver.mech_driver.OVNMechanismDriver._validate_allowed_address_pairs-323567'] for allowed_address_pair (81ab4cee-ed69-4a88-9e26-7c160afd482e), before_create {{(pid=103129) _notify_loop /opt/stack/data/venv/lib/python3.12/site-packages/neutron_lib/callbacks/manager.py:184}}
Jun 23 17:05:31.542614 np0000182572 devstack@neutron-api.service[103129]: DEBUG neutron_lib.callbacks.manager [None req-57afa125-1192-4604-ae9c-6c72ee24a5e2 admin admin] Publish callbacks [] for port (81ab4cee-ed69-4a88-9e26-7c160afd482e), precommit_create {{(pid=103129) _notify_loop /opt/stack/data/venv/lib/python3.12/site-packages/neutron_lib/callbacks/manager.py:184}}
Jun 23 17:05:31.542614 np0000182572 devstack@neutron-api.service[103129]: DEBUG neutron.plugins.ml2.drivers.ovn.mech_driver.mech_driver [None req-57afa125-1192-4604-ae9c-6c72ee24a5e2 admin admin] No provisioning block for port 81ab4cee-ed69-4a88-9e26-7c160afd482e since it does not have a host {{(pid=103129) _is_port_provisioning_required /opt/stack/neutron/neutron/plugins/ml2/drivers/ovn/mech_driver/mech_driver.py:899}}
Jun 23 17:05:31.542614 np0000182572 devstack@neutron-api.service[103129]: DEBUG neutron.db.ovn_revision_numbers_db [None req-57afa125-1192-4604-ae9c-6c72ee24a5e2 admin admin] create_initial_revision uuid=81ab4cee-ed69-4a88-9e26-7c160afd482e, type=ports, rev=-1 {{(pid=103129) create_initial_revision /opt/stack/neutron/neutron/db/ovn_revision_numbers_db.py:98}}
Jun 23 17:05:31.608873 np0000182572 devstack@neutron-api.service[103129]: DEBUG neutron_lib.callbacks.manager [None req-57afa125-1192-4604-ae9c-6c72ee24a5e2 admin admin] Publish callbacks ['neutron.plugins.ml2.ovo_rpc._ObjectChangeHandler.handle_event-6986347'] for port (81ab4cee-ed69-4a88-9e26-7c160afd482e), after_create {{(pid=103129) _notify_loop /opt/stack/data/venv/lib/python3.12/site-packages/neutron_lib/callbacks/manager.py:184}}
Jun 23 17:05:31.670172 np0000182572 devstack@neutron-api.service[103129]: DEBUG neutron.api.rpc.handlers.resources_rpc [None req-57afa125-1192-4604-ae9c-6c72ee24a5e2 admin admin] Pushing event updated for resources: {'Port': ['ID=81ab4cee-ed69-4a88-9e26-7c160afd482e,revision_number=1']} {{(pid=103129) push /opt/stack/neutron/neutron/api/rpc/handlers/resources_rpc.py:237}}
Jun 23 17:05:31.711768 np0000182572 devstack@neutron-api.service[103129]: DEBUG neutron.plugins.ml2.drivers.ovn.mech_driver.ovsdb.commands [None req-57afa125-1192-4604-ae9c-6c72ee24a5e2 admin admin] Converting tag [] to a tag_request {{(pid=103129) _tag_column_to_tag_request /opt/stack/neutron/neutron/plugins/ml2/drivers/ovn/mech_driver/ovsdb/commands.py:205}}
Jun 23 17:05:31.712851 np0000182572 devstack@neutron-api.service[103129]: DEBUG ovsdbapp.backend.ovs_idl.transaction [-] Running txn n=1 command(idx=0): AddLSwitchPortCommand(_result=None, lport=81ab4cee-ed69-4a88-9e26-7c160afd482e, lswitch=neutron-c8a183ba-526a-4f62-a956-00b42ef0043a, may_exist=True, network_uuid=c8a183ba-526a-4f62-a956-00b42ef0043a, columns={'addresses': ['fa:16:3e:08:e6:ce'], 'external_ids': {'neutron:port_name': '', 'neutron:device_id': 'ovnmeta-c8a183ba-526a-4f62-a956-00b42ef0043a', 'neutron:project_id': 'e65c23c701494deeb0b9875460916b43', 'neutron:cidrs': '', 'neutron:device_owner': 'network:distributed', 'neutron:subnet_pool_addr_scope4': '', 'neutron:subnet_pool_addr_scope6': '', 'neutron:network_name': 'neutron-c8a183ba-526a-4f62-a956-00b42ef0043a', 'neutron:security_group_ids': '', 'neutron:revision_number': '1', 'neutron:vnic_type': 'normal', 'neutron:port_capabilities': '', 'neutron:mtu': '1372'}, 'parent_name': [], 'enabled': True, 'options': {}, 'type': 'localport', 'port_security': [], 'dhcpv4_options': [], 'dhcpv6_options': [], 'tag_request': []}) {{(pid=103129) do_commit /opt/stack/data/venv/lib/python3.12/site-packages/ovsdbapp/backend/ovs_idl/transaction.py:89}}
Jun 23 17:05:31.713726 np0000182572 devstack@neutron-api.service[103129]: DEBUG ovsdbapp.backend.ovs_idl.transaction [-] Running txn n=1 command(idx=1): QoSDelCommand(_result=None, switch=neutron-c8a183ba-526a-4f62-a956-00b42ef0043a, conditions=[('direction', '=', 'to-lport'), ('priority', '=', 2002), ('match', '=', 'outport == "81ab4cee-ed69-4a88-9e26-7c160afd482e"')], if_exists=True) {{(pid=103129) do_commit /opt/stack/data/venv/lib/python3.12/site-packages/ovsdbapp/backend/ovs_idl/transaction.py:89}}
Jun 23 17:05:31.714016 np0000182572 devstack@neutron-api.service[103129]: DEBUG ovsdbapp.backend.ovs_idl.transaction [-] Running txn n=1 command(idx=2): QoSDelCommand(_result=None, switch=neutron-c8a183ba-526a-4f62-a956-00b42ef0043a, conditions=[('direction', '=', 'from-lport'), ('priority', '=', 2002), ('match', '=', 'inport == "81ab4cee-ed69-4a88-9e26-7c160afd482e"')], if_exists=True) {{(pid=103129) do_commit /opt/stack/data/venv/lib/python3.12/site-packages/ovsdbapp/backend/ovs_idl/transaction.py:89}}
Jun 23 17:05:31.719135 np0000182572 devstack@neutron-api.service[103126]: DEBUG neutron.plugins.ml2.drivers.ovn.mech_driver.ovsdb.ovsdb_monitor [-] Hash Ring: Node 5b2b8cb48e10595a91f321fba822ab25 (host: np0000182572) handling event "update" for row c8a183ba-526a-4f62-a956-00b42ef0043a (table: Logical_Switch) {{(pid=103126) notify /opt/stack/neutron/neutron/plugins/ml2/drivers/ovn/mech_driver/ovsdb/ovsdb_monitor.py:1015}}
Jun 23 17:05:31.720419 np0000182572 devstack@neutron-api.service[103126]: DEBUG neutron.plugins.ml2.drivers.ovn.mech_driver.ovsdb.ovsdb_monitor [-] Hash Ring: Node 5b2b8cb48e10595a91f321fba822ab25 (host: np0000182572) handling event "create" for row a652b795-3e86-405c-beaf-146d67eded05 (table: Logical_Switch_Port) {{(pid=103126) notify /opt/stack/neutron/neutron/plugins/ml2/drivers/ovn/mech_driver/ovsdb/ovsdb_monitor.py:1015}}
Jun 23 17:05:31.723084 np0000182572 devstack@neutron-api.service[103129]: DEBUG neutron.plugins.ml2.drivers.ovn.mech_driver.ovsdb.ovsdb_monitor [-] Hash Ring: Node b1b49da9e39058eeb5e46a40f6c2cc03 (host: np0000182572) handling event "create" for row a652b795-3e86-405c-beaf-146d67eded05 (table: Logical_Switch_Port) {{(pid=103129) notify /opt/stack/neutron/neutron/plugins/ml2/drivers/ovn/mech_driver/ovsdb/ovsdb_monitor.py:1015}}
Jun 23 17:05:31.723538 np0000182572 devstack@neutron-api.service[103126]: DEBUG ovsdbapp.backend.ovs_idl.event [-] Matched CREATE: LogicalSwitchPortCreateEvent(events=('create',), table='Logical_Switch_Port', conditions=[], old_conditions=None), priority=20 to row=Logical_Switch_Port(uuid=a652b795-3e86-405c-beaf-146d67eded05, addresses=['fa:16:3e:08:e6:ce'], dhcpv4_options=[], dhcpv6_options=[], dynamic_addresses=[], enabled=True, external_ids={'neutron:cidrs': '', 'neutron:device_id': 'ovnmeta-c8a183ba-526a-4f62-a956-00b42ef0043a', 'neutron:device_owner': 'network:distributed', 'neutron:mtu': '1372', 'neutron:network_name': 'neutron-c8a183ba-526a-4f62-a956-00b42ef0043a', 'neutron:port_capabilities': '', 'neutron:port_name': '', 'neutron:project_id': 'e65c23c701494deeb0b9875460916b43', 'neutron:revision_number': '1', 'neutron:security_group_ids': '', 'neutron:subnet_pool_addr_scope4': '', 'neutron:subnet_pool_addr_scope6': '', 'neutron:vnic_type': 'normal'}, ha_chassis_group=[], mirror_rules=[], name='81ab4cee-ed69-4a88-9e26-7c160afd482e', options={}, parent_name=[], port_security=[], tag=[], tag_request=[], type='localport', up=[]) old= {{(pid=103126) matches /opt/stack/data/venv/lib/python3.12/site-packages/ovsdbapp/backend/ovs_idl/event.py:55}}
Jun 23 17:05:31.724163 np0000182572 devstack@neutron-api.service[103129]: DEBUG ovsdbapp.backend.ovs_idl.event [-] Matched CREATE: LogicalSwitchPortCreateEvent(events=('create',), table='Logical_Switch_Port', conditions=[], old_conditions=None), priority=20 to row=Logical_Switch_Port(uuid=a652b795-3e86-405c-beaf-146d67eded05, addresses=['fa:16:3e:08:e6:ce'], dhcpv4_options=[], dhcpv6_options=[], dynamic_addresses=[], enabled=True, external_ids={'neutron:cidrs': '', 'neutron:device_id': 'ovnmeta-c8a183ba-526a-4f62-a956-00b42ef0043a', 'neutron:device_owner': 'network:distributed', 'neutron:mtu': '1372', 'neutron:network_name': 'neutron-c8a183ba-526a-4f62-a956-00b42ef0043a', 'neutron:port_capabilities': '', 'neutron:port_name': '', 'neutron:project_id': 'e65c23c701494deeb0b9875460916b43', 'neutron:revision_number': '1', 'neutron:security_group_ids': '', 'neutron:subnet_pool_addr_scope4': '', 'neutron:subnet_pool_addr_scope6': '', 'neutron:vnic_type': 'normal'}, ha_chassis_group=[], mirror_rules=[], name='81ab4cee-ed69-4a88-9e26-7c160afd482e', options={}, parent_name=[], port_security=[], tag=[], tag_request=[], type='localport', up=[]) old= {{(pid=103129) matches /opt/stack/data/venv/lib/python3.12/site-packages/ovsdbapp/backend/ovs_idl/event.py:55}}
Jun 23 17:05:31.725006 np0000182572 devstack@neutron-api.service[103126]: INFO neutron.plugins.ml2.drivers.ovn.mech_driver.mech_driver [-] OVN reports status down for port: 81ab4cee-ed69-4a88-9e26-7c160afd482e
Jun 23 17:05:31.725566 np0000182572 devstack@neutron-api.service[103129]: DEBUG neutron.plugins.ml2.drivers.ovn.mech_driver.ovsdb.ovsdb_monitor [-] Hash Ring: Node b1b49da9e39058eeb5e46a40f6c2cc03 (host: np0000182572) handling event "update" for row a652b795-3e86-405c-beaf-146d67eded05 (table: Logical_Switch_Port) {{(pid=103129) notify /opt/stack/neutron/neutron/plugins/ml2/drivers/ovn/mech_driver/ovsdb/ovsdb_monitor.py:1015}}
Jun 23 17:05:31.726645 np0000182572 devstack@neutron-api.service[103126]: DEBUG neutron.plugins.ml2.drivers.ovn.mech_driver.ovsdb.ovsdb_monitor [-] Hash Ring: Node 5b2b8cb48e10595a91f321fba822ab25 (host: np0000182572) handling event "update" for row a652b795-3e86-405c-beaf-146d67eded05 (table: Logical_Switch_Port) {{(pid=103126) notify /opt/stack/neutron/neutron/plugins/ml2/drivers/ovn/mech_driver/ovsdb/ovsdb_monitor.py:1015}}
Jun 23 17:05:31.727140 np0000182572 devstack@neutron-api.service[103129]: INFO neutron.plugins.ml2.drivers.ovn.mech_driver.mech_driver [-] OVN reports status down for port: 81ab4cee-ed69-4a88-9e26-7c160afd482e
Jun 23 17:05:31.729377 np0000182572 devstack@neutron-api.service[103127]: DEBUG neutron.plugins.ml2.drivers.ovn.mech_driver.ovsdb.ovsdb_monitor [-] Hash Ring: Node 19efa8a6c98a5cb59618c7c5a421e82f (host: np0000182572) handling event "create" for row a3300758-62f6-497b-bfcc-64b425f6bd31 (table: Port_Binding) {{(pid=103127) notify /opt/stack/neutron/neutron/plugins/ml2/drivers/ovn/mech_driver/ovsdb/ovsdb_monitor.py:1015}}
