2026-04-17 12:07:55.145 8 INFO placement.requestlog [req-93f038fa-a373-4b6e-a614-57bc15208afe req-242ee84a-faae-4f3a-9321-760623e4533c 4c0a97f224f1420fb8d81a8190c8ee42 52e0b9959f3f435fb33e1f33ba6c0cb8 - - 19c2fc3cad2c4d418abfa4c50a7cacec 19c2fc3cad2c4d418abfa4c50a7cacec] 199.204.45.222 "GET /resource_providers/f4c55bae-6615-4a2e-bdb2-8055088608d3/allocations" status: 200 len: 252 microversion: 1.0 [pid: 8|app: 0|req: 162/319] 199.204.45.222 () {32 vars in 857 bytes} [Fri Apr 17 12:07:55 2026] GET /resource_providers/f4c55bae-6615-4a2e-bdb2-8055088608d3/allocations => generated 252 bytes in 16 msecs (HTTP/1.1 200) 6 headers in 224 bytes (1 switches on core 0)
2026-04-17 12:07:55.168 7 INFO placement.requestlog [req-93f038fa-a373-4b6e-a614-57bc15208afe req-3b9feac9-0d28-4f32-9a9b-3e2b0fdbf6a5 4c0a97f224f1420fb8d81a8190c8ee42 52e0b9959f3f435fb33e1f33ba6c0cb8 - - 19c2fc3cad2c4d418abfa4c50a7cacec 19c2fc3cad2c4d418abfa4c50a7cacec] 199.204.45.222 "GET /allocations/b1c10448-c5f3-4753-9913-5430190efb3b" status: 200 len: 257 microversion: 1.28 [pid: 7|app: 0|req: 158/320] 199.204.45.222 () {34 vars in 863 bytes} [Fri Apr 17 12:07:55 2026] GET /allocations/b1c10448-c5f3-4753-9913-5430190efb3b => generated 257 bytes in 17 msecs (HTTP/1.1 200) 8 headers in 296 bytes (1 switches on core 0)
2026-04-17 12:07:55.186 8 INFO placement.requestlog [req-93f038fa-a373-4b6e-a614-57bc15208afe req-6dabe03f-134c-416e-a801-b2962ce98be6 4c0a97f224f1420fb8d81a8190c8ee42 52e0b9959f3f435fb33e1f33ba6c0cb8 - - 19c2fc3cad2c4d418abfa4c50a7cacec 19c2fc3cad2c4d418abfa4c50a7cacec] 199.204.45.222 "GET /allocations/b1ca367a-4ec0-4995-a060-e3373cf9cf42" status: 200 len: 257 microversion: 1.28 [pid: 8|app: 0|req: 163/321] 199.204.45.222 () {34 vars in 863 bytes} [Fri Apr 17 12:07:55 2026] GET /allocations/b1ca367a-4ec0-4995-a060-e3373cf9cf42 => generated 257 bytes in 12 msecs (HTTP/1.1 200) 8 headers in 296 bytes (1 switches on core 0)
2026-04-17 12:07:55.357 7 INFO placement.requestlog [None req-798d8b71-6313-48be-89ec-71ffb7db7443 a07775eaec1e494ca3034c90cc9676f5 52e0b9959f3f435fb33e1f33ba6c0cb8 - - 19c2fc3cad2c4d418abfa4c50a7cacec 19c2fc3cad2c4d418abfa4c50a7cacec] 10.0.0.23 "GET /resource_providers/bdf2d5b8-24ba-423e-a1b9-68a7050459f5/aggregates" status: 404 len: 235 microversion: 1.1 [pid: 7|app: 0|req: 159/322] 10.0.0.23 () {32 vars in 815 bytes} [Fri Apr 17 12:07:55 2026] GET /resource_providers/bdf2d5b8-24ba-423e-a1b9-68a7050459f5/aggregates => generated 235 bytes in 10 msecs (HTTP/1.1 404) 5 headers in 202 bytes (1 switches on core 0)
2026-04-17 12:07:55.358 8 INFO placement.requestlog [None req-028bf33f-bed5-410b-acfb-bc3cf28e0653 a07775eaec1e494ca3034c90cc9676f5 52e0b9959f3f435fb33e1f33ba6c0cb8 - - 19c2fc3cad2c4d418abfa4c50a7cacec 19c2fc3cad2c4d418abfa4c50a7cacec] 10.0.0.23 "GET /resource_providers/bdf2d5b8-24ba-423e-a1b9-68a7050459f5/aggregates" status: 404 len: 235 microversion: 1.1 [pid: 8|app: 0|req: 164/323] 10.0.0.23 () {32 vars in 815 bytes} [Fri Apr 17 12:07:55 2026] GET /resource_providers/bdf2d5b8-24ba-423e-a1b9-68a7050459f5/aggregates => generated 235 bytes in 10 msecs (HTTP/1.1 404) 5 headers in 202 bytes (1 switches on core 0)
2026-04-17 12:07:55.379 7 INFO placement.requestlog [None req-24b881d0-68f4-48b5-908b-e10595237e34 a07775eaec1e494ca3034c90cc9676f5 52e0b9959f3f435fb33e1f33ba6c0cb8 - - 19c2fc3cad2c4d418abfa4c50a7cacec 19c2fc3cad2c4d418abfa4c50a7cacec] 10.0.0.23 "DELETE /resource_providers/bdf2d5b8-24ba-423e-a1b9-68a7050459f5" status: 404 len: 246 microversion: 1.1 [pid: 7|app: 0|req: 160/324] 10.0.0.23 () {34 vars in 815 bytes} [Fri Apr 17 12:07:55 2026] DELETE /resource_providers/bdf2d5b8-24ba-423e-a1b9-68a7050459f5 => generated 246 bytes in 9 msecs (HTTP/1.1 404) 6 headers in 231 bytes (1 switches on core 0)
2026-04-17 12:07:55.383 8 INFO placement.requestlog [None req-cbf50f5a-d2f9-47dd-9aa6-42153c1c347a a07775eaec1e494ca3034c90cc9676f5 52e0b9959f3f435fb33e1f33ba6c0cb8 - - 19c2fc3cad2c4d418abfa4c50a7cacec 19c2fc3cad2c4d418abfa4c50a7cacec] 10.0.0.23 "DELETE /resource_providers/bdf2d5b8-24ba-423e-a1b9-68a7050459f5" status: 404 len: 246 microversion: 1.1 [pid: 8|app: 0|req: 165/325] 10.0.0.23 () {34 vars in 815 bytes} [Fri Apr 17 12:07:55 2026] DELETE /resource_providers/bdf2d5b8-24ba-423e-a1b9-68a7050459f5 => generated 246 bytes in 10 msecs (HTTP/1.1 404) 6 headers in 231 bytes (1 switches on core 0)
2026-04-17 12:07:56.239 7 INFO placement.requestlog [req-93f038fa-a373-4b6e-a614-57bc15208afe req-83125eb2-50be-4996-830e-ebed0c2f8465 4c0a97f224f1420fb8d81a8190c8ee42 52e0b9959f3f435fb33e1f33ba6c0cb8 - - 19c2fc3cad2c4d418abfa4c50a7cacec 19c2fc3cad2c4d418abfa4c50a7cacec] 199.204.45.222 "DELETE /allocations/b1c10448-c5f3-4753-9913-5430190efb3b" status: 204 len: 0 microversion: 1.0 [pid: 7|app: 0|req: 161/326] 199.204.45.222 () {34 vars in 841 bytes} [Fri Apr 17 12:07:56 2026] DELETE /allocations/b1c10448-c5f3-4753-9913-5430190efb3b => generated 0 bytes in 27 msecs (HTTP/1.1 204) 5 headers in 198 bytes (1 switches on core 0)
2026-04-17 12:07:57.185 8 INFO placement.requestlog [None req-b31e58d0-eae5-480e-97f3-bc46b0a4f573 a07775eaec1e494ca3034c90cc9676f5 52e0b9959f3f435fb33e1f33ba6c0cb8 - - 19c2fc3cad2c4d418abfa4c50a7cacec 19c2fc3cad2c4d418abfa4c50a7cacec] 10.0.0.23 "GET /resource_providers/c246c466-aa59-4fe1-97a7-301d380127d5/aggregates" status: 404 len: 235 microversion: 1.1
2026-04-17 12:07:57.185 7 INFO placement.requestlog [None req-b80cca54-a753-40a2-a8c8-6dde03334748 a07775eaec1e494ca3034c90cc9676f5 52e0b9959f3f435fb33e1f33ba6c0cb8 - - 19c2fc3cad2c4d418abfa4c50a7cacec 19c2fc3cad2c4d418abfa4c50a7cacec] 10.0.0.23 "GET /resource_providers/c246c466-aa59-4fe1-97a7-301d380127d5/aggregates" status: 404 len: 235 microversion: 1.1 [pid: 7|app: 0|req: 162/327] 10.0.0.23 () {32 vars in 815 bytes} [Fri Apr 17 12:07:57 2026] GET /resource_providers/c246c466-aa59-4fe1-97a7-301d380127d5/aggregates => generated 235 bytes in 9 msecs (HTTP/1.1 404) 5 headers in 202 bytes (1 switches on core 0) [pid: 8|app: 0|req: 166/328] 10.0.0.23 () {32 vars in 815 bytes} [Fri Apr 17 12:07:57 2026] GET /resource_providers/c246c466-aa59-4fe1-97a7-301d380127d5/aggregates => generated 235 bytes in 9 msecs (HTTP/1.1 404) 5 headers in 202 bytes (1 switches on core 0)
2026-04-17 12:07:57.207 7 INFO placement.requestlog [None req-77da6ccf-e8e5-45e7-a80a-fea17fc7cfa1 a07775eaec1e494ca3034c90cc9676f5 52e0b9959f3f435fb33e1f33ba6c0cb8 - - 19c2fc3cad2c4d418abfa4c50a7cacec 19c2fc3cad2c4d418abfa4c50a7cacec] 10.0.0.23 "DELETE /resource_providers/c246c466-aa59-4fe1-97a7-301d380127d5" status: 404 len: 246 microversion: 1.1 [pid: 7|app: 0|req: 163/329] 10.0.0.23 () {34 vars in 815 bytes} [Fri Apr 17 12:07:57 2026] DELETE /resource_providers/c246c466-aa59-4fe1-97a7-301d380127d5 => generated 246 bytes in 9 msecs (HTTP/1.1 404) 6 headers in 231 bytes (1 switches on core 0)
2026-04-17 12:07:57.223 8 INFO placement.requestlog [None req-5c7045fd-cab1-40a0-9b44-4fa2b08aa314 a07775eaec1e494ca3034c90cc9676f5 52e0b9959f3f435fb33e1f33ba6c0cb8 - - 19c2fc3cad2c4d418abfa4c50a7cacec 19c2fc3cad2c4d418abfa4c50a7cacec] 10.0.0.23 "DELETE /resource_providers/c246c466-aa59-4fe1-97a7-301d380127d5" status: 404 len: 246 microversion: 1.1 [pid: 8|app: 0|req: 167/330] 10.0.0.23 () {34 vars in 815 bytes} [Fri Apr 17 12:07:57 2026] DELETE /resource_providers/c246c466-aa59-4fe1-97a7-301d380127d5 => generated 246 bytes in 20 msecs (HTTP/1.1 404) 6 headers in 231 bytes (1 switches on core 0)
2026-04-17 12:07:57.412 7 INFO placement.requestlog [None req-724e8a57-63cc-4bf5-83a7-9cb74f040c39 a07775eaec1e494ca3034c90cc9676f5 52e0b9959f3f435fb33e1f33ba6c0cb8 - - 19c2fc3cad2c4d418abfa4c50a7cacec 19c2fc3cad2c4d418abfa4c50a7cacec] 10.0.0.23 "GET /resource_providers/9881d2b5-40ab-44a3-ba1e-50e22d063a88/aggregates" status: 404 len: 235 microversion: 1.1
2026-04-17 12:07:57.413 8 INFO placement.requestlog [None req-61babb12-429b-4003-b7bb-7393a81865b2 a07775eaec1e494ca3034c90cc9676f5 52e0b9959f3f435fb33e1f33ba6c0cb8 - - 19c2fc3cad2c4d418abfa4c50a7cacec 19c2fc3cad2c4d418abfa4c50a7cacec] 10.0.0.23 "GET /resource_providers/9881d2b5-40ab-44a3-ba1e-50e22d063a88/aggregates" status: 404 len: 235 microversion: 1.1 [pid: 7|app: 0|req: 164/332] 10.0.0.23 () {32 vars in 815 bytes} [Fri Apr 17 12:07:57 2026] GET /resource_providers/9881d2b5-40ab-44a3-ba1e-50e22d063a88/aggregates => generated 235 bytes in 15 msecs (HTTP/1.1 404) 5 headers in 202 bytes (1 switches on core 0) [pid: 8|app: 0|req: 168/332] 10.0.0.23 () {32 vars in 815 bytes} [Fri Apr 17 12:07:57 2026] GET /resource_providers/9881d2b5-40ab-44a3-ba1e-50e22d063a88/aggregates => generated 235 bytes in 8 msecs (HTTP/1.1 404) 5 headers in 202 bytes (1 switches on core 0)
2026-04-17 12:07:57.447 8 INFO placement.requestlog [None req-2bd7b4c1-442d-4fbe-a2f3-2b6b809c1306 a07775eaec1e494ca3034c90cc9676f5 52e0b9959f3f435fb33e1f33ba6c0cb8 - - 19c2fc3cad2c4d418abfa4c50a7cacec 19c2fc3cad2c4d418abfa4c50a7cacec] 10.0.0.23 "DELETE /resource_providers/9881d2b5-40ab-44a3-ba1e-50e22d063a88" status: 404 len: 246 microversion: 1.1 [pid: 8|app: 0|req: 169/333] 10.0.0.23 () {34 vars in 815 bytes} [Fri Apr 17 12:07:57 2026] DELETE /resource_providers/9881d2b5-40ab-44a3-ba1e-50e22d063a88 => generated 246 bytes in 10 msecs (HTTP/1.1 404) 6 headers in 231 bytes (1 switches on core 0)
2026-04-17 12:07:57.458 7 INFO placement.requestlog [None req-a1831067-1646-41a3-8a5d-1709bee04f95 a07775eaec1e494ca3034c90cc9676f5 52e0b9959f3f435fb33e1f33ba6c0cb8 - - 19c2fc3cad2c4d418abfa4c50a7cacec 19c2fc3cad2c4d418abfa4c50a7cacec] 10.0.0.23 "DELETE /resource_providers/9881d2b5-40ab-44a3-ba1e-50e22d063a88" status: 404 len: 246 microversion: 1.1 [pid: 7|app: 0|req: 165/334] 10.0.0.23 () {34 vars in 815 bytes} [Fri Apr 17 12:07:57 2026] DELETE /resource_providers/9881d2b5-40ab-44a3-ba1e-50e22d063a88 => generated 246 bytes in 15 msecs (HTTP/1.1 404) 6 headers in 231 bytes (1 switches on core 0)
2026-04-17 12:07:59.470 8 INFO placement.requestlog [None req-2e154b46-c5e4-47de-a532-2e7b532640a0 a07775eaec1e494ca3034c90cc9676f5 52e0b9959f3f435fb33e1f33ba6c0cb8 - - 19c2fc3cad2c4d418abfa4c50a7cacec 19c2fc3cad2c4d418abfa4c50a7cacec] 10.0.0.23 "GET /resource_providers/d6abab0b-9fb7-440e-a1dc-5e4d394332a8/aggregates" status: 404 len: 235 microversion: 1.1 [pid: 8|app: 0|req: 170/335] 10.0.0.23 () {32 vars in 815 bytes} [Fri Apr 17 12:07:59 2026] GET /resource_providers/d6abab0b-9fb7-440e-a1dc-5e4d394332a8/aggregates => generated 235 bytes in 10 msecs (HTTP/1.1 404) 5 headers in 202 bytes (1 switches on core 0)
2026-04-17 12:07:59.488 7 INFO placement.requestlog [None req-0b5e0da9-3589-455a-b207-1e3313b9c221 a07775eaec1e494ca3034c90cc9676f5 52e0b9959f3f435fb33e1f33ba6c0cb8 - - 19c2fc3cad2c4d418abfa4c50a7cacec 19c2fc3cad2c4d418abfa4c50a7cacec] 10.0.0.23 "GET /resource_providers/d6abab0b-9fb7-440e-a1dc-5e4d394332a8/aggregates" status: 404 len: 235 microversion: 1.1 [pid: 7|app: 0|req: 166/336] 10.0.0.23 () {32 vars in 815 bytes} [Fri Apr 17 12:07:59 2026] GET /resource_providers/d6abab0b-9fb7-440e-a1dc-5e4d394332a8/aggregates => generated 235 bytes in 15 msecs (HTTP/1.1 404) 5 headers in 202 bytes (1 switches on core 0)
2026-04-17 12:07:59.493 8 INFO placement.requestlog [None req-1eecee29-766b-46a4-9a01-f2fd88b02cbe a07775eaec1e494ca3034c90cc9676f5 52e0b9959f3f435fb33e1f33ba6c0cb8 - - 19c2fc3cad2c4d418abfa4c50a7cacec 19c2fc3cad2c4d418abfa4c50a7cacec] 10.0.0.23 "DELETE /resource_providers/d6abab0b-9fb7-440e-a1dc-5e4d394332a8" status: 404 len: 246 microversion: 1.1 [pid: 8|app: 0|req: 171/337] 10.0.0.23 () {34 vars in 815 bytes} [Fri Apr 17 12:07:59 2026] DELETE /resource_providers/d6abab0b-9fb7-440e-a1dc-5e4d394332a8 => generated 246 bytes in 9 msecs (HTTP/1.1 404) 6 headers in 231 bytes (1 switches on core 0)
2026-04-17 12:07:59.509 7 INFO placement.requestlog [None req-92ab7146-e7b6-44c3-b63d-cab3e071354b a07775eaec1e494ca3034c90cc9676f5 52e0b9959f3f435fb33e1f33ba6c0cb8 - - 19c2fc3cad2c4d418abfa4c50a7cacec 19c2fc3cad2c4d418abfa4c50a7cacec] 10.0.0.23 "DELETE /resource_providers/d6abab0b-9fb7-440e-a1dc-5e4d394332a8" status: 404 len: 246 microversion: 1.1 [pid: 7|app: 0|req: 167/338] 10.0.0.23 () {34 vars in 815 bytes} [Fri Apr 17 12:07:59 2026] DELETE /resource_providers/d6abab0b-9fb7-440e-a1dc-5e4d394332a8 => generated 246 bytes in 8 msecs (HTTP/1.1 404) 6 headers in 231 bytes (1 switches on core 0)
2026-04-17 12:07:59.524 8 INFO placement.requestlog [None req-e93a3709-feda-4e19-936c-abe4450ef854 a07775eaec1e494ca3034c90cc9676f5 52e0b9959f3f435fb33e1f33ba6c0cb8 - - 19c2fc3cad2c4d418abfa4c50a7cacec 19c2fc3cad2c4d418abfa4c50a7cacec] 10.0.0.23 "GET /resource_providers/5ae8ce90-6960-4e29-97ab-b17959d259d1/aggregates" status: 404 len: 235 microversion: 1.1 [pid: 8|app: 0|req: 172/339] 10.0.0.23 () {32 vars in 815 bytes} [Fri Apr 17 12:07:59 2026] GET /resource_providers/5ae8ce90-6960-4e29-97ab-b17959d259d1/aggregates => generated 235 bytes in 9 msecs (HTTP/1.1 404) 5 headers in 202 bytes (1 switches on core 0)
2026-04-17 12:07:59.541 7 INFO placement.requestlog [None req-70835028-b852-4695-8d73-389b42f0f3ff a07775eaec1e494ca3034c90cc9676f5 52e0b9959f3f435fb33e1f33ba6c0cb8 - - 19c2fc3cad2c4d418abfa4c50a7cacec 19c2fc3cad2c4d418abfa4c50a7cacec] 10.0.0.23 "GET /resource_providers/5ae8ce90-6960-4e29-97ab-b17959d259d1/aggregates" status: 404 len: 235 microversion: 1.1 [pid: 7|app: 0|req: 168/340] 10.0.0.23 () {32 vars in 815 bytes} [Fri Apr 17 12:07:59 2026] GET /resource_providers/5ae8ce90-6960-4e29-97ab-b17959d259d1/aggregates => generated 235 bytes in 19 msecs (HTTP/1.1 404) 5 headers in 202 bytes (1 switches on core 0)
2026-04-17 12:07:59.550 8 INFO placement.requestlog [None req-36f90d7b-e394-49cd-aefa-ae8fc652ffb5 a07775eaec1e494ca3034c90cc9676f5 52e0b9959f3f435fb33e1f33ba6c0cb8 - - 19c2fc3cad2c4d418abfa4c50a7cacec 19c2fc3cad2c4d418abfa4c50a7cacec] 10.0.0.23 "DELETE /resource_providers/5ae8ce90-6960-4e29-97ab-b17959d259d1" status: 404 len: 246 microversion: 1.1 [pid: 8|app: 0|req: 173/341] 10.0.0.23 () {34 vars in 815 bytes} [Fri Apr 17 12:07:59 2026] DELETE /resource_providers/5ae8ce90-6960-4e29-97ab-b17959d259d1 => generated 246 bytes in 8 msecs (HTTP/1.1 404) 6 headers in 231 bytes (1 switches on core 0)
2026-04-17 12:07:59.557 7 INFO placement.requestlog [None req-fd62957d-2377-462a-981d-cdeb0dfeefce a07775eaec1e494ca3034c90cc9676f5 52e0b9959f3f435fb33e1f33ba6c0cb8 - - 19c2fc3cad2c4d418abfa4c50a7cacec 19c2fc3cad2c4d418abfa4c50a7cacec] 10.0.0.23 "DELETE /resource_providers/5ae8ce90-6960-4e29-97ab-b17959d259d1" status: 404 len: 246 microversion: 1.1 [pid: 7|app: 0|req: 169/342] 10.0.0.23 () {34 vars in 815 bytes} [Fri Apr 17 12:07:59 2026] DELETE /resource_providers/5ae8ce90-6960-4e29-97ab-b17959d259d1 => generated 246 bytes in 8 msecs (HTTP/1.1 404) 6 headers in 231 bytes (1 switches on core 0)
2026-04-17 12:08:01.590 8 INFO placement.requestlog [None req-ae31eaf3-fd2f-491d-82d6-07f943a33c96 a07775eaec1e494ca3034c90cc9676f5 52e0b9959f3f435fb33e1f33ba6c0cb8 - - 19c2fc3cad2c4d418abfa4c50a7cacec 19c2fc3cad2c4d418abfa4c50a7cacec] 10.0.0.23 "GET /resource_providers/5c3788e5-2dc7-4574-b38c-2e8586fb85c4/aggregates" status: 404 len: 235 microversion: 1.1 [pid: 8|app: 0|req: 174/343] 10.0.0.23 () {32 vars in 815 bytes} [Fri Apr 17 12:08:01 2026] GET /resource_providers/5c3788e5-2dc7-4574-b38c-2e8586fb85c4/aggregates => generated 235 bytes in 11 msecs (HTTP/1.1 404) 5 headers in 202 bytes (1 switches on core 0)
2026-04-17 12:08:01.591 7 INFO placement.requestlog [None req-02c1cde9-bfb6-44e1-81d5-222454985e4c a07775eaec1e494ca3034c90cc9676f5 52e0b9959f3f435fb33e1f33ba6c0cb8 - - 19c2fc3cad2c4d418abfa4c50a7cacec 19c2fc3cad2c4d418abfa4c50a7cacec] 10.0.0.23 "GET /resource_providers/5c3788e5-2dc7-4574-b38c-2e8586fb85c4/aggregates" status: 404 len: 235 microversion: 1.1 [pid: 7|app: 0|req: 170/344] 10.0.0.23 () {32 vars in 815 bytes} [Fri Apr 17 12:08:01 2026] GET /resource_providers/5c3788e5-2dc7-4574-b38c-2e8586fb85c4/aggregates => generated 235 bytes in 9 msecs (HTTP/1.1 404) 5 headers in 202 bytes (1 switches on core 0)
2026-04-17 12:08:01.619 8 INFO placement.requestlog [None req-2476483b-c624-477e-a765-533554abf3a8 a07775eaec1e494ca3034c90cc9676f5 52e0b9959f3f435fb33e1f33ba6c0cb8 - - 19c2fc3cad2c4d418abfa4c50a7cacec 19c2fc3cad2c4d418abfa4c50a7cacec] 10.0.0.23 "DELETE /resource_providers/5c3788e5-2dc7-4574-b38c-2e8586fb85c4" status: 404 len: 246 microversion: 1.1 [pid: 8|app: 0|req: 175/345] 10.0.0.23 () {34 vars in 815 bytes} [Fri Apr 17 12:08:01 2026] DELETE /resource_providers/5c3788e5-2dc7-4574-b38c-2e8586fb85c4 => generated 246 bytes in 9 msecs (HTTP/1.1 404) 6 headers in 231 bytes (1 switches on core 0)
2026-04-17 12:08:01.621 7 INFO placement.requestlog [None req-253a1488-237d-4121-a76c-605be64e1951 a07775eaec1e494ca3034c90cc9676f5 52e0b9959f3f435fb33e1f33ba6c0cb8 - - 19c2fc3cad2c4d418abfa4c50a7cacec 19c2fc3cad2c4d418abfa4c50a7cacec] 10.0.0.23 "DELETE /resource_providers/5c3788e5-2dc7-4574-b38c-2e8586fb85c4" status: 404 len: 246 microversion: 1.1 [pid: 7|app: 0|req: 171/346] 10.0.0.23 () {34 vars in 815 bytes} [Fri Apr 17 12:08:01 2026] DELETE /resource_providers/5c3788e5-2dc7-4574-b38c-2e8586fb85c4 => generated 246 bytes in 9 msecs (HTTP/1.1 404) 6 headers in 231 bytes (1 switches on core 0)
2026-04-17 12:08:04.320 7 INFO placement.requestlog [None req-8e6e612b-ffc0-468a-a377-d408c372afb0 - - - - - -] 10.0.0.167 "GET /" status: 200 len: 136 microversion: 1.0
2026-04-17 12:08:04.321 8 INFO placement.requestlog [None req-7ae44194-3ca9-4b11-a704-46eae38d0e8a - - - - - -] 10.0.0.167 "GET /" status: 200 len: 136 microversion: 1.0
2026-04-17 12:08:05.196 7 INFO placement.requestlog [None req-58ecfa66-003e-4546-98b8-22c2a8764d67 a07775eaec1e494ca3034c90cc9676f5 52e0b9959f3f435fb33e1f33ba6c0cb8 - - 19c2fc3cad2c4d418abfa4c50a7cacec 19c2fc3cad2c4d418abfa4c50a7cacec] 10.0.0.23 "GET /resource_providers/17f01020-0d81-420e-b5fd-e1e4b481d4de/aggregates" status: 404 len: 235 microversion: 1.1 [pid: 7|app: 0|req: 173/349] 10.0.0.23 () {32 vars in 815 bytes} [Fri Apr 17 12:08:05 2026] GET /resource_providers/17f01020-0d81-420e-b5fd-e1e4b481d4de/aggregates => generated 235 bytes in 8 msecs (HTTP/1.1 404) 5 headers in 202 bytes (1 switches on core 0)
2026-04-17 12:08:05.199 8 INFO placement.requestlog [None req-92e47904-1f79-4c26-8d09-3b77b2c8f115 a07775eaec1e494ca3034c90cc9676f5 52e0b9959f3f435fb33e1f33ba6c0cb8 - - 19c2fc3cad2c4d418abfa4c50a7cacec 19c2fc3cad2c4d418abfa4c50a7cacec] 10.0.0.23 "GET /resource_providers/17f01020-0d81-420e-b5fd-e1e4b481d4de/aggregates" status: 404 len: 235 microversion: 1.1 [pid: 8|app: 0|req: 177/350] 10.0.0.23 () {32 vars in 815 bytes} [Fri Apr 17 12:08:05 2026] GET /resource_providers/17f01020-0d81-420e-b5fd-e1e4b481d4de/aggregates => generated 235 bytes in 10 msecs (HTTP/1.1 404) 5 headers in 202 bytes (1 switches on core 0)
2026-04-17 12:08:05.216 7 INFO placement.requestlog [None req-22c4d434-6d57-4e6a-a3e9-709efd68f987 a07775eaec1e494ca3034c90cc9676f5 52e0b9959f3f435fb33e1f33ba6c0cb8 - - 19c2fc3cad2c4d418abfa4c50a7cacec 19c2fc3cad2c4d418abfa4c50a7cacec] 10.0.0.23 "DELETE /resource_providers/17f01020-0d81-420e-b5fd-e1e4b481d4de" status: 404 len: 246 microversion: 1.1
2026-04-17 12:08:05.216 8 INFO placement.requestlog [None req-5c75f97d-bc42-4876-85c6-a0a1acdff4c6 a07775eaec1e494ca3034c90cc9676f5 52e0b9959f3f435fb33e1f33ba6c0cb8 - - 19c2fc3cad2c4d418abfa4c50a7cacec 19c2fc3cad2c4d418abfa4c50a7cacec] 10.0.0.23 "DELETE /resource_providers/17f01020-0d81-420e-b5fd-e1e4b481d4de" status: 404 len: 246 microversion: 1.1 [pid: 7|app: 0|req: 174/351] 10.0.0.23 () {34 vars in 815 bytes} [Fri Apr 17 12:08:05 2026] DELETE /resource_providers/17f01020-0d81-420e-b5fd-e1e4b481d4de => generated 246 bytes in 8 msecs (HTTP/1.1 404) 6 headers in 231 bytes (1 switches on core 0) [pid: 8|app: 0|req: 178/352] 10.0.0.23 () {34 vars in 815 bytes} [Fri Apr 17 12:08:05 2026] DELETE /resource_providers/17f01020-0d81-420e-b5fd-e1e4b481d4de => generated 246 bytes in 6 msecs (HTTP/1.1 404) 6 headers in 231 bytes (1 switches on core 0)
2026-04-17 12:08:07.448 7 INFO placement.requestlog [None req-2b2f346d-17ab-44eb-bf32-207ad7f8f34c a07775eaec1e494ca3034c90cc9676f5 52e0b9959f3f435fb33e1f33ba6c0cb8 - - 19c2fc3cad2c4d418abfa4c50a7cacec 19c2fc3cad2c4d418abfa4c50a7cacec] 10.0.0.23 "GET /resource_providers/16688cd7-10be-4e26-8a3f-05dad9a3ee02/aggregates" status: 404 len: 235 microversion: 1.1 [pid: 7|app: 0|req: 175/353] 10.0.0.23 () {32 vars in 815 bytes} [Fri Apr 17 12:08:07 2026] GET /resource_providers/16688cd7-10be-4e26-8a3f-05dad9a3ee02/aggregates => generated 235 bytes in 9 msecs (HTTP/1.1 404) 5 headers in 202 bytes (1 switches on core 0)
2026-04-17 12:08:07.454 8 INFO placement.requestlog [None req-2d3d0dc5-465c-401e-84a1-c7753077212f a07775eaec1e494ca3034c90cc9676f5 52e0b9959f3f435fb33e1f33ba6c0cb8 - - 19c2fc3cad2c4d418abfa4c50a7cacec 19c2fc3cad2c4d418abfa4c50a7cacec] 10.0.0.23 "GET /resource_providers/16688cd7-10be-4e26-8a3f-05dad9a3ee02/aggregates" status: 404 len: 235 microversion: 1.1 [pid: 8|app: 0|req: 179/354] 10.0.0.23 () {32 vars in 815 bytes} [Fri Apr 17 12:08:07 2026] GET /resource_providers/16688cd7-10be-4e26-8a3f-05dad9a3ee02/aggregates => generated 235 bytes in 12 msecs (HTTP/1.1 404) 5 headers in 202 bytes (1 switches on core 0)
2026-04-17 12:08:07.471 7 INFO placement.requestlog [None req-a7ca7241-419e-4962-9cf6-f91f529e585c a07775eaec1e494ca3034c90cc9676f5 52e0b9959f3f435fb33e1f33ba6c0cb8 - - 19c2fc3cad2c4d418abfa4c50a7cacec 19c2fc3cad2c4d418abfa4c50a7cacec] 10.0.0.23 "DELETE /resource_providers/16688cd7-10be-4e26-8a3f-05dad9a3ee02" status: 404 len: 246 microversion: 1.1 [pid: 7|app: 0|req: 176/355] 10.0.0.23 () {34 vars in 815 bytes} [Fri Apr 17 12:08:07 2026] DELETE /resource_providers/16688cd7-10be-4e26-8a3f-05dad9a3ee02 => generated 246 bytes in 10 msecs (HTTP/1.1 404) 6 headers in 231 bytes (1 switches on core 0)
2026-04-17 12:08:07.483 8 INFO placement.requestlog [None req-f154ba73-358e-4d54-b4ea-6baabb480c85 a07775eaec1e494ca3034c90cc9676f5 52e0b9959f3f435fb33e1f33ba6c0cb8 - - 19c2fc3cad2c4d418abfa4c50a7cacec 19c2fc3cad2c4d418abfa4c50a7cacec] 10.0.0.23 "DELETE /resource_providers/16688cd7-10be-4e26-8a3f-05dad9a3ee02" status: 404 len: 246 microversion: 1.1 [pid: 8|app: 0|req: 180/356] 10.0.0.23 () {34 vars in 815 bytes} [Fri Apr 17 12:08:07 2026] DELETE /resource_providers/16688cd7-10be-4e26-8a3f-05dad9a3ee02 => generated 246 bytes in 9 msecs (HTTP/1.1 404) 6 headers in 231 bytes (1 switches on core 0)
2026-04-17 12:08:11.473 7 INFO placement.requestlog [None req-b3490717-7a79-4781-8d0a-62f8572eff07 a07775eaec1e494ca3034c90cc9676f5 52e0b9959f3f435fb33e1f33ba6c0cb8 - - 19c2fc3cad2c4d418abfa4c50a7cacec 19c2fc3cad2c4d418abfa4c50a7cacec] 10.0.0.23 "GET /resource_providers/2c984861-c455-49e5-b7ce-4eccf10af133/aggregates" status: 404 len: 235 microversion: 1.1 [pid: 7|app: 0|req: 177/357] 10.0.0.23 () {32 vars in 815 bytes} [Fri Apr 17 12:08:11 2026] GET /resource_providers/2c984861-c455-49e5-b7ce-4eccf10af133/aggregates => generated 235 bytes in 10 msecs (HTTP/1.1 404) 5 headers in 202 bytes (1 switches on core 0)
2026-04-17 12:08:11.477 8 INFO placement.requestlog [None req-8809d319-4efb-4c7c-8334-e802610181f0 a07775eaec1e494ca3034c90cc9676f5 52e0b9959f3f435fb33e1f33ba6c0cb8 - - 19c2fc3cad2c4d418abfa4c50a7cacec 19c2fc3cad2c4d418abfa4c50a7cacec] 10.0.0.23 "GET /resource_providers/2c984861-c455-49e5-b7ce-4eccf10af133/aggregates" status: 404 len: 235 microversion: 1.1 [pid: 8|app: 0|req: 181/358] 10.0.0.23 () {32 vars in 815 bytes} [Fri Apr 17 12:08:11 2026] GET /resource_providers/2c984861-c455-49e5-b7ce-4eccf10af133/aggregates => generated 235 bytes in 10 msecs (HTTP/1.1 404) 5 headers in 202 bytes (1 switches on core 0)
2026-04-17 12:08:11.495 8 INFO placement.requestlog [None req-8c273b07-1d1f-46ca-a639-81dc04f014df a07775eaec1e494ca3034c90cc9676f5 52e0b9959f3f435fb33e1f33ba6c0cb8 - - 19c2fc3cad2c4d418abfa4c50a7cacec 19c2fc3cad2c4d418abfa4c50a7cacec] 10.0.0.23 "DELETE /resource_providers/2c984861-c455-49e5-b7ce-4eccf10af133" status: 404 len: 246 microversion: 1.1 [pid: 8|app: 0|req: 182/359] 10.0.0.23 () {34 vars in 815 bytes} [Fri Apr 17 12:08:11 2026] DELETE /resource_providers/2c984861-c455-49e5-b7ce-4eccf10af133 => generated 246 bytes in 6 msecs (HTTP/1.1 404) 6 headers in 231 bytes (1 switches on core 0)
2026-04-17 12:08:11.495 7 INFO placement.requestlog [None req-f3c5e325-ed54-45c3-afe3-8ed2db07b9eb a07775eaec1e494ca3034c90cc9676f5 52e0b9959f3f435fb33e1f33ba6c0cb8 - - 19c2fc3cad2c4d418abfa4c50a7cacec 19c2fc3cad2c4d418abfa4c50a7cacec] 10.0.0.23 "DELETE /resource_providers/2c984861-c455-49e5-b7ce-4eccf10af133" status: 404 len: 246 microversion: 1.1 [pid: 7|app: 0|req: 178/360] 10.0.0.23 () {34 vars in 815 bytes} [Fri Apr 17 12:08:11 2026] DELETE /resource_providers/2c984861-c455-49e5-b7ce-4eccf10af133 => generated 246 bytes in 9 msecs (HTTP/1.1 404) 6 headers in 231 bytes (1 switches on core 0)
2026-04-17 12:08:11.800 7 INFO placement.requestlog [None req-e6b34d2f-5a9d-46f6-8799-d523ff929de3 a07775eaec1e494ca3034c90cc9676f5 52e0b9959f3f435fb33e1f33ba6c0cb8 - - 19c2fc3cad2c4d418abfa4c50a7cacec 19c2fc3cad2c4d418abfa4c50a7cacec] 10.0.0.23 "GET /resource_providers/0af82e3b-b58d-48ef-93cf-0749f3f56000/aggregates" status: 404 len: 235 microversion: 1.1 [pid: 7|app: 0|req: 179/361] 10.0.0.23 () {32 vars in 815 bytes} [Fri Apr 17 12:08:11 2026] GET /resource_providers/0af82e3b-b58d-48ef-93cf-0749f3f56000/aggregates => generated 235 bytes in 8 msecs (HTTP/1.1 404) 5 headers in 202 bytes (1 switches on core 0)
2026-04-17 12:08:11.801 8 INFO placement.requestlog [None req-cb308517-a55d-44c8-a064-5eab2048f1f5 a07775eaec1e494ca3034c90cc9676f5 52e0b9959f3f435fb33e1f33ba6c0cb8 - - 19c2fc3cad2c4d418abfa4c50a7cacec 19c2fc3cad2c4d418abfa4c50a7cacec] 10.0.0.23 "GET /resource_providers/0af82e3b-b58d-48ef-93cf-0749f3f56000/aggregates" status: 404 len: 235 microversion: 1.1 [pid: 8|app: 0|req: 183/362] 10.0.0.23 () {32 vars in 815 bytes} [Fri Apr 17 12:08:11 2026] GET /resource_providers/0af82e3b-b58d-48ef-93cf-0749f3f56000/aggregates => generated 235 bytes in 11 msecs (HTTP/1.1 404) 5 headers in 202 bytes (1 switches on core 0)
2026-04-17 12:08:11.821 7 INFO placement.requestlog [None req-37557d65-dc8c-40bc-890a-3dfc1e2ed843 a07775eaec1e494ca3034c90cc9676f5 52e0b9959f3f435fb33e1f33ba6c0cb8 - - 19c2fc3cad2c4d418abfa4c50a7cacec 19c2fc3cad2c4d418abfa4c50a7cacec] 10.0.0.23 "DELETE /resource_providers/0af82e3b-b58d-48ef-93cf-0749f3f56000" status: 404 len: 246 microversion: 1.1 [pid: 7|app: 0|req: 180/363] 10.0.0.23 () {34 vars in 815 bytes} [Fri Apr 17 12:08:11 2026] DELETE /resource_providers/0af82e3b-b58d-48ef-93cf-0749f3f56000 => generated 246 bytes in 8 msecs (HTTP/1.1 404) 6 headers in 231 bytes (1 switches on core 0)
2026-04-17 12:08:11.822 8 INFO placement.requestlog [None req-dcc28595-1b6b-4371-954d-bdca671c73d4 a07775eaec1e494ca3034c90cc9676f5 52e0b9959f3f435fb33e1f33ba6c0cb8 - - 19c2fc3cad2c4d418abfa4c50a7cacec 19c2fc3cad2c4d418abfa4c50a7cacec] 10.0.0.23 "DELETE /resource_providers/0af82e3b-b58d-48ef-93cf-0749f3f56000" status: 404 len: 246 microversion: 1.1 [pid: 8|app: 0|req: 184/364] 10.0.0.23 () {34 vars in 815 bytes} [Fri Apr 17 12:08:11 2026] DELETE /resource_providers/0af82e3b-b58d-48ef-93cf-0749f3f56000 => generated 246 bytes in 7 msecs (HTTP/1.1 404) 6 headers in 231 bytes (1 switches on core 0)
2026-04-17 12:08:12.688 7 INFO placement.requestlog [req-83b01f20-4b87-4e36-bcd8-3005db639155 req-32f73210-bda1-4959-85de-4c204ac03f7b 4c0a97f224f1420fb8d81a8190c8ee42 52e0b9959f3f435fb33e1f33ba6c0cb8 - - 19c2fc3cad2c4d418abfa4c50a7cacec 19c2fc3cad2c4d418abfa4c50a7cacec] 10.0.0.41 "GET /allocation_candidates?limit=1000&resources=DISK_GB%3A1%2CMEMORY_MB%3A512%2CVCPU%3A1&root_required=%21COMPUTE_STATUS_DISABLED" status: 200 len: 2783 microversion: 1.36 [pid: 7|app: 0|req: 181/365] 10.0.0.41 () {34 vars in 1011 bytes} [Fri Apr 17 12:08:12 2026] GET /allocation_candidates?limit=1000&resources=DISK_GB%3A1%2CMEMORY_MB%3A512%2CVCPU%3A1&root_required=%21COMPUTE_STATUS_DISABLED => generated 2783 bytes in 73 msecs (HTTP/1.1 200) 8 headers in 297 bytes (1 switches on core 0)
2026-04-17 12:08:12.753 8 INFO placement.requestlog [req-83b01f20-4b87-4e36-bcd8-3005db639155 req-dcd29ee0-e33c-4e4f-90f0-c753dd31fda5 4c0a97f224f1420fb8d81a8190c8ee42 52e0b9959f3f435fb33e1f33ba6c0cb8 - - 19c2fc3cad2c4d418abfa4c50a7cacec 19c2fc3cad2c4d418abfa4c50a7cacec] 10.0.0.41 "GET /allocations/97934279-3d55-4e35-85e8-434e212674bf" status: 200 len: 19 microversion: 1.28 [pid: 8|app: 0|req: 185/366] 10.0.0.41 () {34 vars in 860 bytes} [Fri Apr 17 12:08:12 2026] GET /allocations/97934279-3d55-4e35-85e8-434e212674bf => generated 19 bytes in 26 msecs (HTTP/1.1 200) 8 headers in 295 bytes (1 switches on core 0)
2026-04-17 12:08:12.838 7 INFO placement.requestlog [req-83b01f20-4b87-4e36-bcd8-3005db639155 req-b163398c-4f5b-4d46-9a11-69cec53fcb4a 4c0a97f224f1420fb8d81a8190c8ee42 52e0b9959f3f435fb33e1f33ba6c0cb8 - - 19c2fc3cad2c4d418abfa4c50a7cacec 19c2fc3cad2c4d418abfa4c50a7cacec] 10.0.0.41 "PUT /allocations/97934279-3d55-4e35-85e8-434e212674bf" status: 204 len: 0 microversion: 1.36 [pid: 7|app: 0|req: 182/367] 10.0.0.41 () {38 vars in 913 bytes} [Fri Apr 17 12:08:12 2026] PUT /allocations/97934279-3d55-4e35-85e8-434e212674bf => generated 0 bytes in 76 msecs (HTTP/1.1 204) 5 headers in 199 bytes (1 switches on core 0)
2026-04-17 12:08:13.511 8 INFO placement.requestlog [None req-05a5dea5-27c4-4b4b-946e-8d3d840f927c a07775eaec1e494ca3034c90cc9676f5 52e0b9959f3f435fb33e1f33ba6c0cb8 - - 19c2fc3cad2c4d418abfa4c50a7cacec 19c2fc3cad2c4d418abfa4c50a7cacec] 10.0.0.23 "GET /resource_providers/11b41e97-a829-4964-a75a-a4b26afc6619/aggregates" status: 404 len: 235 microversion: 1.1 [pid: 8|app: 0|req: 186/368] 10.0.0.23 () {32 vars in 815 bytes} [Fri Apr 17 12:08:13 2026] GET /resource_providers/11b41e97-a829-4964-a75a-a4b26afc6619/aggregates => generated 235 bytes in 7 msecs (HTTP/1.1 404) 5 headers in 202 bytes (1 switches on core 0)
2026-04-17 12:08:13.523 8 INFO placement.requestlog [None req-2c0238c5-f0d8-404c-a281-cd11c90c1d39 a07775eaec1e494ca3034c90cc9676f5 52e0b9959f3f435fb33e1f33ba6c0cb8 - - 19c2fc3cad2c4d418abfa4c50a7cacec 19c2fc3cad2c4d418abfa4c50a7cacec] 10.0.0.23 "DELETE /resource_providers/11b41e97-a829-4964-a75a-a4b26afc6619" status: 404 len: 246 microversion: 1.1 [pid: 8|app: 0|req: 187/369] 10.0.0.23 () {34 vars in 815 bytes} [Fri Apr 17 12:08:13 2026] DELETE /resource_providers/11b41e97-a829-4964-a75a-a4b26afc6619 => generated 246 bytes in 6 msecs (HTTP/1.1 404) 6 headers in 231 bytes (1 switches on core 0)
2026-04-17 12:08:13.536 7 INFO placement.requestlog [None req-33465621-1c08-4239-a892-e30320ace439 a07775eaec1e494ca3034c90cc9676f5 52e0b9959f3f435fb33e1f33ba6c0cb8 - - 19c2fc3cad2c4d418abfa4c50a7cacec 19c2fc3cad2c4d418abfa4c50a7cacec] 10.0.0.23 "GET /resource_providers/11b41e97-a829-4964-a75a-a4b26afc6619/aggregates" status: 404 len: 235 microversion: 1.1 [pid: 7|app: 0|req: 183/370] 10.0.0.23 () {32 vars in 815 bytes} [Fri Apr 17 12:08:13 2026] GET /resource_providers/11b41e97-a829-4964-a75a-a4b26afc6619/aggregates => generated 235 bytes in 29 msecs (HTTP/1.1 404) 5 headers in 202 bytes (1 switches on core 0)
2026-04-17 12:08:13.596 8 INFO placement.requestlog [None req-18d20c75-4bfd-49c3-86d7-d59c4308d8ca a07775eaec1e494ca3034c90cc9676f5 52e0b9959f3f435fb33e1f33ba6c0cb8 - - 19c2fc3cad2c4d418abfa4c50a7cacec 19c2fc3cad2c4d418abfa4c50a7cacec] 10.0.0.23 "DELETE /resource_providers/11b41e97-a829-4964-a75a-a4b26afc6619" status: 404 len: 246 microversion: 1.1 [pid: 8|app: 0|req: 188/371] 10.0.0.23 () {34 vars in 815 bytes} [Fri Apr 17 12:08:13 2026] DELETE /resource_providers/11b41e97-a829-4964-a75a-a4b26afc6619 => generated 246 bytes in 31 msecs (HTTP/1.1 404) 6 headers in 231 bytes (1 switches on core 0)
2026-04-17 12:08:14.269 7 INFO placement.requestlog [req-83b01f20-4b87-4e36-bcd8-3005db639155 req-ce28c370-aae6-4a2c-a7b8-be9cb091b12a 4c0a97f224f1420fb8d81a8190c8ee42 52e0b9959f3f435fb33e1f33ba6c0cb8 - - 19c2fc3cad2c4d418abfa4c50a7cacec 19c2fc3cad2c4d418abfa4c50a7cacec] 199.204.45.222 "GET /allocations/97934279-3d55-4e35-85e8-434e212674bf" status: 200 len: 257 microversion: 1.28 [pid: 7|app: 0|req: 184/372] 199.204.45.222 () {34 vars in 863 bytes} [Fri Apr 17 12:08:14 2026] GET /allocations/97934279-3d55-4e35-85e8-434e212674bf => generated 257 bytes in 12 msecs (HTTP/1.1 200) 8 headers in 296 bytes (1 switches on core 0)
2026-04-17 12:08:14.320 7 INFO placement.requestlog [None req-9eb77bd2-e216-4f4b-9267-2075e2002f03 - - - - - -] 10.0.0.167 "GET /" status: 200 len: 136 microversion: 1.0
2026-04-17 12:08:14.320 8 INFO placement.requestlog [None req-05f7106c-7b8a-4f88-9667-4e5bdbe4cb46 - - - - - -] 10.0.0.167 "GET /" status: 200 len: 136 microversion: 1.0
2026-04-17 12:08:15.312 7 INFO placement.requestlog [req-83b01f20-4b87-4e36-bcd8-3005db639155 req-e1f19536-fe66-41df-bf3d-2a6daaa0b1b8 4c0a97f224f1420fb8d81a8190c8ee42 52e0b9959f3f435fb33e1f33ba6c0cb8 - - 19c2fc3cad2c4d418abfa4c50a7cacec 19c2fc3cad2c4d418abfa4c50a7cacec] 199.204.45.222 "GET /resource_providers/f4c55bae-6615-4a2e-bdb2-8055088608d3/allocations" status: 200 len: 252 microversion: 1.0 [pid: 7|app: 0|req: 186/375] 199.204.45.222 () {32 vars in 857 bytes} [Fri Apr 17 12:08:15 2026] GET /resource_providers/f4c55bae-6615-4a2e-bdb2-8055088608d3/allocations => generated 252 bytes in 17 msecs (HTTP/1.1 200) 6 headers in 224 bytes (1 switches on core 0)
2026-04-17 12:08:15.338 8 INFO placement.requestlog [req-83b01f20-4b87-4e36-bcd8-3005db639155 req-3f7153a6-1723-472f-b76c-275b6fae4975 4c0a97f224f1420fb8d81a8190c8ee42 52e0b9959f3f435fb33e1f33ba6c0cb8 - - 19c2fc3cad2c4d418abfa4c50a7cacec 19c2fc3cad2c4d418abfa4c50a7cacec] 199.204.45.222 "GET /allocations/97934279-3d55-4e35-85e8-434e212674bf" status: 200 len: 257 microversion: 1.28 [pid: 8|app: 0|req: 190/376] 199.204.45.222 () {34 vars in 863 bytes} [Fri Apr 17 12:08:15 2026] GET /allocations/97934279-3d55-4e35-85e8-434e212674bf => generated 257 bytes in 20 msecs (HTTP/1.1 200) 8 headers in 296 bytes (1 switches on core 0)
2026-04-17 12:08:15.355 7 INFO placement.requestlog [req-83b01f20-4b87-4e36-bcd8-3005db639155 req-9f806226-58d0-48c3-859c-09f3e5285786 4c0a97f224f1420fb8d81a8190c8ee42 52e0b9959f3f435fb33e1f33ba6c0cb8 - - 19c2fc3cad2c4d418abfa4c50a7cacec 19c2fc3cad2c4d418abfa4c50a7cacec] 199.204.45.222 "GET /allocations/b1ca367a-4ec0-4995-a060-e3373cf9cf42" status: 200 len: 257 microversion: 1.28 [pid: 7|app: 0|req: 187/377] 199.204.45.222 () {34 vars in 863 bytes} [Fri Apr 17 12:08:15 2026] GET /allocations/b1ca367a-4ec0-4995-a060-e3373cf9cf42 => generated 257 bytes in 11 msecs (HTTP/1.1 200) 8 headers in 296 bytes (1 switches on core 0)
2026-04-17 12:08:17.160 8 INFO placement.requestlog [None req-089d3348-ded7-43e2-a34f-f6779d2c4131 a07775eaec1e494ca3034c90cc9676f5 52e0b9959f3f435fb33e1f33ba6c0cb8 - - 19c2fc3cad2c4d418abfa4c50a7cacec 19c2fc3cad2c4d418abfa4c50a7cacec] 10.0.0.23 "GET /resource_providers/2fb8509b-8c41-4ccf-b32a-3e477cb508f9/aggregates" status: 404 len: 235 microversion: 1.1 [pid: 8|app: 0|req: 191/378] 10.0.0.23 () {32 vars in 815 bytes} [Fri Apr 17 12:08:17 2026] GET /resource_providers/2fb8509b-8c41-4ccf-b32a-3e477cb508f9/aggregates => generated 235 bytes in 8 msecs (HTTP/1.1 404) 5 headers in 202 bytes (1 switches on core 0)
2026-04-17 12:08:17.169 7 INFO placement.requestlog [None req-c9ced317-8622-45d0-9903-9b02a244f652 a07775eaec1e494ca3034c90cc9676f5 52e0b9959f3f435fb33e1f33ba6c0cb8 - - 19c2fc3cad2c4d418abfa4c50a7cacec 19c2fc3cad2c4d418abfa4c50a7cacec] 10.0.0.23 "GET /resource_providers/2fb8509b-8c41-4ccf-b32a-3e477cb508f9/aggregates" status: 404 len: 235 microversion: 1.1 [pid: 7|app: 0|req: 188/379] 10.0.0.23 () {32 vars in 815 bytes} [Fri Apr 17 12:08:17 2026] GET /resource_providers/2fb8509b-8c41-4ccf-b32a-3e477cb508f9/aggregates => generated 235 bytes in 8 msecs (HTTP/1.1 404) 5 headers in 202 bytes (1 switches on core 0)
2026-04-17 12:08:17.189 8 INFO placement.requestlog [None req-0a6c117a-4bc7-4edd-90cb-88e73d354d8a a07775eaec1e494ca3034c90cc9676f5 52e0b9959f3f435fb33e1f33ba6c0cb8 - - 19c2fc3cad2c4d418abfa4c50a7cacec 19c2fc3cad2c4d418abfa4c50a7cacec] 10.0.0.23 "DELETE /resource_providers/2fb8509b-8c41-4ccf-b32a-3e477cb508f9" status: 404 len: 246 microversion: 1.1 [pid: 8|app: 0|req: 192/380] 10.0.0.23 () {34 vars in 815 bytes} [Fri Apr 17 12:08:17 2026] DELETE /resource_providers/2fb8509b-8c41-4ccf-b32a-3e477cb508f9 => generated 246 bytes in 10 msecs (HTTP/1.1 404) 6 headers in 231 bytes (1 switches on core 0)
2026-04-17 12:08:17.190 7 INFO placement.requestlog [None req-751ba3e8-201d-4c91-96bf-056b9325fde5 a07775eaec1e494ca3034c90cc9676f5 52e0b9959f3f435fb33e1f33ba6c0cb8 - - 19c2fc3cad2c4d418abfa4c50a7cacec 19c2fc3cad2c4d418abfa4c50a7cacec] 10.0.0.23 "DELETE /resource_providers/2fb8509b-8c41-4ccf-b32a-3e477cb508f9" status: 404 len: 246 microversion: 1.1 [pid: 7|app: 0|req: 189/381] 10.0.0.23 () {34 vars in 815 bytes} [Fri Apr 17 12:08:17 2026] DELETE /resource_providers/2fb8509b-8c41-4ccf-b32a-3e477cb508f9 => generated 246 bytes in 8 msecs (HTTP/1.1 404) 6 headers in 231 bytes (1 switches on core 0)
2026-04-17 12:08:17.425 8 INFO placement.requestlog [req-c51f4215-da96-4820-ade4-b9c5039a3fd8 req-4f9a5018-8241-4909-bbc0-427d3a2f38e6 4c0a97f224f1420fb8d81a8190c8ee42 52e0b9959f3f435fb33e1f33ba6c0cb8 - - 19c2fc3cad2c4d418abfa4c50a7cacec 19c2fc3cad2c4d418abfa4c50a7cacec] 199.204.45.222 "GET /resource_providers/f4c55bae-6615-4a2e-bdb2-8055088608d3/allocations" status: 200 len: 252 microversion: 1.0 [pid: 8|app: 0|req: 193/382] 199.204.45.222 () {32 vars in 857 bytes} [Fri Apr 17 12:08:17 2026] GET /resource_providers/f4c55bae-6615-4a2e-bdb2-8055088608d3/allocations => generated 252 bytes in 19 msecs (HTTP/1.1 200) 6 headers in 224 bytes (1 switches on core 0)
2026-04-17 12:08:17.452 7 INFO placement.requestlog [req-c51f4215-da96-4820-ade4-b9c5039a3fd8 req-de7d0722-e08f-4827-9b79-bf5784e2e55b 4c0a97f224f1420fb8d81a8190c8ee42 52e0b9959f3f435fb33e1f33ba6c0cb8 - - 19c2fc3cad2c4d418abfa4c50a7cacec 19c2fc3cad2c4d418abfa4c50a7cacec] 199.204.45.222 "GET /resource_providers/f4c55bae-6615-4a2e-bdb2-8055088608d3/allocations" status: 200 len: 252 microversion: 1.0 [pid: 7|app: 0|req: 190/383] 199.204.45.222 () {32 vars in 857 bytes} [Fri Apr 17 12:08:17 2026] GET /resource_providers/f4c55bae-6615-4a2e-bdb2-8055088608d3/allocations => generated 252 bytes in 17 msecs (HTTP/1.1 200) 6 headers in 224 bytes (1 switches on core 0)
2026-04-17 12:08:17.471 8 INFO placement.requestlog [req-c51f4215-da96-4820-ade4-b9c5039a3fd8 req-9196da8f-fcd4-462a-b7b3-7475f506c7a5 4c0a97f224f1420fb8d81a8190c8ee42 52e0b9959f3f435fb33e1f33ba6c0cb8 - - 19c2fc3cad2c4d418abfa4c50a7cacec 19c2fc3cad2c4d418abfa4c50a7cacec] 199.204.45.222 "GET /allocations/97934279-3d55-4e35-85e8-434e212674bf" status: 200 len: 257 microversion: 1.28 [pid: 8|app: 0|req: 194/384] 199.204.45.222 () {34 vars in 863 bytes} [Fri Apr 17 12:08:17 2026] GET /allocations/97934279-3d55-4e35-85e8-434e212674bf => generated 257 bytes in 13 msecs (HTTP/1.1 200) 8 headers in 296 bytes (1 switches on core 0)
2026-04-17 12:08:17.488 7 INFO placement.requestlog [req-c51f4215-da96-4820-ade4-b9c5039a3fd8 req-09b5f9ce-e484-4bcd-94c4-f47678e96343 4c0a97f224f1420fb8d81a8190c8ee42 52e0b9959f3f435fb33e1f33ba6c0cb8 - - 19c2fc3cad2c4d418abfa4c50a7cacec 19c2fc3cad2c4d418abfa4c50a7cacec] 199.204.45.222 "GET /allocations/b1ca367a-4ec0-4995-a060-e3373cf9cf42" status: 200 len: 257 microversion: 1.28 [pid: 7|app: 0|req: 191/385] 199.204.45.222 () {34 vars in 863 bytes} [Fri Apr 17 12:08:17 2026] GET /allocations/b1ca367a-4ec0-4995-a060-e3373cf9cf42 => generated 257 bytes in 11 msecs (HTTP/1.1 200) 8 headers in 296 bytes (1 switches on core 0)
2026-04-17 12:08:18.532 8 INFO placement.requestlog [req-12fc3dbb-4ab8-4f05-aabe-1ae09e570eba req-a98a2d17-f6b3-4813-8fe0-ada01c35d951 4c0a97f224f1420fb8d81a8190c8ee42 52e0b9959f3f435fb33e1f33ba6c0cb8 - - 19c2fc3cad2c4d418abfa4c50a7cacec 19c2fc3cad2c4d418abfa4c50a7cacec] 199.204.45.222 "GET /resource_providers/f4c55bae-6615-4a2e-bdb2-8055088608d3/allocations" status: 200 len: 252 microversion: 1.0 [pid: 8|app: 0|req: 195/386] 199.204.45.222 () {32 vars in 857 bytes} [Fri Apr 17 12:08:18 2026] GET /resource_providers/f4c55bae-6615-4a2e-bdb2-8055088608d3/allocations => generated 252 bytes in 16 msecs (HTTP/1.1 200) 6 headers in 224 bytes (1 switches on core 0)
2026-04-17 12:08:18.559 7 INFO placement.requestlog [req-12fc3dbb-4ab8-4f05-aabe-1ae09e570eba req-3dbba6db-f438-47b3-9144-8b416e25eb9c 4c0a97f224f1420fb8d81a8190c8ee42 52e0b9959f3f435fb33e1f33ba6c0cb8 - - 19c2fc3cad2c4d418abfa4c50a7cacec 19c2fc3cad2c4d418abfa4c50a7cacec] 199.204.45.222 "GET /allocations/97934279-3d55-4e35-85e8-434e212674bf" status: 200 len: 257 microversion: 1.28 [pid: 7|app: 0|req: 192/387] 199.204.45.222 () {34 vars in 863 bytes} [Fri Apr 17 12:08:18 2026] GET /allocations/97934279-3d55-4e35-85e8-434e212674bf => generated 257 bytes in 21 msecs (HTTP/1.1 200) 8 headers in 296 bytes (1 switches on core 0)
2026-04-17 12:08:18.577 8 INFO placement.requestlog [req-12fc3dbb-4ab8-4f05-aabe-1ae09e570eba req-ea4b6fbb-9fe3-4825-bfcd-c5e1a5faf54a 4c0a97f224f1420fb8d81a8190c8ee42 52e0b9959f3f435fb33e1f33ba6c0cb8 - - 19c2fc3cad2c4d418abfa4c50a7cacec 19c2fc3cad2c4d418abfa4c50a7cacec] 199.204.45.222 "GET /allocations/b1ca367a-4ec0-4995-a060-e3373cf9cf42" status: 200 len: 257 microversion: 1.28 [pid: 8|app: 0|req: 196/388] 199.204.45.222 () {34 vars in 863 bytes} [Fri Apr 17 12:08:18 2026] GET /allocations/b1ca367a-4ec0-4995-a060-e3373cf9cf42 => generated 257 bytes in 12 msecs (HTTP/1.1 200) 8 headers in 296 bytes (1 switches on core 0)
2026-04-17 12:08:19.624 7 INFO placement.requestlog [req-12fc3dbb-4ab8-4f05-aabe-1ae09e570eba req-0feee50b-21cd-40e0-b709-7ac7da87cf7d 4c0a97f224f1420fb8d81a8190c8ee42 52e0b9959f3f435fb33e1f33ba6c0cb8 - - 19c2fc3cad2c4d418abfa4c50a7cacec 19c2fc3cad2c4d418abfa4c50a7cacec] 199.204.45.222 "DELETE /allocations/b1ca367a-4ec0-4995-a060-e3373cf9cf42" status: 204 len: 0 microversion: 1.0 [pid: 7|app: 0|req: 193/389] 199.204.45.222 () {34 vars in 841 bytes} [Fri Apr 17 12:08:19 2026] DELETE /allocations/b1ca367a-4ec0-4995-a060-e3373cf9cf42 => generated 0 bytes in 20 msecs (HTTP/1.1 204) 5 headers in 198 bytes (1 switches on core 0)
2026-04-17 12:08:19.910 7 INFO placement.requestlog [None req-c191d6ac-b85f-4cd1-8087-8cddeff43a5f a07775eaec1e494ca3034c90cc9676f5 52e0b9959f3f435fb33e1f33ba6c0cb8 - - 19c2fc3cad2c4d418abfa4c50a7cacec 19c2fc3cad2c4d418abfa4c50a7cacec] 10.0.0.23 "GET /resource_providers/be69eeed-e260-44cd-b1fe-a984e23dbdd4/aggregates" status: 404 len: 235 microversion: 1.1 [pid: 7|app: 0|req: 194/390] 10.0.0.23 () {32 vars in 815 bytes} [Fri Apr 17 12:08:19 2026] GET /resource_providers/be69eeed-e260-44cd-b1fe-a984e23dbdd4/aggregates => generated 235 bytes in 7 msecs (HTTP/1.1 404) 5 headers in 202 bytes (1 switches on core 0)
2026-04-17 12:08:19.912 8 INFO placement.requestlog [None req-58908f37-2259-4b27-acf5-58ba438d772f a07775eaec1e494ca3034c90cc9676f5 52e0b9959f3f435fb33e1f33ba6c0cb8 - - 19c2fc3cad2c4d418abfa4c50a7cacec 19c2fc3cad2c4d418abfa4c50a7cacec] 10.0.0.23 "GET /resource_providers/be69eeed-e260-44cd-b1fe-a984e23dbdd4/aggregates" status: 404 len: 235 microversion: 1.1 [pid: 8|app: 0|req: 197/391] 10.0.0.23 () {32 vars in 815 bytes} [Fri Apr 17 12:08:19 2026] GET /resource_providers/be69eeed-e260-44cd-b1fe-a984e23dbdd4/aggregates => generated 235 bytes in 10 msecs (HTTP/1.1 404) 5 headers in 202 bytes (1 switches on core 0)
2026-04-17 12:08:19.926 7 INFO placement.requestlog [None req-f7c194d8-a22a-4a5b-a71e-5f36679defeb a07775eaec1e494ca3034c90cc9676f5 52e0b9959f3f435fb33e1f33ba6c0cb8 - - 19c2fc3cad2c4d418abfa4c50a7cacec 19c2fc3cad2c4d418abfa4c50a7cacec] 10.0.0.23 "DELETE /resource_providers/be69eeed-e260-44cd-b1fe-a984e23dbdd4" status: 404 len: 246 microversion: 1.1 [pid: 7|app: 0|req: 195/392] 10.0.0.23 () {34 vars in 815 bytes} [Fri Apr 17 12:08:19 2026] DELETE /resource_providers/be69eeed-e260-44cd-b1fe-a984e23dbdd4 => generated 246 bytes in 5 msecs (HTTP/1.1 404) 6 headers in 231 bytes (1 switches on core 0)
2026-04-17 12:08:19.932 8 INFO placement.requestlog [None req-74d7fb1f-1762-4462-8dce-4cf57e89853a a07775eaec1e494ca3034c90cc9676f5 52e0b9959f3f435fb33e1f33ba6c0cb8 - - 19c2fc3cad2c4d418abfa4c50a7cacec 19c2fc3cad2c4d418abfa4c50a7cacec] 10.0.0.23 "DELETE /resource_providers/be69eeed-e260-44cd-b1fe-a984e23dbdd4" status: 404 len: 246 microversion: 1.1 [pid: 8|app: 0|req: 198/393] 10.0.0.23 () {34 vars in 815 bytes} [Fri Apr 17 12:08:19 2026] DELETE /resource_providers/be69eeed-e260-44cd-b1fe-a984e23dbdd4 => generated 246 bytes in 7 msecs (HTTP/1.1 404) 6 headers in 231 bytes (1 switches on core 0)
2026-04-17 12:08:23.519 7 INFO placement.requestlog [None req-f626a288-5974-416e-b1dd-fc37d1dcac35 a07775eaec1e494ca3034c90cc9676f5 52e0b9959f3f435fb33e1f33ba6c0cb8 - - 19c2fc3cad2c4d418abfa4c50a7cacec 19c2fc3cad2c4d418abfa4c50a7cacec] 10.0.0.23 "GET /resource_providers/7c015e9e-dd0d-4856-b3c4-dd75ba6a3617/aggregates" status: 404 len: 235 microversion: 1.1 [pid: 7|app: 0|req: 196/394] 10.0.0.23 () {32 vars in 815 bytes} [Fri Apr 17 12:08:23 2026] GET /resource_providers/7c015e9e-dd0d-4856-b3c4-dd75ba6a3617/aggregates => generated 235 bytes in 11 msecs (HTTP/1.1 404) 5 headers in 202 bytes (1 switches on core 0)
2026-04-17 12:08:23.522 8 INFO placement.requestlog [None req-f2e3bd0a-8c13-484a-910d-b8fbf3e18ca1 a07775eaec1e494ca3034c90cc9676f5 52e0b9959f3f435fb33e1f33ba6c0cb8 - - 19c2fc3cad2c4d418abfa4c50a7cacec 19c2fc3cad2c4d418abfa4c50a7cacec] 10.0.0.23 "GET /resource_providers/7c015e9e-dd0d-4856-b3c4-dd75ba6a3617/aggregates" status: 404 len: 235 microversion: 1.1 [pid: 8|app: 0|req: 199/395] 10.0.0.23 () {32 vars in 815 bytes} [Fri Apr 17 12:08:23 2026] GET /resource_providers/7c015e9e-dd0d-4856-b3c4-dd75ba6a3617/aggregates => generated 235 bytes in 13 msecs (HTTP/1.1 404) 5 headers in 202 bytes (1 switches on core 0)
2026-04-17 12:08:23.543 7 INFO placement.requestlog [None req-b664c412-5e65-4080-840c-94814185738c a07775eaec1e494ca3034c90cc9676f5 52e0b9959f3f435fb33e1f33ba6c0cb8 - - 19c2fc3cad2c4d418abfa4c50a7cacec 19c2fc3cad2c4d418abfa4c50a7cacec] 10.0.0.23 "DELETE /resource_providers/7c015e9e-dd0d-4856-b3c4-dd75ba6a3617" status: 404 len: 246 microversion: 1.1 [pid: 7|app: 0|req: 197/396] 10.0.0.23 () {34 vars in 815 bytes} [Fri Apr 17 12:08:23 2026] DELETE /resource_providers/7c015e9e-dd0d-4856-b3c4-dd75ba6a3617 => generated 246 bytes in 8 msecs (HTTP/1.1 404) 6 headers in 231 bytes (1 switches on core 0)
2026-04-17 12:08:23.547 8 INFO placement.requestlog [None req-fb489b38-56c3-441f-98fb-38ed90c8ad48 a07775eaec1e494ca3034c90cc9676f5 52e0b9959f3f435fb33e1f33ba6c0cb8 - - 19c2fc3cad2c4d418abfa4c50a7cacec 19c2fc3cad2c4d418abfa4c50a7cacec] 10.0.0.23 "DELETE /resource_providers/7c015e9e-dd0d-4856-b3c4-dd75ba6a3617" status: 404 len: 246 microversion: 1.1 [pid: 8|app: 0|req: 200/397] 10.0.0.23 () {34 vars in 815 bytes} [Fri Apr 17 12:08:23 2026] DELETE /resource_providers/7c015e9e-dd0d-4856-b3c4-dd75ba6a3617 => generated 246 bytes in 9 msecs (HTTP/1.1 404) 6 headers in 231 bytes (1 switches on core 0)
2026-04-17 12:08:23.856 8 INFO placement.requestlog [None req-df16e8ee-536a-48d0-90c9-70d78f4ce095 a07775eaec1e494ca3034c90cc9676f5 52e0b9959f3f435fb33e1f33ba6c0cb8 - - 19c2fc3cad2c4d418abfa4c50a7cacec 19c2fc3cad2c4d418abfa4c50a7cacec] 10.0.0.23 "GET /resource_providers/b6f02897-67ee-4c61-9339-3115c9c24b54/aggregates" status: 404 len: 235 microversion: 1.1 [pid: 8|app: 0|req: 201/398] 10.0.0.23 () {32 vars in 815 bytes} [Fri Apr 17 12:08:23 2026] GET /resource_providers/b6f02897-67ee-4c61-9339-3115c9c24b54/aggregates => generated 235 bytes in 8 msecs (HTTP/1.1 404) 5 headers in 202 bytes (1 switches on core 0)
2026-04-17 12:08:23.857 7 INFO placement.requestlog [None req-0eb97443-ee78-411d-b71f-7d83b59fdd19 a07775eaec1e494ca3034c90cc9676f5 52e0b9959f3f435fb33e1f33ba6c0cb8 - - 19c2fc3cad2c4d418abfa4c50a7cacec 19c2fc3cad2c4d418abfa4c50a7cacec] 10.0.0.23 "GET /resource_providers/b6f02897-67ee-4c61-9339-3115c9c24b54/aggregates" status: 404 len: 235 microversion: 1.1 [pid: 7|app: 0|req: 198/399] 10.0.0.23 () {32 vars in 815 bytes} [Fri Apr 17 12:08:23 2026] GET /resource_providers/b6f02897-67ee-4c61-9339-3115c9c24b54/aggregates => generated 235 bytes in 12 msecs (HTTP/1.1 404) 5 headers in 202 bytes (1 switches on core 0)
2026-04-17 12:08:23.881 8 INFO placement.requestlog [None req-3ac1711c-b251-4b9d-b868-c2aa1a95f339 a07775eaec1e494ca3034c90cc9676f5 52e0b9959f3f435fb33e1f33ba6c0cb8 - - 19c2fc3cad2c4d418abfa4c50a7cacec 19c2fc3cad2c4d418abfa4c50a7cacec] 10.0.0.23 "DELETE /resource_providers/b6f02897-67ee-4c61-9339-3115c9c24b54" status: 404 len: 246 microversion: 1.1 [pid: 8|app: 0|req: 202/400] 10.0.0.23 () {34 vars in 815 bytes} [Fri Apr 17 12:08:23 2026] DELETE /resource_providers/b6f02897-67ee-4c61-9339-3115c9c24b54 => generated 246 bytes in 8 msecs (HTTP/1.1 404) 6 headers in 231 bytes (1 switches on core 0)
2026-04-17 12:08:23.892 7 INFO placement.requestlog [None req-67515fc4-694e-461e-92a5-acc7ea4a5167 a07775eaec1e494ca3034c90cc9676f5 52e0b9959f3f435fb33e1f33ba6c0cb8 - - 19c2fc3cad2c4d418abfa4c50a7cacec 19c2fc3cad2c4d418abfa4c50a7cacec] 10.0.0.23 "DELETE /resource_providers/b6f02897-67ee-4c61-9339-3115c9c24b54" status: 404 len: 246 microversion: 1.1 [pid: 7|app: 0|req: 199/401] 10.0.0.23 () {34 vars in 815 bytes} [Fri Apr 17 12:08:23 2026] DELETE /resource_providers/b6f02897-67ee-4c61-9339-3115c9c24b54 => generated 246 bytes in 15 msecs (HTTP/1.1 404) 6 headers in 231 bytes (1 switches on core 0)
2026-04-17 12:08:24.320 7 INFO placement.requestlog [None req-404f20fc-6425-4439-8541-ef0c0526b0e1 - - - - - -] 10.0.0.167 "GET /" status: 200 len: 136 microversion: 1.0
2026-04-17 12:08:24.320 8 INFO placement.requestlog [None req-cf0b257f-06b3-4f15-acda-c213178ba001 - - - - - -] 10.0.0.167 "GET /" status: 200 len: 136 microversion: 1.0
