2026-04-17 12:07:49.179 8 INFO neutron.db.ovn_revision_numbers_db [None req-bdf768aa-8dec-43b7-b14d-4fc586cea17c 426763c067da43f882b53e77bdb2896c 53f0c4bbf3d64781bfe9fd8ecf5d6fe1 - - default default] Successfully bumped revision number for resource b0a3c96a-9893-4d5d-af58-6253ad52e85d (type: security_group_rules) to 0
2026-04-17 12:07:49.254 8 INFO neutron.db.segments_db [None req-bdf768aa-8dec-43b7-b14d-4fc586cea17c 426763c067da43f882b53e77bdb2896c 53f0c4bbf3d64781bfe9fd8ecf5d6fe1 - - default default] Added segment bdf2d5b8-24ba-423e-a1b9-68a7050459f5 of type geneve for network 8cfca5bf-77cd-43c8-a512-35afcf753a39
2026-04-17 12:07:49.304 7 INFO neutron.db.ovn_revision_numbers_db [None req-6a662dcc-2adf-4268-8cf3-44e4a4e1e167 81d75cbcdb5e4652a9f9e9f70308605d 8bd7155f7e674e9cb846e1527e045b81 - - default default] Successfully bumped revision number for resource dd53d69b-1f31-499b-9420-5276cf3c025f (type: security_groups) to 1
2026-04-17 12:07:49.315 7 INFO neutron.db.ovn_revision_numbers_db [None req-6a662dcc-2adf-4268-8cf3-44e4a4e1e167 81d75cbcdb5e4652a9f9e9f70308605d 8bd7155f7e674e9cb846e1527e045b81 - - default default] Successfully bumped revision number for resource 15afe3f4-5f8c-4da9-b030-152062d5194b (type: security_group_rules) to 0
2026-04-17 12:07:49.326 7 INFO neutron.db.ovn_revision_numbers_db [None req-6a662dcc-2adf-4268-8cf3-44e4a4e1e167 81d75cbcdb5e4652a9f9e9f70308605d 8bd7155f7e674e9cb846e1527e045b81 - - default default] Successfully bumped revision number for resource 345c2adc-651c-4bb9-b083-3c18880557d4 (type: security_group_rules) to 0
2026-04-17 12:07:49.335 7 INFO neutron.db.ovn_revision_numbers_db [None req-6a662dcc-2adf-4268-8cf3-44e4a4e1e167 81d75cbcdb5e4652a9f9e9f70308605d 8bd7155f7e674e9cb846e1527e045b81 - - default default] Successfully bumped revision number for resource 3977b3e5-e543-4bce-80a6-bad423fae01e (type: security_group_rules) to 0
2026-04-17 12:07:49.346 7 INFO neutron.db.ovn_revision_numbers_db [None req-6a662dcc-2adf-4268-8cf3-44e4a4e1e167 81d75cbcdb5e4652a9f9e9f70308605d 8bd7155f7e674e9cb846e1527e045b81 - - default default] Successfully bumped revision number for resource b2129353-8fea-420e-a0fb-136e3c811994 (type: security_group_rules) to 0
2026-04-17 12:07:49.385 8 INFO neutron.db.ovn_revision_numbers_db [None req-bdf768aa-8dec-43b7-b14d-4fc586cea17c 426763c067da43f882b53e77bdb2896c 53f0c4bbf3d64781bfe9fd8ecf5d6fe1 - - default default] Successfully bumped revision number for resource 8cfca5bf-77cd-43c8-a512-35afcf753a39 (type: networks) to 1
2026-04-17 12:07:49.435 7 INFO neutron.db.segments_db [None req-6a662dcc-2adf-4268-8cf3-44e4a4e1e167 81d75cbcdb5e4652a9f9e9f70308605d 8bd7155f7e674e9cb846e1527e045b81 - - default default] Added segment 98e8c0a8-526c-49ae-9d81-421243fa967c of type geneve for network 6664118b-4978-4069-9d61-daf45b9ba862
2026-04-17 12:07:49.516 7 INFO neutron.db.segments_db [None req-6a662dcc-2adf-4268-8cf3-44e4a4e1e167 81d75cbcdb5e4652a9f9e9f70308605d 8bd7155f7e674e9cb846e1527e045b81 - - default default] Added segment dc1a4e92-746e-4ab7-af3b-2f6e7645db24 of type geneve for network b31c0c02-1bc5-42d3-b622-5095f1155e8f
2026-04-17 12:07:49.530 8 WARNING neutron.scheduler.dhcp_agent_scheduler [None req-bdf768aa-8dec-43b7-b14d-4fc586cea17c 426763c067da43f882b53e77bdb2896c 53f0c4bbf3d64781bfe9fd8ecf5d6fe1 - - default default] No more DHCP agents
2026-04-17 12:07:49.531 8 WARNING neutron.api.rpc.agentnotifiers.dhcp_rpc_agent_api [None req-bdf768aa-8dec-43b7-b14d-4fc586cea17c 426763c067da43f882b53e77bdb2896c 53f0c4bbf3d64781bfe9fd8ecf5d6fe1 - - default default] Unable to schedule network 8cfca5bf-77cd-43c8-a512-35afcf753a39: no agents available; will retry on subsequent port and subnet creation events.
2026-04-17 12:07:49.593 8 INFO neutron.plugins.ml2.drivers.ovn.mech_driver.mech_driver [None req-9dd600ff-4907-4f71-9818-f7e62d005c4f - - - - - -] OVN reports status down for port: 237229dc-6c5a-4ea8-ab3a-afa55e3c1716
2026-04-17 12:07:49.655 7 INFO neutron.db.ovn_revision_numbers_db [None req-6a662dcc-2adf-4268-8cf3-44e4a4e1e167 81d75cbcdb5e4652a9f9e9f70308605d 8bd7155f7e674e9cb846e1527e045b81 - - default default] Successfully bumped revision number for resource 6664118b-4978-4069-9d61-daf45b9ba862 (type: networks) to 1
2026-04-17 12:07:49.661 8 INFO neutron.db.ovn_revision_numbers_db [None req-bdf768aa-8dec-43b7-b14d-4fc586cea17c 426763c067da43f882b53e77bdb2896c 53f0c4bbf3d64781bfe9fd8ecf5d6fe1 - - default default] Successfully bumped revision number for resource 237229dc-6c5a-4ea8-ab3a-afa55e3c1716 (type: ports) to 1 [pid: 8|app: 0|req: 243/465] 10.0.0.225 () {34 vars in 670 bytes} [Fri Apr 17 12:07:48 2026] POST /v2.0/networks => generated 662 bytes in 891 msecs (HTTP/1.1 201) 4 headers in 162 bytes (1 switches on core 0) [pid: 8|app: 0|req: 244/466] 10.0.0.14 () {34 vars in 989 bytes} [Fri Apr 17 12:07:49 2026] GET /v2.0/ports?device_id=b1c10448-c5f3-4753-9913-5430190efb3b => generated 971 bytes in 35 msecs (HTTP/1.1 200) 4 headers in 157 bytes (1 switches on core 0) [pid: 8|app: 0|req: 245/467] 199.204.45.222 () {34 vars in 1080 bytes} [Fri Apr 17 12:07:49 2026] GET /v2.0/ports?tenant_id=85df9ef17ab546f4bef151ea2c4c2a68&device_id=b1c10448-c5f3-4753-9913-5430190efb3b => generated 1209 bytes in 27 msecs (HTTP/1.1 200) 4 headers in 158 bytes (1 switches on core 0)
2026-04-17 12:07:49.810 7 WARNING neutron.scheduler.dhcp_agent_scheduler [None req-6a662dcc-2adf-4268-8cf3-44e4a4e1e167 81d75cbcdb5e4652a9f9e9f70308605d 8bd7155f7e674e9cb846e1527e045b81 - - default default] No more DHCP agents
2026-04-17 12:07:49.812 7 WARNING neutron.api.rpc.agentnotifiers.dhcp_rpc_agent_api [None req-6a662dcc-2adf-4268-8cf3-44e4a4e1e167 81d75cbcdb5e4652a9f9e9f70308605d 8bd7155f7e674e9cb846e1527e045b81 - - default default] Unable to schedule network 6664118b-4978-4069-9d61-daf45b9ba862: no agents available; will retry on subsequent port and subnet creation events.
2026-04-17 12:07:49.886 8 INFO neutron.plugins.ml2.drivers.ovn.mech_driver.mech_driver [None req-9dd600ff-4907-4f71-9818-f7e62d005c4f - - - - - -] OVN reports status down for port: 57579846-67a7-4c66-8455-cf2f84724c16
2026-04-17 12:07:49.887 7 INFO neutron.db.ovn_revision_numbers_db [None req-6a662dcc-2adf-4268-8cf3-44e4a4e1e167 81d75cbcdb5e4652a9f9e9f70308605d 8bd7155f7e674e9cb846e1527e045b81 - - default default] Successfully bumped revision number for resource 57579846-67a7-4c66-8455-cf2f84724c16 (type: ports) to 1
2026-04-17 12:07:49.961 7 INFO neutron.db.ovn_revision_numbers_db [None req-6a662dcc-2adf-4268-8cf3-44e4a4e1e167 81d75cbcdb5e4652a9f9e9f70308605d 8bd7155f7e674e9cb846e1527e045b81 - - default default] Successfully bumped revision number for resource b31c0c02-1bc5-42d3-b622-5095f1155e8f (type: networks) to 1
2026-04-17 12:07:50.026 8 WARNING neutron.scheduler.dhcp_agent_scheduler [None req-dd2d5813-4b4e-473d-9d8f-2a149f2420e5 426763c067da43f882b53e77bdb2896c 53f0c4bbf3d64781bfe9fd8ecf5d6fe1 - - default default] No more DHCP agents
2026-04-17 12:07:50.028 8 WARNING neutron.api.rpc.agentnotifiers.dhcp_rpc_agent_api [None req-dd2d5813-4b4e-473d-9d8f-2a149f2420e5 426763c067da43f882b53e77bdb2896c 53f0c4bbf3d64781bfe9fd8ecf5d6fe1 - - default default] Unable to schedule network 8cfca5bf-77cd-43c8-a512-35afcf753a39: no agents available; will retry on subsequent port and subnet creation events.
2026-04-17 12:07:50.101 7 WARNING neutron.scheduler.dhcp_agent_scheduler [None req-6a662dcc-2adf-4268-8cf3-44e4a4e1e167 81d75cbcdb5e4652a9f9e9f70308605d 8bd7155f7e674e9cb846e1527e045b81 - - default default] No more DHCP agents
2026-04-17 12:07:50.103 7 WARNING neutron.api.rpc.agentnotifiers.dhcp_rpc_agent_api [None req-6a662dcc-2adf-4268-8cf3-44e4a4e1e167 81d75cbcdb5e4652a9f9e9f70308605d 8bd7155f7e674e9cb846e1527e045b81 - - default default] Unable to schedule network b31c0c02-1bc5-42d3-b622-5095f1155e8f: no agents available; will retry on subsequent port and subnet creation events.
2026-04-17 12:07:50.160 8 INFO neutron.plugins.ml2.drivers.ovn.mech_driver.mech_driver [None req-9dd600ff-4907-4f71-9818-f7e62d005c4f - - - - - -] OVN reports status down for port: ab2fb6fa-b228-4c71-aa30-20bcc18eabd7
2026-04-17 12:07:50.177 7 INFO neutron.db.ovn_revision_numbers_db [None req-6a662dcc-2adf-4268-8cf3-44e4a4e1e167 81d75cbcdb5e4652a9f9e9f70308605d 8bd7155f7e674e9cb846e1527e045b81 - - default default] Successfully bumped revision number for resource ab2fb6fa-b228-4c71-aa30-20bcc18eabd7 (type: ports) to 1 [pid: 7|app: 0|req: 223/468] 10.0.0.225 () {34 vars in 670 bytes} [Fri Apr 17 12:07:49 2026] POST /v2.0/networks => generated 1284 bytes in 1073 msecs (HTTP/1.1 201) 4 headers in 163 bytes (1 switches on core 0) [pid: 7|app: 0|req: 224/469] 10.0.0.14 () {34 vars in 1039 bytes} [Fri Apr 17 12:07:50 2026] GET /v2.0/security-groups?id=89d42791-18d5-4ae8-ae45-34ae43f91d50&fields=id&fields=name => generated 114 bytes in 27 msecs (HTTP/1.1 200) 4 headers in 157 bytes (1 switches on core 0) [pid: 7|app: 0|req: 225/470] 199.204.45.222 () {34 vars in 986 bytes} [Fri Apr 17 12:07:50 2026] GET /v2.0/networks?id=02b79a72-1657-4b65-9f26-9d588311f9fe => generated 805 bytes in 42 msecs (HTTP/1.1 200) 4 headers in 157 bytes (1 switches on core 0) [pid: 7|app: 0|req: 226/471] 10.0.0.225 () {32 vars in 649 bytes} [Fri Apr 17 12:07:50 2026] GET /v2.0/networks => generated 1971 bytes in 52 msecs (HTTP/1.1 200) 4 headers in 158 bytes (1 switches on core 0) [pid: 7|app: 0|req: 227/472] 199.204.45.222 () {34 vars in 1058 bytes} [Fri Apr 17 12:07:50 2026] GET /v2.0/floatingips?fixed_ip_address=10.100.0.9&port_id=5148a2a0-5323-426a-9892-7d0548621d0e => generated 860 bytes in 47 msecs (HTTP/1.1 200) 4 headers in 157 bytes (1 switches on core 0)
2026-04-17 12:07:50.490 7 INFO neutron_taas.services.taas.taas_plugin [None req-6fcdeb28-f525-4fb0-853e-93478af4e3a5 81d75cbcdb5e4652a9f9e9f70308605d 8bd7155f7e674e9cb846e1527e045b81 - - default default] TaaS: Handle Delete Port: 57579846-67a7-4c66-8455-cf2f84724c16
2026-04-17 12:07:50.493 7 INFO neutron_taas.services.taas.tap_mirror_plugin [None req-6fcdeb28-f525-4fb0-853e-93478af4e3a5 81d75cbcdb5e4652a9f9e9f70308605d 8bd7155f7e674e9cb846e1527e045b81 - - default default] Tap Mirror: Handle Delete Port: 57579846-67a7-4c66-8455-cf2f84724c16
2026-04-17 12:07:50.607 8 INFO neutron.db.ovn_revision_numbers_db [None req-150e1bed-5882-42fe-97a8-39c37cf7fdd2 - - - - - -] Successfully bumped revision number for resource 237229dc-6c5a-4ea8-ab3a-afa55e3c1716 (type: ports) to 2
2026-04-17 12:07:50.643 8 INFO neutron.db.ovn_revision_numbers_db [None req-150e1bed-5882-42fe-97a8-39c37cf7fdd2 - - - - - -] Successfully bumped revision number for resource 9a8b2348-fdf8-45bc-bbce-dd26ac3fc423 (type: subnets) to 0 [pid: 8|app: 0|req: 246/473] 10.0.0.225 () {34 vars in 669 bytes} [Fri Apr 17 12:07:49 2026] POST /v2.0/subnets => generated 641 bytes in 888 msecs (HTTP/1.1 201) 4 headers in 162 bytes (1 switches on core 0)
2026-04-17 12:07:50.674 7 INFO neutron.services.segments.plugin [-] Segment 98e8c0a8-526c-49ae-9d81-421243fa967c resource provider aggregate not found
2026-04-17 12:07:50.678 7 INFO neutron.services.segments.plugin [-] Segment 98e8c0a8-526c-49ae-9d81-421243fa967c resource provider aggregate not found [pid: 8|app: 0|req: 247/474] 199.204.45.222 () {34 vars in 984 bytes} [Fri Apr 17 12:07:50 2026] GET /v2.0/subnets?id=ae6fd262-2830-4cec-906d-5ce3ea923fef => generated 686 bytes in 31 msecs (HTTP/1.1 200) 4 headers in 157 bytes (1 switches on core 0)
2026-04-17 12:07:50.692 7 INFO neutron.services.segments.plugin [-] Segment 98e8c0a8-526c-49ae-9d81-421243fa967c resource provider not found; error: Placement Client Error (4xx): {"errors": [{"status": 404, "title": "Not Found", "detail": "The resource could not be found.\n\n No resource provider with uuid 98e8c0a8-526c-49ae-9d81-421243fa967c found for delete ", "request_id": "req-82fd2353-63b8-4ab6-b24a-9a7b62d58a9f"}]}
2026-04-17 12:07:50.695 7 INFO neutron.services.segments.plugin [-] Segment 98e8c0a8-526c-49ae-9d81-421243fa967c resource provider not found; error: Placement Client Error (4xx): {"errors": [{"status": 404, "title": "Not Found", "detail": "The resource could not be found.\n\n No resource provider with uuid 98e8c0a8-526c-49ae-9d81-421243fa967c found for delete ", "request_id": "req-3eed352f-89aa-4002-8413-41c05035d3d1"}]} [pid: 7|app: 0|req: 228/475] 10.0.0.225 () {32 vars in 726 bytes} [Fri Apr 17 12:07:50 2026] DELETE /v2.0/networks/6664118b-4978-4069-9d61-daf45b9ba862 => generated 0 bytes in 351 msecs (HTTP/1.1 204) 3 headers in 131 bytes (1 switches on core 0) [pid: 8|app: 0|req: 248/476] 10.0.0.14 () {34 vars in 989 bytes} [Fri Apr 17 12:07:50 2026] GET /v2.0/ports?device_id=b1c10448-c5f3-4753-9913-5430190efb3b => generated 971 bytes in 41 msecs (HTTP/1.1 200) 4 headers in 157 bytes (1 switches on core 0) [pid: 8|app: 0|req: 249/477] 199.204.45.222 () {34 vars in 1052 bytes} [Fri Apr 17 12:07:50 2026] GET /v2.0/ports?network_id=02b79a72-1657-4b65-9f26-9d588311f9fe&device_owner=network%3Adhcp => generated 12 bytes in 31 msecs (HTTP/1.1 200) 4 headers in 156 bytes (1 switches on core 0)
2026-04-17 12:07:50.817 7 INFO neutron.db.segments_db [None req-ce1da630-c578-42ae-9cfc-e17e852d59a1 426763c067da43f882b53e77bdb2896c 53f0c4bbf3d64781bfe9fd8ecf5d6fe1 - - default default] Added segment 616c4e5d-b034-4c33-9d3c-51102310bd0d of type geneve for network 246ba972-2eea-4316-a08e-d1cd20affc60
2026-04-17 12:07:50.887 8 INFO neutron_taas.services.taas.taas_plugin [None req-6003df7a-b0b1-4668-8aa0-7c31bf6fd041 81d75cbcdb5e4652a9f9e9f70308605d 8bd7155f7e674e9cb846e1527e045b81 - - default default] TaaS: Handle Delete Port: ab2fb6fa-b228-4c71-aa30-20bcc18eabd7
2026-04-17 12:07:50.890 8 INFO neutron_taas.services.taas.tap_mirror_plugin [None req-6003df7a-b0b1-4668-8aa0-7c31bf6fd041 81d75cbcdb5e4652a9f9e9f70308605d 8bd7155f7e674e9cb846e1527e045b81 - - default default] Tap Mirror: Handle Delete Port: ab2fb6fa-b228-4c71-aa30-20bcc18eabd7
2026-04-17 12:07:50.927 7 INFO neutron.db.ovn_revision_numbers_db [None req-ce1da630-c578-42ae-9cfc-e17e852d59a1 426763c067da43f882b53e77bdb2896c 53f0c4bbf3d64781bfe9fd8ecf5d6fe1 - - default default] Successfully bumped revision number for resource 246ba972-2eea-4316-a08e-d1cd20affc60 (type: networks) to 1
2026-04-17 12:07:51.075 8 INFO neutron.services.segments.plugin [-] Segment dc1a4e92-746e-4ab7-af3b-2f6e7645db24 resource provider aggregate not found
2026-04-17 12:07:51.083 8 INFO neutron.services.segments.plugin [-] Segment dc1a4e92-746e-4ab7-af3b-2f6e7645db24 resource provider aggregate not found
2026-04-17 12:07:51.084 7 WARNING neutron.scheduler.dhcp_agent_scheduler [None req-ce1da630-c578-42ae-9cfc-e17e852d59a1 426763c067da43f882b53e77bdb2896c 53f0c4bbf3d64781bfe9fd8ecf5d6fe1 - - default default] No more DHCP agents
2026-04-17 12:07:51.085 7 WARNING neutron.api.rpc.agentnotifiers.dhcp_rpc_agent_api [None req-ce1da630-c578-42ae-9cfc-e17e852d59a1 426763c067da43f882b53e77bdb2896c 53f0c4bbf3d64781bfe9fd8ecf5d6fe1 - - default default] Unable to schedule network 246ba972-2eea-4316-a08e-d1cd20affc60: no agents available; will retry on subsequent port and subnet creation events.
2026-04-17 12:07:51.094 8 INFO neutron.services.segments.plugin [-] Segment dc1a4e92-746e-4ab7-af3b-2f6e7645db24 resource provider not found; error: Placement Client Error (4xx): {"errors": [{"status": 404, "title": "Not Found", "detail": "The resource could not be found.\n\n No resource provider with uuid dc1a4e92-746e-4ab7-af3b-2f6e7645db24 found for delete ", "request_id": "req-2c2457fa-6cd2-45fb-9d7f-ffd6b0a70e70"}]}
2026-04-17 12:07:51.102 8 INFO neutron.services.segments.plugin [-] Segment dc1a4e92-746e-4ab7-af3b-2f6e7645db24 resource provider not found; error: Placement Client Error (4xx): {"errors": [{"status": 404, "title": "Not Found", "detail": "The resource could not be found.\n\n No resource provider with uuid dc1a4e92-746e-4ab7-af3b-2f6e7645db24 found for delete ", "request_id": "req-6de4db23-0ffa-4686-bdca-6de4ee7ff40a"}]} [pid: 8|app: 0|req: 250/478] 10.0.0.225 () {32 vars in 726 bytes} [Fri Apr 17 12:07:50 2026] DELETE /v2.0/networks/b31c0c02-1bc5-42d3-b622-5095f1155e8f => generated 0 bytes in 370 msecs (HTTP/1.1 204) 3 headers in 131 bytes (1 switches on core 0)
2026-04-17 12:07:51.139 7 INFO neutron.plugins.ml2.drivers.ovn.mech_driver.mech_driver [None req-b960cf2e-2225-4ca3-9bb4-5a95561a62ad - - - - - -] OVN reports status down for port: 6c7fddae-7f85-40ce-a67c-485f28338935 [pid: 8|app: 0|req: 251/479] 10.0.0.14 () {34 vars in 1039 bytes} [Fri Apr 17 12:07:51 2026] GET /v2.0/security-groups?id=89d42791-18d5-4ae8-ae45-34ae43f91d50&fields=id&fields=name => generated 114 bytes in 25 msecs (HTTP/1.1 200) 4 headers in 157 bytes (1 switches on core 0)
2026-04-17 12:07:51.204 7 INFO neutron.db.ovn_revision_numbers_db [None req-ce1da630-c578-42ae-9cfc-e17e852d59a1 426763c067da43f882b53e77bdb2896c 53f0c4bbf3d64781bfe9fd8ecf5d6fe1 - - default default] Successfully bumped revision number for resource 6c7fddae-7f85-40ce-a67c-485f28338935 (type: ports) to 1 [pid: 8|app: 0|req: 252/480] 199.204.45.222 () {34 vars in 1012 bytes} [Fri Apr 17 12:07:51 2026] GET /v2.0/networks/02b79a72-1657-4b65-9f26-9d588311f9fe?fields=segments => generated 14 bytes in 53 msecs (HTTP/1.1 200) 4 headers in 156 bytes (1 switches on core 0) [pid: 8|app: 0|req: 253/481] 10.0.0.225 () {32 vars in 649 bytes} [Fri Apr 17 12:07:51 2026] GET /v2.0/networks => generated 689 bytes in 37 msecs (HTTP/1.1 200) 4 headers in 157 bytes (1 switches on core 0) [pid: 7|app: 0|req: 229/482] 10.0.0.225 () {34 vars in 670 bytes} [Fri Apr 17 12:07:50 2026] POST /v2.0/networks => generated 663 bytes in 533 msecs (HTTP/1.1 201) 4 headers in 162 bytes (1 switches on core 0) [pid: 8|app: 0|req: 254/483] 199.204.45.222 () {34 vars in 1112 bytes} [Fri Apr 17 12:07:51 2026] GET /v2.0/networks/02b79a72-1657-4b65-9f26-9d588311f9fe?fields=provider%3Aphysical_network&fields=provider%3Anetwork_type => generated 79 bytes in 35 msecs (HTTP/1.1 200) 4 headers in 156 bytes (1 switches on core 0)
2026-04-17 12:07:51.351 7 INFO neutron.db.segments_db [None req-52c21d18-a875-406a-ad49-087a25b48df3 81d75cbcdb5e4652a9f9e9f70308605d 8bd7155f7e674e9cb846e1527e045b81 - - default default] Added segment 5ae8ce90-6960-4e29-97ab-b17959d259d1 of type geneve for network 232c9e8f-c61d-4e8e-a560-56ba301ee18c
2026-04-17 12:07:51.412 8 INFO neutron.db.ovn_revision_numbers_db [None req-d4742d93-449e-4039-8de7-1c37e47d41ab 426763c067da43f882b53e77bdb2896c 53f0c4bbf3d64781bfe9fd8ecf5d6fe1 - - default default] Successfully bumped revision number for resource 246ba972-2eea-4316-a08e-d1cd20affc60 (type: networks) to 2 [pid: 8|app: 0|req: 255/484] 10.0.0.225 () {34 vars in 743 bytes} [Fri Apr 17 12:07:51 2026] PUT /v2.0/networks/246ba972-2eea-4316-a08e-d1cd20affc60 => generated 636 bytes in 131 msecs (HTTP/1.1 200) 4 headers in 157 bytes (1 switches on core 0)
2026-04-17 12:07:51.479 7 INFO neutron.db.ovn_revision_numbers_db [None req-52c21d18-a875-406a-ad49-087a25b48df3 81d75cbcdb5e4652a9f9e9f70308605d 8bd7155f7e674e9cb846e1527e045b81 - - default default] Successfully bumped revision number for resource 232c9e8f-c61d-4e8e-a560-56ba301ee18c (type: networks) to 1
2026-04-17 12:07:51.610 8 WARNING neutron.scheduler.dhcp_agent_scheduler [None req-62f789a8-c4da-43e9-a8b7-37fdd4faf745 426763c067da43f882b53e77bdb2896c 53f0c4bbf3d64781bfe9fd8ecf5d6fe1 - - default default] No more DHCP agents
2026-04-17 12:07:51.611 8 WARNING neutron.api.rpc.agentnotifiers.dhcp_rpc_agent_api [None req-62f789a8-c4da-43e9-a8b7-37fdd4faf745 426763c067da43f882b53e77bdb2896c 53f0c4bbf3d64781bfe9fd8ecf5d6fe1 - - default default] Unable to schedule network 246ba972-2eea-4316-a08e-d1cd20affc60: no agents available; will retry on subsequent port and subnet creation events.
2026-04-17 12:07:51.660 7 WARNING neutron.scheduler.dhcp_agent_scheduler [None req-52c21d18-a875-406a-ad49-087a25b48df3 81d75cbcdb5e4652a9f9e9f70308605d 8bd7155f7e674e9cb846e1527e045b81 - - default default] No more DHCP agents
2026-04-17 12:07:51.661 7 WARNING neutron.api.rpc.agentnotifiers.dhcp_rpc_agent_api [None req-52c21d18-a875-406a-ad49-087a25b48df3 81d75cbcdb5e4652a9f9e9f70308605d 8bd7155f7e674e9cb846e1527e045b81 - - default default] Unable to schedule network 232c9e8f-c61d-4e8e-a560-56ba301ee18c: no agents available; will retry on subsequent port and subnet creation events.
2026-04-17 12:07:51.692 8 INFO neutron.plugins.ml2.drivers.ovn.mech_driver.mech_driver [None req-9dd600ff-4907-4f71-9818-f7e62d005c4f - - - - - -] OVN reports status down for port: 5148a2a0-5323-426a-9892-7d0548621d0e
2026-04-17 12:07:51.760 7 INFO neutron.db.ovn_revision_numbers_db [None req-52c21d18-a875-406a-ad49-087a25b48df3 81d75cbcdb5e4652a9f9e9f70308605d 8bd7155f7e674e9cb846e1527e045b81 - - default default] Successfully bumped revision number for resource fc0dec30-90fc-4e53-8f1b-812fcfad2667 (type: ports) to 1 [pid: 7|app: 0|req: 230/485] 10.0.0.225 () {34 vars in 670 bytes} [Fri Apr 17 12:07:51 2026] POST /v2.0/networks => generated 669 bytes in 524 msecs (HTTP/1.1 201) 4 headers in 162 bytes (1 switches on core 0)
2026-04-17 12:07:51.865 7 INFO neutron.db.segments_db [None req-c2826d82-2eb8-43b9-9b2f-301882daf7e4 81d75cbcdb5e4652a9f9e9f70308605d 8bd7155f7e674e9cb846e1527e045b81 - - default default] Added segment d6abab0b-9fb7-440e-a1dc-5e4d394332a8 of type geneve for network e8a553db-4bd4-46c7-8387-c83a0e8998be
2026-04-17 12:07:51.927 8 INFO neutron.notifiers.nova [-] Nova event matching ['req-1f014f18-6e24-4001-b8cd-b8ad8fde5bb3'] response: {'server_uuid': 'b1c10448-c5f3-4753-9913-5430190efb3b', 'name': 'network-vif-unplugged', 'status': 'completed', 'tag': '5148a2a0-5323-426a-9892-7d0548621d0e', 'code': 200}
2026-04-17 12:07:51.966 7 INFO neutron.db.ovn_revision_numbers_db [None req-c2826d82-2eb8-43b9-9b2f-301882daf7e4 81d75cbcdb5e4652a9f9e9f70308605d 8bd7155f7e674e9cb846e1527e045b81 - - default default] Successfully bumped revision number for resource e8a553db-4bd4-46c7-8387-c83a0e8998be (type: networks) to 1
2026-04-17 12:07:52.102 7 WARNING neutron.scheduler.dhcp_agent_scheduler [None req-c2826d82-2eb8-43b9-9b2f-301882daf7e4 81d75cbcdb5e4652a9f9e9f70308605d 8bd7155f7e674e9cb846e1527e045b81 - - default default] No more DHCP agents
2026-04-17 12:07:52.103 7 WARNING neutron.api.rpc.agentnotifiers.dhcp_rpc_agent_api [None req-c2826d82-2eb8-43b9-9b2f-301882daf7e4 81d75cbcdb5e4652a9f9e9f70308605d 8bd7155f7e674e9cb846e1527e045b81 - - default default] Unable to schedule network e8a553db-4bd4-46c7-8387-c83a0e8998be: no agents available; will retry on subsequent port and subnet creation events.
2026-04-17 12:07:52.166 8 INFO neutron.db.ovn_revision_numbers_db [None req-9dd600ff-4907-4f71-9818-f7e62d005c4f - - - - - -] Successfully bumped revision number for resource 5148a2a0-5323-426a-9892-7d0548621d0e (type: ports) to 6
2026-04-17 12:07:52.175 7 INFO neutron.db.ovn_revision_numbers_db [None req-c2826d82-2eb8-43b9-9b2f-301882daf7e4 81d75cbcdb5e4652a9f9e9f70308605d 8bd7155f7e674e9cb846e1527e045b81 - - default default] Successfully bumped revision number for resource 47ac1544-5b17-4227-8571-e48c264f2a14 (type: ports) to 1 [pid: 7|app: 0|req: 231/486] 10.0.0.225 () {34 vars in 670 bytes} [Fri Apr 17 12:07:51 2026] POST /v2.0/networks => generated 669 bytes in 413 msecs (HTTP/1.1 201) 4 headers in 162 bytes (1 switches on core 0)
2026-04-17 12:07:52.269 8 INFO neutron.plugins.ml2.drivers.ovn.mech_driver.mech_driver [None req-0e64ffea-1aab-4486-b6b7-3699d82e751b - - - - - -] OVN reports status down for port: fc0dec30-90fc-4e53-8f1b-812fcfad2667
2026-04-17 12:07:52.384 8 INFO neutron.db.ovn_revision_numbers_db [None req-aa25ad5f-152d-4ca3-9832-b3f35dc7f3f5 - - - - - -] Successfully bumped revision number for resource 6c7fddae-7f85-40ce-a67c-485f28338935 (type: ports) to 2
2026-04-17 12:07:52.391 8 INFO neutron.plugins.ml2.drivers.ovn.mech_driver.mech_driver [None req-0e64ffea-1aab-4486-b6b7-3699d82e751b - - - - - -] OVN reports status down for port: 47ac1544-5b17-4227-8571-e48c264f2a14
2026-04-17 12:07:52.446 8 INFO neutron.db.ovn_revision_numbers_db [None req-aa25ad5f-152d-4ca3-9832-b3f35dc7f3f5 - - - - - -] Successfully bumped revision number for resource 0a7503ac-46e8-4da8-aa5e-0a248e5298fc (type: subnets) to 0 [pid: 8|app: 0|req: 256/487] 10.0.0.225 () {34 vars in 669 bytes} [Fri Apr 17 12:07:51 2026] POST /v2.0/subnets => generated 626 bytes in 1052 msecs (HTTP/1.1 201) 4 headers in 162 bytes (1 switches on core 0) /var/lib/openstack/lib/python3.12/site-packages/pycadf/identifier.py:70: UserWarning: Invalid uuid: neutron. To ensure interoperability, identifiers should be a valid uuid. warnings.warn(('Invalid uuid: %s. To ensure interoperability, ' [pid: 8|app: 0|req: 257/488] 10.0.0.14 () {34 vars in 989 bytes} [Fri Apr 17 12:07:52 2026] GET /v2.0/ports?device_id=b1c10448-c5f3-4753-9913-5430190efb3b => generated 969 bytes in 92 msecs (HTTP/1.1 200) 4 headers in 157 bytes (1 switches on core 0)
2026-04-17 12:07:52.625 7 WARNING neutron.scheduler.dhcp_agent_scheduler [None req-472d504f-3226-4e58-84b8-c7d01eaa710f 81d75cbcdb5e4652a9f9e9f70308605d 8bd7155f7e674e9cb846e1527e045b81 - - default default] No more DHCP agents
2026-04-17 12:07:52.626 7 WARNING neutron.api.rpc.agentnotifiers.dhcp_rpc_agent_api [None req-472d504f-3226-4e58-84b8-c7d01eaa710f 81d75cbcdb5e4652a9f9e9f70308605d 8bd7155f7e674e9cb846e1527e045b81 - - default default] Unable to schedule network 232c9e8f-c61d-4e8e-a560-56ba301ee18c: no agents available; will retry on subsequent port and subnet creation events.
2026-04-17 12:07:52.682 7 INFO neutron.plugins.ml2.drivers.ovn.mech_driver.mech_driver [None req-b960cf2e-2225-4ca3-9bb4-5a95561a62ad - - - - - -] OVN reports status down for port: 0f1bb2dd-700e-44cc-852f-a754c150bec7
2026-04-17 12:07:52.740 7 INFO neutron.db.ovn_revision_numbers_db [None req-472d504f-3226-4e58-84b8-c7d01eaa710f 81d75cbcdb5e4652a9f9e9f70308605d 8bd7155f7e674e9cb846e1527e045b81 - - default default] Successfully bumped revision number for resource 0f1bb2dd-700e-44cc-852f-a754c150bec7 (type: ports) to 1
2026-04-17 12:07:52.799 7 WARNING neutron.scheduler.dhcp_agent_scheduler [None req-472d504f-3226-4e58-84b8-c7d01eaa710f 81d75cbcdb5e4652a9f9e9f70308605d 8bd7155f7e674e9cb846e1527e045b81 - - default default] No more DHCP agents
2026-04-17 12:07:52.801 7 WARNING neutron.api.rpc.agentnotifiers.dhcp_rpc_agent_api [None req-472d504f-3226-4e58-84b8-c7d01eaa710f 81d75cbcdb5e4652a9f9e9f70308605d 8bd7155f7e674e9cb846e1527e045b81 - - default default] Unable to schedule network e8a553db-4bd4-46c7-8387-c83a0e8998be: no agents available; will retry on subsequent port and subnet creation events.
2026-04-17 12:07:52.827 8 INFO neutron.db.ovn_revision_numbers_db [None req-98cfa0df-8b22-4569-a681-9616f1bd41c2 426763c067da43f882b53e77bdb2896c 53f0c4bbf3d64781bfe9fd8ecf5d6fe1 - - default default] Successfully bumped revision number for resource 0a7503ac-46e8-4da8-aa5e-0a248e5298fc (type: subnets) to 1 [pid: 8|app: 0|req: 258/489] 10.0.0.225 () {34 vars in 741 bytes} [Fri Apr 17 12:07:52 2026] PUT /v2.0/subnets/0a7503ac-46e8-4da8-aa5e-0a248e5298fc => generated 636 bytes in 262 msecs (HTTP/1.1 200) 4 headers in 157 bytes (1 switches on core 0) [pid: 8|app: 0|req: 259/490] 10.0.0.14 () {34 vars in 1039 bytes} [Fri Apr 17 12:07:52 2026] GET /v2.0/security-groups?id=89d42791-18d5-4ae8-ae45-34ae43f91d50&fields=id&fields=name => generated 114 bytes in 47 msecs (HTTP/1.1 200) 4 headers in 157 bytes (1 switches on core 0)
2026-04-17 12:07:52.889 7 INFO neutron.db.ovn_revision_numbers_db [None req-472d504f-3226-4e58-84b8-c7d01eaa710f 81d75cbcdb5e4652a9f9e9f70308605d 8bd7155f7e674e9cb846e1527e045b81 - - default default] Successfully bumped revision number for resource 8607f851-1979-4f61-92e3-5f1bfa68c1fe (type: ports) to 1
2026-04-17 12:07:52.889 8 INFO neutron.plugins.ml2.drivers.ovn.mech_driver.mech_driver [None req-0e64ffea-1aab-4486-b6b7-3699d82e751b - - - - - -] OVN reports status down for port: 8607f851-1979-4f61-92e3-5f1bfa68c1fe [pid: 7|app: 0|req: 232/491] 10.0.0.225 () {34 vars in 665 bytes} [Fri Apr 17 12:07:52 2026] POST /v2.0/ports => generated 1505 bytes in 755 msecs (HTTP/1.1 201) 4 headers in 163 bytes (1 switches on core 0) /var/lib/openstack/lib/python3.12/site-packages/pycadf/identifier.py:70: UserWarning: Invalid uuid: neutron. To ensure interoperability, identifiers should be a valid uuid. warnings.warn(('Invalid uuid: %s. To ensure interoperability, ' [pid: 7|app: 0|req: 233/492] 199.204.45.222 () {34 vars in 994 bytes} [Fri Apr 17 12:07:52 2026] GET /v2.0/ports?device_id=b1c10448-c5f3-4753-9913-5430190efb3b => generated 969 bytes in 76 msecs (HTTP/1.1 200) 4 headers in 157 bytes (1 switches on core 0)
2026-04-17 12:07:53.057 8 INFO neutron_taas.services.taas.taas_plugin [None req-ca892033-07db-40f1-bbe8-9b21c82ff2f9 426763c067da43f882b53e77bdb2896c 53f0c4bbf3d64781bfe9fd8ecf5d6fe1 - - default default] TaaS: Handle Delete Port: 6c7fddae-7f85-40ce-a67c-485f28338935
2026-04-17 12:07:53.059 8 INFO neutron_taas.services.taas.tap_mirror_plugin [None req-ca892033-07db-40f1-bbe8-9b21c82ff2f9 426763c067da43f882b53e77bdb2896c 53f0c4bbf3d64781bfe9fd8ecf5d6fe1 - - default default] Tap Mirror: Handle Delete Port: 6c7fddae-7f85-40ce-a67c-485f28338935 [pid: 7|app: 0|req: 234/493] 10.0.0.225 () {32 vars in 643 bytes} [Fri Apr 17 12:07:53 2026] GET /v2.0/ports => generated 3017 bytes in 65 msecs (HTTP/1.1 200) 4 headers in 158 bytes (1 switches on core 0)
2026-04-17 12:07:53.240 7 INFO neutron_taas.services.taas.taas_plugin [req-93f038fa-a373-4b6e-a614-57bc15208afe req-2c631483-3f6b-4742-be58-1fc97e03a0cf 0ff861dcd4a34a85b823d662d01da1d7 85df9ef17ab546f4bef151ea2c4c2a68 - - default default] TaaS: Handle Delete Port: 5148a2a0-5323-426a-9892-7d0548621d0e
2026-04-17 12:07:53.245 7 INFO neutron_taas.services.taas.tap_mirror_plugin [req-93f038fa-a373-4b6e-a614-57bc15208afe req-2c631483-3f6b-4742-be58-1fc97e03a0cf 0ff861dcd4a34a85b823d662d01da1d7 85df9ef17ab546f4bef151ea2c4c2a68 - - default default] Tap Mirror: Handle Delete Port: 5148a2a0-5323-426a-9892-7d0548621d0e
2026-04-17 12:07:53.319 8 INFO neutron.services.segments.plugin [-] Segment 616c4e5d-b034-4c33-9d3c-51102310bd0d resource provider aggregate not found
2026-04-17 12:07:53.322 8 INFO neutron.services.segments.plugin [-] Segment 616c4e5d-b034-4c33-9d3c-51102310bd0d resource provider aggregate not found
2026-04-17 12:07:53.336 8 INFO neutron.services.segments.plugin [-] Segment 616c4e5d-b034-4c33-9d3c-51102310bd0d resource provider not found; error: Placement Client Error (4xx): {"errors": [{"status": 404, "title": "Not Found", "detail": "The resource could not be found.\n\n No resource provider with uuid 616c4e5d-b034-4c33-9d3c-51102310bd0d found for delete ", "request_id": "req-2f72e9b5-05b7-4d26-8855-b7c852d0c9b9"}]}
2026-04-17 12:07:53.337 8 INFO neutron.services.segments.plugin [-] Segment 616c4e5d-b034-4c33-9d3c-51102310bd0d resource provider not found; error: Placement Client Error (4xx): {"errors": [{"status": 404, "title": "Not Found", "detail": "The resource could not be found.\n\n No resource provider with uuid 616c4e5d-b034-4c33-9d3c-51102310bd0d found for delete ", "request_id": "req-dec1b62d-8c05-44ad-9926-2cca8baba6a9"}]} [pid: 8|app: 0|req: 260/494] 10.0.0.225 () {32 vars in 726 bytes} [Fri Apr 17 12:07:52 2026] DELETE /v2.0/networks/246ba972-2eea-4316-a08e-d1cd20affc60 => generated 0 bytes in 480 msecs (HTTP/1.1 204) 3 headers in 131 bytes (1 switches on core 0)
2026-04-17 12:07:53.463 7 INFO neutron.db.l3_db [req-93f038fa-a373-4b6e-a614-57bc15208afe req-2c631483-3f6b-4742-be58-1fc97e03a0cf 0ff861dcd4a34a85b823d662d01da1d7 85df9ef17ab546f4bef151ea2c4c2a68 - - default default] Floating IP 0896c319-ab47-451b-b6ce-e3aea6c08869 disassociated. External IP: 10.96.250.210, port: 5148a2a0-5323-426a-9892-7d0548621d0e.
2026-04-17 12:07:53.482 8 INFO neutron_taas.services.taas.taas_plugin [None req-dba011f1-4c6d-4cc9-af3c-4d4aa814b5e8 81d75cbcdb5e4652a9f9e9f70308605d 8bd7155f7e674e9cb846e1527e045b81 - - default default] TaaS: Handle Delete Port: 0f1bb2dd-700e-44cc-852f-a754c150bec7
2026-04-17 12:07:53.485 8 INFO neutron_taas.services.taas.tap_mirror_plugin [None req-dba011f1-4c6d-4cc9-af3c-4d4aa814b5e8 81d75cbcdb5e4652a9f9e9f70308605d 8bd7155f7e674e9cb846e1527e045b81 - - default default] Tap Mirror: Handle Delete Port: 0f1bb2dd-700e-44cc-852f-a754c150bec7 [pid: 8|app: 0|req: 261/495] 10.0.0.225 () {32 vars in 720 bytes} [Fri Apr 17 12:07:53 2026] DELETE /v2.0/ports/0f1bb2dd-700e-44cc-852f-a754c150bec7 => generated 0 bytes in 235 msecs (HTTP/1.1 204) 3 headers in 131 bytes (1 switches on core 0) [pid: 7|app: 0|req: 235/496] 199.204.45.222 () {36 vars in 997 bytes} [Fri Apr 17 12:07:53 2026] DELETE /v2.0/ports/5148a2a0-5323-426a-9892-7d0548621d0e => generated 0 bytes in 496 msecs (HTTP/1.1 204) 3 headers in 131 bytes (1 switches on core 0)
2026-04-17 12:07:53.615 8 INFO neutron.pecan_wsgi.hooks.translation [None req-ce04c833-d0f7-46e3-b06a-f5eb07d51b04 426763c067da43f882b53e77bdb2896c 53f0c4bbf3d64781bfe9fd8ecf5d6fe1 - - default default] DELETE failed (client error): The resource could not be found. [pid: 8|app: 0|req: 262/497] 10.0.0.225 () {32 vars in 726 bytes} [Fri Apr 17 12:07:53 2026] DELETE /v2.0/networks/246ba972-2eea-4316-a08e-d1cd20affc60 => generated 138 bytes in 22 msecs (HTTP/1.1 404) 4 headers in 164 bytes (1 switches on core 0)
2026-04-17 12:07:53.635 7 INFO neutron.notifiers.nova [-] Nova event matching ['req-78a7db76-b487-467f-9e73-210a12783f6e'] response: {'server_uuid': 'b1c10448-c5f3-4753-9913-5430190efb3b', 'name': 'network-vif-deleted', 'tag': '5148a2a0-5323-426a-9892-7d0548621d0e', 'status': 'completed', 'code': 200} /var/lib/openstack/lib/python3.12/site-packages/pycadf/identifier.py:70: UserWarning: Invalid uuid: neutron. To ensure interoperability, identifiers should be a valid uuid. warnings.warn(('Invalid uuid: %s. To ensure interoperability, ' [pid: 7|app: 0|req: 236/498] 10.0.0.241 () {34 vars in 990 bytes} [Fri Apr 17 12:07:53 2026] GET /v2.0/ports?device_id=b1ca367a-4ec0-4995-a060-e3373cf9cf42 => generated 1209 bytes in 113 msecs (HTTP/1.1 200) 4 headers in 158 bytes (1 switches on core 0) [pid: 7|app: 0|req: 237/499] 10.0.0.225 () {32 vars in 694 bytes} [Fri Apr 17 12:07:53 2026] GET /v2.0/networks?router%3Aexternal=True => generated 689 bytes in 46 msecs (HTTP/1.1 200) 4 headers in 157 bytes (1 switches on core 0)
2026-04-17 12:07:53.762 8 INFO neutron_taas.services.taas.taas_plugin [None req-d923b421-1ae9-4f74-8ee1-d44cfe1198c0 81d75cbcdb5e4652a9f9e9f70308605d 8bd7155f7e674e9cb846e1527e045b81 - - default default] TaaS: Handle Delete Port: 8607f851-1979-4f61-92e3-5f1bfa68c1fe
2026-04-17 12:07:53.765 8 INFO neutron_taas.services.taas.tap_mirror_plugin [None req-d923b421-1ae9-4f74-8ee1-d44cfe1198c0 81d75cbcdb5e4652a9f9e9f70308605d 8bd7155f7e674e9cb846e1527e045b81 - - default default] Tap Mirror: Handle Delete Port: 8607f851-1979-4f61-92e3-5f1bfa68c1fe [pid: 7|app: 0|req: 238/500] 10.0.0.241 () {34 vars in 1040 bytes} [Fri Apr 17 12:07:53 2026] GET /v2.0/security-groups?id=8e405336-3c01-4a3f-8103-c5abb27b616a&fields=id&fields=name => generated 114 bytes in 28 msecs (HTTP/1.1 200) 4 headers in 157 bytes (1 switches on core 0) [pid: 7|app: 0|req: 239/501] 10.0.0.225 () {32 vars in 742 bytes} [Fri Apr 17 12:07:53 2026] GET /v2.0/subnets?network_id=aa3b6583-55da-4ee9-b73d-c9717f9c1b02 => generated 649 bytes in 41 msecs (HTTP/1.1 200) 4 headers in 157 bytes (1 switches on core 0) [pid: 7|app: 0|req: 240/502] 10.0.0.225 () {32 vars in 653 bytes} [Fri Apr 17 12:07:53 2026] GET /v2.0/extensions => generated 20541 bytes in 12 msecs (HTTP/1.1 200) 4 headers in 159 bytes (1 switches on core 0) [pid: 8|app: 0|req: 263/503] 10.0.0.225 () {32 vars in 720 bytes} [Fri Apr 17 12:07:53 2026] DELETE /v2.0/ports/8607f851-1979-4f61-92e3-5f1bfa68c1fe => generated 0 bytes in 267 msecs (HTTP/1.1 204) 3 headers in 131 bytes (1 switches on core 0) [pid: 7|app: 0|req: 241/504] 10.0.0.225 () {32 vars in 649 bytes} [Fri Apr 17 12:07:53 2026] GET /v2.0/networks => generated 1384 bytes in 64 msecs (HTTP/1.1 200) 4 headers in 158 bytes (1 switches on core 0) [pid: 8|app: 0|req: 264/505] 10.0.0.225 () {32 vars in 643 bytes} [Fri Apr 17 12:07:53 2026] GET /v2.0/ports => generated 1523 bytes in 54 msecs (HTTP/1.1 200) 4 headers in 158 bytes (1 switches on core 0) [pid: 7|app: 0|req: 242/506] 10.0.0.225 () {32 vars in 647 bytes} [Fri Apr 17 12:07:53 2026] GET /v2.0/subnets => generated 1280 bytes in 27 msecs (HTTP/1.1 200) 4 headers in 158 bytes (1 switches on core 0) [pid: 8|app: 0|req: 265/507] 10.0.0.14 () {34 vars in 989 bytes} [Fri Apr 17 12:07:53 2026] GET /v2.0/ports?device_id=b1c10448-c5f3-4753-9913-5430190efb3b => generated 12 bytes in 33 msecs (HTTP/1.1 200) 4 headers in 156 bytes (1 switches on core 0)
2026-04-17 12:07:53.989 8 INFO neutron.notifiers.nova [-] Nova event matching ['req-dc8ff38e-0673-4802-a2e8-03b1617dfd5c'] response: {'server_uuid': 'b1c10448-c5f3-4753-9913-5430190efb3b', 'name': 'network-vif-unplugged', 'status': 'completed', 'tag': '5148a2a0-5323-426a-9892-7d0548621d0e', 'code': 200} [pid: 8|app: 0|req: 266/508] 10.0.0.225 () {32 vars in 723 bytes} [Fri Apr 17 12:07:53 2026] GET /v2.0/networks/8cfca5bf-77cd-43c8-a512-35afcf753a39 => generated 706 bytes in 39 msecs (HTTP/1.1 200) 4 headers in 157 bytes (1 switches on core 0)
2026-04-17 12:07:54.043 7 INFO neutron.db.segments_db [None req-26f774f6-e3be-4c4b-a3c9-dbb31b41e5bc 81d75cbcdb5e4652a9f9e9f70308605d 8bd7155f7e674e9cb846e1527e045b81 - - default default] Added segment c246c466-aa59-4fe1-97a7-301d380127d5 of type geneve for network b0236c9d-e22d-4879-a64b-06a919f6e017 [pid: 8|app: 0|req: 267/509] 10.0.0.225 () {32 vars in 721 bytes} [Fri Apr 17 12:07:54 2026] GET /v2.0/subnets/9a8b2348-fdf8-45bc-bbce-dd26ac3fc423 => generated 641 bytes in 25 msecs (HTTP/1.1 200) 4 headers in 157 bytes (1 switches on core 0)
2026-04-17 12:07:54.068 8 INFO neutron.pecan_wsgi.hooks.translation [None req-a26674bc-a7ba-43a1-b061-a8c2b8bd98ea 426763c067da43f882b53e77bdb2896c 53f0c4bbf3d64781bfe9fd8ecf5d6fe1 - - default default] DELETE failed (client error): The resource could not be found. [pid: 8|app: 0|req: 268/510] 10.0.0.225 () {32 vars in 724 bytes} [Fri Apr 17 12:07:54 2026] DELETE /v2.0/subnets/0a7503ac-46e8-4da8-aa5e-0a248e5298fc => generated 136 bytes in 15 msecs (HTTP/1.1 404) 4 headers in 164 bytes (1 switches on core 0)
2026-04-17 12:07:54.088 8 INFO neutron.pecan_wsgi.hooks.translation [None req-57ca3241-c848-43b6-9813-bb78f178d214 426763c067da43f882b53e77bdb2896c 53f0c4bbf3d64781bfe9fd8ecf5d6fe1 - - default default] DELETE failed (client error): The resource could not be found. [pid: 8|app: 0|req: 269/511] 10.0.0.225 () {32 vars in 726 bytes} [Fri Apr 17 12:07:54 2026] DELETE /v2.0/networks/246ba972-2eea-4316-a08e-d1cd20affc60 => generated 138 bytes in 18 msecs (HTTP/1.1 404) 4 headers in 164 bytes (1 switches on core 0)
2026-04-17 12:07:54.161 7 INFO neutron.db.ovn_revision_numbers_db [None req-26f774f6-e3be-4c4b-a3c9-dbb31b41e5bc 81d75cbcdb5e4652a9f9e9f70308605d 8bd7155f7e674e9cb846e1527e045b81 - - default default] Successfully bumped revision number for resource b0236c9d-e22d-4879-a64b-06a919f6e017 (type: networks) to 1 [pid: 8|app: 0|req: 270/512] 10.0.0.225 () {32 vars in 724 bytes} [Fri Apr 17 12:07:54 2026] DELETE /v2.0/subnets/9a8b2348-fdf8-45bc-bbce-dd26ac3fc423 => generated 0 bytes in 174 msecs (HTTP/1.1 204) 3 headers in 131 bytes (1 switches on core 0)
2026-04-17 12:07:54.305 7 WARNING neutron.scheduler.dhcp_agent_scheduler [None req-26f774f6-e3be-4c4b-a3c9-dbb31b41e5bc 81d75cbcdb5e4652a9f9e9f70308605d 8bd7155f7e674e9cb846e1527e045b81 - - default default] No more DHCP agents
2026-04-17 12:07:54.306 7 WARNING neutron.api.rpc.agentnotifiers.dhcp_rpc_agent_api [None req-26f774f6-e3be-4c4b-a3c9-dbb31b41e5bc 81d75cbcdb5e4652a9f9e9f70308605d 8bd7155f7e674e9cb846e1527e045b81 - - default default] Unable to schedule network b0236c9d-e22d-4879-a64b-06a919f6e017: no agents available; will retry on subsequent port and subnet creation events.
2026-04-17 12:07:54.358 8 INFO neutron.plugins.ml2.drivers.ovn.mech_driver.mech_driver [None req-0e64ffea-1aab-4486-b6b7-3699d82e751b - - - - - -] OVN reports status down for port: c54593f1-a4fa-43f6-970f-224ebfcc3880
2026-04-17 12:07:54.380 7 INFO neutron.db.ovn_revision_numbers_db [None req-26f774f6-e3be-4c4b-a3c9-dbb31b41e5bc 81d75cbcdb5e4652a9f9e9f70308605d 8bd7155f7e674e9cb846e1527e045b81 - - default default] Successfully bumped revision number for resource c54593f1-a4fa-43f6-970f-224ebfcc3880 (type: ports) to 1 [pid: 7|app: 0|req: 243/513] 10.0.0.225 () {34 vars in 670 bytes} [Fri Apr 17 12:07:53 2026] POST /v2.0/networks => generated 669 bytes in 453 msecs (HTTP/1.1 201) 4 headers in 162 bytes (1 switches on core 0)
2026-04-17 12:07:54.461 8 INFO neutron_taas.services.taas.taas_plugin [None req-bdd40bb8-a795-404e-99d5-7b7ed75393d9 426763c067da43f882b53e77bdb2896c 53f0c4bbf3d64781bfe9fd8ecf5d6fe1 - - default default] TaaS: Handle Delete Port: 237229dc-6c5a-4ea8-ab3a-afa55e3c1716
2026-04-17 12:07:54.467 8 INFO neutron_taas.services.taas.tap_mirror_plugin [None req-bdd40bb8-a795-404e-99d5-7b7ed75393d9 426763c067da43f882b53e77bdb2896c 53f0c4bbf3d64781bfe9fd8ecf5d6fe1 - - default default] Tap Mirror: Handle Delete Port: 237229dc-6c5a-4ea8-ab3a-afa55e3c1716
2026-04-17 12:07:54.470 7 INFO neutron.db.segments_db [None req-83a24ca8-a6c6-4f8a-95a3-b6a1db365c1e 81d75cbcdb5e4652a9f9e9f70308605d 8bd7155f7e674e9cb846e1527e045b81 - - default default] Added segment 9881d2b5-40ab-44a3-ba1e-50e22d063a88 of type geneve for network 49b19a19-144e-401a-b8cf-ad89fe85ccbb
2026-04-17 12:07:54.554 7 INFO neutron.db.ovn_revision_numbers_db [None req-83a24ca8-a6c6-4f8a-95a3-b6a1db365c1e 81d75cbcdb5e4652a9f9e9f70308605d 8bd7155f7e674e9cb846e1527e045b81 - - default default] Successfully bumped revision number for resource 49b19a19-144e-401a-b8cf-ad89fe85ccbb (type: networks) to 1 [pid: 8|app: 0|req: 271/514] 10.0.0.225 () {32 vars in 726 bytes} [Fri Apr 17 12:07:54 2026] DELETE /v2.0/networks/8cfca5bf-77cd-43c8-a512-35afcf753a39 => generated 0 bytes in 392 msecs (HTTP/1.1 204) 3 headers in 131 bytes (1 switches on core 0)
2026-04-17 12:07:54.690 7 WARNING neutron.scheduler.dhcp_agent_scheduler [None req-83a24ca8-a6c6-4f8a-95a3-b6a1db365c1e 81d75cbcdb5e4652a9f9e9f70308605d 8bd7155f7e674e9cb846e1527e045b81 - - default default] No more DHCP agents
2026-04-17 12:07:54.692 7 WARNING neutron.api.rpc.agentnotifiers.dhcp_rpc_agent_api [None req-83a24ca8-a6c6-4f8a-95a3-b6a1db365c1e 81d75cbcdb5e4652a9f9e9f70308605d 8bd7155f7e674e9cb846e1527e045b81 - - default default] Unable to schedule network 49b19a19-144e-401a-b8cf-ad89fe85ccbb: no agents available; will retry on subsequent port and subnet creation events.
2026-04-17 12:07:54.746 7 INFO neutron.plugins.ml2.drivers.ovn.mech_driver.mech_driver [None req-b960cf2e-2225-4ca3-9bb4-5a95561a62ad - - - - - -] OVN reports status down for port: 989dc32f-6053-4705-b3f7-dfc2a5075b05
2026-04-17 12:07:54.798 7 INFO neutron.db.ovn_revision_numbers_db [None req-83a24ca8-a6c6-4f8a-95a3-b6a1db365c1e 81d75cbcdb5e4652a9f9e9f70308605d 8bd7155f7e674e9cb846e1527e045b81 - - default default] Successfully bumped revision number for resource 989dc32f-6053-4705-b3f7-dfc2a5075b05 (type: ports) to 1 [pid: 7|app: 0|req: 244/515] 10.0.0.225 () {34 vars in 670 bytes} [Fri Apr 17 12:07:54 2026] POST /v2.0/networks => generated 669 bytes in 432 msecs (HTTP/1.1 201) 4 headers in 162 bytes (1 switches on core 0) [pid: 7|app: 0|req: 245/516] 10.0.0.14 () {34 vars in 989 bytes} [Fri Apr 17 12:07:55 2026] GET /v2.0/ports?device_id=b1c10448-c5f3-4753-9913-5430190efb3b => generated 12 bytes in 19 msecs (HTTP/1.1 200) 4 headers in 156 bytes (1 switches on core 0)
2026-04-17 12:07:55.171 8 WARNING neutron.scheduler.dhcp_agent_scheduler [None req-8473b703-7ff1-40ab-ba06-5594092df080 81d75cbcdb5e4652a9f9e9f70308605d 8bd7155f7e674e9cb846e1527e045b81 - - default default] No more DHCP agents
2026-04-17 12:07:55.172 8 WARNING neutron.api.rpc.agentnotifiers.dhcp_rpc_agent_api [None req-8473b703-7ff1-40ab-ba06-5594092df080 81d75cbcdb5e4652a9f9e9f70308605d 8bd7155f7e674e9cb846e1527e045b81 - - default default] Unable to schedule network b0236c9d-e22d-4879-a64b-06a919f6e017: no agents available; will retry on subsequent port and subnet creation events. [pid: 7|app: 0|req: 246/517] 10.0.0.225 () {32 vars in 774 bytes} [Fri Apr 17 12:07:55 2026] GET /v2.0/security-groups?tenant_id=53f0c4bbf3d64781bfe9fd8ecf5d6fe1&name=default => generated 2925 bytes in 101 msecs (HTTP/1.1 200) 4 headers in 158 bytes (1 switches on core 0)
2026-04-17 12:07:55.361 8 INFO neutron.services.segments.plugin [-] Segment bdf2d5b8-24ba-423e-a1b9-68a7050459f5 resource provider aggregate not found
2026-04-17 12:07:55.362 8 INFO neutron.services.segments.plugin [-] Segment bdf2d5b8-24ba-423e-a1b9-68a7050459f5 resource provider aggregate not found
2026-04-17 12:07:55.381 8 INFO neutron.services.segments.plugin [-] Segment bdf2d5b8-24ba-423e-a1b9-68a7050459f5 resource provider not found; error: Placement Client Error (4xx): {"errors": [{"status": 404, "title": "Not Found", "detail": "The resource could not be found.\n\n No resource provider with uuid bdf2d5b8-24ba-423e-a1b9-68a7050459f5 found for delete ", "request_id": "req-24b881d0-68f4-48b5-908b-e10595237e34"}]}
2026-04-17 12:07:55.388 8 INFO neutron.services.segments.plugin [-] Segment bdf2d5b8-24ba-423e-a1b9-68a7050459f5 resource provider not found; error: Placement Client Error (4xx): {"errors": [{"status": 404, "title": "Not Found", "detail": "The resource could not be found.\n\n No resource provider with uuid bdf2d5b8-24ba-423e-a1b9-68a7050459f5 found for delete ", "request_id": "req-cbf50f5a-d2f9-47dd-9aa6-42153c1c347a"}]} [pid: 7|app: 0|req: 247/518] 10.0.0.225 () {32 vars in 740 bytes} [Fri Apr 17 12:07:55 2026] DELETE /v2.0/security-groups/dc17976e-6b8a-4011-bb6d-2d4f1b081673 => generated 0 bytes in 218 msecs (HTTP/1.1 204) 2 headers in 112 bytes (1 switches on core 0)
2026-04-17 12:07:55.631 8 INFO neutron.db.ovn_revision_numbers_db [None req-aa6120f6-69e2-4a1f-8478-62d7a114a397 - - - - - -] Successfully bumped revision number for resource c54593f1-a4fa-43f6-970f-224ebfcc3880 (type: ports) to 2
2026-04-17 12:07:55.666 8 INFO neutron.db.ovn_revision_numbers_db [None req-aa6120f6-69e2-4a1f-8478-62d7a114a397 - - - - - -] Successfully bumped revision number for resource 4ef7278e-ee90-460a-b7d3-b032f25f2bd5 (type: subnets) to 0
2026-04-17 12:07:55.732 8 WARNING neutron.scheduler.dhcp_agent_scheduler [None req-8473b703-7ff1-40ab-ba06-5594092df080 81d75cbcdb5e4652a9f9e9f70308605d 8bd7155f7e674e9cb846e1527e045b81 - - default default] No more DHCP agents
2026-04-17 12:07:55.733 8 WARNING neutron.api.rpc.agentnotifiers.dhcp_rpc_agent_api [None req-8473b703-7ff1-40ab-ba06-5594092df080 81d75cbcdb5e4652a9f9e9f70308605d 8bd7155f7e674e9cb846e1527e045b81 - - default default] Unable to schedule network 49b19a19-144e-401a-b8cf-ad89fe85ccbb: no agents available; will retry on subsequent port and subnet creation events.
2026-04-17 12:07:56.129 8 INFO neutron.db.ovn_revision_numbers_db [None req-51b19b98-fb23-48b2-9822-362edd05f4ec - - - - - -] Successfully bumped revision number for resource 989dc32f-6053-4705-b3f7-dfc2a5075b05 (type: ports) to 2
2026-04-17 12:07:56.165 8 INFO neutron.db.ovn_revision_numbers_db [None req-51b19b98-fb23-48b2-9822-362edd05f4ec - - - - - -] Successfully bumped revision number for resource ca8216ad-c0d4-4a4c-8ca6-953b5e786d28 (type: subnets) to 0 [pid: 8|app: 0|req: 272/519] 10.0.0.225 () {34 vars in 669 bytes} [Fri Apr 17 12:07:54 2026] POST /v2.0/subnets => generated 1273 bytes in 1308 msecs (HTTP/1.1 201) 4 headers in 163 bytes (1 switches on core 0) [pid: 7|app: 0|req: 248/520] 10.0.0.14 () {34 vars in 989 bytes} [Fri Apr 17 12:07:56 2026] GET /v2.0/ports?device_id=b1c10448-c5f3-4753-9913-5430190efb3b => generated 12 bytes in 19 msecs (HTTP/1.1 200) 4 headers in 156 bytes (1 switches on core 0) [pid: 8|app: 0|req: 273/521] 10.0.0.225 () {32 vars in 647 bytes} [Fri Apr 17 12:07:56 2026] GET /v2.0/subnets => generated 1909 bytes in 33 msecs (HTTP/1.1 200) 4 headers in 158 bytes (1 switches on core 0) [pid: 7|app: 0|req: 249/522] 10.0.0.225 () {32 vars in 724 bytes} [Fri Apr 17 12:07:56 2026] DELETE /v2.0/subnets/4ef7278e-ee90-460a-b7d3-b032f25f2bd5 => generated 0 bytes in 176 msecs (HTTP/1.1 204) 3 headers in 131 bytes (1 switches on core 0) [pid: 8|app: 0|req: 274/523] 10.0.0.225 () {32 vars in 724 bytes} [Fri Apr 17 12:07:56 2026] DELETE /v2.0/subnets/ca8216ad-c0d4-4a4c-8ca6-953b5e786d28 => generated 0 bytes in 157 msecs (HTTP/1.1 204) 3 headers in 131 bytes (1 switches on core 0) [pid: 7|app: 0|req: 250/524] 10.0.0.225 () {32 vars in 647 bytes} [Fri Apr 17 12:07:56 2026] GET /v2.0/subnets => generated 649 bytes in 38 msecs (HTTP/1.1 200) 4 headers in 157 bytes (1 switches on core 0)
2026-04-17 12:07:56.730 8 INFO neutron_taas.services.taas.taas_plugin [None req-3c667278-7cc2-4f44-b878-b70c7ab0b3a5 81d75cbcdb5e4652a9f9e9f70308605d 8bd7155f7e674e9cb846e1527e045b81 - - default default] TaaS: Handle Delete Port: 989dc32f-6053-4705-b3f7-dfc2a5075b05
2026-04-17 12:07:56.732 8 INFO neutron_taas.services.taas.tap_mirror_plugin [None req-3c667278-7cc2-4f44-b878-b70c7ab0b3a5 81d75cbcdb5e4652a9f9e9f70308605d 8bd7155f7e674e9cb846e1527e045b81 - - default default] Tap Mirror: Handle Delete Port: 989dc32f-6053-4705-b3f7-dfc2a5075b05 [pid: 8|app: 0|req: 275/525] 10.0.0.225 () {32 vars in 726 bytes} [Fri Apr 17 12:07:56 2026] DELETE /v2.0/networks/49b19a19-144e-401a-b8cf-ad89fe85ccbb => generated 0 bytes in 305 msecs (HTTP/1.1 204) 3 headers in 131 bytes (1 switches on core 0)
2026-04-17 12:07:57.021 7 INFO neutron_taas.services.taas.taas_plugin [None req-c69bdea7-42d4-480d-b9b8-0237dbd0b1a7 81d75cbcdb5e4652a9f9e9f70308605d 8bd7155f7e674e9cb846e1527e045b81 - - default default] TaaS: Handle Delete Port: c54593f1-a4fa-43f6-970f-224ebfcc3880
