2026-04-17 12:11:08.203 7 INFO neutron.db.ovn_revision_numbers_db [None req-b6421ae6-fee3-48c5-97a5-803dc25ac2b3 c57585c60bb0452b8fd111e09b870781 67affd8763f64ea1823846d167f7a80c - - default default] Successfully bumped revision number for resource 2c4e9f7e-ffee-49c8-b3e6-2b5320f23d69 (type: security_group_rules) to 0
2026-04-17 12:11:08.218 7 INFO neutron.db.ovn_revision_numbers_db [None req-b6421ae6-fee3-48c5-97a5-803dc25ac2b3 c57585c60bb0452b8fd111e09b870781 67affd8763f64ea1823846d167f7a80c - - default default] Successfully bumped revision number for resource 924bbbc9-3592-4061-bf17-b00a42a01a30 (type: security_group_rules) to 0
2026-04-17 12:11:08.228 7 INFO neutron.db.ovn_revision_numbers_db [None req-b6421ae6-fee3-48c5-97a5-803dc25ac2b3 c57585c60bb0452b8fd111e09b870781 67affd8763f64ea1823846d167f7a80c - - default default] Successfully bumped revision number for resource a2ace952-69e8-4706-aa90-a2c70303b5b9 (type: security_group_rules) to 0
2026-04-17 12:11:08.238 7 INFO neutron.db.ovn_revision_numbers_db [None req-b6421ae6-fee3-48c5-97a5-803dc25ac2b3 c57585c60bb0452b8fd111e09b870781 67affd8763f64ea1823846d167f7a80c - - default default] Successfully bumped revision number for resource bc7c8efe-8f73-460a-b6cf-7c4608a18b6e (type: security_group_rules) to 0 [pid: 7|app: 0|req: 933/1931] 10.0.0.225 () {32 vars in 774 bytes} [Fri Apr 17 12:11:08 2026] GET /v2.0/security-groups?tenant_id=9bea33bc86f445f18791877164b02327&name=default => generated 2925 bytes in 207 msecs (HTTP/1.1 200) 4 headers in 158 bytes (1 switches on core 0) [pid: 8|app: 0|req: 999/1932] 10.0.0.225 () {32 vars in 740 bytes} [Fri Apr 17 12:11:08 2026] DELETE /v2.0/security-groups/93705a9d-4a5a-4826-bda6-12c10c0b3375 => generated 0 bytes in 184 msecs (HTTP/1.1 204) 2 headers in 112 bytes (1 switches on core 0)
2026-04-17 12:11:10.182 7 INFO neutron.db.ovn_revision_numbers_db [None req-97762cfc-9b0d-42fc-abe0-be6a0666b07a c57585c60bb0452b8fd111e09b870781 67affd8763f64ea1823846d167f7a80c - - default default] Successfully bumped revision number for resource 63c7410c-b2fe-482a-91cd-e8aedb89abe0 (type: security_groups) to 1
2026-04-17 12:11:10.195 7 INFO neutron.db.ovn_revision_numbers_db [None req-97762cfc-9b0d-42fc-abe0-be6a0666b07a c57585c60bb0452b8fd111e09b870781 67affd8763f64ea1823846d167f7a80c - - default default] Successfully bumped revision number for resource 12003da0-fa1a-4df5-817d-ed4c227971a4 (type: security_group_rules) to 0
2026-04-17 12:11:10.206 7 INFO neutron.db.ovn_revision_numbers_db [None req-97762cfc-9b0d-42fc-abe0-be6a0666b07a c57585c60bb0452b8fd111e09b870781 67affd8763f64ea1823846d167f7a80c - - default default] Successfully bumped revision number for resource 6978c8d2-e49b-4380-9c3c-12bf99a5ebc9 (type: security_group_rules) to 0
2026-04-17 12:11:10.220 7 INFO neutron.db.ovn_revision_numbers_db [None req-97762cfc-9b0d-42fc-abe0-be6a0666b07a c57585c60bb0452b8fd111e09b870781 67affd8763f64ea1823846d167f7a80c - - default default] Successfully bumped revision number for resource de042417-c6ee-4e49-82c2-6cc7e2ada2c0 (type: security_group_rules) to 0
2026-04-17 12:11:10.232 7 INFO neutron.db.ovn_revision_numbers_db [None req-97762cfc-9b0d-42fc-abe0-be6a0666b07a c57585c60bb0452b8fd111e09b870781 67affd8763f64ea1823846d167f7a80c - - default default] Successfully bumped revision number for resource fdae98f7-86cf-48a4-adfd-83f4a67e7409 (type: security_group_rules) to 0 [pid: 7|app: 0|req: 934/1933] 10.0.0.225 () {32 vars in 774 bytes} [Fri Apr 17 12:11:09 2026] GET /v2.0/security-groups?tenant_id=7370fb2f0dce4017b432c243b0953275&name=default => generated 2925 bytes in 287 msecs (HTTP/1.1 200) 4 headers in 158 bytes (1 switches on core 0) [pid: 8|app: 0|req: 1000/1934] 10.0.0.225 () {32 vars in 740 bytes} [Fri Apr 17 12:11:10 2026] DELETE /v2.0/security-groups/63c7410c-b2fe-482a-91cd-e8aedb89abe0 => generated 0 bytes in 206 msecs (HTTP/1.1 204) 2 headers in 112 bytes (1 switches on core 0)
2026-04-17 12:11:11.432 7 INFO neutron.db.ovn_revision_numbers_db [None req-255793f4-d65f-447a-9c6c-33e64fdb3aa3 2be0e361a0354373926a35a0de229d5e e8ece024234a488390d1ceb7eb9a4ed0 - - default default] Successfully bumped revision number for resource a8e428e4-3a64-433f-900c-e66548e28e3f (type: security_groups) to 1
2026-04-17 12:11:11.447 7 INFO neutron.db.ovn_revision_numbers_db [None req-255793f4-d65f-447a-9c6c-33e64fdb3aa3 2be0e361a0354373926a35a0de229d5e e8ece024234a488390d1ceb7eb9a4ed0 - - default default] Successfully bumped revision number for resource 336f0209-277c-4b86-ac6e-ee69c482a4d5 (type: security_group_rules) to 0
2026-04-17 12:11:11.462 7 INFO neutron.db.ovn_revision_numbers_db [None req-255793f4-d65f-447a-9c6c-33e64fdb3aa3 2be0e361a0354373926a35a0de229d5e e8ece024234a488390d1ceb7eb9a4ed0 - - default default] Successfully bumped revision number for resource 745dfe5a-9aa7-402f-b686-68658943b71d (type: security_group_rules) to 0
2026-04-17 12:11:11.474 7 INFO neutron.db.ovn_revision_numbers_db [None req-255793f4-d65f-447a-9c6c-33e64fdb3aa3 2be0e361a0354373926a35a0de229d5e e8ece024234a488390d1ceb7eb9a4ed0 - - default default] Successfully bumped revision number for resource 7f755fd3-4724-4f38-a0a3-c889c0e38b1a (type: security_group_rules) to 0
2026-04-17 12:11:11.489 7 INFO neutron.db.ovn_revision_numbers_db [None req-255793f4-d65f-447a-9c6c-33e64fdb3aa3 2be0e361a0354373926a35a0de229d5e e8ece024234a488390d1ceb7eb9a4ed0 - - default default] Successfully bumped revision number for resource 8f642f97-a4cc-4444-a99e-8e571a42f516 (type: security_group_rules) to 0
2026-04-17 12:11:11.572 7 INFO neutron.db.segments_db [None req-255793f4-d65f-447a-9c6c-33e64fdb3aa3 2be0e361a0354373926a35a0de229d5e e8ece024234a488390d1ceb7eb9a4ed0 - - default default] Added segment e5bcda85-613b-4bc0-aebc-63c74aaaebcc of type geneve for network 38e75ee7-2df7-41e7-a457-3d29034682cf
2026-04-17 12:11:11.585 8 INFO neutron.db.ovn_revision_numbers_db [None req-9012abee-d6db-41e7-9c8b-d407647b7020 c57585c60bb0452b8fd111e09b870781 67affd8763f64ea1823846d167f7a80c - - default default] Successfully bumped revision number for resource 8f7b1f88-4496-4bc3-939d-853516eadf22 (type: security_groups) to 1
2026-04-17 12:11:11.596 8 INFO neutron.db.ovn_revision_numbers_db [None req-9012abee-d6db-41e7-9c8b-d407647b7020 c57585c60bb0452b8fd111e09b870781 67affd8763f64ea1823846d167f7a80c - - default default] Successfully bumped revision number for resource 157ff049-ed00-42ae-b2b0-df41f6f82532 (type: security_group_rules) to 0
2026-04-17 12:11:11.609 8 INFO neutron.db.ovn_revision_numbers_db [None req-9012abee-d6db-41e7-9c8b-d407647b7020 c57585c60bb0452b8fd111e09b870781 67affd8763f64ea1823846d167f7a80c - - default default] Successfully bumped revision number for resource 3c79572b-b82b-440e-87d9-91350bb8830d (type: security_group_rules) to 0
2026-04-17 12:11:11.622 8 INFO neutron.db.ovn_revision_numbers_db [None req-9012abee-d6db-41e7-9c8b-d407647b7020 c57585c60bb0452b8fd111e09b870781 67affd8763f64ea1823846d167f7a80c - - default default] Successfully bumped revision number for resource 88d4e50a-6509-47cf-9e31-3f2d13e4c85b (type: security_group_rules) to 0
2026-04-17 12:11:11.631 8 INFO neutron.db.ovn_revision_numbers_db [None req-9012abee-d6db-41e7-9c8b-d407647b7020 c57585c60bb0452b8fd111e09b870781 67affd8763f64ea1823846d167f7a80c - - default default] Successfully bumped revision number for resource b3cffa03-3e04-4804-adb9-34bbaaae05e0 (type: security_group_rules) to 0
2026-04-17 12:11:11.693 7 INFO neutron.db.ovn_revision_numbers_db [None req-255793f4-d65f-447a-9c6c-33e64fdb3aa3 2be0e361a0354373926a35a0de229d5e e8ece024234a488390d1ceb7eb9a4ed0 - - default default] Successfully bumped revision number for resource 38e75ee7-2df7-41e7-a457-3d29034682cf (type: networks) to 1 [pid: 8|app: 0|req: 1001/1935] 10.0.0.225 () {32 vars in 774 bytes} [Fri Apr 17 12:11:11 2026] GET /v2.0/security-groups?tenant_id=85c4484c465a4e8ea528f9a74f22eccc&name=default => generated 2925 bytes in 254 msecs (HTTP/1.1 200) 4 headers in 158 bytes (1 switches on core 0)
2026-04-17 12:11:11.881 7 WARNING neutron.scheduler.dhcp_agent_scheduler [None req-255793f4-d65f-447a-9c6c-33e64fdb3aa3 2be0e361a0354373926a35a0de229d5e e8ece024234a488390d1ceb7eb9a4ed0 - - default default] No more DHCP agents
2026-04-17 12:11:11.883 7 WARNING neutron.api.rpc.agentnotifiers.dhcp_rpc_agent_api [None req-255793f4-d65f-447a-9c6c-33e64fdb3aa3 2be0e361a0354373926a35a0de229d5e e8ece024234a488390d1ceb7eb9a4ed0 - - default default] Unable to schedule network 38e75ee7-2df7-41e7-a457-3d29034682cf: no agents available; will retry on subsequent port and subnet creation events.
2026-04-17 12:11:11.932 7 INFO neutron.plugins.ml2.drivers.ovn.mech_driver.mech_driver [None req-331b2be5-8345-4da8-85fa-b8043a1084ee - - - - - -] OVN reports status down for port: 22b0b3cf-6dc8-478b-b5e8-d6e3c8956adc
2026-04-17 12:11:12.006 7 INFO neutron.db.ovn_revision_numbers_db [None req-255793f4-d65f-447a-9c6c-33e64fdb3aa3 2be0e361a0354373926a35a0de229d5e e8ece024234a488390d1ceb7eb9a4ed0 - - default default] Successfully bumped revision number for resource 22b0b3cf-6dc8-478b-b5e8-d6e3c8956adc (type: ports) to 1 [pid: 8|app: 0|req: 1002/1936] 10.0.0.225 () {32 vars in 740 bytes} [Fri Apr 17 12:11:11 2026] DELETE /v2.0/security-groups/8f7b1f88-4496-4bc3-939d-853516eadf22 => generated 0 bytes in 300 msecs (HTTP/1.1 204) 2 headers in 112 bytes (1 switches on core 0) [pid: 7|app: 0|req: 935/1937] 10.0.0.225 () {34 vars in 670 bytes} [Fri Apr 17 12:11:11 2026] POST /v2.0/networks => generated 646 bytes in 904 msecs (HTTP/1.1 201) 4 headers in 162 bytes (1 switches on core 0)
2026-04-17 12:11:12.289 8 WARNING neutron.scheduler.dhcp_agent_scheduler [None req-1e076963-3db7-4de9-9bb4-da2058fd3d34 2be0e361a0354373926a35a0de229d5e e8ece024234a488390d1ceb7eb9a4ed0 - - default default] No more DHCP agents
2026-04-17 12:11:12.291 8 WARNING neutron.api.rpc.agentnotifiers.dhcp_rpc_agent_api [None req-1e076963-3db7-4de9-9bb4-da2058fd3d34 2be0e361a0354373926a35a0de229d5e e8ece024234a488390d1ceb7eb9a4ed0 - - default default] Unable to schedule network 38e75ee7-2df7-41e7-a457-3d29034682cf: no agents available; will retry on subsequent port and subnet creation events.
2026-04-17 12:11:12.711 8 INFO neutron.db.ovn_revision_numbers_db [None req-24863961-7488-4d79-b73f-54932be5256e - - - - - -] Successfully bumped revision number for resource 22b0b3cf-6dc8-478b-b5e8-d6e3c8956adc (type: ports) to 2
2026-04-17 12:11:12.748 8 INFO neutron.db.ovn_revision_numbers_db [None req-24863961-7488-4d79-b73f-54932be5256e - - - - - -] Successfully bumped revision number for resource c9706052-d1cc-4d59-abc0-24b3c6041f4c (type: subnets) to 0 [pid: 8|app: 0|req: 1003/1938] 10.0.0.225 () {34 vars in 669 bytes} [Fri Apr 17 12:11:12 2026] POST /v2.0/subnets => generated 626 bytes in 693 msecs (HTTP/1.1 201) 4 headers in 162 bytes (1 switches on core 0)
2026-04-17 12:11:13.194 7 WARNING neutron.scheduler.dhcp_agent_scheduler [None req-90f43bef-8db1-498f-9394-3c8109e4744c 2be0e361a0354373926a35a0de229d5e e8ece024234a488390d1ceb7eb9a4ed0 - - default default] No more DHCP agents
2026-04-17 12:11:13.195 7 WARNING neutron.api.rpc.agentnotifiers.dhcp_rpc_agent_api [None req-90f43bef-8db1-498f-9394-3c8109e4744c 2be0e361a0354373926a35a0de229d5e e8ece024234a488390d1ceb7eb9a4ed0 - - default default] Unable to schedule network aa3b6583-55da-4ee9-b73d-c9717f9c1b02: no agents available; will retry on subsequent port and subnet creation events.
2026-04-17 12:11:13.290 8 INFO neutron.plugins.ml2.drivers.ovn.mech_driver.mech_driver [None req-7d1d9dc3-76b2-4c15-86e4-082f05395dbd - - - - - -] OVN reports status down for port: 3c8f2841-f5a0-4577-b9e6-7d99cc41d72f
2026-04-17 12:11:13.317 7 INFO neutron.db.ovn_revision_numbers_db [None req-90f43bef-8db1-498f-9394-3c8109e4744c 2be0e361a0354373926a35a0de229d5e e8ece024234a488390d1ceb7eb9a4ed0 - - default default] Successfully bumped revision number for resource 3c8f2841-f5a0-4577-b9e6-7d99cc41d72f (type: ports) to 1
2026-04-17 12:11:13.917 7 INFO neutron.plugins.ml2.drivers.ovn.mech_driver.ovsdb.commands [None req-2d0bdcf9-d7ed-42ba-a609-cf1cd71cd20f - - - - - -] Schedule LRP lrp-3c8f2841-f5a0-4577-b9e6-7d99cc41d72f on gateway 46708055-50be-4ad4-88c2-23887d8d1b0d with priority 1
2026-04-17 12:11:13.934 8 INFO neutron.plugins.ml2.drivers.ovn.mech_driver.mech_driver [None req-7d1d9dc3-76b2-4c15-86e4-082f05395dbd - - - - - -] OVN reports status up for port: 3c8f2841-f5a0-4577-b9e6-7d99cc41d72f
2026-04-17 12:11:13.949 7 INFO neutron.db.ovn_revision_numbers_db [None req-90f43bef-8db1-498f-9394-3c8109e4744c 2be0e361a0354373926a35a0de229d5e e8ece024234a488390d1ceb7eb9a4ed0 - - default default] Successfully bumped revision number for resource 3c8f2841-f5a0-4577-b9e6-7d99cc41d72f (type: router_ports) to 1
2026-04-17 12:11:13.954 8 INFO neutron.plugins.ml2.plugin [None req-7d1d9dc3-76b2-4c15-86e4-082f05395dbd - - - - - -] Attempt 1 to provision port 3c8f2841-f5a0-4577-b9e6-7d99cc41d72f
2026-04-17 12:11:13.996 7 INFO neutron.db.ovn_revision_numbers_db [None req-90f43bef-8db1-498f-9394-3c8109e4744c 2be0e361a0354373926a35a0de229d5e e8ece024234a488390d1ceb7eb9a4ed0 - - default default] Successfully bumped revision number for resource 4fa3ea0b-767c-4d70-873c-7e61ee2702c3 (type: routers) to 2 [pid: 7|app: 0|req: 936/1939] 10.0.0.225 () {34 vars in 669 bytes} [Fri Apr 17 12:11:12 2026] POST /v2.0/routers => generated 936 bytes in 1245 msecs (HTTP/1.1 201) 4 headers in 162 bytes (1 switches on core 0)
2026-04-17 12:11:14.412 8 WARNING neutron.scheduler.dhcp_agent_scheduler [None req-84f0b680-5525-4d04-ac0e-4c6cfc787b71 2be0e361a0354373926a35a0de229d5e e8ece024234a488390d1ceb7eb9a4ed0 - - default default] No more DHCP agents
2026-04-17 12:11:14.413 8 WARNING neutron.api.rpc.agentnotifiers.dhcp_rpc_agent_api [None req-84f0b680-5525-4d04-ac0e-4c6cfc787b71 2be0e361a0354373926a35a0de229d5e e8ece024234a488390d1ceb7eb9a4ed0 - - default default] Unable to schedule network 38e75ee7-2df7-41e7-a457-3d29034682cf: no agents available; will retry on subsequent port and subnet creation events.
2026-04-17 12:11:14.510 7 INFO neutron.plugins.ml2.drivers.ovn.mech_driver.mech_driver [None req-331b2be5-8345-4da8-85fa-b8043a1084ee - - - - - -] OVN reports status down for port: ad11b4b5-bb8b-4e4c-bd9b-7f501d1ee6c2
2026-04-17 12:11:14.533 8 INFO neutron.db.ovn_revision_numbers_db [None req-84f0b680-5525-4d04-ac0e-4c6cfc787b71 2be0e361a0354373926a35a0de229d5e e8ece024234a488390d1ceb7eb9a4ed0 - - default default] Successfully bumped revision number for resource ad11b4b5-bb8b-4e4c-bd9b-7f501d1ee6c2 (type: ports) to 1
2026-04-17 12:11:14.602 7 INFO neutron.db.ovn_revision_numbers_db [None req-322852cd-53a0-402a-9f71-327fa37ebfde c57585c60bb0452b8fd111e09b870781 67affd8763f64ea1823846d167f7a80c - - default default] Successfully bumped revision number for resource 1133d29f-0e56-4eaf-9f1c-7f70bc39deee (type: security_groups) to 1
2026-04-17 12:11:14.621 7 INFO neutron.db.ovn_revision_numbers_db [None req-322852cd-53a0-402a-9f71-327fa37ebfde c57585c60bb0452b8fd111e09b870781 67affd8763f64ea1823846d167f7a80c - - default default] Successfully bumped revision number for resource 05635f9c-084c-4118-be39-c9dbbfbbdb44 (type: security_group_rules) to 0
2026-04-17 12:11:14.632 7 INFO neutron.db.ovn_revision_numbers_db [None req-322852cd-53a0-402a-9f71-327fa37ebfde c57585c60bb0452b8fd111e09b870781 67affd8763f64ea1823846d167f7a80c - - default default] Successfully bumped revision number for resource 2d07ade3-2a40-46a3-bb5b-2e17e5a50c6e (type: security_group_rules) to 0
2026-04-17 12:11:14.643 7 INFO neutron.db.ovn_revision_numbers_db [None req-322852cd-53a0-402a-9f71-327fa37ebfde c57585c60bb0452b8fd111e09b870781 67affd8763f64ea1823846d167f7a80c - - default default] Successfully bumped revision number for resource 37d45b1f-4615-4f77-a212-94873e2a960b (type: security_group_rules) to 0
2026-04-17 12:11:14.657 7 INFO neutron.db.ovn_revision_numbers_db [None req-322852cd-53a0-402a-9f71-327fa37ebfde c57585c60bb0452b8fd111e09b870781 67affd8763f64ea1823846d167f7a80c - - default default] Successfully bumped revision number for resource cdc90003-efb9-4f34-a8c1-75ada23468fa (type: security_group_rules) to 0 [pid: 7|app: 0|req: 937/1940] 10.0.0.225 () {32 vars in 774 bytes} [Fri Apr 17 12:11:14 2026] GET /v2.0/security-groups?tenant_id=103180d4161f4b9eb4e337a740fc78fc&name=default => generated 2925 bytes in 422 msecs (HTTP/1.1 200) 4 headers in 158 bytes (1 switches on core 0) [pid: 7|app: 0|req: 938/1941] 10.0.0.225 () {32 vars in 740 bytes} [Fri Apr 17 12:11:14 2026] DELETE /v2.0/security-groups/1133d29f-0e56-4eaf-9f1c-7f70bc39deee => generated 0 bytes in 193 msecs (HTTP/1.1 204) 2 headers in 112 bytes (1 switches on core 0)
2026-04-17 12:11:15.034 7 INFO neutron.db.ovn_revision_numbers_db [None req-303d9924-c7c0-47bb-8636-4bd66f8c41b7 3658ad51922745beb1a01e6885620e31 b0864b60417e4f1096e742c636454aef - - default default] Successfully bumped revision number for resource f11e5dfe-ad7c-4a06-982a-549b1c9c9664 (type: security_groups) to 1
2026-04-17 12:11:15.045 7 INFO neutron.db.ovn_revision_numbers_db [None req-303d9924-c7c0-47bb-8636-4bd66f8c41b7 3658ad51922745beb1a01e6885620e31 b0864b60417e4f1096e742c636454aef - - default default] Successfully bumped revision number for resource 2a2fe7ec-d2e5-4912-91b6-6d46f7329522 (type: security_group_rules) to 0
2026-04-17 12:11:15.059 7 INFO neutron.db.ovn_revision_numbers_db [None req-303d9924-c7c0-47bb-8636-4bd66f8c41b7 3658ad51922745beb1a01e6885620e31 b0864b60417e4f1096e742c636454aef - - default default] Successfully bumped revision number for resource 7f8ac7ab-ade2-49f1-a72c-6a30ee729ecc (type: security_group_rules) to 0
2026-04-17 12:11:15.072 7 INFO neutron.db.ovn_revision_numbers_db [None req-303d9924-c7c0-47bb-8636-4bd66f8c41b7 3658ad51922745beb1a01e6885620e31 b0864b60417e4f1096e742c636454aef - - default default] Successfully bumped revision number for resource 8aace8ff-5392-439d-a461-4c9a67798a64 (type: security_group_rules) to 0
2026-04-17 12:11:15.089 7 INFO neutron.db.ovn_revision_numbers_db [None req-303d9924-c7c0-47bb-8636-4bd66f8c41b7 3658ad51922745beb1a01e6885620e31 b0864b60417e4f1096e742c636454aef - - default default] Successfully bumped revision number for resource d16b3dc0-db45-4108-8f3c-035aed315ef3 (type: security_group_rules) to 0
2026-04-17 12:11:15.157 7 INFO neutron.plugins.ml2.drivers.ovn.mech_driver.mech_driver [None req-331b2be5-8345-4da8-85fa-b8043a1084ee - - - - - -] OVN reports status up for port: ad11b4b5-bb8b-4e4c-bd9b-7f501d1ee6c2
2026-04-17 12:11:15.180 7 INFO neutron.db.segments_db [None req-303d9924-c7c0-47bb-8636-4bd66f8c41b7 3658ad51922745beb1a01e6885620e31 b0864b60417e4f1096e742c636454aef - - default default] Added segment de2f9823-f060-4ffc-bced-10ec87926e27 of type geneve for network d4226538-eb61-4a29-a2f3-50e53cc4ea95
2026-04-17 12:11:15.181 7 INFO neutron.plugins.ml2.plugin [None req-331b2be5-8345-4da8-85fa-b8043a1084ee - - - - - -] Attempt 1 to provision port ad11b4b5-bb8b-4e4c-bd9b-7f501d1ee6c2
2026-04-17 12:11:15.239 8 WARNING neutron.scheduler.dhcp_agent_scheduler [None req-84f0b680-5525-4d04-ac0e-4c6cfc787b71 2be0e361a0354373926a35a0de229d5e e8ece024234a488390d1ceb7eb9a4ed0 - - default default] No more DHCP agents
2026-04-17 12:11:15.241 8 WARNING neutron.api.rpc.agentnotifiers.dhcp_rpc_agent_api [None req-84f0b680-5525-4d04-ac0e-4c6cfc787b71 2be0e361a0354373926a35a0de229d5e e8ece024234a488390d1ceb7eb9a4ed0 - - default default] Unable to schedule network 38e75ee7-2df7-41e7-a457-3d29034682cf: no agents available; will retry on subsequent port and subnet creation events.
2026-04-17 12:11:15.374 7 INFO neutron.db.ovn_revision_numbers_db [None req-303d9924-c7c0-47bb-8636-4bd66f8c41b7 3658ad51922745beb1a01e6885620e31 b0864b60417e4f1096e742c636454aef - - default default] Successfully bumped revision number for resource d4226538-eb61-4a29-a2f3-50e53cc4ea95 (type: networks) to 1
2026-04-17 12:11:15.577 8 INFO neutron.db.ovn_revision_numbers_db [None req-84f0b680-5525-4d04-ac0e-4c6cfc787b71 2be0e361a0354373926a35a0de229d5e e8ece024234a488390d1ceb7eb9a4ed0 - - default default] Successfully bumped revision number for resource ad11b4b5-bb8b-4e4c-bd9b-7f501d1ee6c2 (type: router_ports) to 1 [pid: 8|app: 0|req: 1004/1942] 10.0.0.225 () {34 vars in 783 bytes} [Fri Apr 17 12:11:14 2026] PUT /v2.0/routers/4fa3ea0b-767c-4d70-873c-7e61ee2702c3/add_router_interface => generated 309 bytes in 1562 msecs (HTTP/1.1 200) 4 headers in 157 bytes (1 switches on core 0)
2026-04-17 12:11:15.765 7 WARNING neutron.scheduler.dhcp_agent_scheduler [None req-303d9924-c7c0-47bb-8636-4bd66f8c41b7 3658ad51922745beb1a01e6885620e31 b0864b60417e4f1096e742c636454aef - - default default] No more DHCP agents
2026-04-17 12:11:15.773 7 WARNING neutron.api.rpc.agentnotifiers.dhcp_rpc_agent_api [None req-303d9924-c7c0-47bb-8636-4bd66f8c41b7 3658ad51922745beb1a01e6885620e31 b0864b60417e4f1096e742c636454aef - - default default] Unable to schedule network d4226538-eb61-4a29-a2f3-50e53cc4ea95: no agents available; will retry on subsequent port and subnet creation events.
2026-04-17 12:11:15.897 7 INFO neutron.db.ovn_revision_numbers_db [None req-303d9924-c7c0-47bb-8636-4bd66f8c41b7 3658ad51922745beb1a01e6885620e31 b0864b60417e4f1096e742c636454aef - - default default] Successfully bumped revision number for resource 2f0c550e-1a4f-48b7-83ac-a1bac5842928 (type: ports) to 1 [pid: 7|app: 0|req: 939/1943] 10.0.0.225 () {34 vars in 670 bytes} [Fri Apr 17 12:11:14 2026] POST /v2.0/networks => generated 650 bytes in 1062 msecs (HTTP/1.1 201) 4 headers in 162 bytes (1 switches on core 0)
2026-04-17 12:11:16.065 7 INFO neutron.db.ovn_revision_numbers_db [None req-331b2be5-8345-4da8-85fa-b8043a1084ee - - - - - -] Successfully bumped revision number for resource ad11b4b5-bb8b-4e4c-bd9b-7f501d1ee6c2 (type: ports) to 2
2026-04-17 12:11:16.106 7 INFO neutron.db.segments_db [None req-072624d0-0198-4112-a16f-b53784cd3fcc 3658ad51922745beb1a01e6885620e31 b0864b60417e4f1096e742c636454aef - - default default] Added segment dbe7f61b-5e0d-4787-baa4-5baf1838abab of type geneve for network 7ee7e741-7055-4982-bce5-64f64e6aa9cf
2026-04-17 12:11:16.255 7 INFO neutron.db.ovn_revision_numbers_db [None req-072624d0-0198-4112-a16f-b53784cd3fcc 3658ad51922745beb1a01e6885620e31 b0864b60417e4f1096e742c636454aef - - default default] Successfully bumped revision number for resource 7ee7e741-7055-4982-bce5-64f64e6aa9cf (type: networks) to 1
2026-04-17 12:11:16.326 8 WARNING neutron.scheduler.dhcp_agent_scheduler [None req-c4837aa0-ca06-49ac-8ffa-dd761956b18d - - - - - -] No more DHCP agents
2026-04-17 12:11:16.327 8 WARNING neutron.api.rpc.agentnotifiers.dhcp_rpc_agent_api [None req-c4837aa0-ca06-49ac-8ffa-dd761956b18d - - - - - -] Unable to schedule network aa3b6583-55da-4ee9-b73d-c9717f9c1b02: no agents available; will retry on subsequent port and subnet creation events.
2026-04-17 12:11:16.435 7 WARNING neutron.scheduler.dhcp_agent_scheduler [None req-072624d0-0198-4112-a16f-b53784cd3fcc 3658ad51922745beb1a01e6885620e31 b0864b60417e4f1096e742c636454aef - - default default] No more DHCP agents
2026-04-17 12:11:16.437 7 WARNING neutron.api.rpc.agentnotifiers.dhcp_rpc_agent_api [None req-072624d0-0198-4112-a16f-b53784cd3fcc 3658ad51922745beb1a01e6885620e31 b0864b60417e4f1096e742c636454aef - - default default] Unable to schedule network 7ee7e741-7055-4982-bce5-64f64e6aa9cf: no agents available; will retry on subsequent port and subnet creation events.
2026-04-17 12:11:16.486 8 INFO neutron.db.ovn_revision_numbers_db [None req-c4837aa0-ca06-49ac-8ffa-dd761956b18d - - - - - -] Successfully bumped revision number for resource 198f7aee-9085-4981-a0aa-ddb7a6428b23 (type: ports) to 1
2026-04-17 12:11:16.543 7 INFO neutron.db.ovn_revision_numbers_db [None req-072624d0-0198-4112-a16f-b53784cd3fcc 3658ad51922745beb1a01e6885620e31 b0864b60417e4f1096e742c636454aef - - default default] Successfully bumped revision number for resource ca2902f9-2c6e-455c-a42a-75d9607238ec (type: ports) to 1 [pid: 7|app: 0|req: 942/1946] 10.0.0.225 () {34 vars in 670 bytes} [Fri Apr 17 12:11:15 2026] POST /v2.0/networks => generated 651 bytes in 597 msecs (HTTP/1.1 201) 4 headers in 162 bytes (1 switches on core 0)
2026-04-17 12:11:16.663 7 INFO neutron.db.segments_db [None req-bdbe759f-ed84-4643-9533-42305678e799 3658ad51922745beb1a01e6885620e31 b0864b60417e4f1096e742c636454aef - - default default] Added segment ef719387-70f2-4c41-9081-70c4ccd075f0 of type geneve for network 345c2221-1872-4bba-9071-63f69ec25442
2026-04-17 12:11:16.743 8 INFO neutron.db.ovn_revision_numbers_db [None req-c4837aa0-ca06-49ac-8ffa-dd761956b18d - - - - - -] Successfully bumped revision number for resource 198f7aee-9085-4981-a0aa-ddb7a6428b23 (type: ports) to 3
2026-04-17 12:11:16.792 7 INFO neutron.db.ovn_revision_numbers_db [None req-bdbe759f-ed84-4643-9533-42305678e799 3658ad51922745beb1a01e6885620e31 b0864b60417e4f1096e742c636454aef - - default default] Successfully bumped revision number for resource 345c2221-1872-4bba-9071-63f69ec25442 (type: networks) to 1
2026-04-17 12:11:16.813 8 INFO neutron.db.segments_db [None req-c4837aa0-ca06-49ac-8ffa-dd761956b18d - - - - - -] Added segment bb867c12-d0de-492f-9a56-4ba67029f935 of type geneve for network 6305bc96-b0c7-4a68-a4af-1b701f34efff
2026-04-17 12:11:16.956 8 INFO neutron.db.ovn_revision_numbers_db [None req-69461915-c186-4fd3-9cf3-c25f1487664e - - - - - -] Successfully bumped revision number for resource 6305bc96-b0c7-4a68-a4af-1b701f34efff (type: networks) to 1
2026-04-17 12:11:16.978 7 WARNING neutron.scheduler.dhcp_agent_scheduler [None req-bdbe759f-ed84-4643-9533-42305678e799 3658ad51922745beb1a01e6885620e31 b0864b60417e4f1096e742c636454aef - - default default] No more DHCP agents
2026-04-17 12:11:16.979 7 WARNING neutron.api.rpc.agentnotifiers.dhcp_rpc_agent_api [None req-bdbe759f-ed84-4643-9533-42305678e799 3658ad51922745beb1a01e6885620e31 b0864b60417e4f1096e742c636454aef - - default default] Unable to schedule network 345c2221-1872-4bba-9071-63f69ec25442: no agents available; will retry on subsequent port and subnet creation events.
2026-04-17 12:11:17.051 7 INFO neutron.db.ovn_revision_numbers_db [None req-bdbe759f-ed84-4643-9533-42305678e799 3658ad51922745beb1a01e6885620e31 b0864b60417e4f1096e742c636454aef - - default default] Successfully bumped revision number for resource 181e515d-b0ad-4e19-8c92-275cb2c79845 (type: ports) to 1 [pid: 7|app: 0|req: 943/1947] 10.0.0.225 () {34 vars in 670 bytes} [Fri Apr 17 12:11:16 2026] POST /v2.0/networks => generated 651 bytes in 515 msecs (HTTP/1.1 201) 4 headers in 162 bytes (1 switches on core 0)
2026-04-17 12:11:17.123 8 WARNING neutron.scheduler.dhcp_agent_scheduler [None req-69461915-c186-4fd3-9cf3-c25f1487664e - - - - - -] No more DHCP agents
2026-04-17 12:11:17.124 8 WARNING neutron.api.rpc.agentnotifiers.dhcp_rpc_agent_api [None req-69461915-c186-4fd3-9cf3-c25f1487664e - - - - - -] Unable to schedule network 6305bc96-b0c7-4a68-a4af-1b701f34efff: no agents available; will retry on subsequent port and subnet creation events.
2026-04-17 12:11:17.188 8 INFO neutron.db.ovn_revision_numbers_db [None req-69461915-c186-4fd3-9cf3-c25f1487664e - - - - - -] Successfully bumped revision number for resource 84582442-ee80-413b-a09a-c1bfd78429ce (type: ports) to 1
2026-04-17 12:11:17.192 7 INFO neutron.db.segments_db [None req-0c15ddb2-2649-40c2-8b3d-0b469fd80552 3658ad51922745beb1a01e6885620e31 b0864b60417e4f1096e742c636454aef - - default default] Added segment 5f199fdb-b006-4f91-acdc-81fbbe25f23c of type geneve for network 0a5c8e58-da6b-41e1-bc2e-438f1d1c8ce5
2026-04-17 12:11:17.308 7 INFO neutron.db.ovn_revision_numbers_db [None req-0c15ddb2-2649-40c2-8b3d-0b469fd80552 3658ad51922745beb1a01e6885620e31 b0864b60417e4f1096e742c636454aef - - default default] Successfully bumped revision number for resource 0a5c8e58-da6b-41e1-bc2e-438f1d1c8ce5 (type: networks) to 1
2026-04-17 12:11:17.314 8 WARNING neutron.scheduler.dhcp_agent_scheduler [None req-69461915-c186-4fd3-9cf3-c25f1487664e - - - - - -] No more DHCP agents
2026-04-17 12:11:17.315 8 WARNING neutron.api.rpc.agentnotifiers.dhcp_rpc_agent_api [None req-69461915-c186-4fd3-9cf3-c25f1487664e - - - - - -] Unable to schedule network 6305bc96-b0c7-4a68-a4af-1b701f34efff: no agents available; will retry on subsequent port and subnet creation events.
2026-04-17 12:11:17.337 8 INFO neutron.db.ovn_revision_numbers_db [None req-69461915-c186-4fd3-9cf3-c25f1487664e - - - - - -] Successfully bumped revision number for resource 4429057a-b9e7-4a52-934e-8831123f1096 (type: subnets) to 0
2026-04-17 12:11:17.461 7 WARNING neutron.scheduler.dhcp_agent_scheduler [None req-0c15ddb2-2649-40c2-8b3d-0b469fd80552 3658ad51922745beb1a01e6885620e31 b0864b60417e4f1096e742c636454aef - - default default] No more DHCP agents
2026-04-17 12:11:17.462 7 WARNING neutron.api.rpc.agentnotifiers.dhcp_rpc_agent_api [None req-0c15ddb2-2649-40c2-8b3d-0b469fd80552 3658ad51922745beb1a01e6885620e31 b0864b60417e4f1096e742c636454aef - - default default] Unable to schedule network 0a5c8e58-da6b-41e1-bc2e-438f1d1c8ce5: no agents available; will retry on subsequent port and subnet creation events.
2026-04-17 12:11:17.546 7 INFO neutron.db.ovn_revision_numbers_db [None req-0c15ddb2-2649-40c2-8b3d-0b469fd80552 3658ad51922745beb1a01e6885620e31 b0864b60417e4f1096e742c636454aef - - default default] Successfully bumped revision number for resource 42b7d855-57d4-45df-9218-0f52a73b5e1a (type: ports) to 1 [pid: 7|app: 0|req: 944/1948] 10.0.0.225 () {34 vars in 670 bytes} [Fri Apr 17 12:11:17 2026] POST /v2.0/networks => generated 651 bytes in 475 msecs (HTTP/1.1 201) 4 headers in 162 bytes (1 switches on core 0)
2026-04-17 12:11:17.680 8 WARNING neutron.scheduler.dhcp_agent_scheduler [None req-69461915-c186-4fd3-9cf3-c25f1487664e - - - - - -] No more DHCP agents
2026-04-17 12:11:17.683 8 WARNING neutron.api.rpc.agentnotifiers.dhcp_rpc_agent_api [None req-69461915-c186-4fd3-9cf3-c25f1487664e - - - - - -] Unable to schedule network 6305bc96-b0c7-4a68-a4af-1b701f34efff: no agents available; will retry on subsequent port and subnet creation events.
2026-04-17 12:11:17.825 8 INFO neutron.db.ovn_revision_numbers_db [None req-69461915-c186-4fd3-9cf3-c25f1487664e - - - - - -] Successfully bumped revision number for resource db59eed3-3efc-4812-8e88-93aaed9eb152 (type: ports) to 1
2026-04-17 12:11:17.921 7 INFO neutron.db.ovn_revision_numbers_db [None req-e2b8ff79-ed08-4f8e-85b6-1af55f1e0471 d578a71feafc45aea17e9072cb189609 9d60dcb7c6d2481aa22a3f968865b335 - - default default] Successfully bumped revision number for resource 00f76d71-e8c6-4086-a127-73c1b6374782 (type: security_groups) to 1
2026-04-17 12:11:17.934 7 INFO neutron.db.ovn_revision_numbers_db [None req-e2b8ff79-ed08-4f8e-85b6-1af55f1e0471 d578a71feafc45aea17e9072cb189609 9d60dcb7c6d2481aa22a3f968865b335 - - default default] Successfully bumped revision number for resource 15158b4b-de73-47aa-a2b2-baf4d060ad41 (type: security_group_rules) to 0
2026-04-17 12:11:17.950 7 INFO neutron.db.ovn_revision_numbers_db [None req-e2b8ff79-ed08-4f8e-85b6-1af55f1e0471 d578a71feafc45aea17e9072cb189609 9d60dcb7c6d2481aa22a3f968865b335 - - default default] Successfully bumped revision number for resource 56ef7c6f-ca06-4d57-b329-c8c162e7840c (type: security_group_rules) to 0
2026-04-17 12:11:17.963 7 INFO neutron.db.ovn_revision_numbers_db [None req-e2b8ff79-ed08-4f8e-85b6-1af55f1e0471 d578a71feafc45aea17e9072cb189609 9d60dcb7c6d2481aa22a3f968865b335 - - default default] Successfully bumped revision number for resource 8844c210-2e57-4438-ad78-51de4c993448 (type: security_group_rules) to 0
2026-04-17 12:11:17.976 7 INFO neutron.db.ovn_revision_numbers_db [None req-e2b8ff79-ed08-4f8e-85b6-1af55f1e0471 d578a71feafc45aea17e9072cb189609 9d60dcb7c6d2481aa22a3f968865b335 - - default default] Successfully bumped revision number for resource d2ebaa2c-feee-4900-94d4-b8017ffa8764 (type: security_group_rules) to 0
2026-04-17 12:11:18.060 7 INFO neutron.db.segments_db [None req-e2b8ff79-ed08-4f8e-85b6-1af55f1e0471 d578a71feafc45aea17e9072cb189609 9d60dcb7c6d2481aa22a3f968865b335 - - default default] Added segment 20b783d2-5cf1-4dce-8a49-1c5ca7789d31 of type geneve for network 3a7f8710-6595-4eee-be54-c07756a598eb
2026-04-17 12:11:18.157 7 INFO neutron.db.ovn_revision_numbers_db [None req-e2b8ff79-ed08-4f8e-85b6-1af55f1e0471 d578a71feafc45aea17e9072cb189609 9d60dcb7c6d2481aa22a3f968865b335 - - default default] Successfully bumped revision number for resource 3a7f8710-6595-4eee-be54-c07756a598eb (type: networks) to 1
2026-04-17 12:11:18.316 7 WARNING neutron.scheduler.dhcp_agent_scheduler [None req-e2b8ff79-ed08-4f8e-85b6-1af55f1e0471 d578a71feafc45aea17e9072cb189609 9d60dcb7c6d2481aa22a3f968865b335 - - default default] No more DHCP agents
2026-04-17 12:11:18.317 7 WARNING neutron.api.rpc.agentnotifiers.dhcp_rpc_agent_api [None req-e2b8ff79-ed08-4f8e-85b6-1af55f1e0471 d578a71feafc45aea17e9072cb189609 9d60dcb7c6d2481aa22a3f968865b335 - - default default] Unable to schedule network 3a7f8710-6595-4eee-be54-c07756a598eb: no agents available; will retry on subsequent port and subnet creation events.
2026-04-17 12:11:18.398 7 INFO neutron.db.ovn_revision_numbers_db [None req-e2b8ff79-ed08-4f8e-85b6-1af55f1e0471 d578a71feafc45aea17e9072cb189609 9d60dcb7c6d2481aa22a3f968865b335 - - default default] Successfully bumped revision number for resource a107a470-a0e6-4968-a0b6-cf39bb757c0f (type: ports) to 1 [pid: 7|app: 0|req: 945/1949] 10.0.0.225 () {34 vars in 671 bytes} [Fri Apr 17 12:11:17 2026] POST /v2.0/networks => generated 651 bytes in 865 msecs (HTTP/1.1 201) 4 headers in 162 bytes (1 switches on core 0)
2026-04-17 12:11:18.502 8 WARNING neutron.scheduler.dhcp_agent_scheduler [None req-69461915-c186-4fd3-9cf3-c25f1487664e - - - - - -] No more DHCP agents
2026-04-17 12:11:18.503 8 WARNING neutron.api.rpc.agentnotifiers.dhcp_rpc_agent_api [None req-69461915-c186-4fd3-9cf3-c25f1487664e - - - - - -] Unable to schedule network 6305bc96-b0c7-4a68-a4af-1b701f34efff: no agents available; will retry on subsequent port and subnet creation events.
2026-04-17 12:11:18.534 7 INFO neutron.db.segments_db [None req-74234c67-6225-47fe-a744-889082082724 3658ad51922745beb1a01e6885620e31 b0864b60417e4f1096e742c636454aef - - default default] Added segment 59e45af1-a4f8-4d16-851a-035a61565422 of type geneve for network 10f673b9-4e97-4cf3-b3d2-847c998ceb41
2026-04-17 12:11:18.635 7 INFO neutron.db.ovn_revision_numbers_db [None req-74234c67-6225-47fe-a744-889082082724 3658ad51922745beb1a01e6885620e31 b0864b60417e4f1096e742c636454aef - - default default] Successfully bumped revision number for resource 10f673b9-4e97-4cf3-b3d2-847c998ceb41 (type: networks) to 1
2026-04-17 12:11:18.801 7 WARNING neutron.scheduler.dhcp_agent_scheduler [None req-74234c67-6225-47fe-a744-889082082724 3658ad51922745beb1a01e6885620e31 b0864b60417e4f1096e742c636454aef - - default default] No more DHCP agents
2026-04-17 12:11:18.802 7 WARNING neutron.api.rpc.agentnotifiers.dhcp_rpc_agent_api [None req-74234c67-6225-47fe-a744-889082082724 3658ad51922745beb1a01e6885620e31 b0864b60417e4f1096e742c636454aef - - default default] Unable to schedule network 10f673b9-4e97-4cf3-b3d2-847c998ceb41: no agents available; will retry on subsequent port and subnet creation events.
2026-04-17 12:11:18.906 7 INFO neutron.db.ovn_revision_numbers_db [None req-74234c67-6225-47fe-a744-889082082724 3658ad51922745beb1a01e6885620e31 b0864b60417e4f1096e742c636454aef - - default default] Successfully bumped revision number for resource 774c55d4-43b1-46f1-9cf2-30bea99df99c (type: ports) to 1 [pid: 7|app: 0|req: 946/1950] 10.0.0.225 () {34 vars in 670 bytes} [Fri Apr 17 12:11:18 2026] POST /v2.0/networks => generated 650 bytes in 499 msecs (HTTP/1.1 201) 4 headers in 162 bytes (1 switches on core 0)
2026-04-17 12:11:18.993 8 INFO neutron.db.ovn_revision_numbers_db [None req-69461915-c186-4fd3-9cf3-c25f1487664e - - - - - -] Successfully bumped revision number for resource db59eed3-3efc-4812-8e88-93aaed9eb152 (type: router_ports) to 1
2026-04-17 12:11:19.202 8 WARNING neutron.scheduler.dhcp_agent_scheduler [None req-69461915-c186-4fd3-9cf3-c25f1487664e - - - - - -] No more DHCP agents
2026-04-17 12:11:19.203 8 WARNING neutron.api.rpc.agentnotifiers.dhcp_rpc_agent_api [None req-69461915-c186-4fd3-9cf3-c25f1487664e - - - - - -] Unable to schedule network 6305bc96-b0c7-4a68-a4af-1b701f34efff: no agents available; will retry on subsequent port and subnet creation events.
2026-04-17 12:11:19.323 8 INFO neutron.db.ovn_revision_numbers_db [None req-69461915-c186-4fd3-9cf3-c25f1487664e - - - - - -] Successfully bumped revision number for resource b86d9c23-7921-477e-bd6c-6b1e8f579542 (type: ports) to 1
2026-04-17 12:11:19.338 7 WARNING neutron.scheduler.dhcp_agent_scheduler [None req-5519031a-9052-4121-b812-a2e072cd0797 d578a71feafc45aea17e9072cb189609 9d60dcb7c6d2481aa22a3f968865b335 - - default default] No more DHCP agents
2026-04-17 12:11:19.340 7 WARNING neutron.api.rpc.agentnotifiers.dhcp_rpc_agent_api [None req-5519031a-9052-4121-b812-a2e072cd0797 d578a71feafc45aea17e9072cb189609 9d60dcb7c6d2481aa22a3f968865b335 - - default default] Unable to schedule network aa3b6583-55da-4ee9-b73d-c9717f9c1b02: no agents available; will retry on subsequent port and subnet creation events.
2026-04-17 12:11:19.472 7 INFO neutron.db.ovn_revision_numbers_db [None req-5519031a-9052-4121-b812-a2e072cd0797 d578a71feafc45aea17e9072cb189609 9d60dcb7c6d2481aa22a3f968865b335 - - default default] Successfully bumped revision number for resource fc168648-61c0-4650-965a-cfe130e08023 (type: ports) to 1
2026-04-17 12:11:19.576 8 INFO neutron.db.ovn_revision_numbers_db [None req-69461915-c186-4fd3-9cf3-c25f1487664e - - - - - -] Successfully bumped revision number for resource b86d9c23-7921-477e-bd6c-6b1e8f579542 (type: ports) to 3
2026-04-17 12:11:19.760 8 WARNING neutron.plugins.ml2.drivers.ovn.mech_driver.ovsdb.ovn_client [None req-7d1d9dc3-76b2-4c15-86e4-082f05395dbd - - - - - -] No hosting information found for port 3c8f2841-f5a0-4577-b9e6-7d99cc41d72f: RuntimeError: No hosting information found for port 3c8f2841-f5a0-4577-b9e6-7d99cc41d72f
2026-04-17 12:11:19.763 8 INFO neutron.plugins.ml2.drivers.ovn.mech_driver.mech_driver [None req-7d1d9dc3-76b2-4c15-86e4-082f05395dbd - - - - - -] OVN reports status down for port: 2f0c550e-1a4f-48b7-83ac-a1bac5842928 [pid: 8|app: 0|req: 1005/1951] 10.0.0.225 () {34 vars in 685 bytes} [Fri Apr 17 12:11:15 2026] POST /v2.0/vpn/vpnservices => generated 458 bytes in 4278 msecs (HTTP/1.1 201) 4 headers in 162 bytes (1 switches on core 0)
2026-04-17 12:11:19.896 8 INFO neutron.plugins.ml2.drivers.ovn.mech_driver.mech_driver [None req-7d1d9dc3-76b2-4c15-86e4-082f05395dbd - - - - - -] OVN reports status down for port: 181e515d-b0ad-4e19-8c92-275cb2c79845 [pid: 8|app: 0|req: 1006/1952] 10.0.0.225 () {34 vars in 753 bytes} [Fri Apr 17 12:11:19 2026] PUT /v2.0/networks/d4226538-eb61-4a29-a2f3-50e53cc4ea95/tags => generated 17 bytes in 86 msecs (HTTP/1.1 200) 4 headers in 156 bytes (1 switches on core 0)
2026-04-17 12:11:20.001 7 INFO neutron.plugins.ml2.drivers.ovn.mech_driver.ovsdb.commands [None req-2d0bdcf9-d7ed-42ba-a609-cf1cd71cd20f - - - - - -] Schedule LRP lrp-fc168648-61c0-4650-965a-cfe130e08023 on gateway 46708055-50be-4ad4-88c2-23887d8d1b0d with priority 1
2026-04-17 12:11:20.031 8 INFO neutron.plugins.ml2.drivers.ovn.mech_driver.mech_driver [None req-7d1d9dc3-76b2-4c15-86e4-082f05395dbd - - - - - -] OVN reports status down for port: 42b7d855-57d4-45df-9218-0f52a73b5e1a
2026-04-17 12:11:20.064 7 INFO neutron.db.ovn_revision_numbers_db [None req-5519031a-9052-4121-b812-a2e072cd0797 d578a71feafc45aea17e9072cb189609 9d60dcb7c6d2481aa22a3f968865b335 - - default default] Successfully bumped revision number for resource fc168648-61c0-4650-965a-cfe130e08023 (type: router_ports) to 1
2026-04-17 12:11:20.120 8 INFO neutron.plugins.ml2.drivers.ovn.mech_driver.ovsdb.ovsdb_monitor [None req-87793170-a897-46ad-a030-748ee49887d8 - - - - - -] Router 2de6e5fa-3c4d-471d-8ace-a033e3282dff is bound to host instance
2026-04-17 12:11:20.138 7 INFO neutron.db.ovn_revision_numbers_db [None req-5519031a-9052-4121-b812-a2e072cd0797 d578a71feafc45aea17e9072cb189609 9d60dcb7c6d2481aa22a3f968865b335 - - default default] Successfully bumped revision number for resource 2de6e5fa-3c4d-471d-8ace-a033e3282dff (type: routers) to 2 [pid: 7|app: 0|req: 947/1953] 10.0.0.225 () {34 vars in 669 bytes} [Fri Apr 17 12:11:18 2026] POST /v2.0/routers => generated 955 bytes in 1222 msecs (HTTP/1.1 201) 4 headers in 162 bytes (1 switches on core 0) [pid: 7|app: 0|req: 948/1954] 10.0.0.225 () {34 vars in 753 bytes} [Fri Apr 17 12:11:20 2026] PUT /v2.0/networks/7ee7e741-7055-4982-bce5-64f64e6aa9cf/tags => generated 25 bytes in 58 msecs (HTTP/1.1 200) 4 headers in 156 bytes (1 switches on core 0)
2026-04-17 12:11:20.221 8 INFO neutron.plugins.ml2.drivers.ovn.mech_driver.mech_driver [None req-7d1d9dc3-76b2-4c15-86e4-082f05395dbd - - - - - -] OVN reports status down for port: db59eed3-3efc-4812-8e88-93aaed9eb152 [pid: 7|app: 0|req: 949/1955] 10.0.0.225 () {32 vars in 776 bytes} [Fri Apr 17 12:11:20 2026] GET /v2.0/subnets?project_id=9d60dcb7c6d2481aa22a3f968865b335&cidr=10.100.0.0%2F28 => generated 14 bytes in 50 msecs (HTTP/1.1 200) 4 headers in 156 bytes (1 switches on core 0) [pid: 7|app: 0|req: 950/1956] 10.0.0.225 () {34 vars in 753 bytes} [Fri Apr 17 12:11:20 2026] PUT /v2.0/networks/345c2221-1872-4bba-9071-63f69ec25442/tags => generated 34 bytes in 58 msecs (HTTP/1.1 200) 4 headers in 156 bytes (1 switches on core 0) [pid: 7|app: 0|req: 951/1957] 10.0.0.225 () {32 vars in 694 bytes} [Fri Apr 17 12:11:20 2026] GET /v2.0/networks?router%3Aexternal=True => generated 791 bytes in 51 msecs (HTTP/1.1 200) 4 headers in 157 bytes (1 switches on core 0) [pid: 7|app: 0|req: 952/1958] 10.0.0.225 () {34 vars in 753 bytes} [Fri Apr 17 12:11:20 2026] PUT /v2.0/networks/0a5c8e58-da6b-41e1-bc2e-438f1d1c8ce5/tags => generated 19 bytes in 56 msecs (HTTP/1.1 200) 4 headers in 156 bytes (1 switches on core 0) [pid: 7|app: 0|req: 953/1959] 10.0.0.225 () {32 vars in 784 bytes} [Fri Apr 17 12:11:20 2026] GET /v2.0/subnets?network_id=aa3b6583-55da-4ee9-b73d-c9717f9c1b02&cidr=10.100.0.0%2F28 => generated 14 bytes in 26 msecs (HTTP/1.1 200) 4 headers in 156 bytes (1 switches on core 0)
2026-04-17 12:11:20.502 8 WARNING neutron.plugins.ml2.drivers.ovn.mech_driver.ovsdb.ovn_client [None req-7d1d9dc3-76b2-4c15-86e4-082f05395dbd - - - - - -] Logical_Switch_Port %s host information not removed, the port state is up
2026-04-17 12:11:20.506 8 INFO neutron.plugins.ml2.drivers.ovn.mech_driver.mech_driver [None req-7d1d9dc3-76b2-4c15-86e4-082f05395dbd - - - - - -] OVN reports status up for port: db59eed3-3efc-4812-8e88-93aaed9eb152 [pid: 7|app: 0|req: 954/1960] 10.0.0.225 () {32 vars in 666 bytes} [Fri Apr 17 12:11:20 2026] GET /v2.0/networks?tags=red => generated 1988 bytes in 56 msecs (HTTP/1.1 200) 4 headers in 158 bytes (1 switches on core 0)
2026-04-17 12:11:20.555 8 INFO neutron.plugins.ml2.plugin [None req-7d1d9dc3-76b2-4c15-86e4-082f05395dbd - - - - - -] Attempt 1 to provision port db59eed3-3efc-4812-8e88-93aaed9eb152
2026-04-17 12:11:20.723 7 WARNING neutron.scheduler.dhcp_agent_scheduler [None req-cb87827b-6d4b-4acd-bc83-3f6876ffc138 d578a71feafc45aea17e9072cb189609 9d60dcb7c6d2481aa22a3f968865b335 - - default default] No more DHCP agents
2026-04-17 12:11:20.724 7 WARNING neutron.api.rpc.agentnotifiers.dhcp_rpc_agent_api [None req-cb87827b-6d4b-4acd-bc83-3f6876ffc138 d578a71feafc45aea17e9072cb189609 9d60dcb7c6d2481aa22a3f968865b335 - - default default] Unable to schedule network 3a7f8710-6595-4eee-be54-c07756a598eb: no agents available; will retry on subsequent port and subnet creation events. [pid: 8|app: 0|req: 1007/1961] 10.0.0.225 () {34 vars in 685 bytes} [Fri Apr 17 12:11:19 2026] POST /v2.0/vpn/vpnservices => generated 423 bytes in 941 msecs (HTTP/1.1 201) 4 headers in 162 bytes (1 switches on core 0) [pid: 8|app: 0|req: 1008/1962] 10.0.0.225 () {32 vars in 680 bytes} [Fri Apr 17 12:11:20 2026] GET /v2.0/networks?tags=red%2Cblue => generated 1338 bytes in 139 msecs (HTTP/1.1 200) 4 headers in 158 bytes (1 switches on core 0)
2026-04-17 12:11:21.159 7 INFO neutron.db.ovn_revision_numbers_db [None req-8481af61-ffa0-47f8-bf53-5f3639eeaea1 - - - - - -] Successfully bumped revision number for resource a107a470-a0e6-4968-a0b6-cf39bb757c0f (type: ports) to 2 [pid: 8|app: 0|req: 1009/1963] 10.0.0.225 () {34 vars in 684 bytes} [Fri Apr 17 12:11:21 2026] POST /v2.0/vpn/ikepolicies => generated 403 bytes in 141 msecs (HTTP/1.1 201) 4 headers in 162 bytes (1 switches on core 0)
2026-04-17 12:11:21.189 7 INFO neutron.db.ovn_revision_numbers_db [None req-8481af61-ffa0-47f8-bf53-5f3639eeaea1 - - - - - -] Successfully bumped revision number for resource 3916554f-ec85-499b-b756-68dcf59eed61 (type: subnets) to 0 [pid: 7|app: 0|req: 955/1964] 10.0.0.225 () {34 vars in 669 bytes} [Fri Apr 17 12:11:20 2026] POST /v2.0/subnets => generated 656 bytes in 691 msecs (HTTP/1.1 201) 4 headers in 162 bytes (1 switches on core 0) [pid: 7|app: 0|req: 956/1965] 10.0.0.225 () {34 vars in 688 bytes} [Fri Apr 17 12:11:21 2026] POST /v2.0/vpn/ipsecpolicies => generated 413 bytes in 37 msecs (HTTP/1.1 201) 4 headers in 162 bytes (1 switches on core 0) [pid: 8|app: 0|req: 1010/1966] 10.0.0.225 () {32 vars in 676 bytes} [Fri Apr 17 12:11:21 2026] GET /v2.0/networks?tags-any=blue => generated 1338 bytes in 100 msecs (HTTP/1.1 200) 4 headers in 158 bytes (1 switches on core 0) [pid: 8|app: 0|req: 1011/1967] 10.0.0.225 () {34 vars in 693 bytes} [Fri Apr 17 12:11:21 2026] POST /v2.0/vpn/endpoint-groups => generated 329 bytes in 191 msecs (HTTP/1.1 201) 4 headers in 162 bytes (1 switches on core 0)
2026-04-17 12:11:21.472 7 WARNING neutron.plugins.ml2.drivers.ovn.mech_driver.ovsdb.ovn_client [None req-088d7d39-357f-424d-b085-0273a3655dfd - - - - - -] No hosting information found for port ad11b4b5-bb8b-4e4c-bd9b-7f501d1ee6c2: RuntimeError: No hosting information found for port ad11b4b5-bb8b-4e4c-bd9b-7f501d1ee6c2
2026-04-17 12:11:21.615 7 INFO neutron.db.ovn_revision_numbers_db [None req-088d7d39-357f-424d-b085-0273a3655dfd - - - - - -] Successfully bumped revision number for resource ad11b4b5-bb8b-4e4c-bd9b-7f501d1ee6c2 (type: router_ports) to 2 [pid: 8|app: 0|req: 1012/1968] 10.0.0.225 () {32 vars in 688 bytes} [Fri Apr 17 12:11:21 2026] GET /v2.0/networks?tags-any=red%2Cblue => generated 1988 bytes in 219 msecs (HTTP/1.1 200) 4 headers in 158 bytes (1 switches on core 0)
2026-04-17 12:11:21.708 7 INFO neutron.plugins.ml2.drivers.ovn.mech_driver.mech_driver [None req-088d7d39-357f-424d-b085-0273a3655dfd - - - - - -] OVN reports status down for port: 198f7aee-9085-4981-a0aa-ddb7a6428b23
2026-04-17 12:11:21.728 8 INFO neutron.db.ovn_revision_numbers_db [None req-7d1d9dc3-76b2-4c15-86e4-082f05395dbd - - - - - -] Successfully bumped revision number for resource db59eed3-3efc-4812-8e88-93aaed9eb152 (type: ports) to 2 [pid: 8|app: 0|req: 1013/1969] 10.0.0.225 () {34 vars in 693 bytes} [Fri Apr 17 12:11:21 2026] POST /v2.0/vpn/endpoint-groups => generated 320 bytes in 146 msecs (HTTP/1.1 201) 4 headers in 162 bytes (1 switches on core 0)
2026-04-17 12:11:21.868 7 INFO neutron.plugins.ml2.drivers.ovn.mech_driver.mech_driver [None req-088d7d39-357f-424d-b085-0273a3655dfd - - - - - -] OVN reports status down for port: ca2902f9-2c6e-455c-a42a-75d9607238ec [pid: 8|app: 0|req: 1014/1970] 10.0.0.225 () {32 vars in 674 bytes} [Fri Apr 17 12:11:21 2026] GET /v2.0/networks?not-tags=red => generated 1987 bytes in 138 msecs (HTTP/1.1 200) 4 headers in 158 bytes (1 switches on core 0)
2026-04-17 12:11:22.023 7 WARNING neutron.scheduler.dhcp_agent_scheduler [None req-36a4c183-e52d-4374-8d82-5173d5410864 d578a71feafc45aea17e9072cb189609 9d60dcb7c6d2481aa22a3f968865b335 - - default default] No more DHCP agents
2026-04-17 12:11:22.024 7 INFO neutron.plugins.ml2.drivers.ovn.mech_driver.mech_driver [None req-088d7d39-357f-424d-b085-0273a3655dfd - - - - - -] OVN reports status down for port: 84582442-ee80-413b-a09a-c1bfd78429ce
2026-04-17 12:11:22.026 7 WARNING neutron.api.rpc.agentnotifiers.dhcp_rpc_agent_api [None req-36a4c183-e52d-4374-8d82-5173d5410864 d578a71feafc45aea17e9072cb189609 9d60dcb7c6d2481aa22a3f968865b335 - - default default] Unable to schedule network 3a7f8710-6595-4eee-be54-c07756a598eb: no agents available; will retry on subsequent port and subnet creation events.
2026-04-17 12:11:22.181 7 INFO neutron.plugins.ml2.drivers.ovn.mech_driver.mech_driver [None req-088d7d39-357f-424d-b085-0273a3655dfd - - - - - -] OVN reports status down for port: a107a470-a0e6-4968-a0b6-cf39bb757c0f
2026-04-17 12:11:22.252 7 INFO neutron.db.ovn_revision_numbers_db [None req-36a4c183-e52d-4374-8d82-5173d5410864 d578a71feafc45aea17e9072cb189609 9d60dcb7c6d2481aa22a3f968865b335 - - default default] Successfully bumped revision number for resource 185b58bd-7937-4240-a62f-a697cdbf3b43 (type: ports) to 1
2026-04-17 12:11:22.309 7 INFO neutron.plugins.ml2.drivers.ovn.mech_driver.mech_driver [None req-088d7d39-357f-424d-b085-0273a3655dfd - - - - - -] OVN reports status down for port: 774c55d4-43b1-46f1-9cf2-30bea99df99c
2026-04-17 12:11:22.458 7 INFO neutron.plugins.ml2.drivers.ovn.mech_driver.mech_driver [None req-088d7d39-357f-424d-b085-0273a3655dfd - - - - - -] OVN reports status down for port: b86d9c23-7921-477e-bd6c-6b1e8f579542
2026-04-17 12:11:22.542 7 INFO neutron.plugins.ml2.drivers.ovn.mech_driver.mech_driver [None req-088d7d39-357f-424d-b085-0273a3655dfd - - - - - -] OVN reports status down for port: fc168648-61c0-4650-965a-cfe130e08023
2026-04-17 12:11:22.624 8 INFO neutron.db.ovn_revision_numbers_db [None req-5a3fbaa4-aa26-4d77-bcfc-48856a33ec6f - - - - - -] Successfully bumped revision number for resource fc168648-61c0-4650-965a-cfe130e08023 (type: ports) to 4
