2026-04-17 12:08:13.598 8 INFO neutron.services.segments.plugin [-] Segment 11b41e97-a829-4964-a75a-a4b26afc6619 resource provider not found; error: Placement Client Error (4xx): {"errors": [{"status": 404, "title": "Not Found", "detail": "The resource could not be found.\n\n No resource provider with uuid 11b41e97-a829-4964-a75a-a4b26afc6619 found for delete ", "request_id": "req-18d20c75-4bfd-49c3-86d7-d59c4308d8ca"}]}
2026-04-17 12:08:13.614 8 INFO neutron.db.ovn_revision_numbers_db [None req-265111e2-4724-4b27-951c-4a8bb88ccc0b 69b85ddbe18c463fa8649a84910aacdb 23a388fc8a5346028219ee4910fe63b0 - - default default] Successfully bumped revision number for resource 89937d3f-c618-4e05-902a-605afcc388aa (type: ports) to 1 [pid: 8|app: 0|req: 358/655] 10.0.0.225 () {34 vars in 665 bytes} [Fri Apr 17 12:08:13 2026] POST /v2.0/ports => generated 963 bytes in 506 msecs (HTTP/1.1 201) 4 headers in 162 bytes (1 switches on core 0) /var/lib/openstack/lib/python3.12/site-packages/pycadf/identifier.py:70: UserWarning: Invalid uuid: neutron. To ensure interoperability, identifiers should be a valid uuid. warnings.warn(('Invalid uuid: %s. To ensure interoperability, ' [pid: 8|app: 0|req: 359/656] 10.0.0.14 () {34 vars in 989 bytes} [Fri Apr 17 12:08:13 2026] GET /v2.0/ports?device_id=97934279-3d55-4e35-85e8-434e212674bf => generated 12 bytes in 23 msecs (HTTP/1.1 200) 4 headers in 156 bytes (1 switches on core 0)
2026-04-17 12:08:13.911 8 WARNING neutron.plugins.ml2.drivers.ovn.mech_driver.ovsdb.ovn_client [None req-44d2fb6f-356d-4887-a2e9-8261411003cf - - - - - -] No port found with ID 29d43b9b-19c8-4a20-845e-abbb409f59d9: RuntimeError: No port found with ID 29d43b9b-19c8-4a20-845e-abbb409f59d9
2026-04-17 12:08:13.929 8 INFO neutron.plugins.ml2.drivers.ovn.mech_driver.mech_driver [None req-44d2fb6f-356d-4887-a2e9-8261411003cf - - - - - -] OVN reports status down for port: d84d37ae-e5d7-46ca-bb51-241db144f112
2026-04-17 12:08:13.948 8 INFO neutron.plugins.ml2.drivers.ovn.mech_driver.mech_driver [None req-44d2fb6f-356d-4887-a2e9-8261411003cf - - - - - -] OVN reports status down for port: ee35f266-428d-4a87-92c0-316719c295a3
2026-04-17 12:08:13.964 8 INFO neutron.plugins.ml2.drivers.ovn.mech_driver.mech_driver [None req-44d2fb6f-356d-4887-a2e9-8261411003cf - - - - - -] OVN reports status down for port: 486e3296-1efc-4bf8-8a2f-ad150b391a5f
2026-04-17 12:08:14.048 8 WARNING neutron.plugins.ml2.drivers.ovn.mech_driver.ovsdb.ovn_client [None req-44d2fb6f-356d-4887-a2e9-8261411003cf - - - - - -] Logical_Switch_Port %s host information not removed, the port state is up
2026-04-17 12:08:14.059 8 INFO neutron.plugins.ml2.drivers.ovn.mech_driver.mech_driver [None req-44d2fb6f-356d-4887-a2e9-8261411003cf - - - - - -] OVN reports status down for port: c5b4ba66-be95-409c-be67-b72aeee4b205
2026-04-17 12:08:14.093 8 INFO neutron.plugins.ml2.drivers.ovn.mech_driver.mech_driver [None req-44d2fb6f-356d-4887-a2e9-8261411003cf - - - - - -] OVN reports status up for port: 486e3296-1efc-4bf8-8a2f-ad150b391a5f
2026-04-17 12:08:14.113 8 INFO neutron.plugins.ml2.plugin [None req-44d2fb6f-356d-4887-a2e9-8261411003cf - - - - - -] Attempt 1 to provision port 486e3296-1efc-4bf8-8a2f-ad150b391a5f
2026-04-17 12:08:14.168 7 INFO neutron.plugins.ml2.drivers.ovn.mech_driver.mech_driver [None req-b960cf2e-2225-4ca3-9bb4-5a95561a62ad - - - - - -] OVN reports status up for port: 89937d3f-c618-4e05-902a-605afcc388aa
2026-04-17 12:08:14.194 7 INFO neutron.plugins.ml2.plugin [None req-b960cf2e-2225-4ca3-9bb4-5a95561a62ad - - - - - -] Attempt 1 to provision port 89937d3f-c618-4e05-902a-605afcc388aa
2026-04-17 12:08:14.216 7 INFO neutron.db.ovn_revision_numbers_db [None req-d0714933-7d58-4a94-aee9-4cdf560bbe8c 69b85ddbe18c463fa8649a84910aacdb 23a388fc8a5346028219ee4910fe63b0 - - default default] Successfully bumped revision number for resource 89937d3f-c618-4e05-902a-605afcc388aa (type: ports) to 2 [pid: 8|app: 0|req: 360/657] 10.0.0.14 () {34 vars in 989 bytes} [Fri Apr 17 12:08:14 2026] GET /v2.0/ports?device_id=b1ca367a-4ec0-4995-a060-e3373cf9cf42 => generated 971 bytes in 105 msecs (HTTP/1.1 200) 4 headers in 157 bytes (1 switches on core 0)
2026-04-17 12:08:14.676 8 INFO neutron.db.ovn_revision_numbers_db [None req-ac6cfdb1-97be-4406-a865-aff50c3ed58a f255be55a644441ca5ab7c117abf85e3 cc00e249a2e7460080a41ad6d433a67f - - default default] Successfully bumped revision number for resource 6cb6ca64-b283-4b2e-a122-583085689ce7 (type: security_groups) to 1
2026-04-17 12:08:14.686 8 INFO neutron.db.ovn_revision_numbers_db [None req-44d2fb6f-356d-4887-a2e9-8261411003cf - - - - - -] Successfully bumped revision number for resource 486e3296-1efc-4bf8-8a2f-ad150b391a5f (type: ports) to 2
2026-04-17 12:08:14.689 8 INFO neutron.db.ovn_revision_numbers_db [None req-ac6cfdb1-97be-4406-a865-aff50c3ed58a f255be55a644441ca5ab7c117abf85e3 cc00e249a2e7460080a41ad6d433a67f - - default default] Successfully bumped revision number for resource 7700c417-a0e6-48e6-9205-45c9ae3afbae (type: security_group_rules) to 0
2026-04-17 12:08:14.709 8 INFO neutron.db.ovn_revision_numbers_db [None req-ac6cfdb1-97be-4406-a865-aff50c3ed58a f255be55a644441ca5ab7c117abf85e3 cc00e249a2e7460080a41ad6d433a67f - - default default] Successfully bumped revision number for resource b4ca7050-2fe8-400d-8d20-6b824adffa8c (type: security_group_rules) to 0
2026-04-17 12:08:14.733 8 INFO neutron.db.ovn_revision_numbers_db [None req-ac6cfdb1-97be-4406-a865-aff50c3ed58a f255be55a644441ca5ab7c117abf85e3 cc00e249a2e7460080a41ad6d433a67f - - default default] Successfully bumped revision number for resource ea29cb8a-d09c-4250-856f-c26aca4efff4 (type: security_group_rules) to 0
2026-04-17 12:08:14.760 8 INFO neutron.db.ovn_revision_numbers_db [None req-ac6cfdb1-97be-4406-a865-aff50c3ed58a f255be55a644441ca5ab7c117abf85e3 cc00e249a2e7460080a41ad6d433a67f - - default default] Successfully bumped revision number for resource ef7ad7de-195d-4a2c-bf81-5d0766626d87 (type: security_group_rules) to 0
2026-04-17 12:08:14.873 7 INFO neutron.db.ovn_revision_numbers_db [None req-b960cf2e-2225-4ca3-9bb4-5a95561a62ad - - - - - -] Successfully bumped revision number for resource 89937d3f-c618-4e05-902a-605afcc388aa (type: ports) to 3
2026-04-17 12:08:14.889 8 INFO neutron.db.segments_db [None req-ac6cfdb1-97be-4406-a865-aff50c3ed58a f255be55a644441ca5ab7c117abf85e3 cc00e249a2e7460080a41ad6d433a67f - - default default] Added segment bbf1d3ad-02a6-4fae-8e76-6040a2cf97af of type geneve for network e4c04d29-e03d-4dd7-89a1-354b559ddcca
2026-04-17 12:08:15.001 8 INFO neutron.db.ovn_revision_numbers_db [None req-ac6cfdb1-97be-4406-a865-aff50c3ed58a f255be55a644441ca5ab7c117abf85e3 cc00e249a2e7460080a41ad6d433a67f - - default default] Successfully bumped revision number for resource e4c04d29-e03d-4dd7-89a1-354b559ddcca (type: networks) to 1
2026-04-17 12:08:15.150 7 WARNING neutron.scheduler.dhcp_agent_scheduler [None req-d0714933-7d58-4a94-aee9-4cdf560bbe8c 69b85ddbe18c463fa8649a84910aacdb 23a388fc8a5346028219ee4910fe63b0 - - default default] No more DHCP agents
2026-04-17 12:08:15.151 7 WARNING neutron.api.rpc.agentnotifiers.dhcp_rpc_agent_api [None req-d0714933-7d58-4a94-aee9-4cdf560bbe8c 69b85ddbe18c463fa8649a84910aacdb 23a388fc8a5346028219ee4910fe63b0 - - default default] Unable to schedule network 12a6bf61-8922-4334-a24d-a2ffa0d06260: no agents available; will retry on subsequent port and subnet creation events.
2026-04-17 12:08:15.173 8 WARNING neutron.scheduler.dhcp_agent_scheduler [None req-ac6cfdb1-97be-4406-a865-aff50c3ed58a f255be55a644441ca5ab7c117abf85e3 cc00e249a2e7460080a41ad6d433a67f - - default default] No more DHCP agents
2026-04-17 12:08:15.177 8 WARNING neutron.api.rpc.agentnotifiers.dhcp_rpc_agent_api [None req-ac6cfdb1-97be-4406-a865-aff50c3ed58a f255be55a644441ca5ab7c117abf85e3 cc00e249a2e7460080a41ad6d433a67f - - default default] Unable to schedule network e4c04d29-e03d-4dd7-89a1-354b559ddcca: no agents available; will retry on subsequent port and subnet creation events.
2026-04-17 12:08:15.262 8 INFO neutron.db.ovn_revision_numbers_db [None req-ac6cfdb1-97be-4406-a865-aff50c3ed58a f255be55a644441ca5ab7c117abf85e3 cc00e249a2e7460080a41ad6d433a67f - - default default] Successfully bumped revision number for resource ccd0ce06-4c46-4eb8-b62c-27ed421fba6c (type: ports) to 1 [pid: 8|app: 0|req: 361/658] 10.0.0.225 () {34 vars in 670 bytes} [Fri Apr 17 12:08:14 2026] POST /v2.0/networks => generated 663 bytes in 1029 msecs (HTTP/1.1 201) 4 headers in 162 bytes (1 switches on core 0) [pid: 8|app: 0|req: 362/659] 10.0.0.14 () {34 vars in 1039 bytes} [Fri Apr 17 12:08:15 2026] GET /v2.0/security-groups?id=8e405336-3c01-4a3f-8103-c5abb27b616a&fields=id&fields=name => generated 114 bytes in 28 msecs (HTTP/1.1 200) 4 headers in 157 bytes (1 switches on core 0) [pid: 8|app: 0|req: 363/660] 10.0.0.14 () {34 vars in 989 bytes} [Fri Apr 17 12:08:15 2026] GET /v2.0/ports?device_id=97934279-3d55-4e35-85e8-434e212674bf => generated 12 bytes in 33 msecs (HTTP/1.1 200) 4 headers in 156 bytes (1 switches on core 0) [pid: 8|app: 0|req: 364/661] 199.204.45.222 () {34 vars in 994 bytes} [Fri Apr 17 12:08:15 2026] GET /v2.0/ports?device_id=b1ca367a-4ec0-4995-a060-e3373cf9cf42 => generated 971 bytes in 41 msecs (HTTP/1.1 200) 4 headers in 157 bytes (1 switches on core 0)
2026-04-17 12:08:15.402 7 INFO neutron.db.ovn_revision_numbers_db [None req-d0714933-7d58-4a94-aee9-4cdf560bbe8c 69b85ddbe18c463fa8649a84910aacdb 23a388fc8a5346028219ee4910fe63b0 - - default default] Successfully bumped revision number for resource 89937d3f-c618-4e05-902a-605afcc388aa (type: router_ports) to 3 [pid: 7|app: 0|req: 298/662] 10.0.0.225 () {34 vars in 783 bytes} [Fri Apr 17 12:08:13 2026] PUT /v2.0/routers/80033dde-2f7d-4925-9b03-055386920555/add_router_interface => generated 309 bytes in 1707 msecs (HTTP/1.1 200) 4 headers in 157 bytes (1 switches on core 0) /var/lib/openstack/lib/python3.12/site-packages/pycadf/identifier.py:70: UserWarning: Invalid uuid: neutron. To ensure interoperability, identifiers should be a valid uuid. warnings.warn(('Invalid uuid: %s. To ensure interoperability, '
2026-04-17 12:08:15.567 7 INFO neutron_taas.services.taas.taas_plugin [req-12fc3dbb-4ab8-4f05-aabe-1ae09e570eba req-f320c474-91f9-4a03-9484-d318cd9f9898 24bff1b536a54f6ead2563deff3d3729 9a65aa19516741e393f24cfab8fce08c - - default default] TaaS: Handle Delete Port: 526495a8-c51e-46ae-ad78-7b553338f9cd
2026-04-17 12:08:15.572 7 INFO neutron_taas.services.taas.tap_mirror_plugin [req-12fc3dbb-4ab8-4f05-aabe-1ae09e570eba req-f320c474-91f9-4a03-9484-d318cd9f9898 24bff1b536a54f6ead2563deff3d3729 9a65aa19516741e393f24cfab8fce08c - - default default] Tap Mirror: Handle Delete Port: 526495a8-c51e-46ae-ad78-7b553338f9cd
2026-04-17 12:08:15.612 8 WARNING neutron.scheduler.dhcp_agent_scheduler [None req-6fd8734d-f7fa-4dba-8ef2-521681ae58ab f255be55a644441ca5ab7c117abf85e3 cc00e249a2e7460080a41ad6d433a67f - - default default] No more DHCP agents
2026-04-17 12:08:15.613 8 WARNING neutron.api.rpc.agentnotifiers.dhcp_rpc_agent_api [None req-6fd8734d-f7fa-4dba-8ef2-521681ae58ab f255be55a644441ca5ab7c117abf85e3 cc00e249a2e7460080a41ad6d433a67f - - default default] Unable to schedule network e4c04d29-e03d-4dd7-89a1-354b559ddcca: no agents available; will retry on subsequent port and subnet creation events.
2026-04-17 12:08:15.703 8 INFO neutron.db.ovn_revision_numbers_db [None req-6fd8734d-f7fa-4dba-8ef2-521681ae58ab f255be55a644441ca5ab7c117abf85e3 cc00e249a2e7460080a41ad6d433a67f - - default default] Successfully bumped revision number for resource 6669225f-b1c8-4898-bf6d-c7b8746ecddc (type: ports) to 1
2026-04-17 12:08:15.737 7 INFO neutron.db.l3_db [req-12fc3dbb-4ab8-4f05-aabe-1ae09e570eba req-f320c474-91f9-4a03-9484-d318cd9f9898 24bff1b536a54f6ead2563deff3d3729 9a65aa19516741e393f24cfab8fce08c - - default default] Floating IP 7a5d8789-0ed2-4990-923c-94e019d04be2 disassociated. External IP: 10.96.250.213, port: 526495a8-c51e-46ae-ad78-7b553338f9cd. [pid: 8|app: 0|req: 365/663] 10.0.0.225 () {34 vars in 665 bytes} [Fri Apr 17 12:08:15 2026] POST /v2.0/ports => generated 774 bytes in 368 msecs (HTTP/1.1 201) 4 headers in 162 bytes (1 switches on core 0) /var/lib/openstack/lib/python3.12/site-packages/pycadf/identifier.py:70: UserWarning: Invalid uuid: neutron. To ensure interoperability, identifiers should be a valid uuid. warnings.warn(('Invalid uuid: %s. To ensure interoperability, ' [pid: 8|app: 0|req: 366/664] 10.0.0.225 () {32 vars in 717 bytes} [Fri Apr 17 12:08:15 2026] GET /v2.0/ports/89937d3f-c618-4e05-902a-605afcc388aa => generated 1025 bytes in 35 msecs (HTTP/1.1 200) 4 headers in 158 bytes (1 switches on core 0) [pid: 7|app: 0|req: 299/665] 199.204.45.222 () {36 vars in 997 bytes} [Fri Apr 17 12:08:15 2026] DELETE /v2.0/ports/526495a8-c51e-46ae-ad78-7b553338f9cd => generated 0 bytes in 451 msecs (HTTP/1.1 204) 3 headers in 131 bytes (1 switches on core 0)
2026-04-17 12:08:15.881 8 INFO neutron.db.segments_db [None req-e1c28a3a-ef27-4f87-9713-23781410e934 f255be55a644441ca5ab7c117abf85e3 cc00e249a2e7460080a41ad6d433a67f - - default default] Added segment be69eeed-e260-44cd-b1fe-a984e23dbdd4 of type geneve for network e592d27f-10b8-43f1-a3b5-5135fcbeffde
2026-04-17 12:08:15.898 7 INFO neutron.notifiers.nova [-] Nova event matching ['req-82783d44-9818-4aea-8044-527f7d970a1f'] response: {'server_uuid': 'b1ca367a-4ec0-4995-a060-e3373cf9cf42', 'name': 'network-vif-deleted', 'tag': '526495a8-c51e-46ae-ad78-7b553338f9cd', 'status': 'completed', 'code': 200}
2026-04-17 12:08:15.976 8 INFO neutron.db.ovn_revision_numbers_db [None req-e1c28a3a-ef27-4f87-9713-23781410e934 f255be55a644441ca5ab7c117abf85e3 cc00e249a2e7460080a41ad6d433a67f - - default default] Successfully bumped revision number for resource e592d27f-10b8-43f1-a3b5-5135fcbeffde (type: networks) to 1
2026-04-17 12:08:16.142 8 WARNING neutron.scheduler.dhcp_agent_scheduler [None req-e1c28a3a-ef27-4f87-9713-23781410e934 f255be55a644441ca5ab7c117abf85e3 cc00e249a2e7460080a41ad6d433a67f - - default default] No more DHCP agents
2026-04-17 12:08:16.143 8 WARNING neutron.api.rpc.agentnotifiers.dhcp_rpc_agent_api [None req-e1c28a3a-ef27-4f87-9713-23781410e934 f255be55a644441ca5ab7c117abf85e3 cc00e249a2e7460080a41ad6d433a67f - - default default] Unable to schedule network e592d27f-10b8-43f1-a3b5-5135fcbeffde: no agents available; will retry on subsequent port and subnet creation events.
2026-04-17 12:08:16.151 7 INFO neutron_taas.services.taas.taas_plugin [None req-1c7ebf1f-069d-4260-bd5a-3dcb9312a45c 69b85ddbe18c463fa8649a84910aacdb 23a388fc8a5346028219ee4910fe63b0 - - default default] TaaS: Handle Delete Port: 89937d3f-c618-4e05-902a-605afcc388aa
2026-04-17 12:08:16.155 7 INFO neutron_taas.services.taas.tap_mirror_plugin [None req-1c7ebf1f-069d-4260-bd5a-3dcb9312a45c 69b85ddbe18c463fa8649a84910aacdb 23a388fc8a5346028219ee4910fe63b0 - - default default] Tap Mirror: Handle Delete Port: 89937d3f-c618-4e05-902a-605afcc388aa
2026-04-17 12:08:16.212 8 INFO neutron.db.ovn_revision_numbers_db [None req-e1c28a3a-ef27-4f87-9713-23781410e934 f255be55a644441ca5ab7c117abf85e3 cc00e249a2e7460080a41ad6d433a67f - - default default] Successfully bumped revision number for resource c209825d-1a14-4a32-9568-ff525ae27e47 (type: ports) to 1 [pid: 8|app: 0|req: 367/666] 10.0.0.225 () {34 vars in 670 bytes} [Fri Apr 17 12:08:15 2026] POST /v2.0/networks => generated 651 bytes in 444 msecs (HTTP/1.1 201) 4 headers in 162 bytes (1 switches on core 0)
2026-04-17 12:08:16.471 8 WARNING neutron.scheduler.dhcp_agent_scheduler [None req-513290c7-7b5a-476e-8279-38b0db2a7e85 f255be55a644441ca5ab7c117abf85e3 cc00e249a2e7460080a41ad6d433a67f - - default default] No more DHCP agents
2026-04-17 12:08:16.472 8 WARNING neutron.api.rpc.agentnotifiers.dhcp_rpc_agent_api [None req-513290c7-7b5a-476e-8279-38b0db2a7e85 f255be55a644441ca5ab7c117abf85e3 cc00e249a2e7460080a41ad6d433a67f - - default default] Unable to schedule network e592d27f-10b8-43f1-a3b5-5135fcbeffde: no agents available; will retry on subsequent port and subnet creation events. [pid: 7|app: 0|req: 300/669] 10.0.0.225 () {34 vars in 789 bytes} [Fri Apr 17 12:08:15 2026] PUT /v2.0/routers/80033dde-2f7d-4925-9b03-055386920555/remove_router_interface => generated 309 bytes in 615 msecs (HTTP/1.1 200) 4 headers in 157 bytes (1 switches on core 0) /var/lib/openstack/lib/python3.12/site-packages/pycadf/identifier.py:70: UserWarning: Invalid uuid: neutron. To ensure interoperability, identifiers should be a valid uuid. warnings.warn(('Invalid uuid: %s. To ensure interoperability, ' [pid: 7|app: 0|req: 301/670] 10.0.0.14 () {34 vars in 989 bytes} [Fri Apr 17 12:08:16 2026] GET /v2.0/ports?device_id=b1ca367a-4ec0-4995-a060-e3373cf9cf42 => generated 12 bytes in 21 msecs (HTTP/1.1 200) 4 headers in 156 bytes (1 switches on core 0) [pid: 7|app: 0|req: 302/671] 10.0.0.14 () {34 vars in 989 bytes} [Fri Apr 17 12:08:16 2026] GET /v2.0/ports?device_id=97934279-3d55-4e35-85e8-434e212674bf => generated 12 bytes in 15 msecs (HTTP/1.1 200) 4 headers in 156 bytes (1 switches on core 0)
2026-04-17 12:08:16.564 7 INFO neutron.api.v2.resource [None req-50f17444-a300-4a39-9f8a-708c162b09f8 69b85ddbe18c463fa8649a84910aacdb 23a388fc8a5346028219ee4910fe63b0 - - default default] remove_router_interface failed (client error): The resource could not be found. [pid: 7|app: 0|req: 303/672] 10.0.0.225 () {34 vars in 789 bytes} [Fri Apr 17 12:08:16 2026] PUT /v2.0/routers/80033dde-2f7d-4925-9b03-055386920555/remove_router_interface => generated 197 bytes in 51 msecs (HTTP/1.1 404) 4 headers in 164 bytes (1 switches on core 0) [pid: 7|app: 0|req: 304/673] 10.0.0.225 () {32 vars in 736 bytes} [Fri Apr 17 12:08:16 2026] GET /v2.0/ports?device_id=80033dde-2f7d-4925-9b03-055386920555 => generated 12 bytes in 16 msecs (HTTP/1.1 200) 4 headers in 156 bytes (1 switches on core 0) [pid: 7|app: 0|req: 305/674] 10.0.0.225 () {32 vars in 724 bytes} [Fri Apr 17 12:08:16 2026] DELETE /v2.0/routers/80033dde-2f7d-4925-9b03-055386920555 => generated 0 bytes in 147 msecs (HTTP/1.1 204) 2 headers in 112 bytes (1 switches on core 0) [pid: 7|app: 0|req: 306/675] 10.0.0.225 () {32 vars in 724 bytes} [Fri Apr 17 12:08:16 2026] DELETE /v2.0/subnets/18fd0e36-8c37-41fd-80f9-45f3082b3ce0 => generated 0 bytes in 144 msecs (HTTP/1.1 204) 3 headers in 131 bytes (1 switches on core 0)
2026-04-17 12:08:16.894 8 INFO neutron.db.ovn_revision_numbers_db [None req-970f3eff-730f-4c26-8042-006365cd4512 - - - - - -] Successfully bumped revision number for resource c209825d-1a14-4a32-9568-ff525ae27e47 (type: ports) to 2
2026-04-17 12:08:16.919 8 INFO neutron.db.ovn_revision_numbers_db [None req-970f3eff-730f-4c26-8042-006365cd4512 - - - - - -] Successfully bumped revision number for resource 6c32bebd-ae37-4a64-8b98-bab6e67184db (type: subnets) to 0 [pid: 8|app: 0|req: 370/676] 10.0.0.225 () {34 vars in 669 bytes} [Fri Apr 17 12:08:16 2026] POST /v2.0/subnets => generated 626 bytes in 692 msecs (HTTP/1.1 201) 4 headers in 162 bytes (1 switches on core 0) [pid: 8|app: 0|req: 371/677] 199.204.45.222 () {34 vars in 986 bytes} [Fri Apr 17 12:08:16 2026] GET /v2.0/networks?id=1675dc75-a5ad-4b6e-b466-ef9b0921b672 => generated 713 bytes in 39 msecs (HTTP/1.1 200) 4 headers in 157 bytes (1 switches on core 0)
2026-04-17 12:08:16.989 7 INFO neutron_taas.services.taas.taas_plugin [None req-e3549ea8-db85-453a-90a0-3f4434442fcc 69b85ddbe18c463fa8649a84910aacdb 23a388fc8a5346028219ee4910fe63b0 - - default default] TaaS: Handle Delete Port: d3cfe92b-96c4-4589-912b-d65032ea9e68
2026-04-17 12:08:16.991 7 INFO neutron_taas.services.taas.tap_mirror_plugin [None req-e3549ea8-db85-453a-90a0-3f4434442fcc 69b85ddbe18c463fa8649a84910aacdb 23a388fc8a5346028219ee4910fe63b0 - - default default] Tap Mirror: Handle Delete Port: d3cfe92b-96c4-4589-912b-d65032ea9e68
2026-04-17 12:08:17.165 7 INFO neutron.services.segments.plugin [-] Segment 2fb8509b-8c41-4ccf-b32a-3e477cb508f9 resource provider aggregate not found
2026-04-17 12:08:17.174 7 INFO neutron.services.segments.plugin [-] Segment 2fb8509b-8c41-4ccf-b32a-3e477cb508f9 resource provider aggregate not found
2026-04-17 12:08:17.192 7 INFO neutron.services.segments.plugin [-] Segment 2fb8509b-8c41-4ccf-b32a-3e477cb508f9 resource provider not found; error: Placement Client Error (4xx): {"errors": [{"status": 404, "title": "Not Found", "detail": "The resource could not be found.\n\n No resource provider with uuid 2fb8509b-8c41-4ccf-b32a-3e477cb508f9 found for delete ", "request_id": "req-0a6c117a-4bc7-4edd-90cb-88e73d354d8a"}]}
2026-04-17 12:08:17.193 7 INFO neutron.services.segments.plugin [-] Segment 2fb8509b-8c41-4ccf-b32a-3e477cb508f9 resource provider not found; error: Placement Client Error (4xx): {"errors": [{"status": 404, "title": "Not Found", "detail": "The resource could not be found.\n\n No resource provider with uuid 2fb8509b-8c41-4ccf-b32a-3e477cb508f9 found for delete ", "request_id": "req-751ba3e8-201d-4c91-96bf-056b9325fde5"}]} [pid: 7|app: 0|req: 307/678] 10.0.0.225 () {32 vars in 726 bytes} [Fri Apr 17 12:08:16 2026] DELETE /v2.0/networks/12a6bf61-8922-4334-a24d-a2ffa0d06260 => generated 0 bytes in 333 msecs (HTTP/1.1 204) 3 headers in 131 bytes (1 switches on core 0) [pid: 7|app: 0|req: 308/679] 199.204.45.222 () {34 vars in 1050 bytes} [Fri Apr 17 12:08:17 2026] GET /v2.0/security-groups?fields=id&fields=name&tenant_id=ffcc39fe72cf47649985bce2b39473db => generated 180 bytes in 31 msecs (HTTP/1.1 200) 4 headers in 157 bytes (1 switches on core 0)
2026-04-17 12:08:17.294 8 WARNING neutron.scheduler.dhcp_agent_scheduler [None req-6aab2c27-aa48-48cb-a26d-1d969f8c3044 f255be55a644441ca5ab7c117abf85e3 cc00e249a2e7460080a41ad6d433a67f - - default default] No more DHCP agents
2026-04-17 12:08:17.295 8 WARNING neutron.api.rpc.agentnotifiers.dhcp_rpc_agent_api [None req-6aab2c27-aa48-48cb-a26d-1d969f8c3044 f255be55a644441ca5ab7c117abf85e3 cc00e249a2e7460080a41ad6d433a67f - - default default] Unable to schedule network e592d27f-10b8-43f1-a3b5-5135fcbeffde: no agents available; will retry on subsequent port and subnet creation events.
2026-04-17 12:08:17.342 7 INFO neutron.db.segments_db [None req-ccec52f8-bede-46fe-b880-06f730d86bfd 69b85ddbe18c463fa8649a84910aacdb 23a388fc8a5346028219ee4910fe63b0 - - default default] Added segment b6f02897-67ee-4c61-9339-3115c9c24b54 of type geneve for network 20ba92bb-7706-4c1f-83f6-bf865211abd6
2026-04-17 12:08:17.433 8 INFO neutron.db.ovn_revision_numbers_db [None req-6aab2c27-aa48-48cb-a26d-1d969f8c3044 f255be55a644441ca5ab7c117abf85e3 cc00e249a2e7460080a41ad6d433a67f - - default default] Successfully bumped revision number for resource a459549a-fc0e-4c47-8ae5-0e3fe2399ab5 (type: ports) to 1 [pid: 8|app: 0|req: 372/680] 10.0.0.225 () {34 vars in 665 bytes} [Fri Apr 17 12:08:16 2026] POST /v2.0/ports => generated 948 bytes in 486 msecs (HTTP/1.1 201) 4 headers in 162 bytes (1 switches on core 0) /var/lib/openstack/lib/python3.12/site-packages/pycadf/identifier.py:70: UserWarning: Invalid uuid: neutron. To ensure interoperability, identifiers should be a valid uuid. warnings.warn(('Invalid uuid: %s. To ensure interoperability, '
2026-04-17 12:08:17.503 7 INFO neutron.db.ovn_revision_numbers_db [None req-ccec52f8-bede-46fe-b880-06f730d86bfd 69b85ddbe18c463fa8649a84910aacdb 23a388fc8a5346028219ee4910fe63b0 - - default default] Successfully bumped revision number for resource 20ba92bb-7706-4c1f-83f6-bf865211abd6 (type: networks) to 1
2026-04-17 12:08:17.664 7 WARNING neutron.scheduler.dhcp_agent_scheduler [None req-ccec52f8-bede-46fe-b880-06f730d86bfd 69b85ddbe18c463fa8649a84910aacdb 23a388fc8a5346028219ee4910fe63b0 - - default default] No more DHCP agents
2026-04-17 12:08:17.665 7 WARNING neutron.api.rpc.agentnotifiers.dhcp_rpc_agent_api [None req-ccec52f8-bede-46fe-b880-06f730d86bfd 69b85ddbe18c463fa8649a84910aacdb 23a388fc8a5346028219ee4910fe63b0 - - default default] Unable to schedule network 20ba92bb-7706-4c1f-83f6-bf865211abd6: no agents available; will retry on subsequent port and subnet creation events.
2026-04-17 12:08:17.736 8 WARNING neutron.scheduler.dhcp_agent_scheduler [req-83b01f20-4b87-4e36-bcd8-3005db639155 req-b3bbf2a9-cd52-4678-99de-4e3ec71f0b20 07f83186c6414d0f8fc7e7a9231bf22f ffcc39fe72cf47649985bce2b39473db - - default default] No more DHCP agents
2026-04-17 12:08:17.738 8 WARNING neutron.api.rpc.agentnotifiers.dhcp_rpc_agent_api [req-83b01f20-4b87-4e36-bcd8-3005db639155 req-b3bbf2a9-cd52-4678-99de-4e3ec71f0b20 07f83186c6414d0f8fc7e7a9231bf22f ffcc39fe72cf47649985bce2b39473db - - default default] Unable to schedule network 1675dc75-a5ad-4b6e-b466-ef9b0921b672: no agents available; will retry on subsequent port and subnet creation events.
2026-04-17 12:08:17.744 7 INFO neutron.db.ovn_revision_numbers_db [None req-ccec52f8-bede-46fe-b880-06f730d86bfd 69b85ddbe18c463fa8649a84910aacdb 23a388fc8a5346028219ee4910fe63b0 - - default default] Successfully bumped revision number for resource e8156a0d-68bd-4992-a339-b6ea5178de7f (type: ports) to 1 [pid: 7|app: 0|req: 309/681] 10.0.0.225 () {34 vars in 670 bytes} [Fri Apr 17 12:08:17 2026] POST /v2.0/networks => generated 653 bytes in 525 msecs (HTTP/1.1 201) 4 headers in 162 bytes (1 switches on core 0)
2026-04-17 12:08:17.905 8 INFO neutron.db.ovn_revision_numbers_db [req-83b01f20-4b87-4e36-bcd8-3005db639155 req-b3bbf2a9-cd52-4678-99de-4e3ec71f0b20 07f83186c6414d0f8fc7e7a9231bf22f ffcc39fe72cf47649985bce2b39473db - - default default] Successfully bumped revision number for resource aa47a701-707b-48c6-834a-1484cdd6d725 (type: ports) to 1 [pid: 8|app: 0|req: 373/682] 199.204.45.222 () {38 vars in 955 bytes} [Fri Apr 17 12:08:17 2026] POST /v2.0/ports => generated 954 bytes in 506 msecs (HTTP/1.1 201) 4 headers in 162 bytes (1 switches on core 0) /var/lib/openstack/lib/python3.12/site-packages/pycadf/identifier.py:70: UserWarning: Invalid uuid: neutron. To ensure interoperability, identifiers should be a valid uuid. warnings.warn(('Invalid uuid: %s. To ensure interoperability, ' [pid: 8|app: 0|req: 374/683] 10.0.0.14 () {34 vars in 989 bytes} [Fri Apr 17 12:08:17 2026] GET /v2.0/ports?device_id=b1ca367a-4ec0-4995-a060-e3373cf9cf42 => generated 12 bytes in 21 msecs (HTTP/1.1 200) 4 headers in 156 bytes (1 switches on core 0)
2026-04-17 12:08:17.997 7 INFO neutron_taas.services.taas.taas_plugin [None req-5e310658-a254-48e9-91c3-e11a945005de f255be55a644441ca5ab7c117abf85e3 cc00e249a2e7460080a41ad6d433a67f - - default default] TaaS: Handle Delete Port: a459549a-fc0e-4c47-8ae5-0e3fe2399ab5
2026-04-17 12:08:18.001 7 INFO neutron_taas.services.taas.tap_mirror_plugin [None req-5e310658-a254-48e9-91c3-e11a945005de f255be55a644441ca5ab7c117abf85e3 cc00e249a2e7460080a41ad6d433a67f - - default default] Tap Mirror: Handle Delete Port: a459549a-fc0e-4c47-8ae5-0e3fe2399ab5 [pid: 8|app: 0|req: 375/684] 10.0.0.14 () {34 vars in 989 bytes} [Fri Apr 17 12:08:17 2026] GET /v2.0/ports?device_id=97934279-3d55-4e35-85e8-434e212674bf => generated 957 bytes in 44 msecs (HTTP/1.1 200) 4 headers in 157 bytes (1 switches on core 0) [pid: 7|app: 0|req: 310/685] 10.0.0.225 () {32 vars in 720 bytes} [Fri Apr 17 12:08:17 2026] DELETE /v2.0/ports/a459549a-fc0e-4c47-8ae5-0e3fe2399ab5 => generated 0 bytes in 361 msecs (HTTP/1.1 204) 3 headers in 131 bytes (1 switches on core 0)
2026-04-17 12:08:18.236 8 WARNING neutron.scheduler.dhcp_agent_scheduler [None req-26ea02c0-7d6d-4bda-8312-1ac66f60f9b9 69b85ddbe18c463fa8649a84910aacdb 23a388fc8a5346028219ee4910fe63b0 - - default default] No more DHCP agents
2026-04-17 12:08:18.238 8 WARNING neutron.api.rpc.agentnotifiers.dhcp_rpc_agent_api [None req-26ea02c0-7d6d-4bda-8312-1ac66f60f9b9 69b85ddbe18c463fa8649a84910aacdb 23a388fc8a5346028219ee4910fe63b0 - - default default] Unable to schedule network 20ba92bb-7706-4c1f-83f6-bf865211abd6: no agents available; will retry on subsequent port and subnet creation events.
2026-04-17 12:08:18.265 8 INFO neutron.db.ovn_revision_numbers_db [None req-26ea02c0-7d6d-4bda-8312-1ac66f60f9b9 69b85ddbe18c463fa8649a84910aacdb 23a388fc8a5346028219ee4910fe63b0 - - default default] Successfully bumped revision number for resource 329040b2-a580-4b39-87b2-9b9689a1e537 (type: subnets) to 0 [pid: 8|app: 0|req: 376/686] 10.0.0.225 () {34 vars in 669 bytes} [Fri Apr 17 12:08:18 2026] POST /v2.0/subnets => generated 646 bytes in 248 msecs (HTTP/1.1 201) 4 headers in 162 bytes (1 switches on core 0) [pid: 8|app: 0|req: 377/687] 10.0.0.14 () {34 vars in 1039 bytes} [Fri Apr 17 12:08:18 2026] GET /v2.0/security-groups?id=8942e744-0fcf-492d-aa07-10305f4e38eb&fields=id&fields=name => generated 113 bytes in 27 msecs (HTTP/1.1 200) 4 headers in 157 bytes (1 switches on core 0)
2026-04-17 12:08:18.322 8 INFO neutron.pecan_wsgi.hooks.translation [None req-9e8f1781-f4ea-4465-88da-db46bd1d504c f255be55a644441ca5ab7c117abf85e3 cc00e249a2e7460080a41ad6d433a67f - - default default] DELETE failed (client error): The resource could not be found. [pid: 8|app: 0|req: 378/688] 10.0.0.225 () {32 vars in 720 bytes} [Fri Apr 17 12:08:18 2026] DELETE /v2.0/ports/a459549a-fc0e-4c47-8ae5-0e3fe2399ab5 => generated 132 bytes in 15 msecs (HTTP/1.1 404) 4 headers in 164 bytes (1 switches on core 0)
2026-04-17 12:08:18.431 8 INFO neutron.db.ovn_revision_numbers_db [None req-c9dc5662-93ba-4a0a-aadc-3af6c4ea77c4 69b85ddbe18c463fa8649a84910aacdb 23a388fc8a5346028219ee4910fe63b0 - - default default] Successfully bumped revision number for resource e7a6e054-a52e-4c92-bcf8-05f5fb191dbc (type: routers) to 1 [pid: 8|app: 0|req: 379/689] 10.0.0.225 () {34 vars in 669 bytes} [Fri Apr 17 12:08:18 2026] POST /v2.0/routers => generated 606 bytes in 123 msecs (HTTP/1.1 201) 4 headers in 162 bytes (1 switches on core 0)
2026-04-17 12:08:18.463 8 INFO neutron.pecan_wsgi.hooks.translation [None req-4d09c56e-b9cb-4315-b207-61dd50c94075 f255be55a644441ca5ab7c117abf85e3 cc00e249a2e7460080a41ad6d433a67f - - default default] GET failed (client error): The resource could not be found. [pid: 8|app: 0|req: 380/690] 10.0.0.225 () {32 vars in 717 bytes} [Fri Apr 17 12:08:18 2026] GET /v2.0/ports/a459549a-fc0e-4c47-8ae5-0e3fe2399ab5 => generated 132 bytes in 16 msecs (HTTP/1.1 404) 4 headers in 164 bytes (1 switches on core 0)
2026-04-17 12:08:18.816 8 WARNING neutron.scheduler.dhcp_agent_scheduler [None req-543067df-cd19-47d2-a70d-8ff67bc6b424 69b85ddbe18c463fa8649a84910aacdb 23a388fc8a5346028219ee4910fe63b0 - - default default] No more DHCP agents
2026-04-17 12:08:18.817 8 WARNING neutron.api.rpc.agentnotifiers.dhcp_rpc_agent_api [None req-543067df-cd19-47d2-a70d-8ff67bc6b424 69b85ddbe18c463fa8649a84910aacdb 23a388fc8a5346028219ee4910fe63b0 - - default default] Unable to schedule network 20ba92bb-7706-4c1f-83f6-bf865211abd6: no agents available; will retry on subsequent port and subnet creation events.
2026-04-17 12:08:18.915 8 INFO neutron.db.ovn_revision_numbers_db [None req-543067df-cd19-47d2-a70d-8ff67bc6b424 69b85ddbe18c463fa8649a84910aacdb 23a388fc8a5346028219ee4910fe63b0 - - default default] Successfully bumped revision number for resource db5e48c8-4f52-4463-8874-d6e9e2fb5aca (type: ports) to 1
2026-04-17 12:08:19.006 7 INFO neutron.db.ovn_revision_numbers_db [req-83b01f20-4b87-4e36-bcd8-3005db639155 req-aa4c945f-7953-43df-afd4-d5dde106230a a07775eaec1e494ca3034c90cc9676f5 52e0b9959f3f435fb33e1f33ba6c0cb8 - - 19c2fc3cad2c4d418abfa4c50a7cacec 19c2fc3cad2c4d418abfa4c50a7cacec] Successfully bumped revision number for resource aa47a701-707b-48c6-834a-1484cdd6d725 (type: ports) to 2
2026-04-17 12:08:19.130 8 WARNING neutron.plugins.ml2.drivers.ovn.mech_driver.ovsdb.ovn_client [None req-fd87a844-0abe-4e3e-a84b-ef65ceabf18c - - - - - -] No hosting information found for port 486e3296-1efc-4bf8-8a2f-ad150b391a5f: RuntimeError: No hosting information found for port 486e3296-1efc-4bf8-8a2f-ad150b391a5f
2026-04-17 12:08:19.132 8 INFO neutron.plugins.ml2.drivers.ovn.mech_driver.mech_driver [None req-fd87a844-0abe-4e3e-a84b-ef65ceabf18c - - - - - -] OVN reports status down for port: c5b4ba66-be95-409c-be67-b72aeee4b205
2026-04-17 12:08:19.240 7 INFO neutron.db.ovn_revision_numbers_db [req-83b01f20-4b87-4e36-bcd8-3005db639155 req-aa4c945f-7953-43df-afd4-d5dde106230a a07775eaec1e494ca3034c90cc9676f5 52e0b9959f3f435fb33e1f33ba6c0cb8 - - 19c2fc3cad2c4d418abfa4c50a7cacec 19c2fc3cad2c4d418abfa4c50a7cacec] Successfully bumped revision number for resource aa47a701-707b-48c6-834a-1484cdd6d725 (type: ports) to 4 [pid: 7|app: 0|req: 311/691] 199.204.45.222 () {38 vars in 1028 bytes} [Fri Apr 17 12:08:18 2026] PUT /v2.0/ports/aa47a701-707b-48c6-834a-1484cdd6d725 => generated 1204 bytes in 1118 msecs (HTTP/1.1 200) 4 headers in 158 bytes (1 switches on core 0) /var/lib/openstack/lib/python3.12/site-packages/pycadf/identifier.py:70: UserWarning: Invalid uuid: neutron. To ensure interoperability, identifiers should be a valid uuid. warnings.warn(('Invalid uuid: %s. To ensure interoperability, '
2026-04-17 12:08:19.305 8 INFO neutron.db.ovn_revision_numbers_db [None req-fd87a844-0abe-4e3e-a84b-ef65ceabf18c - - - - - -] Successfully bumped revision number for resource 486e3296-1efc-4bf8-8a2f-ad150b391a5f (type: router_ports) to 2
2026-04-17 12:08:19.306 8 INFO neutron.plugins.ml2.drivers.ovn.mech_driver.mech_driver [None req-fd87a844-0abe-4e3e-a84b-ef65ceabf18c - - - - - -] OVN reports status down for port: 526495a8-c51e-46ae-ad78-7b553338f9cd
2026-04-17 12:08:19.308 7 INFO neutron.notifiers.nova [-] Nova event matching ['req-f4adfec8-0d07-41af-9c2e-971e1ffe2a9b'] response: {'name': 'network-changed', 'server_uuid': '97934279-3d55-4e35-85e8-434e212674bf', 'tag': 'aa47a701-707b-48c6-834a-1484cdd6d725', 'status': 'completed', 'code': 200}
2026-04-17 12:08:19.394 7 WARNING neutron.plugins.ml2.drivers.ovn.mech_driver.ovsdb.ovn_client [None req-f5d6c596-d922-4e99-9866-767108a0d50b - - - - - -] No port found with ID 89937d3f-c618-4e05-902a-605afcc388aa: RuntimeError: No port found with ID 89937d3f-c618-4e05-902a-605afcc388aa
2026-04-17 12:08:19.409 8 INFO neutron.plugins.ml2.drivers.ovn.mech_driver.mech_driver [None req-fd87a844-0abe-4e3e-a84b-ef65ceabf18c - - - - - -] OVN reports status down for port: ccd0ce06-4c46-4eb8-b62c-27ed421fba6c [pid: 7|app: 0|req: 312/692] 10.0.0.225 () {32 vars in 724 bytes} [Fri Apr 17 12:08:19 2026] DELETE /v2.0/subnets/6c32bebd-ae37-4a64-8b98-bab6e67184db => generated 0 bytes in 218 msecs (HTTP/1.1 204) 3 headers in 131 bytes (1 switches on core 0) /var/lib/openstack/lib/python3.12/site-packages/pycadf/identifier.py:70: UserWarning: Invalid uuid: neutron. To ensure interoperability, identifiers should be a valid uuid. warnings.warn(('Invalid uuid: %s. To ensure interoperability, ' [pid: 7|app: 0|req: 313/693] 10.0.0.14 () {34 vars in 989 bytes} [Fri Apr 17 12:08:19 2026] GET /v2.0/ports?device_id=b1ca367a-4ec0-4995-a060-e3373cf9cf42 => generated 12 bytes in 22 msecs (HTTP/1.1 200) 4 headers in 156 bytes (1 switches on core 0)
2026-04-17 12:08:19.530 8 INFO neutron.plugins.ml2.drivers.ovn.mech_driver.mech_driver [None req-fd87a844-0abe-4e3e-a84b-ef65ceabf18c - - - - - -] OVN reports status down for port: 6669225f-b1c8-4898-bf6d-c7b8746ecddc [pid: 7|app: 0|req: 314/694] 10.0.0.14 () {34 vars in 989 bytes} [Fri Apr 17 12:08:19 2026] GET /v2.0/ports?device_id=97934279-3d55-4e35-85e8-434e212674bf => generated 969 bytes in 76 msecs (HTTP/1.1 200) 4 headers in 157 bytes (1 switches on core 0)
2026-04-17 12:08:19.653 8 INFO neutron.plugins.ml2.drivers.ovn.mech_driver.mech_driver [None req-fd87a844-0abe-4e3e-a84b-ef65ceabf18c - - - - - -] OVN reports status down for port: c209825d-1a14-4a32-9568-ff525ae27e47
2026-04-17 12:08:19.720 7 INFO neutron_taas.services.taas.taas_plugin [None req-ed9958c9-8d3b-472d-8cce-0a112ae8bdd8 f255be55a644441ca5ab7c117abf85e3 cc00e249a2e7460080a41ad6d433a67f - - default default] TaaS: Handle Delete Port: c209825d-1a14-4a32-9568-ff525ae27e47
2026-04-17 12:08:19.721 8 WARNING neutron.scheduler.dhcp_agent_scheduler [None req-543067df-cd19-47d2-a70d-8ff67bc6b424 69b85ddbe18c463fa8649a84910aacdb 23a388fc8a5346028219ee4910fe63b0 - - default default] No more DHCP agents
2026-04-17 12:08:19.723 7 INFO neutron_taas.services.taas.tap_mirror_plugin [None req-ed9958c9-8d3b-472d-8cce-0a112ae8bdd8 f255be55a644441ca5ab7c117abf85e3 cc00e249a2e7460080a41ad6d433a67f - - default default] Tap Mirror: Handle Delete Port: c209825d-1a14-4a32-9568-ff525ae27e47
2026-04-17 12:08:19.729 8 WARNING neutron.api.rpc.agentnotifiers.dhcp_rpc_agent_api [None req-543067df-cd19-47d2-a70d-8ff67bc6b424 69b85ddbe18c463fa8649a84910aacdb 23a388fc8a5346028219ee4910fe63b0 - - default default] Unable to schedule network 20ba92bb-7706-4c1f-83f6-bf865211abd6: no agents available; will retry on subsequent port and subnet creation events.
2026-04-17 12:08:19.756 8 INFO neutron.plugins.ml2.drivers.ovn.mech_driver.mech_driver [None req-fd87a844-0abe-4e3e-a84b-ef65ceabf18c - - - - - -] OVN reports status down for port: a459549a-fc0e-4c47-8ae5-0e3fe2399ab5
2026-04-17 12:08:19.768 8 INFO neutron.plugins.ml2.drivers.ovn.mech_driver.mech_driver [None req-fd87a844-0abe-4e3e-a84b-ef65ceabf18c - - - - - -] OVN reports status down for port: e8156a0d-68bd-4992-a339-b6ea5178de7f
2026-04-17 12:08:19.884 8 INFO neutron.plugins.ml2.drivers.ovn.mech_driver.mech_driver [None req-fd87a844-0abe-4e3e-a84b-ef65ceabf18c - - - - - -] OVN reports status down for port: aa47a701-707b-48c6-834a-1484cdd6d725
2026-04-17 12:08:19.912 7 INFO neutron.services.segments.plugin [-] Segment be69eeed-e260-44cd-b1fe-a984e23dbdd4 resource provider aggregate not found
2026-04-17 12:08:19.915 7 INFO neutron.services.segments.plugin [-] Segment be69eeed-e260-44cd-b1fe-a984e23dbdd4 resource provider aggregate not found
2026-04-17 12:08:19.927 7 INFO neutron.services.segments.plugin [-] Segment be69eeed-e260-44cd-b1fe-a984e23dbdd4 resource provider not found; error: Placement Client Error (4xx): {"errors": [{"status": 404, "title": "Not Found", "detail": "The resource could not be found.\n\n No resource provider with uuid be69eeed-e260-44cd-b1fe-a984e23dbdd4 found for delete ", "request_id": "req-f7c194d8-a22a-4a5b-a71e-5f36679defeb"}]}
2026-04-17 12:08:19.934 7 INFO neutron.services.segments.plugin [-] Segment be69eeed-e260-44cd-b1fe-a984e23dbdd4 resource provider not found; error: Placement Client Error (4xx): {"errors": [{"status": 404, "title": "Not Found", "detail": "The resource could not be found.\n\n No resource provider with uuid be69eeed-e260-44cd-b1fe-a984e23dbdd4 found for delete ", "request_id": "req-74d7fb1f-1762-4462-8dce-4cf57e89853a"}]} [pid: 7|app: 0|req: 315/695] 10.0.0.225 () {32 vars in 726 bytes} [Fri Apr 17 12:08:19 2026] DELETE /v2.0/networks/e592d27f-10b8-43f1-a3b5-5135fcbeffde => generated 0 bytes in 388 msecs (HTTP/1.1 204) 3 headers in 131 bytes (1 switches on core 0) [pid: 7|app: 0|req: 316/696] 10.0.0.14 () {34 vars in 1039 bytes} [Fri Apr 17 12:08:19 2026] GET /v2.0/security-groups?id=8942e744-0fcf-492d-aa07-10305f4e38eb&fields=id&fields=name => generated 113 bytes in 50 msecs (HTTP/1.1 200) 4 headers in 157 bytes (1 switches on core 0)
2026-04-17 12:08:20.031 8 INFO neutron.plugins.ml2.drivers.ovn.mech_driver.mech_driver [None req-fd87a844-0abe-4e3e-a84b-ef65ceabf18c - - - - - -] OVN reports status down for port: db5e48c8-4f52-4463-8874-d6e9e2fb5aca
2026-04-17 12:08:20.046 8 INFO neutron.notifiers.nova [-] Nova event matching ['req-7c90c7ec-5270-4a27-acef-07278c27cd12'] response: {'server_uuid': '97934279-3d55-4e35-85e8-434e212674bf', 'name': 'network-vif-unplugged', 'status': 'completed', 'tag': 'aa47a701-707b-48c6-834a-1484cdd6d725', 'code': 200} [pid: 7|app: 0|req: 317/697] 199.204.45.222 () {34 vars in 1080 bytes} [Fri Apr 17 12:08:20 2026] GET /v2.0/ports?tenant_id=ffcc39fe72cf47649985bce2b39473db&device_id=97934279-3d55-4e35-85e8-434e212674bf => generated 1207 bytes in 45 msecs (HTTP/1.1 200) 4 headers in 158 bytes (1 switches on core 0)
2026-04-17 12:08:20.090 8 INFO neutron.db.ovn_revision_numbers_db [None req-543067df-cd19-47d2-a70d-8ff67bc6b424 69b85ddbe18c463fa8649a84910aacdb 23a388fc8a5346028219ee4910fe63b0 - - default default] Successfully bumped revision number for resource db5e48c8-4f52-4463-8874-d6e9e2fb5aca (type: router_ports) to 1 [pid: 8|app: 0|req: 381/698] 10.0.0.225 () {34 vars in 783 bytes} [Fri Apr 17 12:08:18 2026] PUT /v2.0/routers/e7a6e054-a52e-4c92-bcf8-05f5fb191dbc/add_router_interface => generated 309 bytes in 1634 msecs (HTTP/1.1 200) 4 headers in 157 bytes (1 switches on core 0)
2026-04-17 12:08:20.139 8 WARNING neutron.plugins.ml2.drivers.ovn.mech_driver.ovsdb.ovn_client [None req-fd87a844-0abe-4e3e-a84b-ef65ceabf18c - - - - - -] Logical_Switch_Port %s host information not removed, the port state is up
2026-04-17 12:08:20.140 8 INFO neutron.plugins.ml2.drivers.ovn.mech_driver.mech_driver [None req-fd87a844-0abe-4e3e-a84b-ef65ceabf18c - - - - - -] OVN reports status up for port: db5e48c8-4f52-4463-8874-d6e9e2fb5aca
2026-04-17 12:08:20.163 8 INFO neutron.plugins.ml2.plugin [None req-fd87a844-0abe-4e3e-a84b-ef65ceabf18c - - - - - -] Attempt 1 to provision port db5e48c8-4f52-4463-8874-d6e9e2fb5aca
2026-04-17 12:08:20.164 7 INFO neutron.db.segments_db [None req-39fb764a-0aa1-44b0-8aa3-9e368e09ad1b f255be55a644441ca5ab7c117abf85e3 cc00e249a2e7460080a41ad6d433a67f - - default default] Added segment 7c015e9e-dd0d-4856-b3c4-dd75ba6a3617 of type geneve for network 4ab40cc2-4fc9-4677-b09c-dda1b82a1228 [pid: 8|app: 0|req: 382/699] 199.204.45.222 () {34 vars in 1018 bytes} [Fri Apr 17 12:08:20 2026] GET /v2.0/networks?tenant_id=ffcc39fe72cf47649985bce2b39473db&shared=False => generated 812 bytes in 67 msecs (HTTP/1.1 200) 4 headers in 157 bytes (1 switches on core 0) [pid: 8|app: 0|req: 383/700] 10.0.0.225 () {32 vars in 717 bytes} [Fri Apr 17 12:08:20 2026] GET /v2.0/ports/db5e48c8-4f52-4463-8874-d6e9e2fb5aca => generated 945 bytes in 64 msecs (HTTP/1.1 200) 4 headers in 157 bytes (1 switches on core 0)
2026-04-17 12:08:20.287 7 INFO neutron.db.ovn_revision_numbers_db [None req-39fb764a-0aa1-44b0-8aa3-9e368e09ad1b f255be55a644441ca5ab7c117abf85e3 cc00e249a2e7460080a41ad6d433a67f - - default default] Successfully bumped revision number for resource 4ab40cc2-4fc9-4677-b09c-dda1b82a1228 (type: networks) to 1 [pid: 8|app: 0|req: 384/701] 199.204.45.222 () {34 vars in 930 bytes} [Fri Apr 17 12:08:20 2026] GET /v2.0/networks?shared=True => generated 791 bytes in 86 msecs (HTTP/1.1 200) 4 headers in 157 bytes (1 switches on core 0) [pid: 8|app: 0|req: 385/702] 10.0.0.225 () {32 vars in 717 bytes} [Fri Apr 17 12:08:20 2026] GET /v2.0/ports/db5e48c8-4f52-4463-8874-d6e9e2fb5aca => generated 945 bytes in 97 msecs (HTTP/1.1 200) 4 headers in 157 bytes (1 switches on core 0)
2026-04-17 12:08:20.488 7 WARNING neutron.scheduler.dhcp_agent_scheduler [None req-39fb764a-0aa1-44b0-8aa3-9e368e09ad1b f255be55a644441ca5ab7c117abf85e3 cc00e249a2e7460080a41ad6d433a67f - - default default] No more DHCP agents
2026-04-17 12:08:20.490 7 WARNING neutron.api.rpc.agentnotifiers.dhcp_rpc_agent_api [None req-39fb764a-0aa1-44b0-8aa3-9e368e09ad1b f255be55a644441ca5ab7c117abf85e3 cc00e249a2e7460080a41ad6d433a67f - - default default] Unable to schedule network 4ab40cc2-4fc9-4677-b09c-dda1b82a1228: no agents available; will retry on subsequent port and subnet creation events.
2026-04-17 12:08:20.576 7 INFO neutron.plugins.ml2.drivers.ovn.mech_driver.mech_driver [None req-f5d6c596-d922-4e99-9866-767108a0d50b - - - - - -] OVN reports status down for port: b826af71-7001-4fcc-a04a-2a809ca56299
2026-04-17 12:08:20.658 7 INFO neutron.db.ovn_revision_numbers_db [None req-39fb764a-0aa1-44b0-8aa3-9e368e09ad1b f255be55a644441ca5ab7c117abf85e3 cc00e249a2e7460080a41ad6d433a67f - - default default] Successfully bumped revision number for resource b826af71-7001-4fcc-a04a-2a809ca56299 (type: ports) to 1
2026-04-17 12:08:20.705 8 INFO neutron.db.ovn_revision_numbers_db [None req-fd87a844-0abe-4e3e-a84b-ef65ceabf18c - - - - - -] Successfully bumped revision number for resource db5e48c8-4f52-4463-8874-d6e9e2fb5aca (type: ports) to 2 [pid: 7|app: 0|req: 318/703] 10.0.0.225 () {34 vars in 670 bytes} [Fri Apr 17 12:08:20 2026] POST /v2.0/networks => generated 651 bytes in 658 msecs (HTTP/1.1 201) 4 headers in 162 bytes (1 switches on core 0) [pid: 8|app: 0|req: 386/704] 10.0.0.225 () {32 vars in 740 bytes} [Fri Apr 17 12:08:20 2026] DELETE /v2.0/security-groups/8e405336-3c01-4a3f-8103-c5abb27b616a => generated 0 bytes in 176 msecs (HTTP/1.1 204) 2 headers in 112 bytes (1 switches on core 0)
2026-04-17 12:08:20.814 8 INFO neutron.api.v2.resource [None req-9faf78a9-83e3-4a9b-9f8b-6ba78cef4e07 24bff1b536a54f6ead2563deff3d3729 9a65aa19516741e393f24cfab8fce08c - - default default] show failed (client error): The resource could not be found. [pid: 8|app: 0|req: 387/705] 10.0.0.225 () {32 vars in 737 bytes} [Fri Apr 17 12:08:20 2026] GET /v2.0/security-groups/8e405336-3c01-4a3f-8103-c5abb27b616a => generated 146 bytes in 9 msecs (HTTP/1.1 404) 4 headers in 164 bytes (1 switches on core 0)
2026-04-17 12:08:20.932 8 INFO neutron_taas.services.taas.taas_plugin [None req-57655b7a-3620-4978-b1c0-3609ea60e8b1 24bff1b536a54f6ead2563deff3d3729 9a65aa19516741e393f24cfab8fce08c - - default default] TaaS: Handle Delete Port: 65baadf6-010d-4e5b-9ba8-44409c373b97
2026-04-17 12:08:20.934 7 WARNING neutron.scheduler.dhcp_agent_scheduler [None req-866e3fa0-1a69-44b9-ad55-7eee805598b7 f255be55a644441ca5ab7c117abf85e3 cc00e249a2e7460080a41ad6d433a67f - - default default] No more DHCP agents
2026-04-17 12:08:20.935 8 INFO neutron_taas.services.taas.tap_mirror_plugin [None req-57655b7a-3620-4978-b1c0-3609ea60e8b1 24bff1b536a54f6ead2563deff3d3729 9a65aa19516741e393f24cfab8fce08c - - default default] Tap Mirror: Handle Delete Port: 65baadf6-010d-4e5b-9ba8-44409c373b97
2026-04-17 12:08:20.936 7 WARNING neutron.api.rpc.agentnotifiers.dhcp_rpc_agent_api [None req-866e3fa0-1a69-44b9-ad55-7eee805598b7 f255be55a644441ca5ab7c117abf85e3 cc00e249a2e7460080a41ad6d433a67f - - default default] Unable to schedule network 4ab40cc2-4fc9-4677-b09c-dda1b82a1228: no agents available; will retry on subsequent port and subnet creation events. [pid: 8|app: 0|req: 388/706] 10.0.0.225 () {32 vars in 732 bytes} [Fri Apr 17 12:08:20 2026] DELETE /v2.0/floatingips/7a5d8789-0ed2-4990-923c-94e019d04be2 => generated 0 bytes in 319 msecs (HTTP/1.1 204) 2 headers in 112 bytes (1 switches on core 0) [pid: 8|app: 0|req: 389/707] 10.0.0.14 () {34 vars in 989 bytes} [Fri Apr 17 12:08:21 2026] GET /v2.0/ports?device_id=97934279-3d55-4e35-85e8-434e212674bf => generated 969 bytes in 34 msecs (HTTP/1.1 200) 4 headers in 157 bytes (1 switches on core 0) [pid: 8|app: 0|req: 390/708] 10.0.0.14 () {34 vars in 1039 bytes} [Fri Apr 17 12:08:21 2026] GET /v2.0/security-groups?id=8942e744-0fcf-492d-aa07-10305f4e38eb&fields=id&fields=name => generated 113 bytes in 36 msecs (HTTP/1.1 200) 4 headers in 157 bytes (1 switches on core 0)
2026-04-17 12:08:21.385 7 INFO neutron.db.ovn_revision_numbers_db [None req-cfc3d316-8b8f-4040-9631-d86166817fe8 - - - - - -] Successfully bumped revision number for resource b826af71-7001-4fcc-a04a-2a809ca56299 (type: ports) to 2
2026-04-17 12:08:21.425 7 INFO neutron.db.ovn_revision_numbers_db [None req-cfc3d316-8b8f-4040-9631-d86166817fe8 - - - - - -] Successfully bumped revision number for resource 658387bd-f373-44d1-bda5-c5d8b9cf1c28 (type: subnets) to 0 [pid: 7|app: 0|req: 319/709] 10.0.0.225 () {34 vars in 669 bytes} [Fri Apr 17 12:08:20 2026] POST /v2.0/subnets => generated 626 bytes in 707 msecs (HTTP/1.1 201) 4 headers in 162 bytes (1 switches on core 0) [pid: 7|app: 0|req: 320/710] 199.204.45.222 () {34 vars in 1080 bytes} [Fri Apr 17 12:08:21 2026] GET /v2.0/ports?tenant_id=ffcc39fe72cf47649985bce2b39473db&device_id=97934279-3d55-4e35-85e8-434e212674bf => generated 1207 bytes in 47 msecs (HTTP/1.1 200) 4 headers in 158 bytes (1 switches on core 0)
2026-04-17 12:08:21.523 8 INFO neutron_taas.services.taas.taas_plugin [None req-698e679a-000e-42df-988a-63281791a017 c57585c60bb0452b8fd111e09b870781 67affd8763f64ea1823846d167f7a80c - - default default] TaaS: Handle Delete Port: 6fbe930a-e07c-4881-a110-7bd95c47dbd0
2026-04-17 12:08:21.525 8 INFO neutron_taas.services.taas.tap_mirror_plugin [None req-698e679a-000e-42df-988a-63281791a017 c57585c60bb0452b8fd111e09b870781 67affd8763f64ea1823846d167f7a80c - - default default] Tap Mirror: Handle Delete Port: 6fbe930a-e07c-4881-a110-7bd95c47dbd0 [pid: 7|app: 0|req: 321/711] 10.0.0.225 () {32 vars in 717 bytes} [Fri Apr 17 12:08:21 2026] GET /v2.0/ports/db5e48c8-4f52-4463-8874-d6e9e2fb5aca => generated 947 bytes in 67 msecs (HTTP/1.1 200) 4 headers in 157 bytes (1 switches on core 0)
2026-04-17 12:08:21.811 7 WARNING neutron.scheduler.dhcp_agent_scheduler [None req-11347499-8453-4b4a-9f68-a33aff3a41eb f255be55a644441ca5ab7c117abf85e3 cc00e249a2e7460080a41ad6d433a67f - - default default] No more DHCP agents
2026-04-17 12:08:21.812 7 WARNING neutron.api.rpc.agentnotifiers.dhcp_rpc_agent_api [None req-11347499-8453-4b4a-9f68-a33aff3a41eb f255be55a644441ca5ab7c117abf85e3 cc00e249a2e7460080a41ad6d433a67f - - default default] Unable to schedule network 4ab40cc2-4fc9-4677-b09c-dda1b82a1228: no agents available; will retry on subsequent port and subnet creation events.
2026-04-17 12:08:21.927 7 INFO neutron.plugins.ml2.drivers.ovn.mech_driver.mech_driver [None req-f5d6c596-d922-4e99-9866-767108a0d50b - - - - - -] OVN reports status down for port: c59f2da1-e225-4cbe-8882-a9f1fba6e465
