Apr 12 17:51:41.892961 np0000165276 nova-conductor[111564]: DEBUG cotyledon.oslo_config_glue [-] vmware.pbm_default_policy = None {{(pid=111564) log_opt_values /opt/stack/data/venv/lib/python3.12/site-packages/oslo_config/cfg.py:3006}}
Apr 12 17:51:41.892961 np0000165276 nova-conductor[111564]: DEBUG cotyledon.oslo_config_glue [-] vmware.pbm_enabled = False {{(pid=111564) log_opt_values /opt/stack/data/venv/lib/python3.12/site-packages/oslo_config/cfg.py:3006}}
Apr 12 17:51:41.892961 np0000165276 nova-conductor[111564]: DEBUG cotyledon.oslo_config_glue [-] vmware.pbm_wsdl_location = None {{(pid=111564) log_opt_values /opt/stack/data/venv/lib/python3.12/site-packages/oslo_config/cfg.py:3006}}
Apr 12 17:51:41.892961 np0000165276 nova-conductor[111564]: DEBUG cotyledon.oslo_config_glue [-] vmware.serial_log_dir = /opt/vmware/vspc {{(pid=111564) log_opt_values /opt/stack/data/venv/lib/python3.12/site-packages/oslo_config/cfg.py:3006}}
Apr 12 17:51:41.892961 np0000165276 nova-conductor[111564]: DEBUG cotyledon.oslo_config_glue [-] vmware.serial_port_proxy_uri = None {{(pid=111564) log_opt_values /opt/stack/data/venv/lib/python3.12/site-packages/oslo_config/cfg.py:3006}}
Apr 12 17:51:41.892961 np0000165276 nova-conductor[111564]: DEBUG cotyledon.oslo_config_glue [-] vmware.serial_port_service_uri = None {{(pid=111564) log_opt_values /opt/stack/data/venv/lib/python3.12/site-packages/oslo_config/cfg.py:3006}}
Apr 12 17:51:41.893177 np0000165276 nova-conductor[111564]: DEBUG cotyledon.oslo_config_glue [-] vmware.task_poll_interval = 0.5 {{(pid=111564) log_opt_values /opt/stack/data/venv/lib/python3.12/site-packages/oslo_config/cfg.py:3006}}
Apr 12 17:51:41.893177 np0000165276 nova-conductor[111564]: DEBUG cotyledon.oslo_config_glue [-] vmware.use_linked_clone = True {{(pid=111564) log_opt_values /opt/stack/data/venv/lib/python3.12/site-packages/oslo_config/cfg.py:3006}}
Apr 12 17:51:41.893177 np0000165276 nova-conductor[111564]: DEBUG cotyledon.oslo_config_glue [-] vmware.vnc_keymap = en-us {{(pid=111564) log_opt_values /opt/stack/data/venv/lib/python3.12/site-packages/oslo_config/cfg.py:3006}}
Apr 12 17:51:41.893177 np0000165276 nova-conductor[111564]: DEBUG cotyledon.oslo_config_glue [-] vmware.vnc_port = 5900 {{(pid=111564) log_opt_values /opt/stack/data/venv/lib/python3.12/site-packages/oslo_config/cfg.py:3006}}
Apr 12 17:51:41.893177 np0000165276 nova-conductor[111564]: DEBUG cotyledon.oslo_config_glue [-] vmware.vnc_port_total = 10000 {{(pid=111564) log_opt_values /opt/stack/data/venv/lib/python3.12/site-packages/oslo_config/cfg.py:3006}}
Apr 12 17:51:41.893177 np0000165276 nova-conductor[111564]: DEBUG cotyledon.oslo_config_glue [-] vnc.auth_schemes = ['none'] {{(pid=111564) log_opt_values /opt/stack/data/venv/lib/python3.12/site-packages/oslo_config/cfg.py:3006}}
Apr 12 17:51:41.893177 np0000165276 nova-conductor[111564]: DEBUG cotyledon.oslo_config_glue [-] vnc.enabled = True {{(pid=111564) log_opt_values /opt/stack/data/venv/lib/python3.12/site-packages/oslo_config/cfg.py:3006}}
Apr 12 17:51:41.893177 np0000165276 nova-conductor[111564]: DEBUG cotyledon.oslo_config_glue [-] vnc.novncproxy_base_url = http://127.0.0.1:6080/vnc_auto.html {{(pid=111564) log_opt_values /opt/stack/data/venv/lib/python3.12/site-packages/oslo_config/cfg.py:3006}}
Apr 12 17:51:41.893177 np0000165276 nova-conductor[111564]: DEBUG cotyledon.oslo_config_glue [-] vnc.novncproxy_host = 0.0.0.0 {{(pid=111564) log_opt_values /opt/stack/data/venv/lib/python3.12/site-packages/oslo_config/cfg.py:3006}}
Apr 12 17:51:41.893395 np0000165276 nova-conductor[111564]: DEBUG cotyledon.oslo_config_glue [-] vnc.novncproxy_port = 6080 {{(pid=111564) log_opt_values /opt/stack/data/venv/lib/python3.12/site-packages/oslo_config/cfg.py:3006}}
Apr 12 17:51:41.893395 np0000165276 nova-conductor[111564]: DEBUG cotyledon.oslo_config_glue [-] vnc.server_listen = 127.0.0.1 {{(pid=111564) log_opt_values /opt/stack/data/venv/lib/python3.12/site-packages/oslo_config/cfg.py:3006}}
Apr 12 17:51:41.893395 np0000165276 nova-conductor[111564]: DEBUG cotyledon.oslo_config_glue [-] vnc.server_proxyclient_address = 127.0.0.1 {{(pid=111564) log_opt_values /opt/stack/data/venv/lib/python3.12/site-packages/oslo_config/cfg.py:3006}}
Apr 12 17:51:41.893395 np0000165276 nova-conductor[111564]: DEBUG cotyledon.oslo_config_glue [-] vnc.vencrypt_ca_certs = None {{(pid=111564) log_opt_values /opt/stack/data/venv/lib/python3.12/site-packages/oslo_config/cfg.py:3006}}
Apr 12 17:51:41.893395 np0000165276 nova-conductor[111564]: DEBUG cotyledon.oslo_config_glue [-] vnc.vencrypt_client_cert = None {{(pid=111564) log_opt_values /opt/stack/data/venv/lib/python3.12/site-packages/oslo_config/cfg.py:3006}}
Apr 12 17:51:41.893395 np0000165276 nova-conductor[111564]: DEBUG cotyledon.oslo_config_glue [-] vnc.vencrypt_client_key = None {{(pid=111564) log_opt_values /opt/stack/data/venv/lib/python3.12/site-packages/oslo_config/cfg.py:3006}}
Apr 12 17:51:41.893395 np0000165276 nova-conductor[111564]: DEBUG cotyledon.oslo_config_glue [-] workarounds.disable_compute_service_check_for_ffu = False {{(pid=111564) log_opt_values /opt/stack/data/venv/lib/python3.12/site-packages/oslo_config/cfg.py:3006}}
Apr 12 17:51:41.893395 np0000165276 nova-conductor[111564]: DEBUG cotyledon.oslo_config_glue [-] workarounds.disable_deep_image_inspection = False {{(pid=111564) log_opt_values /opt/stack/data/venv/lib/python3.12/site-packages/oslo_config/cfg.py:3006}}
Apr 12 17:51:41.893395 np0000165276 nova-conductor[111564]: DEBUG cotyledon.oslo_config_glue [-] workarounds.disable_fallback_pcpu_query = False {{(pid=111564) log_opt_values /opt/stack/data/venv/lib/python3.12/site-packages/oslo_config/cfg.py:3006}}
Apr 12 17:51:41.893619 np0000165276 nova-conductor[111564]: DEBUG cotyledon.oslo_config_glue [-] workarounds.disable_group_policy_check_upcall = False {{(pid=111564) log_opt_values /opt/stack/data/venv/lib/python3.12/site-packages/oslo_config/cfg.py:3006}}
Apr 12 17:51:41.893619 np0000165276 nova-conductor[111564]: DEBUG cotyledon.oslo_config_glue [-] workarounds.disable_libvirt_livesnapshot = False {{(pid=111564) log_opt_values /opt/stack/data/venv/lib/python3.12/site-packages/oslo_config/cfg.py:3006}}
Apr 12 17:51:41.893619 np0000165276 nova-conductor[111564]: DEBUG cotyledon.oslo_config_glue [-] workarounds.disable_rootwrap = False {{(pid=111564) log_opt_values /opt/stack/data/venv/lib/python3.12/site-packages/oslo_config/cfg.py:3006}}
Apr 12 17:51:41.893619 np0000165276 nova-conductor[111564]: DEBUG cotyledon.oslo_config_glue [-] workarounds.enable_numa_live_migration = False {{(pid=111564) log_opt_values /opt/stack/data/venv/lib/python3.12/site-packages/oslo_config/cfg.py:3006}}
Apr 12 17:51:41.893619 np0000165276 nova-conductor[111564]: DEBUG cotyledon.oslo_config_glue [-] workarounds.enable_qemu_monitor_announce_self = False {{(pid=111564) log_opt_values /opt/stack/data/venv/lib/python3.12/site-packages/oslo_config/cfg.py:3006}}
Apr 12 17:51:41.893619 np0000165276 nova-conductor[111564]: DEBUG cotyledon.oslo_config_glue [-] workarounds.ensure_libvirt_rbd_instance_dir_cleanup = False {{(pid=111564) log_opt_values /opt/stack/data/venv/lib/python3.12/site-packages/oslo_config/cfg.py:3006}}
Apr 12 17:51:41.893619 np0000165276 nova-conductor[111564]: DEBUG cotyledon.oslo_config_glue [-] workarounds.handle_virt_lifecycle_events = True {{(pid=111564) log_opt_values /opt/stack/data/venv/lib/python3.12/site-packages/oslo_config/cfg.py:3006}}
Apr 12 17:51:41.893619 np0000165276 nova-conductor[111564]: DEBUG cotyledon.oslo_config_glue [-] workarounds.libvirt_disable_apic = False {{(pid=111564) log_opt_values /opt/stack/data/venv/lib/python3.12/site-packages/oslo_config/cfg.py:3006}}
Apr 12 17:51:41.893619 np0000165276 nova-conductor[111564]: DEBUG cotyledon.oslo_config_glue [-] workarounds.never_download_image_if_on_rbd = False {{(pid=111564) log_opt_values /opt/stack/data/venv/lib/python3.12/site-packages/oslo_config/cfg.py:3006}}
Apr 12 17:51:41.893823 np0000165276 nova-conductor[111564]: DEBUG cotyledon.oslo_config_glue [-] workarounds.qemu_monitor_announce_self_count = 3 {{(pid=111564) log_opt_values /opt/stack/data/venv/lib/python3.12/site-packages/oslo_config/cfg.py:3006}}
Apr 12 17:51:41.893823 np0000165276 nova-conductor[111564]: DEBUG cotyledon.oslo_config_glue [-] workarounds.qemu_monitor_announce_self_interval = 1 {{(pid=111564) log_opt_values /opt/stack/data/venv/lib/python3.12/site-packages/oslo_config/cfg.py:3006}}
Apr 12 17:51:41.893823 np0000165276 nova-conductor[111564]: DEBUG cotyledon.oslo_config_glue [-] workarounds.reserve_disk_resource_for_image_cache = False {{(pid=111564) log_opt_values /opt/stack/data/venv/lib/python3.12/site-packages/oslo_config/cfg.py:3006}}
Apr 12 17:51:41.893823 np0000165276 nova-conductor[111564]: DEBUG cotyledon.oslo_config_glue [-] workarounds.skip_cpu_compare_at_startup = False {{(pid=111564) log_opt_values /opt/stack/data/venv/lib/python3.12/site-packages/oslo_config/cfg.py:3006}}
Apr 12 17:51:41.893823 np0000165276 nova-conductor[111564]: DEBUG cotyledon.oslo_config_glue [-] workarounds.skip_cpu_compare_on_dest = False {{(pid=111564) log_opt_values /opt/stack/data/venv/lib/python3.12/site-packages/oslo_config/cfg.py:3006}}
Apr 12 17:51:41.893823 np0000165276 nova-conductor[111564]: DEBUG cotyledon.oslo_config_glue [-] workarounds.skip_hypervisor_version_check_on_lm = False {{(pid=111564) log_opt_values /opt/stack/data/venv/lib/python3.12/site-packages/oslo_config/cfg.py:3006}}
Apr 12 17:51:41.893823 np0000165276 nova-conductor[111564]: DEBUG cotyledon.oslo_config_glue [-] workarounds.skip_reserve_in_use_ironic_nodes = False {{(pid=111564) log_opt_values /opt/stack/data/venv/lib/python3.12/site-packages/oslo_config/cfg.py:3006}}
Apr 12 17:51:41.893823 np0000165276 nova-conductor[111564]: DEBUG cotyledon.oslo_config_glue [-] workarounds.unified_limits_count_pcpu_as_vcpu = False {{(pid=111564) log_opt_values /opt/stack/data/venv/lib/python3.12/site-packages/oslo_config/cfg.py:3006}}
Apr 12 17:51:41.894007 np0000165276 nova-conductor[111564]: DEBUG cotyledon.oslo_config_glue [-] workarounds.wait_for_vif_plugged_event_during_hard_reboot = [] {{(pid=111564) log_opt_values /opt/stack/data/venv/lib/python3.12/site-packages/oslo_config/cfg.py:3006}}
Apr 12 17:51:41.894007 np0000165276 nova-conductor[111564]: DEBUG cotyledon.oslo_config_glue [-] wsgi.api_paste_config = /etc/nova/api-paste.ini {{(pid=111564) log_opt_values /opt/stack/data/venv/lib/python3.12/site-packages/oslo_config/cfg.py:3006}}
Apr 12 17:51:41.894007 np0000165276 nova-conductor[111564]: DEBUG cotyledon.oslo_config_glue [-] wsgi.secure_proxy_ssl_header = None {{(pid=111564) log_opt_values /opt/stack/data/venv/lib/python3.12/site-packages/oslo_config/cfg.py:3006}}
Apr 12 17:51:41.894007 np0000165276 nova-conductor[111564]: DEBUG cotyledon.oslo_config_glue [-] zvm.ca_file = None {{(pid=111564) log_opt_values /opt/stack/data/venv/lib/python3.12/site-packages/oslo_config/cfg.py:3006}}
Apr 12 17:51:41.894007 np0000165276 nova-conductor[111564]: DEBUG cotyledon.oslo_config_glue [-] zvm.cloud_connector_url = None {{(pid=111564) log_opt_values /opt/stack/data/venv/lib/python3.12/site-packages/oslo_config/cfg.py:3006}}
Apr 12 17:51:41.894007 np0000165276 nova-conductor[111564]: DEBUG cotyledon.oslo_config_glue [-] zvm.image_tmp_path = /opt/stack/data/nova/images {{(pid=111564) log_opt_values /opt/stack/data/venv/lib/python3.12/site-packages/oslo_config/cfg.py:3006}}
Apr 12 17:51:41.894007 np0000165276 nova-conductor[111564]: DEBUG cotyledon.oslo_config_glue [-] zvm.reachable_timeout = 300 {{(pid=111564) log_opt_values /opt/stack/data/venv/lib/python3.12/site-packages/oslo_config/cfg.py:3006}}
Apr 12 17:51:41.894007 np0000165276 nova-conductor[111564]: DEBUG cotyledon.oslo_config_glue [-] oslo_versionedobjects.fatal_exception_format_errors = False {{(pid=111564) log_opt_values /opt/stack/data/venv/lib/python3.12/site-packages/oslo_config/cfg.py:3006}}
Apr 12 17:51:41.894007 np0000165276 nova-conductor[111564]: DEBUG cotyledon.oslo_config_glue [-] oslo_middleware.http_basic_auth_user_file = /etc/htpasswd {{(pid=111564) log_opt_values /opt/stack/data/venv/lib/python3.12/site-packages/oslo_config/cfg.py:3006}}
Apr 12 17:51:41.894286 np0000165276 nova-conductor[111564]: DEBUG cotyledon.oslo_config_glue [-] profiler.connection_string = messaging:// {{(pid=111564) log_opt_values /opt/stack/data/venv/lib/python3.12/site-packages/oslo_config/cfg.py:3006}}
Apr 12 17:51:41.894286 np0000165276 nova-conductor[111564]: DEBUG cotyledon.oslo_config_glue [-] profiler.enabled = False {{(pid=111564) log_opt_values /opt/stack/data/venv/lib/python3.12/site-packages/oslo_config/cfg.py:3006}}
Apr 12 17:51:41.894286 np0000165276 nova-conductor[111564]: DEBUG cotyledon.oslo_config_glue [-] profiler.es_doc_type = notification {{(pid=111564) log_opt_values /opt/stack/data/venv/lib/python3.12/site-packages/oslo_config/cfg.py:3006}}
Apr 12 17:51:41.894286 np0000165276 nova-conductor[111564]: DEBUG cotyledon.oslo_config_glue [-] profiler.es_scroll_size = 10000 {{(pid=111564) log_opt_values /opt/stack/data/venv/lib/python3.12/site-packages/oslo_config/cfg.py:3006}}
Apr 12 17:51:41.894286 np0000165276 nova-conductor[111564]: DEBUG cotyledon.oslo_config_glue [-] profiler.es_scroll_time = 2m {{(pid=111564) log_opt_values /opt/stack/data/venv/lib/python3.12/site-packages/oslo_config/cfg.py:3006}}
Apr 12 17:51:41.894286 np0000165276 nova-conductor[111564]: DEBUG cotyledon.oslo_config_glue [-] profiler.filter_error_trace = False {{(pid=111564) log_opt_values /opt/stack/data/venv/lib/python3.12/site-packages/oslo_config/cfg.py:3006}}
Apr 12 17:51:41.894286 np0000165276 nova-conductor[111564]: DEBUG cotyledon.oslo_config_glue [-] profiler.hmac_keys = **** {{(pid=111564) log_opt_values /opt/stack/data/venv/lib/python3.12/site-packages/oslo_config/cfg.py:3006}}
Apr 12 17:51:41.894286 np0000165276 nova-conductor[111564]: DEBUG cotyledon.oslo_config_glue [-] profiler.sentinel_service_name = mymaster {{(pid=111564) log_opt_values /opt/stack/data/venv/lib/python3.12/site-packages/oslo_config/cfg.py:3006}}
Apr 12 17:51:41.894286 np0000165276 nova-conductor[111564]: DEBUG cotyledon.oslo_config_glue [-] profiler.socket_timeout = 0.1 {{(pid=111564) log_opt_values /opt/stack/data/venv/lib/python3.12/site-packages/oslo_config/cfg.py:3006}}
Apr 12 17:51:41.894551 np0000165276 nova-conductor[111564]: DEBUG cotyledon.oslo_config_glue [-] profiler.trace_requests = False {{(pid=111564) log_opt_values /opt/stack/data/venv/lib/python3.12/site-packages/oslo_config/cfg.py:3006}}
Apr 12 17:51:41.894551 np0000165276 nova-conductor[111564]: DEBUG cotyledon.oslo_config_glue [-] profiler.trace_sqlalchemy = False {{(pid=111564) log_opt_values /opt/stack/data/venv/lib/python3.12/site-packages/oslo_config/cfg.py:3006}}
Apr 12 17:51:41.894551 np0000165276 nova-conductor[111564]: DEBUG cotyledon.oslo_config_glue [-] profiler_jaeger.process_tags = {} {{(pid=111564) log_opt_values /opt/stack/data/venv/lib/python3.12/site-packages/oslo_config/cfg.py:3006}}
Apr 12 17:51:41.894551 np0000165276 nova-conductor[111564]: DEBUG cotyledon.oslo_config_glue [-] profiler_jaeger.service_name_prefix = None {{(pid=111564) log_opt_values /opt/stack/data/venv/lib/python3.12/site-packages/oslo_config/cfg.py:3006}}
Apr 12 17:51:41.894551 np0000165276 nova-conductor[111564]: DEBUG cotyledon.oslo_config_glue [-] profiler_otlp.service_name_prefix = None {{(pid=111564) log_opt_values /opt/stack/data/venv/lib/python3.12/site-packages/oslo_config/cfg.py:3006}}
Apr 12 17:51:41.894551 np0000165276 nova-conductor[111564]: DEBUG cotyledon.oslo_config_glue [-] oslo_messaging_rabbit.amqp_auto_delete = False {{(pid=111564) log_opt_values /opt/stack/data/venv/lib/python3.12/site-packages/oslo_config/cfg.py:3006}}
Apr 12 17:51:41.894551 np0000165276 nova-conductor[111564]: DEBUG cotyledon.oslo_config_glue [-] oslo_messaging_rabbit.amqp_durable_queues = False {{(pid=111564) log_opt_values /opt/stack/data/venv/lib/python3.12/site-packages/oslo_config/cfg.py:3006}}
Apr 12 17:51:41.894551 np0000165276 nova-conductor[111564]: DEBUG cotyledon.oslo_config_glue [-] oslo_messaging_rabbit.conn_pool_min_size = 2 {{(pid=111564) log_opt_values /opt/stack/data/venv/lib/python3.12/site-packages/oslo_config/cfg.py:3006}}
Apr 12 17:51:41.894551 np0000165276 nova-conductor[111564]: DEBUG cotyledon.oslo_config_glue [-] oslo_messaging_rabbit.conn_pool_ttl = 1200 {{(pid=111564) log_opt_values /opt/stack/data/venv/lib/python3.12/site-packages/oslo_config/cfg.py:3006}}
Apr 12 17:51:41.894766 np0000165276 nova-conductor[111564]: DEBUG cotyledon.oslo_config_glue [-] oslo_messaging_rabbit.direct_mandatory_flag = True {{(pid=111564) log_opt_values /opt/stack/data/venv/lib/python3.12/site-packages/oslo_config/cfg.py:3006}}
Apr 12 17:51:41.894766 np0000165276 nova-conductor[111564]: DEBUG cotyledon.oslo_config_glue [-] oslo_messaging_rabbit.enable_cancel_on_failover = False {{(pid=111564) log_opt_values /opt/stack/data/venv/lib/python3.12/site-packages/oslo_config/cfg.py:3006}}
Apr 12 17:51:41.894766 np0000165276 nova-conductor[111564]: DEBUG cotyledon.oslo_config_glue [-] oslo_messaging_rabbit.heartbeat_in_pthread = False {{(pid=111564) log_opt_values /opt/stack/data/venv/lib/python3.12/site-packages/oslo_config/cfg.py:3006}}
Apr 12 17:51:41.894766 np0000165276 nova-conductor[111564]: DEBUG cotyledon.oslo_config_glue [-] oslo_messaging_rabbit.heartbeat_rate = 3 {{(pid=111564) log_opt_values /opt/stack/data/venv/lib/python3.12/site-packages/oslo_config/cfg.py:3006}}
Apr 12 17:51:41.894766 np0000165276 nova-conductor[111564]: DEBUG cotyledon.oslo_config_glue [-] oslo_messaging_rabbit.heartbeat_timeout_threshold = 60 {{(pid=111564) log_opt_values /opt/stack/data/venv/lib/python3.12/site-packages/oslo_config/cfg.py:3006}}
Apr 12 17:51:41.894766 np0000165276 nova-conductor[111564]: DEBUG cotyledon.oslo_config_glue [-] oslo_messaging_rabbit.hostname = np0000165276 {{(pid=111564) log_opt_values /opt/stack/data/venv/lib/python3.12/site-packages/oslo_config/cfg.py:3006}}
Apr 12 17:51:41.894766 np0000165276 nova-conductor[111564]: DEBUG cotyledon.oslo_config_glue [-] oslo_messaging_rabbit.kombu_compression = None {{(pid=111564) log_opt_values /opt/stack/data/venv/lib/python3.12/site-packages/oslo_config/cfg.py:3006}}
Apr 12 17:51:41.894766 np0000165276 nova-conductor[111564]: DEBUG cotyledon.oslo_config_glue [-] oslo_messaging_rabbit.kombu_failover_strategy = round-robin {{(pid=111564) log_opt_values /opt/stack/data/venv/lib/python3.12/site-packages/oslo_config/cfg.py:3006}}
Apr 12 17:51:41.894955 np0000165276 nova-conductor[111564]: DEBUG cotyledon.oslo_config_glue [-] oslo_messaging_rabbit.kombu_missing_consumer_retry_timeout = 60 {{(pid=111564) log_opt_values /opt/stack/data/venv/lib/python3.12/site-packages/oslo_config/cfg.py:3006}}
Apr 12 17:51:41.894955 np0000165276 nova-conductor[111564]: DEBUG cotyledon.oslo_config_glue [-] oslo_messaging_rabbit.kombu_reconnect_delay = 1.0 {{(pid=111564) log_opt_values /opt/stack/data/venv/lib/python3.12/site-packages/oslo_config/cfg.py:3006}}
Apr 12 17:51:41.894955 np0000165276 nova-conductor[111564]: DEBUG cotyledon.oslo_config_glue [-] oslo_messaging_rabbit.kombu_reconnect_splay = 0.0 {{(pid=111564) log_opt_values /opt/stack/data/venv/lib/python3.12/site-packages/oslo_config/cfg.py:3006}}
Apr 12 17:51:41.894955 np0000165276 nova-conductor[111564]: DEBUG cotyledon.oslo_config_glue [-] oslo_messaging_rabbit.processname = nova-conductor {{(pid=111564) log_opt_values /opt/stack/data/venv/lib/python3.12/site-packages/oslo_config/cfg.py:3006}}
Apr 12 17:51:41.894955 np0000165276 nova-conductor[111564]: DEBUG cotyledon.oslo_config_glue [-] oslo_messaging_rabbit.rabbit_ha_queues = False {{(pid=111564) log_opt_values /opt/stack/data/venv/lib/python3.12/site-packages/oslo_config/cfg.py:3006}}
Apr 12 17:51:41.894955 np0000165276 nova-conductor[111564]: DEBUG cotyledon.oslo_config_glue [-] oslo_messaging_rabbit.rabbit_interval_max = 30 {{(pid=111564) log_opt_values /opt/stack/data/venv/lib/python3.12/site-packages/oslo_config/cfg.py:3006}}
Apr 12 17:51:41.894955 np0000165276 nova-conductor[111564]: DEBUG cotyledon.oslo_config_glue [-] oslo_messaging_rabbit.rabbit_login_method = AMQPLAIN {{(pid=111564) log_opt_values /opt/stack/data/venv/lib/python3.12/site-packages/oslo_config/cfg.py:3006}}
Apr 12 17:51:41.894955 np0000165276 nova-conductor[111564]: DEBUG cotyledon.oslo_config_glue [-] oslo_messaging_rabbit.rabbit_qos_prefetch_count = 0 {{(pid=111564) log_opt_values /opt/stack/data/venv/lib/python3.12/site-packages/oslo_config/cfg.py:3006}}
Apr 12 17:51:41.895145 np0000165276 nova-conductor[111564]: DEBUG cotyledon.oslo_config_glue [-] oslo_messaging_rabbit.rabbit_quorum_delivery_limit = 0 {{(pid=111564) log_opt_values /opt/stack/data/venv/lib/python3.12/site-packages/oslo_config/cfg.py:3006}}
Apr 12 17:51:41.895145 np0000165276 nova-conductor[111564]: DEBUG cotyledon.oslo_config_glue [-] oslo_messaging_rabbit.rabbit_quorum_max_memory_bytes = 0 {{(pid=111564) log_opt_values /opt/stack/data/venv/lib/python3.12/site-packages/oslo_config/cfg.py:3006}}
Apr 12 17:51:41.895145 np0000165276 nova-conductor[111564]: DEBUG cotyledon.oslo_config_glue [-] oslo_messaging_rabbit.rabbit_quorum_max_memory_length = 0 {{(pid=111564) log_opt_values /opt/stack/data/venv/lib/python3.12/site-packages/oslo_config/cfg.py:3006}}
Apr 12 17:51:41.895145 np0000165276 nova-conductor[111564]: DEBUG cotyledon.oslo_config_glue [-] oslo_messaging_rabbit.rabbit_quorum_queue = False {{(pid=111564) log_opt_values /opt/stack/data/venv/lib/python3.12/site-packages/oslo_config/cfg.py:3006}}
Apr 12 17:51:41.895145 np0000165276 nova-conductor[111564]: DEBUG cotyledon.oslo_config_glue [-] oslo_messaging_rabbit.rabbit_retry_backoff = 2 {{(pid=111564) log_opt_values /opt/stack/data/venv/lib/python3.12/site-packages/oslo_config/cfg.py:3006}}
Apr 12 17:51:41.895145 np0000165276 nova-conductor[111564]: DEBUG cotyledon.oslo_config_glue [-] oslo_messaging_rabbit.rabbit_retry_interval = 1 {{(pid=111564) log_opt_values /opt/stack/data/venv/lib/python3.12/site-packages/oslo_config/cfg.py:3006}}
Apr 12 17:51:41.895145 np0000165276 nova-conductor[111564]: DEBUG cotyledon.oslo_config_glue [-] oslo_messaging_rabbit.rabbit_stream_fanout = False {{(pid=111564) log_opt_values /opt/stack/data/venv/lib/python3.12/site-packages/oslo_config/cfg.py:3006}}
Apr 12 17:51:41.895145 np0000165276 nova-conductor[111564]: DEBUG cotyledon.oslo_config_glue [-] oslo_messaging_rabbit.rabbit_transient_queues_ttl = 1800 {{(pid=111564) log_opt_values /opt/stack/data/venv/lib/python3.12/site-packages/oslo_config/cfg.py:3006}}
Apr 12 17:51:41.895339 np0000165276 nova-conductor[111564]: DEBUG cotyledon.oslo_config_glue [-] oslo_messaging_rabbit.rabbit_transient_quorum_queue = False {{(pid=111564) log_opt_values /opt/stack/data/venv/lib/python3.12/site-packages/oslo_config/cfg.py:3006}}
Apr 12 17:51:41.895339 np0000165276 nova-conductor[111564]: DEBUG cotyledon.oslo_config_glue [-] oslo_messaging_rabbit.rpc_conn_pool_size = 30 {{(pid=111564) log_opt_values /opt/stack/data/venv/lib/python3.12/site-packages/oslo_config/cfg.py:3006}}
Apr 12 17:51:41.895339 np0000165276 nova-conductor[111564]: DEBUG cotyledon.oslo_config_glue [-] oslo_messaging_rabbit.ssl = False {{(pid=111564) log_opt_values /opt/stack/data/venv/lib/python3.12/site-packages/oslo_config/cfg.py:3006}}
Apr 12 17:51:41.895339 np0000165276 nova-conductor[111564]: DEBUG cotyledon.oslo_config_glue [-] oslo_messaging_rabbit.ssl_ca_file = {{(pid=111564) log_opt_values /opt/stack/data/venv/lib/python3.12/site-packages/oslo_config/cfg.py:3006}}
Apr 12 17:51:41.895339 np0000165276 nova-conductor[111564]: DEBUG cotyledon.oslo_config_glue [-] oslo_messaging_rabbit.ssl_cert_file = {{(pid=111564) log_opt_values /opt/stack/data/venv/lib/python3.12/site-packages/oslo_config/cfg.py:3006}}
Apr 12 17:51:41.895339 np0000165276 nova-conductor[111564]: DEBUG cotyledon.oslo_config_glue [-] oslo_messaging_rabbit.ssl_enforce_fips_mode = False {{(pid=111564) log_opt_values /opt/stack/data/venv/lib/python3.12/site-packages/oslo_config/cfg.py:3006}}
Apr 12 17:51:41.895339 np0000165276 nova-conductor[111564]: DEBUG cotyledon.oslo_config_glue [-] oslo_messaging_rabbit.ssl_key_file = {{(pid=111564) log_opt_values /opt/stack/data/venv/lib/python3.12/site-packages/oslo_config/cfg.py:3006}}
Apr 12 17:51:41.895339 np0000165276 nova-conductor[111564]: DEBUG cotyledon.oslo_config_glue [-] oslo_messaging_rabbit.ssl_version = {{(pid=111564) log_opt_values /opt/stack/data/venv/lib/python3.12/site-packages/oslo_config/cfg.py:3006}}
Apr 12 17:51:41.895339 np0000165276 nova-conductor[111564]: DEBUG cotyledon.oslo_config_glue [-] oslo_messaging_rabbit.use_queue_manager = False {{(pid=111564) log_opt_values /opt/stack/data/venv/lib/python3.12/site-packages/oslo_config/cfg.py:3006}}
Apr 12 17:51:41.895581 np0000165276 nova-conductor[111564]: DEBUG cotyledon.oslo_config_glue [-] oslo_messaging_notifications.driver = ['messagingv2'] {{(pid=111564) log_opt_values /opt/stack/data/venv/lib/python3.12/site-packages/oslo_config/cfg.py:3006}}
Apr 12 17:51:41.895581 np0000165276 nova-conductor[111564]: DEBUG cotyledon.oslo_config_glue [-] oslo_messaging_notifications.retry = -1 {{(pid=111564) log_opt_values /opt/stack/data/venv/lib/python3.12/site-packages/oslo_config/cfg.py:3006}}
Apr 12 17:51:41.895581 np0000165276 nova-conductor[111564]: DEBUG cotyledon.oslo_config_glue [-] oslo_messaging_notifications.topics = ['notifications'] {{(pid=111564) log_opt_values /opt/stack/data/venv/lib/python3.12/site-packages/oslo_config/cfg.py:3006}}
Apr 12 17:51:41.895581 np0000165276 nova-conductor[111564]: DEBUG cotyledon.oslo_config_glue [-] oslo_messaging_notifications.transport_url = **** {{(pid=111564) log_opt_values /opt/stack/data/venv/lib/python3.12/site-packages/oslo_config/cfg.py:3006}}
Apr 12 17:51:41.895581 np0000165276 nova-conductor[111564]: DEBUG cotyledon.oslo_config_glue [-] oslo_limit.auth_section = None {{(pid=111564) log_opt_values /opt/stack/data/venv/lib/python3.12/site-packages/oslo_config/cfg.py:3006}}
Apr 12 17:51:41.895581 np0000165276 nova-conductor[111564]: DEBUG cotyledon.oslo_config_glue [-] oslo_limit.auth_type = None {{(pid=111564) log_opt_values /opt/stack/data/venv/lib/python3.12/site-packages/oslo_config/cfg.py:3006}}
Apr 12 17:51:41.895581 np0000165276 nova-conductor[111564]: DEBUG cotyledon.oslo_config_glue [-] oslo_limit.cafile = None {{(pid=111564) log_opt_values /opt/stack/data/venv/lib/python3.12/site-packages/oslo_config/cfg.py:3006}}
Apr 12 17:51:41.895581 np0000165276 nova-conductor[111564]: DEBUG cotyledon.oslo_config_glue [-] oslo_limit.certfile = None {{(pid=111564) log_opt_values /opt/stack/data/venv/lib/python3.12/site-packages/oslo_config/cfg.py:3006}}
Apr 12 17:51:41.895581 np0000165276 nova-conductor[111564]: DEBUG cotyledon.oslo_config_glue [-] oslo_limit.collect_timing = False {{(pid=111564) log_opt_values /opt/stack/data/venv/lib/python3.12/site-packages/oslo_config/cfg.py:3006}}
Apr 12 17:51:41.895832 np0000165276 nova-conductor[111564]: DEBUG cotyledon.oslo_config_glue [-] oslo_limit.connect_retries = None {{(pid=111564) log_opt_values /opt/stack/data/venv/lib/python3.12/site-packages/oslo_config/cfg.py:3006}}
Apr 12 17:51:41.895832 np0000165276 nova-conductor[111564]: DEBUG cotyledon.oslo_config_glue [-] oslo_limit.connect_retry_delay = None {{(pid=111564) log_opt_values /opt/stack/data/venv/lib/python3.12/site-packages/oslo_config/cfg.py:3006}}
Apr 12 17:51:41.895832 np0000165276 nova-conductor[111564]: DEBUG cotyledon.oslo_config_glue [-] oslo_limit.endpoint_id = None {{(pid=111564) log_opt_values /opt/stack/data/venv/lib/python3.12/site-packages/oslo_config/cfg.py:3006}}
Apr 12 17:51:41.895832 np0000165276 nova-conductor[111564]: DEBUG cotyledon.oslo_config_glue [-] oslo_limit.endpoint_interface = public {{(pid=111564) log_opt_values /opt/stack/data/venv/lib/python3.12/site-packages/oslo_config/cfg.py:3006}}
Apr 12 17:51:41.895832 np0000165276 nova-conductor[111564]: DEBUG cotyledon.oslo_config_glue [-] oslo_limit.endpoint_override = None {{(pid=111564) log_opt_values /opt/stack/data/venv/lib/python3.12/site-packages/oslo_config/cfg.py:3006}}
Apr 12 17:51:41.895832 np0000165276 nova-conductor[111564]: DEBUG cotyledon.oslo_config_glue [-] oslo_limit.endpoint_region_name = None {{(pid=111564) log_opt_values /opt/stack/data/venv/lib/python3.12/site-packages/oslo_config/cfg.py:3006}}
Apr 12 17:51:41.895832 np0000165276 nova-conductor[111564]: DEBUG cotyledon.oslo_config_glue [-] oslo_limit.endpoint_service_name = None {{(pid=111564) log_opt_values /opt/stack/data/venv/lib/python3.12/site-packages/oslo_config/cfg.py:3006}}
Apr 12 17:51:41.895832 np0000165276 nova-conductor[111564]: DEBUG cotyledon.oslo_config_glue [-] oslo_limit.endpoint_service_type = None {{(pid=111564) log_opt_values /opt/stack/data/venv/lib/python3.12/site-packages/oslo_config/cfg.py:3006}}
Apr 12 17:51:41.895832 np0000165276 nova-conductor[111564]: DEBUG cotyledon.oslo_config_glue [-] oslo_limit.insecure = False {{(pid=111564) log_opt_values /opt/stack/data/venv/lib/python3.12/site-packages/oslo_config/cfg.py:3006}}
Apr 12 17:51:41.896049 np0000165276 nova-conductor[111564]: DEBUG cotyledon.oslo_config_glue [-] oslo_limit.keyfile = None {{(pid=111564) log_opt_values /opt/stack/data/venv/lib/python3.12/site-packages/oslo_config/cfg.py:3006}}
Apr 12 17:51:41.896049 np0000165276 nova-conductor[111564]: DEBUG cotyledon.oslo_config_glue [-] oslo_limit.max_version = None {{(pid=111564) log_opt_values /opt/stack/data/venv/lib/python3.12/site-packages/oslo_config/cfg.py:3006}}
Apr 12 17:51:41.896049 np0000165276 nova-conductor[111564]: DEBUG cotyledon.oslo_config_glue [-] oslo_limit.min_version = None {{(pid=111564) log_opt_values /opt/stack/data/venv/lib/python3.12/site-packages/oslo_config/cfg.py:3006}}
Apr 12 17:51:41.896049 np0000165276 nova-conductor[111564]: DEBUG cotyledon.oslo_config_glue [-] oslo_limit.region_name = None {{(pid=111564) log_opt_values /opt/stack/data/venv/lib/python3.12/site-packages/oslo_config/cfg.py:3006}}
Apr 12 17:51:41.896049 np0000165276 nova-conductor[111564]: DEBUG cotyledon.oslo_config_glue [-] oslo_limit.retriable_status_codes = None {{(pid=111564) log_opt_values /opt/stack/data/venv/lib/python3.12/site-packages/oslo_config/cfg.py:3006}}
Apr 12 17:51:41.896049 np0000165276 nova-conductor[111564]: DEBUG cotyledon.oslo_config_glue [-] oslo_limit.service_name = None {{(pid=111564) log_opt_values /opt/stack/data/venv/lib/python3.12/site-packages/oslo_config/cfg.py:3006}}
Apr 12 17:51:41.896049 np0000165276 nova-conductor[111564]: DEBUG cotyledon.oslo_config_glue [-] oslo_limit.service_type = None {{(pid=111564) log_opt_values /opt/stack/data/venv/lib/python3.12/site-packages/oslo_config/cfg.py:3006}}
Apr 12 17:51:41.896049 np0000165276 nova-conductor[111564]: DEBUG cotyledon.oslo_config_glue [-] oslo_limit.split_loggers = False {{(pid=111564) log_opt_values /opt/stack/data/venv/lib/python3.12/site-packages/oslo_config/cfg.py:3006}}
Apr 12 17:51:41.896049 np0000165276 nova-conductor[111564]: DEBUG cotyledon.oslo_config_glue [-] oslo_limit.status_code_retries = None {{(pid=111564) log_opt_values /opt/stack/data/venv/lib/python3.12/site-packages/oslo_config/cfg.py:3006}}
Apr 12 17:51:41.896340 np0000165276 nova-conductor[111564]: DEBUG cotyledon.oslo_config_glue [-] oslo_limit.status_code_retry_delay = None {{(pid=111564) log_opt_values /opt/stack/data/venv/lib/python3.12/site-packages/oslo_config/cfg.py:3006}}
Apr 12 17:51:41.896340 np0000165276 nova-conductor[111564]: DEBUG cotyledon.oslo_config_glue [-] oslo_limit.timeout = None {{(pid=111564) log_opt_values /opt/stack/data/venv/lib/python3.12/site-packages/oslo_config/cfg.py:3006}}
Apr 12 17:51:41.896340 np0000165276 nova-conductor[111564]: DEBUG cotyledon.oslo_config_glue [-] oslo_limit.valid_interfaces = None {{(pid=111564) log_opt_values /opt/stack/data/venv/lib/python3.12/site-packages/oslo_config/cfg.py:3006}}
Apr 12 17:51:41.896340 np0000165276 nova-conductor[111564]: DEBUG cotyledon.oslo_config_glue [-] oslo_limit.version = None {{(pid=111564) log_opt_values /opt/stack/data/venv/lib/python3.12/site-packages/oslo_config/cfg.py:3006}}
Apr 12 17:51:41.896340 np0000165276 nova-conductor[111564]: DEBUG cotyledon.oslo_config_glue [-] oslo_reports.file_event_handler = None {{(pid=111564) log_opt_values /opt/stack/data/venv/lib/python3.12/site-packages/oslo_config/cfg.py:3006}}
Apr 12 17:51:41.896340 np0000165276 nova-conductor[111564]: DEBUG cotyledon.oslo_config_glue [-] oslo_reports.file_event_handler_interval = 1 {{(pid=111564) log_opt_values /opt/stack/data/venv/lib/python3.12/site-packages/oslo_config/cfg.py:3006}}
Apr 12 17:51:41.896340 np0000165276 nova-conductor[111564]: DEBUG cotyledon.oslo_config_glue [-] oslo_reports.log_dir = None {{(pid=111564) log_opt_values /opt/stack/data/venv/lib/python3.12/site-packages/oslo_config/cfg.py:3006}}
Apr 12 17:51:41.896340 np0000165276 nova-conductor[111564]: DEBUG cotyledon.oslo_config_glue [-] ******************************************************************************** {{(pid=111564) log_opt_values /opt/stack/data/venv/lib/python3.12/site-packages/oslo_config/cfg.py:3013}}
Apr 12 17:51:41.896340 np0000165276 nova-conductor[111564]: DEBUG cotyledon._service_worker [-] Run service ServiceWrapper(3) [111564] {{(pid=111564) wait_forever /opt/stack/data/venv/lib/python3.12/site-packages/cotyledon/_service_worker.py:218}}
Apr 12 17:51:41.896559 np0000165276 nova-conductor[111564]: INFO nova.service [-] Starting conductor node (version 33.1.0)
Apr 12 17:51:41.898363 np0000165276 nova-conductor[111552]: DEBUG nova.service [None req-cf605bff-5ef7-4bea-82e6-1edc231476e2 None None] Creating RPC server for service: nova-conductor on topic: conductor {{(pid=111552) start /opt/stack/nova/nova/service.py:195}}
Apr 12 17:51:41.901968 np0000165276 nova-conductor[111564]: INFO dbcounter [None req-88b316ed-9214-4c57-96df-acf4bdba7c3d None None] Registered counter for database nova_cell0
Apr 12 17:51:41.903866 np0000165276 nova-conductor[111557]: DEBUG nova.service [None req-fb8c5086-d86b-4bb4-afd8-139b435643f1 None None] Creating RPC server for service: nova-conductor on topic: conductor {{(pid=111557) start /opt/stack/nova/nova/service.py:195}}
Apr 12 17:51:41.910524 np0000165276 nova-conductor[111564]: DEBUG oslo_db.sqlalchemy.engines [None req-88b316ed-9214-4c57-96df-acf4bdba7c3d None None] MySQL server mode set to STRICT_TRANS_TABLES,STRICT_ALL_TABLES,NO_ZERO_IN_DATE,NO_ZERO_DATE,ERROR_FOR_DIVISION_BY_ZERO,TRADITIONAL,NO_ENGINE_SUBSTITUTION {{(pid=111564) _check_effective_sql_mode /opt/stack/data/venv/lib/python3.12/site-packages/oslo_db/sqlalchemy/engines.py:325}}
Apr 12 17:51:41.912928 np0000165276 nova-conductor[111540]: DEBUG nova.service [None req-bd183094-2764-4dca-a8ef-a4758f00b504 None None] Join ServiceGroup membership for this service conductor {{(pid=111540) start /opt/stack/nova/nova/service.py:221}}
Apr 12 17:51:41.914281 np0000165276 nova-conductor[111540]: DEBUG nova.servicegroup.drivers.db [None req-bd183094-2764-4dca-a8ef-a4758f00b504 None None] DB_Driver: join new ServiceGroup member np0000165276 to the conductor group, service = {{(pid=111540) join /opt/stack/nova/nova/servicegroup/drivers/db.py:44}}
Apr 12 17:51:41.918278 np0000165276 nova-conductor[111552]: DEBUG nova.service [None req-cf605bff-5ef7-4bea-82e6-1edc231476e2 None None] Join ServiceGroup membership for this service conductor {{(pid=111552) start /opt/stack/nova/nova/service.py:221}}
Apr 12 17:51:41.918540 np0000165276 nova-conductor[111552]: DEBUG nova.servicegroup.drivers.db [None req-cf605bff-5ef7-4bea-82e6-1edc231476e2 None None] DB_Driver: join new ServiceGroup member np0000165276 to the conductor group, service = {{(pid=111552) join /opt/stack/nova/nova/servicegroup/drivers/db.py:44}}
Apr 12 17:51:41.921346 np0000165276 nova-conductor[111564]: DEBUG dbcounter [-] [111564] Writer thread running {{(pid=111564) stat_writer /opt/stack/data/venv/lib/python3.12/site-packages/dbcounter.py:102}}
Apr 12 17:51:41.925568 np0000165276 nova-conductor[111564]: DEBUG nova.service [None req-88b316ed-9214-4c57-96df-acf4bdba7c3d None None] Creating RPC server for service: nova-conductor on topic: conductor {{(pid=111564) start /opt/stack/nova/nova/service.py:195}}
Apr 12 17:51:41.925854 np0000165276 nova-conductor[111557]: DEBUG nova.service [None req-fb8c5086-d86b-4bb4-afd8-139b435643f1 None None] Join ServiceGroup membership for this service conductor {{(pid=111557) start /opt/stack/nova/nova/service.py:221}}
Apr 12 17:51:41.925920 np0000165276 nova-conductor[111557]: DEBUG nova.servicegroup.drivers.db [None req-fb8c5086-d86b-4bb4-afd8-139b435643f1 None None] DB_Driver: join new ServiceGroup member np0000165276 to the conductor group, service = {{(pid=111557) join /opt/stack/nova/nova/servicegroup/drivers/db.py:44}}
Apr 12 17:51:41.946823 np0000165276 nova-conductor[111564]: DEBUG nova.service [None req-88b316ed-9214-4c57-96df-acf4bdba7c3d None None] Join ServiceGroup membership for this service conductor {{(pid=111564) start /opt/stack/nova/nova/service.py:221}}
Apr 12 17:51:41.947087 np0000165276 nova-conductor[111564]: DEBUG nova.servicegroup.drivers.db [None req-88b316ed-9214-4c57-96df-acf4bdba7c3d None None] DB_Driver: join new ServiceGroup member np0000165276 to the conductor group, service = {{(pid=111564) join /opt/stack/nova/nova/servicegroup/drivers/db.py:44}}
Apr 12 17:51:46.939455 np0000165276 nova-conductor[111552]: DEBUG oslo.service.backend._threading.loopingcall [-] Fixed interval looping call 'nova.servicegroup.drivers.db.DbDriver._report_state' sleeping for 119.98 seconds {{(pid=111552) _run_loop /opt/stack/data/venv/lib/python3.12/site-packages/oslo_service/backend/_threading/loopingcall.py:125}}
Apr 12 17:51:46.940289 np0000165276 nova-conductor[111540]: DEBUG oslo.service.backend._threading.loopingcall [-] Fixed interval looping call 'nova.servicegroup.drivers.db.DbDriver._report_state' sleeping for 119.98 seconds {{(pid=111540) _run_loop /opt/stack/data/venv/lib/python3.12/site-packages/oslo_service/backend/_threading/loopingcall.py:125}}
Apr 12 17:51:46.941236 np0000165276 nova-conductor[111557]: DEBUG oslo.service.backend._threading.loopingcall [-] Fixed interval looping call 'nova.servicegroup.drivers.db.DbDriver._report_state' sleeping for 119.99 seconds {{(pid=111557) _run_loop /opt/stack/data/venv/lib/python3.12/site-packages/oslo_service/backend/_threading/loopingcall.py:125}}
Apr 12 17:51:46.960845 np0000165276 nova-conductor[111564]: DEBUG oslo.service.backend._threading.loopingcall [-] Fixed interval looping call 'nova.servicegroup.drivers.db.DbDriver._report_state' sleeping for 119.99 seconds {{(pid=111564) _run_loop /opt/stack/data/venv/lib/python3.12/site-packages/oslo_service/backend/_threading/loopingcall.py:125}}
Apr 12 17:51:47.920995 np0000165276 nova-conductor[111552]: DEBUG oslo.service.backend._threading.loopingcall [None req-fecde88a-98d7-4cfe-9c36-c3e4b6bedc30 None None] Dynamic interval looping call 'nova.service.Service.periodic_tasks' sleeping for 60.00 seconds {{(pid=111552) _run_loop /opt/stack/data/venv/lib/python3.12/site-packages/oslo_service/backend/_threading/loopingcall.py:125}}
Apr 12 17:51:50.540824 np0000165276 nova-conductor[110780]: DEBUG dbcounter [-] [110780] Writing DB stats nova_api:SELECT=1 {{(pid=110780) stat_writer /opt/stack/data/venv/lib/python3.12/site-packages/dbcounter.py:115}}
Apr 12 17:51:50.635575 np0000165276 nova-conductor[110780]: DEBUG dbcounter [-] [110780] Writing DB stats nova_cell0:SELECT=1 {{(pid=110780) stat_writer /opt/stack/data/venv/lib/python3.12/site-packages/dbcounter.py:115}}
Apr 12 17:51:50.642034 np0000165276 nova-conductor[110780]: DEBUG dbcounter [-] [110780] Writing DB stats nova_cell1:SELECT=1 {{(pid=110780) stat_writer /opt/stack/data/venv/lib/python3.12/site-packages/dbcounter.py:115}}
Apr 12 17:51:51.928309 np0000165276 nova-conductor[111557]: DEBUG oslo.service.backend._threading.loopingcall [None req-e0b57e95-e9a4-4e31-a02e-8b743c6d826c None None] Dynamic interval looping call 'nova.service.Service.periodic_tasks' sleeping for 60.00 seconds {{(pid=111557) _run_loop /opt/stack/data/venv/lib/python3.12/site-packages/oslo_service/backend/_threading/loopingcall.py:125}}
Apr 12 17:51:56.928631 np0000165276 nova-conductor[111552]: DEBUG dbcounter [-] [111552] Writing DB stats nova_cell0:SELECT=4,nova_cell0:INSERT=1,nova_cell0:UPDATE=1 {{(pid=111552) stat_writer /opt/stack/data/venv/lib/python3.12/site-packages/dbcounter.py:115}}
Apr 12 17:51:56.929177 np0000165276 nova-conductor[111540]: DEBUG dbcounter [-] [111540] Writing DB stats nova_cell0:SELECT=4,nova_cell0:INSERT=1,nova_cell0:UPDATE=1 {{(pid=111540) stat_writer /opt/stack/data/venv/lib/python3.12/site-packages/dbcounter.py:115}}
Apr 12 17:51:56.936446 np0000165276 nova-conductor[111557]: DEBUG dbcounter [-] [111557] Writing DB stats nova_cell0:SELECT=4,nova_cell0:INSERT=1,nova_cell0:UPDATE=1 {{(pid=111557) stat_writer /opt/stack/data/venv/lib/python3.12/site-packages/dbcounter.py:115}}
Apr 12 17:51:56.957637 np0000165276 nova-conductor[111564]: DEBUG dbcounter [-] [111564] Writing DB stats nova_cell0:SELECT=3 {{(pid=111564) stat_writer /opt/stack/data/venv/lib/python3.12/site-packages/dbcounter.py:115}}
Apr 12 17:52:00.949922 np0000165276 nova-conductor[111564]: DEBUG oslo.service.backend._threading.loopingcall [None req-bab944df-92a8-4c6d-87f7-65bfa9ba9083 None None] Dynamic interval looping call 'nova.service.Service.periodic_tasks' sleeping for 60.00 seconds {{(pid=111564) _run_loop /opt/stack/data/venv/lib/python3.12/site-packages/oslo_service/backend/_threading/loopingcall.py:125}}
Apr 12 17:52:10.917879 np0000165276 nova-conductor[111540]: DEBUG oslo.service.backend._threading.loopingcall [None req-2aaa6145-1337-4fc2-bef5-43685a6a5d78 None None] Dynamic interval looping call 'nova.service.Service.periodic_tasks' sleeping for 60.00 seconds {{(pid=111540) _run_loop /opt/stack/data/venv/lib/python3.12/site-packages/oslo_service/backend/_threading/loopingcall.py:125}}
Apr 12 17:52:47.921637 np0000165276 nova-conductor[111552]: DEBUG oslo.service.backend._threading.loopingcall [None req-fecde88a-98d7-4cfe-9c36-c3e4b6bedc30 None None] Dynamic interval looping call 'nova.service.Service.periodic_tasks' sleeping for 60.00 seconds {{(pid=111552) _run_loop /opt/stack/data/venv/lib/python3.12/site-packages/oslo_service/backend/_threading/loopingcall.py:125}}
Apr 12 17:52:51.929637 np0000165276 nova-conductor[111557]: DEBUG oslo.service.backend._threading.loopingcall [None req-e0b57e95-e9a4-4e31-a02e-8b743c6d826c None None] Dynamic interval looping call 'nova.service.Service.periodic_tasks' sleeping for 60.00 seconds {{(pid=111557) _run_loop /opt/stack/data/venv/lib/python3.12/site-packages/oslo_service/backend/_threading/loopingcall.py:125}}
Apr 12 17:53:00.950922 np0000165276 nova-conductor[111564]: DEBUG oslo.service.backend._threading.loopingcall [None req-bab944df-92a8-4c6d-87f7-65bfa9ba9083 None None] Dynamic interval looping call 'nova.service.Service.periodic_tasks' sleeping for 60.00 seconds {{(pid=111564) _run_loop /opt/stack/data/venv/lib/python3.12/site-packages/oslo_service/backend/_threading/loopingcall.py:125}}
Apr 12 17:53:10.918921 np0000165276 nova-conductor[111540]: DEBUG oslo.service.backend._threading.loopingcall [None req-2aaa6145-1337-4fc2-bef5-43685a6a5d78 None None] Dynamic interval looping call 'nova.service.Service.periodic_tasks' sleeping for 60.00 seconds {{(pid=111540) _run_loop /opt/stack/data/venv/lib/python3.12/site-packages/oslo_service/backend/_threading/loopingcall.py:125}}
Apr 12 17:53:46.931396 np0000165276 nova-conductor[111540]: DEBUG oslo.service.backend._threading.loopingcall [-] Fixed interval looping call 'nova.servicegroup.drivers.db.DbDriver._report_state' sleeping for 119.99 seconds {{(pid=111540) _run_loop /opt/stack/data/venv/lib/python3.12/site-packages/oslo_service/backend/_threading/loopingcall.py:125}}
Apr 12 17:53:46.932288 np0000165276 nova-conductor[111552]: DEBUG oslo.service.backend._threading.loopingcall [-] Fixed interval looping call 'nova.servicegroup.drivers.db.DbDriver._report_state' sleeping for 119.99 seconds {{(pid=111552) _run_loop /opt/stack/data/venv/lib/python3.12/site-packages/oslo_service/backend/_threading/loopingcall.py:125}}
Apr 12 17:53:46.936556 np0000165276 nova-conductor[111557]: DEBUG oslo.service.backend._threading.loopingcall [-] Fixed interval looping call 'nova.servicegroup.drivers.db.DbDriver._report_state' sleeping for 120.00 seconds {{(pid=111557) _run_loop /opt/stack/data/venv/lib/python3.12/site-packages/oslo_service/backend/_threading/loopingcall.py:125}}
Apr 12 17:53:46.960109 np0000165276 nova-conductor[111564]: DEBUG oslo.service.backend._threading.loopingcall [-] Fixed interval looping call 'nova.servicegroup.drivers.db.DbDriver._report_state' sleeping for 119.99 seconds {{(pid=111564) _run_loop /opt/stack/data/venv/lib/python3.12/site-packages/oslo_service/backend/_threading/loopingcall.py:125}}
Apr 12 17:53:47.922466 np0000165276 nova-conductor[111552]: DEBUG oslo.service.backend._threading.loopingcall [None req-fecde88a-98d7-4cfe-9c36-c3e4b6bedc30 None None] Dynamic interval looping call 'nova.service.Service.periodic_tasks' sleeping for 60.00 seconds {{(pid=111552) _run_loop /opt/stack/data/venv/lib/python3.12/site-packages/oslo_service/backend/_threading/loopingcall.py:125}}
Apr 12 17:53:51.930558 np0000165276 nova-conductor[111557]: DEBUG oslo.service.backend._threading.loopingcall [None req-e0b57e95-e9a4-4e31-a02e-8b743c6d826c None None] Dynamic interval looping call 'nova.service.Service.periodic_tasks' sleeping for 60.00 seconds {{(pid=111557) _run_loop /opt/stack/data/venv/lib/python3.12/site-packages/oslo_service/backend/_threading/loopingcall.py:125}}
Apr 12 17:53:56.924871 np0000165276 nova-conductor[111552]: DEBUG dbcounter [-] [111552] Writing DB stats nova_cell0:SELECT=1,nova_cell0:UPDATE=1 {{(pid=111552) stat_writer /opt/stack/data/venv/lib/python3.12/site-packages/dbcounter.py:115}}
Apr 12 17:53:56.928663 np0000165276 nova-conductor[111540]: DEBUG dbcounter [-] [111540] Writing DB stats nova_cell0:SELECT=1,nova_cell0:UPDATE=1 {{(pid=111540) stat_writer /opt/stack/data/venv/lib/python3.12/site-packages/dbcounter.py:115}}
Apr 12 17:53:56.934522 np0000165276 nova-conductor[111557]: DEBUG dbcounter [-] [111557] Writing DB stats nova_cell0:SELECT=1 {{(pid=111557) stat_writer /opt/stack/data/venv/lib/python3.12/site-packages/dbcounter.py:115}}
Apr 12 17:53:56.957350 np0000165276 nova-conductor[111564]: DEBUG dbcounter [-] [111564] Writing DB stats nova_cell0:SELECT=1 {{(pid=111564) stat_writer /opt/stack/data/venv/lib/python3.12/site-packages/dbcounter.py:115}}
Apr 12 17:54:00.951893 np0000165276 nova-conductor[111564]: DEBUG oslo.service.backend._threading.loopingcall [None req-bab944df-92a8-4c6d-87f7-65bfa9ba9083 None None] Dynamic interval looping call 'nova.service.Service.periodic_tasks' sleeping for 60.00 seconds {{(pid=111564) _run_loop /opt/stack/data/venv/lib/python3.12/site-packages/oslo_service/backend/_threading/loopingcall.py:125}}
Apr 12 17:54:10.919562 np0000165276 nova-conductor[111540]: DEBUG oslo.service.backend._threading.loopingcall [None req-2aaa6145-1337-4fc2-bef5-43685a6a5d78 None None] Dynamic interval looping call 'nova.service.Service.periodic_tasks' sleeping for 60.00 seconds {{(pid=111540) _run_loop /opt/stack/data/venv/lib/python3.12/site-packages/oslo_service/backend/_threading/loopingcall.py:125}}
Apr 12 17:54:47.923164 np0000165276 nova-conductor[111552]: DEBUG oslo.service.backend._threading.loopingcall [None req-fecde88a-98d7-4cfe-9c36-c3e4b6bedc30 None None] Dynamic interval looping call 'nova.service.Service.periodic_tasks' sleeping for 60.00 seconds {{(pid=111552) _run_loop /opt/stack/data/venv/lib/python3.12/site-packages/oslo_service/backend/_threading/loopingcall.py:125}}
Apr 12 17:54:51.931297 np0000165276 nova-conductor[111557]: DEBUG oslo.service.backend._threading.loopingcall [None req-e0b57e95-e9a4-4e31-a02e-8b743c6d826c None None] Dynamic interval looping call 'nova.service.Service.periodic_tasks' sleeping for 60.00 seconds {{(pid=111557) _run_loop /opt/stack/data/venv/lib/python3.12/site-packages/oslo_service/backend/_threading/loopingcall.py:125}}
Apr 12 17:55:00.952662 np0000165276 nova-conductor[111564]: DEBUG oslo.service.backend._threading.loopingcall [None req-bab944df-92a8-4c6d-87f7-65bfa9ba9083 None None] Dynamic interval looping call 'nova.service.Service.periodic_tasks' sleeping for 60.00 seconds {{(pid=111564) _run_loop /opt/stack/data/venv/lib/python3.12/site-packages/oslo_service/backend/_threading/loopingcall.py:125}}
Apr 12 17:55:10.920485 np0000165276 nova-conductor[111540]: DEBUG oslo.service.backend._threading.loopingcall [None req-2aaa6145-1337-4fc2-bef5-43685a6a5d78 None None] Dynamic interval looping call 'nova.service.Service.periodic_tasks' sleeping for 60.00 seconds {{(pid=111540) _run_loop /opt/stack/data/venv/lib/python3.12/site-packages/oslo_service/backend/_threading/loopingcall.py:125}}
Apr 12 17:55:46.932511 np0000165276 nova-conductor[111552]: DEBUG oslo.service.backend._threading.loopingcall [-] Fixed interval looping call 'nova.servicegroup.drivers.db.DbDriver._report_state' sleeping for 119.99 seconds {{(pid=111552) _run_loop /opt/stack/data/venv/lib/python3.12/site-packages/oslo_service/backend/_threading/loopingcall.py:125}}
Apr 12 17:55:46.934052 np0000165276 nova-conductor[111540]: DEBUG oslo.service.backend._threading.loopingcall [-] Fixed interval looping call 'nova.servicegroup.drivers.db.DbDriver._report_state' sleeping for 119.99 seconds {{(pid=111540) _run_loop /opt/stack/data/venv/lib/python3.12/site-packages/oslo_service/backend/_threading/loopingcall.py:125}}
