Feb 17 20:36:57.568143 np0000156157 devstack@neutron-api.service[103785]: DEBUG neutron_lib.callbacks.manager [None req-b0924f77-bf65-4bf5-9148-db5094efa0fb None None] Subscribe: > allowed_address_pair before_create 55550000, False {{(pid=103785) subscribe /opt/stack/data/venv/lib/python3.12/site-packages/neutron_lib/callbacks/manager.py:52}}
Feb 17 20:36:57.568387 np0000156157 devstack@neutron-api.service[103784]: DEBUG neutron_lib.callbacks.manager [None req-5afba6fd-66ab-43ce-a941-9ef39aa73e96 None None] Subscribe: > router_interface after_create 55550000, False {{(pid=103784) subscribe /opt/stack/data/venv/lib/python3.12/site-packages/neutron_lib/callbacks/manager.py:52}}
Feb 17 20:36:57.568453 np0000156157 devstack@neutron-api.service[103785]: DEBUG neutron_lib.callbacks.manager [None req-b0924f77-bf65-4bf5-9148-db5094efa0fb None None] Subscribe: > security_group precommit_create 55550000, False {{(pid=103785) subscribe /opt/stack/data/venv/lib/python3.12/site-packages/neutron_lib/callbacks/manager.py:52}}
Feb 17 20:36:57.568490 np0000156157 devstack@neutron-api.service[103784]: DEBUG neutron_lib.callbacks.manager [None req-5afba6fd-66ab-43ce-a941-9ef39aa73e96 None None] Subscribe: > floatingip after_create 55550000, False {{(pid=103784) subscribe /opt/stack/data/venv/lib/python3.12/site-packages/neutron_lib/callbacks/manager.py:52}}
Feb 17 20:36:57.568562 np0000156157 devstack@neutron-api.service[103785]: DEBUG neutron_lib.callbacks.manager [None req-b0924f77-bf65-4bf5-9148-db5094efa0fb None None] Subscribe: > security_group after_update 55550000, False {{(pid=103785) subscribe /opt/stack/data/venv/lib/python3.12/site-packages/neutron_lib/callbacks/manager.py:52}}
Feb 17 20:36:57.568638 np0000156157 devstack@neutron-api.service[103784]: DEBUG neutron_lib.callbacks.manager [None req-5afba6fd-66ab-43ce-a941-9ef39aa73e96 None None] Subscribe: > floatingip precommit_create 55550000, False {{(pid=103784) subscribe /opt/stack/data/venv/lib/python3.12/site-packages/neutron_lib/callbacks/manager.py:52}}
Feb 17 20:36:57.568708 np0000156157 devstack@neutron-api.service[103785]: DEBUG neutron_lib.callbacks.manager [None req-b0924f77-bf65-4bf5-9148-db5094efa0fb None None] Subscribe: > security_group after_create 55550000, False {{(pid=103785) subscribe /opt/stack/data/venv/lib/python3.12/site-packages/neutron_lib/callbacks/manager.py:52}}
Feb 17 20:36:57.568743 np0000156157 devstack@neutron-api.service[103784]: DEBUG neutron_lib.callbacks.manager [None req-5afba6fd-66ab-43ce-a941-9ef39aa73e96 None None] Subscribe: > floatingip precommit_update 55550000, False {{(pid=103784) subscribe /opt/stack/data/venv/lib/python3.12/site-packages/neutron_lib/callbacks/manager.py:52}}
Feb 17 20:36:57.568815 np0000156157 devstack@neutron-api.service[103785]: DEBUG neutron_lib.callbacks.manager [None req-b0924f77-bf65-4bf5-9148-db5094efa0fb None None] Subscribe: > security_group precommit_delete 55550000, False {{(pid=103785) subscribe /opt/stack/data/venv/lib/python3.12/site-packages/neutron_lib/callbacks/manager.py:52}}
Feb 17 20:36:57.568884 np0000156157 devstack@neutron-api.service[103784]: DEBUG neutron_lib.callbacks.manager [None req-5afba6fd-66ab-43ce-a941-9ef39aa73e96 None None] Subscribe: > floatingip after_delete 55550000, False {{(pid=103784) subscribe /opt/stack/data/venv/lib/python3.12/site-packages/neutron_lib/callbacks/manager.py:52}}
Feb 17 20:36:57.568918 np0000156157 devstack@neutron-api.service[103785]: DEBUG neutron_lib.callbacks.manager [None req-b0924f77-bf65-4bf5-9148-db5094efa0fb None None] Subscribe: > security_group after_delete 55550000, False {{(pid=103785) subscribe /opt/stack/data/venv/lib/python3.12/site-packages/neutron_lib/callbacks/manager.py:52}}
Feb 17 20:36:57.568987 np0000156157 devstack@neutron-api.service[103784]: DEBUG neutron_lib.callbacks.manager [None req-5afba6fd-66ab-43ce-a941-9ef39aa73e96 None None] Subscribe: > floatingip after_status_update 55550000, False {{(pid=103784) subscribe /opt/stack/data/venv/lib/python3.12/site-packages/neutron_lib/callbacks/manager.py:52}}
Feb 17 20:36:57.569063 np0000156157 devstack@neutron-api.service[103785]: DEBUG neutron_lib.callbacks.manager [None req-b0924f77-bf65-4bf5-9148-db5094efa0fb None None] Subscribe: > security_group_rule precommit_create 55550000, False {{(pid=103785) subscribe /opt/stack/data/venv/lib/python3.12/site-packages/neutron_lib/callbacks/manager.py:52}}
Feb 17 20:36:57.569093 np0000156157 devstack@neutron-api.service[103784]: DEBUG neutron_lib.callbacks.manager [None req-5afba6fd-66ab-43ce-a941-9ef39aa73e96 None None] Subscribe: > floatingip after_update 55550000, False {{(pid=103784) subscribe /opt/stack/data/venv/lib/python3.12/site-packages/neutron_lib/callbacks/manager.py:52}}
Feb 17 20:36:57.569093 np0000156157 devstack@neutron-api.service[103784]: DEBUG neutron_lib.callbacks.manager [None req-5afba6fd-66ab-43ce-a941-9ef39aa73e96 None None] Subscribe: > port_forwarding after_create 55550000, False {{(pid=103784) subscribe /opt/stack/data/venv/lib/python3.12/site-packages/neutron_lib/callbacks/manager.py:52}}
Feb 17 20:36:57.569218 np0000156157 devstack@neutron-api.service[103785]: DEBUG neutron_lib.callbacks.manager [None req-b0924f77-bf65-4bf5-9148-db5094efa0fb None None] Subscribe: > security_group_rule after_create 55550000, False {{(pid=103785) subscribe /opt/stack/data/venv/lib/python3.12/site-packages/neutron_lib/callbacks/manager.py:52}}
Feb 17 20:36:57.569267 np0000156157 devstack@neutron-api.service[103784]: DEBUG neutron_lib.callbacks.manager [None req-5afba6fd-66ab-43ce-a941-9ef39aa73e96 None None] Subscribe: > router_interface after_delete 55550000, False {{(pid=103784) subscribe /opt/stack/data/venv/lib/python3.12/site-packages/neutron_lib/callbacks/manager.py:52}}
Feb 17 20:36:57.569335 np0000156157 devstack@neutron-api.service[103785]: DEBUG neutron_lib.callbacks.manager [None req-b0924f77-bf65-4bf5-9148-db5094efa0fb None None] Subscribe: > security_group_rule before_delete 55550000, False {{(pid=103785) subscribe /opt/stack/data/venv/lib/python3.12/site-packages/neutron_lib/callbacks/manager.py:52}}
Feb 17 20:36:57.569397 np0000156157 devstack@neutron-api.service[103784]: DEBUG neutron_lib.callbacks.manager [None req-5afba6fd-66ab-43ce-a941-9ef39aa73e96 None None] Subscribe: > router after_create 55550000, False {{(pid=103784) subscribe /opt/stack/data/venv/lib/python3.12/site-packages/neutron_lib/callbacks/manager.py:52}}
Feb 17 20:36:57.569425 np0000156157 devstack@neutron-api.service[103785]: DEBUG neutron_lib.callbacks.manager [None req-b0924f77-bf65-4bf5-9148-db5094efa0fb None None] Subscribe: > address_group after_create 55550000, False {{(pid=103785) subscribe /opt/stack/data/venv/lib/python3.12/site-packages/neutron_lib/callbacks/manager.py:52}}
Feb 17 20:36:57.569452 np0000156157 devstack@neutron-api.service[103784]: DEBUG neutron_lib.callbacks.manager [None req-5afba6fd-66ab-43ce-a941-9ef39aa73e96 None None] Subscribe: > router precommit_create 55550000, False {{(pid=103784) subscribe /opt/stack/data/venv/lib/python3.12/site-packages/neutron_lib/callbacks/manager.py:52}}
Feb 17 20:36:57.569513 np0000156157 devstack@neutron-api.service[103785]: DEBUG neutron_lib.callbacks.manager [None req-b0924f77-bf65-4bf5-9148-db5094efa0fb None None] Subscribe: > address_group after_update 55550000, False {{(pid=103785) subscribe /opt/stack/data/venv/lib/python3.12/site-packages/neutron_lib/callbacks/manager.py:52}}
Feb 17 20:36:57.569545 np0000156157 devstack@neutron-api.service[103784]: DEBUG neutron_lib.callbacks.manager [None req-5afba6fd-66ab-43ce-a941-9ef39aa73e96 None None] Subscribe: > router after_delete 55550000, False {{(pid=103784) subscribe /opt/stack/data/venv/lib/python3.12/site-packages/neutron_lib/callbacks/manager.py:52}}
Feb 17 20:36:57.569600 np0000156157 devstack@neutron-api.service[103785]: DEBUG neutron_lib.callbacks.manager [None req-b0924f77-bf65-4bf5-9148-db5094efa0fb None None] Subscribe: > address_group after_delete 55550000, False {{(pid=103785) subscribe /opt/stack/data/venv/lib/python3.12/site-packages/neutron_lib/callbacks/manager.py:52}}
Feb 17 20:36:57.569631 np0000156157 devstack@neutron-api.service[103784]: DEBUG neutron_lib.callbacks.manager [None req-5afba6fd-66ab-43ce-a941-9ef39aa73e96 None None] Subscribe: > router after_update 55550000, False {{(pid=103784) subscribe /opt/stack/data/venv/lib/python3.12/site-packages/neutron_lib/callbacks/manager.py:52}}
Feb 17 20:36:57.569693 np0000156157 devstack@neutron-api.service[103785]: DEBUG neutron_lib.callbacks.manager [None req-b0924f77-bf65-4bf5-9148-db5094efa0fb None None] Subscribe: > qos_plugin after_init 55550000, False {{(pid=103785) subscribe /opt/stack/data/venv/lib/python3.12/site-packages/neutron_lib/callbacks/manager.py:52}}
Feb 17 20:36:57.569722 np0000156157 devstack@neutron-api.service[103784]: DEBUG neutron.services.service_base [None req-5afba6fd-66ab-43ce-a941-9ef39aa73e96 None None] Loaded 'neutron.services.ovn_l3.service_providers.ovn.OvnDriver' provider for service L3_ROUTER_NAT {{(pid=103784) load_drivers /opt/stack/neutron/neutron/services/service_base.py:49}}
Feb 17 20:36:57.569722 np0000156157 devstack@neutron-api.service[103784]: DEBUG neutron_lib.callbacks.manager [None req-5afba6fd-66ab-43ce-a941-9ef39aa73e96 None None] Subscribe: > process after_init 55550001, True {{(pid=103784) subscribe /opt/stack/data/venv/lib/python3.12/site-packages/neutron_lib/callbacks/manager.py:52}}
Feb 17 20:36:57.569830 np0000156157 devstack@neutron-api.service[103785]: DEBUG neutron_lib.callbacks.manager [None req-b0924f77-bf65-4bf5-9148-db5094efa0fb None None] Subscribe: > trunk_plugin after_init 55550000, False {{(pid=103785) subscribe /opt/stack/data/venv/lib/python3.12/site-packages/neutron_lib/callbacks/manager.py:52}}
Feb 17 20:36:57.569863 np0000156157 devstack@neutron-api.service[103784]: DEBUG neutron.manager [None req-5afba6fd-66ab-43ce-a941-9ef39aa73e96 None None] Successfully loaded L3_ROUTER_NAT plugin. Description: L3 Router Service Plugin for basic L3 forwarding using OVN {{(pid=103784) _create_and_add_service_plugin /opt/stack/neutron/neutron/manager.py:229}}
Feb 17 20:36:57.569863 np0000156157 devstack@neutron-api.service[103784]: INFO neutron.manager [None req-5afba6fd-66ab-43ce-a941-9ef39aa73e96 None None] Loading Plugin: auto_allocate
Feb 17 20:36:57.569945 np0000156157 devstack@neutron-api.service[103785]: DEBUG neutron_lib.callbacks.manager [None req-b0924f77-bf65-4bf5-9148-db5094efa0fb None None] Subscribe: > logging-plugin after_init 55550000, False {{(pid=103785) subscribe /opt/stack/data/venv/lib/python3.12/site-packages/neutron_lib/callbacks/manager.py:52}}
Feb 17 20:36:57.570772 np0000156157 devstack@neutron-api.service[103785]: INFO neutron.services.logapi.drivers.ovn.driver [None req-b0924f77-bf65-4bf5-9148-db5094efa0fb None None] OVN logging driver registered
Feb 17 20:36:57.571007 np0000156157 devstack@neutron-api.service[103784]: DEBUG neutron_lib.callbacks.manager [None req-5afba6fd-66ab-43ce-a941-9ef39aa73e96 None None] Subscribe: network precommit_update 55550000, False {{(pid=103784) subscribe /opt/stack/data/venv/lib/python3.12/site-packages/neutron_lib/callbacks/manager.py:52}}
Feb 17 20:36:57.571007 np0000156157 devstack@neutron-api.service[103784]: DEBUG neutron_lib.callbacks.manager [None req-5afba6fd-66ab-43ce-a941-9ef39aa73e96 None None] Subscribe: network precommit_create 55550000, False {{(pid=103784) subscribe /opt/stack/data/venv/lib/python3.12/site-packages/neutron_lib/callbacks/manager.py:52}}
Feb 17 20:36:57.571007 np0000156157 devstack@neutron-api.service[103784]: DEBUG neutron.manager [None req-5afba6fd-66ab-43ce-a941-9ef39aa73e96 None None] Successfully loaded auto-allocated-topology plugin. Description: Auto Allocated Topology - aka get me a network. {{(pid=103784) _create_and_add_service_plugin /opt/stack/neutron/neutron/manager.py:229}}
Feb 17 20:36:57.571464 np0000156157 devstack@neutron-api.service[103784]: INFO neutron.manager [None req-5afba6fd-66ab-43ce-a941-9ef39aa73e96 None None] Loading Plugin: tag
Feb 17 20:36:57.571993 np0000156157 devstack@neutron-api.service[103785]: DEBUG neutron.plugins.ml2.plugin [None req-b0924f77-bf65-4bf5-9148-db5094efa0fb None None] neutron.plugins.ml2.plugin.Ml2Plugin method _start_rpc_notifiers called with arguments () {} {{(pid=103785) wrapper /opt/stack/data/venv/lib/python3.12/site-packages/oslo_log/helpers.py:77}}
Feb 17 20:36:57.572261 np0000156157 devstack@neutron-api.service[103785]: DEBUG neutron_lib.callbacks.manager [None req-b0924f77-bf65-4bf5-9148-db5094efa0fb None None] Subscribe: > port after_create 55550000, False {{(pid=103785) subscribe /opt/stack/data/venv/lib/python3.12/site-packages/neutron_lib/callbacks/manager.py:52}}
Feb 17 20:36:57.572461 np0000156157 devstack@neutron-api.service[103785]: DEBUG neutron_lib.callbacks.manager [None req-b0924f77-bf65-4bf5-9148-db5094efa0fb None None] Subscribe: > port after_update 55550000, False {{(pid=103785) subscribe /opt/stack/data/venv/lib/python3.12/site-packages/neutron_lib/callbacks/manager.py:52}}
Feb 17 20:36:57.572461 np0000156157 devstack@neutron-api.service[103785]: DEBUG neutron_lib.callbacks.manager [None req-b0924f77-bf65-4bf5-9148-db5094efa0fb None None] Subscribe: > port after_delete 55550000, False {{(pid=103785) subscribe /opt/stack/data/venv/lib/python3.12/site-packages/neutron_lib/callbacks/manager.py:52}}
Feb 17 20:36:57.572795 np0000156157 devstack@neutron-api.service[103785]: DEBUG neutron_lib.callbacks.manager [None req-b0924f77-bf65-4bf5-9148-db5094efa0fb None None] Subscribe: > subnet after_create 55550000, False {{(pid=103785) subscribe /opt/stack/data/venv/lib/python3.12/site-packages/neutron_lib/callbacks/manager.py:52}}
Feb 17 20:36:57.572795 np0000156157 devstack@neutron-api.service[103785]: DEBUG neutron_lib.callbacks.manager [None req-b0924f77-bf65-4bf5-9148-db5094efa0fb None None] Subscribe: > subnet after_update 55550000, False {{(pid=103785) subscribe /opt/stack/data/venv/lib/python3.12/site-packages/neutron_lib/callbacks/manager.py:52}}
Feb 17 20:36:57.572795 np0000156157 devstack@neutron-api.service[103785]: DEBUG neutron_lib.callbacks.manager [None req-b0924f77-bf65-4bf5-9148-db5094efa0fb None None] Subscribe: > subnet after_delete 55550000, False {{(pid=103785) subscribe /opt/stack/data/venv/lib/python3.12/site-packages/neutron_lib/callbacks/manager.py:52}}
Feb 17 20:36:57.573373 np0000156157 devstack@neutron-api.service[103785]: DEBUG neutron_lib.callbacks.manager [None req-b0924f77-bf65-4bf5-9148-db5094efa0fb None None] Subscribe: > network after_create 55550000, False {{(pid=103785) subscribe /opt/stack/data/venv/lib/python3.12/site-packages/neutron_lib/callbacks/manager.py:52}}
Feb 17 20:36:57.573373 np0000156157 devstack@neutron-api.service[103785]: DEBUG neutron_lib.callbacks.manager [None req-b0924f77-bf65-4bf5-9148-db5094efa0fb None None] Subscribe: > network after_update 55550000, False {{(pid=103785) subscribe /opt/stack/data/venv/lib/python3.12/site-packages/neutron_lib/callbacks/manager.py:52}}
Feb 17 20:36:57.573373 np0000156157 devstack@neutron-api.service[103785]: DEBUG neutron_lib.callbacks.manager [None req-b0924f77-bf65-4bf5-9148-db5094efa0fb None None] Subscribe: > network after_delete 55550000, False {{(pid=103785) subscribe /opt/stack/data/venv/lib/python3.12/site-packages/neutron_lib/callbacks/manager.py:52}}
Feb 17 20:36:57.573373 np0000156157 devstack@neutron-api.service[103785]: DEBUG neutron_lib.callbacks.manager [None req-b0924f77-bf65-4bf5-9148-db5094efa0fb None None] Subscribe: > security_group after_create 55550000, False {{(pid=103785) subscribe /opt/stack/data/venv/lib/python3.12/site-packages/neutron_lib/callbacks/manager.py:52}}
Feb 17 20:36:57.573952 np0000156157 devstack@neutron-api.service[103785]: DEBUG neutron_lib.callbacks.manager [None req-b0924f77-bf65-4bf5-9148-db5094efa0fb None None] Subscribe: > security_group after_update 55550000, False {{(pid=103785) subscribe /opt/stack/data/venv/lib/python3.12/site-packages/neutron_lib/callbacks/manager.py:52}}
Feb 17 20:36:57.573952 np0000156157 devstack@neutron-api.service[103785]: DEBUG neutron_lib.callbacks.manager [None req-b0924f77-bf65-4bf5-9148-db5094efa0fb None None] Subscribe: > security_group after_delete 55550000, False {{(pid=103785) subscribe /opt/stack/data/venv/lib/python3.12/site-packages/neutron_lib/callbacks/manager.py:52}}
Feb 17 20:36:57.573952 np0000156157 devstack@neutron-api.service[103785]: DEBUG neutron_lib.callbacks.manager [None req-b0924f77-bf65-4bf5-9148-db5094efa0fb None None] Subscribe: > security_group_rule after_create 55550000, False {{(pid=103785) subscribe /opt/stack/data/venv/lib/python3.12/site-packages/neutron_lib/callbacks/manager.py:52}}
Feb 17 20:36:57.573952 np0000156157 devstack@neutron-api.service[103785]: DEBUG neutron_lib.callbacks.manager [None req-b0924f77-bf65-4bf5-9148-db5094efa0fb None None] Subscribe: > security_group_rule after_update 55550000, False {{(pid=103785) subscribe /opt/stack/data/venv/lib/python3.12/site-packages/neutron_lib/callbacks/manager.py:52}}
Feb 17 20:36:57.574393 np0000156157 devstack@neutron-api.service[103784]: DEBUG neutron.manager [None req-5afba6fd-66ab-43ce-a941-9ef39aa73e96 None None] Successfully loaded TAG plugin. Description: Tag support {{(pid=103784) _create_and_add_service_plugin /opt/stack/neutron/neutron/manager.py:229}}
Feb 17 20:36:57.574692 np0000156157 devstack@neutron-api.service[103785]: DEBUG neutron_lib.callbacks.manager [None req-b0924f77-bf65-4bf5-9148-db5094efa0fb None None] Subscribe: > security_group_rule after_delete 55550000, False {{(pid=103785) subscribe /opt/stack/data/venv/lib/python3.12/site-packages/neutron_lib/callbacks/manager.py:52}}
Feb 17 20:36:57.574811 np0000156157 devstack@neutron-api.service[103784]: INFO neutron.manager [None req-5afba6fd-66ab-43ce-a941-9ef39aa73e96 None None] Loading Plugin: timestamp
Feb 17 20:36:57.574878 np0000156157 devstack@neutron-api.service[103785]: DEBUG neutron_lib.callbacks.manager [None req-b0924f77-bf65-4bf5-9148-db5094efa0fb None None] Subscribe: > address_group after_create 55550000, False {{(pid=103785) subscribe /opt/stack/data/venv/lib/python3.12/site-packages/neutron_lib/callbacks/manager.py:52}}
Feb 17 20:36:57.574878 np0000156157 devstack@neutron-api.service[103785]: DEBUG neutron_lib.callbacks.manager [None req-b0924f77-bf65-4bf5-9148-db5094efa0fb None None] Subscribe: > address_group after_update 55550000, False {{(pid=103785) subscribe /opt/stack/data/venv/lib/python3.12/site-packages/neutron_lib/callbacks/manager.py:52}}
Feb 17 20:36:57.574878 np0000156157 devstack@neutron-api.service[103785]: DEBUG neutron_lib.callbacks.manager [None req-b0924f77-bf65-4bf5-9148-db5094efa0fb None None] Subscribe: > address_group after_delete 55550000, False {{(pid=103785) subscribe /opt/stack/data/venv/lib/python3.12/site-packages/neutron_lib/callbacks/manager.py:52}}
Feb 17 20:36:57.574878 np0000156157 devstack@neutron-api.service[103785]: DEBUG neutron.plugins.ml2.ovo_rpc [None req-b0924f77-bf65-4bf5-9148-db5094efa0fb None None] ML2 OVO RPC backend initialized. {{(pid=103785) __init__ /opt/stack/neutron/neutron/plugins/ml2/ovo_rpc.py:117}}
Feb 17 20:36:57.575095 np0000156157 devstack@neutron-api.service[103785]: INFO neutron.quota [None req-b0924f77-bf65-4bf5-9148-db5094efa0fb None None] Loaded quota_driver: .
Feb 17 20:36:57.575134 np0000156157 devstack@neutron-api.service[103784]: DEBUG neutron.manager [None req-5afba6fd-66ab-43ce-a941-9ef39aa73e96 None None] Successfully loaded timestamp plugin. Description: Adds timestamps to Neutron resources with standard attributes {{(pid=103784) _create_and_add_service_plugin /opt/stack/neutron/neutron/manager.py:229}}
Feb 17 20:36:57.575178 np0000156157 devstack@neutron-api.service[103785]: INFO neutron.plugins.ml2.plugin [None req-b0924f77-bf65-4bf5-9148-db5094efa0fb None None] Modular L2 Plugin initialization complete
Feb 17 20:36:57.575312 np0000156157 devstack@neutron-api.service[103784]: INFO neutron.manager [None req-5afba6fd-66ab-43ce-a941-9ef39aa73e96 None None] Loading Plugin: network_ip_availability
Feb 17 20:36:57.575408 np0000156157 devstack@neutron-api.service[103785]: DEBUG neutron.manager [None req-b0924f77-bf65-4bf5-9148-db5094efa0fb None None] Loading services supported by the core plugin {{(pid=103785) _load_services_from_core_plugin /opt/stack/neutron/neutron/manager.py:169}}
Feb 17 20:36:57.575408 np0000156157 devstack@neutron-api.service[103785]: INFO neutron.plugins.ml2.managers [None req-b0924f77-bf65-4bf5-9148-db5094efa0fb None None] Got port-security extension from driver 'port_security'
Feb 17 20:36:57.575721 np0000156157 devstack@neutron-api.service[103785]: DEBUG neutron.manager [None req-b0924f77-bf65-4bf5-9148-db5094efa0fb None None] Loading service plugins: ['ovn-router', 'auto_allocate', 'tag', 'timestamp', 'network_ip_availability', 'flavors', 'revisions'] {{(pid=103785) _load_service_plugins /opt/stack/neutron/neutron/manager.py:194}}
Feb 17 20:36:57.575970 np0000156157 devstack@neutron-api.service[103785]: INFO neutron.manager [None req-b0924f77-bf65-4bf5-9148-db5094efa0fb None None] Loading Plugin: ovn-router
Feb 17 20:36:57.577320 np0000156157 devstack@neutron-api.service[103784]: DEBUG neutron_lib.callbacks.manager [None req-5afba6fd-66ab-43ce-a941-9ef39aa73e96 None None] Subscribe: > rbac-policy before_create 55550000, False {{(pid=103784) subscribe /opt/stack/data/venv/lib/python3.12/site-packages/neutron_lib/callbacks/manager.py:52}}
Feb 17 20:36:57.577587 np0000156157 devstack@neutron-api.service[103784]: DEBUG neutron_lib.callbacks.manager [None req-5afba6fd-66ab-43ce-a941-9ef39aa73e96 None None] Subscribe: > rbac-policy before_update 55550000, False {{(pid=103784) subscribe /opt/stack/data/venv/lib/python3.12/site-packages/neutron_lib/callbacks/manager.py:52}}
Feb 17 20:36:57.577587 np0000156157 devstack@neutron-api.service[103784]: DEBUG neutron_lib.callbacks.manager [None req-5afba6fd-66ab-43ce-a941-9ef39aa73e96 None None] Subscribe: > rbac-policy before_delete 55550000, False {{(pid=103784) subscribe /opt/stack/data/venv/lib/python3.12/site-packages/neutron_lib/callbacks/manager.py:52}}
Feb 17 20:36:57.577908 np0000156157 devstack@neutron-api.service[103784]: DEBUG neutron.manager [None req-5afba6fd-66ab-43ce-a941-9ef39aa73e96 None None] Successfully loaded network-ip-availability plugin. Description: Provides IP availability data for each network and subnet. {{(pid=103784) _create_and_add_service_plugin /opt/stack/neutron/neutron/manager.py:229}}
Feb 17 20:36:57.578244 np0000156157 devstack@neutron-api.service[103784]: INFO neutron.manager [None req-5afba6fd-66ab-43ce-a941-9ef39aa73e96 None None] Loading Plugin: flavors
Feb 17 20:36:57.578986 np0000156157 devstack@neutron-api.service[103784]: DEBUG neutron.manager [None req-5afba6fd-66ab-43ce-a941-9ef39aa73e96 None None] Successfully loaded FLAVORS plugin. Description: Neutron Flavors and Service Profiles manager plugin {{(pid=103784) _create_and_add_service_plugin /opt/stack/neutron/neutron/manager.py:229}}
Feb 17 20:36:57.579283 np0000156157 devstack@neutron-api.service[103784]: INFO neutron.manager [None req-5afba6fd-66ab-43ce-a941-9ef39aa73e96 None None] Loading Plugin: revisions
Feb 17 20:36:57.580073 np0000156157 devstack@neutron-api.service[103784]: DEBUG neutron.manager [None req-5afba6fd-66ab-43ce-a941-9ef39aa73e96 None None] Successfully loaded revision_plugin plugin. Description: Adds revision numbers to resources. {{(pid=103784) _create_and_add_service_plugin /opt/stack/neutron/neutron/manager.py:229}}
Feb 17 20:36:57.580282 np0000156157 devstack@neutron-api.service[103784]: DEBUG oslo_concurrency.lockutils [None req-5afba6fd-66ab-43ce-a941-9ef39aa73e96 None None] Lock "manager" "released" by "neutron.manager.NeutronManager._create_instance" :: held 4.768s {{(pid=103784) inner /opt/stack/data/venv/lib/python3.12/site-packages/oslo_concurrency/lockutils.py:538}}
Feb 17 20:36:57.580473 np0000156157 devstack@neutron-api.service[103784]: DEBUG neutron.api.extensions [None req-5afba6fd-66ab-43ce-a941-9ef39aa73e96 None None] get_extension_paths = OrderedDict({'/opt/stack/neutron/neutron/extensions': 1}) {{(pid=103784) get_extensions_path /opt/stack/neutron/neutron/api/extensions.py:640}}
Feb 17 20:36:57.580532 np0000156157 devstack@neutron-api.service[103784]: INFO neutron.api.extensions [None req-5afba6fd-66ab-43ce-a941-9ef39aa73e96 None None] Initializing extension manager.
Feb 17 20:36:57.580835 np0000156157 devstack@neutron-api.service[103784]: DEBUG neutron.api.extensions [None req-5afba6fd-66ab-43ce-a941-9ef39aa73e96 None None] Loading extension file: __init__.py {{(pid=103784) _load_all_extensions_from_path /opt/stack/neutron/neutron/api/extensions.py:449}}
Feb 17 20:36:57.580983 np0000156157 devstack@neutron-api.service[103784]: DEBUG neutron.api.extensions [None req-5afba6fd-66ab-43ce-a941-9ef39aa73e96 None None] Loading extension file: __pycache__ {{(pid=103784) _load_all_extensions_from_path /opt/stack/neutron/neutron/api/extensions.py:449}}
Feb 17 20:36:57.580983 np0000156157 devstack@neutron-api.service[103784]: DEBUG neutron.api.extensions [None req-5afba6fd-66ab-43ce-a941-9ef39aa73e96 None None] Loading extension file: address_group.py {{(pid=103784) _load_all_extensions_from_path /opt/stack/neutron/neutron/api/extensions.py:449}}
Feb 17 20:36:57.581334 np0000156157 devstack@neutron-api.service[103784]: DEBUG neutron.api.extensions [None req-5afba6fd-66ab-43ce-a941-9ef39aa73e96 None None] Ext name="Address group" alias="address-group" description="Support address group" updated="2020-07-15T10:00:00-00:00" {{(pid=103784) _check_extension /opt/stack/neutron/neutron/api/extensions.py:415}}
Feb 17 20:36:57.581568 np0000156157 devstack@neutron-api.service[103784]: INFO neutron.api.extensions [None req-5afba6fd-66ab-43ce-a941-9ef39aa73e96 None None] Loaded extension: address-group
Feb 17 20:36:57.581690 np0000156157 devstack@neutron-api.service[103784]: DEBUG neutron.api.extensions [None req-5afba6fd-66ab-43ce-a941-9ef39aa73e96 None None] Loading extension file: address_scope.py {{(pid=103784) _load_all_extensions_from_path /opt/stack/neutron/neutron/api/extensions.py:449}}
Feb 17 20:36:57.581992 np0000156157 devstack@neutron-api.service[103784]: DEBUG neutron.api.extensions [None req-5afba6fd-66ab-43ce-a941-9ef39aa73e96 None None] Ext name="Address scope" alias="address-scope" description="Address scopes extension." updated="2015-07-26T10:00:00-00:00" {{(pid=103784) _check_extension /opt/stack/neutron/neutron/api/extensions.py:415}}
Feb 17 20:36:57.582182 np0000156157 devstack@neutron-api.service[103784]: INFO neutron.api.extensions [None req-5afba6fd-66ab-43ce-a941-9ef39aa73e96 None None] Loaded extension: address-scope
Feb 17 20:36:57.582295 np0000156157 devstack@neutron-api.service[103784]: DEBUG neutron.api.extensions [None req-5afba6fd-66ab-43ce-a941-9ef39aa73e96 None None] Loading extension file: admin_state_down_before_update.py {{(pid=103784) _load_all_extensions_from_path /opt/stack/neutron/neutron/api/extensions.py:449}}
Feb 17 20:36:57.582545 np0000156157 devstack@neutron-api.service[103784]: DEBUG neutron.api.extensions [None req-5afba6fd-66ab-43ce-a941-9ef39aa73e96 None None] Ext name="Enforce Router's Admin State Down Before Update Extension" alias="router-admin-state-down-before-update" description="Ensure that the admin state of a router is DOWN (admin_state_up=False) before updating the distributed attribute" updated="2019-07-02T15:56:00" {{(pid=103784) _check_extension /opt/stack/neutron/neutron/api/extensions.py:415}}
Feb 17 20:36:57.582729 np0000156157 devstack@neutron-api.service[103784]: INFO neutron.api.extensions [None req-5afba6fd-66ab-43ce-a941-9ef39aa73e96 None None] Extension router-admin-state-down-before-update not supported by any of loaded plugins
Feb 17 20:36:57.582810 np0000156157 devstack@neutron-api.service[103784]: DEBUG neutron.api.extensions [None req-5afba6fd-66ab-43ce-a941-9ef39aa73e96 None None] Loading extension file: agent.py {{(pid=103784) _load_all_extensions_from_path /opt/stack/neutron/neutron/api/extensions.py:449}}
Feb 17 20:36:57.583120 np0000156157 devstack@neutron-api.service[103784]: DEBUG neutron.api.extensions [None req-5afba6fd-66ab-43ce-a941-9ef39aa73e96 None None] Ext name="agent" alias="agent" description="The agent management extension." updated="2013-02-03T10:00:00-00:00" {{(pid=103784) _check_extension /opt/stack/neutron/neutron/api/extensions.py:415}}
Feb 17 20:36:57.583404 np0000156157 devstack@neutron-api.service[103784]: INFO neutron.api.extensions [None req-5afba6fd-66ab-43ce-a941-9ef39aa73e96 None None] Loaded extension: agent
Feb 17 20:36:57.583498 np0000156157 devstack@neutron-api.service[103784]: DEBUG neutron.api.extensions [None req-5afba6fd-66ab-43ce-a941-9ef39aa73e96 None None] Loading extension file: agent_resources_synced.py {{(pid=103784) _load_all_extensions_from_path /opt/stack/neutron/neutron/api/extensions.py:449}}
Feb 17 20:36:57.583751 np0000156157 devstack@neutron-api.service[103784]: DEBUG neutron.api.extensions [None req-5afba6fd-66ab-43ce-a941-9ef39aa73e96 None None] Ext name="Agent's Resource View Synced to Placement" alias="agent-resources-synced" description="Stores success/failure of last sync to Placement" updated="2018-12-19T00:00:00-00:00" {{(pid=103784) _check_extension /opt/stack/neutron/neutron/api/extensions.py:415}}
Feb 17 20:36:57.583935 np0000156157 devstack@neutron-api.service[103784]: INFO neutron.api.extensions [None req-5afba6fd-66ab-43ce-a941-9ef39aa73e96 None None] Extension agent-resources-synced not supported by any of loaded plugins
Feb 17 20:36:57.584025 np0000156157 devstack@neutron-api.service[103784]: DEBUG neutron.api.extensions [None req-5afba6fd-66ab-43ce-a941-9ef39aa73e96 None None] Loading extension file: allowedaddresspairs.py {{(pid=103784) _load_all_extensions_from_path /opt/stack/neutron/neutron/api/extensions.py:449}}
Feb 17 20:36:57.584744 np0000156157 devstack@neutron-api.service[103784]: DEBUG neutron.api.extensions [None req-5afba6fd-66ab-43ce-a941-9ef39aa73e96 None None] Ext name="Allowed Address Pairs" alias="allowed-address-pairs" description="Provides allowed address pairs" updated="2013-07-23T10:00:00-00:00" {{(pid=103784) _check_extension /opt/stack/neutron/neutron/api/extensions.py:415}}
Feb 17 20:36:57.584978 np0000156157 devstack@neutron-api.service[103785]: DEBUG neutron_lib.callbacks.manager [None req-b0924f77-bf65-4bf5-9148-db5094efa0fb None None] Subscribe: > router before_delete 55550000, False {{(pid=103785) subscribe /opt/stack/data/venv/lib/python3.12/site-packages/neutron_lib/callbacks/manager.py:52}}
Feb 17 20:36:57.585445 np0000156157 devstack@neutron-api.service[103784]: INFO neutron.api.extensions [None req-5afba6fd-66ab-43ce-a941-9ef39aa73e96 None None] Loaded extension: allowed-address-pairs
Feb 17 20:36:57.585445 np0000156157 devstack@neutron-api.service[103784]: DEBUG neutron.api.extensions [None req-5afba6fd-66ab-43ce-a941-9ef39aa73e96 None None] Loading extension file: auto_allocated_topology.py {{(pid=103784) _load_all_extensions_from_path /opt/stack/neutron/neutron/api/extensions.py:449}}
Feb 17 20:36:57.585546 np0000156157 devstack@neutron-api.service[103785]: DEBUG neutron_lib.callbacks.manager [None req-b0924f77-bf65-4bf5-9148-db5094efa0fb None None] Subscribe: port after_update 55550000, False {{(pid=103785) subscribe /opt/stack/data/venv/lib/python3.12/site-packages/neutron_lib/callbacks/manager.py:52}}
Feb 17 20:36:57.585546 np0000156157 devstack@neutron-api.service[103785]: DEBUG neutron_lib.callbacks.manager [None req-b0924f77-bf65-4bf5-9148-db5094efa0fb None None] Subscribe: port after_delete 55550000, False {{(pid=103785) subscribe /opt/stack/data/venv/lib/python3.12/site-packages/neutron_lib/callbacks/manager.py:52}}
Feb 17 20:36:57.585546 np0000156157 devstack@neutron-api.service[103785]: DEBUG neutron_lib.callbacks.manager [None req-b0924f77-bf65-4bf5-9148-db5094efa0fb None None] Subscribe: subnet after_update 55550000, False {{(pid=103785) subscribe /opt/stack/data/venv/lib/python3.12/site-packages/neutron_lib/callbacks/manager.py:52}}
Feb 17 20:36:57.585640 np0000156157 devstack@neutron-api.service[103784]: DEBUG neutron.api.extensions [None req-5afba6fd-66ab-43ce-a941-9ef39aa73e96 None None] Ext name="Auto Allocated Topology Services" alias="auto-allocated-topology" description="Auto Allocated Topology Services." updated="2016-01-01T00:00:00-00:00" {{(pid=103784) _check_extension /opt/stack/neutron/neutron/api/extensions.py:415}}
Feb 17 20:36:57.585681 np0000156157 devstack@neutron-api.service[103785]: DEBUG neutron_lib.callbacks.manager [None req-b0924f77-bf65-4bf5-9148-db5094efa0fb None None] Subscribe: subnetpool_address_scope after_update 55550000, False {{(pid=103785) subscribe /opt/stack/data/venv/lib/python3.12/site-packages/neutron_lib/callbacks/manager.py:52}}
Feb 17 20:36:57.585681 np0000156157 devstack@neutron-api.service[103785]: DEBUG neutron_lib.callbacks.manager [None req-b0924f77-bf65-4bf5-9148-db5094efa0fb None None] Subscribe: port before_update 55550000, False {{(pid=103785) subscribe /opt/stack/data/venv/lib/python3.12/site-packages/neutron_lib/callbacks/manager.py:52}}
Feb 17 20:36:57.585740 np0000156157 devstack@neutron-api.service[103784]: INFO neutron.api.extensions [None req-5afba6fd-66ab-43ce-a941-9ef39aa73e96 None None] Loaded extension: auto-allocated-topology
Feb 17 20:36:57.585769 np0000156157 devstack@neutron-api.service[103785]: DEBUG neutron_lib.callbacks.manager [None req-b0924f77-bf65-4bf5-9148-db5094efa0fb None None] Subscribe: port after_update 55550000, False {{(pid=103785) subscribe /opt/stack/data/venv/lib/python3.12/site-packages/neutron_lib/callbacks/manager.py:52}}
Feb 17 20:36:57.585800 np0000156157 devstack@neutron-api.service[103784]: DEBUG neutron.api.extensions [None req-5afba6fd-66ab-43ce-a941-9ef39aa73e96 None None] Loading extension file: availability_zone.py {{(pid=103784) _load_all_extensions_from_path /opt/stack/neutron/neutron/api/extensions.py:449}}
Feb 17 20:36:57.585830 np0000156157 devstack@neutron-api.service[103785]: DEBUG neutron_lib.callbacks.manager [None req-b0924f77-bf65-4bf5-9148-db5094efa0fb None None] Subscribe: > port precommit_delete 55550000, False {{(pid=103785) subscribe /opt/stack/data/venv/lib/python3.12/site-packages/neutron_lib/callbacks/manager.py:52}}
Feb 17 20:36:57.585830 np0000156157 devstack@neutron-api.service[103785]: DEBUG neutron_lib.callbacks.manager [None req-b0924f77-bf65-4bf5-9148-db5094efa0fb None None] Subscribe: port before_update 55550000, False {{(pid=103785) subscribe /opt/stack/data/venv/lib/python3.12/site-packages/neutron_lib/callbacks/manager.py:52}}
Feb 17 20:36:57.585830 np0000156157 devstack@neutron-api.service[103785]: DEBUG neutron_lib.callbacks.manager [None req-b0924f77-bf65-4bf5-9148-db5094efa0fb None None] Subscribe: port before_delete 55550000, False {{(pid=103785) subscribe /opt/stack/data/venv/lib/python3.12/site-packages/neutron_lib/callbacks/manager.py:52}}
Feb 17 20:36:57.585931 np0000156157 devstack@neutron-api.service[103784]: DEBUG neutron.api.extensions [None req-5afba6fd-66ab-43ce-a941-9ef39aa73e96 None None] Ext name="Availability Zone" alias="availability_zone" description="The availability zone extension." updated="2015-01-01T10:00:00-00:00" {{(pid=103784) _check_extension /opt/stack/neutron/neutron/api/extensions.py:415}}
Feb 17 20:36:57.585963 np0000156157 devstack@neutron-api.service[103785]: DEBUG neutron_lib.callbacks.manager [None req-b0924f77-bf65-4bf5-9148-db5094efa0fb None None] Subscribe: > router precommit_create 55550000, False {{(pid=103785) subscribe /opt/stack/data/venv/lib/python3.12/site-packages/neutron_lib/callbacks/manager.py:52}}
Feb 17 20:36:57.586160 np0000156157 devstack@neutron-api.service[103784]: INFO neutron.api.extensions [None req-5afba6fd-66ab-43ce-a941-9ef39aa73e96 None None] Loaded extension: availability_zone
Feb 17 20:36:57.586212 np0000156157 devstack@neutron-api.service[103785]: DEBUG neutron_lib.callbacks.manager [None req-b0924f77-bf65-4bf5-9148-db5094efa0fb None None] Subscribe: > router precommit_create 55550000, False {{(pid=103785) subscribe /opt/stack/data/venv/lib/python3.12/site-packages/neutron_lib/callbacks/manager.py:52}}
Feb 17 20:36:57.586332 np0000156157 devstack@neutron-api.service[103784]: DEBUG neutron.api.extensions [None req-5afba6fd-66ab-43ce-a941-9ef39aa73e96 None None] Loading extension file: availability_zone_filter.py {{(pid=103784) _load_all_extensions_from_path /opt/stack/neutron/neutron/api/extensions.py:449}}
Feb 17 20:36:57.586373 np0000156157 devstack@neutron-api.service[103785]: DEBUG neutron_lib.callbacks.manager [None req-b0924f77-bf65-4bf5-9148-db5094efa0fb None None] Subscribe: > router precommit_update 55550000, False {{(pid=103785) subscribe /opt/stack/data/venv/lib/python3.12/site-packages/neutron_lib/callbacks/manager.py:52}}
Feb 17 20:36:57.586373 np0000156157 devstack@neutron-api.service[103785]: DEBUG neutron_lib.callbacks.manager [None req-b0924f77-bf65-4bf5-9148-db5094efa0fb None None] Subscribe: subnet after_update 55550000, False {{(pid=103785) subscribe /opt/stack/data/venv/lib/python3.12/site-packages/neutron_lib/callbacks/manager.py:52}}
Feb 17 20:36:57.586524 np0000156157 devstack@neutron-api.service[103784]: DEBUG neutron.api.extensions [None req-5afba6fd-66ab-43ce-a941-9ef39aa73e96 None None] Ext name="Availability Zone Filter Extension" alias="availability_zone_filter" description="Add filter parameters to AvailabilityZone resource" updated="2018-06-22T10:00:00-00:00" {{(pid=103784) _check_extension /opt/stack/neutron/neutron/api/extensions.py:415}}
Feb 17 20:36:57.586560 np0000156157 devstack@neutron-api.service[103784]: INFO neutron.api.extensions [None req-5afba6fd-66ab-43ce-a941-9ef39aa73e96 None None] Extension availability_zone_filter not supported by any of loaded plugins
Feb 17 20:36:57.586665 np0000156157 devstack@neutron-api.service[103784]: DEBUG neutron.api.extensions [None req-5afba6fd-66ab-43ce-a941-9ef39aa73e96 None None] Loading extension file: data_plane_status.py {{(pid=103784) _load_all_extensions_from_path /opt/stack/neutron/neutron/api/extensions.py:449}}
Feb 17 20:36:57.586706 np0000156157 devstack@neutron-api.service[103783]: INFO neutron.plugins.ml2.drivers.type_vlan [None req-a0464b0f-fbf0-4ce0-afc3-9d29b914bf7c None None] VlanTypeDriver initialization complete
Feb 17 20:36:57.587059 np0000156157 devstack@neutron-api.service[103783]: INFO neutron.plugins.ml2.managers [None req-a0464b0f-fbf0-4ce0-afc3-9d29b914bf7c None None] Initializing extension driver 'port_security'
Feb 17 20:36:57.587096 np0000156157 devstack@neutron-api.service[103784]: DEBUG neutron.api.extensions [None req-5afba6fd-66ab-43ce-a941-9ef39aa73e96 None None] Ext name="Port data plane status extension" alias="data-plane-status" description="Expose status of underlying data plane" updated="2017-01-24T10:00:00-00:00" {{(pid=103784) _check_extension /opt/stack/neutron/neutron/api/extensions.py:415}}
Feb 17 20:36:57.587131 np0000156157 devstack@neutron-api.service[103785]: DEBUG neutron.quota.resource_registry [None req-b0924f77-bf65-4bf5-9148-db5094efa0fb None None] Tracking information for resource: router configured {{(pid=103785) set_tracked_resource /opt/stack/neutron/neutron/quota/resource_registry.py:203}}
Feb 17 20:36:57.587184 np0000156157 devstack@neutron-api.service[103783]: INFO neutron.plugins.ml2.extensions.port_security [None req-a0464b0f-fbf0-4ce0-afc3-9d29b914bf7c None None] PortSecurityExtensionDriver initialization complete
Feb 17 20:36:57.587275 np0000156157 devstack@neutron-api.service[103785]: DEBUG neutron.quota.resource_registry [None req-b0924f77-bf65-4bf5-9148-db5094efa0fb None None] Tracking information for resource: floatingip configured {{(pid=103785) set_tracked_resource /opt/stack/neutron/neutron/quota/resource_registry.py:203}}
Feb 17 20:36:57.587341 np0000156157 devstack@neutron-api.service[103784]: INFO neutron.api.extensions [None req-5afba6fd-66ab-43ce-a941-9ef39aa73e96 None None] Extension data-plane-status not supported by any of loaded plugins
Feb 17 20:36:57.587375 np0000156157 devstack@neutron-api.service[103783]: INFO neutron.plugins.ml2.managers [None req-a0464b0f-fbf0-4ce0-afc3-9d29b914bf7c None None] Initializing extension driver 'qos'
Feb 17 20:36:57.587412 np0000156157 devstack@neutron-api.service[103785]: INFO neutron.services.ovn_l3.plugin [None req-b0924f77-bf65-4bf5-9148-db5094efa0fb None None] Starting OVNL3RouterPlugin
Feb 17 20:36:57.587445 np0000156157 devstack@neutron-api.service[103784]: DEBUG neutron.api.extensions [None req-5afba6fd-66ab-43ce-a941-9ef39aa73e96 None None] Loading extension file: default_subnetpools.py {{(pid=103784) _load_all_extensions_from_path /opt/stack/neutron/neutron/api/extensions.py:449}}
Feb 17 20:36:57.587476 np0000156157 devstack@neutron-api.service[103783]: DEBUG neutron.plugins.ml2.extensions.qos [None req-a0464b0f-fbf0-4ce0-afc3-9d29b914bf7c None None] QosExtensionDriver initialization complete {{(pid=103783) initialize /opt/stack/neutron/neutron/plugins/ml2/extensions/qos.py:31}}
Feb 17 20:36:57.587476 np0000156157 devstack@neutron-api.service[103783]: INFO neutron.plugins.ml2.managers [None req-a0464b0f-fbf0-4ce0-afc3-9d29b914bf7c None None] Initializing mechanism driver 'ovn'
Feb 17 20:36:57.587533 np0000156157 devstack@neutron-api.service[103785]: DEBUG neutron_lib.callbacks.manager [None req-b0924f77-bf65-4bf5-9148-db5094efa0fb None None] Subscribe: > port_forwarding_plugin after_init 55550000, False {{(pid=103785) subscribe /opt/stack/data/venv/lib/python3.12/site-packages/neutron_lib/callbacks/manager.py:52}}
Feb 17 20:36:57.587573 np0000156157 devstack@neutron-api.service[103784]: DEBUG neutron.api.extensions [None req-5afba6fd-66ab-43ce-a941-9ef39aa73e96 None None] Ext name="Default Subnetpools" alias="default-subnetpools" description="Provides ability to mark and use a subnetpool as the default." updated="2016-02-18T18:00:00-00:00" {{(pid=103784) _check_extension /opt/stack/neutron/neutron/api/extensions.py:415}}
Feb 17 20:36:57.587605 np0000156157 devstack@neutron-api.service[103783]: INFO neutron.plugins.ml2.drivers.ovn.mech_driver.mech_driver [None req-a0464b0f-fbf0-4ce0-afc3-9d29b914bf7c None None] Starting OVNMechanismDriver
Feb 17 20:36:57.587639 np0000156157 devstack@neutron-api.service[103785]: DEBUG neutron_lib.callbacks.manager [None req-b0924f77-bf65-4bf5-9148-db5094efa0fb None None] Subscribe: > router before_create 55550100, False {{(pid=103785) subscribe /opt/stack/data/venv/lib/python3.12/site-packages/neutron_lib/callbacks/manager.py:52}}
Feb 17 20:36:57.587672 np0000156157 devstack@neutron-api.service[103784]: INFO neutron.api.extensions [None req-5afba6fd-66ab-43ce-a941-9ef39aa73e96 None None] Loaded extension: default-subnetpools
Feb 17 20:36:57.587701 np0000156157 devstack@neutron-api.service[103785]: DEBUG neutron_lib.callbacks.manager [None req-b0924f77-bf65-4bf5-9148-db5094efa0fb None None] Subscribe: > router precommit_delete 55550100, False {{(pid=103785) subscribe /opt/stack/data/venv/lib/python3.12/site-packages/neutron_lib/callbacks/manager.py:52}}
Feb 17 20:36:57.587739 np0000156157 devstack@neutron-api.service[103784]: DEBUG neutron.api.extensions [None req-5afba6fd-66ab-43ce-a941-9ef39aa73e96 None None] Loading extension file: dhcpagentscheduler.py {{(pid=103784) _load_all_extensions_from_path /opt/stack/neutron/neutron/api/extensions.py:449}}
Feb 17 20:36:57.587862 np0000156157 devstack@neutron-api.service[103785]: DEBUG neutron_lib.callbacks.manager [None req-b0924f77-bf65-4bf5-9148-db5094efa0fb None None] Subscribe: > router precommit_create 55550100, False {{(pid=103785) subscribe /opt/stack/data/venv/lib/python3.12/site-packages/neutron_lib/callbacks/manager.py:52}}
Feb 17 20:36:57.587910 np0000156157 devstack@neutron-api.service[103785]: DEBUG neutron_lib.callbacks.manager [None req-b0924f77-bf65-4bf5-9148-db5094efa0fb None None] Subscribe: > router precommit_update 55550100, False {{(pid=103785) subscribe /opt/stack/data/venv/lib/python3.12/site-packages/neutron_lib/callbacks/manager.py:52}}
Feb 17 20:36:57.588106 np0000156157 devstack@neutron-api.service[103784]: DEBUG neutron.api.extensions [None req-5afba6fd-66ab-43ce-a941-9ef39aa73e96 None None] Ext name="DHCP Agent Scheduler" alias="dhcp_agent_scheduler" description="Schedule networks among dhcp agents" updated="2013-02-07T10:00:00-00:00" {{(pid=103784) _check_extension /opt/stack/neutron/neutron/api/extensions.py:415}}
Feb 17 20:36:57.588333 np0000156157 devstack@neutron-api.service[103784]: INFO neutron.api.extensions [None req-5afba6fd-66ab-43ce-a941-9ef39aa73e96 None None] Loaded extension: dhcp_agent_scheduler
Feb 17 20:36:57.588434 np0000156157 devstack@neutron-api.service[103784]: DEBUG neutron.api.extensions [None req-5afba6fd-66ab-43ce-a941-9ef39aa73e96 None None] Loading extension file: dns.py {{(pid=103784) _load_all_extensions_from_path /opt/stack/neutron/neutron/api/extensions.py:449}}
Feb 17 20:36:57.588709 np0000156157 devstack@neutron-api.service[103784]: DEBUG neutron.api.extensions [None req-5afba6fd-66ab-43ce-a941-9ef39aa73e96 None None] Ext name="DNS Integration" alias="dns-integration" description="Provides integration with DNS." updated="2015-08-15T18:00:00-00:00" {{(pid=103784) _check_extension /opt/stack/neutron/neutron/api/extensions.py:415}}
Feb 17 20:36:57.588926 np0000156157 devstack@neutron-api.service[103784]: INFO neutron.api.extensions [None req-5afba6fd-66ab-43ce-a941-9ef39aa73e96 None None] Loaded extension: dns-integration
Feb 17 20:36:57.589032 np0000156157 devstack@neutron-api.service[103783]: DEBUG neutron_lib.callbacks.manager [None req-a0464b0f-fbf0-4ce0-afc3-9d29b914bf7c None None] Subscribe: > process before_spawn 55550000, False {{(pid=103783) subscribe /opt/stack/data/venv/lib/python3.12/site-packages/neutron_lib/callbacks/manager.py:52}}
Feb 17 20:36:57.589090 np0000156157 devstack@neutron-api.service[103784]: DEBUG neutron.api.extensions [None req-5afba6fd-66ab-43ce-a941-9ef39aa73e96 None None] Loading extension file: dns_domain_ports.py {{(pid=103784) _load_all_extensions_from_path /opt/stack/neutron/neutron/api/extensions.py:449}}
Feb 17 20:36:57.589184 np0000156157 devstack@neutron-api.service[103783]: DEBUG neutron_lib.callbacks.manager [None req-a0464b0f-fbf0-4ce0-afc3-9d29b914bf7c None None] Subscribe: > process after_init 55550000, True {{(pid=103783) subscribe /opt/stack/data/venv/lib/python3.12/site-packages/neutron_lib/callbacks/manager.py:52}}
Feb 17 20:36:57.589304 np0000156157 devstack@neutron-api.service[103784]: DEBUG neutron.api.extensions [None req-5afba6fd-66ab-43ce-a941-9ef39aa73e96 None None] Ext name="dns_domain for ports" alias="dns-domain-ports" description="Allows the DNS domain to be specified for a network port." updated="2017-04-24T10:00:00-00:00" {{(pid=103784) _check_extension /opt/stack/neutron/neutron/api/extensions.py:415}}
Feb 17 20:36:57.589347 np0000156157 devstack@neutron-api.service[103783]: DEBUG neutron_lib.callbacks.manager [None req-a0464b0f-fbf0-4ce0-afc3-9d29b914bf7c None None] Subscribe: > segment after_create 55550000, False {{(pid=103783) subscribe /opt/stack/data/venv/lib/python3.12/site-packages/neutron_lib/callbacks/manager.py:52}}
Feb 17 20:36:57.589477 np0000156157 devstack@neutron-api.service[103784]: INFO neutron.api.extensions [None req-5afba6fd-66ab-43ce-a941-9ef39aa73e96 None None] Loaded extension: dns-domain-ports
Feb 17 20:36:57.589514 np0000156157 devstack@neutron-api.service[103783]: DEBUG neutron_lib.callbacks.manager [None req-a0464b0f-fbf0-4ce0-afc3-9d29b914bf7c None None] Subscribe: > segment after_create 55550000, False {{(pid=103783) subscribe /opt/stack/data/venv/lib/python3.12/site-packages/neutron_lib/callbacks/manager.py:52}}
Feb 17 20:36:57.589588 np0000156157 devstack@neutron-api.service[103784]: DEBUG neutron.api.extensions [None req-5afba6fd-66ab-43ce-a941-9ef39aa73e96 None None] Loading extension file: dns_integration_domain_keywords.py {{(pid=103784) _load_all_extensions_from_path /opt/stack/neutron/neutron/api/extensions.py:449}}
Feb 17 20:36:57.589629 np0000156157 devstack@neutron-api.service[103783]: DEBUG neutron_lib.callbacks.manager [None req-a0464b0f-fbf0-4ce0-afc3-9d29b914bf7c None None] Subscribe: > segment after_delete 55550000, False {{(pid=103783) subscribe /opt/stack/data/venv/lib/python3.12/site-packages/neutron_lib/callbacks/manager.py:52}}
Feb 17 20:36:57.589735 np0000156157 devstack@neutron-api.service[103783]: DEBUG neutron_lib.callbacks.manager [None req-a0464b0f-fbf0-4ce0-afc3-9d29b914bf7c None None] Subscribe: > allowed_address_pair before_create 55550000, False {{(pid=103783) subscribe /opt/stack/data/venv/lib/python3.12/site-packages/neutron_lib/callbacks/manager.py:52}}
Feb 17 20:36:57.589810 np0000156157 devstack@neutron-api.service[103784]: DEBUG neutron.api.extensions [None req-5afba6fd-66ab-43ce-a941-9ef39aa73e96 None None] Ext name="DNS domain names with keywords allowed" alias="dns-integration-domain-keywords" description="Allows to use keywords like , , and as DNS domain name" updated="2020-06-15T18:00:00-00:00" {{(pid=103784) _check_extension /opt/stack/neutron/neutron/api/extensions.py:415}}
Feb 17 20:36:57.589841 np0000156157 devstack@neutron-api.service[103783]: DEBUG neutron_lib.callbacks.manager [None req-a0464b0f-fbf0-4ce0-afc3-9d29b914bf7c None None] Subscribe: > security_group precommit_create 55550000, False {{(pid=103783) subscribe /opt/stack/data/venv/lib/python3.12/site-packages/neutron_lib/callbacks/manager.py:52}}
Feb 17 20:36:57.589987 np0000156157 devstack@neutron-api.service[103784]: INFO neutron.api.extensions [None req-5afba6fd-66ab-43ce-a941-9ef39aa73e96 None None] Loaded extension: dns-integration-domain-keywords
