Mar 05 11:15:32.894819 np0000157865 devstack@neutron-api.service[103144]: DEBUG neutron.plugins.ml2.drivers.ovn.mech_driver.ovsdb.ovsdb_monitor [None req-ca4a4e2f-87ac-45c7-b471-9949764aa077 None None] ChassisOVNAgentWriteEvent : Matched Chassis_Private, update, None None {{(pid=103144) matches /opt/stack/neutron/neutron/plugins/ml2/drivers/ovn/mech_driver/ovsdb/ovsdb_monitor.py:64}}
Mar 05 11:15:32.895826 np0000157865 devstack@neutron-api.service[103145]: DEBUG neutron.plugins.ml2.drivers.ovn.mech_driver.ovsdb.ovsdb_monitor [None req-1d1024da-5386-43a2-9ece-926257d7dfce None None] ChassisOVNAgentWriteEvent : Matched Chassis_Private, update, None None {{(pid=103145) matches /opt/stack/neutron/neutron/plugins/ml2/drivers/ovn/mech_driver/ovsdb/ovsdb_monitor.py:64}}
Mar 05 11:15:32.896008 np0000157865 devstack@neutron-api.service[103146]: DEBUG neutron.plugins.ml2.drivers.ovn.mech_driver.ovsdb.ovsdb_monitor [None req-89383772-55f0-419a-baa5-0f8ee6781fd4 None None] ChassisOVNAgentWriteEvent : Matched Chassis_Private, update, None None {{(pid=103146) matches /opt/stack/neutron/neutron/plugins/ml2/drivers/ovn/mech_driver/ovsdb/ovsdb_monitor.py:64}}
Mar 05 11:15:32.896474 np0000157865 devstack@neutron-api.service[103143]: DEBUG neutron.plugins.ml2.drivers.ovn.mech_driver.ovsdb.ovsdb_monitor [None req-ce0a4323-61e3-4932-b532-dce6076480b5 None None] ChassisOVNAgentWriteEvent : Matched Chassis_Private, update, None None {{(pid=103143) matches /opt/stack/neutron/neutron/plugins/ml2/drivers/ovn/mech_driver/ovsdb/ovsdb_monitor.py:64}}
Mar 05 11:15:32.897487 np0000157865 devstack@neutron-api.service[103146]: DEBUG neutron.plugins.ml2.drivers.ovn.mech_driver.ovsdb.ovsdb_monitor [None req-89383772-55f0-419a-baa5-0f8ee6781fd4 None None] Touching Hash Ring node "cd3a01afbd3b5a1196216ff611fabe62" from IDL notify handler {{(pid=103146) notify /opt/stack/neutron/neutron/plugins/ml2/drivers/ovn/mech_driver/ovsdb/ovsdb_monitor.py:898}}
Mar 05 11:15:32.906287 np0000157865 devstack@neutron-api.service[103146]: DEBUG neutron.plugins.ml2.drivers.ovn.mech_driver.ovsdb.ovsdb_monitor [None req-89383772-55f0-419a-baa5-0f8ee6781fd4 None None] Hash Ring: Node cd3a01afbd3b5a1196216ff611fabe62 (host: np0000157865) handling event "update" for row 0e1da2cc-642d-42bf-8be9-b1c42e4287e7 (table: Chassis_Private) {{(pid=103146) notify /opt/stack/neutron/neutron/plugins/ml2/drivers/ovn/mech_driver/ovsdb/ovsdb_monitor.py:906}}
Mar 05 11:15:40.649537 np0000157865 devstack@neutron-api.service[103144]: DEBUG futurist.periodics [-] Submitting periodic callback 'neutron.plugins.ml2.drivers.ovn.mech_driver.ovsdb.maintenance.HashRingHealthCheckPeriodics.touch_hash_ring_node' {{(pid=103144) _process_scheduled /opt/stack/data/venv/lib/python3.12/site-packages/futurist/periodics.py:638}}
Mar 05 11:15:40.650787 np0000157865 devstack@neutron-api.service[103144]: DEBUG neutron.plugins.ml2.drivers.ovn.mech_driver.ovsdb.maintenance [-] Touching Hash Ring node "b297d41549685757bb4932b2655f7ea7" from periodic health check thread {{(pid=103144) touch_hash_ring_node /opt/stack/neutron/neutron/plugins/ml2/drivers/ovn/mech_driver/ovsdb/maintenance.py:1224}}
Mar 05 11:15:41.419172 np0000157865 devstack@neutron-api.service[103146]: DEBUG futurist.periodics [-] Submitting periodic callback 'neutron.plugins.ml2.drivers.ovn.mech_driver.ovsdb.maintenance.HashRingHealthCheckPeriodics.touch_hash_ring_node' {{(pid=103146) _process_scheduled /opt/stack/data/venv/lib/python3.12/site-packages/futurist/periodics.py:638}}
Mar 05 11:15:41.420515 np0000157865 devstack@neutron-api.service[103146]: DEBUG neutron.plugins.ml2.drivers.ovn.mech_driver.ovsdb.maintenance [-] Touching Hash Ring node "cd3a01afbd3b5a1196216ff611fabe62" from periodic health check thread {{(pid=103146) touch_hash_ring_node /opt/stack/neutron/neutron/plugins/ml2/drivers/ovn/mech_driver/ovsdb/maintenance.py:1224}}
Mar 05 11:15:41.468013 np0000157865 devstack@neutron-api.service[103145]: DEBUG futurist.periodics [-] Submitting periodic callback 'neutron.plugins.ml2.drivers.ovn.mech_driver.ovsdb.maintenance.HashRingHealthCheckPeriodics.touch_hash_ring_node' {{(pid=103145) _process_scheduled /opt/stack/data/venv/lib/python3.12/site-packages/futurist/periodics.py:638}}
Mar 05 11:15:41.468013 np0000157865 devstack@neutron-api.service[103145]: DEBUG neutron.plugins.ml2.drivers.ovn.mech_driver.ovsdb.maintenance [-] Touching Hash Ring node "701cd91eb3725150a3d734fe18823ac5" from periodic health check thread {{(pid=103145) touch_hash_ring_node /opt/stack/neutron/neutron/plugins/ml2/drivers/ovn/mech_driver/ovsdb/maintenance.py:1224}}
Mar 05 11:15:41.956222 np0000157865 devstack@neutron-api.service[103143]: DEBUG futurist.periodics [-] Submitting periodic callback 'neutron.plugins.ml2.drivers.ovn.mech_driver.ovsdb.maintenance.HashRingHealthCheckPeriodics.touch_hash_ring_node' {{(pid=103143) _process_scheduled /opt/stack/data/venv/lib/python3.12/site-packages/futurist/periodics.py:638}}
Mar 05 11:15:41.957488 np0000157865 devstack@neutron-api.service[103143]: DEBUG neutron.plugins.ml2.drivers.ovn.mech_driver.ovsdb.maintenance [-] Touching Hash Ring node "32c3619107c75e76844d25527eb6a911" from periodic health check thread {{(pid=103143) touch_hash_ring_node /opt/stack/neutron/neutron/plugins/ml2/drivers/ovn/mech_driver/ovsdb/maintenance.py:1224}}
Mar 05 11:15:50.668789 np0000157865 devstack@neutron-api.service[103144]: DEBUG dbcounter [-] [103144] Writing DB stats neutron:SELECT=157,neutron:UPDATE=7,neutron:INSERT=11,neutron:DELETE=2 {{(pid=103144) stat_writer /opt/stack/data/venv/lib/python3.12/site-packages/dbcounter.py:115}}
Mar 05 11:15:51.430578 np0000157865 devstack@neutron-api.service[103146]: DEBUG dbcounter [-] [103146] Writing DB stats neutron:SELECT=195,neutron:UPDATE=22,neutron:INSERT=20,neutron:DELETE=8 {{(pid=103146) stat_writer /opt/stack/data/venv/lib/python3.12/site-packages/dbcounter.py:115}}
Mar 05 11:15:51.476564 np0000157865 devstack@neutron-api.service[103145]: DEBUG dbcounter [-] [103145] Writing DB stats neutron:SELECT=103,neutron:UPDATE=5 {{(pid=103145) stat_writer /opt/stack/data/venv/lib/python3.12/site-packages/dbcounter.py:115}}
Mar 05 11:15:51.971151 np0000157865 devstack@neutron-api.service[103143]: DEBUG dbcounter [-] [103143] Writing DB stats neutron:SELECT=200,neutron:INSERT=20,neutron:UPDATE=11,neutron:DELETE=8 {{(pid=103143) stat_writer /opt/stack/data/venv/lib/python3.12/site-packages/dbcounter.py:115}}
Mar 05 11:15:55.651072 np0000157865 devstack@neutron-api.service[103144]: DEBUG futurist.periodics [-] Submitting periodic callback 'neutron.plugins.ml2.drivers.ovn.mech_driver.ovsdb.maintenance.HashRingHealthCheckPeriodics.touch_hash_ring_node' {{(pid=103144) _process_scheduled /opt/stack/data/venv/lib/python3.12/site-packages/futurist/periodics.py:638}}
Mar 05 11:15:55.652015 np0000157865 devstack@neutron-api.service[103144]: DEBUG neutron.plugins.ml2.drivers.ovn.mech_driver.ovsdb.maintenance [-] Touching Hash Ring node "b297d41549685757bb4932b2655f7ea7" from periodic health check thread {{(pid=103144) touch_hash_ring_node /opt/stack/neutron/neutron/plugins/ml2/drivers/ovn/mech_driver/ovsdb/maintenance.py:1224}}
Mar 05 11:15:56.420838 np0000157865 devstack@neutron-api.service[103146]: DEBUG futurist.periodics [-] Submitting periodic callback 'neutron.plugins.ml2.drivers.ovn.mech_driver.ovsdb.maintenance.HashRingHealthCheckPeriodics.touch_hash_ring_node' {{(pid=103146) _process_scheduled /opt/stack/data/venv/lib/python3.12/site-packages/futurist/periodics.py:638}}
Mar 05 11:15:56.422487 np0000157865 devstack@neutron-api.service[103146]: DEBUG neutron.plugins.ml2.drivers.ovn.mech_driver.ovsdb.maintenance [-] Touching Hash Ring node "cd3a01afbd3b5a1196216ff611fabe62" from periodic health check thread {{(pid=103146) touch_hash_ring_node /opt/stack/neutron/neutron/plugins/ml2/drivers/ovn/mech_driver/ovsdb/maintenance.py:1224}}
Mar 05 11:15:56.468375 np0000157865 devstack@neutron-api.service[103145]: DEBUG futurist.periodics [-] Submitting periodic callback 'neutron.plugins.ml2.drivers.ovn.mech_driver.ovsdb.maintenance.HashRingHealthCheckPeriodics.touch_hash_ring_node' {{(pid=103145) _process_scheduled /opt/stack/data/venv/lib/python3.12/site-packages/futurist/periodics.py:638}}
Mar 05 11:15:56.469747 np0000157865 devstack@neutron-api.service[103145]: DEBUG neutron.plugins.ml2.drivers.ovn.mech_driver.ovsdb.maintenance [-] Touching Hash Ring node "701cd91eb3725150a3d734fe18823ac5" from periodic health check thread {{(pid=103145) touch_hash_ring_node /opt/stack/neutron/neutron/plugins/ml2/drivers/ovn/mech_driver/ovsdb/maintenance.py:1224}}
Mar 05 11:15:56.957814 np0000157865 devstack@neutron-api.service[103143]: DEBUG futurist.periodics [-] Submitting periodic callback 'neutron.plugins.ml2.drivers.ovn.mech_driver.ovsdb.maintenance.HashRingHealthCheckPeriodics.touch_hash_ring_node' {{(pid=103143) _process_scheduled /opt/stack/data/venv/lib/python3.12/site-packages/futurist/periodics.py:638}}
Mar 05 11:15:56.958850 np0000157865 devstack@neutron-api.service[103143]: DEBUG neutron.plugins.ml2.drivers.ovn.mech_driver.ovsdb.maintenance [-] Touching Hash Ring node "32c3619107c75e76844d25527eb6a911" from periodic health check thread {{(pid=103143) touch_hash_ring_node /opt/stack/neutron/neutron/plugins/ml2/drivers/ovn/mech_driver/ovsdb/maintenance.py:1224}}
Mar 05 11:16:05.662965 np0000157865 devstack@neutron-api.service[103144]: DEBUG dbcounter [-] [103144] Writing DB stats neutron:UPDATE=1,neutron:SELECT=1 {{(pid=103144) stat_writer /opt/stack/data/venv/lib/python3.12/site-packages/dbcounter.py:115}}
Mar 05 11:16:06.434188 np0000157865 devstack@neutron-api.service[103146]: DEBUG dbcounter [-] [103146] Writing DB stats neutron:UPDATE=1,neutron:SELECT=1 {{(pid=103146) stat_writer /opt/stack/data/venv/lib/python3.12/site-packages/dbcounter.py:115}}
Mar 05 11:16:06.479950 np0000157865 devstack@neutron-api.service[103145]: DEBUG dbcounter [-] [103145] Writing DB stats neutron:UPDATE=1,neutron:SELECT=1 {{(pid=103145) stat_writer /opt/stack/data/venv/lib/python3.12/site-packages/dbcounter.py:115}}
Mar 05 11:16:07.068794 np0000157865 devstack@neutron-api.service[103143]: DEBUG dbcounter [-] [103143] Writing DB stats neutron:UPDATE=1,neutron:SELECT=1 {{(pid=103143) stat_writer /opt/stack/data/venv/lib/python3.12/site-packages/dbcounter.py:115}}
Mar 05 11:16:10.652352 np0000157865 devstack@neutron-api.service[103144]: DEBUG futurist.periodics [-] Submitting periodic callback 'neutron.plugins.ml2.drivers.ovn.mech_driver.ovsdb.maintenance.HashRingHealthCheckPeriodics.touch_hash_ring_node' {{(pid=103144) _process_scheduled /opt/stack/data/venv/lib/python3.12/site-packages/futurist/periodics.py:638}}
Mar 05 11:16:11.057178 np0000157865 devstack@neutron-api.service[103144]: DEBUG neutron.plugins.ml2.drivers.ovn.mech_driver.ovsdb.maintenance [-] Touching Hash Ring node "b297d41549685757bb4932b2655f7ea7" from periodic health check thread {{(pid=103144) touch_hash_ring_node /opt/stack/neutron/neutron/plugins/ml2/drivers/ovn/mech_driver/ovsdb/maintenance.py:1224}}
Mar 05 11:16:11.422778 np0000157865 devstack@neutron-api.service[103146]: DEBUG futurist.periodics [-] Submitting periodic callback 'neutron.plugins.ml2.drivers.ovn.mech_driver.ovsdb.maintenance.HashRingHealthCheckPeriodics.touch_hash_ring_node' {{(pid=103146) _process_scheduled /opt/stack/data/venv/lib/python3.12/site-packages/futurist/periodics.py:638}}
Mar 05 11:16:11.424162 np0000157865 devstack@neutron-api.service[103146]: DEBUG neutron.plugins.ml2.drivers.ovn.mech_driver.ovsdb.maintenance [-] Touching Hash Ring node "cd3a01afbd3b5a1196216ff611fabe62" from periodic health check thread {{(pid=103146) touch_hash_ring_node /opt/stack/neutron/neutron/plugins/ml2/drivers/ovn/mech_driver/ovsdb/maintenance.py:1224}}
Mar 05 11:16:11.469729 np0000157865 devstack@neutron-api.service[103145]: DEBUG futurist.periodics [-] Submitting periodic callback 'neutron.plugins.ml2.drivers.ovn.mech_driver.ovsdb.maintenance.HashRingHealthCheckPeriodics.touch_hash_ring_node' {{(pid=103145) _process_scheduled /opt/stack/data/venv/lib/python3.12/site-packages/futurist/periodics.py:638}}
Mar 05 11:16:11.470812 np0000157865 devstack@neutron-api.service[103145]: DEBUG neutron.plugins.ml2.drivers.ovn.mech_driver.ovsdb.maintenance [-] Touching Hash Ring node "701cd91eb3725150a3d734fe18823ac5" from periodic health check thread {{(pid=103145) touch_hash_ring_node /opt/stack/neutron/neutron/plugins/ml2/drivers/ovn/mech_driver/ovsdb/maintenance.py:1224}}
Mar 05 11:16:11.959376 np0000157865 devstack@neutron-api.service[103143]: DEBUG futurist.periodics [-] Submitting periodic callback 'neutron.plugins.ml2.drivers.ovn.mech_driver.ovsdb.maintenance.HashRingHealthCheckPeriodics.touch_hash_ring_node' {{(pid=103143) _process_scheduled /opt/stack/data/venv/lib/python3.12/site-packages/futurist/periodics.py:638}}
Mar 05 11:16:11.960889 np0000157865 devstack@neutron-api.service[103143]: DEBUG neutron.plugins.ml2.drivers.ovn.mech_driver.ovsdb.maintenance [-] Touching Hash Ring node "32c3619107c75e76844d25527eb6a911" from periodic health check thread {{(pid=103143) touch_hash_ring_node /opt/stack/neutron/neutron/plugins/ml2/drivers/ovn/mech_driver/ovsdb/maintenance.py:1224}}
Mar 05 11:16:22.221505 np0000157865 devstack@neutron-api.service[103144]: DEBUG dbcounter [-] [103144] Writing DB stats neutron:UPDATE=1,neutron:SELECT=1 {{(pid=103144) stat_writer /opt/stack/data/venv/lib/python3.12/site-packages/dbcounter.py:115}}
Mar 05 11:16:22.226637 np0000157865 devstack@neutron-api.service[103143]: DEBUG dbcounter [-] [103143] Writing DB stats neutron:UPDATE=1,neutron:SELECT=1 {{(pid=103143) stat_writer /opt/stack/data/venv/lib/python3.12/site-packages/dbcounter.py:115}}
Mar 05 11:16:22.227059 np0000157865 devstack@neutron-api.service[103145]: DEBUG dbcounter [-] [103145] Writing DB stats neutron:UPDATE=1,neutron:SELECT=1 {{(pid=103145) stat_writer /opt/stack/data/venv/lib/python3.12/site-packages/dbcounter.py:115}}
Mar 05 11:16:22.227439 np0000157865 devstack@neutron-api.service[103146]: DEBUG dbcounter [-] [103146] Writing DB stats neutron:UPDATE=1,neutron:SELECT=1 {{(pid=103146) stat_writer /opt/stack/data/venv/lib/python3.12/site-packages/dbcounter.py:115}}
Mar 05 11:16:25.654028 np0000157865 devstack@neutron-api.service[103144]: DEBUG futurist.periodics [-] Submitting periodic callback 'neutron.plugins.ml2.drivers.ovn.mech_driver.ovsdb.maintenance.HashRingHealthCheckPeriodics.touch_hash_ring_node' {{(pid=103144) _process_scheduled /opt/stack/data/venv/lib/python3.12/site-packages/futurist/periodics.py:638}}
Mar 05 11:16:25.655222 np0000157865 devstack@neutron-api.service[103144]: DEBUG neutron.plugins.ml2.drivers.ovn.mech_driver.ovsdb.maintenance [-] Touching Hash Ring node "b297d41549685757bb4932b2655f7ea7" from periodic health check thread {{(pid=103144) touch_hash_ring_node /opt/stack/neutron/neutron/plugins/ml2/drivers/ovn/mech_driver/ovsdb/maintenance.py:1224}}
Mar 05 11:16:26.424039 np0000157865 devstack@neutron-api.service[103146]: DEBUG futurist.periodics [-] Submitting periodic callback 'neutron.plugins.ml2.drivers.ovn.mech_driver.ovsdb.maintenance.HashRingHealthCheckPeriodics.touch_hash_ring_node' {{(pid=103146) _process_scheduled /opt/stack/data/venv/lib/python3.12/site-packages/futurist/periodics.py:638}}
Mar 05 11:16:26.425351 np0000157865 devstack@neutron-api.service[103146]: DEBUG neutron.plugins.ml2.drivers.ovn.mech_driver.ovsdb.maintenance [-] Touching Hash Ring node "cd3a01afbd3b5a1196216ff611fabe62" from periodic health check thread {{(pid=103146) touch_hash_ring_node /opt/stack/neutron/neutron/plugins/ml2/drivers/ovn/mech_driver/ovsdb/maintenance.py:1224}}
Mar 05 11:16:26.470882 np0000157865 devstack@neutron-api.service[103145]: DEBUG futurist.periodics [-] Submitting periodic callback 'neutron.plugins.ml2.drivers.ovn.mech_driver.ovsdb.maintenance.HashRingHealthCheckPeriodics.touch_hash_ring_node' {{(pid=103145) _process_scheduled /opt/stack/data/venv/lib/python3.12/site-packages/futurist/periodics.py:638}}
Mar 05 11:16:26.472125 np0000157865 devstack@neutron-api.service[103145]: DEBUG neutron.plugins.ml2.drivers.ovn.mech_driver.ovsdb.maintenance [-] Touching Hash Ring node "701cd91eb3725150a3d734fe18823ac5" from periodic health check thread {{(pid=103145) touch_hash_ring_node /opt/stack/neutron/neutron/plugins/ml2/drivers/ovn/mech_driver/ovsdb/maintenance.py:1224}}
Mar 05 11:16:26.961170 np0000157865 devstack@neutron-api.service[103143]: DEBUG futurist.periodics [-] Submitting periodic callback 'neutron.plugins.ml2.drivers.ovn.mech_driver.ovsdb.maintenance.HashRingHealthCheckPeriodics.touch_hash_ring_node' {{(pid=103143) _process_scheduled /opt/stack/data/venv/lib/python3.12/site-packages/futurist/periodics.py:638}}
Mar 05 11:16:26.962332 np0000157865 devstack@neutron-api.service[103143]: DEBUG neutron.plugins.ml2.drivers.ovn.mech_driver.ovsdb.maintenance [-] Touching Hash Ring node "32c3619107c75e76844d25527eb6a911" from periodic health check thread {{(pid=103143) touch_hash_ring_node /opt/stack/neutron/neutron/plugins/ml2/drivers/ovn/mech_driver/ovsdb/maintenance.py:1224}}
Mar 05 11:16:29.969004 np0000157865 devstack@neutron-api.service[103146]: INFO neutron.pecan_wsgi.hooks.translation [None req-cc2d2ced-0dd8-4664-bd09-8df6cbe15ff7 admin admin] GET failed (client error): The resource could not be found.
Mar 05 11:16:29.969798 np0000157865 devstack@neutron-api.service[103146]: [pid: 103146|app: 0|req: 23/91] 199.19.213.221 () {64 vars in 1334 bytes} [Thu Mar 5 11:16:29 2026] GET /networking/v2.0/networks/admin_net => generated 111 bytes in 13 msecs (HTTP/1.1 404) 4 headers in 164 bytes (1 switches on core 0)
Mar 05 11:16:30.001186 np0000157865 devstack@neutron-api.service[103145]: [pid: 103145|app: 0|req: 23/92] 199.19.213.221 () {64 vars in 1346 bytes} [Thu Mar 5 11:16:29 2026] GET /networking/v2.0/networks?name=admin_net => generated 15 bytes in 23 msecs (HTTP/1.1 200) 4 headers in 156 bytes (1 switches on core 0)
Mar 05 11:16:30.245138 np0000157865 devstack@neutron-api.service[103143]: DEBUG neutron.api.v2.base [None req-a23d8be0-fc8b-4930-b29d-e12ea10f784b admin admin] Request body: {'network': {'project_id': '8ee72960b14b4206bd6aa5abf3bac241', 'name': 'admin_net', 'admin_state_up': True}} {{(pid=103143) prepare_request_body /opt/stack/neutron/neutron/api/v2/base.py:729}}
Mar 05 11:16:30.261890 np0000157865 devstack@neutron-api.service[103143]: DEBUG neutron.pecan_wsgi.hooks.quota_enforcement [None req-a23d8be0-fc8b-4930-b29d-e12ea10f784b admin admin] Made reservation on behalf of 8ee72960b14b4206bd6aa5abf3bac241 for: {'network': 1} {{(pid=103143) before /opt/stack/neutron/neutron/pecan_wsgi/hooks/quota_enforcement.py:66}}
Mar 05 11:16:30.265099 np0000157865 devstack@neutron-api.service[103143]: DEBUG neutron_lib.callbacks.manager [None req-a23d8be0-fc8b-4930-b29d-e12ea10f784b admin admin] Publish callbacks ['neutron.plugins.ml2.plugin.SecurityGroupDbMixin._ensure_default_security_group_handler-203441'] for network (None), before_create {{(pid=103143) _notify_loop /opt/stack/data/venv/lib/python3.12/site-packages/neutron_lib/callbacks/manager.py:184}}
Mar 05 11:16:30.270535 np0000157865 devstack@neutron-api.service[103143]: DEBUG neutron_lib.callbacks.manager [None req-a23d8be0-fc8b-4930-b29d-e12ea10f784b admin admin] Publish callbacks [] for security_group (None), before_create {{(pid=103143) _notify_loop /opt/stack/data/venv/lib/python3.12/site-packages/neutron_lib/callbacks/manager.py:184}}
Mar 05 11:16:30.326521 np0000157865 devstack@neutron-api.service[103143]: DEBUG neutron_lib.callbacks.manager [None req-a23d8be0-fc8b-4930-b29d-e12ea10f784b admin admin] Publish callbacks ['neutron.plugins.ml2.drivers.ovn.mech_driver.mech_driver.OVNMechanismDriver._create_security_group_precommit-260822'] for security_group (2738762f-b959-43d6-a750-4082e87961d4), precommit_create {{(pid=103143) _notify_loop /opt/stack/data/venv/lib/python3.12/site-packages/neutron_lib/callbacks/manager.py:184}}
Mar 05 11:16:30.326740 np0000157865 devstack@neutron-api.service[103143]: DEBUG neutron.db.ovn_revision_numbers_db [None req-a23d8be0-fc8b-4930-b29d-e12ea10f784b admin admin] create_initial_revision uuid=2738762f-b959-43d6-a750-4082e87961d4, type=security_groups, rev=-1 {{(pid=103143) create_initial_revision /opt/stack/neutron/neutron/db/ovn_revision_numbers_db.py:98}}
Mar 05 11:16:30.328019 np0000157865 devstack@neutron-api.service[103143]: DEBUG neutron.db.ovn_revision_numbers_db [None req-a23d8be0-fc8b-4930-b29d-e12ea10f784b admin admin] create_initial_revision uuid=00999c0f-2329-472f-bb71-7e69ded0b622, type=security_group_rules, rev=-1 {{(pid=103143) create_initial_revision /opt/stack/neutron/neutron/db/ovn_revision_numbers_db.py:98}}
Mar 05 11:16:30.329025 np0000157865 devstack@neutron-api.service[103143]: DEBUG neutron.db.ovn_revision_numbers_db [None req-a23d8be0-fc8b-4930-b29d-e12ea10f784b admin admin] create_initial_revision uuid=3426fe7b-cd2f-4579-a3d3-4a52716ccad5, type=security_group_rules, rev=-1 {{(pid=103143) create_initial_revision /opt/stack/neutron/neutron/db/ovn_revision_numbers_db.py:98}}
Mar 05 11:16:30.330021 np0000157865 devstack@neutron-api.service[103143]: DEBUG neutron.db.ovn_revision_numbers_db [None req-a23d8be0-fc8b-4930-b29d-e12ea10f784b admin admin] create_initial_revision uuid=4b2f0418-4e8a-4236-adb8-fded6bb7b269, type=security_group_rules, rev=-1 {{(pid=103143) create_initial_revision /opt/stack/neutron/neutron/db/ovn_revision_numbers_db.py:98}}
Mar 05 11:16:30.331099 np0000157865 devstack@neutron-api.service[103143]: DEBUG neutron.db.ovn_revision_numbers_db [None req-a23d8be0-fc8b-4930-b29d-e12ea10f784b admin admin] create_initial_revision uuid=4e2d74a3-ea72-488e-8e8c-62704b64558f, type=security_group_rules, rev=-1 {{(pid=103143) create_initial_revision /opt/stack/neutron/neutron/db/ovn_revision_numbers_db.py:98}}
Mar 05 11:16:30.337573 np0000157865 devstack@neutron-api.service[103143]: DEBUG neutron_lib.callbacks.manager [None req-a23d8be0-fc8b-4930-b29d-e12ea10f784b admin admin] Publish callbacks ['neutron.plugins.ml2.drivers.ovn.mech_driver.mech_driver.OVNMechanismDriver._create_security_group-260800', 'neutron.plugins.ml2.ovo_rpc._ObjectChangeHandler.handle_event-3812229'] for security_group (2738762f-b959-43d6-a750-4082e87961d4), after_create {{(pid=103143) _notify_loop /opt/stack/data/venv/lib/python3.12/site-packages/neutron_lib/callbacks/manager.py:184}}
Mar 05 11:16:30.338725 np0000157865 devstack@neutron-api.service[103143]: DEBUG ovsdbapp.backend.ovs_idl.transaction [None req-f175c623-8520-442a-b7e8-b90111e0950d None None] Running txn n=1 command(idx=0): PgAddCommand(_result=None, name=pg_2738762f_b959_43d6_a750_4082e87961d4, may_exist=False, columns={'acls': [], 'external_ids': {'neutron:security_group_id': '2738762f-b959-43d6-a750-4082e87961d4'}}) {{(pid=103143) do_commit /opt/stack/data/venv/lib/python3.12/site-packages/ovsdbapp/backend/ovs_idl/transaction.py:89}}
Mar 05 11:16:30.339321 np0000157865 devstack@neutron-api.service[103143]: DEBUG ovsdbapp.backend.ovs_idl.transaction [None req-f175c623-8520-442a-b7e8-b90111e0950d None None] Running txn n=1 command(idx=1): PgAclAddCommand(_result=None, entity=pg_2738762f_b959_43d6_a750_4082e87961d4, direction=to-lport, priority=1002, match=outport == @pg_2738762f_b959_43d6_a750_4082e87961d4 && ip4 && ip4.src == $pg_2738762f_b959_43d6_a750_4082e87961d4_ip4, action=allow-related, log=False, may_exist=True, severity=[], name=[], meter=[], external_ids={'neutron:security_group_rule_id': '00999c0f-2329-472f-bb71-7e69ded0b622'}) {{(pid=103143) do_commit /opt/stack/data/venv/lib/python3.12/site-packages/ovsdbapp/backend/ovs_idl/transaction.py:89}}
Mar 05 11:16:30.340068 np0000157865 devstack@neutron-api.service[103143]: DEBUG ovsdbapp.backend.ovs_idl.transaction [None req-f175c623-8520-442a-b7e8-b90111e0950d None None] Running txn n=1 command(idx=2): PgAclAddCommand(_result=None, entity=pg_2738762f_b959_43d6_a750_4082e87961d4, direction=from-lport, priority=1002, match=inport == @pg_2738762f_b959_43d6_a750_4082e87961d4 && ip6, action=allow-related, log=False, may_exist=True, severity=[], name=[], meter=[], external_ids={'neutron:security_group_rule_id': '3426fe7b-cd2f-4579-a3d3-4a52716ccad5'}) {{(pid=103143) do_commit /opt/stack/data/venv/lib/python3.12/site-packages/ovsdbapp/backend/ovs_idl/transaction.py:89}}
Mar 05 11:16:30.340650 np0000157865 devstack@neutron-api.service[103143]: DEBUG ovsdbapp.backend.ovs_idl.transaction [None req-f175c623-8520-442a-b7e8-b90111e0950d None None] Running txn n=1 command(idx=3): PgAclAddCommand(_result=None, entity=pg_2738762f_b959_43d6_a750_4082e87961d4, direction=from-lport, priority=1002, match=inport == @pg_2738762f_b959_43d6_a750_4082e87961d4 && ip4, action=allow-related, log=False, may_exist=True, severity=[], name=[], meter=[], external_ids={'neutron:security_group_rule_id': '4b2f0418-4e8a-4236-adb8-fded6bb7b269'}) {{(pid=103143) do_commit /opt/stack/data/venv/lib/python3.12/site-packages/ovsdbapp/backend/ovs_idl/transaction.py:89}}
Mar 05 11:16:30.341211 np0000157865 devstack@neutron-api.service[103143]: DEBUG ovsdbapp.backend.ovs_idl.transaction [None req-f175c623-8520-442a-b7e8-b90111e0950d None None] Running txn n=1 command(idx=4): PgAclAddCommand(_result=None, entity=pg_2738762f_b959_43d6_a750_4082e87961d4, direction=to-lport, priority=1002, match=outport == @pg_2738762f_b959_43d6_a750_4082e87961d4 && ip6 && ip6.src == $pg_2738762f_b959_43d6_a750_4082e87961d4_ip6, action=allow-related, log=False, may_exist=True, severity=[], name=[], meter=[], external_ids={'neutron:security_group_rule_id': '4e2d74a3-ea72-488e-8e8c-62704b64558f'}) {{(pid=103143) do_commit /opt/stack/data/venv/lib/python3.12/site-packages/ovsdbapp/backend/ovs_idl/transaction.py:89}}
Mar 05 11:16:30.411141 np0000157865 devstack@neutron-api.service[103143]: DEBUG neutron.common.ovn.hash_ring_manager [None req-f175c623-8520-442a-b7e8-b90111e0950d None None] Hash Ring loaded. 4 active nodes. 0 offline nodes {{(pid=103143) _load_hash_ring /opt/stack/neutron/neutron/common/ovn/hash_ring_manager.py:102}}
Mar 05 11:16:30.411328 np0000157865 devstack@neutron-api.service[103143]: DEBUG neutron.plugins.ml2.drivers.ovn.mech_driver.ovsdb.ovsdb_monitor [None req-f175c623-8520-442a-b7e8-b90111e0950d None None] Hash Ring: Node 32c3619107c75e76844d25527eb6a911 (host: np0000157865) handling event "create" for row 0ff0487b-1314-43d7-ae74-69451cd9558b (table: Port_Group) {{(pid=103143) notify /opt/stack/neutron/neutron/plugins/ml2/drivers/ovn/mech_driver/ovsdb/ovsdb_monitor.py:906}}
Mar 05 11:16:30.412061 np0000157865 devstack@neutron-api.service[103145]: DEBUG neutron.common.ovn.hash_ring_manager [None req-ce70faf4-31fe-4aee-b5ea-a6a858eda7fa None None] Hash Ring loaded. 4 active nodes. 0 offline nodes {{(pid=103145) _load_hash_ring /opt/stack/neutron/neutron/common/ovn/hash_ring_manager.py:102}}
Mar 05 11:16:30.412276 np0000157865 devstack@neutron-api.service[103145]: DEBUG neutron.plugins.ml2.drivers.ovn.mech_driver.ovsdb.ovsdb_monitor [None req-ce70faf4-31fe-4aee-b5ea-a6a858eda7fa None None] Hash Ring: Node 701cd91eb3725150a3d734fe18823ac5 (host: np0000157865) handling event "create" for row 003179ea-ecb0-4f71-83c0-710904466d27 (table: ACL) {{(pid=103145) notify /opt/stack/neutron/neutron/plugins/ml2/drivers/ovn/mech_driver/ovsdb/ovsdb_monitor.py:906}}
Mar 05 11:16:30.413039 np0000157865 devstack@neutron-api.service[103144]: DEBUG neutron.common.ovn.hash_ring_manager [None req-71c53d5f-a250-4720-865d-89339e529d9a None None] Hash Ring loaded. 4 active nodes. 0 offline nodes {{(pid=103144) _load_hash_ring /opt/stack/neutron/neutron/common/ovn/hash_ring_manager.py:102}}
Mar 05 11:16:30.413721 np0000157865 devstack@neutron-api.service[103146]: DEBUG neutron.common.ovn.hash_ring_manager [None req-cadc06df-b6aa-42cf-8234-bd1491bf560e None None] Hash Ring loaded. 4 active nodes. 0 offline nodes {{(pid=103146) _load_hash_ring /opt/stack/neutron/neutron/common/ovn/hash_ring_manager.py:102}}
Mar 05 11:16:30.413974 np0000157865 devstack@neutron-api.service[103146]: DEBUG neutron.plugins.ml2.drivers.ovn.mech_driver.ovsdb.ovsdb_monitor [None req-cadc06df-b6aa-42cf-8234-bd1491bf560e None None] Hash Ring: Node cd3a01afbd3b5a1196216ff611fabe62 (host: np0000157865) handling event "create" for row 2944458e-e9e5-47c0-a9fe-702b57b56b6b (table: ACL) {{(pid=103146) notify /opt/stack/neutron/neutron/plugins/ml2/drivers/ovn/mech_driver/ovsdb/ovsdb_monitor.py:906}}
Mar 05 11:16:30.414194 np0000157865 devstack@neutron-api.service[103146]: DEBUG neutron.plugins.ml2.drivers.ovn.mech_driver.ovsdb.ovsdb_monitor [None req-cadc06df-b6aa-42cf-8234-bd1491bf560e None None] Hash Ring: Node cd3a01afbd3b5a1196216ff611fabe62 (host: np0000157865) handling event "create" for row 40232bfb-d8c5-428a-8232-620ee1fd421c (table: ACL) {{(pid=103146) notify /opt/stack/neutron/neutron/plugins/ml2/drivers/ovn/mech_driver/ovsdb/ovsdb_monitor.py:906}}
Mar 05 11:16:30.414458 np0000157865 devstack@neutron-api.service[103146]: DEBUG neutron.plugins.ml2.drivers.ovn.mech_driver.ovsdb.ovsdb_monitor [None req-cadc06df-b6aa-42cf-8234-bd1491bf560e None None] Hash Ring: Node cd3a01afbd3b5a1196216ff611fabe62 (host: np0000157865) handling event "create" for row 7698bcae-f413-4a7b-8f3b-3700e14fde0e (table: ACL) {{(pid=103146) notify /opt/stack/neutron/neutron/plugins/ml2/drivers/ovn/mech_driver/ovsdb/ovsdb_monitor.py:906}}
Mar 05 11:16:30.430798 np0000157865 devstack@neutron-api.service[103143]: INFO neutron.db.ovn_revision_numbers_db [None req-a23d8be0-fc8b-4930-b29d-e12ea10f784b admin admin] Successfully bumped revision number for resource 2738762f-b959-43d6-a750-4082e87961d4 (type: security_groups) to 1
Mar 05 11:16:30.444066 np0000157865 devstack@neutron-api.service[103143]: INFO neutron.db.ovn_revision_numbers_db [None req-a23d8be0-fc8b-4930-b29d-e12ea10f784b admin admin] Successfully bumped revision number for resource 00999c0f-2329-472f-bb71-7e69ded0b622 (type: security_group_rules) to 0
Mar 05 11:16:30.456619 np0000157865 devstack@neutron-api.service[103143]: INFO neutron.db.ovn_revision_numbers_db [None req-a23d8be0-fc8b-4930-b29d-e12ea10f784b admin admin] Successfully bumped revision number for resource 3426fe7b-cd2f-4579-a3d3-4a52716ccad5 (type: security_group_rules) to 0
Mar 05 11:16:30.467891 np0000157865 devstack@neutron-api.service[103143]: INFO neutron.db.ovn_revision_numbers_db [None req-a23d8be0-fc8b-4930-b29d-e12ea10f784b admin admin] Successfully bumped revision number for resource 4b2f0418-4e8a-4236-adb8-fded6bb7b269 (type: security_group_rules) to 0
Mar 05 11:16:30.481445 np0000157865 devstack@neutron-api.service[103143]: INFO neutron.db.ovn_revision_numbers_db [None req-a23d8be0-fc8b-4930-b29d-e12ea10f784b admin admin] Successfully bumped revision number for resource 4e2d74a3-ea72-488e-8e8c-62704b64558f (type: security_group_rules) to 0
Mar 05 11:16:30.505595 np0000157865 devstack@neutron-api.service[103143]: DEBUG neutron.api.rpc.handlers.resources_rpc [None req-a23d8be0-fc8b-4930-b29d-e12ea10f784b admin admin] Pushing event updated for resources: {'SecurityGroup': ['ID=2738762f-b959-43d6-a750-4082e87961d4,revision_number=1']} {{(pid=103143) push /opt/stack/neutron/neutron/api/rpc/handlers/resources_rpc.py:237}}
Mar 05 11:16:30.510108 np0000157865 devstack@neutron-api.service[103143]: DEBUG ovsdbapp.backend.ovs_idl.transaction [None req-f175c623-8520-442a-b7e8-b90111e0950d None None] Running txn n=1 command(idx=0): CheckLivenessCommand(_result=None) {{(pid=103143) do_commit /opt/stack/data/venv/lib/python3.12/site-packages/ovsdbapp/backend/ovs_idl/transaction.py:89}}
Mar 05 11:16:30.513521 np0000157865 devstack@neutron-api.service[103143]: DEBUG neutron.plugins.ml2.drivers.ovn.mech_driver.ovsdb.ovsdb_monitor [None req-f175c623-8520-442a-b7e8-b90111e0950d None None] Hash Ring: Node 32c3619107c75e76844d25527eb6a911 (host: np0000157865) handling event "update" for row be4e0ed0-25be-4f0b-9711-dc662623838c (table: NB_Global) {{(pid=103143) notify /opt/stack/neutron/neutron/plugins/ml2/drivers/ovn/mech_driver/ovsdb/ovsdb_monitor.py:906}}
Mar 05 11:16:30.515090 np0000157865 devstack@neutron-api.service[103143]: DEBUG neutron.plugins.ml2.drivers.ovn.mech_driver.ovsdb.ovsdb_monitor [None req-f175c623-8520-442a-b7e8-b90111e0950d None None] Hash Ring: Node 32c3619107c75e76844d25527eb6a911 (host: np0000157865) handling event "update" for row be4e0ed0-25be-4f0b-9711-dc662623838c (table: NB_Global) {{(pid=103143) notify /opt/stack/neutron/neutron/plugins/ml2/drivers/ovn/mech_driver/ovsdb/ovsdb_monitor.py:906}}
Mar 05 11:16:30.516531 np0000157865 devstack@neutron-api.service[103143]: DEBUG neutron.plugins.ml2.drivers.ovn.mech_driver.ovsdb.ovsdb_monitor [None req-ce0a4323-61e3-4932-b532-dce6076480b5 None None] ChassisAgentWriteEvent : Matched Chassis_Private, update, None None {{(pid=103143) matches /opt/stack/neutron/neutron/plugins/ml2/drivers/ovn/mech_driver/ovsdb/ovsdb_monitor.py:64}}
Mar 05 11:16:30.516730 np0000157865 devstack@neutron-api.service[103145]: DEBUG neutron.plugins.ml2.drivers.ovn.mech_driver.ovsdb.ovsdb_monitor [None req-1d1024da-5386-43a2-9ece-926257d7dfce None None] ChassisAgentWriteEvent : Matched Chassis_Private, update, None None {{(pid=103145) matches /opt/stack/neutron/neutron/plugins/ml2/drivers/ovn/mech_driver/ovsdb/ovsdb_monitor.py:64}}
Mar 05 11:16:30.518732 np0000157865 devstack@neutron-api.service[103146]: DEBUG neutron.plugins.ml2.drivers.ovn.mech_driver.ovsdb.ovsdb_monitor [None req-89383772-55f0-419a-baa5-0f8ee6781fd4 None None] ChassisAgentWriteEvent : Matched Chassis_Private, update, None None {{(pid=103146) matches /opt/stack/neutron/neutron/plugins/ml2/drivers/ovn/mech_driver/ovsdb/ovsdb_monitor.py:64}}
Mar 05 11:16:30.519159 np0000157865 devstack@neutron-api.service[103144]: DEBUG neutron.plugins.ml2.drivers.ovn.mech_driver.ovsdb.ovsdb_monitor [None req-ca4a4e2f-87ac-45c7-b471-9949764aa077 None None] ChassisAgentWriteEvent : Matched Chassis_Private, update, None None {{(pid=103144) matches /opt/stack/neutron/neutron/plugins/ml2/drivers/ovn/mech_driver/ovsdb/ovsdb_monitor.py:64}}
Mar 05 11:16:30.519845 np0000157865 devstack@neutron-api.service[103143]: DEBUG neutron.plugins.ml2.drivers.ovn.mech_driver.ovsdb.ovsdb_monitor [None req-f175c623-8520-442a-b7e8-b90111e0950d None None] Hash Ring: Node 32c3619107c75e76844d25527eb6a911 (host: np0000157865) handling event "update" for row be4e0ed0-25be-4f0b-9711-dc662623838c (table: NB_Global) {{(pid=103143) notify /opt/stack/neutron/neutron/plugins/ml2/drivers/ovn/mech_driver/ovsdb/ovsdb_monitor.py:906}}
Mar 05 11:16:30.521394 np0000157865 devstack@neutron-api.service[103143]: DEBUG neutron.plugins.ml2.drivers.ovn.mech_driver.ovsdb.ovsdb_monitor [None req-f175c623-8520-442a-b7e8-b90111e0950d None None] Hash Ring: Node 32c3619107c75e76844d25527eb6a911 (host: np0000157865) handling event "update" for row be4e0ed0-25be-4f0b-9711-dc662623838c (table: NB_Global) {{(pid=103143) notify /opt/stack/neutron/neutron/plugins/ml2/drivers/ovn/mech_driver/ovsdb/ovsdb_monitor.py:906}}
Mar 05 11:16:30.525655 np0000157865 devstack@neutron-api.service[103145]: DEBUG neutron.common.ovn.hash_ring_manager [None req-1d1024da-5386-43a2-9ece-926257d7dfce None None] Hash Ring loaded. 4 active nodes. 0 offline nodes {{(pid=103145) _load_hash_ring /opt/stack/neutron/neutron/common/ovn/hash_ring_manager.py:102}}
Mar 05 11:16:30.527065 np0000157865 devstack@neutron-api.service[103144]: DEBUG neutron.common.ovn.hash_ring_manager [None req-ca4a4e2f-87ac-45c7-b471-9949764aa077 None None] Hash Ring loaded. 4 active nodes. 0 offline nodes {{(pid=103144) _load_hash_ring /opt/stack/neutron/neutron/common/ovn/hash_ring_manager.py:102}}
Mar 05 11:16:30.528362 np0000157865 devstack@neutron-api.service[103146]: DEBUG neutron.common.ovn.hash_ring_manager [None req-89383772-55f0-419a-baa5-0f8ee6781fd4 None None] Hash Ring loaded. 4 active nodes. 0 offline nodes {{(pid=103146) _load_hash_ring /opt/stack/neutron/neutron/common/ovn/hash_ring_manager.py:102}}
Mar 05 11:16:30.528553 np0000157865 devstack@neutron-api.service[103146]: DEBUG neutron.plugins.ml2.drivers.ovn.mech_driver.ovsdb.ovsdb_monitor [None req-89383772-55f0-419a-baa5-0f8ee6781fd4 None None] Hash Ring: Node cd3a01afbd3b5a1196216ff611fabe62 (host: np0000157865) handling event "update" for row 0e1da2cc-642d-42bf-8be9-b1c42e4287e7 (table: Chassis_Private) {{(pid=103146) notify /opt/stack/neutron/neutron/plugins/ml2/drivers/ovn/mech_driver/ovsdb/ovsdb_monitor.py:906}}
Mar 05 11:16:30.533873 np0000157865 devstack@neutron-api.service[103143]: DEBUG neutron.common.ovn.hash_ring_manager [None req-ce0a4323-61e3-4932-b532-dce6076480b5 None None] Hash Ring loaded. 4 active nodes. 0 offline nodes {{(pid=103143) _load_hash_ring /opt/stack/neutron/neutron/common/ovn/hash_ring_manager.py:102}}
Mar 05 11:16:30.573857 np0000157865 devstack@neutron-api.service[103143]: DEBUG neutron.plugins.ml2.drivers.helpers [None req-a23d8be0-fc8b-4930-b29d-e12ea10f784b admin admin] geneve segment allocate from pool success with {'geneve_vni': 30204} {{(pid=103143) allocate_partially_specified_segment /opt/stack/neutron/neutron/plugins/ml2/drivers/helpers.py:142}}
Mar 05 11:16:30.584835 np0000157865 devstack@neutron-api.service[103143]: DEBUG neutron_lib.callbacks.manager [None req-a23d8be0-fc8b-4930-b29d-e12ea10f784b admin admin] Publish callbacks ['neutron.services.segments.db._add_segment_host_mapping_for_segment-8308738686506', 'neutron.plugins.ml2.plugin.Ml2Plugin._handle_segment_change-990393'] for segment (c8aab60e-b9cd-439e-b305-819c90ed7dd4), precommit_create {{(pid=103143) _notify_loop /opt/stack/data/venv/lib/python3.12/site-packages/neutron_lib/callbacks/manager.py:184}}
Mar 05 11:16:30.585060 np0000157865 devstack@neutron-api.service[103143]: INFO neutron.db.segments_db [None req-a23d8be0-fc8b-4930-b29d-e12ea10f784b admin admin] Added segment c8aab60e-b9cd-439e-b305-819c90ed7dd4 of type geneve for network 3d585c1b-704d-43b3-89d3-1dadd5ea4fb1
Mar 05 11:16:30.599590 np0000157865 devstack@neutron-api.service[103143]: DEBUG neutron_lib.callbacks.manager [None req-a23d8be0-fc8b-4930-b29d-e12ea10f784b admin admin] Publish callbacks ['neutron.services.auto_allocate.db._ensure_external_network_default_value_callback-8308736939582'] for network (3d585c1b-704d-43b3-89d3-1dadd5ea4fb1), precommit_create {{(pid=103143) _notify_loop /opt/stack/data/venv/lib/python3.12/site-packages/neutron_lib/callbacks/manager.py:184}}
Mar 05 11:16:30.612161 np0000157865 devstack@neutron-api.service[103143]: DEBUG neutron.plugins.ml2.drivers.ovn.mech_driver.mech_driver [None req-a23d8be0-fc8b-4930-b29d-e12ea10f784b admin admin] Validating network segment with type geneve, segmentation ID 30204, physical network None {{(pid=103143) _validate_network_segments /opt/stack/neutron/neutron/plugins/ml2/drivers/ovn/mech_driver/mech_driver.py:630}}
Mar 05 11:16:30.612357 np0000157865 devstack@neutron-api.service[103143]: DEBUG neutron.db.ovn_revision_numbers_db [None req-a23d8be0-fc8b-4930-b29d-e12ea10f784b admin admin] create_initial_revision uuid=3d585c1b-704d-43b3-89d3-1dadd5ea4fb1, type=networks, rev=-1 {{(pid=103143) create_initial_revision /opt/stack/neutron/neutron/db/ovn_revision_numbers_db.py:98}}
Mar 05 11:16:30.622657 np0000157865 devstack@neutron-api.service[103143]: DEBUG neutron_lib.callbacks.manager [None req-a23d8be0-fc8b-4930-b29d-e12ea10f784b admin admin] Publish callbacks ['neutron.plugins.ml2.ovo_rpc._ObjectChangeHandler.handle_event-3812079'] for network (3d585c1b-704d-43b3-89d3-1dadd5ea4fb1), after_create {{(pid=103143) _notify_loop /opt/stack/data/venv/lib/python3.12/site-packages/neutron_lib/callbacks/manager.py:184}}
Mar 05 11:16:30.637852 np0000157865 devstack@neutron-api.service[103143]: DEBUG neutron.api.rpc.handlers.resources_rpc [None req-a23d8be0-fc8b-4930-b29d-e12ea10f784b admin admin] Pushing event updated for resources: {'Network': ['ID=3d585c1b-704d-43b3-89d3-1dadd5ea4fb1,revision_number=1']} {{(pid=103143) push /opt/stack/neutron/neutron/api/rpc/handlers/resources_rpc.py:237}}
Mar 05 11:16:30.646540 np0000157865 devstack@neutron-api.service[103143]: DEBUG ovsdbapp.backend.ovs_idl.transaction [None req-f175c623-8520-442a-b7e8-b90111e0950d None None] Running txn n=1 command(idx=0): AddNetworkCommand(_result=None, network_uuid=3d585c1b-704d-43b3-89d3-1dadd5ea4fb1, may_exist=True, columns={'external_ids': {'neutron:network_name': 'admin_net', 'neutron:mtu': '1372', 'neutron:revision_number': '1', 'neutron:availability_zone_hints': '', 'neutron:provnet-network-type': 'geneve'}, 'other_config': {'mcast_snoop': 'false', 'mcast_flood_unregistered': 'false', 'vlan-passthru': 'false'}}) {{(pid=103143) do_commit /opt/stack/data/venv/lib/python3.12/site-packages/ovsdbapp/backend/ovs_idl/transaction.py:89}}
Mar 05 11:16:30.652352 np0000157865 devstack@neutron-api.service[103146]: DEBUG neutron.plugins.ml2.drivers.ovn.mech_driver.ovsdb.ovsdb_monitor [None req-cadc06df-b6aa-42cf-8234-bd1491bf560e None None] Hash Ring: Node cd3a01afbd3b5a1196216ff611fabe62 (host: np0000157865) handling event "create" for row 3d585c1b-704d-43b3-89d3-1dadd5ea4fb1 (table: Logical_Switch) {{(pid=103146) notify /opt/stack/neutron/neutron/plugins/ml2/drivers/ovn/mech_driver/ovsdb/ovsdb_monitor.py:906}}
Mar 05 11:16:30.658143 np0000157865 devstack@neutron-api.service[103143]: DEBUG neutron.plugins.ml2.drivers.ovn.mech_driver.ovsdb.ovsdb_monitor [None req-ce0a4323-61e3-4932-b532-dce6076480b5 None None] Hash Ring: Node 32c3619107c75e76844d25527eb6a911 (host: np0000157865) handling event "create" for row 0b028877-f361-4898-83a8-fd6f684cf815 (table: Datapath_Binding) {{(pid=103143) notify /opt/stack/neutron/neutron/plugins/ml2/drivers/ovn/mech_driver/ovsdb/ovsdb_monitor.py:906}}
Mar 05 11:16:30.676662 np0000157865 devstack@neutron-api.service[103143]: INFO neutron.db.ovn_revision_numbers_db [None req-a23d8be0-fc8b-4930-b29d-e12ea10f784b admin admin] Successfully bumped revision number for resource 3d585c1b-704d-43b3-89d3-1dadd5ea4fb1 (type: networks) to 1
Mar 05 11:16:30.688619 np0000157865 devstack@neutron-api.service[103143]: DEBUG neutron_lib.callbacks.manager [None req-a23d8be0-fc8b-4930-b29d-e12ea10f784b admin admin] Publish callbacks ['neutron.plugins.ml2.plugin.SecurityGroupDbMixin._ensure_default_security_group_handler-203441'] for port (None), before_create {{(pid=103143) _notify_loop /opt/stack/data/venv/lib/python3.12/site-packages/neutron_lib/callbacks/manager.py:184}}
Mar 05 11:16:30.749899 np0000157865 devstack@neutron-api.service[103143]: DEBUG neutron_lib.callbacks.manager [None req-a23d8be0-fc8b-4930-b29d-e12ea10f784b admin admin] Publish callbacks ['neutron.plugins.ml2.drivers.ovn.mech_driver.mech_driver.OVNMechanismDriver._validate_allowed_address_pairs-260958'] for allowed_address_pair (80dd32cb-3550-45c3-8d63-fc80cdc37203), before_create {{(pid=103143) _notify_loop /opt/stack/data/venv/lib/python3.12/site-packages/neutron_lib/callbacks/manager.py:184}}
Mar 05 11:16:30.750345 np0000157865 devstack@neutron-api.service[103143]: DEBUG neutron_lib.callbacks.manager [None req-a23d8be0-fc8b-4930-b29d-e12ea10f784b admin admin] Publish callbacks [] for port (80dd32cb-3550-45c3-8d63-fc80cdc37203), precommit_create {{(pid=103143) _notify_loop /opt/stack/data/venv/lib/python3.12/site-packages/neutron_lib/callbacks/manager.py:184}}
Mar 05 11:16:30.750506 np0000157865 devstack@neutron-api.service[103143]: DEBUG neutron.plugins.ml2.drivers.ovn.mech_driver.mech_driver [None req-a23d8be0-fc8b-4930-b29d-e12ea10f784b admin admin] No provisioning block for port 80dd32cb-3550-45c3-8d63-fc80cdc37203 since it does not have a host {{(pid=103143) _is_port_provisioning_required /opt/stack/neutron/neutron/plugins/ml2/drivers/ovn/mech_driver/mech_driver.py:883}}
Mar 05 11:16:30.750610 np0000157865 devstack@neutron-api.service[103143]: DEBUG neutron.db.ovn_revision_numbers_db [None req-a23d8be0-fc8b-4930-b29d-e12ea10f784b admin admin] create_initial_revision uuid=80dd32cb-3550-45c3-8d63-fc80cdc37203, type=ports, rev=-1 {{(pid=103143) create_initial_revision /opt/stack/neutron/neutron/db/ovn_revision_numbers_db.py:98}}
Mar 05 11:16:30.786841 np0000157865 devstack@neutron-api.service[103143]: DEBUG neutron_lib.callbacks.manager [None req-a23d8be0-fc8b-4930-b29d-e12ea10f784b admin admin] Publish callbacks ['neutron.plugins.ml2.ovo_rpc._ObjectChangeHandler.handle_event-3811962'] for port (80dd32cb-3550-45c3-8d63-fc80cdc37203), after_create {{(pid=103143) _notify_loop /opt/stack/data/venv/lib/python3.12/site-packages/neutron_lib/callbacks/manager.py:184}}
Mar 05 11:16:30.813284 np0000157865 devstack@neutron-api.service[103143]: DEBUG neutron.api.rpc.handlers.resources_rpc [None req-a23d8be0-fc8b-4930-b29d-e12ea10f784b admin admin] Pushing event updated for resources: {'Port': ['ID=80dd32cb-3550-45c3-8d63-fc80cdc37203,revision_number=1']} {{(pid=103143) push /opt/stack/neutron/neutron/api/rpc/handlers/resources_rpc.py:237}}
Mar 05 11:16:30.818958 np0000157865 devstack@neutron-api.service[103143]: DEBUG ovsdbapp.backend.ovs_idl.transaction [None req-f175c623-8520-442a-b7e8-b90111e0950d None None] Running txn n=1 command(idx=0): AddLSwitchPortCommand(_result=None, lport=80dd32cb-3550-45c3-8d63-fc80cdc37203, lswitch=neutron-3d585c1b-704d-43b3-89d3-1dadd5ea4fb1, may_exist=True, network_uuid=3d585c1b-704d-43b3-89d3-1dadd5ea4fb1, columns={'addresses': ['fa:16:3e:e1:d5:09'], 'external_ids': {'neutron:port_name': '', 'neutron:device_id': 'ovnmeta-3d585c1b-704d-43b3-89d3-1dadd5ea4fb1', 'neutron:project_id': '8ee72960b14b4206bd6aa5abf3bac241', 'neutron:cidrs': '', 'neutron:device_owner': 'network:distributed', 'neutron:subnet_pool_addr_scope4': '', 'neutron:subnet_pool_addr_scope6': '', 'neutron:network_name': 'neutron-3d585c1b-704d-43b3-89d3-1dadd5ea4fb1', 'neutron:security_group_ids': '', 'neutron:revision_number': '1', 'neutron:vnic_type': 'normal', 'neutron:port_capabilities': '', 'neutron:mtu': ''}, 'parent_name': [], 'tag': [], 'enabled': True, 'options': {}, 'type': 'localport', 'port_security': [], 'dhcpv4_options': [], 'dhcpv6_options': []}) {{(pid=103143) do_commit /opt/stack/data/venv/lib/python3.12/site-packages/ovsdbapp/backend/ovs_idl/transaction.py:89}}
Mar 05 11:16:30.819871 np0000157865 devstack@neutron-api.service[103143]: DEBUG ovsdbapp.backend.ovs_idl.transaction [None req-f175c623-8520-442a-b7e8-b90111e0950d None None] Running txn n=1 command(idx=1): QoSDelCommand(_result=None, switch=neutron-3d585c1b-704d-43b3-89d3-1dadd5ea4fb1, conditions=[('direction', '=', 'to-lport'), ('priority', '=', 2002), ('match', '=', 'outport == "80dd32cb-3550-45c3-8d63-fc80cdc37203"')], if_exists=True) {{(pid=103143) do_commit /opt/stack/data/venv/lib/python3.12/site-packages/ovsdbapp/backend/ovs_idl/transaction.py:89}}
Mar 05 11:16:30.820225 np0000157865 devstack@neutron-api.service[103143]: DEBUG ovsdbapp.backend.ovs_idl.transaction [None req-f175c623-8520-442a-b7e8-b90111e0950d None None] Running txn n=1 command(idx=2): QoSDelCommand(_result=None, switch=neutron-3d585c1b-704d-43b3-89d3-1dadd5ea4fb1, conditions=[('direction', '=', 'from-lport'), ('priority', '=', 2002), ('match', '=', 'inport == "80dd32cb-3550-45c3-8d63-fc80cdc37203"')], if_exists=True) {{(pid=103143) do_commit /opt/stack/data/venv/lib/python3.12/site-packages/ovsdbapp/backend/ovs_idl/transaction.py:89}}
Mar 05 11:16:30.824807 np0000157865 devstack@neutron-api.service[103143]: DEBUG neutron.plugins.ml2.drivers.ovn.mech_driver.ovsdb.ovsdb_monitor [None req-f175c623-8520-442a-b7e8-b90111e0950d None None] Hash Ring: Node 32c3619107c75e76844d25527eb6a911 (host: np0000157865) handling event "create" for row 5f22c440-fb74-4f86-bd8c-ee6c7b4c5a72 (table: Logical_Switch_Port) {{(pid=103143) notify /opt/stack/neutron/neutron/plugins/ml2/drivers/ovn/mech_driver/ovsdb/ovsdb_monitor.py:906}}
Mar 05 11:16:30.825603 np0000157865 devstack@neutron-api.service[103146]: DEBUG neutron.plugins.ml2.drivers.ovn.mech_driver.ovsdb.ovsdb_monitor [None req-cadc06df-b6aa-42cf-8234-bd1491bf560e None None] Hash Ring: Node cd3a01afbd3b5a1196216ff611fabe62 (host: np0000157865) handling event "update" for row 3d585c1b-704d-43b3-89d3-1dadd5ea4fb1 (table: Logical_Switch) {{(pid=103146) notify /opt/stack/neutron/neutron/plugins/ml2/drivers/ovn/mech_driver/ovsdb/ovsdb_monitor.py:906}}
Mar 05 11:16:30.826458 np0000157865 devstack@neutron-api.service[103143]: DEBUG ovsdbapp.backend.ovs_idl.event [None req-f175c623-8520-442a-b7e8-b90111e0950d None None] Matched CREATE: LogicalSwitchPortCreateEvent(events=('create',), table='Logical_Switch_Port', conditions=[], old_conditions=None), priority=20 to row=Logical_Switch_Port(uuid=5f22c440-fb74-4f86-bd8c-ee6c7b4c5a72, addresses=['fa:16:3e:e1:d5:09'], dhcpv4_options=[], dhcpv6_options=[], dynamic_addresses=[], enabled=True, external_ids={'neutron:cidrs': '', 'neutron:device_id': 'ovnmeta-3d585c1b-704d-43b3-89d3-1dadd5ea4fb1', 'neutron:device_owner': 'network:distributed', 'neutron:mtu': '', 'neutron:network_name': 'neutron-3d585c1b-704d-43b3-89d3-1dadd5ea4fb1', 'neutron:port_capabilities': '', 'neutron:port_name': '', 'neutron:project_id': '8ee72960b14b4206bd6aa5abf3bac241', 'neutron:revision_number': '1', 'neutron:security_group_ids': '', 'neutron:subnet_pool_addr_scope4': '', 'neutron:subnet_pool_addr_scope6': '', 'neutron:vnic_type': 'normal'}, ha_chassis_group=[], mirror_rules=[], name='80dd32cb-3550-45c3-8d63-fc80cdc37203', options={}, parent_name=[], port_security=[], tag=[], tag_request=[], type='localport', up=[]) old= {{(pid=103143) matches /opt/stack/data/venv/lib/python3.12/site-packages/ovsdbapp/backend/ovs_idl/event.py:55}}
Mar 05 11:16:30.827940 np0000157865 devstack@neutron-api.service[103143]: INFO neutron.plugins.ml2.drivers.ovn.mech_driver.mech_driver [None req-3759d4b4-1894-439b-8483-25c1a4065bf5 None None] OVN reports status down for port: 80dd32cb-3550-45c3-8d63-fc80cdc37203
