+ exec neutron-metadata-agent --config-file /etc/neutron/neutron.conf --config-file /tmp/pod-shared/neutron-agent.ini --config-file /etc/neutron/metadata_agent.ini /var/lib/openstack/lib/python3.10/site-packages/neutron/common/utils.py:54: UserWarning: pkg_resources is deprecated as an API. See https://setuptools.pypa.io/en/latest/pkg_resources.html. The pkg_resources package is slated for removal as early as 2025-11-30. Refrain from using this package or pin to Setuptools<81. import pkg_resources
2026-06-27 09:30:27.773 35 INFO neutron.common.config [-] Logging enabled!
2026-06-27 09:30:27.774 35 INFO neutron.common.config [-] /var/lib/openstack/bin/neutron-metadata-agent version 22.2.2.dev46 /var/lib/openstack/lib/python3.10/site-packages/memcache.py:1303: SyntaxWarning: "is" with a literal. Did you mean "=="? if key is '': /var/lib/openstack/lib/python3.10/site-packages/memcache.py:1304: SyntaxWarning: "is" with a literal. Did you mean "=="? if key_extra_len is 0:
2026-06-27 09:30:27.789 35 INFO oslo_service.service [None req-e3085e78-9cd2-4e98-824d-5844b31e6d1c - - - - - -] Starting 2 workers
2026-06-27 09:30:27.800 43 INFO eventlet.wsgi.server [-] (43) wsgi starting up on http:/var/lib/neutron/openstack-helm/metadata_proxy
2026-06-27 09:30:27.800 44 INFO eventlet.wsgi.server [-] (44) wsgi starting up on http:/var/lib/neutron/openstack-helm/metadata_proxy
2026-06-27 09:30:59.817 43 INFO eventlet.wsgi.server [-] 169.254.169.254, "GET / HTTP/1.1" status: 404 len: 176 time: 0.1195788
2026-06-27 09:31:00.911 43 INFO eventlet.wsgi.server [-] 169.254.169.254, "GET / HTTP/1.1" status: 404 len: 176 time: 0.0061140
2026-06-27 09:34:09.751 44 INFO eventlet.wsgi.server [-] 169.254.169.254, "GET / HTTP/1.1" status: 404 len: 176 time: 0.0120234
2026-06-27 09:37:19.682 43 INFO eventlet.wsgi.server [-] 169.254.169.254, "GET / HTTP/1.1" status: 404 len: 176 time: 0.0047126
2026-06-27 09:37:49.735 43 INFO eventlet.wsgi.server [-] 169.254.169.254, "GET / HTTP/1.1" status: 404 len: 176 time: 0.0108845
2026-06-27 09:40:29.771 43 INFO eventlet.wsgi.server [-] 169.254.169.254, "GET / HTTP/1.1" status: 404 len: 176 time: 0.0072031
2026-06-27 09:43:39.803 44 INFO eventlet.wsgi.server [-] 169.254.169.254, "GET / HTTP/1.1" status: 404 len: 176 time: 0.1335573
2026-06-27 09:46:50.826 44 INFO eventlet.wsgi.server [-] 169.254.169.254, "GET / HTTP/1.1" status: 404 len: 176 time: 0.0091796
2026-06-27 09:47:49.691 44 INFO eventlet.wsgi.server [-] 169.254.169.254, "GET / HTTP/1.1" status: 404 len: 176 time: 0.0098507
2026-06-27 09:49:59.782 44 INFO eventlet.wsgi.server [-] 169.254.169.254, "GET / HTTP/1.1" status: 404 len: 176 time: 0.0107493
2026-06-27 09:53:09.651 44 INFO eventlet.wsgi.server [-] 169.254.169.254, "GET / HTTP/1.1" status: 404 len: 176 time: 0.0055196
2026-06-27 09:56:19.800 44 INFO eventlet.wsgi.server [-] 169.254.169.254, "GET / HTTP/1.1" status: 404 len: 176 time: 0.0462737
2026-06-27 09:57:49.715 43 INFO eventlet.wsgi.server [-] 169.254.169.254, "GET / HTTP/1.1" status: 404 len: 176 time: 0.0059545
2026-06-27 09:59:29.751 44 INFO eventlet.wsgi.server [-] 169.254.169.254, "GET / HTTP/1.1" status: 404 len: 176 time: 0.0068080
2026-06-27 10:02:39.703 43 INFO eventlet.wsgi.server [-] 169.254.169.254, "GET / HTTP/1.1" status: 404 len: 176 time: 0.0043039
2026-06-27 10:05:49.722 44 INFO eventlet.wsgi.server [-] 169.254.169.254, "GET / HTTP/1.1" status: 404 len: 176 time: 0.0063412
2026-06-27 10:06:56.239 43 INFO eventlet.wsgi.server [-] 10.100.0.11, "GET /2009-04-04/meta-data/instance-id HTTP/1.1" status: 200 len: 146 time: 1.2997859
2026-06-27 10:06:56.282 43 INFO eventlet.wsgi.server [-] 10.100.0.11, "GET /2009-04-04/meta-data/public-keys HTTP/1.1" status: 200 len: 164 time: 0.0338211
2026-06-27 10:06:56.312 44 INFO eventlet.wsgi.server [-] 10.100.0.11, "GET /2009-04-04/meta-data/public-keys/0/openssh-key HTTP/1.1" status: 200 len: 341 time: 0.0251868
2026-06-27 10:06:56.342 43 INFO eventlet.wsgi.server [-] 10.100.0.11, "GET /2009-04-04/meta-data/instance-id HTTP/1.1" status: 200 len: 146 time: 0.0196686
2026-06-27 10:06:56.370 43 INFO eventlet.wsgi.server [-] 10.100.0.11, "GET /2009-04-04/meta-data/ami-launch-index HTTP/1.1" status: 200 len: 136 time: 0.0189512
2026-06-27 10:06:56.406 43 INFO eventlet.wsgi.server [-] 10.100.0.11, "GET /2009-04-04/meta-data/instance-type HTTP/1.1" status: 200 len: 142 time: 0.0286002
2026-06-27 10:06:56.436 44 INFO eventlet.wsgi.server [-] 10.100.0.11, "GET /2009-04-04/meta-data/local-ipv4 HTTP/1.1" status: 200 len: 147 time: 0.0212121
2026-06-27 10:06:56.458 44 INFO eventlet.wsgi.server [-] 10.100.0.11, "GET /2009-04-04/meta-data/public-ipv4 HTTP/1.1" status: 200 len: 149 time: 0.0145984
2026-06-27 10:06:56.480 44 INFO eventlet.wsgi.server [-] 10.100.0.11, "GET /2009-04-04/meta-data/hostname HTTP/1.1" status: 200 len: 201 time: 0.0128829
2026-06-27 10:06:56.502 44 INFO eventlet.wsgi.server [-] 10.100.0.11, "GET /2009-04-04/meta-data/local-hostname HTTP/1.1" status: 200 len: 201 time: 0.0138223
2026-06-27 10:06:56.525 44 INFO eventlet.wsgi.server [-] 10.100.0.11, "GET /2009-04-04/user-data HTTP/1.1" status: 200 len: 231 time: 0.0130081
2026-06-27 10:06:56.564 44 INFO eventlet.wsgi.server [-] 10.100.0.11, "GET /2009-04-04/meta-data/block-device-mapping HTTP/1.1" status: 200 len: 143 time: 0.0129452
2026-06-27 10:06:56.581 44 INFO eventlet.wsgi.server [-] 10.100.0.11, "GET /2009-04-04/meta-data/block-device-mapping/ami HTTP/1.1" status: 200 len: 138 time: 0.0123200
2026-06-27 10:06:56.597 44 INFO eventlet.wsgi.server [-] 10.100.0.11, "GET /2009-04-04/meta-data/block-device-mapping/root HTTP/1.1" status: 200 len: 143 time: 0.0107558
2026-06-27 10:06:56.620 44 INFO eventlet.wsgi.server [-] 10.100.0.11, "GET /2009-04-04/meta-data/public-hostname HTTP/1.1" status: 200 len: 201 time: 0.0150406
2026-06-27 10:06:56.641 44 INFO eventlet.wsgi.server [-] 10.100.0.11, "GET /2009-04-04/meta-data/placement/availability-zone HTTP/1.1" status: 200 len: 139 time: 0.0124810
2026-06-27 10:07:18.876 44 INFO eventlet.wsgi.server [-] 10.100.0.13, "GET /2009-04-04/meta-data/instance-id HTTP/1.1" status: 200 len: 146 time: 1.8252726
2026-06-27 10:07:18.898 44 INFO eventlet.wsgi.server [-] 10.100.0.13, "GET /2009-04-04/meta-data/public-keys HTTP/1.1" status: 200 len: 163 time: 0.0125346
2026-06-27 10:07:18.924 44 INFO eventlet.wsgi.server [-] 10.100.0.13, "GET /2009-04-04/meta-data/public-keys/0/openssh-key HTTP/1.1" status: 200 len: 341 time: 0.0193520
2026-06-27 10:07:18.947 44 INFO eventlet.wsgi.server [-] 10.100.0.13, "GET /2009-04-04/meta-data/instance-id HTTP/1.1" status: 200 len: 146 time: 0.0146363
2026-06-27 10:07:18.971 44 INFO eventlet.wsgi.server [-] 10.100.0.13, "GET /2009-04-04/meta-data/ami-launch-index HTTP/1.1" status: 200 len: 136 time: 0.0171695
2026-06-27 10:07:18.997 44 INFO eventlet.wsgi.server [-] 10.100.0.13, "GET /2009-04-04/meta-data/instance-type HTTP/1.1" status: 200 len: 142 time: 0.0202882
2026-06-27 10:07:19.020 44 INFO eventlet.wsgi.server [-] 10.100.0.13, "GET /2009-04-04/meta-data/local-ipv4 HTTP/1.1" status: 200 len: 147 time: 0.0194144
2026-06-27 10:07:19.037 44 INFO eventlet.wsgi.server [-] 10.100.0.13, "GET /2009-04-04/meta-data/public-ipv4 HTTP/1.1" status: 200 len: 149 time: 0.0124972
2026-06-27 10:07:19.055 44 INFO eventlet.wsgi.server [-] 10.100.0.13, "GET /2009-04-04/meta-data/hostname HTTP/1.1" status: 200 len: 193 time: 0.0105524
2026-06-27 10:07:19.072 44 INFO eventlet.wsgi.server [-] 10.100.0.13, "GET /2009-04-04/meta-data/local-hostname HTTP/1.1" status: 200 len: 193 time: 0.0111835
2026-06-27 10:07:19.126 44 INFO eventlet.wsgi.server [-] 10.100.0.13, "GET /2009-04-04/user-data HTTP/1.1" status: 200 len: 231 time: 0.0115571
2026-06-27 10:07:19.144 44 INFO eventlet.wsgi.server [-] 10.100.0.13, "GET /2009-04-04/meta-data/block-device-mapping HTTP/1.1" status: 200 len: 143 time: 0.0095799
2026-06-27 10:07:19.162 44 INFO eventlet.wsgi.server [-] 10.100.0.13, "GET /2009-04-04/meta-data/block-device-mapping/ami HTTP/1.1" status: 200 len: 138 time: 0.0119607
2026-06-27 10:07:19.178 44 INFO eventlet.wsgi.server [-] 10.100.0.13, "GET /2009-04-04/meta-data/block-device-mapping/root HTTP/1.1" status: 200 len: 143 time: 0.0107694
2026-06-27 10:07:19.195 44 INFO eventlet.wsgi.server [-] 10.100.0.13, "GET /2009-04-04/meta-data/public-hostname HTTP/1.1" status: 200 len: 193 time: 0.0135486
2026-06-27 10:07:19.226 44 INFO eventlet.wsgi.server [-] 10.100.0.13, "GET /2009-04-04/meta-data/placement/availability-zone HTTP/1.1" status: 200 len: 139 time: 0.0261216
2026-06-27 10:07:37.085 43 INFO eventlet.wsgi.server [-] 10.100.0.13, "GET /2009-04-04/meta-data/instance-id HTTP/1.1" status: 200 len: 146 time: 0.2708900
2026-06-27 10:07:37.116 43 INFO eventlet.wsgi.server [-] 10.100.0.13, "GET /2009-04-04/meta-data/public-keys HTTP/1.1" status: 200 len: 163 time: 0.0206573
2026-06-27 10:07:37.133 43 INFO eventlet.wsgi.server [-] 10.100.0.13, "GET /2009-04-04/meta-data/public-keys/0/openssh-key HTTP/1.1" status: 200 len: 341 time: 0.0121286
2026-06-27 10:07:37.154 44 INFO eventlet.wsgi.server [-] 10.100.0.13, "GET /2009-04-04/meta-data/instance-id HTTP/1.1" status: 200 len: 146 time: 0.0129862
2026-06-27 10:07:37.176 44 INFO eventlet.wsgi.server [-] 10.100.0.13, "GET /2009-04-04/meta-data/ami-launch-index HTTP/1.1" status: 200 len: 136 time: 0.0152705
2026-06-27 10:07:37.196 44 INFO eventlet.wsgi.server [-] 10.100.0.13, "GET /2009-04-04/meta-data/instance-type HTTP/1.1" status: 200 len: 142 time: 0.0135152
2026-06-27 10:07:37.215 44 INFO eventlet.wsgi.server [-] 10.100.0.13, "GET /2009-04-04/meta-data/local-ipv4 HTTP/1.1" status: 200 len: 147 time: 0.0139444
2026-06-27 10:07:37.235 44 INFO eventlet.wsgi.server [-] 10.100.0.13, "GET /2009-04-04/meta-data/public-ipv4 HTTP/1.1" status: 200 len: 149 time: 0.0124218
2026-06-27 10:07:37.249 44 INFO eventlet.wsgi.server [-] 10.100.0.13, "GET /2009-04-04/meta-data/hostname HTTP/1.1" status: 200 len: 193 time: 0.0085673
2026-06-27 10:07:37.265 44 INFO eventlet.wsgi.server [-] 10.100.0.13, "GET /2009-04-04/meta-data/local-hostname HTTP/1.1" status: 200 len: 193 time: 0.0111730
2026-06-27 10:07:37.285 44 INFO eventlet.wsgi.server [-] 10.100.0.13, "GET /2009-04-04/user-data HTTP/1.1" status: 200 len: 231 time: 0.0146914
2026-06-27 10:07:37.305 44 INFO eventlet.wsgi.server [-] 10.100.0.13, "GET /2009-04-04/meta-data/block-device-mapping HTTP/1.1" status: 200 len: 143 time: 0.0132525
2026-06-27 10:07:37.331 43 INFO eventlet.wsgi.server [-] 10.100.0.13, "GET /2009-04-04/meta-data/block-device-mapping/ami HTTP/1.1" status: 200 len: 138 time: 0.0181570
2026-06-27 10:07:37.361 44 INFO eventlet.wsgi.server [-] 10.100.0.13, "GET /2009-04-04/meta-data/block-device-mapping/root HTTP/1.1" status: 200 len: 143 time: 0.0171769
2026-06-27 10:07:37.387 43 INFO eventlet.wsgi.server [-] 10.100.0.13, "GET /2009-04-04/meta-data/public-hostname HTTP/1.1" status: 200 len: 193 time: 0.0205438
2026-06-27 10:07:37.406 43 INFO eventlet.wsgi.server [-] 10.100.0.13, "GET /2009-04-04/meta-data/placement/availability-zone HTTP/1.1" status: 200 len: 139 time: 0.0138028
2026-06-27 10:07:49.764 43 INFO eventlet.wsgi.server [-] 169.254.169.254, "GET / HTTP/1.1" status: 404 len: 176 time: 0.0482199
2026-06-27 10:08:08.838 44 INFO eventlet.wsgi.server [-] 10.100.0.14, "GET /2009-04-04/meta-data/instance-id HTTP/1.1" status: 200 len: 146 time: 0.1987083
2026-06-27 10:08:08.866 43 INFO eventlet.wsgi.server [-] 10.100.0.14, "GET /2009-04-04/meta-data/public-keys HTTP/1.1" status: 200 len: 175 time: 0.0158854
2026-06-27 10:08:08.888 43 INFO eventlet.wsgi.server [-] 10.100.0.14, "GET /2009-04-04/meta-data/public-keys/0/openssh-key HTTP/1.1" status: 200 len: 341 time: 0.0169339
2026-06-27 10:08:08.911 43 INFO eventlet.wsgi.server [-] 10.100.0.14, "GET /2009-04-04/meta-data/instance-id HTTP/1.1" status: 200 len: 146 time: 0.0150249
2026-06-27 10:08:08.928 43 INFO eventlet.wsgi.server [-] 10.100.0.14, "GET /2009-04-04/meta-data/ami-launch-index HTTP/1.1" status: 200 len: 136 time: 0.0115793
2026-06-27 10:08:08.952 43 INFO eventlet.wsgi.server [-] 10.100.0.14, "GET /2009-04-04/meta-data/instance-type HTTP/1.1" status: 200 len: 142 time: 0.0114384
2026-06-27 10:08:08.971 43 INFO eventlet.wsgi.server [-] 10.100.0.14, "GET /2009-04-04/meta-data/local-ipv4 HTTP/1.1" status: 200 len: 147 time: 0.0133746
2026-06-27 10:08:08.990 43 INFO eventlet.wsgi.server [-] 10.100.0.14, "GET /2009-04-04/meta-data/public-ipv4 HTTP/1.1" status: 200 len: 149 time: 0.0132198
2026-06-27 10:08:09.017 43 INFO eventlet.wsgi.server [-] 10.100.0.14, "GET /2009-04-04/meta-data/hostname HTTP/1.1" status: 200 len: 191 time: 0.0212181
2026-06-27 10:08:09.051 44 INFO eventlet.wsgi.server [-] 10.100.0.14, "GET /2009-04-04/meta-data/local-hostname HTTP/1.1" status: 200 len: 191 time: 0.0250366
2026-06-27 10:08:09.080 44 INFO neutron.agent.metadata.agent [-] The instance: 638d649f-8bc2-4afe-aa36-692cf4448224 is not present anymore, skipping cache...
2026-06-27 10:08:09.144 44 INFO eventlet.wsgi.server [-] 10.100.0.14, "GET /2009-04-04/user-data HTTP/1.1" status: 404 len: 297 time: 0.0860136
2026-06-27 10:08:09.178 44 INFO eventlet.wsgi.server [-] 10.100.0.14, "GET /2009-04-04/meta-data/block-device-mapping HTTP/1.1" status: 200 len: 143 time: 0.0157170
2026-06-27 10:08:09.198 44 INFO eventlet.wsgi.server [-] 10.100.0.14, "GET /2009-04-04/meta-data/block-device-mapping/ami HTTP/1.1" status: 200 len: 138 time: 0.0155153
2026-06-27 10:08:09.220 44 INFO eventlet.wsgi.server [-] 10.100.0.14, "GET /2009-04-04/meta-data/block-device-mapping/root HTTP/1.1" status: 200 len: 143 time: 0.0163672
2026-06-27 10:08:09.240 44 INFO eventlet.wsgi.server [-] 10.100.0.14, "GET /2009-04-04/meta-data/public-hostname HTTP/1.1" status: 200 len: 191 time: 0.0122750
2026-06-27 10:08:09.260 44 INFO eventlet.wsgi.server [-] 10.100.0.14, "GET /2009-04-04/meta-data/placement/availability-zone HTTP/1.1" status: 200 len: 139 time: 0.0129161
2026-06-27 10:08:33.265 44 INFO eventlet.wsgi.server [-] 10.100.0.5, "GET /latest/meta-data/public-ipv4 HTTP/1.1" status: 200 len: 149 time: 0.1777842
2026-06-27 10:08:33.539 43 INFO eventlet.wsgi.server [-] 10.100.0.5, "POST /openstack/2013-10-17/password HTTP/1.1" status: 200 len: 134 time: 0.1980848
2026-06-27 10:08:38.320 44 INFO eventlet.wsgi.server [-] 10.100.0.10, "GET /2009-04-04/meta-data/instance-id HTTP/1.1" status: 200 len: 146 time: 0.4274344
2026-06-27 10:08:38.347 44 INFO eventlet.wsgi.server [-] 10.100.0.10, "GET /2009-04-04/meta-data/public-keys HTTP/1.1" status: 200 len: 174 time: 0.0143378
2026-06-27 10:08:38.361 44 INFO eventlet.wsgi.server [-] 10.100.0.10, "GET /2009-04-04/meta-data/public-keys/0/openssh-key HTTP/1.1" status: 200 len: 341 time: 0.0101187
2026-06-27 10:08:38.384 44 INFO eventlet.wsgi.server [-] 10.100.0.10, "GET /2009-04-04/meta-data/instance-id HTTP/1.1" status: 200 len: 146 time: 0.0163975
2026-06-27 10:08:38.403 44 INFO eventlet.wsgi.server [-] 10.100.0.10, "GET /2009-04-04/meta-data/ami-launch-index HTTP/1.1" status: 200 len: 136 time: 0.0138865
2026-06-27 10:08:38.426 43 INFO eventlet.wsgi.server [-] 10.100.0.10, "GET /2009-04-04/meta-data/instance-type HTTP/1.1" status: 200 len: 142 time: 0.0161381
2026-06-27 10:08:38.442 43 INFO eventlet.wsgi.server [-] 10.100.0.10, "GET /2009-04-04/meta-data/local-ipv4 HTTP/1.1" status: 200 len: 147 time: 0.0114195
2026-06-27 10:08:38.460 43 INFO eventlet.wsgi.server [-] 10.100.0.10, "GET /2009-04-04/meta-data/public-ipv4 HTTP/1.1" status: 200 len: 149 time: 0.0111134
2026-06-27 10:08:38.481 43 INFO eventlet.wsgi.server [-] 10.100.0.10, "GET /2009-04-04/meta-data/hostname HTTP/1.1" status: 200 len: 191 time: 0.0137060
2026-06-27 10:08:38.499 43 INFO eventlet.wsgi.server [-] 10.100.0.10, "GET /2009-04-04/meta-data/local-hostname HTTP/1.1" status: 200 len: 191 time: 0.0133255
2026-06-27 10:08:38.518 43 INFO neutron.agent.metadata.agent [-] The instance: 59293997-6ed6-4956-8205-6833cc1d503d is not present anymore, skipping cache...
2026-06-27 10:08:38.560 43 INFO eventlet.wsgi.server [-] 10.100.0.10, "GET /2009-04-04/user-data HTTP/1.1" status: 404 len: 297 time: 0.0542531
2026-06-27 10:08:38.584 44 INFO eventlet.wsgi.server [-] 10.100.0.10, "GET /2009-04-04/meta-data/block-device-mapping HTTP/1.1" status: 200 len: 143 time: 0.0123913
2026-06-27 10:08:38.599 44 INFO eventlet.wsgi.server [-] 10.100.0.10, "GET /2009-04-04/meta-data/block-device-mapping/ami HTTP/1.1" status: 200 len: 138 time: 0.0114951
2026-06-27 10:08:38.613 44 INFO eventlet.wsgi.server [-] 10.100.0.10, "GET /2009-04-04/meta-data/block-device-mapping/root HTTP/1.1" status: 200 len: 143 time: 0.0099351
2026-06-27 10:08:38.629 44 INFO eventlet.wsgi.server [-] 10.100.0.10, "GET /2009-04-04/meta-data/public-hostname HTTP/1.1" status: 200 len: 191 time: 0.0103118
2026-06-27 10:08:38.646 44 INFO eventlet.wsgi.server [-] 10.100.0.10, "GET /2009-04-04/meta-data/placement/availability-zone HTTP/1.1" status: 200 len: 139 time: 0.0113380
2026-06-27 10:08:59.668 43 INFO eventlet.wsgi.server [-] 169.254.169.254, "GET / HTTP/1.1" status: 404 len: 176 time: 0.0058928
2026-06-27 10:10:37.400 44 INFO eventlet.wsgi.server [-] 10.2.1.49, "GET /2009-04-04/meta-data/instance-id HTTP/1.1" status: 200 len: 146 time: 0.2074172
2026-06-27 10:10:37.428 44 INFO eventlet.wsgi.server [-] 10.2.1.49, "GET /2009-04-04/meta-data/public-keys HTTP/1.1" status: 200 len: 174 time: 0.0198097
2026-06-27 10:10:37.446 44 INFO eventlet.wsgi.server [-] 10.2.1.49, "GET /2009-04-04/meta-data/public-keys/0/openssh-key HTTP/1.1" status: 200 len: 341 time: 0.0127120
2026-06-27 10:10:37.463 44 INFO eventlet.wsgi.server [-] 10.2.1.49, "GET /2009-04-04/meta-data/instance-id HTTP/1.1" status: 200 len: 146 time: 0.0109613
2026-06-27 10:10:37.484 44 INFO eventlet.wsgi.server [-] 10.2.1.49, "GET /2009-04-04/meta-data/ami-launch-index HTTP/1.1" status: 200 len: 136 time: 0.0141728
2026-06-27 10:10:37.506 44 INFO eventlet.wsgi.server [-] 10.2.1.49, "GET /2009-04-04/meta-data/instance-type HTTP/1.1" status: 200 len: 142 time: 0.0138159
2026-06-27 10:10:37.523 44 INFO eventlet.wsgi.server [-] 10.2.1.49, "GET /2009-04-04/meta-data/local-ipv4 HTTP/1.1" status: 200 len: 144 time: 0.0090857
2026-06-27 10:10:37.540 44 INFO eventlet.wsgi.server [-] 10.2.1.49, "GET /2009-04-04/meta-data/public-ipv4 HTTP/1.1" status: 200 len: 149 time: 0.0094743
2026-06-27 10:10:37.554 44 INFO eventlet.wsgi.server [-] 10.2.1.49, "GET /2009-04-04/meta-data/hostname HTTP/1.1" status: 200 len: 185 time: 0.0086005
2026-06-27 10:10:37.575 43 INFO eventlet.wsgi.server [-] 10.2.1.49, "GET /2009-04-04/meta-data/local-hostname HTTP/1.1" status: 200 len: 185 time: 0.0118175
2026-06-27 10:10:37.592 43 INFO neutron.agent.metadata.agent [-] The instance: 915a27d6-daec-4a6f-8753-d9af40a3bbd4 is not present anymore, skipping cache...
2026-06-27 10:10:37.632 43 INFO eventlet.wsgi.server [-] 10.2.1.49, "GET /2009-04-04/user-data HTTP/1.1" status: 404 len: 297 time: 0.0506070
2026-06-27 10:10:37.693 43 INFO eventlet.wsgi.server [-] 10.2.1.49, "GET /2009-04-04/meta-data/block-device-mapping HTTP/1.1" status: 200 len: 143 time: 0.0132892
2026-06-27 10:10:37.714 44 INFO eventlet.wsgi.server [-] 10.2.1.49, "GET /2009-04-04/meta-data/block-device-mapping/ami HTTP/1.1" status: 200 len: 138 time: 0.0139966
2026-06-27 10:10:37.732 44 INFO eventlet.wsgi.server [-] 10.2.1.49, "GET /2009-04-04/meta-data/block-device-mapping/root HTTP/1.1" status: 200 len: 143 time: 0.0101552
2026-06-27 10:10:37.752 44 INFO eventlet.wsgi.server [-] 10.2.1.49, "GET /2009-04-04/meta-data/public-hostname HTTP/1.1" status: 200 len: 185 time: 0.0127041
2026-06-27 10:10:37.773 44 INFO eventlet.wsgi.server [-] 10.2.1.49, "GET /2009-04-04/meta-data/placement/availability-zone HTTP/1.1" status: 200 len: 139 time: 0.0128107
2026-06-27 10:10:43.315 44 INFO eventlet.wsgi.server [-] 10.2.2.70, "GET /2009-04-04/meta-data/instance-id HTTP/1.1" status: 200 len: 146 time: 0.2121172
2026-06-27 10:10:43.342 43 INFO eventlet.wsgi.server [-] 10.2.2.70, "GET /2009-04-04/meta-data/public-keys HTTP/1.1" status: 200 len: 174 time: 0.0162838
2026-06-27 10:10:43.361 43 INFO eventlet.wsgi.server [-] 10.2.2.70, "GET /2009-04-04/meta-data/public-keys/0/openssh-key HTTP/1.1" status: 200 len: 341 time: 0.0132532
2026-06-27 10:10:43.390 43 INFO eventlet.wsgi.server [-] 10.2.2.70, "GET /2009-04-04/meta-data/instance-id HTTP/1.1" status: 200 len: 146 time: 0.0228016
2026-06-27 10:10:43.411 43 INFO eventlet.wsgi.server [-] 10.2.2.70, "GET /2009-04-04/meta-data/ami-launch-index HTTP/1.1" status: 200 len: 136 time: 0.0149693
2026-06-27 10:10:43.434 43 INFO eventlet.wsgi.server [-] 10.2.2.70, "GET /2009-04-04/meta-data/instance-type HTTP/1.1" status: 200 len: 142 time: 0.0161638
2026-06-27 10:10:43.455 44 INFO eventlet.wsgi.server [-] 10.2.2.70, "GET /2009-04-04/meta-data/local-ipv4 HTTP/1.1" status: 200 len: 144 time: 0.0140331
2026-06-27 10:10:43.477 44 INFO eventlet.wsgi.server [-] 10.2.2.70, "GET /2009-04-04/meta-data/public-ipv4 HTTP/1.1" status: 200 len: 135 time: 0.0161715
2026-06-27 10:10:43.498 44 INFO eventlet.wsgi.server [-] 10.2.2.70, "GET /2009-04-04/meta-data/hostname HTTP/1.1" status: 200 len: 185 time: 0.0140927
2026-06-27 10:10:43.520 44 INFO eventlet.wsgi.server [-] 10.2.2.70, "GET /2009-04-04/meta-data/local-hostname HTTP/1.1" status: 200 len: 185 time: 0.0146995
2026-06-27 10:10:43.537 44 INFO neutron.agent.metadata.agent [-] The instance: cd18e081-af08-4e2c-bfb2-74d942e6da6c is not present anymore, skipping cache...
2026-06-27 10:10:43.591 44 INFO eventlet.wsgi.server [-] 10.2.2.70, "GET /2009-04-04/user-data HTTP/1.1" status: 404 len: 297 time: 0.0637271
2026-06-27 10:10:43.618 43 INFO eventlet.wsgi.server [-] 10.2.2.70, "GET /2009-04-04/meta-data/block-device-mapping HTTP/1.1" status: 200 len: 143 time: 0.0140903
2026-06-27 10:10:43.637 43 INFO eventlet.wsgi.server [-] 10.2.2.70, "GET /2009-04-04/meta-data/block-device-mapping/ami HTTP/1.1" status: 200 len: 138 time: 0.0132778
2026-06-27 10:10:43.657 44 INFO eventlet.wsgi.server [-] 10.2.2.70, "GET /2009-04-04/meta-data/block-device-mapping/root HTTP/1.1" status: 200 len: 143 time: 0.0134909
2026-06-27 10:10:43.675 44 INFO eventlet.wsgi.server [-] 10.2.2.70, "GET /2009-04-04/meta-data/public-hostname HTTP/1.1" status: 200 len: 185 time: 0.0115373
2026-06-27 10:10:43.699 44 INFO eventlet.wsgi.server [-] 10.2.2.70, "GET /2009-04-04/meta-data/placement/availability-zone HTTP/1.1" status: 200 len: 139 time: 0.0168278
2026-06-27 10:12:09.732 44 INFO eventlet.wsgi.server [-] 169.254.169.254, "GET / HTTP/1.1" status: 404 len: 176 time: 0.0067532
2026-06-27 10:15:19.707 44 INFO eventlet.wsgi.server [-] 169.254.169.254, "GET / HTTP/1.1" status: 404 len: 176 time: 0.0060251
2026-06-27 10:17:49.898 44 INFO eventlet.wsgi.server [-] 169.254.169.254, "GET / HTTP/1.1" status: 404 len: 176 time: 0.1570153
2026-06-27 10:18:29.694 43 INFO eventlet.wsgi.server [-] 169.254.169.254, "GET / HTTP/1.1" status: 404 len: 176 time: 0.0067928