Apr 08 23:12:52.350537 np0000164402 devstack@neutron-api.service[102761]: DEBUG neutron_lib.callbacks.manager [None req-f2e49665-d989-432f-bc14-403c6fb41ea1 None None] Subscribe: port after_update 55550000, False {{(pid=102761) subscribe /opt/stack/data/venv/lib/python3.12/site-packages/neutron_lib/callbacks/manager.py:52}}
Apr 08 23:12:52.350598 np0000164402 devstack@neutron-api.service[102759]: DEBUG neutron_lib.callbacks.manager [None req-b127e2c6-d799-4229-9e9a-3b6e0e16ee03 None None] Subscribe: > segment after_delete 55550000, False {{(pid=102759) subscribe /opt/stack/data/venv/lib/python3.12/site-packages/neutron_lib/callbacks/manager.py:52}}
Apr 08 23:12:52.350630 np0000164402 devstack@neutron-api.service[102761]: DEBUG neutron_lib.callbacks.manager [None req-f2e49665-d989-432f-bc14-403c6fb41ea1 None None] Subscribe: > port precommit_delete 55550000, False {{(pid=102761) subscribe /opt/stack/data/venv/lib/python3.12/site-packages/neutron_lib/callbacks/manager.py:52}}
Apr 08 23:12:52.350698 np0000164402 devstack@neutron-api.service[102759]: DEBUG neutron_lib.callbacks.manager [None req-b127e2c6-d799-4229-9e9a-3b6e0e16ee03 None None] Subscribe: > allowed_address_pair before_create 55550000, False {{(pid=102759) subscribe /opt/stack/data/venv/lib/python3.12/site-packages/neutron_lib/callbacks/manager.py:52}}
Apr 08 23:12:52.350729 np0000164402 devstack@neutron-api.service[102761]: DEBUG neutron_lib.callbacks.manager [None req-f2e49665-d989-432f-bc14-403c6fb41ea1 None None] Subscribe: port before_update 55550000, False {{(pid=102761) subscribe /opt/stack/data/venv/lib/python3.12/site-packages/neutron_lib/callbacks/manager.py:52}}
Apr 08 23:12:52.350787 np0000164402 devstack@neutron-api.service[102762]: DEBUG neutron.api.extensions [None req-2e308570-e7ad-4517-b6f7-a2bcc550b101 None None] Ext name="Floating IP Port Forwarding new attribute description" alias="floating-ip-port-forwarding-description" description="Add a description field to Port Forwarding rules" updated="2019-11-01T10:00:00-00:00" {{(pid=102762) _check_extension /opt/stack/neutron/neutron/api/extensions.py:415}}
Apr 08 23:12:52.350850 np0000164402 devstack@neutron-api.service[102759]: DEBUG neutron_lib.callbacks.manager [None req-b127e2c6-d799-4229-9e9a-3b6e0e16ee03 None None] Subscribe: > security_group precommit_create 55550000, False {{(pid=102759) subscribe /opt/stack/data/venv/lib/python3.12/site-packages/neutron_lib/callbacks/manager.py:52}}
Apr 08 23:12:52.350885 np0000164402 devstack@neutron-api.service[102761]: DEBUG neutron_lib.callbacks.manager [None req-f2e49665-d989-432f-bc14-403c6fb41ea1 None None] Subscribe: port before_delete 55550000, False {{(pid=102761) subscribe /opt/stack/data/venv/lib/python3.12/site-packages/neutron_lib/callbacks/manager.py:52}}
Apr 08 23:12:52.350915 np0000164402 devstack@neutron-api.service[102759]: DEBUG neutron_lib.callbacks.manager [None req-b127e2c6-d799-4229-9e9a-3b6e0e16ee03 None None] Subscribe: > security_group after_update 55550000, False {{(pid=102759) subscribe /opt/stack/data/venv/lib/python3.12/site-packages/neutron_lib/callbacks/manager.py:52}}
Apr 08 23:12:52.350945 np0000164402 devstack@neutron-api.service[102762]: INFO neutron.api.extensions [None req-2e308570-e7ad-4517-b6f7-a2bcc550b101 None None] Extension floating-ip-port-forwarding-description not supported by any of loaded plugins
Apr 08 23:12:52.351029 np0000164402 devstack@neutron-api.service[102761]: DEBUG neutron_lib.callbacks.manager [None req-f2e49665-d989-432f-bc14-403c6fb41ea1 None None] Subscribe: > router precommit_create 55550000, False {{(pid=102761) subscribe /opt/stack/data/venv/lib/python3.12/site-packages/neutron_lib/callbacks/manager.py:52}}
Apr 08 23:12:52.351116 np0000164402 devstack@neutron-api.service[102762]: DEBUG neutron.api.extensions [None req-2e308570-e7ad-4517-b6f7-a2bcc550b101 None None] Loading extension file: fip_pf_detail.py {{(pid=102762) _load_all_extensions_from_path /opt/stack/neutron/neutron/api/extensions.py:449}}
Apr 08 23:12:52.351197 np0000164402 devstack@neutron-api.service[102759]: DEBUG neutron_lib.callbacks.manager [None req-b127e2c6-d799-4229-9e9a-3b6e0e16ee03 None None] Subscribe: > security_group after_create 55550000, False {{(pid=102759) subscribe /opt/stack/data/venv/lib/python3.12/site-packages/neutron_lib/callbacks/manager.py:52}}
Apr 08 23:12:52.351261 np0000164402 devstack@neutron-api.service[102761]: DEBUG neutron_lib.callbacks.manager [None req-f2e49665-d989-432f-bc14-403c6fb41ea1 None None] Subscribe: > router precommit_create 55550000, False {{(pid=102761) subscribe /opt/stack/data/venv/lib/python3.12/site-packages/neutron_lib/callbacks/manager.py:52}}
Apr 08 23:12:52.351290 np0000164402 devstack@neutron-api.service[102759]: DEBUG neutron_lib.callbacks.manager [None req-b127e2c6-d799-4229-9e9a-3b6e0e16ee03 None None] Subscribe: > security_group precommit_delete 55550000, False {{(pid=102759) subscribe /opt/stack/data/venv/lib/python3.12/site-packages/neutron_lib/callbacks/manager.py:52}}
Apr 08 23:12:52.351348 np0000164402 devstack@neutron-api.service[102761]: DEBUG neutron_lib.callbacks.manager [None req-f2e49665-d989-432f-bc14-403c6fb41ea1 None None] Subscribe: > router precommit_update 55550000, False {{(pid=102761) subscribe /opt/stack/data/venv/lib/python3.12/site-packages/neutron_lib/callbacks/manager.py:52}}
Apr 08 23:12:52.351381 np0000164402 devstack@neutron-api.service[102759]: DEBUG neutron_lib.callbacks.manager [None req-b127e2c6-d799-4229-9e9a-3b6e0e16ee03 None None] Subscribe: > security_group after_delete 55550000, False {{(pid=102759) subscribe /opt/stack/data/venv/lib/python3.12/site-packages/neutron_lib/callbacks/manager.py:52}}
Apr 08 23:12:52.351447 np0000164402 devstack@neutron-api.service[102762]: DEBUG neutron.api.extensions [None req-2e308570-e7ad-4517-b6f7-a2bcc550b101 None None] Ext name="Floating IP port forwarding detail" alias="floating-ip-port-forwarding-detail" description="Allow list floating ip return more port forwarding data, include'id' and 'internal_port_id'" updated="2022-05-06T10:00:00-00:00" {{(pid=102762) _check_extension /opt/stack/neutron/neutron/api/extensions.py:415}}
Apr 08 23:12:52.351504 np0000164402 devstack@neutron-api.service[102761]: DEBUG neutron_lib.callbacks.manager [None req-f2e49665-d989-432f-bc14-403c6fb41ea1 None None] Subscribe: subnet after_update 55550000, False {{(pid=102761) subscribe /opt/stack/data/venv/lib/python3.12/site-packages/neutron_lib/callbacks/manager.py:52}}
Apr 08 23:12:52.351535 np0000164402 devstack@neutron-api.service[102759]: DEBUG neutron_lib.callbacks.manager [None req-b127e2c6-d799-4229-9e9a-3b6e0e16ee03 None None] Subscribe: > security_group_rule precommit_create 55550000, False {{(pid=102759) subscribe /opt/stack/data/venv/lib/python3.12/site-packages/neutron_lib/callbacks/manager.py:52}}
Apr 08 23:12:52.351593 np0000164402 devstack@neutron-api.service[102762]: INFO neutron.api.extensions [None req-2e308570-e7ad-4517-b6f7-a2bcc550b101 None None] Loaded extension: floating-ip-port-forwarding-detail
Apr 08 23:12:52.351648 np0000164402 devstack@neutron-api.service[102759]: DEBUG neutron_lib.callbacks.manager [None req-b127e2c6-d799-4229-9e9a-3b6e0e16ee03 None None] Subscribe: > security_group_rule after_create 55550000, False {{(pid=102759) subscribe /opt/stack/data/venv/lib/python3.12/site-packages/neutron_lib/callbacks/manager.py:52}}
Apr 08 23:12:52.351678 np0000164402 devstack@neutron-api.service[102762]: DEBUG neutron.api.extensions [None req-2e308570-e7ad-4517-b6f7-a2bcc550b101 None None] Loading extension file: fip_pf_port_range.py {{(pid=102762) _load_all_extensions_from_path /opt/stack/neutron/neutron/api/extensions.py:449}}
Apr 08 23:12:52.351731 np0000164402 devstack@neutron-api.service[102759]: DEBUG neutron_lib.callbacks.manager [None req-b127e2c6-d799-4229-9e9a-3b6e0e16ee03 None None] Subscribe: > security_group_rule before_delete 55550000, False {{(pid=102759) subscribe /opt/stack/data/venv/lib/python3.12/site-packages/neutron_lib/callbacks/manager.py:52}}
Apr 08 23:12:52.351731 np0000164402 devstack@neutron-api.service[102759]: DEBUG neutron_lib.callbacks.manager [None req-b127e2c6-d799-4229-9e9a-3b6e0e16ee03 None None] Subscribe: > address_group after_create 55550000, False {{(pid=102759) subscribe /opt/stack/data/venv/lib/python3.12/site-packages/neutron_lib/callbacks/manager.py:52}}
Apr 08 23:12:52.351788 np0000164402 devstack@neutron-api.service[102762]: DEBUG neutron.api.extensions [None req-2e308570-e7ad-4517-b6f7-a2bcc550b101 None None] Ext name="Floating IP Port Forwarding support port ranges" alias="floating-ip-port-forwarding-port-ranges" description="Add support to port ranges" updated="2020-07-01T10:00:00-00:00" {{(pid=102762) _check_extension /opt/stack/neutron/neutron/api/extensions.py:415}}
Apr 08 23:12:52.351847 np0000164402 devstack@neutron-api.service[102759]: DEBUG neutron_lib.callbacks.manager [None req-b127e2c6-d799-4229-9e9a-3b6e0e16ee03 None None] Subscribe: > address_group after_update 55550000, False {{(pid=102759) subscribe /opt/stack/data/venv/lib/python3.12/site-packages/neutron_lib/callbacks/manager.py:52}}
Apr 08 23:12:52.351847 np0000164402 devstack@neutron-api.service[102759]: DEBUG neutron_lib.callbacks.manager [None req-b127e2c6-d799-4229-9e9a-3b6e0e16ee03 None None] Subscribe: > address_group after_delete 55550000, False {{(pid=102759) subscribe /opt/stack/data/venv/lib/python3.12/site-packages/neutron_lib/callbacks/manager.py:52}}
Apr 08 23:12:52.351904 np0000164402 devstack@neutron-api.service[102762]: INFO neutron.api.extensions [None req-2e308570-e7ad-4517-b6f7-a2bcc550b101 None None] Extension floating-ip-port-forwarding-port-ranges not supported by any of loaded plugins
Apr 08 23:12:52.351958 np0000164402 devstack@neutron-api.service[102761]: DEBUG neutron.quota.resource_registry [None req-f2e49665-d989-432f-bc14-403c6fb41ea1 None None] Tracking information for resource: router configured {{(pid=102761) set_tracked_resource /opt/stack/neutron/neutron/quota/resource_registry.py:203}}
Apr 08 23:12:52.351987 np0000164402 devstack@neutron-api.service[102762]: DEBUG neutron.api.extensions [None req-2e308570-e7ad-4517-b6f7-a2bcc550b101 None None] Loading extension file: fip_port_details.py {{(pid=102762) _load_all_extensions_from_path /opt/stack/neutron/neutron/api/extensions.py:449}}
Apr 08 23:12:52.352076 np0000164402 devstack@neutron-api.service[102761]: DEBUG neutron.quota.resource_registry [None req-f2e49665-d989-432f-bc14-403c6fb41ea1 None None] Tracking information for resource: floatingip configured {{(pid=102761) set_tracked_resource /opt/stack/neutron/neutron/quota/resource_registry.py:203}}
Apr 08 23:12:52.352150 np0000164402 devstack@neutron-api.service[102759]: DEBUG neutron_lib.callbacks.manager [None req-b127e2c6-d799-4229-9e9a-3b6e0e16ee03 None None] Subscribe: > qos_plugin after_init 55550000, False {{(pid=102759) subscribe /opt/stack/data/venv/lib/python3.12/site-packages/neutron_lib/callbacks/manager.py:52}}
Apr 08 23:12:52.352208 np0000164402 devstack@neutron-api.service[102761]: INFO neutron.services.ovn_l3.plugin [None req-f2e49665-d989-432f-bc14-403c6fb41ea1 None None] Starting OVNL3RouterPlugin
Apr 08 23:12:52.352241 np0000164402 devstack@neutron-api.service[102762]: DEBUG neutron.api.extensions [None req-2e308570-e7ad-4517-b6f7-a2bcc550b101 None None] Ext name="Floating IP Port Details Extension" alias="fip-port-details" description="Add port_details attribute to Floating IP resource" updated="2018-04-09T10:00:00-00:00" {{(pid=102762) _check_extension /opt/stack/neutron/neutron/api/extensions.py:415}}
Apr 08 23:12:52.352316 np0000164402 devstack@neutron-api.service[102759]: DEBUG neutron_lib.callbacks.manager [None req-b127e2c6-d799-4229-9e9a-3b6e0e16ee03 None None] Subscribe: > trunk_plugin after_init 55550000, False {{(pid=102759) subscribe /opt/stack/data/venv/lib/python3.12/site-packages/neutron_lib/callbacks/manager.py:52}}
Apr 08 23:12:52.352346 np0000164402 devstack@neutron-api.service[102761]: DEBUG neutron_lib.callbacks.manager [None req-f2e49665-d989-432f-bc14-403c6fb41ea1 None None] Subscribe: > port_forwarding_plugin after_init 55550000, False {{(pid=102761) subscribe /opt/stack/data/venv/lib/python3.12/site-packages/neutron_lib/callbacks/manager.py:52}}
Apr 08 23:12:52.352400 np0000164402 devstack@neutron-api.service[102762]: INFO neutron.api.extensions [None req-2e308570-e7ad-4517-b6f7-a2bcc550b101 None None] Loaded extension: fip-port-details
Apr 08 23:12:52.352400 np0000164402 devstack@neutron-api.service[102762]: DEBUG neutron.api.extensions [None req-2e308570-e7ad-4517-b6f7-a2bcc550b101 None None] Loading extension file: flavors.py {{(pid=102762) _load_all_extensions_from_path /opt/stack/neutron/neutron/api/extensions.py:449}}
Apr 08 23:12:52.352483 np0000164402 devstack@neutron-api.service[102759]: DEBUG neutron_lib.callbacks.manager [None req-b127e2c6-d799-4229-9e9a-3b6e0e16ee03 None None] Subscribe: > logging-plugin after_init 55550000, False {{(pid=102759) subscribe /opt/stack/data/venv/lib/python3.12/site-packages/neutron_lib/callbacks/manager.py:52}}
Apr 08 23:12:52.352514 np0000164402 devstack@neutron-api.service[102761]: DEBUG neutron_lib.callbacks.manager [None req-f2e49665-d989-432f-bc14-403c6fb41ea1 None None] Subscribe: > router before_create 55550100, False {{(pid=102761) subscribe /opt/stack/data/venv/lib/python3.12/site-packages/neutron_lib/callbacks/manager.py:52}}
Apr 08 23:12:52.352514 np0000164402 devstack@neutron-api.service[102761]: DEBUG neutron_lib.callbacks.manager [None req-f2e49665-d989-432f-bc14-403c6fb41ea1 None None] Subscribe: > router precommit_delete 55550100, False {{(pid=102761) subscribe /opt/stack/data/venv/lib/python3.12/site-packages/neutron_lib/callbacks/manager.py:52}}
Apr 08 23:12:52.352514 np0000164402 devstack@neutron-api.service[102761]: DEBUG neutron_lib.callbacks.manager [None req-f2e49665-d989-432f-bc14-403c6fb41ea1 None None] Subscribe: > router precommit_create 55550100, False {{(pid=102761) subscribe /opt/stack/data/venv/lib/python3.12/site-packages/neutron_lib/callbacks/manager.py:52}}
Apr 08 23:12:52.352652 np0000164402 devstack@neutron-api.service[102761]: DEBUG neutron_lib.callbacks.manager [None req-f2e49665-d989-432f-bc14-403c6fb41ea1 None None] Subscribe: > router precommit_update 55550100, False {{(pid=102761) subscribe /opt/stack/data/venv/lib/python3.12/site-packages/neutron_lib/callbacks/manager.py:52}}
Apr 08 23:12:52.352685 np0000164402 devstack@neutron-api.service[102762]: DEBUG neutron.api.extensions [None req-2e308570-e7ad-4517-b6f7-a2bcc550b101 None None] Ext name="Neutron Service Flavors" alias="flavors" description="Flavor specification for Neutron advanced services." updated="2015-09-17T10:00:00-00:00" {{(pid=102762) _check_extension /opt/stack/neutron/neutron/api/extensions.py:415}}
Apr 08 23:12:52.352788 np0000164402 devstack@neutron-api.service[102759]: INFO neutron.services.logapi.drivers.ovn.driver [None req-b127e2c6-d799-4229-9e9a-3b6e0e16ee03 None None] OVN logging driver registered
Apr 08 23:12:52.352854 np0000164402 devstack@neutron-api.service[102762]: INFO neutron.api.extensions [None req-2e308570-e7ad-4517-b6f7-a2bcc550b101 None None] Loaded extension: flavors
Apr 08 23:12:52.352918 np0000164402 devstack@neutron-api.service[102762]: DEBUG neutron.api.extensions [None req-2e308570-e7ad-4517-b6f7-a2bcc550b101 None None] Loading extension file: floating_ip_port_forwarding.py {{(pid=102762) _load_all_extensions_from_path /opt/stack/neutron/neutron/api/extensions.py:449}}
Apr 08 23:12:52.353260 np0000164402 devstack@neutron-api.service[102762]: DEBUG neutron.api.extensions [None req-2e308570-e7ad-4517-b6f7-a2bcc550b101 None None] Ext name="Floating IP Port Forwarding" alias="floating-ip-port-forwarding" description="Allow port forwarding from floating IP port to an internal port" updated="2018-01-19T10:00:00-00:00" {{(pid=102762) _check_extension /opt/stack/neutron/neutron/api/extensions.py:415}}
Apr 08 23:12:52.353416 np0000164402 devstack@neutron-api.service[102762]: INFO neutron.api.extensions [None req-2e308570-e7ad-4517-b6f7-a2bcc550b101 None None] Extension floating-ip-port-forwarding not supported by any of loaded plugins
Apr 08 23:12:52.353502 np0000164402 devstack@neutron-api.service[102762]: DEBUG neutron.api.extensions [None req-2e308570-e7ad-4517-b6f7-a2bcc550b101 None None] Loading extension file: floatingip_pools.py {{(pid=102762) _load_all_extensions_from_path /opt/stack/neutron/neutron/api/extensions.py:449}}
Apr 08 23:12:52.353759 np0000164402 devstack@neutron-api.service[102762]: DEBUG neutron.api.extensions [None req-2e308570-e7ad-4517-b6f7-a2bcc550b101 None None] Ext name="Floating IP Pools Extension" alias="floatingip-pools" description="Provides a floating IP pools API." updated="2018-03-21T10:00:00-00:00" {{(pid=102762) _check_extension /opt/stack/neutron/neutron/api/extensions.py:415}}
Apr 08 23:12:52.353909 np0000164402 devstack@neutron-api.service[102762]: INFO neutron.api.extensions [None req-2e308570-e7ad-4517-b6f7-a2bcc550b101 None None] Loaded extension: floatingip-pools
Apr 08 23:12:52.354003 np0000164402 devstack@neutron-api.service[102762]: DEBUG neutron.api.extensions [None req-2e308570-e7ad-4517-b6f7-a2bcc550b101 None None] Loading extension file: ip_allocation.py {{(pid=102762) _load_all_extensions_from_path /opt/stack/neutron/neutron/api/extensions.py:449}}
Apr 08 23:12:52.354312 np0000164402 devstack@neutron-api.service[102762]: DEBUG neutron.api.extensions [None req-2e308570-e7ad-4517-b6f7-a2bcc550b101 None None] Ext name="IP Allocation" alias="ip_allocation" description="IP allocation extension." updated="2016-06-10T23:00:00-00:00" {{(pid=102762) _check_extension /opt/stack/neutron/neutron/api/extensions.py:415}}
Apr 08 23:12:52.354382 np0000164402 devstack@neutron-api.service[102759]: DEBUG neutron.plugins.ml2.plugin [None req-b127e2c6-d799-4229-9e9a-3b6e0e16ee03 None None] neutron.plugins.ml2.plugin.Ml2Plugin method _start_rpc_notifiers called with arguments () {} {{(pid=102759) wrapper /opt/stack/data/venv/lib/python3.12/site-packages/oslo_log/helpers.py:77}}
Apr 08 23:12:52.354483 np0000164402 devstack@neutron-api.service[102762]: INFO neutron.api.extensions [None req-2e308570-e7ad-4517-b6f7-a2bcc550b101 None None] Extension ip_allocation not supported by any of loaded plugins
Apr 08 23:12:52.354573 np0000164402 devstack@neutron-api.service[102762]: DEBUG neutron.api.extensions [None req-2e308570-e7ad-4517-b6f7-a2bcc550b101 None None] Loading extension file: ip_substring_port_filtering.py {{(pid=102762) _load_all_extensions_from_path /opt/stack/neutron/neutron/api/extensions.py:449}}
Apr 08 23:12:52.354658 np0000164402 devstack@neutron-api.service[102759]: DEBUG neutron_lib.callbacks.manager [None req-b127e2c6-d799-4229-9e9a-3b6e0e16ee03 None None] Subscribe: > port after_create 55550000, False {{(pid=102759) subscribe /opt/stack/data/venv/lib/python3.12/site-packages/neutron_lib/callbacks/manager.py:52}}
Apr 08 23:12:52.354784 np0000164402 devstack@neutron-api.service[102759]: DEBUG neutron_lib.callbacks.manager [None req-b127e2c6-d799-4229-9e9a-3b6e0e16ee03 None None] Subscribe: > port after_update 55550000, False {{(pid=102759) subscribe /opt/stack/data/venv/lib/python3.12/site-packages/neutron_lib/callbacks/manager.py:52}}
Apr 08 23:12:52.354818 np0000164402 devstack@neutron-api.service[102762]: DEBUG neutron.api.extensions [None req-2e308570-e7ad-4517-b6f7-a2bcc550b101 None None] Ext name="IP address substring filtering" alias="ip-substring-filtering" description="Provides IP address substring filtering when listing ports" updated="2017-11-28T09:00:00-00:00" {{(pid=102762) _check_extension /opt/stack/neutron/neutron/api/extensions.py:415}}
Apr 08 23:12:52.354886 np0000164402 devstack@neutron-api.service[102759]: DEBUG neutron_lib.callbacks.manager [None req-b127e2c6-d799-4229-9e9a-3b6e0e16ee03 None None] Subscribe: > port after_delete 55550000, False {{(pid=102759) subscribe /opt/stack/data/venv/lib/python3.12/site-packages/neutron_lib/callbacks/manager.py:52}}
Apr 08 23:12:52.354964 np0000164402 devstack@neutron-api.service[102762]: INFO neutron.api.extensions [None req-2e308570-e7ad-4517-b6f7-a2bcc550b101 None None] Extension ip-substring-filtering not supported by any of loaded plugins
Apr 08 23:12:52.355023 np0000164402 devstack@neutron-api.service[102759]: DEBUG neutron_lib.callbacks.manager [None req-b127e2c6-d799-4229-9e9a-3b6e0e16ee03 None None] Subscribe: > subnet after_create 55550000, False {{(pid=102759) subscribe /opt/stack/data/venv/lib/python3.12/site-packages/neutron_lib/callbacks/manager.py:52}}
Apr 08 23:12:52.355069 np0000164402 devstack@neutron-api.service[102762]: DEBUG neutron.api.extensions [None req-2e308570-e7ad-4517-b6f7-a2bcc550b101 None None] Loading extension file: l2_adjacency.py {{(pid=102762) _load_all_extensions_from_path /opt/stack/neutron/neutron/api/extensions.py:449}}
Apr 08 23:12:52.355150 np0000164402 devstack@neutron-api.service[102759]: DEBUG neutron_lib.callbacks.manager [None req-b127e2c6-d799-4229-9e9a-3b6e0e16ee03 None None] Subscribe: > subnet after_update 55550000, False {{(pid=102759) subscribe /opt/stack/data/venv/lib/python3.12/site-packages/neutron_lib/callbacks/manager.py:52}}
Apr 08 23:12:52.355271 np0000164402 devstack@neutron-api.service[102759]: DEBUG neutron_lib.callbacks.manager [None req-b127e2c6-d799-4229-9e9a-3b6e0e16ee03 None None] Subscribe: > subnet after_delete 55550000, False {{(pid=102759) subscribe /opt/stack/data/venv/lib/python3.12/site-packages/neutron_lib/callbacks/manager.py:52}}
Apr 08 23:12:52.355313 np0000164402 devstack@neutron-api.service[102759]: DEBUG neutron_lib.callbacks.manager [None req-b127e2c6-d799-4229-9e9a-3b6e0e16ee03 None None] Subscribe: > network after_create 55550000, False {{(pid=102759) subscribe /opt/stack/data/venv/lib/python3.12/site-packages/neutron_lib/callbacks/manager.py:52}}
Apr 08 23:12:52.355422 np0000164402 devstack@neutron-api.service[102762]: DEBUG neutron.api.extensions [None req-2e308570-e7ad-4517-b6f7-a2bcc550b101 None None] Ext name="L2 Adjacency" alias="l2_adjacency" description="Display L2 Adjacency for Neutron Networks." updated="2016-04-12T16:00:00-00:00" {{(pid=102762) _check_extension /opt/stack/neutron/neutron/api/extensions.py:415}}
Apr 08 23:12:52.355461 np0000164402 devstack@neutron-api.service[102759]: DEBUG neutron_lib.callbacks.manager [None req-b127e2c6-d799-4229-9e9a-3b6e0e16ee03 None None] Subscribe: > network after_update 55550000, False {{(pid=102759) subscribe /opt/stack/data/venv/lib/python3.12/site-packages/neutron_lib/callbacks/manager.py:52}}
Apr 08 23:12:52.355543 np0000164402 devstack@neutron-api.service[102759]: DEBUG neutron_lib.callbacks.manager [None req-b127e2c6-d799-4229-9e9a-3b6e0e16ee03 None None] Subscribe: > network after_delete 55550000, False {{(pid=102759) subscribe /opt/stack/data/venv/lib/python3.12/site-packages/neutron_lib/callbacks/manager.py:52}}
Apr 08 23:12:52.355621 np0000164402 devstack@neutron-api.service[102762]: INFO neutron.api.extensions [None req-2e308570-e7ad-4517-b6f7-a2bcc550b101 None None] Extension l2_adjacency not supported by any of loaded plugins
Apr 08 23:12:52.355705 np0000164402 devstack@neutron-api.service[102759]: DEBUG neutron_lib.callbacks.manager [None req-b127e2c6-d799-4229-9e9a-3b6e0e16ee03 None None] Subscribe: > security_group after_create 55550000, False {{(pid=102759) subscribe /opt/stack/data/venv/lib/python3.12/site-packages/neutron_lib/callbacks/manager.py:52}}
Apr 08 23:12:52.355786 np0000164402 devstack@neutron-api.service[102762]: DEBUG neutron.api.extensions [None req-2e308570-e7ad-4517-b6f7-a2bcc550b101 None None] Loading extension file: l3.py {{(pid=102762) _load_all_extensions_from_path /opt/stack/neutron/neutron/api/extensions.py:449}}
Apr 08 23:12:52.355900 np0000164402 devstack@neutron-api.service[102759]: DEBUG neutron_lib.callbacks.manager [None req-b127e2c6-d799-4229-9e9a-3b6e0e16ee03 None None] Subscribe: > security_group after_update 55550000, False {{(pid=102759) subscribe /opt/stack/data/venv/lib/python3.12/site-packages/neutron_lib/callbacks/manager.py:52}}
Apr 08 23:12:52.355900 np0000164402 devstack@neutron-api.service[102759]: DEBUG neutron_lib.callbacks.manager [None req-b127e2c6-d799-4229-9e9a-3b6e0e16ee03 None None] Subscribe: > security_group after_delete 55550000, False {{(pid=102759) subscribe /opt/stack/data/venv/lib/python3.12/site-packages/neutron_lib/callbacks/manager.py:52}}
Apr 08 23:12:52.355900 np0000164402 devstack@neutron-api.service[102759]: DEBUG neutron_lib.callbacks.manager [None req-b127e2c6-d799-4229-9e9a-3b6e0e16ee03 None None] Subscribe: > security_group_rule after_create 55550000, False {{(pid=102759) subscribe /opt/stack/data/venv/lib/python3.12/site-packages/neutron_lib/callbacks/manager.py:52}}
Apr 08 23:12:52.355999 np0000164402 devstack@neutron-api.service[102761]: DEBUG neutron.services.provider_configuration [None req-f2e49665-d989-432f-bc14-403c6fb41ea1 None None] Service providers = [] {{(pid=102761) parse_service_provider_opt /opt/stack/neutron/neutron/services/provider_configuration.py:170}}
Apr 08 23:12:52.356119 np0000164402 devstack@neutron-api.service[102759]: DEBUG neutron_lib.callbacks.manager [None req-b127e2c6-d799-4229-9e9a-3b6e0e16ee03 None None] Subscribe: > security_group_rule after_update 55550000, False {{(pid=102759) subscribe /opt/stack/data/venv/lib/python3.12/site-packages/neutron_lib/callbacks/manager.py:52}}
Apr 08 23:12:52.356227 np0000164402 devstack@neutron-api.service[102761]: DEBUG neutron.db.servicetype_db [None req-f2e49665-d989-432f-bc14-403c6fb41ea1 None None] Adding provider configuration for service L3_ROUTER_NAT {{(pid=102761) add_provider_configuration /opt/stack/neutron/neutron/db/servicetype_db.py:42}}
Apr 08 23:12:52.356260 np0000164402 devstack@neutron-api.service[102762]: DEBUG neutron.api.extensions [None req-2e308570-e7ad-4517-b6f7-a2bcc550b101 None None] Ext name="Neutron L3 Router" alias="router" description="Router abstraction for basic L3 forwarding between L2 Neutron networks and access to external networks via a NAT gateway." updated="2012-07-20T10:00:00-00:00" {{(pid=102762) _check_extension /opt/stack/neutron/neutron/api/extensions.py:415}}
Apr 08 23:12:52.356366 np0000164402 devstack@neutron-api.service[102759]: DEBUG neutron_lib.callbacks.manager [None req-b127e2c6-d799-4229-9e9a-3b6e0e16ee03 None None] Subscribe: > security_group_rule after_delete 55550000, False {{(pid=102759) subscribe /opt/stack/data/venv/lib/python3.12/site-packages/neutron_lib/callbacks/manager.py:52}}
Apr 08 23:12:52.356366 np0000164402 devstack@neutron-api.service[102759]: DEBUG neutron_lib.callbacks.manager [None req-b127e2c6-d799-4229-9e9a-3b6e0e16ee03 None None] Subscribe: > address_group after_create 55550000, False {{(pid=102759) subscribe /opt/stack/data/venv/lib/python3.12/site-packages/neutron_lib/callbacks/manager.py:52}}
Apr 08 23:12:52.356512 np0000164402 devstack@neutron-api.service[102762]: INFO neutron.api.extensions [None req-2e308570-e7ad-4517-b6f7-a2bcc550b101 None None] Loaded extension: router
Apr 08 23:12:52.356589 np0000164402 devstack@neutron-api.service[102759]: DEBUG neutron_lib.callbacks.manager [None req-b127e2c6-d799-4229-9e9a-3b6e0e16ee03 None None] Subscribe: > address_group after_update 55550000, False {{(pid=102759) subscribe /opt/stack/data/venv/lib/python3.12/site-packages/neutron_lib/callbacks/manager.py:52}}
Apr 08 23:12:52.356589 np0000164402 devstack@neutron-api.service[102759]: DEBUG neutron_lib.callbacks.manager [None req-b127e2c6-d799-4229-9e9a-3b6e0e16ee03 None None] Subscribe: > address_group after_delete 55550000, False {{(pid=102759) subscribe /opt/stack/data/venv/lib/python3.12/site-packages/neutron_lib/callbacks/manager.py:52}}
Apr 08 23:12:52.356705 np0000164402 devstack@neutron-api.service[102762]: DEBUG neutron.api.extensions [None req-2e308570-e7ad-4517-b6f7-a2bcc550b101 None None] Loading extension file: l3_conntrack_helper.py {{(pid=102762) _load_all_extensions_from_path /opt/stack/neutron/neutron/api/extensions.py:449}}
Apr 08 23:12:52.356733 np0000164402 devstack@neutron-api.service[102759]: DEBUG neutron.plugins.ml2.ovo_rpc [None req-b127e2c6-d799-4229-9e9a-3b6e0e16ee03 None None] ML2 OVO RPC backend initialized. {{(pid=102759) __init__ /opt/stack/neutron/neutron/plugins/ml2/ovo_rpc.py:117}}
Apr 08 23:12:52.357039 np0000164402 devstack@neutron-api.service[102762]: DEBUG neutron.api.extensions [None req-2e308570-e7ad-4517-b6f7-a2bcc550b101 None None] Ext name="L3 Conntrack helper" alias="l3-conntrack-helper" description="Allow adding CT target rules for conntrack helper" updated="2019-04-04T10:00:00-00:00" {{(pid=102762) _check_extension /opt/stack/neutron/neutron/api/extensions.py:415}}
Apr 08 23:12:52.357238 np0000164402 devstack@neutron-api.service[102762]: INFO neutron.api.extensions [None req-2e308570-e7ad-4517-b6f7-a2bcc550b101 None None] Extension l3-conntrack-helper not supported by any of loaded plugins
Apr 08 23:12:52.357324 np0000164402 devstack@neutron-api.service[102761]: DEBUG neutron_lib.callbacks.manager [None req-f2e49665-d989-432f-bc14-403c6fb41ea1 None None] Subscribe: > router precommit_create 55549900, False {{(pid=102761) subscribe /opt/stack/data/venv/lib/python3.12/site-packages/neutron_lib/callbacks/manager.py:52}}
Apr 08 23:12:52.357384 np0000164402 devstack@neutron-api.service[102762]: DEBUG neutron.api.extensions [None req-2e308570-e7ad-4517-b6f7-a2bcc550b101 None None] Loading extension file: l3_enable_default_route_bfd.py {{(pid=102762) _load_all_extensions_from_path /opt/stack/neutron/neutron/api/extensions.py:449}}
Apr 08 23:12:52.357596 np0000164402 devstack@neutron-api.service[102759]: INFO neutron.quota [None req-b127e2c6-d799-4229-9e9a-3b6e0e16ee03 None None] Loaded quota_driver: .
Apr 08 23:12:52.357655 np0000164402 devstack@neutron-api.service[102761]: DEBUG neutron_lib.callbacks.manager [None req-f2e49665-d989-432f-bc14-403c6fb41ea1 None None] Subscribe: > router_interface after_create 55550000, False {{(pid=102761) subscribe /opt/stack/data/venv/lib/python3.12/site-packages/neutron_lib/callbacks/manager.py:52}}
Apr 08 23:12:52.357717 np0000164402 devstack@neutron-api.service[102759]: INFO neutron.plugins.ml2.plugin [None req-b127e2c6-d799-4229-9e9a-3b6e0e16ee03 None None] Modular L2 Plugin initialization complete
Apr 08 23:12:52.357748 np0000164402 devstack@neutron-api.service[102761]: DEBUG neutron_lib.callbacks.manager [None req-f2e49665-d989-432f-bc14-403c6fb41ea1 None None] Subscribe: > floatingip after_create 55550000, False {{(pid=102761) subscribe /opt/stack/data/venv/lib/python3.12/site-packages/neutron_lib/callbacks/manager.py:52}}
Apr 08 23:12:52.357814 np0000164402 devstack@neutron-api.service[102761]: DEBUG neutron_lib.callbacks.manager [None req-f2e49665-d989-432f-bc14-403c6fb41ea1 None None] Subscribe: > floatingip precommit_create 55550000, False {{(pid=102761) subscribe /opt/stack/data/venv/lib/python3.12/site-packages/neutron_lib/callbacks/manager.py:52}}
Apr 08 23:12:52.357874 np0000164402 devstack@neutron-api.service[102759]: DEBUG neutron.manager [None req-b127e2c6-d799-4229-9e9a-3b6e0e16ee03 None None] Loading services supported by the core plugin {{(pid=102759) _load_services_from_core_plugin /opt/stack/neutron/neutron/manager.py:170}}
Apr 08 23:12:52.357904 np0000164402 devstack@neutron-api.service[102762]: DEBUG neutron.api.extensions [None req-2e308570-e7ad-4517-b6f7-a2bcc550b101 None None] Ext name="Enable Default Route BFD" alias="enable-default-route-bfd" description="Enables configurable BFD behavior for default routes" updated="2023-02-27T00:00:00-00:00" {{(pid=102762) _check_extension /opt/stack/neutron/neutron/api/extensions.py:415}}
Apr 08 23:12:52.357967 np0000164402 devstack@neutron-api.service[102761]: DEBUG neutron_lib.callbacks.manager [None req-f2e49665-d989-432f-bc14-403c6fb41ea1 None None] Subscribe: > floatingip precommit_update 55550000, False {{(pid=102761) subscribe /opt/stack/data/venv/lib/python3.12/site-packages/neutron_lib/callbacks/manager.py:52}}
Apr 08 23:12:52.358026 np0000164402 devstack@neutron-api.service[102759]: INFO neutron.plugins.ml2.managers [None req-b127e2c6-d799-4229-9e9a-3b6e0e16ee03 None None] Got port-security extension from driver 'port_security'
Apr 08 23:12:52.358070 np0000164402 devstack@neutron-api.service[102761]: DEBUG neutron_lib.callbacks.manager [None req-f2e49665-d989-432f-bc14-403c6fb41ea1 None None] Subscribe: > floatingip after_delete 55550000, False {{(pid=102761) subscribe /opt/stack/data/venv/lib/python3.12/site-packages/neutron_lib/callbacks/manager.py:52}}
Apr 08 23:12:52.358142 np0000164402 devstack@neutron-api.service[102762]: INFO neutron.api.extensions [None req-2e308570-e7ad-4517-b6f7-a2bcc550b101 None None] Loaded extension: enable-default-route-bfd
Apr 08 23:12:52.358205 np0000164402 devstack@neutron-api.service[102761]: DEBUG neutron_lib.callbacks.manager [None req-f2e49665-d989-432f-bc14-403c6fb41ea1 None None] Subscribe: > floatingip after_status_update 55550000, False {{(pid=102761) subscribe /opt/stack/data/venv/lib/python3.12/site-packages/neutron_lib/callbacks/manager.py:52}}
Apr 08 23:12:52.358240 np0000164402 devstack@neutron-api.service[102762]: DEBUG neutron.api.extensions [None req-2e308570-e7ad-4517-b6f7-a2bcc550b101 None None] Loading extension file: l3_enable_default_route_ecmp.py {{(pid=102762) _load_all_extensions_from_path /opt/stack/neutron/neutron/api/extensions.py:449}}
Apr 08 23:12:52.358297 np0000164402 devstack@neutron-api.service[102759]: DEBUG neutron.manager [None req-b127e2c6-d799-4229-9e9a-3b6e0e16ee03 None None] Loading service plugins: ['ovn-router', 'auto_allocate', 'tag', 'timestamp', 'network_ip_availability', 'flavors', 'revisions'] {{(pid=102759) _load_service_plugins /opt/stack/neutron/neutron/manager.py:195}}
Apr 08 23:12:52.358354 np0000164402 devstack@neutron-api.service[102761]: DEBUG neutron_lib.callbacks.manager [None req-f2e49665-d989-432f-bc14-403c6fb41ea1 None None] Subscribe: > floatingip after_update 55550000, False {{(pid=102761) subscribe /opt/stack/data/venv/lib/python3.12/site-packages/neutron_lib/callbacks/manager.py:52}}
Apr 08 23:12:52.358383 np0000164402 devstack@neutron-api.service[102759]: INFO neutron.manager [None req-b127e2c6-d799-4229-9e9a-3b6e0e16ee03 None None] Loading Plugin: ovn-router
Apr 08 23:12:52.358444 np0000164402 devstack@neutron-api.service[102761]: DEBUG neutron_lib.callbacks.manager [None req-f2e49665-d989-432f-bc14-403c6fb41ea1 None None] Subscribe: > port_forwarding after_create 55550000, False {{(pid=102761) subscribe /opt/stack/data/venv/lib/python3.12/site-packages/neutron_lib/callbacks/manager.py:52}}
Apr 08 23:12:52.358471 np0000164402 devstack@neutron-api.service[102762]: DEBUG neutron.api.extensions [None req-2e308570-e7ad-4517-b6f7-a2bcc550b101 None None] Ext name="Enable Default Route ECMP" alias="enable-default-route-ecmp" description="Enables configurable ECMP behavior for default routes" updated="2023-02-27T00:00:00-00:00" {{(pid=102762) _check_extension /opt/stack/neutron/neutron/api/extensions.py:415}}
Apr 08 23:12:52.358531 np0000164402 devstack@neutron-api.service[102761]: DEBUG neutron_lib.callbacks.manager [None req-f2e49665-d989-432f-bc14-403c6fb41ea1 None None] Subscribe: > router_interface after_delete 55550000, False {{(pid=102761) subscribe /opt/stack/data/venv/lib/python3.12/site-packages/neutron_lib/callbacks/manager.py:52}}
Apr 08 23:12:52.358531 np0000164402 devstack@neutron-api.service[102761]: DEBUG neutron_lib.callbacks.manager [None req-f2e49665-d989-432f-bc14-403c6fb41ea1 None None] Subscribe: > router after_create 55550000, False {{(pid=102761) subscribe /opt/stack/data/venv/lib/python3.12/site-packages/neutron_lib/callbacks/manager.py:52}}
Apr 08 23:12:52.358618 np0000164402 devstack@neutron-api.service[102762]: INFO neutron.api.extensions [None req-2e308570-e7ad-4517-b6f7-a2bcc550b101 None None] Loaded extension: enable-default-route-ecmp
Apr 08 23:12:52.358647 np0000164402 devstack@neutron-api.service[102761]: DEBUG neutron_lib.callbacks.manager [None req-f2e49665-d989-432f-bc14-403c6fb41ea1 None None] Subscribe: > router precommit_create 55550000, False {{(pid=102761) subscribe /opt/stack/data/venv/lib/python3.12/site-packages/neutron_lib/callbacks/manager.py:52}}
Apr 08 23:12:52.358706 np0000164402 devstack@neutron-api.service[102762]: DEBUG neutron.api.extensions [None req-2e308570-e7ad-4517-b6f7-a2bcc550b101 None None] Loading extension file: l3_ext_gw_mode.py {{(pid=102762) _load_all_extensions_from_path /opt/stack/neutron/neutron/api/extensions.py:449}}
Apr 08 23:12:52.358735 np0000164402 devstack@neutron-api.service[102761]: DEBUG neutron_lib.callbacks.manager [None req-f2e49665-d989-432f-bc14-403c6fb41ea1 None None] Subscribe: > router after_delete 55550000, False {{(pid=102761) subscribe /opt/stack/data/venv/lib/python3.12/site-packages/neutron_lib/callbacks/manager.py:52}}
Apr 08 23:12:52.358797 np0000164402 devstack@neutron-api.service[102761]: DEBUG neutron_lib.callbacks.manager [None req-f2e49665-d989-432f-bc14-403c6fb41ea1 None None] Subscribe: > router after_update 55550000, False {{(pid=102761) subscribe /opt/stack/data/venv/lib/python3.12/site-packages/neutron_lib/callbacks/manager.py:52}}
Apr 08 23:12:52.358860 np0000164402 devstack@neutron-api.service[102762]: DEBUG neutron.api.extensions [None req-2e308570-e7ad-4517-b6f7-a2bcc550b101 None None] Ext name="Neutron L3 Configurable external gateway mode" alias="ext-gw-mode" description="Extension of the router abstraction for specifying whether SNAT should occur on the external gateway" updated="2013-03-28T10:00:00-00:00" {{(pid=102762) _check_extension /opt/stack/neutron/neutron/api/extensions.py:415}}
Apr 08 23:12:52.358889 np0000164402 devstack@neutron-api.service[102761]: DEBUG neutron.services.service_base [None req-f2e49665-d989-432f-bc14-403c6fb41ea1 None None] Loaded 'neutron.services.ovn_l3.service_providers.ovn.OvnDriver' provider for service L3_ROUTER_NAT {{(pid=102761) load_drivers /opt/stack/neutron/neutron/services/service_base.py:49}}
Apr 08 23:12:52.359008 np0000164402 devstack@neutron-api.service[102761]: DEBUG neutron_lib.callbacks.manager [None req-f2e49665-d989-432f-bc14-403c6fb41ea1 None None] Subscribe: > process after_init 55550001, True {{(pid=102761) subscribe /opt/stack/data/venv/lib/python3.12/site-packages/neutron_lib/callbacks/manager.py:52}}
Apr 08 23:12:52.359039 np0000164402 devstack@neutron-api.service[102762]: INFO neutron.api.extensions [None req-2e308570-e7ad-4517-b6f7-a2bcc550b101 None None] Loaded extension: ext-gw-mode
Apr 08 23:12:52.359129 np0000164402 devstack@neutron-api.service[102762]: DEBUG neutron.api.extensions [None req-2e308570-e7ad-4517-b6f7-a2bcc550b101 None None] Loading extension file: l3_ext_ha_mode.py {{(pid=102762) _load_all_extensions_from_path /opt/stack/neutron/neutron/api/extensions.py:449}}
Apr 08 23:12:52.359159 np0000164402 devstack@neutron-api.service[102761]: DEBUG neutron.manager [None req-f2e49665-d989-432f-bc14-403c6fb41ea1 None None] Successfully loaded L3_ROUTER_NAT plugin. Description: L3 Router Service Plugin for basic L3 forwarding using OVN {{(pid=102761) _create_and_add_service_plugin /opt/stack/neutron/neutron/manager.py:239}}
Apr 08 23:12:52.359223 np0000164402 devstack@neutron-api.service[102761]: INFO neutron.manager [None req-f2e49665-d989-432f-bc14-403c6fb41ea1 None None] Loading Plugin: auto_allocate
Apr 08 23:12:52.359361 np0000164402 devstack@neutron-api.service[102762]: DEBUG neutron.api.extensions [None req-2e308570-e7ad-4517-b6f7-a2bcc550b101 None None] Ext name="HA Router extension" alias="l3-ha" description="Adds HA capability to routers." updated="2014-04-26T00:00:00-00:00" {{(pid=102762) _check_extension /opt/stack/neutron/neutron/api/extensions.py:415}}
Apr 08 23:12:52.359497 np0000164402 devstack@neutron-api.service[102762]: INFO neutron.api.extensions [None req-2e308570-e7ad-4517-b6f7-a2bcc550b101 None None] Loaded extension: l3-ha
Apr 08 23:12:52.359589 np0000164402 devstack@neutron-api.service[102762]: DEBUG neutron.api.extensions [None req-2e308570-e7ad-4517-b6f7-a2bcc550b101 None None] Loading extension file: l3_ext_ndp_proxy.py {{(pid=102762) _load_all_extensions_from_path /opt/stack/neutron/neutron/api/extensions.py:449}}
Apr 08 23:12:52.359813 np0000164402 devstack@neutron-api.service[102762]: DEBUG neutron.api.extensions [None req-2e308570-e7ad-4517-b6f7-a2bcc550b101 None None] Ext name="Router support to enable NDP proxy" alias="l3-ext-ndp-proxy" description="Router extension to enable ndp proxy" updated="2020-08-25T00:00:00-00:00" {{(pid=102762) _check_extension /opt/stack/neutron/neutron/api/extensions.py:415}}
Apr 08 23:12:52.359972 np0000164402 devstack@neutron-api.service[102762]: INFO neutron.api.extensions [None req-2e308570-e7ad-4517-b6f7-a2bcc550b101 None None] Extension l3-ext-ndp-proxy not supported by any of loaded plugins
Apr 08 23:12:52.360089 np0000164402 devstack@neutron-api.service[102762]: DEBUG neutron.api.extensions [None req-2e308570-e7ad-4517-b6f7-a2bcc550b101 None None] Loading extension file: l3_extra_gws.py {{(pid=102762) _load_all_extensions_from_path /opt/stack/neutron/neutron/api/extensions.py:449}}
Apr 08 23:12:52.360123 np0000164402 devstack@neutron-api.service[102761]: DEBUG neutron_lib.callbacks.manager [None req-f2e49665-d989-432f-bc14-403c6fb41ea1 None None] Subscribe: network precommit_update 55550000, False {{(pid=102761) subscribe /opt/stack/data/venv/lib/python3.12/site-packages/neutron_lib/callbacks/manager.py:52}}
Apr 08 23:12:52.360251 np0000164402 devstack@neutron-api.service[102761]: DEBUG neutron_lib.callbacks.manager [None req-f2e49665-d989-432f-bc14-403c6fb41ea1 None None] Subscribe: network precommit_create 55550000, False {{(pid=102761) subscribe /opt/stack/data/venv/lib/python3.12/site-packages/neutron_lib/callbacks/manager.py:52}}
Apr 08 23:12:52.360326 np0000164402 devstack@neutron-api.service[102762]: DEBUG neutron.api.extensions [None req-2e308570-e7ad-4517-b6f7-a2bcc550b101 None None] Ext name="Neutron L3 External Gateway Multihoming" alias="external-gateway-multihoming" description="Allow multiple external gateway ports per router" updated="2023-01-18T00:00:00-00:00" {{(pid=102762) _check_extension /opt/stack/neutron/neutron/api/extensions.py:415}}
Apr 08 23:12:52.360466 np0000164402 devstack@neutron-api.service[102761]: DEBUG neutron.manager [None req-f2e49665-d989-432f-bc14-403c6fb41ea1 None None] Successfully loaded auto-allocated-topology plugin. Description: Auto Allocated Topology - aka get me a network. {{(pid=102761) _create_and_add_service_plugin /opt/stack/neutron/neutron/manager.py:239}}
Apr 08 23:12:52.360497 np0000164402 devstack@neutron-api.service[102762]: INFO neutron.api.extensions [None req-2e308570-e7ad-4517-b6f7-a2bcc550b101 None None] Loaded extension: external-gateway-multihoming
Apr 08 23:12:52.360550 np0000164402 devstack@neutron-api.service[102761]: INFO neutron.manager [None req-f2e49665-d989-432f-bc14-403c6fb41ea1 None None] Loading Plugin: tag
Apr 08 23:12:52.360580 np0000164402 devstack@neutron-api.service[102762]: DEBUG neutron.api.extensions [None req-2e308570-e7ad-4517-b6f7-a2bcc550b101 None None] Loading extension file: l3_flavors.py {{(pid=102762) _load_all_extensions_from_path /opt/stack/neutron/neutron/api/extensions.py:449}}
Apr 08 23:12:52.360827 np0000164402 devstack@neutron-api.service[102762]: DEBUG neutron.api.extensions [None req-2e308570-e7ad-4517-b6f7-a2bcc550b101 None None] Ext name="Router Flavor Extension" alias="l3-flavors" description="Flavor support for routers." updated="2016-05-17T00:00:00-00:00" {{(pid=102762) _check_extension /opt/stack/neutron/neutron/api/extensions.py:415}}
Apr 08 23:12:52.360965 np0000164402 devstack@neutron-api.service[102762]: INFO neutron.api.extensions [None req-2e308570-e7ad-4517-b6f7-a2bcc550b101 None None] Loaded extension: l3-flavors
Apr 08 23:12:52.361074 np0000164402 devstack@neutron-api.service[102762]: DEBUG neutron.api.extensions [None req-2e308570-e7ad-4517-b6f7-a2bcc550b101 None None] Loading extension file: l3_ndp_proxy.py {{(pid=102762) _load_all_extensions_from_path /opt/stack/neutron/neutron/api/extensions.py:449}}
Apr 08 23:12:52.361379 np0000164402 devstack@neutron-api.service[102762]: DEBUG neutron.api.extensions [None req-2e308570-e7ad-4517-b6f7-a2bcc550b101 None None] Ext name="name" alias="l3-ndp-proxy" description="description" updated="2021-06-29T10:00:00-00:00" {{(pid=102762) _check_extension /opt/stack/neutron/neutron/api/extensions.py:415}}
Apr 08 23:12:52.361545 np0000164402 devstack@neutron-api.service[102762]: INFO neutron.api.extensions [None req-2e308570-e7ad-4517-b6f7-a2bcc550b101 None None] Extension l3-ndp-proxy not supported by any of loaded plugins
Apr 08 23:12:52.361630 np0000164402 devstack@neutron-api.service[102762]: DEBUG neutron.api.extensions [None req-2e308570-e7ad-4517-b6f7-a2bcc550b101 None None] Loading extension file: l3_port_ip_change_not_allowed.py {{(pid=102762) _load_all_extensions_from_path /opt/stack/neutron/neutron/api/extensions.py:449}}
Apr 08 23:12:52.361832 np0000164402 devstack@neutron-api.service[102762]: DEBUG neutron.api.extensions [None req-2e308570-e7ad-4517-b6f7-a2bcc550b101 None None] Ext name="Prevent L3 router ports IP address change extension" alias="l3-port-ip-change-not-allowed" description="Prevent change of IP address for some L3 router ports" updated="2018-10-09T10:00:00-00:00" {{(pid=102762) _check_extension /opt/stack/neutron/neutron/api/extensions.py:415}}
Apr 08 23:12:52.361997 np0000164402 devstack@neutron-api.service[102762]: INFO neutron.api.extensions [None req-2e308570-e7ad-4517-b6f7-a2bcc550b101 None None] Extension l3-port-ip-change-not-allowed not supported by any of loaded plugins
Apr 08 23:12:52.362115 np0000164402 devstack@neutron-api.service[102762]: DEBUG neutron.api.extensions [None req-2e308570-e7ad-4517-b6f7-a2bcc550b101 None None] Loading extension file: l3agentscheduler.py {{(pid=102762) _load_all_extensions_from_path /opt/stack/neutron/neutron/api/extensions.py:449}}
Apr 08 23:12:52.362679 np0000164402 devstack@neutron-api.service[102762]: DEBUG neutron.api.extensions [None req-2e308570-e7ad-4517-b6f7-a2bcc550b101 None None] Ext name="L3 Agent Scheduler" alias="l3_agent_scheduler" description="Schedule routers among l3 agents" updated="2013-02-07T10:00:00-00:00" {{(pid=102762) _check_extension /opt/stack/neutron/neutron/api/extensions.py:415}}
Apr 08 23:12:52.362849 np0000164402 devstack@neutron-api.service[102762]: INFO neutron.api.extensions [None req-2e308570-e7ad-4517-b6f7-a2bcc550b101 None None] Extension l3_agent_scheduler not supported by any of loaded plugins
Apr 08 23:12:52.362932 np0000164402 devstack@neutron-api.service[102762]: DEBUG neutron.api.extensions [None req-2e308570-e7ad-4517-b6f7-a2bcc550b101 None None] Loading extension file: local_ip.py {{(pid=102762) _load_all_extensions_from_path /opt/stack/neutron/neutron/api/extensions.py:449}}
Apr 08 23:12:52.363206 np0000164402 devstack@neutron-api.service[102761]: DEBUG neutron.manager [None req-f2e49665-d989-432f-bc14-403c6fb41ea1 None None] Successfully loaded TAG plugin. Description: Tag support {{(pid=102761) _create_and_add_service_plugin /opt/stack/neutron/neutron/manager.py:239}}
Apr 08 23:12:52.363238 np0000164402 devstack@neutron-api.service[102762]: DEBUG neutron.api.extensions [None req-2e308570-e7ad-4517-b6f7-a2bcc550b101 None None] Ext name="Local IP" alias="local_ip" description="Support Node Local Virtual IP" updated="2021-07-26T10:00:00-00:00" {{(pid=102762) _check_extension /opt/stack/neutron/neutron/api/extensions.py:415}}
Apr 08 23:12:52.363270 np0000164402 devstack@neutron-api.service[102761]: INFO neutron.manager [None req-f2e49665-d989-432f-bc14-403c6fb41ea1 None None] Loading Plugin: timestamp
Apr 08 23:12:52.363408 np0000164402 devstack@neutron-api.service[102762]: INFO neutron.api.extensions [None req-2e308570-e7ad-4517-b6f7-a2bcc550b101 None None] Extension local_ip not supported by any of loaded plugins
Apr 08 23:12:52.363499 np0000164402 devstack@neutron-api.service[102762]: DEBUG neutron.api.extensions [None req-2e308570-e7ad-4517-b6f7-a2bcc550b101 None None] Loading extension file: logging.py {{(pid=102762) _load_all_extensions_from_path /opt/stack/neutron/neutron/api/extensions.py:449}}
Apr 08 23:12:52.363797 np0000164402 devstack@neutron-api.service[102762]: DEBUG neutron.api.extensions [None req-2e308570-e7ad-4517-b6f7-a2bcc550b101 None None] Ext name="Logging API Extension" alias="logging" description="Provides a logging API for resources such as security group and firewall." updated="2017-01-01T10:00:00-00:00" {{(pid=102762) _check_extension /opt/stack/neutron/neutron/api/extensions.py:415}}
Apr 08 23:12:52.363964 np0000164402 devstack@neutron-api.service[102762]: INFO neutron.api.extensions [None req-2e308570-e7ad-4517-b6f7-a2bcc550b101 None None] Extension logging not supported by any of loaded plugins
Apr 08 23:12:52.364068 np0000164402 devstack@neutron-api.service[102762]: DEBUG neutron.api.extensions [None req-2e308570-e7ad-4517-b6f7-a2bcc550b101 None None] Loading extension file: metering.py {{(pid=102762) _load_all_extensions_from_path /opt/stack/neutron/neutron/api/extensions.py:449}}
Apr 08 23:12:52.364576 np0000164402 devstack@neutron-api.service[102762]: DEBUG neutron.api.extensions [None req-2e308570-e7ad-4517-b6f7-a2bcc550b101 None None] Ext name="Neutron Metering" alias="metering" description="Neutron Metering extension." updated="2013-06-12T10:00:00-00:00" {{(pid=102762) _check_extension /opt/stack/neutron/neutron/api/extensions.py:415}}
