Apr 08 23:12:52.654899 np0000164402 devstack@neutron-api.service[102759]: DEBUG neutron.api.v2.resource_helper [None req-b127e2c6-d799-4229-9e9a-3b6e0e16ee03 None None] Service FLAVORS assigned prefix: {{(pid=102759) build_resource_info /opt/stack/neutron/neutron/api/v2/resource_helper.py:77}}
Apr 08 23:12:52.656000 np0000164402 devstack@neutron-api.service[102759]: DEBUG neutron.api.v2.resource_helper [None req-b127e2c6-d799-4229-9e9a-3b6e0e16ee03 None None] Service L3_ROUTER_NAT assigned prefix: {{(pid=102759) build_resource_info /opt/stack/neutron/neutron/api/v2/resource_helper.py:77}}
Apr 08 23:12:52.656330 np0000164402 devstack@neutron-api.service[102759]: DEBUG neutron.api.v2.resource_helper [None req-b127e2c6-d799-4229-9e9a-3b6e0e16ee03 None None] Service L3_ROUTER_NAT assigned prefix: {{(pid=102759) build_resource_info /opt/stack/neutron/neutron/api/v2/resource_helper.py:77}}
Apr 08 23:12:52.656386 np0000164402 devstack@neutron-api.service[102762]: INFO neutron.db.ovn_hash_ring_db [None req-2e308570-e7ad-4517-b6f7-a2bcc550b101 None None] Node 50b56eb92a1b59c59ca616eeea15c2dc from host "np0000164402" and group "mechanism_driver" added to the Hash Ring
Apr 08 23:12:52.657101 np0000164402 devstack@neutron-api.service[102759]: INFO neutron.quota.resource_registry [None req-b127e2c6-d799-4229-9e9a-3b6e0e16ee03 None None] Creating instance of TrackedResource for resource:router
Apr 08 23:12:52.657101 np0000164402 devstack@neutron-api.service[102759]: INFO neutron.quota.resource_registry [None req-b127e2c6-d799-4229-9e9a-3b6e0e16ee03 None None] Creating instance of TrackedResource for resource:floatingip
Apr 08 23:12:52.657917 np0000164402 devstack@neutron-api.service[102759]: INFO neutron.quota.resource_registry [None req-b127e2c6-d799-4229-9e9a-3b6e0e16ee03 None None] Creating instance of CountableResource for resource:rbac_policy
Apr 08 23:12:52.658472 np0000164402 devstack@neutron-api.service[102759]: INFO neutron.quota.resource_registry [None req-b127e2c6-d799-4229-9e9a-3b6e0e16ee03 None None] Creating instance of TrackedResource for resource:security_group
Apr 08 23:12:52.658972 np0000164402 devstack@neutron-api.service[102759]: INFO neutron.quota.resource_registry [None req-b127e2c6-d799-4229-9e9a-3b6e0e16ee03 None None] Creating instance of TrackedResource for resource:security_group_rule
Apr 08 23:12:52.659254 np0000164402 devstack@neutron-api.service[102762]: DEBUG neutron.plugins.ml2.drivers.ovn.mech_driver.mech_driver [None req-2e308570-e7ad-4517-b6f7-a2bcc550b101 None None] Hash Ring setup, this worker has detected 2 OVN hash ring registers in the database {{(pid=102762) _init_hash_ring /opt/stack/neutron/neutron/plugins/ml2/drivers/ovn/mech_driver/mech_driver.py:412}}
Apr 08 23:12:52.659561 np0000164402 devstack@neutron-api.service[102759]: DEBUG neutron.api.v2.resource_helper [None req-b127e2c6-d799-4229-9e9a-3b6e0e16ee03 None None] Service CORE assigned prefix: {{(pid=102759) build_resource_info /opt/stack/neutron/neutron/api/v2/resource_helper.py:77}}
Apr 08 23:12:52.659692 np0000164402 devstack@neutron-api.service[102759]: INFO neutron.quota.resource_registry [None req-b127e2c6-d799-4229-9e9a-3b6e0e16ee03 None None] Creating instance of TrackedResource for resource:subnetpool
Apr 08 23:12:52.659835 np0000164402 devstack@neutron-api.service[102759]: WARNING neutron.quota.resource_registry [None req-b127e2c6-d799-4229-9e9a-3b6e0e16ee03 None None] subnetpool is already registered
Apr 08 23:12:52.661774 np0000164402 devstack@neutron-api.service[102761]: DEBUG neutron_lib.callbacks.manager [None req-f2e49665-d989-432f-bc14-403c6fb41ea1 None None] Publish callbacks ['neutron.plugins.ml2.drivers.ovn.mech_driver.mech_driver.OVNMechanismDriver.pre_fork_initialize-908489'] for process (None), before_spawn {{(pid=102761) _notify_loop /opt/stack/data/venv/lib/python3.12/site-packages/neutron_lib/callbacks/manager.py:184}}
Apr 08 23:12:52.662094 np0000164402 devstack@neutron-api.service[102759]: DEBUG neutron.api.v2.resource_helper [None req-b127e2c6-d799-4229-9e9a-3b6e0e16ee03 None None] Service L3_ROUTER_NAT assigned prefix: {{(pid=102759) build_resource_info /opt/stack/neutron/neutron/api/v2/resource_helper.py:77}}
Apr 08 23:12:52.662187 np0000164402 devstack@neutron-api.service[102761]: DEBUG oslo_concurrency.processutils [None req-f2e49665-d989-432f-bc14-403c6fb41ea1 None None] Running cmd (subprocess): ovsdb-client transact ssl:199.19.213.82:6641 --timeout 180 -p /opt/stack/data/CA/int-ca/private/devstack-cert.key -c /opt/stack/data/CA/int-ca/devstack-cert.crt -C /opt/stack/data/CA/int-ca/ca-chain.pem ["OVN_Northbound", {"op": "wait", "timeout": 0, "table": "Port_Group", "where": [["name", "==", "neutron_pg_drop"]], "until": "==", "rows": []}, {"op": "insert", "table": "ACL", "row": {"action": "drop", "direction": "to-lport", "match": "outport == @neutron_pg_drop && ip", "priority": 1001}, "uuid-name": "droptoport"}, {"op": "insert", "table": "ACL", "row": {"action": "drop", "direction": "from-lport", "match": "inport == @neutron_pg_drop && ip", "priority": 1001}, "uuid-name": "dropfromport"}, {"op": "insert", "table": "Port_Group", "row": {"name": "neutron_pg_drop", "acls": ["set", [["named-uuid", "droptoport"], ["named-uuid", "dropfromport"]]]}}] {{(pid=102761) execute /opt/stack/data/venv/lib/python3.12/site-packages/oslo_concurrency/processutils.py:440}}
Apr 08 23:12:52.662585 np0000164402 devstack@neutron-api.service[102759]: DEBUG neutron.api.v2.resource_helper [None req-b127e2c6-d799-4229-9e9a-3b6e0e16ee03 None None] Service FLAVORS assigned prefix: {{(pid=102759) build_resource_info /opt/stack/neutron/neutron/api/v2/resource_helper.py:77}}
Apr 08 23:12:52.663403 np0000164402 devstack@neutron-api.service[102759]: DEBUG neutron.api.v2.resource_helper [None req-b127e2c6-d799-4229-9e9a-3b6e0e16ee03 None None] Service L3_ROUTER_NAT assigned prefix: {{(pid=102759) build_resource_info /opt/stack/neutron/neutron/api/v2/resource_helper.py:77}}
Apr 08 23:12:52.663774 np0000164402 devstack@neutron-api.service[102759]: DEBUG neutron.api.v2.resource_helper [None req-b127e2c6-d799-4229-9e9a-3b6e0e16ee03 None None] Service L3_ROUTER_NAT assigned prefix: {{(pid=102759) build_resource_info /opt/stack/neutron/neutron/api/v2/resource_helper.py:77}}
Apr 08 23:12:52.663898 np0000164402 devstack@neutron-api.service[102759]: INFO neutron.quota.resource_registry [None req-b127e2c6-d799-4229-9e9a-3b6e0e16ee03 None None] Creating instance of TrackedResource for resource:router
Apr 08 23:12:52.664028 np0000164402 devstack@neutron-api.service[102759]: WARNING neutron.quota.resource_registry [None req-b127e2c6-d799-4229-9e9a-3b6e0e16ee03 None None] router is already registered
Apr 08 23:12:52.664422 np0000164402 devstack@neutron-api.service[102759]: INFO neutron.quota.resource_registry [None req-b127e2c6-d799-4229-9e9a-3b6e0e16ee03 None None] Creating instance of TrackedResource for resource:floatingip
Apr 08 23:12:52.664550 np0000164402 devstack@neutron-api.service[102759]: WARNING neutron.quota.resource_registry [None req-b127e2c6-d799-4229-9e9a-3b6e0e16ee03 None None] floatingip is already registered
Apr 08 23:12:52.665629 np0000164402 devstack@neutron-api.service[102759]: INFO neutron.quota.resource_registry [None req-b127e2c6-d799-4229-9e9a-3b6e0e16ee03 None None] Creating instance of CountableResource for resource:rbac_policy
Apr 08 23:12:52.665735 np0000164402 devstack@neutron-api.service[102759]: WARNING neutron.quota.resource_registry [None req-b127e2c6-d799-4229-9e9a-3b6e0e16ee03 None None] rbac_policy is already registered
Apr 08 23:12:52.666299 np0000164402 devstack@neutron-api.service[102759]: INFO neutron.quota.resource_registry [None req-b127e2c6-d799-4229-9e9a-3b6e0e16ee03 None None] Creating instance of TrackedResource for resource:security_group
Apr 08 23:12:52.666451 np0000164402 devstack@neutron-api.service[102759]: WARNING neutron.quota.resource_registry [None req-b127e2c6-d799-4229-9e9a-3b6e0e16ee03 None None] security_group is already registered
Apr 08 23:12:52.666514 np0000164402 devstack@neutron-api.service[102762]: DEBUG neutron.plugins.ml2.drivers.ovn.mech_driver.ovsdb.maintenance [None req-2e308570-e7ad-4517-b6f7-a2bcc550b101 None None] Periodic task found: HashRingHealthCheckPeriodics.touch_hash_ring_node {{(pid=102762) add_periodics /opt/stack/neutron/neutron/plugins/ml2/drivers/ovn/mech_driver/ovsdb/maintenance.py:96}}
Apr 08 23:12:52.666802 np0000164402 devstack@neutron-api.service[102759]: INFO neutron.quota.resource_registry [None req-b127e2c6-d799-4229-9e9a-3b6e0e16ee03 None None] Creating instance of TrackedResource for resource:security_group_rule
Apr 08 23:12:52.666935 np0000164402 devstack@neutron-api.service[102759]: WARNING neutron.quota.resource_registry [None req-b127e2c6-d799-4229-9e9a-3b6e0e16ee03 None None] security_group_rule is already registered
Apr 08 23:12:52.667488 np0000164402 devstack@neutron-api.service[102759]: DEBUG neutron.api.v2.resource_helper [None req-b127e2c6-d799-4229-9e9a-3b6e0e16ee03 None None] Service CORE assigned prefix: {{(pid=102759) build_resource_info /opt/stack/neutron/neutron/api/v2/resource_helper.py:77}}
Apr 08 23:12:52.667620 np0000164402 devstack@neutron-api.service[102759]: INFO neutron.quota.resource_registry [None req-b127e2c6-d799-4229-9e9a-3b6e0e16ee03 None None] Creating instance of TrackedResource for resource:subnetpool
Apr 08 23:12:52.667750 np0000164402 devstack@neutron-api.service[102759]: WARNING neutron.quota.resource_registry [None req-b127e2c6-d799-4229-9e9a-3b6e0e16ee03 None None] subnetpool is already registered
Apr 08 23:12:52.667790 np0000164402 devstack@neutron-api.service[102762]: INFO neutron.plugins.ml2.drivers.ovn.mech_driver.mech_driver [None req-2e308570-e7ad-4517-b6f7-a2bcc550b101 None None] Hash Ring probing thread for node 50b56eb92a1b59c59ca616eeea15c2dc has started
Apr 08 23:12:52.668172 np0000164402 devstack@neutron-api.service[102759]: DEBUG neutron.api.extensions [None req-b127e2c6-d799-4229-9e9a-3b6e0e16ee03 None None] Extended resource: extensions {{(pid=102759) __init__ /opt/stack/neutron/neutron/api/extensions.py:156}}
Apr 08 23:12:52.668498 np0000164402 devstack@neutron-api.service[102762]: INFO neutron.plugins.ml2.drivers.ovn.mech_driver.ovsdb.impl_idl_ovn [None req-2e308570-e7ad-4517-b6f7-a2bcc550b101 None None] Getting OvsdbNbOvnIdl for WorkerService with retry
Apr 08 23:12:52.668934 np0000164402 devstack@neutron-api.service[102759]: DEBUG neutron.api.extensions [None req-b127e2c6-d799-4229-9e9a-3b6e0e16ee03 None None] Extended resource: address-groups {{(pid=102759) __init__ /opt/stack/neutron/neutron/api/extensions.py:156}}
Apr 08 23:12:52.669704 np0000164402 devstack@neutron-api.service[102759]: DEBUG neutron.api.extensions [None req-b127e2c6-d799-4229-9e9a-3b6e0e16ee03 None None] Extended resource: address-scopes {{(pid=102759) __init__ /opt/stack/neutron/neutron/api/extensions.py:156}}
Apr 08 23:12:52.670259 np0000164402 devstack@neutron-api.service[102759]: DEBUG neutron.api.extensions [None req-b127e2c6-d799-4229-9e9a-3b6e0e16ee03 None None] Extended resource: agents {{(pid=102759) __init__ /opt/stack/neutron/neutron/api/extensions.py:156}}
Apr 08 23:12:52.670761 np0000164402 devstack@neutron-api.service[102759]: DEBUG neutron.api.extensions [None req-b127e2c6-d799-4229-9e9a-3b6e0e16ee03 None None] Extended resource: auto-allocated-topology {{(pid=102759) __init__ /opt/stack/neutron/neutron/api/extensions.py:156}}
Apr 08 23:12:52.671354 np0000164402 devstack@neutron-api.service[102759]: DEBUG neutron.api.extensions [None req-b127e2c6-d799-4229-9e9a-3b6e0e16ee03 None None] Extended resource: availability_zones {{(pid=102759) __init__ /opt/stack/neutron/neutron/api/extensions.py:156}}
Apr 08 23:12:52.671968 np0000164402 devstack@neutron-api.service[102759]: DEBUG neutron.api.extensions [None req-b127e2c6-d799-4229-9e9a-3b6e0e16ee03 None None] Extended resource: dhcp-networks {{(pid=102759) __init__ /opt/stack/neutron/neutron/api/extensions.py:156}}
Apr 08 23:12:52.672650 np0000164402 devstack@neutron-api.service[102759]: DEBUG neutron.api.extensions [None req-b127e2c6-d799-4229-9e9a-3b6e0e16ee03 None None] Extended resource: dhcp-agents {{(pid=102759) __init__ /opt/stack/neutron/neutron/api/extensions.py:156}}
Apr 08 23:12:52.673302 np0000164402 devstack@neutron-api.service[102759]: DEBUG neutron.api.extensions [None req-b127e2c6-d799-4229-9e9a-3b6e0e16ee03 None None] Extended resource: routers {{(pid=102759) __init__ /opt/stack/neutron/neutron/api/extensions.py:156}}
Apr 08 23:12:52.674356 np0000164402 devstack@neutron-api.service[102759]: DEBUG neutron.api.extensions [None req-b127e2c6-d799-4229-9e9a-3b6e0e16ee03 None None] Extended resource: flavors {{(pid=102759) __init__ /opt/stack/neutron/neutron/api/extensions.py:156}}
Apr 08 23:12:52.674879 np0000164402 devstack@neutron-api.service[102759]: DEBUG neutron.api.extensions [None req-b127e2c6-d799-4229-9e9a-3b6e0e16ee03 None None] Extended resource: service_profiles {{(pid=102759) __init__ /opt/stack/neutron/neutron/api/extensions.py:156}}
Apr 08 23:12:52.675426 np0000164402 devstack@neutron-api.service[102759]: DEBUG neutron.api.extensions [None req-b127e2c6-d799-4229-9e9a-3b6e0e16ee03 None None] Extended resource: next_providers {{(pid=102759) __init__ /opt/stack/neutron/neutron/api/extensions.py:156}}
Apr 08 23:12:52.676176 np0000164402 devstack@neutron-api.service[102759]: DEBUG neutron.api.extensions [None req-b127e2c6-d799-4229-9e9a-3b6e0e16ee03 None None] Extended resource: service_profiles {{(pid=102759) __init__ /opt/stack/neutron/neutron/api/extensions.py:156}}
Apr 08 23:12:52.676887 np0000164402 devstack@neutron-api.service[102759]: DEBUG neutron.api.extensions [None req-b127e2c6-d799-4229-9e9a-3b6e0e16ee03 None None] Extended resource: floatingip-pools {{(pid=102759) __init__ /opt/stack/neutron/neutron/api/extensions.py:156}}
Apr 08 23:12:52.677442 np0000164402 devstack@neutron-api.service[102759]: DEBUG neutron.api.extensions [None req-b127e2c6-d799-4229-9e9a-3b6e0e16ee03 None None] Extended resource: routers {{(pid=102759) __init__ /opt/stack/neutron/neutron/api/extensions.py:156}}
Apr 08 23:12:52.678914 np0000164402 devstack@neutron-api.service[102759]: DEBUG neutron.api.extensions [None req-b127e2c6-d799-4229-9e9a-3b6e0e16ee03 None None] Extended resource: floatingips {{(pid=102759) __init__ /opt/stack/neutron/neutron/api/extensions.py:156}}
Apr 08 23:12:52.679460 np0000164402 devstack@neutron-api.service[102759]: DEBUG neutron.api.extensions [None req-b127e2c6-d799-4229-9e9a-3b6e0e16ee03 None None] Extended resource: network-ip-availabilities {{(pid=102759) __init__ /opt/stack/neutron/neutron/api/extensions.py:156}}
Apr 08 23:12:52.680019 np0000164402 devstack@neutron-api.service[102759]: DEBUG neutron.api.extensions [None req-b127e2c6-d799-4229-9e9a-3b6e0e16ee03 None None] Extended resource: network-ip-availabilities {{(pid=102759) __init__ /opt/stack/neutron/neutron/api/extensions.py:156}}
Apr 08 23:12:52.680669 np0000164402 devstack@neutron-api.service[102759]: DEBUG neutron.api.extensions [None req-b127e2c6-d799-4229-9e9a-3b6e0e16ee03 None None] Extended resource: bindings {{(pid=102759) __init__ /opt/stack/neutron/neutron/api/extensions.py:156}}
Apr 08 23:12:52.681428 np0000164402 devstack@neutron-api.service[102759]: DEBUG neutron.api.extensions [None req-b127e2c6-d799-4229-9e9a-3b6e0e16ee03 None None] Extended resource: quotas {{(pid=102759) __init__ /opt/stack/neutron/neutron/api/extensions.py:156}}
Apr 08 23:12:52.682210 np0000164402 devstack@neutron-api.service[102759]: DEBUG neutron.api.extensions [None req-b127e2c6-d799-4229-9e9a-3b6e0e16ee03 None None] Extended resource: quotas {{(pid=102759) __init__ /opt/stack/neutron/neutron/api/extensions.py:156}}
Apr 08 23:12:52.682882 np0000164402 devstack@neutron-api.service[102759]: DEBUG neutron.api.extensions [None req-b127e2c6-d799-4229-9e9a-3b6e0e16ee03 None None] Extended resource: rbac-policies {{(pid=102759) __init__ /opt/stack/neutron/neutron/api/extensions.py:156}}
Apr 08 23:12:52.683444 np0000164402 devstack@neutron-api.service[102759]: DEBUG neutron.api.extensions [None req-b127e2c6-d799-4229-9e9a-3b6e0e16ee03 None None] Extended resource: default-security-group-rules {{(pid=102759) __init__ /opt/stack/neutron/neutron/api/extensions.py:156}}
Apr 08 23:12:52.684025 np0000164402 devstack@neutron-api.service[102759]: DEBUG neutron.api.extensions [None req-b127e2c6-d799-4229-9e9a-3b6e0e16ee03 None None] Extended resource: security-groups {{(pid=102759) __init__ /opt/stack/neutron/neutron/api/extensions.py:156}}
Apr 08 23:12:52.684641 np0000164402 devstack@neutron-api.service[102759]: DEBUG neutron.api.extensions [None req-b127e2c6-d799-4229-9e9a-3b6e0e16ee03 None None] Extended resource: security-group-rules {{(pid=102759) __init__ /opt/stack/neutron/neutron/api/extensions.py:156}}
Apr 08 23:12:52.685250 np0000164402 devstack@neutron-api.service[102759]: DEBUG neutron.api.extensions [None req-b127e2c6-d799-4229-9e9a-3b6e0e16ee03 None None] Extended resource: service-providers {{(pid=102759) __init__ /opt/stack/neutron/neutron/api/extensions.py:156}}
Apr 08 23:12:52.685778 np0000164402 devstack@neutron-api.service[102759]: DEBUG neutron.api.extensions [None req-b127e2c6-d799-4229-9e9a-3b6e0e16ee03 None None] Extended resource: subnetpools {{(pid=102759) __init__ /opt/stack/neutron/neutron/api/extensions.py:156}}
Apr 08 23:12:52.686544 np0000164402 devstack@neutron-api.service[102759]: DEBUG neutron.api.extensions [None req-b127e2c6-d799-4229-9e9a-3b6e0e16ee03 None None] Extended resource: tags {{(pid=102759) __init__ /opt/stack/neutron/neutron/api/extensions.py:156}}
Apr 08 23:12:52.687239 np0000164402 devstack@neutron-api.service[102759]: DEBUG neutron.api.extensions [None req-b127e2c6-d799-4229-9e9a-3b6e0e16ee03 None None] Extended resource: tags {{(pid=102759) __init__ /opt/stack/neutron/neutron/api/extensions.py:156}}
Apr 08 23:12:52.688021 np0000164402 devstack@neutron-api.service[102759]: DEBUG neutron.api.extensions [None req-b127e2c6-d799-4229-9e9a-3b6e0e16ee03 None None] Extended resource: tags {{(pid=102759) __init__ /opt/stack/neutron/neutron/api/extensions.py:156}}
Apr 08 23:12:52.688912 np0000164402 devstack@neutron-api.service[102759]: DEBUG neutron.api.extensions [None req-b127e2c6-d799-4229-9e9a-3b6e0e16ee03 None None] Extended resource: tags {{(pid=102759) __init__ /opt/stack/neutron/neutron/api/extensions.py:156}}
Apr 08 23:12:52.689668 np0000164402 devstack@neutron-api.service[102759]: DEBUG neutron.api.extensions [None req-b127e2c6-d799-4229-9e9a-3b6e0e16ee03 None None] Extended resource: tags {{(pid=102759) __init__ /opt/stack/neutron/neutron/api/extensions.py:156}}
Apr 08 23:12:52.690496 np0000164402 devstack@neutron-api.service[102759]: DEBUG neutron.api.extensions [None req-b127e2c6-d799-4229-9e9a-3b6e0e16ee03 None None] Extended resource: tags {{(pid=102759) __init__ /opt/stack/neutron/neutron/api/extensions.py:156}}
Apr 08 23:12:52.691361 np0000164402 devstack@neutron-api.service[102759]: DEBUG neutron.api.extensions [None req-b127e2c6-d799-4229-9e9a-3b6e0e16ee03 None None] Extended resource: tags {{(pid=102759) __init__ /opt/stack/neutron/neutron/api/extensions.py:156}}
Apr 08 23:12:52.692180 np0000164402 devstack@neutron-api.service[102759]: DEBUG neutron.api.extensions [None req-b127e2c6-d799-4229-9e9a-3b6e0e16ee03 None None] Extended resource: tags {{(pid=102759) __init__ /opt/stack/neutron/neutron/api/extensions.py:156}}
Apr 08 23:12:52.693045 np0000164402 devstack@neutron-api.service[102759]: DEBUG neutron.api.extensions [None req-b127e2c6-d799-4229-9e9a-3b6e0e16ee03 None None] Extended resource: tags {{(pid=102759) __init__ /opt/stack/neutron/neutron/api/extensions.py:156}}
Apr 08 23:12:52.693751 np0000164402 devstack@neutron-api.service[102759]: DEBUG neutron.api.extensions [None req-b127e2c6-d799-4229-9e9a-3b6e0e16ee03 None None] Extended resource: tags {{(pid=102759) __init__ /opt/stack/neutron/neutron/api/extensions.py:156}}
Apr 08 23:12:52.694140 np0000164402 devstack@neutron-api.service[102761]: DEBUG oslo_concurrency.processutils [None req-f2e49665-d989-432f-bc14-403c6fb41ea1 None None] CMD "ovsdb-client transact ssl:199.19.213.82:6641 --timeout 180 -p /opt/stack/data/CA/int-ca/private/devstack-cert.key -c /opt/stack/data/CA/int-ca/devstack-cert.crt -C /opt/stack/data/CA/int-ca/ca-chain.pem ["OVN_Northbound", {"op": "wait", "timeout": 0, "table": "Port_Group", "where": [["name", "==", "neutron_pg_drop"]], "until": "==", "rows": []}, {"op": "insert", "table": "ACL", "row": {"action": "drop", "direction": "to-lport", "match": "outport == @neutron_pg_drop && ip", "priority": 1001}, "uuid-name": "droptoport"}, {"op": "insert", "table": "ACL", "row": {"action": "drop", "direction": "from-lport", "match": "inport == @neutron_pg_drop && ip", "priority": 1001}, "uuid-name": "dropfromport"}, {"op": "insert", "table": "Port_Group", "row": {"name": "neutron_pg_drop", "acls": ["set", [["named-uuid", "droptoport"], ["named-uuid", "dropfromport"]]]}}]" returned: 0 in 0.031s {{(pid=102761) execute /opt/stack/data/venv/lib/python3.12/site-packages/oslo_concurrency/processutils.py:468}}
Apr 08 23:12:52.694928 np0000164402 devstack@neutron-api.service[102761]: DEBUG neutron_lib.callbacks.manager [None req-f2e49665-d989-432f-bc14-403c6fb41ea1 None None] Publish callbacks ['neutron.plugins.ml2.drivers.ovn.mech_driver.mech_driver.OVNMechanismDriver.post_fork_initialize-908513', 'neutron.services.ovn_l3.plugin.OVNL3RouterPlugin._post_fork_initialize-750535'] for process (None), after_init {{(pid=102761) _notify_loop /opt/stack/data/venv/lib/python3.12/site-packages/neutron_lib/callbacks/manager.py:184}}
Apr 08 23:12:52.695608 np0000164402 devstack@neutron-api.service[102761]: DEBUG oslo_concurrency.lockutils [None req-f2e49665-d989-432f-bc14-403c6fb41ea1 None None] Acquiring lock "singleton_lock" {{(pid=102761) lock /opt/stack/data/venv/lib/python3.12/site-packages/oslo_concurrency/lockutils.py:390}}
Apr 08 23:12:52.695847 np0000164402 devstack@neutron-api.service[102761]: DEBUG oslo_concurrency.lockutils [None req-f2e49665-d989-432f-bc14-403c6fb41ea1 None None] Acquired lock "singleton_lock" {{(pid=102761) lock /opt/stack/data/venv/lib/python3.12/site-packages/oslo_concurrency/lockutils.py:393}}
Apr 08 23:12:52.696306 np0000164402 devstack@neutron-api.service[102761]: DEBUG oslo_concurrency.lockutils [None req-f2e49665-d989-432f-bc14-403c6fb41ea1 None None] Releasing lock "singleton_lock" {{(pid=102761) lock /opt/stack/data/venv/lib/python3.12/site-packages/oslo_concurrency/lockutils.py:413}}
Apr 08 23:12:52.697044 np0000164402 devstack@neutron-api.service[102759]: WARNING keystonemiddleware.auth_token [None req-b127e2c6-d799-4229-9e9a-3b6e0e16ee03 None None] AuthToken middleware is set with keystone_authtoken.service_token_roles_required set to False. This is backwards compatible but deprecated behaviour. Please set this to True.
Apr 08 23:12:52.699595 np0000164402 devstack@neutron-api.service[102761]: DEBUG neutron.plugins.ml2.drivers.ovn.mech_driver.mech_driver [None req-f2e49665-d989-432f-bc14-403c6fb41ea1 None None] Hash Ring setup using WSGI start time 2026-04-08 23:12:45+00:00 {{(pid=102761) _init_hash_ring /opt/stack/neutron/neutron/plugins/ml2/drivers/ovn/mech_driver/mech_driver.py:402}}
Apr 08 23:12:52.704215 np0000164402 devstack@neutron-api.service[102759]: DEBUG neutron_lib.callbacks.manager [None req-b127e2c6-d799-4229-9e9a-3b6e0e16ee03 None None] Publish callbacks ['neutron.plugins.ml2.drivers.ovn.mech_driver.mech_driver.OVNMechanismDriver.pre_fork_initialize-891169'] for process (None), before_spawn {{(pid=102759) _notify_loop /opt/stack/data/venv/lib/python3.12/site-packages/neutron_lib/callbacks/manager.py:184}}
Apr 08 23:12:52.704595 np0000164402 devstack@neutron-api.service[102759]: DEBUG oslo_concurrency.processutils [None req-b127e2c6-d799-4229-9e9a-3b6e0e16ee03 None None] Running cmd (subprocess): ovsdb-client transact ssl:199.19.213.82:6641 --timeout 180 -p /opt/stack/data/CA/int-ca/private/devstack-cert.key -c /opt/stack/data/CA/int-ca/devstack-cert.crt -C /opt/stack/data/CA/int-ca/ca-chain.pem ["OVN_Northbound", {"op": "wait", "timeout": 0, "table": "Port_Group", "where": [["name", "==", "neutron_pg_drop"]], "until": "==", "rows": []}, {"op": "insert", "table": "ACL", "row": {"action": "drop", "direction": "to-lport", "match": "outport == @neutron_pg_drop && ip", "priority": 1001}, "uuid-name": "droptoport"}, {"op": "insert", "table": "ACL", "row": {"action": "drop", "direction": "from-lport", "match": "inport == @neutron_pg_drop && ip", "priority": 1001}, "uuid-name": "dropfromport"}, {"op": "insert", "table": "Port_Group", "row": {"name": "neutron_pg_drop", "acls": ["set", [["named-uuid", "droptoport"], ["named-uuid", "dropfromport"]]]}}] {{(pid=102759) execute /opt/stack/data/venv/lib/python3.12/site-packages/oslo_concurrency/processutils.py:440}}
Apr 08 23:12:52.705434 np0000164402 devstack@neutron-api.service[102761]: INFO neutron.db.ovn_hash_ring_db [None req-f2e49665-d989-432f-bc14-403c6fb41ea1 None None] Nodes from host "np0000164402" and group "mechanism_driver" removed from the Hash Ring created at 2026-04-08 23:12:45+00:00
Apr 08 23:12:52.708472 np0000164402 devstack@neutron-api.service[102761]: INFO neutron.db.ovn_hash_ring_db [None req-f2e49665-d989-432f-bc14-403c6fb41ea1 None None] Node af1abeb5f99a56ec80d198ad7199462c from host "np0000164402" and group "mechanism_driver" added to the Hash Ring
Apr 08 23:12:52.711587 np0000164402 devstack@neutron-api.service[102761]: DEBUG neutron.plugins.ml2.drivers.ovn.mech_driver.mech_driver [None req-f2e49665-d989-432f-bc14-403c6fb41ea1 None None] Hash Ring setup, this worker has detected 3 OVN hash ring registers in the database {{(pid=102761) _init_hash_ring /opt/stack/neutron/neutron/plugins/ml2/drivers/ovn/mech_driver/mech_driver.py:412}}
Apr 08 23:12:52.715920 np0000164402 devstack@neutron-api.service[102762]: DEBUG ovsdbapp.backend.ovs_idl [None req-2e308570-e7ad-4517-b6f7-a2bcc550b101 None None] Created lookup_table index Logical_Switch.name {{(pid=102762) autocreate_indices /opt/stack/data/venv/lib/python3.12/site-packages/ovsdbapp/backend/ovs_idl/__init__.py:87}}
Apr 08 23:12:52.716133 np0000164402 devstack@neutron-api.service[102762]: DEBUG ovsdbapp.backend.ovs_idl [None req-2e308570-e7ad-4517-b6f7-a2bcc550b101 None None] Created lookup_table index Logical_Router.name {{(pid=102762) autocreate_indices /opt/stack/data/venv/lib/python3.12/site-packages/ovsdbapp/backend/ovs_idl/__init__.py:87}}
Apr 08 23:12:52.716331 np0000164402 devstack@neutron-api.service[102762]: DEBUG ovsdbapp.backend.ovs_idl [None req-2e308570-e7ad-4517-b6f7-a2bcc550b101 None None] Created lookup_table index Load_Balancer.name {{(pid=102762) autocreate_indices /opt/stack/data/venv/lib/python3.12/site-packages/ovsdbapp/backend/ovs_idl/__init__.py:87}}
Apr 08 23:12:52.716454 np0000164402 devstack@neutron-api.service[102762]: DEBUG ovsdbapp.backend.ovs_idl [None req-2e308570-e7ad-4517-b6f7-a2bcc550b101 None None] Created schema index Copp.name {{(pid=102762) autocreate_indices /opt/stack/data/venv/lib/python3.12/site-packages/ovsdbapp/backend/ovs_idl/__init__.py:106}}
Apr 08 23:12:52.716595 np0000164402 devstack@neutron-api.service[102762]: DEBUG ovsdbapp.backend.ovs_idl [None req-2e308570-e7ad-4517-b6f7-a2bcc550b101 None None] Created schema index Meter.name {{(pid=102762) autocreate_indices /opt/stack/data/venv/lib/python3.12/site-packages/ovsdbapp/backend/ovs_idl/__init__.py:106}}
Apr 08 23:12:52.716743 np0000164402 devstack@neutron-api.service[102762]: DEBUG ovsdbapp.backend.ovs_idl [None req-2e308570-e7ad-4517-b6f7-a2bcc550b101 None None] Created schema index Load_Balancer_Group.name {{(pid=102762) autocreate_indices /opt/stack/data/venv/lib/python3.12/site-packages/ovsdbapp/backend/ovs_idl/__init__.py:106}}
Apr 08 23:12:52.716902 np0000164402 devstack@neutron-api.service[102762]: DEBUG ovsdbapp.backend.ovs_idl [None req-2e308570-e7ad-4517-b6f7-a2bcc550b101 None None] Created schema index HA_Chassis_Group.name {{(pid=102762) autocreate_indices /opt/stack/data/venv/lib/python3.12/site-packages/ovsdbapp/backend/ovs_idl/__init__.py:106}}
Apr 08 23:12:52.716990 np0000164402 devstack@neutron-api.service[102762]: DEBUG ovsdbapp.backend.ovs_idl [None req-2e308570-e7ad-4517-b6f7-a2bcc550b101 None None] Created schema index Address_Set.name {{(pid=102762) autocreate_indices /opt/stack/data/venv/lib/python3.12/site-packages/ovsdbapp/backend/ovs_idl/__init__.py:106}}
Apr 08 23:12:52.717178 np0000164402 devstack@neutron-api.service[102762]: DEBUG ovsdbapp.backend.ovs_idl [None req-2e308570-e7ad-4517-b6f7-a2bcc550b101 None None] Created schema index Connection.target {{(pid=102762) autocreate_indices /opt/stack/data/venv/lib/python3.12/site-packages/ovsdbapp/backend/ovs_idl/__init__.py:106}}
Apr 08 23:12:52.717317 np0000164402 devstack@neutron-api.service[102762]: DEBUG ovsdbapp.backend.ovs_idl [None req-2e308570-e7ad-4517-b6f7-a2bcc550b101 None None] Created schema index Gateway_Chassis.name {{(pid=102762) autocreate_indices /opt/stack/data/venv/lib/python3.12/site-packages/ovsdbapp/backend/ovs_idl/__init__.py:106}}
Apr 08 23:12:52.717445 np0000164402 devstack@neutron-api.service[102762]: DEBUG ovsdbapp.backend.ovs_idl [None req-2e308570-e7ad-4517-b6f7-a2bcc550b101 None None] Created schema index Mirror.name {{(pid=102762) autocreate_indices /opt/stack/data/venv/lib/python3.12/site-packages/ovsdbapp/backend/ovs_idl/__init__.py:106}}
Apr 08 23:12:52.717620 np0000164402 devstack@neutron-api.service[102762]: DEBUG ovsdbapp.backend.ovs_idl [None req-2e308570-e7ad-4517-b6f7-a2bcc550b101 None None] Created schema index Chassis_Template_Var.chassis {{(pid=102762) autocreate_indices /opt/stack/data/venv/lib/python3.12/site-packages/ovsdbapp/backend/ovs_idl/__init__.py:106}}
Apr 08 23:12:52.717740 np0000164402 devstack@neutron-api.service[102762]: DEBUG ovsdbapp.backend.ovs_idl [None req-2e308570-e7ad-4517-b6f7-a2bcc550b101 None None] Created schema index Logical_Router_Port.name {{(pid=102762) autocreate_indices /opt/stack/data/venv/lib/python3.12/site-packages/ovsdbapp/backend/ovs_idl/__init__.py:106}}
Apr 08 23:12:52.717860 np0000164402 devstack@neutron-api.service[102762]: DEBUG ovsdbapp.backend.ovs_idl [None req-2e308570-e7ad-4517-b6f7-a2bcc550b101 None None] Created schema index Port_Group.name {{(pid=102762) autocreate_indices /opt/stack/data/venv/lib/python3.12/site-packages/ovsdbapp/backend/ovs_idl/__init__.py:106}}
Apr 08 23:12:52.717990 np0000164402 devstack@neutron-api.service[102762]: DEBUG ovsdbapp.backend.ovs_idl [None req-2e308570-e7ad-4517-b6f7-a2bcc550b101 None None] Created schema index Logical_Switch_Port.name {{(pid=102762) autocreate_indices /opt/stack/data/venv/lib/python3.12/site-packages/ovsdbapp/backend/ovs_idl/__init__.py:106}}
Apr 08 23:12:52.719098 np0000164402 devstack@neutron-api.service[102761]: DEBUG neutron.plugins.ml2.drivers.ovn.mech_driver.ovsdb.maintenance [None req-f2e49665-d989-432f-bc14-403c6fb41ea1 None None] Periodic task found: HashRingHealthCheckPeriodics.touch_hash_ring_node {{(pid=102761) add_periodics /opt/stack/neutron/neutron/plugins/ml2/drivers/ovn/mech_driver/ovsdb/maintenance.py:96}}
Apr 08 23:12:52.720212 np0000164402 devstack@neutron-api.service[102761]: INFO neutron.plugins.ml2.drivers.ovn.mech_driver.mech_driver [None req-f2e49665-d989-432f-bc14-403c6fb41ea1 None None] Hash Ring probing thread for node af1abeb5f99a56ec80d198ad7199462c has started
Apr 08 23:12:52.720854 np0000164402 devstack@neutron-api.service[102761]: INFO neutron.plugins.ml2.drivers.ovn.mech_driver.ovsdb.impl_idl_ovn [None req-f2e49665-d989-432f-bc14-403c6fb41ea1 None None] Getting OvsdbNbOvnIdl for WorkerService with retry
Apr 08 23:12:52.721206 np0000164402 devstack@neutron-api.service[102762]: INFO ovsdbapp.backend.ovs_idl.vlog [None req-2e308570-e7ad-4517-b6f7-a2bcc550b101 None None] ssl:199.19.213.82:6641: connecting...
Apr 08 23:12:52.725585 np0000164402 devstack@neutron-api.service[102762]: INFO ovsdbapp.backend.ovs_idl.vlog [None req-2e308570-e7ad-4517-b6f7-a2bcc550b101 None None] ssl:199.19.213.82:6641: connected
Apr 08 23:12:52.741502 np0000164402 devstack@neutron-api.service[102759]: DEBUG oslo_concurrency.processutils [None req-b127e2c6-d799-4229-9e9a-3b6e0e16ee03 None None] CMD "ovsdb-client transact ssl:199.19.213.82:6641 --timeout 180 -p /opt/stack/data/CA/int-ca/private/devstack-cert.key -c /opt/stack/data/CA/int-ca/devstack-cert.crt -C /opt/stack/data/CA/int-ca/ca-chain.pem ["OVN_Northbound", {"op": "wait", "timeout": 0, "table": "Port_Group", "where": [["name", "==", "neutron_pg_drop"]], "until": "==", "rows": []}, {"op": "insert", "table": "ACL", "row": {"action": "drop", "direction": "to-lport", "match": "outport == @neutron_pg_drop && ip", "priority": 1001}, "uuid-name": "droptoport"}, {"op": "insert", "table": "ACL", "row": {"action": "drop", "direction": "from-lport", "match": "inport == @neutron_pg_drop && ip", "priority": 1001}, "uuid-name": "dropfromport"}, {"op": "insert", "table": "Port_Group", "row": {"name": "neutron_pg_drop", "acls": ["set", [["named-uuid", "droptoport"], ["named-uuid", "dropfromport"]]]}}]" returned: 0 in 0.037s {{(pid=102759) execute /opt/stack/data/venv/lib/python3.12/site-packages/oslo_concurrency/processutils.py:468}}
Apr 08 23:12:52.741891 np0000164402 devstack@neutron-api.service[102759]: DEBUG neutron_lib.callbacks.manager [None req-b127e2c6-d799-4229-9e9a-3b6e0e16ee03 None None] Publish callbacks ['neutron.plugins.ml2.drivers.ovn.mech_driver.mech_driver.OVNMechanismDriver.post_fork_initialize-891353', 'neutron.services.ovn_l3.plugin.OVNL3RouterPlugin._post_fork_initialize-23083'] for process (None), after_init {{(pid=102759) _notify_loop /opt/stack/data/venv/lib/python3.12/site-packages/neutron_lib/callbacks/manager.py:184}}
Apr 08 23:12:52.742281 np0000164402 devstack@neutron-api.service[102759]: DEBUG oslo_concurrency.lockutils [None req-b127e2c6-d799-4229-9e9a-3b6e0e16ee03 None None] Acquiring lock "singleton_lock" {{(pid=102759) lock /opt/stack/data/venv/lib/python3.12/site-packages/oslo_concurrency/lockutils.py:390}}
Apr 08 23:12:52.742371 np0000164402 devstack@neutron-api.service[102759]: DEBUG oslo_concurrency.lockutils [None req-b127e2c6-d799-4229-9e9a-3b6e0e16ee03 None None] Acquired lock "singleton_lock" {{(pid=102759) lock /opt/stack/data/venv/lib/python3.12/site-packages/oslo_concurrency/lockutils.py:393}}
Apr 08 23:12:52.742598 np0000164402 devstack@neutron-api.service[102759]: DEBUG oslo_concurrency.lockutils [None req-b127e2c6-d799-4229-9e9a-3b6e0e16ee03 None None] Releasing lock "singleton_lock" {{(pid=102759) lock /opt/stack/data/venv/lib/python3.12/site-packages/oslo_concurrency/lockutils.py:413}}
Apr 08 23:12:52.744352 np0000164402 devstack@neutron-api.service[102759]: DEBUG neutron.plugins.ml2.drivers.ovn.mech_driver.mech_driver [None req-b127e2c6-d799-4229-9e9a-3b6e0e16ee03 None None] Hash Ring setup using WSGI start time 2026-04-08 23:12:45+00:00 {{(pid=102759) _init_hash_ring /opt/stack/neutron/neutron/plugins/ml2/drivers/ovn/mech_driver/mech_driver.py:402}}
Apr 08 23:12:52.749780 np0000164402 devstack@neutron-api.service[102759]: INFO neutron.db.ovn_hash_ring_db [None req-b127e2c6-d799-4229-9e9a-3b6e0e16ee03 None None] Nodes from host "np0000164402" and group "mechanism_driver" removed from the Hash Ring created at 2026-04-08 23:12:45+00:00
Apr 08 23:12:52.752395 np0000164402 devstack@neutron-api.service[102759]: INFO neutron.db.ovn_hash_ring_db [None req-b127e2c6-d799-4229-9e9a-3b6e0e16ee03 None None] Node a7249d2fda0f54c3a65cda3a6a3d6e22 from host "np0000164402" and group "mechanism_driver" added to the Hash Ring
Apr 08 23:12:52.755495 np0000164402 devstack@neutron-api.service[102759]: DEBUG neutron.plugins.ml2.drivers.ovn.mech_driver.mech_driver [None req-b127e2c6-d799-4229-9e9a-3b6e0e16ee03 None None] Hash Ring setup, this worker has detected 4 OVN hash ring registers in the database {{(pid=102759) _init_hash_ring /opt/stack/neutron/neutron/plugins/ml2/drivers/ovn/mech_driver/mech_driver.py:412}}
Apr 08 23:12:52.757764 np0000164402 devstack@neutron-api.service[102762]: DEBUG neutron.common.ovn.hash_ring_manager [None req-2e308570-e7ad-4517-b6f7-a2bcc550b101 None None] Disallow caching, nodes 3<4 {{(pid=102762) _wait_startup_before_caching /opt/stack/neutron/neutron/common/ovn/hash_ring_manager.py:72}}
Apr 08 23:12:52.762718 np0000164402 devstack@neutron-api.service[102759]: DEBUG neutron.plugins.ml2.drivers.ovn.mech_driver.ovsdb.maintenance [None req-b127e2c6-d799-4229-9e9a-3b6e0e16ee03 None None] Periodic task found: HashRingHealthCheckPeriodics.touch_hash_ring_node {{(pid=102759) add_periodics /opt/stack/neutron/neutron/plugins/ml2/drivers/ovn/mech_driver/ovsdb/maintenance.py:96}}
Apr 08 23:12:52.763815 np0000164402 devstack@neutron-api.service[102762]: DEBUG neutron.common.ovn.hash_ring_manager [None req-2e308570-e7ad-4517-b6f7-a2bcc550b101 None None] Hash Ring loaded. 3 active nodes. 0 offline nodes {{(pid=102762) _load_hash_ring /opt/stack/neutron/neutron/common/ovn/hash_ring_manager.py:102}}
Apr 08 23:12:52.763961 np0000164402 devstack@neutron-api.service[102759]: INFO neutron.plugins.ml2.drivers.ovn.mech_driver.mech_driver [None req-b127e2c6-d799-4229-9e9a-3b6e0e16ee03 None None] Hash Ring probing thread for node a7249d2fda0f54c3a65cda3a6a3d6e22 has started
Apr 08 23:12:52.764702 np0000164402 devstack@neutron-api.service[102759]: INFO neutron.plugins.ml2.drivers.ovn.mech_driver.ovsdb.impl_idl_ovn [None req-b127e2c6-d799-4229-9e9a-3b6e0e16ee03 None None] Getting OvsdbNbOvnIdl for WorkerService with retry
Apr 08 23:12:52.765865 np0000164402 devstack@neutron-api.service[102762]: DEBUG neutron.common.ovn.hash_ring_manager [None req-2e308570-e7ad-4517-b6f7-a2bcc550b101 None None] Allow caching, nodes 4>=4 {{(pid=102762) _wait_startup_before_caching /opt/stack/neutron/neutron/common/ovn/hash_ring_manager.py:65}}
Apr 08 23:12:52.766159 np0000164402 devstack@neutron-api.service[102762]: DEBUG neutron.plugins.ml2.drivers.ovn.mech_driver.ovsdb.ovsdb_monitor [None req-2e308570-e7ad-4517-b6f7-a2bcc550b101 None None] Hash Ring: Node 50b56eb92a1b59c59ca616eeea15c2dc (host: np0000164402) handling event "create" for row 4a161c43-4c77-447a-a32e-93861038ccf9 (table: SSL) {{(pid=102762) notify /opt/stack/neutron/neutron/plugins/ml2/drivers/ovn/mech_driver/ovsdb/ovsdb_monitor.py:912}}
Apr 08 23:12:52.767137 np0000164402 devstack@neutron-api.service[102762]: INFO neutron.plugins.ml2.drivers.ovn.mech_driver.ovsdb.impl_idl_ovn [None req-2e308570-e7ad-4517-b6f7-a2bcc550b101 None None] Getting OvsdbSbOvnIdl for WorkerService with retry
Apr 08 23:12:52.770414 np0000164402 devstack@neutron-api.service[102761]: DEBUG ovsdbapp.backend.ovs_idl [None req-f2e49665-d989-432f-bc14-403c6fb41ea1 None None] Created lookup_table index Logical_Switch.name {{(pid=102761) autocreate_indices /opt/stack/data/venv/lib/python3.12/site-packages/ovsdbapp/backend/ovs_idl/__init__.py:87}}
Apr 08 23:12:52.770604 np0000164402 devstack@neutron-api.service[102761]: DEBUG ovsdbapp.backend.ovs_idl [None req-f2e49665-d989-432f-bc14-403c6fb41ea1 None None] Created lookup_table index Logical_Router.name {{(pid=102761) autocreate_indices /opt/stack/data/venv/lib/python3.12/site-packages/ovsdbapp/backend/ovs_idl/__init__.py:87}}
Apr 08 23:12:52.770604 np0000164402 devstack@neutron-api.service[102761]: DEBUG ovsdbapp.backend.ovs_idl [None req-f2e49665-d989-432f-bc14-403c6fb41ea1 None None] Created lookup_table index Load_Balancer.name {{(pid=102761) autocreate_indices /opt/stack/data/venv/lib/python3.12/site-packages/ovsdbapp/backend/ovs_idl/__init__.py:87}}
Apr 08 23:12:52.770817 np0000164402 devstack@neutron-api.service[102761]: DEBUG ovsdbapp.backend.ovs_idl [None req-f2e49665-d989-432f-bc14-403c6fb41ea1 None None] Created schema index Copp.name {{(pid=102761) autocreate_indices /opt/stack/data/venv/lib/python3.12/site-packages/ovsdbapp/backend/ovs_idl/__init__.py:106}}
Apr 08 23:12:52.770817 np0000164402 devstack@neutron-api.service[102761]: DEBUG ovsdbapp.backend.ovs_idl [None req-f2e49665-d989-432f-bc14-403c6fb41ea1 None None] Created schema index Meter.name {{(pid=102761) autocreate_indices /opt/stack/data/venv/lib/python3.12/site-packages/ovsdbapp/backend/ovs_idl/__init__.py:106}}
Apr 08 23:12:52.771081 np0000164402 devstack@neutron-api.service[102761]: DEBUG ovsdbapp.backend.ovs_idl [None req-f2e49665-d989-432f-bc14-403c6fb41ea1 None None] Created schema index Load_Balancer_Group.name {{(pid=102761) autocreate_indices /opt/stack/data/venv/lib/python3.12/site-packages/ovsdbapp/backend/ovs_idl/__init__.py:106}}
Apr 08 23:12:52.771081 np0000164402 devstack@neutron-api.service[102761]: DEBUG ovsdbapp.backend.ovs_idl [None req-f2e49665-d989-432f-bc14-403c6fb41ea1 None None] Created schema index HA_Chassis_Group.name {{(pid=102761) autocreate_indices /opt/stack/data/venv/lib/python3.12/site-packages/ovsdbapp/backend/ovs_idl/__init__.py:106}}
Apr 08 23:12:52.771081 np0000164402 devstack@neutron-api.service[102761]: DEBUG ovsdbapp.backend.ovs_idl [None req-f2e49665-d989-432f-bc14-403c6fb41ea1 None None] Created schema index Address_Set.name {{(pid=102761) autocreate_indices /opt/stack/data/venv/lib/python3.12/site-packages/ovsdbapp/backend/ovs_idl/__init__.py:106}}
Apr 08 23:12:52.771407 np0000164402 devstack@neutron-api.service[102761]: DEBUG ovsdbapp.backend.ovs_idl [None req-f2e49665-d989-432f-bc14-403c6fb41ea1 None None] Created schema index Connection.target {{(pid=102761) autocreate_indices /opt/stack/data/venv/lib/python3.12/site-packages/ovsdbapp/backend/ovs_idl/__init__.py:106}}
Apr 08 23:12:52.771407 np0000164402 devstack@neutron-api.service[102761]: DEBUG ovsdbapp.backend.ovs_idl [None req-f2e49665-d989-432f-bc14-403c6fb41ea1 None None] Created schema index Gateway_Chassis.name {{(pid=102761) autocreate_indices /opt/stack/data/venv/lib/python3.12/site-packages/ovsdbapp/backend/ovs_idl/__init__.py:106}}
Apr 08 23:12:52.771407 np0000164402 devstack@neutron-api.service[102761]: DEBUG ovsdbapp.backend.ovs_idl [None req-f2e49665-d989-432f-bc14-403c6fb41ea1 None None] Created schema index Mirror.name {{(pid=102761) autocreate_indices /opt/stack/data/venv/lib/python3.12/site-packages/ovsdbapp/backend/ovs_idl/__init__.py:106}}
Apr 08 23:12:52.771407 np0000164402 devstack@neutron-api.service[102761]: DEBUG ovsdbapp.backend.ovs_idl [None req-f2e49665-d989-432f-bc14-403c6fb41ea1 None None] Created schema index Chassis_Template_Var.chassis {{(pid=102761) autocreate_indices /opt/stack/data/venv/lib/python3.12/site-packages/ovsdbapp/backend/ovs_idl/__init__.py:106}}
Apr 08 23:12:52.771747 np0000164402 devstack@neutron-api.service[102761]: DEBUG ovsdbapp.backend.ovs_idl [None req-f2e49665-d989-432f-bc14-403c6fb41ea1 None None] Created schema index Logical_Router_Port.name {{(pid=102761) autocreate_indices /opt/stack/data/venv/lib/python3.12/site-packages/ovsdbapp/backend/ovs_idl/__init__.py:106}}
Apr 08 23:12:52.771747 np0000164402 devstack@neutron-api.service[102761]: DEBUG ovsdbapp.backend.ovs_idl [None req-f2e49665-d989-432f-bc14-403c6fb41ea1 None None] Created schema index Port_Group.name {{(pid=102761) autocreate_indices /opt/stack/data/venv/lib/python3.12/site-packages/ovsdbapp/backend/ovs_idl/__init__.py:106}}
Apr 08 23:12:52.771747 np0000164402 devstack@neutron-api.service[102761]: DEBUG ovsdbapp.backend.ovs_idl [None req-f2e49665-d989-432f-bc14-403c6fb41ea1 None None] Created schema index Logical_Switch_Port.name {{(pid=102761) autocreate_indices /opt/stack/data/venv/lib/python3.12/site-packages/ovsdbapp/backend/ovs_idl/__init__.py:106}}
Apr 08 23:12:52.774778 np0000164402 devstack@neutron-api.service[102761]: INFO ovsdbapp.backend.ovs_idl.vlog [None req-f2e49665-d989-432f-bc14-403c6fb41ea1 None None] ssl:199.19.213.82:6641: connecting...
Apr 08 23:12:52.782381 np0000164402 devstack@neutron-api.service[102761]: INFO ovsdbapp.backend.ovs_idl.vlog [None req-f2e49665-d989-432f-bc14-403c6fb41ea1 None None] ssl:199.19.213.82:6641: connected
Apr 08 23:12:52.800008 np0000164402 devstack@neutron-api.service[102762]: DEBUG ovsdbapp.backend.ovs_idl [None req-2e308570-e7ad-4517-b6f7-a2bcc550b101 None None] Created lookup_table index Chassis.name {{(pid=102762) autocreate_indices /opt/stack/data/venv/lib/python3.12/site-packages/ovsdbapp/backend/ovs_idl/__init__.py:87}}
Apr 08 23:12:52.800176 np0000164402 devstack@neutron-api.service[102762]: DEBUG ovsdbapp.backend.ovs_idl [None req-2e308570-e7ad-4517-b6f7-a2bcc550b101 None None] Created lookup_table index Port_Binding.logical_port {{(pid=102762) autocreate_indices /opt/stack/data/venv/lib/python3.12/site-packages/ovsdbapp/backend/ovs_idl/__init__.py:87}}
Apr 08 23:12:52.800243 np0000164402 devstack@neutron-api.service[102762]: DEBUG ovsdbapp.backend.ovs_idl [None req-2e308570-e7ad-4517-b6f7-a2bcc550b101 None None] Created schema index Chassis_Private.name {{(pid=102762) autocreate_indices /opt/stack/data/venv/lib/python3.12/site-packages/ovsdbapp/backend/ovs_idl/__init__.py:106}}
Apr 08 23:12:52.800324 np0000164402 devstack@neutron-api.service[102762]: DEBUG ovsdbapp.backend.ovs_idl [None req-2e308570-e7ad-4517-b6f7-a2bcc550b101 None None] Created schema index Datapath_Binding.tunnel_key {{(pid=102762) autocreate_indices /opt/stack/data/venv/lib/python3.12/site-packages/ovsdbapp/backend/ovs_idl/__init__.py:106}}
Apr 08 23:12:52.802518 np0000164402 devstack@neutron-api.service[102762]: INFO ovsdbapp.backend.ovs_idl.vlog [None req-2e308570-e7ad-4517-b6f7-a2bcc550b101 None None] ssl:199.19.213.82:6642: connecting...
Apr 08 23:12:52.808422 np0000164402 devstack@neutron-api.service[102762]: INFO ovsdbapp.backend.ovs_idl.vlog [None req-2e308570-e7ad-4517-b6f7-a2bcc550b101 None None] ssl:199.19.213.82:6642: connected
Apr 08 23:12:52.809746 np0000164402 devstack@neutron-api.service[102759]: DEBUG ovsdbapp.backend.ovs_idl [None req-b127e2c6-d799-4229-9e9a-3b6e0e16ee03 None None] Created lookup_table index Logical_Switch.name {{(pid=102759) autocreate_indices /opt/stack/data/venv/lib/python3.12/site-packages/ovsdbapp/backend/ovs_idl/__init__.py:87}}
Apr 08 23:12:52.809864 np0000164402 devstack@neutron-api.service[102759]: DEBUG ovsdbapp.backend.ovs_idl [None req-b127e2c6-d799-4229-9e9a-3b6e0e16ee03 None None] Created lookup_table index Logical_Router.name {{(pid=102759) autocreate_indices /opt/stack/data/venv/lib/python3.12/site-packages/ovsdbapp/backend/ovs_idl/__init__.py:87}}
Apr 08 23:12:52.809961 np0000164402 devstack@neutron-api.service[102759]: DEBUG ovsdbapp.backend.ovs_idl [None req-b127e2c6-d799-4229-9e9a-3b6e0e16ee03 None None] Created lookup_table index Load_Balancer.name {{(pid=102759) autocreate_indices /opt/stack/data/venv/lib/python3.12/site-packages/ovsdbapp/backend/ovs_idl/__init__.py:87}}
Apr 08 23:12:52.810085 np0000164402 devstack@neutron-api.service[102759]: DEBUG ovsdbapp.backend.ovs_idl [None req-b127e2c6-d799-4229-9e9a-3b6e0e16ee03 None None] Created schema index Copp.name {{(pid=102759) autocreate_indices /opt/stack/data/venv/lib/python3.12/site-packages/ovsdbapp/backend/ovs_idl/__init__.py:106}}
Apr 08 23:12:52.810181 np0000164402 devstack@neutron-api.service[102759]: DEBUG ovsdbapp.backend.ovs_idl [None req-b127e2c6-d799-4229-9e9a-3b6e0e16ee03 None None] Created schema index Meter.name {{(pid=102759) autocreate_indices /opt/stack/data/venv/lib/python3.12/site-packages/ovsdbapp/backend/ovs_idl/__init__.py:106}}
Apr 08 23:12:52.810329 np0000164402 devstack@neutron-api.service[102759]: DEBUG ovsdbapp.backend.ovs_idl [None req-b127e2c6-d799-4229-9e9a-3b6e0e16ee03 None None] Created schema index Load_Balancer_Group.name {{(pid=102759) autocreate_indices /opt/stack/data/venv/lib/python3.12/site-packages/ovsdbapp/backend/ovs_idl/__init__.py:106}}
Apr 08 23:12:52.810457 np0000164402 devstack@neutron-api.service[102759]: DEBUG ovsdbapp.backend.ovs_idl [None req-b127e2c6-d799-4229-9e9a-3b6e0e16ee03 None None] Created schema index HA_Chassis_Group.name {{(pid=102759) autocreate_indices /opt/stack/data/venv/lib/python3.12/site-packages/ovsdbapp/backend/ovs_idl/__init__.py:106}}
Apr 08 23:12:52.810457 np0000164402 devstack@neutron-api.service[102759]: DEBUG ovsdbapp.backend.ovs_idl [None req-b127e2c6-d799-4229-9e9a-3b6e0e16ee03 None None] Created schema index Address_Set.name {{(pid=102759) autocreate_indices /opt/stack/data/venv/lib/python3.12/site-packages/ovsdbapp/backend/ovs_idl/__init__.py:106}}
Apr 08 23:12:52.810583 np0000164402 devstack@neutron-api.service[102759]: DEBUG ovsdbapp.backend.ovs_idl [None req-b127e2c6-d799-4229-9e9a-3b6e0e16ee03 None None] Created schema index Connection.target {{(pid=102759) autocreate_indices /opt/stack/data/venv/lib/python3.12/site-packages/ovsdbapp/backend/ovs_idl/__init__.py:106}}
Apr 08 23:12:52.810672 np0000164402 devstack@neutron-api.service[102759]: DEBUG ovsdbapp.backend.ovs_idl [None req-b127e2c6-d799-4229-9e9a-3b6e0e16ee03 None None] Created schema index Gateway_Chassis.name {{(pid=102759) autocreate_indices /opt/stack/data/venv/lib/python3.12/site-packages/ovsdbapp/backend/ovs_idl/__init__.py:106}}
Apr 08 23:12:52.810761 np0000164402 devstack@neutron-api.service[102759]: DEBUG ovsdbapp.backend.ovs_idl [None req-b127e2c6-d799-4229-9e9a-3b6e0e16ee03 None None] Created schema index Mirror.name {{(pid=102759) autocreate_indices /opt/stack/data/venv/lib/python3.12/site-packages/ovsdbapp/backend/ovs_idl/__init__.py:106}}
Apr 08 23:12:52.810803 np0000164402 devstack@neutron-api.service[102759]: DEBUG ovsdbapp.backend.ovs_idl [None req-b127e2c6-d799-4229-9e9a-3b6e0e16ee03 None None] Created schema index Chassis_Template_Var.chassis {{(pid=102759) autocreate_indices /opt/stack/data/venv/lib/python3.12/site-packages/ovsdbapp/backend/ovs_idl/__init__.py:106}}
