2026-06-26 11:33:49.938 9 WARNING neutron.api.rpc.agentnotifiers.dhcp_rpc_agent_api [None req-3c823445-d4d8-42ed-90bd-3d83c30a0a81 2f73a200cd7c4b8d8b4057ee622b0388 3a79f54772804c11854d751c2f96a416 - - default default] Unable to schedule network 2bac564d-8b4c-4733-bda4-a2b37c8844db: no agents available; will retry on subsequent port and subnet creation events.
2026-06-26 11:33:50.014 9 INFO neutron.db.ovn_revision_numbers_db [None req-3c823445-d4d8-42ed-90bd-3d83c30a0a81 2f73a200cd7c4b8d8b4057ee622b0388 3a79f54772804c11854d751c2f96a416 - - default default] Successfully bumped revision number for resource 1906c2fa-35a3-42a9-b728-f37edf2b5b50 (type: ports) to 1
2026-06-26 11:33:50.037 9 INFO neutron.wsgi [None req-3c823445-d4d8-42ed-90bd-3d83c30a0a81 2f73a200cd7c4b8d8b4057ee622b0388 3a79f54772804c11854d751c2f96a416 - - default default] 10.0.0.94 "POST /v2.0/networks HTTP/1.1" status: 201 len: 831 time: 0.6030605
2026-06-26 11:33:50.047 9 WARNING neutron_lib.context [None req-d84d6464-1340-4372-954f-bb83bc825403 2f73a200cd7c4b8d8b4057ee622b0388 3a79f54772804c11854d751c2f96a416 - - default default] Method 'is_advsvc' is deprecated since 2023.2 release (neutron-lib 3.8.0) and will be removed once support for the old RBAC API policies will be removed from Neutron. Please use method 'is_service_role' instead.
2026-06-26 11:33:50.130 9 INFO neutron.db.segments_db [None req-d84d6464-1340-4372-954f-bb83bc825403 2f73a200cd7c4b8d8b4057ee622b0388 3a79f54772804c11854d751c2f96a416 - - default default] Added segment df98ab93-6c02-4a36-aac2-dd4778ebf1fe of type geneve for network f28d9efb-7456-4d44-af75-3e750feb116a
2026-06-26 11:33:50.302 9 INFO neutron.db.ovn_revision_numbers_db [None req-d84d6464-1340-4372-954f-bb83bc825403 2f73a200cd7c4b8d8b4057ee622b0388 3a79f54772804c11854d751c2f96a416 - - default default] Successfully bumped revision number for resource f28d9efb-7456-4d44-af75-3e750feb116a (type: networks) to 1
2026-06-26 11:33:50.495 9 WARNING neutron.scheduler.dhcp_agent_scheduler [None req-d84d6464-1340-4372-954f-bb83bc825403 2f73a200cd7c4b8d8b4057ee622b0388 3a79f54772804c11854d751c2f96a416 - - default default] No more DHCP agents
2026-06-26 11:33:50.498 9 WARNING neutron.api.rpc.agentnotifiers.dhcp_rpc_agent_api [None req-d84d6464-1340-4372-954f-bb83bc825403 2f73a200cd7c4b8d8b4057ee622b0388 3a79f54772804c11854d751c2f96a416 - - default default] Unable to schedule network f28d9efb-7456-4d44-af75-3e750feb116a: no agents available; will retry on subsequent port and subnet creation events.
2026-06-26 11:33:50.607 9 INFO neutron.db.ovn_revision_numbers_db [None req-d84d6464-1340-4372-954f-bb83bc825403 2f73a200cd7c4b8d8b4057ee622b0388 3a79f54772804c11854d751c2f96a416 - - default default] Successfully bumped revision number for resource 1c00eaae-1a7f-4f60-ba16-d104332eced8 (type: ports) to 1
2026-06-26 11:33:50.636 9 INFO neutron.wsgi [None req-d84d6464-1340-4372-954f-bb83bc825403 2f73a200cd7c4b8d8b4057ee622b0388 3a79f54772804c11854d751c2f96a416 - - default default] 10.0.0.94 "POST /v2.0/networks HTTP/1.1" status: 201 len: 831 time: 0.5939791
2026-06-26 11:33:50.650 9 WARNING neutron_lib.context [None req-025531c6-a406-4195-9fb8-18c08446ca8e 2f73a200cd7c4b8d8b4057ee622b0388 3a79f54772804c11854d751c2f96a416 - - default default] Method 'is_advsvc' is deprecated since 2023.2 release (neutron-lib 3.8.0) and will be removed once support for the old RBAC API policies will be removed from Neutron. Please use method 'is_service_role' instead.
2026-06-26 11:33:50.734 9 INFO neutron.db.segments_db [None req-025531c6-a406-4195-9fb8-18c08446ca8e 2f73a200cd7c4b8d8b4057ee622b0388 3a79f54772804c11854d751c2f96a416 - - default default] Added segment 80d21afa-5e09-49ac-b1d7-0f8051568ae0 of type geneve for network a6fbdbc0-5c3e-4b11-9457-32099a00f271
2026-06-26 11:33:50.900 9 INFO neutron.db.ovn_revision_numbers_db [None req-025531c6-a406-4195-9fb8-18c08446ca8e 2f73a200cd7c4b8d8b4057ee622b0388 3a79f54772804c11854d751c2f96a416 - - default default] Successfully bumped revision number for resource a6fbdbc0-5c3e-4b11-9457-32099a00f271 (type: networks) to 1
2026-06-26 11:33:51.068 9 WARNING neutron.scheduler.dhcp_agent_scheduler [None req-025531c6-a406-4195-9fb8-18c08446ca8e 2f73a200cd7c4b8d8b4057ee622b0388 3a79f54772804c11854d751c2f96a416 - - default default] No more DHCP agents
2026-06-26 11:33:51.070 9 WARNING neutron.api.rpc.agentnotifiers.dhcp_rpc_agent_api [None req-025531c6-a406-4195-9fb8-18c08446ca8e 2f73a200cd7c4b8d8b4057ee622b0388 3a79f54772804c11854d751c2f96a416 - - default default] Unable to schedule network a6fbdbc0-5c3e-4b11-9457-32099a00f271: no agents available; will retry on subsequent port and subnet creation events. /var/lib/openstack/lib/python3.10/site-packages/pycadf/identifier.py:71: UserWarning: Invalid uuid: neutron. To ensure interoperability, identifiers should be a valid uuid. warnings.warn(('Invalid uuid: %s. To ensure interoperability, '
2026-06-26 11:33:51.188 9 INFO neutron.db.ovn_revision_numbers_db [None req-025531c6-a406-4195-9fb8-18c08446ca8e 2f73a200cd7c4b8d8b4057ee622b0388 3a79f54772804c11854d751c2f96a416 - - default default] Successfully bumped revision number for resource 1825af10-7a1b-4294-baea-bd0cc7a8e93d (type: ports) to 1
2026-06-26 11:33:51.215 9 INFO neutron.wsgi [None req-025531c6-a406-4195-9fb8-18c08446ca8e 2f73a200cd7c4b8d8b4057ee622b0388 3a79f54772804c11854d751c2f96a416 - - default default] 10.0.0.94 "POST /v2.0/networks HTTP/1.1" status: 201 len: 830 time: 0.5717905
2026-06-26 11:33:51.280 9 INFO neutron.wsgi [None req-e422b69c-e998-49d4-96a0-e28b6f113053 2f73a200cd7c4b8d8b4057ee622b0388 3a79f54772804c11854d751c2f96a416 - - default default] 10.0.0.94 "PUT /v2.0/networks/7c3af476-7a3d-4564-8590-89582deb3b3f/tags HTTP/1.1" status: 200 len: 210 time: 0.0582922
2026-06-26 11:33:51.354 10 INFO neutron.wsgi [None req-3d9deb42-e128-4c8d-9825-2aef01078345 2f73a200cd7c4b8d8b4057ee622b0388 3a79f54772804c11854d751c2f96a416 - - default default] 10.0.0.94 "PUT /v2.0/networks/95337afa-e2d1-406d-89ed-2f40af13a802/tags HTTP/1.1" status: 200 len: 218 time: 0.0673382
2026-06-26 11:33:51.431 9 INFO neutron.wsgi [None req-16a06fd9-9608-430e-b7be-d47eeed98d5c 2f73a200cd7c4b8d8b4057ee622b0388 3a79f54772804c11854d751c2f96a416 - - default default] 10.0.0.94 "PUT /v2.0/networks/2bac564d-8b4c-4733-bda4-a2b37c8844db/tags HTTP/1.1" status: 200 len: 227 time: 0.0705564
2026-06-26 11:33:51.494 9 INFO neutron.wsgi [None req-3673ccc5-c997-40e4-a7c9-a57a10a98881 2f73a200cd7c4b8d8b4057ee622b0388 3a79f54772804c11854d751c2f96a416 - - default default] 10.0.0.94 "PUT /v2.0/networks/f28d9efb-7456-4d44-af75-3e750feb116a/tags HTTP/1.1" status: 200 len: 212 time: 0.0579123
2026-06-26 11:33:51.918 10 INFO neutron.db.ovn_revision_numbers_db [None req-c161c1f9-0083-44be-a760-5e466812a05b cf84a65b96fe40e3afd2dbd42244ec16 ee48f5bd4cd34d78a54267d47f83f5ed - - default default] Successfully bumped revision number for resource 2a8d58e4-5175-424e-bdf7-839ad8900247 (type: security_groups) to 1
2026-06-26 11:33:51.950 10 INFO neutron.db.ovn_revision_numbers_db [None req-c161c1f9-0083-44be-a760-5e466812a05b cf84a65b96fe40e3afd2dbd42244ec16 ee48f5bd4cd34d78a54267d47f83f5ed - - default default] Successfully bumped revision number for resource 3bb0d46f-31c9-454f-a0bf-b40ca4071ecb (type: security_group_rules) to 0
2026-06-26 11:33:51.974 10 INFO neutron.db.ovn_revision_numbers_db [None req-c161c1f9-0083-44be-a760-5e466812a05b cf84a65b96fe40e3afd2dbd42244ec16 ee48f5bd4cd34d78a54267d47f83f5ed - - default default] Successfully bumped revision number for resource 3d2c89b7-fa37-406f-9468-fbf4942ea2e6 (type: security_group_rules) to 0
2026-06-26 11:33:51.994 10 INFO neutron.db.ovn_revision_numbers_db [None req-c161c1f9-0083-44be-a760-5e466812a05b cf84a65b96fe40e3afd2dbd42244ec16 ee48f5bd4cd34d78a54267d47f83f5ed - - default default] Successfully bumped revision number for resource 5c3ce66d-429f-44f1-a6de-d3cda04bd10f (type: security_group_rules) to 0
2026-06-26 11:33:52.027 10 INFO neutron.db.ovn_revision_numbers_db [None req-c161c1f9-0083-44be-a760-5e466812a05b cf84a65b96fe40e3afd2dbd42244ec16 ee48f5bd4cd34d78a54267d47f83f5ed - - default default] Successfully bumped revision number for resource 620c7068-f43a-4075-8f60-46a7745d9e3a (type: security_group_rules) to 0
2026-06-26 11:33:52.065 10 INFO neutron.wsgi [None req-c161c1f9-0083-44be-a760-5e466812a05b cf84a65b96fe40e3afd2dbd42244ec16 ee48f5bd4cd34d78a54267d47f83f5ed - - default default] 10.0.0.94 "GET /v2.0/security-groups?tenant_id=79cd41ade94f447e88d1156e103c171e&name=default HTTP/1.1" status: 200 len: 2996 time: 0.7019005
2026-06-26 11:33:52.187 9 INFO neutron.wsgi [None req-079792ca-d286-4d2f-b61c-b78e1fb98cae 2f73a200cd7c4b8d8b4057ee622b0388 3a79f54772804c11854d751c2f96a416 - - default default] 10.0.0.94 "GET /v2.0/networks?tags=red HTTP/1.1" status: 200 len: 2068 time: 0.6732194
2026-06-26 11:33:52.269 9 INFO neutron.wsgi [None req-1f8620ec-f4ca-4a59-a86e-0760a2f9a829 2f73a200cd7c4b8d8b4057ee622b0388 3a79f54772804c11854d751c2f96a416 - - default default] 10.0.0.94 "GET /v2.0/networks?tags=red%2Cblue HTTP/1.1" status: 200 len: 1456 time: 0.0765412
2026-06-26 11:33:52.340 10 INFO neutron.wsgi [None req-aef34521-a98d-4790-8082-8d5792c93503 cf84a65b96fe40e3afd2dbd42244ec16 ee48f5bd4cd34d78a54267d47f83f5ed - - default default] 10.0.0.94 "DELETE /v2.0/security-groups/2a8d58e4-5175-424e-bdf7-839ad8900247 HTTP/1.1" status: 204 len: 168 time: 0.2693105
2026-06-26 11:33:52.363 9 INFO neutron.wsgi [None req-e3db0f81-8c40-41d5-9742-675b344ac079 2f73a200cd7c4b8d8b4057ee622b0388 3a79f54772804c11854d751c2f96a416 - - default default] 10.0.0.94 "GET /v2.0/networks?tags-any=blue HTTP/1.1" status: 200 len: 1456 time: 0.0867600
2026-06-26 11:33:52.391 10 INFO neutron.wsgi [None req-5c1bf36e-0e90-442e-bd3f-36413a995b11 cf84a65b96fe40e3afd2dbd42244ec16 ee48f5bd4cd34d78a54267d47f83f5ed - - default default] 10.0.0.94 "PUT /v2.0/routers/5415b093-6146-4ba8-ade5-3325daa1d5d7/remove_router_interface HTTP/1.1" status: 200 len: 503 time: 1.2889280 /var/lib/openstack/lib/python3.10/site-packages/pycadf/identifier.py:71: UserWarning: Invalid uuid: neutron. To ensure interoperability, identifiers should be a valid uuid. warnings.warn(('Invalid uuid: %s. To ensure interoperability, '
2026-06-26 11:33:52.452 9 INFO neutron.wsgi [None req-b71a9ca9-593f-4dcc-aaef-876e44dd18c8 2f73a200cd7c4b8d8b4057ee622b0388 3a79f54772804c11854d751c2f96a416 - - default default] 10.0.0.94 "GET /v2.0/networks?tags-any=red%2Cblue HTTP/1.1" status: 200 len: 2068 time: 0.0838175
2026-06-26 11:33:52.645 9 INFO neutron.wsgi [None req-61bc9bd5-e803-4b0b-9bd5-a4a2a9b3d849 2f73a200cd7c4b8d8b4057ee622b0388 3a79f54772804c11854d751c2f96a416 - - default default] 10.0.0.94 "GET /v2.0/networks?not-tags=red HTTP/1.1" status: 200 len: 2068 time: 0.1873367
2026-06-26 11:33:52.661 10 INFO neutron.db.ovn_revision_numbers_db [None req-def77800-b26e-4331-8d94-08076765f6b9 cf84a65b96fe40e3afd2dbd42244ec16 ee48f5bd4cd34d78a54267d47f83f5ed - - default default] Successfully bumped revision number for resource 65b826c7-d4d9-406c-bd92-813f0455a24a (type: security_groups) to 1
2026-06-26 11:33:52.687 10 INFO neutron.db.ovn_revision_numbers_db [None req-def77800-b26e-4331-8d94-08076765f6b9 cf84a65b96fe40e3afd2dbd42244ec16 ee48f5bd4cd34d78a54267d47f83f5ed - - default default] Successfully bumped revision number for resource 09bdbae7-f3f3-4921-b3b3-b850c7b4f264 (type: security_group_rules) to 0
2026-06-26 11:33:52.723 10 INFO neutron.db.ovn_revision_numbers_db [None req-def77800-b26e-4331-8d94-08076765f6b9 cf84a65b96fe40e3afd2dbd42244ec16 ee48f5bd4cd34d78a54267d47f83f5ed - - default default] Successfully bumped revision number for resource 14b688ab-f8c9-4b89-9a3d-25cea5d5d83e (type: security_group_rules) to 0
2026-06-26 11:33:52.741 10 INFO neutron.db.ovn_revision_numbers_db [None req-def77800-b26e-4331-8d94-08076765f6b9 cf84a65b96fe40e3afd2dbd42244ec16 ee48f5bd4cd34d78a54267d47f83f5ed - - default default] Successfully bumped revision number for resource 3e054cb7-53b8-4198-982c-b31fa5496c30 (type: security_group_rules) to 0
2026-06-26 11:33:52.760 10 INFO neutron.db.ovn_revision_numbers_db [None req-def77800-b26e-4331-8d94-08076765f6b9 cf84a65b96fe40e3afd2dbd42244ec16 ee48f5bd4cd34d78a54267d47f83f5ed - - default default] Successfully bumped revision number for resource f2f65216-9e6d-4a2b-bfb4-6e61c524ab42 (type: security_group_rules) to 0
2026-06-26 11:33:52.768 9 INFO neutron.wsgi [None req-afca8775-07fb-4e9f-93ef-c39a4d7d9fa7 2f73a200cd7c4b8d8b4057ee622b0388 3a79f54772804c11854d751c2f96a416 - - default default] 10.0.0.94 "GET /v2.0/networks?not-tags=red%2Cblue HTTP/1.1" status: 200 len: 2680 time: 0.1186523
2026-06-26 11:33:52.786 10 INFO neutron.wsgi [None req-def77800-b26e-4331-8d94-08076765f6b9 cf84a65b96fe40e3afd2dbd42244ec16 ee48f5bd4cd34d78a54267d47f83f5ed - - default default] 10.0.0.94 "GET /v2.0/security-groups?tenant_id=0131b54aa12b4f8c8b6289764efedfda&name=default HTTP/1.1" status: 200 len: 2996 time: 0.3242800
2026-06-26 11:33:52.879 9 INFO neutron.wsgi [None req-14d7b39f-ff36-468b-8f69-73055e10cb9e 2f73a200cd7c4b8d8b4057ee622b0388 3a79f54772804c11854d751c2f96a416 - - default default] 10.0.0.94 "GET /v2.0/networks?not-tags-any=blue HTTP/1.1" status: 200 len: 2680 time: 0.1041484
2026-06-26 11:33:52.958 9 INFO neutron.wsgi [None req-7c4351e0-3781-4c27-9fa3-f1864a984cad 2f73a200cd7c4b8d8b4057ee622b0388 3a79f54772804c11854d751c2f96a416 - - default default] 10.0.0.94 "GET /v2.0/networks?not-tags-any=red%2Cblue HTTP/1.1" status: 200 len: 2068 time: 0.0712366
2026-06-26 11:33:53.073 10 INFO neutron.wsgi [None req-2359a5b0-7423-4c78-96be-f3d199ab259d cf84a65b96fe40e3afd2dbd42244ec16 ee48f5bd4cd34d78a54267d47f83f5ed - - default default] 10.0.0.94 "DELETE /v2.0/security-groups/65b826c7-d4d9-406c-bd92-813f0455a24a HTTP/1.1" status: 204 len: 168 time: 0.2772727
2026-06-26 11:33:53.270 9 INFO neutron.services.segments.plugin [-] Segment e3f5ad7c-c846-4ff5-a624-a6f2a5d81d50 resource provider aggregate not found
2026-06-26 11:33:53.275 9 INFO neutron.services.segments.plugin [-] Segment e3f5ad7c-c846-4ff5-a624-a6f2a5d81d50 resource provider aggregate not found
2026-06-26 11:33:53.291 9 INFO neutron.services.segments.plugin [-] Segment e3f5ad7c-c846-4ff5-a624-a6f2a5d81d50 resource provider not found; error: Placement Client Error (4xx): {"errors": [{"status": 404, "title": "Not Found", "detail": "The resource could not be found.\n\n No resource provider with uuid e3f5ad7c-c846-4ff5-a624-a6f2a5d81d50 found for delete ", "request_id": "req-fbb52ae4-7606-4189-ada8-09097918492f"}]}
2026-06-26 11:33:53.295 9 INFO neutron.services.segments.plugin [-] Segment e3f5ad7c-c846-4ff5-a624-a6f2a5d81d50 resource provider not found; error: Placement Client Error (4xx): {"errors": [{"status": 404, "title": "Not Found", "detail": "The resource could not be found.\n\n No resource provider with uuid e3f5ad7c-c846-4ff5-a624-a6f2a5d81d50 found for delete ", "request_id": "req-7d7ea0e8-6956-414a-a8c0-1f2ef78104b1"}]}
2026-06-26 11:33:53.319 9 INFO neutron.wsgi [None req-b4e980de-d127-4719-a4c7-f90f94d63d2a 2f73a200cd7c4b8d8b4057ee622b0388 3a79f54772804c11854d751c2f96a416 - - default default] 10.0.0.94 "DELETE /v2.0/networks/7c3af476-7a3d-4564-8590-89582deb3b3f HTTP/1.1" status: 204 len: 168 time: 0.3542564
2026-06-26 11:33:53.345 10 INFO neutron.wsgi [None req-7fc9a70a-b15d-478d-b954-f427dac32e2a cf84a65b96fe40e3afd2dbd42244ec16 ee48f5bd4cd34d78a54267d47f83f5ed - - default default] 10.0.0.94 "DELETE /v2.0/routers/5415b093-6146-4ba8-ade5-3325daa1d5d7 HTTP/1.1" status: 204 len: 168 time: 0.9472792
2026-06-26 11:33:53.603 10 INFO neutron.wsgi [None req-d2694d57-3df0-4703-aee2-02e7d83ea84b cf84a65b96fe40e3afd2dbd42244ec16 ee48f5bd4cd34d78a54267d47f83f5ed - - default default] 10.0.0.94 "DELETE /v2.0/subnets/c8af104c-861f-4957-99db-29d202f70b6b HTTP/1.1" status: 204 len: 168 time: 0.2536042
2026-06-26 11:33:53.771 10 INFO neutron.services.segments.plugin [-] Segment ff8ea57a-0d88-4d20-8702-dfc0008d24cf resource provider aggregate not found
2026-06-26 11:33:53.776 10 INFO neutron.services.segments.plugin [-] Segment ff8ea57a-0d88-4d20-8702-dfc0008d24cf resource provider aggregate not found
2026-06-26 11:33:53.790 10 INFO neutron.services.segments.plugin [-] Segment ff8ea57a-0d88-4d20-8702-dfc0008d24cf resource provider not found; error: Placement Client Error (4xx): {"errors": [{"status": 404, "title": "Not Found", "detail": "The resource could not be found.\n\n No resource provider with uuid ff8ea57a-0d88-4d20-8702-dfc0008d24cf found for delete ", "request_id": "req-be418e94-0c5d-42d7-9737-620712fc9953"}]}
2026-06-26 11:33:53.792 10 INFO neutron.services.segments.plugin [-] Segment ff8ea57a-0d88-4d20-8702-dfc0008d24cf resource provider not found; error: Placement Client Error (4xx): {"errors": [{"status": 404, "title": "Not Found", "detail": "The resource could not be found.\n\n No resource provider with uuid ff8ea57a-0d88-4d20-8702-dfc0008d24cf found for delete ", "request_id": "req-5ec4a800-360b-4c25-96a7-78196f689fbd"}]}
2026-06-26 11:33:53.835 10 INFO neutron.wsgi [None req-9c23a2b1-b9fa-4de2-ab79-87ec28410d19 2f73a200cd7c4b8d8b4057ee622b0388 3a79f54772804c11854d751c2f96a416 - - default default] 10.0.0.94 "DELETE /v2.0/networks/95337afa-e2d1-406d-89ed-2f40af13a802 HTTP/1.1" status: 204 len: 168 time: 0.5095983
2026-06-26 11:33:54.127 9 INFO neutron.wsgi [None req-2ed14784-fed0-4546-971e-33ad2bd930f7 cf84a65b96fe40e3afd2dbd42244ec16 ee48f5bd4cd34d78a54267d47f83f5ed - - default default] 10.0.0.94 "DELETE /v2.0/networks/f1994978-00a8-4000-9677-03ba4c3f229b HTTP/1.1" status: 204 len: 168 time: 0.5114565
2026-06-26 11:33:54.332 9 INFO neutron.wsgi [None req-7b0079f0-3917-445f-a937-467d0828f24e 2f73a200cd7c4b8d8b4057ee622b0388 3a79f54772804c11854d751c2f96a416 - - default default] 10.0.0.94 "DELETE /v2.0/networks/2bac564d-8b4c-4733-bda4-a2b37c8844db HTTP/1.1" status: 204 len: 168 time: 0.4873216
2026-06-26 11:33:54.370 9 INFO neutron.wsgi [None req-6517198b-e34f-4ee0-9bb9-d6661f30e312 cf84a65b96fe40e3afd2dbd42244ec16 ee48f5bd4cd34d78a54267d47f83f5ed - - default default] 10.0.0.94 "GET /v2.0/security-groups?tenant_id=2857e1cf393846c0a6dd1fb069005fda&name=default HTTP/1.1" status: 200 len: 2996 time: 0.0421669
2026-06-26 11:33:54.390 10 INFO neutron.db.ovn_revision_numbers_db [None req-d2df9c69-856e-4ac8-af58-b2a47d7146aa cf84a65b96fe40e3afd2dbd42244ec16 ee48f5bd4cd34d78a54267d47f83f5ed - - default default] Successfully bumped revision number for resource 64b4e409-a15c-46cf-9148-317943d7ae35 (type: security_groups) to 1
2026-06-26 11:33:54.425 10 INFO neutron.db.ovn_revision_numbers_db [None req-d2df9c69-856e-4ac8-af58-b2a47d7146aa cf84a65b96fe40e3afd2dbd42244ec16 ee48f5bd4cd34d78a54267d47f83f5ed - - default default] Successfully bumped revision number for resource 02bf8447-0baa-47e6-b347-caee5a95eb29 (type: security_group_rules) to 0
2026-06-26 11:33:54.442 10 INFO neutron.db.ovn_revision_numbers_db [None req-d2df9c69-856e-4ac8-af58-b2a47d7146aa cf84a65b96fe40e3afd2dbd42244ec16 ee48f5bd4cd34d78a54267d47f83f5ed - - default default] Successfully bumped revision number for resource b23629b2-1ac7-4cd9-ae47-b5f12fb92fe5 (type: security_group_rules) to 0
2026-06-26 11:33:54.476 10 INFO neutron.db.ovn_revision_numbers_db [None req-d2df9c69-856e-4ac8-af58-b2a47d7146aa cf84a65b96fe40e3afd2dbd42244ec16 ee48f5bd4cd34d78a54267d47f83f5ed - - default default] Successfully bumped revision number for resource eaf87011-e6c4-4476-8f3a-0ce74e2e434f (type: security_group_rules) to 0
2026-06-26 11:33:54.509 10 INFO neutron.db.ovn_revision_numbers_db [None req-d2df9c69-856e-4ac8-af58-b2a47d7146aa cf84a65b96fe40e3afd2dbd42244ec16 ee48f5bd4cd34d78a54267d47f83f5ed - - default default] Successfully bumped revision number for resource ebbf3e1d-db75-494b-a74f-918b464f084e (type: security_group_rules) to 0
2026-06-26 11:33:54.546 10 INFO neutron.wsgi [None req-d2df9c69-856e-4ac8-af58-b2a47d7146aa cf84a65b96fe40e3afd2dbd42244ec16 ee48f5bd4cd34d78a54267d47f83f5ed - - default default] 10.0.0.94 "GET /v2.0/security-groups?tenant_id=8a90d75c68ff4fda948d73890e971fb3&name=default HTTP/1.1" status: 200 len: 2996 time: 0.4999185
2026-06-26 11:33:54.590 9 INFO neutron.wsgi [None req-f272e076-a3fa-4abe-bb4c-c6ef26129f66 cf84a65b96fe40e3afd2dbd42244ec16 ee48f5bd4cd34d78a54267d47f83f5ed - - default default] 10.0.0.94 "DELETE /v2.0/security-groups/cc9aab18-30d6-4ffb-acd1-5367ba69afe8 HTTP/1.1" status: 204 len: 168 time: 0.2144101
2026-06-26 11:33:54.774 10 INFO neutron.wsgi [None req-1081cfd0-3da7-42cc-b2db-31af2e110dcf 2f73a200cd7c4b8d8b4057ee622b0388 3a79f54772804c11854d751c2f96a416 - - default default] 10.0.0.94 "DELETE /v2.0/networks/f28d9efb-7456-4d44-af75-3e750feb116a HTTP/1.1" status: 204 len: 168 time: 0.4379897
2026-06-26 11:33:54.802 9 INFO neutron.wsgi [None req-150b0a75-8643-4be2-b63d-f6ff50dea61e cf84a65b96fe40e3afd2dbd42244ec16 ee48f5bd4cd34d78a54267d47f83f5ed - - default default] 10.0.0.94 "DELETE /v2.0/security-groups/64b4e409-a15c-46cf-9148-317943d7ae35 HTTP/1.1" status: 204 len: 168 time: 0.2492185
2026-06-26 11:33:55.191 9 INFO neutron.wsgi [None req-8f3cdf97-f8f7-4113-8d9e-0f3450ba594c 2f73a200cd7c4b8d8b4057ee622b0388 3a79f54772804c11854d751c2f96a416 - - default default] 10.0.0.94 "DELETE /v2.0/networks/a6fbdbc0-5c3e-4b11-9457-32099a00f271 HTTP/1.1" status: 204 len: 168 time: 0.4106262
2026-06-26 11:33:55.321 9 INFO neutron.services.segments.plugin [-] Segment c9bd604b-cbaa-4677-bf5d-ebae8c179803 resource provider aggregate not found
2026-06-26 11:33:55.329 9 INFO neutron.services.segments.plugin [-] Segment c9bd604b-cbaa-4677-bf5d-ebae8c179803 resource provider aggregate not found
2026-06-26 11:33:55.348 9 INFO neutron.services.segments.plugin [-] Segment c9bd604b-cbaa-4677-bf5d-ebae8c179803 resource provider not found; error: Placement Client Error (4xx): {"errors": [{"status": 404, "title": "Not Found", "detail": "The resource could not be found.\n\n No resource provider with uuid c9bd604b-cbaa-4677-bf5d-ebae8c179803 found for delete ", "request_id": "req-dfa7abae-c00e-42e1-8a68-5e245558dc20"}]}
2026-06-26 11:33:55.355 9 INFO neutron.services.segments.plugin [-] Segment c9bd604b-cbaa-4677-bf5d-ebae8c179803 resource provider not found; error: Placement Client Error (4xx): {"errors": [{"status": 404, "title": "Not Found", "detail": "The resource could not be found.\n\n No resource provider with uuid c9bd604b-cbaa-4677-bf5d-ebae8c179803 found for delete ", "request_id": "req-a9fc5579-b75d-491b-be5b-f35c1ad56709"}]}
2026-06-26 11:33:55.367 9 INFO neutron.services.segments.plugin [-] Segment 0e6c7a0e-d5b4-4f10-917b-0cbced9003cc resource provider aggregate not found
2026-06-26 11:33:55.372 9 INFO neutron.services.segments.plugin [-] Segment 0e6c7a0e-d5b4-4f10-917b-0cbced9003cc resource provider aggregate not found
2026-06-26 11:33:55.385 9 INFO neutron.services.segments.plugin [-] Segment 0e6c7a0e-d5b4-4f10-917b-0cbced9003cc resource provider not found; error: Placement Client Error (4xx): {"errors": [{"status": 404, "title": "Not Found", "detail": "The resource could not be found.\n\n No resource provider with uuid 0e6c7a0e-d5b4-4f10-917b-0cbced9003cc found for delete ", "request_id": "req-a4a852fb-9ff0-4634-9a7a-02ee22b91a3b"}]}
2026-06-26 11:33:55.391 9 INFO neutron.services.segments.plugin [-] Segment 0e6c7a0e-d5b4-4f10-917b-0cbced9003cc resource provider not found; error: Placement Client Error (4xx): {"errors": [{"status": 404, "title": "Not Found", "detail": "The resource could not be found.\n\n No resource provider with uuid 0e6c7a0e-d5b4-4f10-917b-0cbced9003cc found for delete ", "request_id": "req-029371b7-37ff-442e-b2bc-1afc78a86470"}]}
2026-06-26 11:33:55.404 9 INFO neutron.services.segments.plugin [-] Segment 80d21afa-5e09-49ac-b1d7-0f8051568ae0 resource provider aggregate not found
2026-06-26 11:33:55.411 9 INFO neutron.services.segments.plugin [-] Segment 80d21afa-5e09-49ac-b1d7-0f8051568ae0 resource provider aggregate not found
2026-06-26 11:33:55.424 9 INFO neutron.services.segments.plugin [-] Segment 80d21afa-5e09-49ac-b1d7-0f8051568ae0 resource provider not found; error: Placement Client Error (4xx): {"errors": [{"status": 404, "title": "Not Found", "detail": "The resource could not be found.\n\n No resource provider with uuid 80d21afa-5e09-49ac-b1d7-0f8051568ae0 found for delete ", "request_id": "req-364ca6a9-449b-45fe-8660-5d7906cf6fc8"}]}
2026-06-26 11:33:55.430 9 INFO neutron.services.segments.plugin [-] Segment 80d21afa-5e09-49ac-b1d7-0f8051568ae0 resource provider not found; error: Placement Client Error (4xx): {"errors": [{"status": 404, "title": "Not Found", "detail": "The resource could not be found.\n\n No resource provider with uuid 80d21afa-5e09-49ac-b1d7-0f8051568ae0 found for delete ", "request_id": "req-2db80733-baf2-4c61-a48b-3cde8f1d3e83"}]}
2026-06-26 11:33:55.810 10 INFO neutron.services.segments.plugin [-] Segment df98ab93-6c02-4a36-aac2-dd4778ebf1fe resource provider aggregate not found
2026-06-26 11:33:55.816 10 INFO neutron.services.segments.plugin [-] Segment df98ab93-6c02-4a36-aac2-dd4778ebf1fe resource provider aggregate not found
2026-06-26 11:33:55.828 10 INFO neutron.services.segments.plugin [-] Segment df98ab93-6c02-4a36-aac2-dd4778ebf1fe resource provider not found; error: Placement Client Error (4xx): {"errors": [{"status": 404, "title": "Not Found", "detail": "The resource could not be found.\n\n No resource provider with uuid df98ab93-6c02-4a36-aac2-dd4778ebf1fe found for delete ", "request_id": "req-52ae1232-4af6-41f2-bf34-a119d5e4cd44"}]}
2026-06-26 11:33:55.894 10 INFO neutron.services.segments.plugin [-] Segment df98ab93-6c02-4a36-aac2-dd4778ebf1fe resource provider not found; error: Placement Client Error (4xx): {"errors": [{"status": 404, "title": "Not Found", "detail": "The resource could not be found.\n\n No resource provider with uuid df98ab93-6c02-4a36-aac2-dd4778ebf1fe found for delete ", "request_id": "req-b278cc82-4e36-4d4a-940b-eefff0ecaa43"}]}
2026-06-26 11:33:55.935 10 INFO neutron.db.ovn_revision_numbers_db [None req-a9bcf4a8-5ecd-41f4-abf1-9fba677b5a68 cf84a65b96fe40e3afd2dbd42244ec16 ee48f5bd4cd34d78a54267d47f83f5ed - - default default] Successfully bumped revision number for resource 84a6d03b-2678-40ac-9cb7-eb15926ab280 (type: security_groups) to 1
2026-06-26 11:33:55.949 10 INFO neutron.db.ovn_revision_numbers_db [None req-a9bcf4a8-5ecd-41f4-abf1-9fba677b5a68 cf84a65b96fe40e3afd2dbd42244ec16 ee48f5bd4cd34d78a54267d47f83f5ed - - default default] Successfully bumped revision number for resource 09b609f5-cc13-4f3f-89e7-e4df9cdfe2e5 (type: security_group_rules) to 0
2026-06-26 11:33:55.962 10 INFO neutron.db.ovn_revision_numbers_db [None req-a9bcf4a8-5ecd-41f4-abf1-9fba677b5a68 cf84a65b96fe40e3afd2dbd42244ec16 ee48f5bd4cd34d78a54267d47f83f5ed - - default default] Successfully bumped revision number for resource 6f88b93a-a75c-4a6b-9eaf-468aca3f7cc5 (type: security_group_rules) to 0
2026-06-26 11:33:55.977 10 INFO neutron.db.ovn_revision_numbers_db [None req-a9bcf4a8-5ecd-41f4-abf1-9fba677b5a68 cf84a65b96fe40e3afd2dbd42244ec16 ee48f5bd4cd34d78a54267d47f83f5ed - - default default] Successfully bumped revision number for resource 72683599-9bc0-407c-82ed-e24087dc1fd9 (type: security_group_rules) to 0
2026-06-26 11:33:55.992 10 INFO neutron.db.ovn_revision_numbers_db [None req-a9bcf4a8-5ecd-41f4-abf1-9fba677b5a68 cf84a65b96fe40e3afd2dbd42244ec16 ee48f5bd4cd34d78a54267d47f83f5ed - - default default] Successfully bumped revision number for resource fd901023-2eb7-4d2a-8a50-e98d7c3a0766 (type: security_group_rules) to 0
2026-06-26 11:33:56.018 10 INFO neutron.wsgi [None req-a9bcf4a8-5ecd-41f4-abf1-9fba677b5a68 cf84a65b96fe40e3afd2dbd42244ec16 ee48f5bd4cd34d78a54267d47f83f5ed - - default default] 10.0.0.94 "GET /v2.0/security-groups?tenant_id=6e7c90f6b4d14f8fbd9f774351d37ff6&name=default HTTP/1.1" status: 200 len: 2996 time: 0.4189463
2026-06-26 11:33:56.254 9 INFO neutron.wsgi [None req-17317aab-1e4e-4bfb-a686-ef77142e74ea cf84a65b96fe40e3afd2dbd42244ec16 ee48f5bd4cd34d78a54267d47f83f5ed - - default default] 10.0.0.94 "DELETE /v2.0/security-groups/84a6d03b-2678-40ac-9cb7-eb15926ab280 HTTP/1.1" status: 204 len: 168 time: 0.2304139
2026-06-26 11:33:56.406 10 INFO neutron.db.ovn_revision_numbers_db [None req-043e551d-f256-4dae-b645-ad198aa7801d cf84a65b96fe40e3afd2dbd42244ec16 ee48f5bd4cd34d78a54267d47f83f5ed - - default default] Successfully bumped revision number for resource d0382eac-887d-4442-abe4-701966cf1af6 (type: security_groups) to 1
2026-06-26 11:33:56.419 10 INFO neutron.db.ovn_revision_numbers_db [None req-043e551d-f256-4dae-b645-ad198aa7801d cf84a65b96fe40e3afd2dbd42244ec16 ee48f5bd4cd34d78a54267d47f83f5ed - - default default] Successfully bumped revision number for resource 28ea73ae-685a-40be-b341-a6c3fd0e4698 (type: security_group_rules) to 0
2026-06-26 11:33:56.432 10 INFO neutron.db.ovn_revision_numbers_db [None req-043e551d-f256-4dae-b645-ad198aa7801d cf84a65b96fe40e3afd2dbd42244ec16 ee48f5bd4cd34d78a54267d47f83f5ed - - default default] Successfully bumped revision number for resource 706247cb-40fb-4dfc-a893-798af4848ecf (type: security_group_rules) to 0
2026-06-26 11:33:56.452 10 INFO neutron.db.ovn_revision_numbers_db [None req-043e551d-f256-4dae-b645-ad198aa7801d cf84a65b96fe40e3afd2dbd42244ec16 ee48f5bd4cd34d78a54267d47f83f5ed - - default default] Successfully bumped revision number for resource 7e5bb08c-a540-4266-bc5f-a27359f1d443 (type: security_group_rules) to 0
2026-06-26 11:33:56.472 10 INFO neutron.db.ovn_revision_numbers_db [None req-043e551d-f256-4dae-b645-ad198aa7801d cf84a65b96fe40e3afd2dbd42244ec16 ee48f5bd4cd34d78a54267d47f83f5ed - - default default] Successfully bumped revision number for resource b0c8ed02-d892-4fe6-b7c0-d7c4a2ccca01 (type: security_group_rules) to 0
2026-06-26 11:33:56.496 10 INFO neutron.wsgi [None req-043e551d-f256-4dae-b645-ad198aa7801d cf84a65b96fe40e3afd2dbd42244ec16 ee48f5bd4cd34d78a54267d47f83f5ed - - default default] 10.0.0.94 "GET /v2.0/security-groups?tenant_id=1da0915ae0c64703ac5593564d3dc71a&name=default HTTP/1.1" status: 200 len: 2996 time: 0.2990534
2026-06-26 11:33:56.719 10 INFO neutron.wsgi [None req-4b39c966-f022-45c6-8d98-1ec2ece9ce3a cf84a65b96fe40e3afd2dbd42244ec16 ee48f5bd4cd34d78a54267d47f83f5ed - - default default] 10.0.0.94 "DELETE /v2.0/security-groups/d0382eac-887d-4442-abe4-701966cf1af6 HTTP/1.1" status: 204 len: 168 time: 0.2178009
2026-06-26 11:33:56.956 10 INFO neutron.db.ovn_revision_numbers_db [None req-87848ad9-d6c1-452d-9275-d8f3c30c267c cf84a65b96fe40e3afd2dbd42244ec16 ee48f5bd4cd34d78a54267d47f83f5ed - - default default] Successfully bumped revision number for resource c6166b11-1347-4e0c-a1ff-1a7c0f10227f (type: security_groups) to 1
2026-06-26 11:33:56.970 10 INFO neutron.db.ovn_revision_numbers_db [None req-87848ad9-d6c1-452d-9275-d8f3c30c267c cf84a65b96fe40e3afd2dbd42244ec16 ee48f5bd4cd34d78a54267d47f83f5ed - - default default] Successfully bumped revision number for resource 46d6878d-99d4-412a-bc36-c781ff69be97 (type: security_group_rules) to 0
2026-06-26 11:33:56.986 10 INFO neutron.db.ovn_revision_numbers_db [None req-87848ad9-d6c1-452d-9275-d8f3c30c267c cf84a65b96fe40e3afd2dbd42244ec16 ee48f5bd4cd34d78a54267d47f83f5ed - - default default] Successfully bumped revision number for resource 4b355179-8aa0-49ca-bb54-9d17d157488b (type: security_group_rules) to 0
2026-06-26 11:33:56.999 10 INFO neutron.db.ovn_revision_numbers_db [None req-87848ad9-d6c1-452d-9275-d8f3c30c267c cf84a65b96fe40e3afd2dbd42244ec16 ee48f5bd4cd34d78a54267d47f83f5ed - - default default] Successfully bumped revision number for resource 593f1218-9239-4c27-9de3-e4c2ef9726b1 (type: security_group_rules) to 0
2026-06-26 11:33:57.037 10 INFO neutron.db.ovn_revision_numbers_db [None req-87848ad9-d6c1-452d-9275-d8f3c30c267c cf84a65b96fe40e3afd2dbd42244ec16 ee48f5bd4cd34d78a54267d47f83f5ed - - default default] Successfully bumped revision number for resource d2942d8f-b112-4b06-a733-82c4728b2880 (type: security_group_rules) to 0
2026-06-26 11:33:57.064 10 INFO neutron.wsgi [None req-87848ad9-d6c1-452d-9275-d8f3c30c267c cf84a65b96fe40e3afd2dbd42244ec16 ee48f5bd4cd34d78a54267d47f83f5ed - - default default] 10.0.0.94 "GET /v2.0/security-groups?tenant_id=497dae38281c4401b06850078ae02a4d&name=default HTTP/1.1" status: 200 len: 2996 time: 0.2452464
2026-06-26 11:33:57.154 9 INFO neutron.db.ovn_revision_numbers_db [None req-2f12960e-995c-4bed-ae0e-f7da9009d9ef cf84a65b96fe40e3afd2dbd42244ec16 ee48f5bd4cd34d78a54267d47f83f5ed - - default default] Successfully bumped revision number for resource 4fdbdbfb-a190-4eec-bf66-6476f7a7fbc4 (type: security_groups) to 1
2026-06-26 11:33:57.172 9 INFO neutron.db.ovn_revision_numbers_db [None req-2f12960e-995c-4bed-ae0e-f7da9009d9ef cf84a65b96fe40e3afd2dbd42244ec16 ee48f5bd4cd34d78a54267d47f83f5ed - - default default] Successfully bumped revision number for resource 1dbf04bd-7b90-4cef-87ed-0137322aca5a (type: security_group_rules) to 0
2026-06-26 11:33:57.188 9 INFO neutron.db.ovn_revision_numbers_db [None req-2f12960e-995c-4bed-ae0e-f7da9009d9ef cf84a65b96fe40e3afd2dbd42244ec16 ee48f5bd4cd34d78a54267d47f83f5ed - - default default] Successfully bumped revision number for resource 4d154b3c-8d96-4a75-8ffa-06081450ea4d (type: security_group_rules) to 0
2026-06-26 11:33:57.203 9 INFO neutron.db.ovn_revision_numbers_db [None req-2f12960e-995c-4bed-ae0e-f7da9009d9ef cf84a65b96fe40e3afd2dbd42244ec16 ee48f5bd4cd34d78a54267d47f83f5ed - - default default] Successfully bumped revision number for resource 6624d77c-35e2-4826-b14a-47989b0ae5ed (type: security_group_rules) to 0
2026-06-26 11:33:57.223 9 INFO neutron.db.ovn_revision_numbers_db [None req-2f12960e-995c-4bed-ae0e-f7da9009d9ef cf84a65b96fe40e3afd2dbd42244ec16 ee48f5bd4cd34d78a54267d47f83f5ed - - default default] Successfully bumped revision number for resource 86317fd9-2dca-4d16-97e4-04422d1787cd (type: security_group_rules) to 0
2026-06-26 11:33:57.274 9 INFO neutron.db.segments_db [None req-2f12960e-995c-4bed-ae0e-f7da9009d9ef cf84a65b96fe40e3afd2dbd42244ec16 ee48f5bd4cd34d78a54267d47f83f5ed - - default default] Added segment 7f0cdb00-b34d-4113-b2fa-cfe5699600e0 of type geneve for network ecf591e2-e503-422e-a9a3-516141114198
2026-06-26 11:33:57.458 9 INFO neutron.db.ovn_revision_numbers_db [None req-2f12960e-995c-4bed-ae0e-f7da9009d9ef cf84a65b96fe40e3afd2dbd42244ec16 ee48f5bd4cd34d78a54267d47f83f5ed - - default default] Successfully bumped revision number for resource ecf591e2-e503-422e-a9a3-516141114198 (type: networks) to 1
2026-06-26 11:33:57.516 10 INFO neutron.wsgi [None req-0bf3f470-7f55-455a-b259-023a63866c02 cf84a65b96fe40e3afd2dbd42244ec16 ee48f5bd4cd34d78a54267d47f83f5ed - - default default] 10.0.0.94 "DELETE /v2.0/security-groups/c6166b11-1347-4e0c-a1ff-1a7c0f10227f HTTP/1.1" status: 204 len: 168 time: 0.4461968
2026-06-26 11:33:57.696 9 WARNING neutron.scheduler.dhcp_agent_scheduler [None req-2f12960e-995c-4bed-ae0e-f7da9009d9ef cf84a65b96fe40e3afd2dbd42244ec16 ee48f5bd4cd34d78a54267d47f83f5ed - - default default] No more DHCP agents
2026-06-26 11:33:57.697 9 WARNING neutron.api.rpc.agentnotifiers.dhcp_rpc_agent_api [None req-2f12960e-995c-4bed-ae0e-f7da9009d9ef cf84a65b96fe40e3afd2dbd42244ec16 ee48f5bd4cd34d78a54267d47f83f5ed - - default default] Unable to schedule network ecf591e2-e503-422e-a9a3-516141114198: no agents available; will retry on subsequent port and subnet creation events.
2026-06-26 11:33:57.758 10 INFO neutron.wsgi [None req-1520c0e5-d456-4d10-8546-dacba006ade2 cf84a65b96fe40e3afd2dbd42244ec16 ee48f5bd4cd34d78a54267d47f83f5ed - - default default] 10.0.0.94 "GET /v2.0/security-groups?tenant_id=3a79f54772804c11854d751c2f96a416&name=default HTTP/1.1" status: 200 len: 2996 time: 0.0452733
2026-06-26 11:33:57.790 9 INFO neutron.db.ovn_revision_numbers_db [None req-2f12960e-995c-4bed-ae0e-f7da9009d9ef cf84a65b96fe40e3afd2dbd42244ec16 ee48f5bd4cd34d78a54267d47f83f5ed - - default default] Successfully bumped revision number for resource a809decb-e589-4935-b206-4b1752b238fb (type: ports) to 1
2026-06-26 11:33:57.814 9 INFO neutron.wsgi [None req-2f12960e-995c-4bed-ae0e-f7da9009d9ef cf84a65b96fe40e3afd2dbd42244ec16 ee48f5bd4cd34d78a54267d47f83f5ed - - default default] 10.0.0.94 "POST /v2.0/networks HTTP/1.1" status: 201 len: 941 time: 0.9265852
2026-06-26 11:33:57.979 10 INFO neutron.wsgi [None req-a20fcf82-d9e1-4bac-8891-daed00e3127e cf84a65b96fe40e3afd2dbd42244ec16 ee48f5bd4cd34d78a54267d47f83f5ed - - default default] 10.0.0.94 "DELETE /v2.0/security-groups/3d998f39-31f5-4272-9931-af24091c46dc HTTP/1.1" status: 204 len: 168 time: 0.2161024
2026-06-26 11:33:57.981 9 WARNING neutron.scheduler.dhcp_agent_scheduler [None req-3876e08b-920c-4405-84cb-86e3a053ce3d cf84a65b96fe40e3afd2dbd42244ec16 ee48f5bd4cd34d78a54267d47f83f5ed - - default default] No more DHCP agents
2026-06-26 11:33:57.984 9 WARNING neutron.api.rpc.agentnotifiers.dhcp_rpc_agent_api [None req-3876e08b-920c-4405-84cb-86e3a053ce3d cf84a65b96fe40e3afd2dbd42244ec16 ee48f5bd4cd34d78a54267d47f83f5ed - - default default] Unable to schedule network ecf591e2-e503-422e-a9a3-516141114198: no agents available; will retry on subsequent port and subnet creation events.
2026-06-26 11:33:58.212 10 INFO neutron.wsgi [-] 10.0.0.45 "GET / HTTP/1.1" status: 200 len: 247 time: 0.0034404
2026-06-26 11:33:58.215 10 INFO neutron.wsgi [-] 10.0.0.45 "GET / HTTP/1.1" status: 200 len: 247 time: 0.0013556
2026-06-26 11:33:58.322 9 INFO neutron.wsgi [None req-5c088f33-55bd-4116-9daa-21f7dc57d626 cf292ed97140409186c994205affc0fd eed681834b7443b785f4e38435a53d49 - - default default] 10.0.0.94 "GET /v2.0/extensions HTTP/1.1" status: 200 len: 16975 time: 0.1216524
2026-06-26 11:33:58.336 10 INFO neutron.wsgi [None req-218bf501-a996-466b-ba3e-605c6fbba695 cf292ed97140409186c994205affc0fd eed681834b7443b785f4e38435a53d49 - - default default] 10.0.0.94 "GET /v2.0/extensions/address-group HTTP/1.1" status: 200 len: 353 time: 0.0071056
2026-06-26 11:33:58.346 10 INFO neutron.wsgi [None req-cdefc290-03e6-40f7-a8a3-6cbc7db47453 cf292ed97140409186c994205affc0fd eed681834b7443b785f4e38435a53d49 - - default default] 10.0.0.94 "GET /v2.0/extensions/address-scope HTTP/1.1" status: 200 len: 357 time: 0.0058944
2026-06-26 11:33:58.354 10 INFO neutron.wsgi [None req-551f20a4-b1a3-4514-b5f6-2d505a93138d cf292ed97140409186c994205affc0fd eed681834b7443b785f4e38435a53d49 - - default default] 10.0.0.94 "GET /v2.0/extensions/agent HTTP/1.1" status: 200 len: 347 time: 0.0045846
2026-06-26 11:33:58.364 10 INFO neutron.wsgi [None req-eced8873-572f-4f2c-a2b3-e95c99e98872 cf292ed97140409186c994205affc0fd eed681834b7443b785f4e38435a53d49 - - default default] 10.0.0.94 "GET /v2.0/extensions/allowed-address-pairs HTTP/1.1" status: 200 len: 378 time: 0.0053508
2026-06-26 11:33:58.372 10 INFO neutron.wsgi [None req-68999e05-fa19-4865-9d92-966dfb6bbc08 cf292ed97140409186c994205affc0fd eed681834b7443b785f4e38435a53d49 - - default default] 10.0.0.94 "GET /v2.0/extensions/auto-allocated-topology HTTP/1.1" status: 200 len: 394 time: 0.0044160
2026-06-26 11:33:58.380 10 INFO neutron.wsgi [None req-3f6e4ea4-20ea-4b21-ba92-6140c24d2511 cf292ed97140409186c994205affc0fd eed681834b7443b785f4e38435a53d49 - - default default] 10.0.0.94 "GET /v2.0/extensions/availability_zone HTTP/1.1" status: 200 len: 372 time: 0.0043790
2026-06-26 11:33:58.388 10 INFO neutron.wsgi [None req-7c787067-e4c1-4818-a4a9-3efbc39fdff9 cf292ed97140409186c994205affc0fd eed681834b7443b785f4e38435a53d49 - - default default] 10.0.0.94 "GET /v2.0/extensions/default-subnetpools HTTP/1.1" status: 200 len: 405 time: 0.0043838
2026-06-26 11:33:58.399 10 INFO neutron.wsgi [None req-6a9e71e4-c48d-4d95-9c30-1a3d8f930134 cf292ed97140409186c994205affc0fd eed681834b7443b785f4e38435a53d49 - - default default] 10.0.0.94 "GET /v2.0/extensions/dhcp_agent_scheduler HTTP/1.1" status: 200 len: 381 time: 0.0066457
2026-06-26 11:33:58.406 10 INFO neutron.wsgi [None req-d86f691a-27df-4a48-b41a-b76805d05b5a cf292ed97140409186c994205affc0fd eed681834b7443b785f4e38435a53d49 - - default default] 10.0.0.94 "GET /v2.0/extensions/dns-integration HTTP/1.1" status: 200 len: 366 time: 0.0044281
2026-06-26 11:33:58.418 10 INFO neutron.wsgi [None req-bfe64255-5330-4ac4-acbc-278c72fddeec cf292ed97140409186c994205affc0fd eed681834b7443b785f4e38435a53d49 - - default default] 10.0.0.94 "GET /v2.0/extensions/dns-domain-ports HTTP/1.1" status: 200 len: 399 time: 0.0078661
2026-06-26 11:33:58.428 10 INFO neutron.wsgi [None req-42d06a91-3f53-48db-85ec-178c21aa375b cf292ed97140409186c994205affc0fd eed681834b7443b785f4e38435a53d49 - - default default] 10.0.0.94 "GET /v2.0/extensions/dns-integration-domain-keywords HTTP/1.1" status: 200 len: 477 time: 0.0041008
2026-06-26 11:33:58.436 10 INFO neutron.wsgi [None req-c112ce4e-7952-4dd5-9bf7-d5681a4f1d53 cf292ed97140409186c994205affc0fd eed681834b7443b785f4e38435a53d49 - - default default] 10.0.0.94 "GET /v2.0/extensions/empty-string-filtering HTTP/1.1" status: 200 len: 413 time: 0.0040519
2026-06-26 11:33:58.446 9 INFO neutron.wsgi [None req-3788bcee-7edb-4a2d-9a74-b04f20304cc1 cf292ed97140409186c994205affc0fd eed681834b7443b785f4e38435a53d49 - - default default] 10.0.0.94 "GET /v2.0/extensions/external-net HTTP/1.1" status: 200 len: 394 time: 0.0051365
2026-06-26 11:33:58.457 10 INFO neutron.wsgi [None req-f1ac592c-d37d-40ac-b338-0bb9d2e75b38 cf292ed97140409186c994205affc0fd eed681834b7443b785f4e38435a53d49 - - default default] 10.0.0.94 "GET /v2.0/extensions/extra_dhcp_opt HTTP/1.1" status: 200 len: 498 time: 0.0071518
2026-06-26 11:33:58.465 10 INFO neutron.wsgi [None req-81b3d41d-add8-4ecf-95f7-510f19552398 cf292ed97140409186c994205affc0fd eed681834b7443b785f4e38435a53d49 - - default default] 10.0.0.94 "GET /v2.0/extensions/extraroute HTTP/1.1" status: 200 len: 375 time: 0.0045707
2026-06-26 11:33:58.473 10 INFO neutron.wsgi [None req-ebd8beb7-b0e7-413c-8233-d9fc6ec6f047 cf292ed97140409186c994205affc0fd eed681834b7443b785f4e38435a53d49 - - default default] 10.0.0.94 "GET /v2.0/extensions/filter-validation HTTP/1.1" status: 200 len: 392 time: 0.0041809
2026-06-26 11:33:58.480 10 INFO neutron.wsgi [None req-5c669835-acf3-4b6d-bfd8-19ddef03bdce cf292ed97140409186c994205affc0fd eed681834b7443b785f4e38435a53d49 - - default default] 10.0.0.94 "GET /v2.0/extensions/floating-ip-port-forwarding-detail HTTP/1.1" status: 200 len: 465 time: 0.0040717
2026-06-26 11:33:58.488 10 INFO neutron.wsgi [None req-39d00e27-0eaf-497f-b50b-0b81c5085014 cf292ed97140409186c994205affc0fd eed681834b7443b785f4e38435a53d49 - - default default] 10.0.0.94 "GET /v2.0/extensions/fip-port-details HTTP/1.1" status: 200 len: 406 time: 0.0047109
2026-06-26 11:33:58.500 10 INFO neutron.wsgi [None req-e1a4d1cc-501d-4ee5-9a18-16a9cff4874f cf292ed97140409186c994205affc0fd eed681834b7443b785f4e38435a53d49 - - default default] 10.0.0.94 "GET /v2.0/extensions/flavors HTTP/1.1" status: 200 len: 387 time: 0.0075362
2026-06-26 11:33:58.510 10 INFO neutron.wsgi [None req-96adacf1-aca4-4391-8354-4255b2178fd7 cf292ed97140409186c994205affc0fd eed681834b7443b785f4e38435a53d49 - - default default] 10.0.0.94 "GET /v2.0/extensions/floatingip-pools HTTP/1.1" status: 200 len: 382 time: 0.0054998
2026-06-26 11:33:58.519 10 INFO neutron.wsgi [None req-6a73060e-6110-4f04-a97f-7e28d3dc628a cf292ed97140409186c994205affc0fd eed681834b7443b785f4e38435a53d49 - - default default] 10.0.0.94 "GET /v2.0/extensions/ip_allocation HTTP/1.1" status: 200 len: 356 time: 0.0042102
2026-06-26 11:33:58.528 9 INFO neutron.wsgi [None req-bc863d70-b9db-4e0e-941f-3b691ad6339d cf292ed97140409186c994205affc0fd eed681834b7443b785f4e38435a53d49 - - default default] 10.0.0.94 "GET /v2.0/extensions/l2_adjacency HTTP/1.1" status: 200 len: 372 time: 0.0044477
2026-06-26 11:33:58.540 9 INFO neutron.wsgi [None req-77a049e7-3ccd-41a1-8490-d562fb4ee4ab cf292ed97140409186c994205affc0fd eed681834b7443b785f4e38435a53d49 - - default default] 10.0.0.94 "GET /v2.0/extensions/router HTTP/1.1" status: 200 len: 450 time: 0.0040650
2026-06-26 11:33:58.567 10 INFO neutron.wsgi [None req-7a8621ea-f893-4885-87ae-fcd93fcd5b3d cf292ed97140409186c994205affc0fd eed681834b7443b785f4e38435a53d49 - - default default] 10.0.0.94 "GET /v2.0/extensions/ext-gw-mode HTTP/1.1" status: 200 len: 462 time: 0.0088885
2026-06-26 11:33:58.575 10 INFO neutron.wsgi [None req-92eceddc-b418-4f2f-bd2c-3d2aeefeaed3 cf292ed97140409186c994205affc0fd eed681834b7443b785f4e38435a53d49 - - default default] 10.0.0.94 "GET /v2.0/extensions/logging HTTP/1.1" status: 200 len: 407 time: 0.0040679
2026-06-26 11:33:58.581 9 INFO neutron.db.ovn_revision_numbers_db [None req-3876e08b-920c-4405-84cb-86e3a053ce3d cf84a65b96fe40e3afd2dbd42244ec16 ee48f5bd4cd34d78a54267d47f83f5ed - - default default] Successfully bumped revision number for resource a809decb-e589-4935-b206-4b1752b238fb (type: ports) to 2
2026-06-26 11:33:58.586 10 INFO neutron.wsgi [None req-df789c4b-a0c8-4973-aba9-46d20be397aa cf292ed97140409186c994205affc0fd eed681834b7443b785f4e38435a53d49 - - default default] 10.0.0.94 "GET /v2.0/extensions/multi-provider HTTP/1.1" status: 200 len: 406 time: 0.0040019
2026-06-26 11:33:58.594 10 INFO neutron.wsgi [None req-77b206c7-6a58-4017-ab19-31e94e1a17af cf292ed97140409186c994205affc0fd eed681834b7443b785f4e38435a53d49 - - default default] 10.0.0.94 "GET /v2.0/extensions/net-mtu HTTP/1.1" status: 200 len: 370 time: 0.0049682
2026-06-26 11:33:58.604 10 INFO neutron.wsgi [None req-5b793b08-bf5f-4cf5-b8a7-1abd2e35f7ac cf292ed97140409186c994205affc0fd eed681834b7443b785f4e38435a53d49 - - default default] 10.0.0.94 "GET /v2.0/extensions/net-mtu-writable HTTP/1.1" status: 200 len: 401 time: 0.0057976
2026-06-26 11:33:58.622 9 INFO neutron.wsgi [None req-146a57f1-7f3a-43a8-994f-c40217814b68 cf292ed97140409186c994205affc0fd eed681834b7443b785f4e38435a53d49 - - default default] 10.0.0.94 "GET /v2.0/extensions/network_availability_zone HTTP/1.1" status: 200 len: 394 time: 0.0072758
2026-06-26 11:33:58.632 10 INFO neutron.wsgi [None req-a1a6b0b5-33c4-4035-b27d-63098462d88c cf292ed97140409186c994205affc0fd eed681834b7443b785f4e38435a53d49 - - default default] 10.0.0.94 "GET /v2.0/extensions/network-ip-availability HTTP/1.1" status: 200 len: 410 time: 0.0062079
2026-06-26 11:33:58.640 10 INFO neutron.wsgi [None req-0526803f-e16f-4e86-80f3-924ce4ce44b7 cf292ed97140409186c994205affc0fd eed681834b7443b785f4e38435a53d49 - - default default] 10.0.0.94 "GET /v2.0/extensions/pagination HTTP/1.1" status: 200 len: 386 time: 0.0042679
2026-06-26 11:33:58.643 9 INFO neutron.db.ovn_revision_numbers_db [None req-3876e08b-920c-4405-84cb-86e3a053ce3d cf84a65b96fe40e3afd2dbd42244ec16 ee48f5bd4cd34d78a54267d47f83f5ed - - default default] Successfully bumped revision number for resource 88352eec-2f86-4555-9a1f-84d76912915f (type: subnets) to 0
2026-06-26 11:33:58.653 10 INFO neutron.wsgi [None req-2f5c252b-18a2-4c32-b858-4dec11ae79fb cf292ed97140409186c994205affc0fd eed681834b7443b785f4e38435a53d49 - - default default] 10.0.0.94 "GET /v2.0/extensions/port-device-profile HTTP/1.1" status: 200 len: 383 time: 0.0039043
2026-06-26 11:33:58.661 10 INFO neutron.wsgi [None req-634b2bfb-d507-4e32-a963-ad23441158a0 cf292ed97140409186c994205affc0fd eed681834b7443b785f4e38435a53d49 - - default default] 10.0.0.94 "GET /v2.0/extensions/port-mac-address-regenerate HTTP/1.1" status: 200 len: 403 time: 0.0040412
2026-06-26 11:33:58.662 9 INFO neutron.wsgi [None req-3876e08b-920c-4405-84cb-86e3a053ce3d cf84a65b96fe40e3afd2dbd42244ec16 ee48f5bd4cd34d78a54267d47f83f5ed - - default default] 10.0.0.94 "POST /v2.0/subnets HTTP/1.1" status: 201 len: 861 time: 0.8418987
2026-06-26 11:33:58.670 10 INFO neutron.wsgi [None req-1a7ce20e-bf32-4c7d-bc45-7e907b8e5f5f cf292ed97140409186c994205affc0fd eed681834b7443b785f4e38435a53d49 - - default default] 10.0.0.94 "GET /v2.0/extensions/port-numa-affinity-policy HTTP/1.1" status: 200 len: 392 time: 0.0043218
2026-06-26 11:33:58.677 10 INFO neutron.wsgi [None req-66e3460a-cad9-4428-af60-7d6177819551 cf292ed97140409186c994205affc0fd eed681834b7443b785f4e38435a53d49 - - default default] 10.0.0.94 "GET /v2.0/extensions/port-resource-request HTTP/1.1" status: 200 len: 379 time: 0.0038698
2026-06-26 11:33:58.684 10 INFO neutron.wsgi [None req-26d8d02e-5ba8-4d50-ab98-c3d60f9ab341 cf292ed97140409186c994205affc0fd eed681834b7443b785f4e38435a53d49 - - default default] 10.0.0.94 "GET /v2.0/extensions/port-resource-request-groups HTTP/1.1" status: 200 len: 465 time: 0.0038679
2026-06-26 11:33:58.694 10 INFO neutron.wsgi [None req-044348d7-a411-431c-a5c8-37e43f9af7f5 cf292ed97140409186c994205affc0fd eed681834b7443b785f4e38435a53d49 - - default default] 10.0.0.94 "GET /v2.0/extensions/binding HTTP/1.1" status: 200 len: 387 time: 0.0040121
2026-06-26 11:33:58.700 10 INFO neutron.wsgi [None req-67e75b0e-61e4-4e73-a379-f4c371388f6c cf292ed97140409186c994205affc0fd eed681834b7443b785f4e38435a53d49 - - default default] 10.0.0.94 "GET /v2.0/extensions/binding-extended HTTP/1.1" status: 200 len: 406 time: 0.0041833
2026-06-26 11:33:58.708 10 INFO neutron.wsgi [None req-208e85ec-aead-4485-8fed-ac56eb46e065 cf292ed97140409186c994205affc0fd eed681834b7443b785f4e38435a53d49 - - default default] 10.0.0.94 "GET /v2.0/extensions/port-security HTTP/1.1" status: 200 len: 354 time: 0.0039608
2026-06-26 11:33:58.715 10 INFO neutron.wsgi [None req-d2390689-30dd-472a-a77d-fdd2c156b478 cf292ed97140409186c994205affc0fd eed681834b7443b785f4e38435a53d49 - - default default] 10.0.0.94 "GET /v2.0/extensions/project-id HTTP/1.1" status: 200 len: 398 time: 0.0038571
2026-06-26 11:33:58.725 10 INFO neutron.wsgi [None req-0e51b695-6854-4172-a488-6ce04116a4c7 cf292ed97140409186c994205affc0fd eed681834b7443b785f4e38435a53d49 - - default default] 10.0.0.94 "GET /v2.0/extensions/provider HTTP/1.1" status: 200 len: 385 time: 0.0041323
