2026-06-26 11:32:39.134 10 INFO neutron.wsgi [req-7eae5f20-e014-4894-a58c-d68c449cb689 req-b31a19e3-c3b1-4235-b6a2-703de665bcf4 88317294ff43498dac735295a8ff7083 9bcf81fae8f2454c89045ccbe675e7a8 - - default default] 10.0.0.119 "GET /v2.0/ports?device_id=d93c73da-3b69-440d-8924-c2f213f3d698 HTTP/1.1" status: 200 len: 1174 time: 0.0630677
2026-06-26 11:32:39.141 10 INFO neutron.plugins.ml2.drivers.ovn.mech_driver.mech_driver [None req-f8f25ce2-28c3-4918-9df9-3c82fc997755 - - - - - -] OVN reports status down for port: dcb4405b-011c-4a95-a930-0a8a5fd1363a
2026-06-26 11:32:39.189 9 INFO neutron.wsgi [req-12cacef0-a35d-477d-b307-ffb1b77b44ff req-ede2c2c3-4b9b-4a3f-a52d-c3ed360ecab2 16bf3c0e229045679d7bd02180a864c1 0fbb974f5e904015b063ede9e78ed8aa - - b986fca746354db3b6c32b45221f5053 b986fca746354db3b6c32b45221f5053] 199.19.213.104 "GET /v2.0/networks/477991a3-d48f-4b6e-8ecd-d2762675a809?fields=segments HTTP/1.1" status: 200 len: 212 time: 0.1319051
2026-06-26 11:32:39.193 10 INFO neutron.wsgi [None req-4b1cd7fb-6420-42cb-a841-8280121ad1a6 7fc59de26ab34a09a6c49e821beb76c8 0fb4d0892dc24b5ba71e70f6d12ae0a7 - - default default] 10.0.0.94 "POST /v2.0/security-group-rules HTTP/1.1" status: 201 len: 769 time: 0.2974286
2026-06-26 11:32:39.229 10 WARNING neutron_lib.context [None req-701d9bec-c75b-4171-8ad8-64bfabe4e451 7fc59de26ab34a09a6c49e821beb76c8 0fb4d0892dc24b5ba71e70f6d12ae0a7 - - default default] Method 'is_advsvc' is deprecated since 2023.2 release (neutron-lib 3.8.0) and will be removed once support for the old RBAC API policies will be removed from Neutron. Please use method 'is_service_role' instead.
2026-06-26 11:32:39.259 10 INFO neutron.wsgi [req-7eae5f20-e014-4894-a58c-d68c449cb689 req-e09095b1-5c8d-40b8-9413-2dbbdbf54d98 88317294ff43498dac735295a8ff7083 9bcf81fae8f2454c89045ccbe675e7a8 - - default default] 10.0.0.119 "GET /v2.0/security-groups?id=fe0bc9fb-bdb3-4b61-b876-4fd28d74012c&fields=id&fields=name HTTP/1.1" status: 200 len: 312 time: 0.1121566
2026-06-26 11:32:39.297 9 INFO neutron.wsgi [req-12cacef0-a35d-477d-b307-ffb1b77b44ff req-23710618-dc42-4b4d-8ea3-b53f916d8a3d 16bf3c0e229045679d7bd02180a864c1 0fbb974f5e904015b063ede9e78ed8aa - - b986fca746354db3b6c32b45221f5053 b986fca746354db3b6c32b45221f5053] 199.19.213.104 "GET /v2.0/networks/477991a3-d48f-4b6e-8ecd-d2762675a809?fields=provider%3Aphysical_network&fields=provider%3Anetwork_type HTTP/1.1" status: 200 len: 277 time: 0.0981693
2026-06-26 11:32:39.339 10 INFO neutron.db.ovn_revision_numbers_db [None req-46bb2baa-1ee7-4ab7-ba38-fb7999c043e5 fb3656104fd346c0a200deea4a49bb63 d21d87dde91842d38df05b6fdee8215e - - default default] Successfully bumped revision number for resource 5a268e7f-6489-43c7-904f-a33fe743fd1c (type: router_ports) to 1
2026-06-26 11:32:39.342 9 INFO neutron.wsgi [None req-be10380d-948a-4efe-9f28-25f2cfa8c492 d426bcdec8764c59a108b0812ab108f6 7fd528b86cf0483f959e9bcf0561bae7 - - default default] 10.0.0.94 "DELETE /v2.0/subnets/8b3b090f-2e53-4c6f-8399-dd2fbf7471c0 HTTP/1.1" status: 204 len: 168 time: 0.8291457
2026-06-26 11:32:39.419 10 INFO neutron.notifiers.nova [-] Nova event matching ['req-e26be9fc-5eea-4d98-be96-2980c4d4305d'] response: {'server_uuid': 'd93c73da-3b69-440d-8924-c2f213f3d698', 'name': 'network-vif-unplugged', 'status': 'completed', 'tag': 'dcb4405b-011c-4a95-a930-0a8a5fd1363a', 'code': 200}
2026-06-26 11:32:39.553 9 INFO neutron.wsgi [req-bd389246-699d-4466-9305-b3027e429dd4 req-45fa3be1-08da-4596-9f86-569bb9871596 88317294ff43498dac735295a8ff7083 9bcf81fae8f2454c89045ccbe675e7a8 - - default default] 199.19.213.104 "GET /v2.0/ports?device_id=d93c73da-3b69-440d-8924-c2f213f3d698 HTTP/1.1" status: 200 len: 1172 time: 0.1226816
2026-06-26 11:32:39.658 10 INFO neutron.db.ovn_revision_numbers_db [None req-46bb2baa-1ee7-4ab7-ba38-fb7999c043e5 fb3656104fd346c0a200deea4a49bb63 d21d87dde91842d38df05b6fdee8215e - - default default] Successfully bumped revision number for resource 5a268e7f-6489-43c7-904f-a33fe743fd1c (type: ports) to 1
2026-06-26 11:32:39.752 10 WARNING neutron.scheduler.dhcp_agent_scheduler [None req-701d9bec-c75b-4171-8ad8-64bfabe4e451 7fc59de26ab34a09a6c49e821beb76c8 0fb4d0892dc24b5ba71e70f6d12ae0a7 - - default default] No more DHCP agents
2026-06-26 11:32:39.753 10 INFO neutron.db.ovn_revision_numbers_db [None req-f8f25ce2-28c3-4918-9df9-3c82fc997755 - - - - - -] Successfully bumped revision number for resource dcb4405b-011c-4a95-a930-0a8a5fd1363a (type: ports) to 5
2026-06-26 11:32:39.759 10 WARNING neutron.api.rpc.agentnotifiers.dhcp_rpc_agent_api [None req-701d9bec-c75b-4171-8ad8-64bfabe4e451 7fc59de26ab34a09a6c49e821beb76c8 0fb4d0892dc24b5ba71e70f6d12ae0a7 - - default default] Unable to schedule network c453fe23-86db-45e3-ac29-b45b790c7ac6: no agents available; will retry on subsequent port and subnet creation events.
2026-06-26 11:32:39.788 10 WARNING neutron.scheduler.dhcp_agent_scheduler [None req-46bb2baa-1ee7-4ab7-ba38-fb7999c043e5 fb3656104fd346c0a200deea4a49bb63 d21d87dde91842d38df05b6fdee8215e - - default default] No more DHCP agents
2026-06-26 11:32:39.797 10 WARNING neutron.api.rpc.agentnotifiers.dhcp_rpc_agent_api [None req-46bb2baa-1ee7-4ab7-ba38-fb7999c043e5 fb3656104fd346c0a200deea4a49bb63 d21d87dde91842d38df05b6fdee8215e - - default default] Unable to schedule network 9cb8d81f-49a2-4e09-acf5-1ec3195cc122: no agents available; will retry on subsequent port and subnet creation events.
2026-06-26 11:32:39.839 9 INFO neutron.services.segments.plugin [-] Segment 88daca24-85f2-4297-bf10-6ff9fdbfbeaa resource provider aggregate not found
2026-06-26 11:32:39.845 9 INFO neutron.services.segments.plugin [-] Segment 88daca24-85f2-4297-bf10-6ff9fdbfbeaa resource provider aggregate not found
2026-06-26 11:32:39.878 9 INFO neutron.services.segments.plugin [-] Segment 88daca24-85f2-4297-bf10-6ff9fdbfbeaa resource provider not found; error: Placement Client Error (4xx): {"errors": [{"status": 404, "title": "Not Found", "detail": "The resource could not be found.\n\n No resource provider with uuid 88daca24-85f2-4297-bf10-6ff9fdbfbeaa found for delete ", "request_id": "req-ca467a92-2b14-46aa-8ff0-3b2348be1395"}]}
2026-06-26 11:32:39.879 9 INFO neutron.services.segments.plugin [-] Segment 88daca24-85f2-4297-bf10-6ff9fdbfbeaa resource provider not found; error: Placement Client Error (4xx): {"errors": [{"status": 404, "title": "Not Found", "detail": "The resource could not be found.\n\n No resource provider with uuid 88daca24-85f2-4297-bf10-6ff9fdbfbeaa found for delete ", "request_id": "req-332f6ca4-8873-404c-9f82-3406cf9d8509"}]}
2026-06-26 11:32:39.922 9 INFO neutron.wsgi [None req-dcf74629-aa24-4e36-815b-86538120b50f d426bcdec8764c59a108b0812ab108f6 7fd528b86cf0483f959e9bcf0561bae7 - - default default] 10.0.0.94 "DELETE /v2.0/networks/53b8c15a-80d0-4b1a-b4a2-1365f2e64270 HTTP/1.1" status: 204 len: 168 time: 0.5744367
2026-06-26 11:32:40.024 9 INFO neutron.db.l3_db [req-bd389246-699d-4466-9305-b3027e429dd4 req-bdd8c543-57af-4296-acc2-fd96134ec705 88317294ff43498dac735295a8ff7083 9bcf81fae8f2454c89045ccbe675e7a8 - - default default] Floating IP a74bcafe-ae22-48d5-824c-a2c4d94f6598 disassociated. External IP: 10.96.250.205, port: dcb4405b-011c-4a95-a930-0a8a5fd1363a.
2026-06-26 11:32:40.205 9 INFO neutron.wsgi [req-bd389246-699d-4466-9305-b3027e429dd4 req-bdd8c543-57af-4296-acc2-fd96134ec705 88317294ff43498dac735295a8ff7083 9bcf81fae8f2454c89045ccbe675e7a8 - - default default] 199.19.213.104 "DELETE /v2.0/ports/dcb4405b-011c-4a95-a930-0a8a5fd1363a HTTP/1.1" status: 204 len: 173 time: 0.6445057
2026-06-26 11:32:40.247 9 INFO neutron.notifiers.nova [-] Nova event matching ['req-3ed32826-0d39-4bf6-871e-daae09c05560'] response: {'server_uuid': 'd93c73da-3b69-440d-8924-c2f213f3d698', 'name': 'network-vif-deleted', 'tag': 'dcb4405b-011c-4a95-a930-0a8a5fd1363a', 'status': 'completed', 'code': 200}
2026-06-26 11:32:40.303 10 INFO neutron.db.ovn_revision_numbers_db [None req-46bb2baa-1ee7-4ab7-ba38-fb7999c043e5 fb3656104fd346c0a200deea4a49bb63 d21d87dde91842d38df05b6fdee8215e - - default default] Successfully bumped revision number for resource 5a268e7f-6489-43c7-904f-a33fe743fd1c (type: router_ports) to 1
2026-06-26 11:32:40.306 10 INFO neutron.wsgi [None req-46bb2baa-1ee7-4ab7-ba38-fb7999c043e5 fb3656104fd346c0a200deea4a49bb63 d21d87dde91842d38df05b6fdee8215e - - default default] 10.0.0.94 "PUT /v2.0/routers/2b8f7d26-9341-454a-8e6e-7111ec793531/add_router_interface HTTP/1.1" status: 200 len: 503 time: 3.2201891
2026-06-26 11:32:40.340 10 INFO neutron.db.ovn_revision_numbers_db [None req-701d9bec-c75b-4171-8ad8-64bfabe4e451 7fc59de26ab34a09a6c49e821beb76c8 0fb4d0892dc24b5ba71e70f6d12ae0a7 - - default default] Successfully bumped revision number for resource 6862626b-7972-4267-a221-938e4a2a1766 (type: floatingips) to 0 /var/lib/openstack/lib/python3.10/site-packages/pycadf/identifier.py:71: UserWarning: Invalid uuid: neutron. To ensure interoperability, identifiers should be a valid uuid. warnings.warn(('Invalid uuid: %s. To ensure interoperability, '
2026-06-26 11:32:40.362 10 INFO neutron.wsgi [None req-701d9bec-c75b-4171-8ad8-64bfabe4e451 7fc59de26ab34a09a6c49e821beb76c8 0fb4d0892dc24b5ba71e70f6d12ae0a7 - - default default] 10.0.0.94 "POST /v2.0/floatingips HTTP/1.1" status: 201 len: 751 time: 1.1479671
2026-06-26 11:32:40.384 10 INFO neutron.wsgi [req-61ac456d-fe5e-4619-badb-07036e6933af req-0feb084d-0e2c-46c1-bf49-9a8ed1858c58 88317294ff43498dac735295a8ff7083 9bcf81fae8f2454c89045ccbe675e7a8 - - default default] 10.0.0.119 "GET /v2.0/ports?device_id=d93c73da-3b69-440d-8924-c2f213f3d698 HTTP/1.1" status: 200 len: 210 time: 0.0345802
2026-06-26 11:32:40.440 9 INFO neutron.wsgi [None req-06720712-9ca1-4984-a04b-949e416ddd10 5346ebd126004739af5d1d7a1f03dc17 ba5960d2dd4f404d8f2f0a5c69f6bb03 - - default default] 10.0.0.94 "GET /v2.0/networks HTTP/1.1" status: 200 len: 4629 time: 0.1181791
2026-06-26 11:32:40.497 9 INFO neutron.wsgi [None req-6ac579ed-54d8-477a-8923-f3399c697f0c 5346ebd126004739af5d1d7a1f03dc17 ba5960d2dd4f404d8f2f0a5c69f6bb03 - - default default] 10.0.0.94 "GET /v2.0/subnets HTTP/1.1" status: 200 len: 3404 time: 0.0529115
2026-06-26 11:32:40.627 10 INFO neutron.wsgi [None req-609d0c84-7e15-4414-8458-150d959928c8 cf84a65b96fe40e3afd2dbd42244ec16 ee48f5bd4cd34d78a54267d47f83f5ed - - default default] 10.0.0.94 "GET /v2.0/security-groups?tenant_id=7fd528b86cf0483f959e9bcf0561bae7&name=default HTTP/1.1" status: 200 len: 2996 time: 0.1639898
2026-06-26 11:32:40.883 10 INFO neutron.wsgi [req-e79c339a-61ea-4f5d-906d-7e7373cf0ec4 req-37450746-c790-4ffe-aa12-f56e8d8eea2a 7fc59de26ab34a09a6c49e821beb76c8 0fb4d0892dc24b5ba71e70f6d12ae0a7 - - default default] 10.0.0.119 "GET /v2.0/security-groups?name=tempest-securitygroup--311702490&fields=id&tenant_id=0fb4d0892dc24b5ba71e70f6d12ae0a7 HTTP/1.1" status: 200 len: 267 time: 0.0486472
2026-06-26 11:32:40.922 10 INFO neutron.wsgi [None req-3b049dd8-189e-4ef4-b055-378a7b555484 cf84a65b96fe40e3afd2dbd42244ec16 ee48f5bd4cd34d78a54267d47f83f5ed - - default default] 10.0.0.94 "DELETE /v2.0/security-groups/ac12e9b5-7f80-4a66-aed5-3aa9281a3cce HTTP/1.1" status: 204 len: 168 time: 0.2884493
2026-06-26 11:32:40.988 10 INFO neutron.wsgi [req-e79c339a-61ea-4f5d-906d-7e7373cf0ec4 req-93c745d0-92a9-4c37-9198-1382e5797c2b 7fc59de26ab34a09a6c49e821beb76c8 0fb4d0892dc24b5ba71e70f6d12ae0a7 - - default default] 10.0.0.119 "GET /v2.0/networks?id=041109da-635e-46ee-8822-0b1cf242aab8 HTTP/1.1" status: 200 len: 875 time: 0.0955968
2026-06-26 11:32:41.008 10 INFO neutron.wsgi [req-e79c339a-61ea-4f5d-906d-7e7373cf0ec4 req-16d28d94-b8fb-4340-b5ee-bd0e31062aa7 7fc59de26ab34a09a6c49e821beb76c8 0fb4d0892dc24b5ba71e70f6d12ae0a7 - - default default] 10.0.0.119 "GET /v2.0/quotas/0fb4d0892dc24b5ba71e70f6d12ae0a7 HTTP/1.1" status: 200 len: 386 time: 0.0140877
2026-06-26 11:32:41.107 10 INFO neutron.wsgi [req-e79c339a-61ea-4f5d-906d-7e7373cf0ec4 req-bea1b316-c444-44bb-b6a4-478935fd2201 7fc59de26ab34a09a6c49e821beb76c8 0fb4d0892dc24b5ba71e70f6d12ae0a7 - - default default] 10.0.0.119 "GET /v2.0/ports?tenant_id=0fb4d0892dc24b5ba71e70f6d12ae0a7&fields=id HTTP/1.1" status: 200 len: 302 time: 0.0930476
2026-06-26 11:32:41.122 9 INFO neutron.wsgi [None req-523beae3-b740-4d57-81a4-d09cf1c0ceba 5346ebd126004739af5d1d7a1f03dc17 ba5960d2dd4f404d8f2f0a5c69f6bb03 - - default default] 10.0.0.94 "GET /v2.0/routers HTTP/1.1" status: 200 len: 2222 time: 0.6181033
2026-06-26 11:32:41.188 10 INFO neutron.wsgi [req-e79c339a-61ea-4f5d-906d-7e7373cf0ec4 req-c9793a64-a5a9-420f-bd38-9f07d455809a 16bf3c0e229045679d7bd02180a864c1 0fbb974f5e904015b063ede9e78ed8aa - - b986fca746354db3b6c32b45221f5053 b986fca746354db3b6c32b45221f5053] 10.0.0.119 "GET /v2.0/networks/041109da-635e-46ee-8822-0b1cf242aab8?fields=segments HTTP/1.1" status: 200 len: 212 time: 0.0664387
2026-06-26 11:32:41.189 9 WARNING neutron_lib.context [None req-7031e4c8-b289-4931-8b0a-8b99f1dbe014 fb3656104fd346c0a200deea4a49bb63 d21d87dde91842d38df05b6fdee8215e - - default default] Method 'is_advsvc' is deprecated since 2023.2 release (neutron-lib 3.8.0) and will be removed once support for the old RBAC API policies will be removed from Neutron. Please use method 'is_service_role' instead.
2026-06-26 11:32:41.259 10 INFO neutron.wsgi [req-e79c339a-61ea-4f5d-906d-7e7373cf0ec4 req-c9f6d905-17b7-44ff-a5fb-e23c03175a59 16bf3c0e229045679d7bd02180a864c1 0fbb974f5e904015b063ede9e78ed8aa - - b986fca746354db3b6c32b45221f5053 b986fca746354db3b6c32b45221f5053] 10.0.0.119 "GET /v2.0/networks/041109da-635e-46ee-8822-0b1cf242aab8?fields=provider%3Aphysical_network&fields=provider%3Anetwork_type HTTP/1.1" status: 200 len: 277 time: 0.0633340
2026-06-26 11:32:41.325 9 INFO neutron.db.ovn_revision_numbers_db [None req-7031e4c8-b289-4931-8b0a-8b99f1dbe014 fb3656104fd346c0a200deea4a49bb63 d21d87dde91842d38df05b6fdee8215e - - default default] Successfully bumped revision number for resource 57fc8aab-4ba7-486f-9045-5849127fd3c0 (type: security_groups) to 1
2026-06-26 11:32:41.339 9 INFO neutron.db.ovn_revision_numbers_db [None req-7031e4c8-b289-4931-8b0a-8b99f1dbe014 fb3656104fd346c0a200deea4a49bb63 d21d87dde91842d38df05b6fdee8215e - - default default] Successfully bumped revision number for resource 48c6ddf8-6343-4286-aba4-67b863b06d5d (type: security_group_rules) to 0
2026-06-26 11:32:41.354 9 INFO neutron.db.ovn_revision_numbers_db [None req-7031e4c8-b289-4931-8b0a-8b99f1dbe014 fb3656104fd346c0a200deea4a49bb63 d21d87dde91842d38df05b6fdee8215e - - default default] Successfully bumped revision number for resource 6c91b21e-04e4-46ed-b73c-3f16dd2ed666 (type: security_group_rules) to 0
2026-06-26 11:32:41.384 9 INFO neutron.wsgi [None req-7031e4c8-b289-4931-8b0a-8b99f1dbe014 fb3656104fd346c0a200deea4a49bb63 d21d87dde91842d38df05b6fdee8215e - - default default] 10.0.0.94 "POST /v2.0/security-groups HTTP/1.1" status: 201 len: 1811 time: 0.2026007
2026-06-26 11:32:41.391 10 INFO neutron.wsgi [req-f2c69117-61ff-472a-b77c-383ede79a59d req-8a163ee4-b50c-4df2-af0d-17b495706e86 7fc59de26ab34a09a6c49e821beb76c8 0fb4d0892dc24b5ba71e70f6d12ae0a7 - - default default] 10.0.0.119 "GET /v2.0/ports?device_id=b8d4e40c-8a9d-4e5d-b775-48e67c36514a HTTP/1.1" status: 200 len: 210 time: 0.0186961
2026-06-26 11:32:41.394 9 WARNING neutron_lib.context [None req-80544d24-79c4-45c4-bf8c-903b798a3b9e fb3656104fd346c0a200deea4a49bb63 d21d87dde91842d38df05b6fdee8215e - - default default] Method 'is_advsvc' is deprecated since 2023.2 release (neutron-lib 3.8.0) and will be removed once support for the old RBAC API policies will be removed from Neutron. Please use method 'is_service_role' instead.
2026-06-26 11:32:41.470 10 INFO neutron.notifiers.nova [-] Nova event matching ['req-a72a8cb3-1fae-46db-96d6-102e77daf52e'] response: {'server_uuid': 'd93c73da-3b69-440d-8924-c2f213f3d698', 'name': 'network-vif-plugged', 'status': 'completed', 'tag': 'dcb4405b-011c-4a95-a930-0a8a5fd1363a', 'code': 200}
2026-06-26 11:32:41.512 9 INFO neutron.db.ovn_revision_numbers_db [None req-80544d24-79c4-45c4-bf8c-903b798a3b9e fb3656104fd346c0a200deea4a49bb63 d21d87dde91842d38df05b6fdee8215e - - default default] Successfully bumped revision number for resource c73d7c2a-2d25-4b07-a4c5-28490acc2e4d (type: security_group_rules) to 0
2026-06-26 11:32:41.541 9 INFO neutron.wsgi [None req-80544d24-79c4-45c4-bf8c-903b798a3b9e fb3656104fd346c0a200deea4a49bb63 d21d87dde91842d38df05b6fdee8215e - - default default] 10.0.0.94 "POST /v2.0/security-group-rules HTTP/1.1" status: 201 len: 764 time: 0.1506617
2026-06-26 11:32:41.552 9 WARNING neutron_lib.context [None req-af030387-21f5-4603-a223-6f17746510d8 fb3656104fd346c0a200deea4a49bb63 d21d87dde91842d38df05b6fdee8215e - - default default] Method 'is_advsvc' is deprecated since 2023.2 release (neutron-lib 3.8.0) and will be removed once support for the old RBAC API policies will be removed from Neutron. Please use method 'is_service_role' instead.
2026-06-26 11:32:41.614 10 INFO neutron.wsgi [None req-6b748a31-10ed-4c40-b7d1-638ae3ae0334 88317294ff43498dac735295a8ff7083 9bcf81fae8f2454c89045ccbe675e7a8 - - default default] 10.0.0.94 "DELETE /v2.0/security-groups/fe0bc9fb-bdb3-4b61-b876-4fd28d74012c HTTP/1.1" status: 204 len: 168 time: 0.1512372
2026-06-26 11:32:41.629 10 INFO neutron.api.v2.resource [None req-a5824cda-fde9-4ee1-8d61-6cd63cbecd3d 88317294ff43498dac735295a8ff7083 9bcf81fae8f2454c89045ccbe675e7a8 - - default default] show failed (client error): The resource could not be found.
2026-06-26 11:32:41.630 10 INFO neutron.wsgi [None req-a5824cda-fde9-4ee1-8d61-6cd63cbecd3d 88317294ff43498dac735295a8ff7083 9bcf81fae8f2454c89045ccbe675e7a8 - - default default] 10.0.0.94 "GET /v2.0/security-groups/fe0bc9fb-bdb3-4b61-b876-4fd28d74012c HTTP/1.1" status: 404 len: 347 time: 0.0125220
2026-06-26 11:32:41.688 9 INFO neutron.db.ovn_revision_numbers_db [None req-af030387-21f5-4603-a223-6f17746510d8 fb3656104fd346c0a200deea4a49bb63 d21d87dde91842d38df05b6fdee8215e - - default default] Successfully bumped revision number for resource d5e15411-dd0f-4b5f-8cc5-9bd43de8e695 (type: security_group_rules) to 0
2026-06-26 11:32:41.717 9 INFO neutron.wsgi [None req-af030387-21f5-4603-a223-6f17746510d8 fb3656104fd346c0a200deea4a49bb63 d21d87dde91842d38df05b6fdee8215e - - default default] 10.0.0.94 "POST /v2.0/security-group-rules HTTP/1.1" status: 201 len: 763 time: 0.1689599
2026-06-26 11:32:41.730 9 WARNING neutron_lib.context [None req-b4a3bd20-369d-48d9-9b6f-b4bc3f8a62de fb3656104fd346c0a200deea4a49bb63 d21d87dde91842d38df05b6fdee8215e - - default default] Method 'is_advsvc' is deprecated since 2023.2 release (neutron-lib 3.8.0) and will be removed once support for the old RBAC API policies will be removed from Neutron. Please use method 'is_service_role' instead.
2026-06-26 11:32:41.849 9 INFO neutron.db.ovn_revision_numbers_db [None req-b4a3bd20-369d-48d9-9b6f-b4bc3f8a62de fb3656104fd346c0a200deea4a49bb63 d21d87dde91842d38df05b6fdee8215e - - default default] Successfully bumped revision number for resource cb42b86f-68a4-46c9-a319-97677c688799 (type: security_group_rules) to 0
2026-06-26 11:32:41.874 9 INFO neutron.wsgi [None req-b4a3bd20-369d-48d9-9b6f-b4bc3f8a62de fb3656104fd346c0a200deea4a49bb63 d21d87dde91842d38df05b6fdee8215e - - default default] 10.0.0.94 "POST /v2.0/security-group-rules HTTP/1.1" status: 201 len: 769 time: 0.1499209
2026-06-26 11:32:41.884 9 WARNING neutron_lib.context [None req-5ec38efa-d221-4279-8245-fe09823936a1 fb3656104fd346c0a200deea4a49bb63 d21d87dde91842d38df05b6fdee8215e - - default default] Method 'is_advsvc' is deprecated since 2023.2 release (neutron-lib 3.8.0) and will be removed once support for the old RBAC API policies will be removed from Neutron. Please use method 'is_service_role' instead.
2026-06-26 11:32:41.973 10 INFO neutron.wsgi [None req-2deb0b24-5bb9-4f61-86bb-2a29842c0284 88317294ff43498dac735295a8ff7083 9bcf81fae8f2454c89045ccbe675e7a8 - - default default] 10.0.0.94 "DELETE /v2.0/floatingips/a74bcafe-ae22-48d5-824c-a2c4d94f6598 HTTP/1.1" status: 204 len: 168 time: 0.3371224
2026-06-26 11:32:42.007 9 INFO neutron.db.ovn_revision_numbers_db [None req-5ec38efa-d221-4279-8245-fe09823936a1 fb3656104fd346c0a200deea4a49bb63 d21d87dde91842d38df05b6fdee8215e - - default default] Successfully bumped revision number for resource c4a70e1d-37db-4e42-bb55-b64a7e22f0d9 (type: security_group_rules) to 0
2026-06-26 11:32:42.046 9 INFO neutron.wsgi [None req-5ec38efa-d221-4279-8245-fe09823936a1 fb3656104fd346c0a200deea4a49bb63 d21d87dde91842d38df05b6fdee8215e - - default default] 10.0.0.94 "POST /v2.0/security-group-rules HTTP/1.1" status: 201 len: 768 time: 0.1674223
2026-06-26 11:32:42.056 9 WARNING neutron_lib.context [None req-ff679055-cf8f-41ad-a15e-3547ddd42975 fb3656104fd346c0a200deea4a49bb63 d21d87dde91842d38df05b6fdee8215e - - default default] Method 'is_advsvc' is deprecated since 2023.2 release (neutron-lib 3.8.0) and will be removed once support for the old RBAC API policies will be removed from Neutron. Please use method 'is_service_role' instead.
2026-06-26 11:32:42.097 9 INFO neutron.db.securitygroups_db [None req-ff679055-cf8f-41ad-a15e-3547ddd42975 fb3656104fd346c0a200deea4a49bb63 d21d87dde91842d38df05b6fdee8215e - - default default] Project d21d87dde91842d38df05b6fdee8215e added a security group rule with legacy IPv6 ICMP protocol name icmp, ipv6-icmp should be used instead. It was automatically converted.
2026-06-26 11:32:42.109 9 INFO neutron.wsgi [req-e79c339a-61ea-4f5d-906d-7e7373cf0ec4 req-9fc1037c-ba8d-4a1e-81d8-1d7db59791ce 7fc59de26ab34a09a6c49e821beb76c8 0fb4d0892dc24b5ba71e70f6d12ae0a7 - - default default] 199.19.213.104 "GET /v2.0/networks?id=041109da-635e-46ee-8822-0b1cf242aab8 HTTP/1.1" status: 200 len: 875 time: 0.0816987
2026-06-26 11:32:42.178 9 INFO neutron.wsgi [req-e79c339a-61ea-4f5d-906d-7e7373cf0ec4 req-2ae91d16-a897-4bac-867f-a75b463ea794 7fc59de26ab34a09a6c49e821beb76c8 0fb4d0892dc24b5ba71e70f6d12ae0a7 - - default default] 199.19.213.104 "GET /v2.0/security-groups?fields=id&fields=name&tenant_id=0fb4d0892dc24b5ba71e70f6d12ae0a7 HTTP/1.1" status: 200 len: 379 time: 0.0574954
2026-06-26 11:32:42.206 9 WARNING neutron_lib.context [req-e79c339a-61ea-4f5d-906d-7e7373cf0ec4 req-3272bb16-0ba7-44ff-8753-ff3a36f944bf 7fc59de26ab34a09a6c49e821beb76c8 0fb4d0892dc24b5ba71e70f6d12ae0a7 - - default default] Method 'is_advsvc' is deprecated since 2023.2 release (neutron-lib 3.8.0) and will be removed once support for the old RBAC API policies will be removed from Neutron. Please use method 'is_service_role' instead.
2026-06-26 11:32:42.264 9 INFO neutron.db.ovn_revision_numbers_db [None req-ff679055-cf8f-41ad-a15e-3547ddd42975 fb3656104fd346c0a200deea4a49bb63 d21d87dde91842d38df05b6fdee8215e - - default default] Successfully bumped revision number for resource 18f85f0d-8f5b-411d-bda5-2daff8b9f84f (type: security_group_rules) to 0
2026-06-26 11:32:42.290 9 INFO neutron.wsgi [None req-ff679055-cf8f-41ad-a15e-3547ddd42975 fb3656104fd346c0a200deea4a49bb63 d21d87dde91842d38df05b6fdee8215e - - default default] 10.0.0.94 "POST /v2.0/security-group-rules HTTP/1.1" status: 201 len: 774 time: 0.2391682
2026-06-26 11:32:42.319 10 WARNING neutron_lib.context [None req-b0911abf-6802-4bf3-bbf2-7d5950e46230 fb3656104fd346c0a200deea4a49bb63 d21d87dde91842d38df05b6fdee8215e - - default default] Method 'is_advsvc' is deprecated since 2023.2 release (neutron-lib 3.8.0) and will be removed once support for the old RBAC API policies will be removed from Neutron. Please use method 'is_service_role' instead.
2026-06-26 11:32:42.362 10 INFO neutron.db.securitygroups_db [None req-b0911abf-6802-4bf3-bbf2-7d5950e46230 fb3656104fd346c0a200deea4a49bb63 d21d87dde91842d38df05b6fdee8215e - - default default] Project d21d87dde91842d38df05b6fdee8215e added a security group rule with legacy IPv6 ICMP protocol name icmp, ipv6-icmp should be used instead. It was automatically converted.
2026-06-26 11:32:42.551 9 WARNING neutron.scheduler.dhcp_agent_scheduler [req-e79c339a-61ea-4f5d-906d-7e7373cf0ec4 req-3272bb16-0ba7-44ff-8753-ff3a36f944bf 7fc59de26ab34a09a6c49e821beb76c8 0fb4d0892dc24b5ba71e70f6d12ae0a7 - - default default] No more DHCP agents
2026-06-26 11:32:42.555 9 WARNING neutron.api.rpc.agentnotifiers.dhcp_rpc_agent_api [req-e79c339a-61ea-4f5d-906d-7e7373cf0ec4 req-3272bb16-0ba7-44ff-8753-ff3a36f944bf 7fc59de26ab34a09a6c49e821beb76c8 0fb4d0892dc24b5ba71e70f6d12ae0a7 - - default default] Unable to schedule network 041109da-635e-46ee-8822-0b1cf242aab8: no agents available; will retry on subsequent port and subnet creation events.
2026-06-26 11:32:42.751 9 INFO neutron.db.ovn_revision_numbers_db [req-e79c339a-61ea-4f5d-906d-7e7373cf0ec4 req-3272bb16-0ba7-44ff-8753-ff3a36f944bf 7fc59de26ab34a09a6c49e821beb76c8 0fb4d0892dc24b5ba71e70f6d12ae0a7 - - default default] Successfully bumped revision number for resource de9c8f81-54fd-4eba-81bf-6da4e5bc8c61 (type: ports) to 1 /var/lib/openstack/lib/python3.10/site-packages/pycadf/identifier.py:71: UserWarning: Invalid uuid: neutron. To ensure interoperability, identifiers should be a valid uuid. warnings.warn(('Invalid uuid: %s. To ensure interoperability, '
2026-06-26 11:32:42.773 9 WARNING neutron_lib.context [None req-b11f077e-8853-4e0c-b617-5e245c6ed677 1e375c7551554f97818da1259fc9f32d bf56b2498a95468bb4a0488e43caa1fe - - default default] Method 'is_advsvc' is deprecated since 2023.2 release (neutron-lib 3.8.0) and will be removed once support for the old RBAC API policies will be removed from Neutron. Please use method 'is_service_role' instead.
2026-06-26 11:32:42.774 9 WARNING neutron_lib.context [None req-b11f077e-8853-4e0c-b617-5e245c6ed677 1e375c7551554f97818da1259fc9f32d bf56b2498a95468bb4a0488e43caa1fe - - default default] Method 'is_advsvc' is deprecated since 2023.2 release (neutron-lib 3.8.0) and will be removed once support for the old RBAC API policies will be removed from Neutron. Please use method 'is_service_role' instead.
2026-06-26 11:32:42.777 9 INFO neutron.wsgi [req-e79c339a-61ea-4f5d-906d-7e7373cf0ec4 req-3272bb16-0ba7-44ff-8753-ff3a36f944bf 7fc59de26ab34a09a6c49e821beb76c8 0fb4d0892dc24b5ba71e70f6d12ae0a7 - - default default] 199.19.213.104 "POST /v2.0/ports HTTP/1.1" status: 201 len: 1162 time: 0.5779505
2026-06-26 11:32:42.963 9 INFO neutron.db.ovn_revision_numbers_db [None req-b11f077e-8853-4e0c-b617-5e245c6ed677 1e375c7551554f97818da1259fc9f32d bf56b2498a95468bb4a0488e43caa1fe - - default default] Successfully bumped revision number for resource b1a018f4-46fd-4a58-a058-0581cdb9f43e (type: security_groups) to 1
2026-06-26 11:32:42.992 9 INFO neutron.db.ovn_revision_numbers_db [None req-b11f077e-8853-4e0c-b617-5e245c6ed677 1e375c7551554f97818da1259fc9f32d bf56b2498a95468bb4a0488e43caa1fe - - default default] Successfully bumped revision number for resource 1abeb246-ed75-406b-a52c-31dba3af6a33 (type: security_group_rules) to 0
2026-06-26 11:32:43.012 9 INFO neutron.db.ovn_revision_numbers_db [None req-b11f077e-8853-4e0c-b617-5e245c6ed677 1e375c7551554f97818da1259fc9f32d bf56b2498a95468bb4a0488e43caa1fe - - default default] Successfully bumped revision number for resource a8aa7cf5-2f7d-4f7f-b7cf-c3c6453e9035 (type: security_group_rules) to 0
2026-06-26 11:32:43.046 9 INFO neutron.db.ovn_revision_numbers_db [None req-b11f077e-8853-4e0c-b617-5e245c6ed677 1e375c7551554f97818da1259fc9f32d bf56b2498a95468bb4a0488e43caa1fe - - default default] Successfully bumped revision number for resource b9fd9d75-b379-4bed-b2a2-a88a4372e5c2 (type: security_group_rules) to 0
2026-06-26 11:32:43.078 9 INFO neutron.db.ovn_revision_numbers_db [None req-b11f077e-8853-4e0c-b617-5e245c6ed677 1e375c7551554f97818da1259fc9f32d bf56b2498a95468bb4a0488e43caa1fe - - default default] Successfully bumped revision number for resource f543e616-9309-4642-bfc4-8dc0be433df1 (type: security_group_rules) to 0
2026-06-26 11:32:43.084 10 INFO neutron.wsgi [req-a2831578-80a0-41e4-bb45-70c2c4af0fb0 req-06c42654-a783-4db1-9083-5289ae2943e7 7fc59de26ab34a09a6c49e821beb76c8 0fb4d0892dc24b5ba71e70f6d12ae0a7 - - default default] 10.0.0.119 "GET /v2.0/ports?device_id=b8d4e40c-8a9d-4e5d-b775-48e67c36514a HTTP/1.1" status: 200 len: 1160 time: 0.0840755
2026-06-26 11:32:43.091 10 INFO neutron.db.ovn_revision_numbers_db [None req-b0911abf-6802-4bf3-bbf2-7d5950e46230 fb3656104fd346c0a200deea4a49bb63 d21d87dde91842d38df05b6fdee8215e - - default default] Successfully bumped revision number for resource 8abacb08-b007-438f-aa3e-7b1d3696dd86 (type: security_group_rules) to 0
2026-06-26 11:32:43.155 10 INFO neutron.wsgi [None req-b0911abf-6802-4bf3-bbf2-7d5950e46230 fb3656104fd346c0a200deea4a49bb63 d21d87dde91842d38df05b6fdee8215e - - default default] 10.0.0.94 "POST /v2.0/security-group-rules HTTP/1.1" status: 201 len: 773 time: 0.8526700
2026-06-26 11:32:43.164 9 INFO neutron.db.segments_db [None req-b11f077e-8853-4e0c-b617-5e245c6ed677 1e375c7551554f97818da1259fc9f32d bf56b2498a95468bb4a0488e43caa1fe - - default default] Added segment 430c3878-fd6c-4b37-a994-9f2e723d0a32 of type geneve for network 9ed02697-fbd0-4fd1-a265-e107fa3fd874
2026-06-26 11:32:43.166 10 INFO neutron.wsgi [req-a2831578-80a0-41e4-bb45-70c2c4af0fb0 req-4b0f32ed-750a-49e5-886c-9bbb0decb39d 7fc59de26ab34a09a6c49e821beb76c8 0fb4d0892dc24b5ba71e70f6d12ae0a7 - - default default] 10.0.0.119 "GET /v2.0/security-groups?id=c6078b2a-4206-42cf-9a12-0c4940774308&fields=id&fields=name HTTP/1.1" status: 200 len: 312 time: 0.0716040
2026-06-26 11:32:43.210 9 INFO neutron.wsgi [-] 10.0.0.45 "GET / HTTP/1.1" status: 200 len: 247 time: 0.0013301
2026-06-26 11:32:43.214 9 INFO neutron.wsgi [-] 10.0.0.45 "GET / HTTP/1.1" status: 200 len: 247 time: 0.0037127
2026-06-26 11:32:43.265 9 INFO neutron.db.ovn_revision_numbers_db [req-e79c339a-61ea-4f5d-906d-7e7373cf0ec4 req-a24b9ab4-d144-48a4-ae7c-f73fa7dcdcbb 16bf3c0e229045679d7bd02180a864c1 0fbb974f5e904015b063ede9e78ed8aa - - b986fca746354db3b6c32b45221f5053 b986fca746354db3b6c32b45221f5053] Successfully bumped revision number for resource de9c8f81-54fd-4eba-81bf-6da4e5bc8c61 (type: ports) to 2
2026-06-26 11:32:43.334 9 INFO neutron.db.segments_db [None req-b11f077e-8853-4e0c-b617-5e245c6ed677 1e375c7551554f97818da1259fc9f32d bf56b2498a95468bb4a0488e43caa1fe - - default default] Added segment 69541f3c-b213-413e-b371-2eda22766c37 of type geneve for network 15e05bb4-9769-4cdc-99d1-0c9b044a1d5e
2026-06-26 11:32:43.395 9 WARNING neutron.plugins.ml2.drivers.ovn.mech_driver.ovsdb.ovn_client [None req-cc6754d9-19f8-4b6c-b6a9-849a4ba16fa1 - - - - - -] No hosting information found for port 46801998-5671-4bfa-b319-1c0208f195fa: RuntimeError: No hosting information found for port 46801998-5671-4bfa-b319-1c0208f195fa
2026-06-26 11:32:43.395 9 INFO neutron.plugins.ml2.drivers.ovn.mech_driver.mech_driver [None req-cc6754d9-19f8-4b6c-b6a9-849a4ba16fa1 - - - - - -] OVN reports status up for port: 5a268e7f-6489-43c7-904f-a33fe743fd1c
2026-06-26 11:32:43.426 9 INFO neutron.plugins.ml2.plugin [None req-cc6754d9-19f8-4b6c-b6a9-849a4ba16fa1 - - - - - -] Attempt 1 to provision port 5a268e7f-6489-43c7-904f-a33fe743fd1c
2026-06-26 11:32:43.643 9 INFO neutron.db.ovn_revision_numbers_db [None req-b11f077e-8853-4e0c-b617-5e245c6ed677 1e375c7551554f97818da1259fc9f32d bf56b2498a95468bb4a0488e43caa1fe - - default default] Successfully bumped revision number for resource 9ed02697-fbd0-4fd1-a265-e107fa3fd874 (type: networks) to 1
2026-06-26 11:32:43.682 9 INFO neutron.db.ovn_revision_numbers_db [req-e79c339a-61ea-4f5d-906d-7e7373cf0ec4 req-a24b9ab4-d144-48a4-ae7c-f73fa7dcdcbb 16bf3c0e229045679d7bd02180a864c1 0fbb974f5e904015b063ede9e78ed8aa - - b986fca746354db3b6c32b45221f5053 b986fca746354db3b6c32b45221f5053] Successfully bumped revision number for resource de9c8f81-54fd-4eba-81bf-6da4e5bc8c61 (type: ports) to 2
2026-06-26 11:32:43.712 9 INFO neutron.wsgi [req-e79c339a-61ea-4f5d-906d-7e7373cf0ec4 req-a24b9ab4-d144-48a4-ae7c-f73fa7dcdcbb 16bf3c0e229045679d7bd02180a864c1 0fbb974f5e904015b063ede9e78ed8aa - - b986fca746354db3b6c32b45221f5053 b986fca746354db3b6c32b45221f5053] 199.19.213.104 "PUT /v2.0/ports/de9c8f81-54fd-4eba-81bf-6da4e5bc8c61 HTTP/1.1" status: 200 len: 1380 time: 0.9245267
2026-06-26 11:32:43.740 10 INFO neutron.wsgi [None req-d606ddb9-a4e4-40df-8037-aca7534bec22 fb3656104fd346c0a200deea4a49bb63 d21d87dde91842d38df05b6fdee8215e - - default default] 10.0.0.94 "GET /v2.0/networks HTTP/1.1" status: 200 len: 1492 time: 0.2104170
2026-06-26 11:32:43.755 9 INFO neutron.notifiers.nova [-] Nova event matching ['req-d6da08b6-ca17-441a-939d-11b214127b95'] response: {'name': 'network-changed', 'server_uuid': 'b8d4e40c-8a9d-4e5d-b775-48e67c36514a', 'tag': 'de9c8f81-54fd-4eba-81bf-6da4e5bc8c61', 'status': 'completed', 'code': 200} /var/lib/openstack/lib/python3.10/site-packages/pycadf/identifier.py:71: UserWarning: Invalid uuid: neutron. To ensure interoperability, identifiers should be a valid uuid. warnings.warn(('Invalid uuid: %s. To ensure interoperability, '
2026-06-26 11:32:43.815 9 INFO neutron.wsgi [req-e79c339a-61ea-4f5d-906d-7e7373cf0ec4 req-c81adae0-e0e6-410d-8bc6-e7157ed8de99 16bf3c0e229045679d7bd02180a864c1 0fbb974f5e904015b063ede9e78ed8aa - - b986fca746354db3b6c32b45221f5053 b986fca746354db3b6c32b45221f5053] 199.19.213.104 "GET /v2.0/ports?tenant_id=0fb4d0892dc24b5ba71e70f6d12ae0a7&device_id=b8d4e40c-8a9d-4e5d-b775-48e67c36514a HTTP/1.1" status: 200 len: 1411 time: 0.0613339
2026-06-26 11:32:43.864 9 INFO neutron.wsgi [req-e79c339a-61ea-4f5d-906d-7e7373cf0ec4 req-c5077ad6-97cc-412b-830a-1adf0edd58f0 16bf3c0e229045679d7bd02180a864c1 0fbb974f5e904015b063ede9e78ed8aa - - b986fca746354db3b6c32b45221f5053 b986fca746354db3b6c32b45221f5053] 199.19.213.104 "GET /v2.0/floatingips?fixed_ip_address=10.100.0.13&port_id=de9c8f81-54fd-4eba-81bf-6da4e5bc8c61 HTTP/1.1" status: 200 len: 217 time: 0.0393209
2026-06-26 11:32:43.884 10 INFO neutron.wsgi [req-03ca2332-9ad5-413a-bdb1-af02b02fadda req-371dc5c9-075e-4803-a58f-7fe0f7a8bcea fb3656104fd346c0a200deea4a49bb63 d21d87dde91842d38df05b6fdee8215e - - default default] 10.0.0.119 "GET /v2.0/security-groups?name=tempest-secgroup-smoke-1712547465&fields=id&tenant_id=d21d87dde91842d38df05b6fdee8215e HTTP/1.1" status: 200 len: 267 time: 0.0600514
2026-06-26 11:32:43.919 9 INFO neutron.wsgi [req-e79c339a-61ea-4f5d-906d-7e7373cf0ec4 req-184ee37b-ff87-4bf9-8b10-aa2a15087145 16bf3c0e229045679d7bd02180a864c1 0fbb974f5e904015b063ede9e78ed8aa - - b986fca746354db3b6c32b45221f5053 b986fca746354db3b6c32b45221f5053] 199.19.213.104 "GET /v2.0/subnets?id=fc8f679f-7fca-4485-ab71-13d1b1e234c9 HTTP/1.1" status: 200 len: 869 time: 0.0512185
2026-06-26 11:32:43.953 9 INFO neutron.wsgi [req-e79c339a-61ea-4f5d-906d-7e7373cf0ec4 req-dd9e7cc3-b3f0-4653-bea3-9d82557ffc0d 16bf3c0e229045679d7bd02180a864c1 0fbb974f5e904015b063ede9e78ed8aa - - b986fca746354db3b6c32b45221f5053 b986fca746354db3b6c32b45221f5053] 199.19.213.104 "GET /v2.0/ports?network_id=041109da-635e-46ee-8822-0b1cf242aab8&device_owner=network%3Adhcp HTTP/1.1" status: 200 len: 210 time: 0.0230968
2026-06-26 11:32:43.958 9 WARNING neutron.scheduler.dhcp_agent_scheduler [None req-b11f077e-8853-4e0c-b617-5e245c6ed677 1e375c7551554f97818da1259fc9f32d bf56b2498a95468bb4a0488e43caa1fe - - default default] No more DHCP agents
2026-06-26 11:32:43.965 9 WARNING neutron.api.rpc.agentnotifiers.dhcp_rpc_agent_api [None req-b11f077e-8853-4e0c-b617-5e245c6ed677 1e375c7551554f97818da1259fc9f32d bf56b2498a95468bb4a0488e43caa1fe - - default default] Unable to schedule network 9ed02697-fbd0-4fd1-a265-e107fa3fd874: no agents available; will retry on subsequent port and subnet creation events.
2026-06-26 11:32:43.995 10 INFO neutron.wsgi [req-03ca2332-9ad5-413a-bdb1-af02b02fadda req-dcf4bbe4-cbe9-43a9-a9fe-73e2e581ecce fb3656104fd346c0a200deea4a49bb63 d21d87dde91842d38df05b6fdee8215e - - default default] 10.0.0.119 "GET /v2.0/networks?id=9cb8d81f-49a2-4e09-acf5-1ec3195cc122 HTTP/1.1" status: 200 len: 859 time: 0.0985980
2026-06-26 11:32:44.003 10 INFO neutron.wsgi [None req-55933bd5-323e-43d7-ad31-0208d686cf2c cf84a65b96fe40e3afd2dbd42244ec16 ee48f5bd4cd34d78a54267d47f83f5ed - - default default] 10.0.0.94 "PUT /v2.0/routers/f2bd4243-5780-4222-94c5-49117236b968/remove_router_interface HTTP/1.1" status: 200 len: 503 time: 2.0142727 /var/lib/openstack/lib/python3.10/site-packages/pycadf/identifier.py:71: UserWarning: Invalid uuid: neutron. To ensure interoperability, identifiers should be a valid uuid. warnings.warn(('Invalid uuid: %s. To ensure interoperability, '
2026-06-26 11:32:44.021 10 INFO neutron.wsgi [req-03ca2332-9ad5-413a-bdb1-af02b02fadda req-d9275794-541b-4f50-bfed-30d56cb9ec84 fb3656104fd346c0a200deea4a49bb63 d21d87dde91842d38df05b6fdee8215e - - default default] 10.0.0.119 "GET /v2.0/quotas/d21d87dde91842d38df05b6fdee8215e HTTP/1.1" status: 200 len: 386 time: 0.0169985
2026-06-26 11:32:44.079 9 INFO neutron.db.ovn_revision_numbers_db [None req-cc6754d9-19f8-4b6c-b6a9-849a4ba16fa1 - - - - - -] Successfully bumped revision number for resource 5a268e7f-6489-43c7-904f-a33fe743fd1c (type: ports) to 2
2026-06-26 11:32:44.114 9 INFO neutron.wsgi [req-e79c339a-61ea-4f5d-906d-7e7373cf0ec4 req-ac14babc-e6ad-4839-9910-45f2d6cd3406 16bf3c0e229045679d7bd02180a864c1 0fbb974f5e904015b063ede9e78ed8aa - - b986fca746354db3b6c32b45221f5053 b986fca746354db3b6c32b45221f5053] 199.19.213.104 "GET /v2.0/networks/041109da-635e-46ee-8822-0b1cf242aab8?fields=segments HTTP/1.1" status: 200 len: 212 time: 0.1497898
2026-06-26 11:32:44.154 10 INFO neutron.wsgi [req-03ca2332-9ad5-413a-bdb1-af02b02fadda req-60a2d8a8-027c-4d14-813d-a97ae4da9ca5 fb3656104fd346c0a200deea4a49bb63 d21d87dde91842d38df05b6fdee8215e - - default default] 10.0.0.119 "GET /v2.0/ports?tenant_id=d21d87dde91842d38df05b6fdee8215e&fields=id HTTP/1.1" status: 200 len: 302 time: 0.1232300
2026-06-26 11:32:44.234 10 INFO neutron.wsgi [req-03ca2332-9ad5-413a-bdb1-af02b02fadda req-4f398914-1192-4cd3-8403-f83f9a96ab99 16bf3c0e229045679d7bd02180a864c1 0fbb974f5e904015b063ede9e78ed8aa - - b986fca746354db3b6c32b45221f5053 b986fca746354db3b6c32b45221f5053] 10.0.0.119 "GET /v2.0/networks/9cb8d81f-49a2-4e09-acf5-1ec3195cc122?fields=segments HTTP/1.1" status: 200 len: 212 time: 0.0675888
2026-06-26 11:32:44.304 10 INFO neutron.wsgi [req-4c1320f2-0e46-4000-966e-089406753807 req-927345cb-8607-4a19-a6b2-9210b9edf609 7fc59de26ab34a09a6c49e821beb76c8 0fb4d0892dc24b5ba71e70f6d12ae0a7 - - default default] 10.0.0.119 "GET /v2.0/ports?device_id=b8d4e40c-8a9d-4e5d-b775-48e67c36514a HTTP/1.1" status: 200 len: 1172 time: 0.0686939
2026-06-26 11:32:44.343 10 INFO neutron.wsgi [req-03ca2332-9ad5-413a-bdb1-af02b02fadda req-dcc6bcae-1f40-480f-80fb-c6437b388646 16bf3c0e229045679d7bd02180a864c1 0fbb974f5e904015b063ede9e78ed8aa - - b986fca746354db3b6c32b45221f5053 b986fca746354db3b6c32b45221f5053] 10.0.0.119 "GET /v2.0/networks/9cb8d81f-49a2-4e09-acf5-1ec3195cc122?fields=provider%3Aphysical_network&fields=provider%3Anetwork_type HTTP/1.1" status: 200 len: 277 time: 0.0984845
2026-06-26 11:32:44.370 9 INFO neutron.db.ovn_revision_numbers_db [None req-b11f077e-8853-4e0c-b617-5e245c6ed677 1e375c7551554f97818da1259fc9f32d bf56b2498a95468bb4a0488e43caa1fe - - default default] Successfully bumped revision number for resource 43dbfcf5-2802-42e5-a6d4-cc7679e687d3 (type: ports) to 1
2026-06-26 11:32:44.375 10 INFO neutron.wsgi [req-4c1320f2-0e46-4000-966e-089406753807 req-53d80a39-7487-4e05-b9ba-f9525dd8a9eb 7fc59de26ab34a09a6c49e821beb76c8 0fb4d0892dc24b5ba71e70f6d12ae0a7 - - default default] 10.0.0.119 "GET /v2.0/security-groups?id=c6078b2a-4206-42cf-9a12-0c4940774308&fields=id&fields=name HTTP/1.1" status: 200 len: 312 time: 0.0632980
2026-06-26 11:32:44.451 9 INFO neutron.wsgi [req-e79c339a-61ea-4f5d-906d-7e7373cf0ec4 req-225a2df5-a804-4516-9cc3-3f4f047c0127 16bf3c0e229045679d7bd02180a864c1 0fbb974f5e904015b063ede9e78ed8aa - - b986fca746354db3b6c32b45221f5053 b986fca746354db3b6c32b45221f5053] 199.19.213.104 "GET /v2.0/networks/041109da-635e-46ee-8822-0b1cf242aab8?fields=provider%3Aphysical_network&fields=provider%3Anetwork_type HTTP/1.1" status: 200 len: 277 time: 0.3306315
2026-06-26 11:32:44.495 9 INFO neutron.db.ovn_revision_numbers_db [None req-cc6754d9-19f8-4b6c-b6a9-849a4ba16fa1 - - - - - -] Successfully bumped revision number for resource 5a268e7f-6489-43c7-904f-a33fe743fd1c (type: router_ports) to 2
2026-06-26 11:32:44.498 10 INFO neutron.wsgi [req-323ced19-b661-420d-b49a-8219c84dcc28 req-6ed4ddc0-f2a7-4472-8a61-6530fedb2f6e fb3656104fd346c0a200deea4a49bb63 d21d87dde91842d38df05b6fdee8215e - - default default] 10.0.0.119 "GET /v2.0/ports?device_id=f4074415-6291-40ec-ada6-37375f2a12d3 HTTP/1.1" status: 200 len: 210 time: 0.0353923
2026-06-26 11:32:44.554 9 INFO neutron.db.ovn_revision_numbers_db [None req-b11f077e-8853-4e0c-b617-5e245c6ed677 1e375c7551554f97818da1259fc9f32d bf56b2498a95468bb4a0488e43caa1fe - - default default] Successfully bumped revision number for resource 15e05bb4-9769-4cdc-99d1-0c9b044a1d5e (type: networks) to 1
2026-06-26 11:32:44.589 9 INFO neutron.wsgi [req-c5215de4-d938-4ccf-aa89-ad63eeb07543 req-c3ccac1e-33a6-4f39-bf60-6663945babe1 16bf3c0e229045679d7bd02180a864c1 0fbb974f5e904015b063ede9e78ed8aa - - b986fca746354db3b6c32b45221f5053 b986fca746354db3b6c32b45221f5053] 199.19.213.104 "GET /v2.0/ports?tenant_id=0fb4d0892dc24b5ba71e70f6d12ae0a7&device_id=b8d4e40c-8a9d-4e5d-b775-48e67c36514a HTTP/1.1" status: 200 len: 1411 time: 0.0810528
2026-06-26 11:32:44.701 10 INFO neutron.plugins.ml2.drivers.ovn.mech_driver.mech_driver [None req-f8f25ce2-28c3-4918-9df9-3c82fc997755 - - - - - -] OVN reports status up for port: de9c8f81-54fd-4eba-81bf-6da4e5bc8c61
2026-06-26 11:32:44.724 10 INFO neutron.plugins.ml2.plugin [None req-f8f25ce2-28c3-4918-9df9-3c82fc997755 - - - - - -] Attempt 1 to provision port de9c8f81-54fd-4eba-81bf-6da4e5bc8c61
2026-06-26 11:32:44.725 9 INFO neutron.wsgi [req-c5215de4-d938-4ccf-aa89-ad63eeb07543 req-6a62b9da-4a27-4f64-beb7-f9a35be5a217 16bf3c0e229045679d7bd02180a864c1 0fbb974f5e904015b063ede9e78ed8aa - - b986fca746354db3b6c32b45221f5053 b986fca746354db3b6c32b45221f5053] 199.19.213.104 "GET /v2.0/networks?id=041109da-635e-46ee-8822-0b1cf242aab8 HTTP/1.1" status: 200 len: 974 time: 0.1290894
2026-06-26 11:32:44.783 9 INFO neutron.wsgi [req-c5215de4-d938-4ccf-aa89-ad63eeb07543 req-0ff4124c-9234-49e5-8783-d8735a081f8a 16bf3c0e229045679d7bd02180a864c1 0fbb974f5e904015b063ede9e78ed8aa - - b986fca746354db3b6c32b45221f5053 b986fca746354db3b6c32b45221f5053] 199.19.213.104 "GET /v2.0/floatingips?fixed_ip_address=10.100.0.13&port_id=de9c8f81-54fd-4eba-81bf-6da4e5bc8c61 HTTP/1.1" status: 200 len: 217 time: 0.0334647
2026-06-26 11:32:44.864 9 INFO neutron.wsgi [req-c5215de4-d938-4ccf-aa89-ad63eeb07543 req-fe9dcedb-ad7e-4892-8708-837c266b73aa 16bf3c0e229045679d7bd02180a864c1 0fbb974f5e904015b063ede9e78ed8aa - - b986fca746354db3b6c32b45221f5053 b986fca746354db3b6c32b45221f5053] 199.19.213.104 "GET /v2.0/subnets?id=fc8f679f-7fca-4485-ab71-13d1b1e234c9 HTTP/1.1" status: 200 len: 869 time: 0.0559280
2026-06-26 11:32:44.882 10 INFO neutron.notifiers.nova [-] Nova event matching ['req-9c2534c6-3008-4a30-b9e2-3405da01049b'] response: {'server_uuid': 'b8d4e40c-8a9d-4e5d-b775-48e67c36514a', 'name': 'network-vif-plugged', 'status': 'completed', 'tag': 'de9c8f81-54fd-4eba-81bf-6da4e5bc8c61', 'code': 200}
2026-06-26 11:32:44.902 9 WARNING neutron.scheduler.dhcp_agent_scheduler [None req-b11f077e-8853-4e0c-b617-5e245c6ed677 1e375c7551554f97818da1259fc9f32d bf56b2498a95468bb4a0488e43caa1fe - - default default] No more DHCP agents
2026-06-26 11:32:44.905 9 INFO neutron.wsgi [req-c5215de4-d938-4ccf-aa89-ad63eeb07543 req-7cb2b097-6de4-4d74-8487-644142d19808 16bf3c0e229045679d7bd02180a864c1 0fbb974f5e904015b063ede9e78ed8aa - - b986fca746354db3b6c32b45221f5053 b986fca746354db3b6c32b45221f5053] 199.19.213.104 "GET /v2.0/ports?network_id=041109da-635e-46ee-8822-0b1cf242aab8&device_owner=network%3Adhcp HTTP/1.1" status: 200 len: 210 time: 0.0294487
2026-06-26 11:32:44.907 9 WARNING neutron.api.rpc.agentnotifiers.dhcp_rpc_agent_api [None req-b11f077e-8853-4e0c-b617-5e245c6ed677 1e375c7551554f97818da1259fc9f32d bf56b2498a95468bb4a0488e43caa1fe - - default default] Unable to schedule network 15e05bb4-9769-4cdc-99d1-0c9b044a1d5e: no agents available; will retry on subsequent port and subnet creation events.
2026-06-26 11:32:45.024 9 INFO neutron.wsgi [req-c5215de4-d938-4ccf-aa89-ad63eeb07543 req-ca142d12-3efb-4645-afb3-0ac33eaca306 16bf3c0e229045679d7bd02180a864c1 0fbb974f5e904015b063ede9e78ed8aa - - b986fca746354db3b6c32b45221f5053 b986fca746354db3b6c32b45221f5053] 199.19.213.104 "GET /v2.0/networks/041109da-635e-46ee-8822-0b1cf242aab8?fields=segments HTTP/1.1" status: 200 len: 212 time: 0.1010735
2026-06-26 11:32:45.032 10 INFO neutron.db.ovn_revision_numbers_db [None req-f8f25ce2-28c3-4918-9df9-3c82fc997755 - - - - - -] Successfully bumped revision number for resource de9c8f81-54fd-4eba-81bf-6da4e5bc8c61 (type: ports) to 4
2026-06-26 11:32:45.037 9 INFO neutron.db.ovn_revision_numbers_db [None req-b11f077e-8853-4e0c-b617-5e245c6ed677 1e375c7551554f97818da1259fc9f32d bf56b2498a95468bb4a0488e43caa1fe - - default default] Successfully bumped revision number for resource f43e1e0f-d07a-4ec8-8abb-514061f3aa6a (type: ports) to 1
2026-06-26 11:32:45.085 9 INFO neutron.wsgi [None req-b11f077e-8853-4e0c-b617-5e245c6ed677 1e375c7551554f97818da1259fc9f32d bf56b2498a95468bb4a0488e43caa1fe - - default default] 10.0.0.94 "POST /v2.0/networks HTTP/1.1" status: 201 len: 1446 time: 2.4755051
2026-06-26 11:32:45.186 9 INFO neutron.wsgi [req-c5215de4-d938-4ccf-aa89-ad63eeb07543 req-82326830-d846-464d-b0e5-ccafeacc727e 16bf3c0e229045679d7bd02180a864c1 0fbb974f5e904015b063ede9e78ed8aa - - b986fca746354db3b6c32b45221f5053 b986fca746354db3b6c32b45221f5053] 199.19.213.104 "GET /v2.0/networks/041109da-635e-46ee-8822-0b1cf242aab8?fields=provider%3Aphysical_network&fields=provider%3Anetwork_type HTTP/1.1" status: 200 len: 277 time: 0.1566064
2026-06-26 11:32:45.227 9 INFO neutron.wsgi [None req-d18dbf51-49d4-45d8-be46-2aeabdf78aea 1e375c7551554f97818da1259fc9f32d bf56b2498a95468bb4a0488e43caa1fe - - default default] 10.0.0.94 "GET /v2.0/networks HTTP/1.1" status: 200 len: 2052 time: 0.1373243 /var/lib/openstack/lib/python3.10/site-packages/pycadf/identifier.py:71: UserWarning: Invalid uuid: neutron. To ensure interoperability, identifiers should be a valid uuid. warnings.warn(('Invalid uuid: %s. To ensure interoperability, '
2026-06-26 11:32:45.386 9 INFO neutron.wsgi [req-03ca2332-9ad5-413a-bdb1-af02b02fadda req-f1fc62a5-ca36-4a31-9a2d-44c94d55be79 fb3656104fd346c0a200deea4a49bb63 d21d87dde91842d38df05b6fdee8215e - - default default] 199.19.213.104 "GET /v2.0/networks?id=9cb8d81f-49a2-4e09-acf5-1ec3195cc122 HTTP/1.1" status: 200 len: 859 time: 0.0723391
2026-06-26 11:32:45.490 9 INFO neutron.wsgi [req-03ca2332-9ad5-413a-bdb1-af02b02fadda req-e658e026-d943-40e4-bd20-6e590e03513f fb3656104fd346c0a200deea4a49bb63 d21d87dde91842d38df05b6fdee8215e - - default default] 199.19.213.104 "GET /v2.0/security-groups?fields=id&fields=name&tenant_id=d21d87dde91842d38df05b6fdee8215e HTTP/1.1" status: 200 len: 380 time: 0.0829651
2026-06-26 11:32:45.505 10 INFO neutron.wsgi [req-edc7f102-1b2a-4f24-b9ec-fbf8554837bd req-33e3c7ff-c14d-40d7-83f9-7c570874f62b 7fc59de26ab34a09a6c49e821beb76c8 0fb4d0892dc24b5ba71e70f6d12ae0a7 - - default default] 10.0.0.119 "GET /v2.0/ports?device_id=b8d4e40c-8a9d-4e5d-b775-48e67c36514a HTTP/1.1" status: 200 len: 1174 time: 0.0559494
2026-06-26 11:32:45.515 9 WARNING neutron_lib.context [req-03ca2332-9ad5-413a-bdb1-af02b02fadda req-c7730922-a4c4-41e5-a1a5-fb473a00fe1d fb3656104fd346c0a200deea4a49bb63 d21d87dde91842d38df05b6fdee8215e - - default default] Method 'is_advsvc' is deprecated since 2023.2 release (neutron-lib 3.8.0) and will be removed once support for the old RBAC API policies will be removed from Neutron. Please use method 'is_service_role' instead.
2026-06-26 11:32:45.596 10 INFO neutron.wsgi [req-edc7f102-1b2a-4f24-b9ec-fbf8554837bd req-127676b1-a93e-4409-a722-a103973af5dd 7fc59de26ab34a09a6c49e821beb76c8 0fb4d0892dc24b5ba71e70f6d12ae0a7 - - default default] 10.0.0.119 "GET /v2.0/security-groups?id=c6078b2a-4206-42cf-9a12-0c4940774308&fields=id&fields=name HTTP/1.1" status: 200 len: 312 time: 0.0849075
2026-06-26 11:32:45.646 10 INFO neutron.wsgi [req-3341702d-1eb4-4cb9-96db-ecb22b82d136 req-3986183b-c981-4de6-9112-6555d99bfd4d fb3656104fd346c0a200deea4a49bb63 d21d87dde91842d38df05b6fdee8215e - - default default] 10.0.0.119 "GET /v2.0/ports?device_id=f4074415-6291-40ec-ada6-37375f2a12d3 HTTP/1.1" status: 200 len: 210 time: 0.0441594
2026-06-26 11:32:45.728 9 INFO neutron.wsgi [None req-a6cb532a-ba3b-420e-aec7-30ffa98e7573 cf84a65b96fe40e3afd2dbd42244ec16 ee48f5bd4cd34d78a54267d47f83f5ed - - default default] 10.0.0.94 "DELETE /v2.0/routers/f2bd4243-5780-4222-94c5-49117236b968 HTTP/1.1" status: 204 len: 168 time: 1.7162094
2026-06-26 11:32:45.744 10 INFO neutron.services.segments.plugin [-] Segment 430c3878-fd6c-4b37-a994-9f2e723d0a32 resource provider aggregate not found
2026-06-26 11:32:45.763 10 INFO neutron.services.segments.plugin [-] Segment 430c3878-fd6c-4b37-a994-9f2e723d0a32 resource provider aggregate not found
2026-06-26 11:32:45.771 10 INFO neutron.services.segments.plugin [-] Segment 430c3878-fd6c-4b37-a994-9f2e723d0a32 resource provider not found; error: Placement Client Error (4xx): {"errors": [{"status": 404, "title": "Not Found", "detail": "The resource could not be found.\n\n No resource provider with uuid 430c3878-fd6c-4b37-a994-9f2e723d0a32 found for delete ", "request_id": "req-48e35a75-3d75-4d6f-9f08-e5d596ce5431"}]}
2026-06-26 11:32:45.779 10 INFO neutron.wsgi [req-8016352a-5d6f-4f48-8e83-59e525d4065b req-78295db5-ee9d-4d01-93b8-8e5fd177a715 7fc59de26ab34a09a6c49e821beb76c8 0fb4d0892dc24b5ba71e70f6d12ae0a7 - - default default] 10.0.0.119 "GET /v2.0/ports?device_id=b8d4e40c-8a9d-4e5d-b775-48e67c36514a HTTP/1.1" status: 200 len: 1174 time: 0.0887604
