2026-06-26 11:31:46.322 9 INFO neutron.wsgi [None req-5ea03028-cb2b-402f-9ab3-8dcaecc9634e cf84a65b96fe40e3afd2dbd42244ec16 ee48f5bd4cd34d78a54267d47f83f5ed - - default default] 10.0.0.94 "GET /v2.0/security-groups?tenant_id=2d648595effc4644a7d288ce67e42af8&name=default HTTP/1.1" status: 200 len: 2996 time: 0.3858106
2026-06-26 11:31:46.359 10 INFO neutron.wsgi [req-837f0ad9-7188-4c4b-9215-7fe23b0dac90 req-64ec3959-aa4b-4190-894d-f77e26892800 21645779c3cc45de81a3e37596d025a5 72ab780c61834fe8830037682355765d - - default default] 10.0.0.119 "GET /v2.0/ports?device_id=3a144001-a43d-4e41-8ede-70336243cbb4 HTTP/1.1" status: 200 len: 1170 time: 0.0624602
2026-06-26 11:31:46.363 9 INFO neutron.wsgi [req-e885c4f4-065c-44a4-bee6-5c1202c03d1c req-c7f8472d-3c61-4661-b36c-7ab7b00dbabd 16bf3c0e229045679d7bd02180a864c1 0fbb974f5e904015b063ede9e78ed8aa - - b986fca746354db3b6c32b45221f5053 b986fca746354db3b6c32b45221f5053] 199.19.213.104 "GET /v2.0/networks?id=9ca5e22c-1898-4a32-81a4-ebda2c3bf43d HTTP/1.1" status: 200 len: 977 time: 0.0786071
2026-06-26 11:31:46.417 9 INFO neutron.wsgi [req-e885c4f4-065c-44a4-bee6-5c1202c03d1c req-3586e715-eb94-478b-bc3b-99eba59ce82e 16bf3c0e229045679d7bd02180a864c1 0fbb974f5e904015b063ede9e78ed8aa - - b986fca746354db3b6c32b45221f5053 b986fca746354db3b6c32b45221f5053] 199.19.213.104 "GET /v2.0/floatingips?fixed_ip_address=10.100.0.7&port_id=1f26c287-1512-4463-9661-2df2720c5641 HTTP/1.1" status: 200 len: 217 time: 0.0406287
2026-06-26 11:31:46.430 10 INFO neutron.wsgi [req-837f0ad9-7188-4c4b-9215-7fe23b0dac90 req-ae1c6ea1-7ae2-4041-afa5-444b8f5a39c4 21645779c3cc45de81a3e37596d025a5 72ab780c61834fe8830037682355765d - - default default] 10.0.0.119 "GET /v2.0/security-groups?id=b75b7a4f-25b7-4718-b4d0-20b63fcdfa47&fields=id&fields=name HTTP/1.1" status: 200 len: 313 time: 0.0613840
2026-06-26 11:31:46.477 9 INFO neutron.wsgi [req-e885c4f4-065c-44a4-bee6-5c1202c03d1c req-292daf32-7563-4122-b81c-124d53be9d07 16bf3c0e229045679d7bd02180a864c1 0fbb974f5e904015b063ede9e78ed8aa - - b986fca746354db3b6c32b45221f5053 b986fca746354db3b6c32b45221f5053] 199.19.213.104 "GET /v2.0/subnets?id=4ebb493c-b150-45c6-aad2-fc9de43d6fc2 HTTP/1.1" status: 200 len: 872 time: 0.0534585
2026-06-26 11:31:46.512 9 INFO neutron.wsgi [req-e885c4f4-065c-44a4-bee6-5c1202c03d1c req-6438da08-fa4f-4bce-b00f-88fc6853fb08 16bf3c0e229045679d7bd02180a864c1 0fbb974f5e904015b063ede9e78ed8aa - - b986fca746354db3b6c32b45221f5053 b986fca746354db3b6c32b45221f5053] 199.19.213.104 "GET /v2.0/ports?network_id=9ca5e22c-1898-4a32-81a4-ebda2c3bf43d&device_owner=network%3Adhcp HTTP/1.1" status: 200 len: 210 time: 0.0274711
2026-06-26 11:31:46.627 9 INFO neutron.wsgi [req-e885c4f4-065c-44a4-bee6-5c1202c03d1c req-cadd96f6-5d7b-46cf-9ae1-3d6f210a9055 16bf3c0e229045679d7bd02180a864c1 0fbb974f5e904015b063ede9e78ed8aa - - b986fca746354db3b6c32b45221f5053 b986fca746354db3b6c32b45221f5053] 199.19.213.104 "GET /v2.0/networks/9ca5e22c-1898-4a32-81a4-ebda2c3bf43d?fields=segments HTTP/1.1" status: 200 len: 212 time: 0.1010315
2026-06-26 11:31:46.634 10 INFO neutron.wsgi [None req-c6291204-aada-4593-aa83-e044034c5498 cf84a65b96fe40e3afd2dbd42244ec16 ee48f5bd4cd34d78a54267d47f83f5ed - - default default] 10.0.0.94 "DELETE /v2.0/security-groups/0c993fbc-9401-4419-9829-494c12ce9142 HTTP/1.1" status: 204 len: 168 time: 0.3053484
2026-06-26 11:31:46.723 9 INFO neutron.wsgi [req-e885c4f4-065c-44a4-bee6-5c1202c03d1c req-a04bfc9c-837b-464d-8062-3b3214af381e 16bf3c0e229045679d7bd02180a864c1 0fbb974f5e904015b063ede9e78ed8aa - - b986fca746354db3b6c32b45221f5053 b986fca746354db3b6c32b45221f5053] 199.19.213.104 "GET /v2.0/networks/9ca5e22c-1898-4a32-81a4-ebda2c3bf43d?fields=provider%3Aphysical_network&fields=provider%3Anetwork_type HTTP/1.1" status: 200 len: 277 time: 0.0866373
2026-06-26 11:31:46.805 10 INFO neutron.notifiers.nova [-] Nova event matching ['req-e8b03df9-8786-4801-b0dd-e286bd3c4a9a'] response: {'name': 'network-changed', 'server_uuid': '3a144001-a43d-4e41-8ede-70336243cbb4', 'tag': '4c9e925b-5b4e-44d9-881f-d0d1aaa9a2f8', 'status': 'completed', 'code': 200}
2026-06-26 11:31:46.867 10 INFO neutron.wsgi [req-5efd9f2d-0bf0-4330-a785-488d9a4c3350 req-06f4bd5c-9b1a-4d4a-abf9-446f9341c9ca ef6e6a6071c14a00b89ba675fcf7510a e350e13906004c80a5a87ad887015f8c - - default default] 10.0.0.119 "GET /v2.0/networks?id=1466c056-15a2-4237-9fd7-57da3bd8556a HTTP/1.1" status: 200 len: 875 time: 0.0915761
2026-06-26 11:31:46.883 10 INFO neutron.wsgi [req-5efd9f2d-0bf0-4330-a785-488d9a4c3350 req-cbac72ef-b234-46dd-8fee-e7fa87bbfc95 ef6e6a6071c14a00b89ba675fcf7510a e350e13906004c80a5a87ad887015f8c - - default default] 10.0.0.119 "GET /v2.0/quotas/e350e13906004c80a5a87ad887015f8c HTTP/1.1" status: 200 len: 386 time: 0.0118029
2026-06-26 11:31:46.898 9 INFO neutron.wsgi [req-907cccbc-52d2-42f6-8e0d-fc25d674bfbf req-f673a3ed-5a4f-478c-bfb4-87551d57df71 16bf3c0e229045679d7bd02180a864c1 0fbb974f5e904015b063ede9e78ed8aa - - b986fca746354db3b6c32b45221f5053 b986fca746354db3b6c32b45221f5053] 199.19.213.104 "GET /v2.0/ports?tenant_id=72ab780c61834fe8830037682355765d&device_id=3a144001-a43d-4e41-8ede-70336243cbb4 HTTP/1.1" status: 200 len: 1409 time: 0.0629020
2026-06-26 11:31:46.974 9 INFO neutron.wsgi [req-907cccbc-52d2-42f6-8e0d-fc25d674bfbf req-652d5d3e-d579-45d1-a251-ed5403c68bfe 16bf3c0e229045679d7bd02180a864c1 0fbb974f5e904015b063ede9e78ed8aa - - b986fca746354db3b6c32b45221f5053 b986fca746354db3b6c32b45221f5053] 199.19.213.104 "GET /v2.0/networks?id=126b6675-6e60-43d3-be99-ce0ab67566b5 HTTP/1.1" status: 200 len: 981 time: 0.0662167
2026-06-26 11:31:47.030 10 INFO neutron.wsgi [req-5efd9f2d-0bf0-4330-a785-488d9a4c3350 req-8d4ef883-d263-43c1-b086-ad38da389498 ef6e6a6071c14a00b89ba675fcf7510a e350e13906004c80a5a87ad887015f8c - - default default] 10.0.0.119 "GET /v2.0/ports?tenant_id=e350e13906004c80a5a87ad887015f8c&fields=id HTTP/1.1" status: 200 len: 302 time: 0.1391518
2026-06-26 11:31:47.061 9 INFO neutron.wsgi [req-907cccbc-52d2-42f6-8e0d-fc25d674bfbf req-256cf790-a0e3-44c2-9e9f-a6e3e8a67779 16bf3c0e229045679d7bd02180a864c1 0fbb974f5e904015b063ede9e78ed8aa - - b986fca746354db3b6c32b45221f5053 b986fca746354db3b6c32b45221f5053] 199.19.213.104 "GET /v2.0/floatingips?fixed_ip_address=10.100.0.5&port_id=4c9e925b-5b4e-44d9-881f-d0d1aaa9a2f8 HTTP/1.1" status: 200 len: 1059 time: 0.0719032
2026-06-26 11:31:47.113 9 INFO neutron.wsgi [req-907cccbc-52d2-42f6-8e0d-fc25d674bfbf req-43bbc5a3-9cf5-44be-9e0e-e5041e4993bd 16bf3c0e229045679d7bd02180a864c1 0fbb974f5e904015b063ede9e78ed8aa - - b986fca746354db3b6c32b45221f5053 b986fca746354db3b6c32b45221f5053] 199.19.213.104 "GET /v2.0/subnets?id=8c137bf2-9b58-4720-964f-6669d3f2611a HTTP/1.1" status: 200 len: 876 time: 0.0474229
2026-06-26 11:31:47.265 10 INFO neutron.wsgi [req-23f8799d-90d5-40b9-a46d-2d8de6d30142 req-4450ac50-d515-49fa-a501-e05715cdddb5 13888046e0a3476c857c32c644750754 ce43f40adbf340208d3c3f9ba705f7dc - - default default] 10.0.0.119 "GET /v2.0/ports?device_id=d1d898d5-5401-4f54-8628-3aa27876a6b4 HTTP/1.1" status: 200 len: 1168 time: 0.0410061
2026-06-26 11:31:47.286 10 INFO neutron.wsgi [req-5efd9f2d-0bf0-4330-a785-488d9a4c3350 req-d799f5e5-5911-41b3-a70d-cadfd854d97b 16bf3c0e229045679d7bd02180a864c1 0fbb974f5e904015b063ede9e78ed8aa - - b986fca746354db3b6c32b45221f5053 b986fca746354db3b6c32b45221f5053] 10.0.0.119 "GET /v2.0/networks/1466c056-15a2-4237-9fd7-57da3bd8556a?fields=segments HTTP/1.1" status: 200 len: 212 time: 0.2442362
2026-06-26 11:31:47.350 10 INFO neutron.wsgi [req-23f8799d-90d5-40b9-a46d-2d8de6d30142 req-373bf98f-efb1-4550-a035-aca80a49db79 13888046e0a3476c857c32c644750754 ce43f40adbf340208d3c3f9ba705f7dc - - default default] 10.0.0.119 "GET /v2.0/security-groups?id=6bede0af-fb5b-4cd3-acc3-f2afcdc802e8&fields=id&fields=name HTTP/1.1" status: 200 len: 313 time: 0.0749516
2026-06-26 11:31:47.373 10 INFO neutron.wsgi [req-5efd9f2d-0bf0-4330-a785-488d9a4c3350 req-bc5836de-2131-435a-bb4f-1fa2e432805f 16bf3c0e229045679d7bd02180a864c1 0fbb974f5e904015b063ede9e78ed8aa - - b986fca746354db3b6c32b45221f5053 b986fca746354db3b6c32b45221f5053] 10.0.0.119 "GET /v2.0/networks/1466c056-15a2-4237-9fd7-57da3bd8556a?fields=provider%3Aphysical_network&fields=provider%3Anetwork_type HTTP/1.1" status: 200 len: 277 time: 0.0639307
2026-06-26 11:31:47.503 9 INFO neutron.wsgi [req-907cccbc-52d2-42f6-8e0d-fc25d674bfbf req-05f8e784-589c-49b3-a630-820f9816cfe3 16bf3c0e229045679d7bd02180a864c1 0fbb974f5e904015b063ede9e78ed8aa - - b986fca746354db3b6c32b45221f5053 b986fca746354db3b6c32b45221f5053] 199.19.213.104 "GET /v2.0/ports?network_id=126b6675-6e60-43d3-be99-ce0ab67566b5&device_owner=network%3Adhcp HTTP/1.1" status: 200 len: 210 time: 0.3827486
2026-06-26 11:31:47.560 10 INFO neutron.wsgi [req-07963a74-439d-47c3-a142-5e8b3d4fa7dd req-69c2ab8a-82bf-4bb1-aa3f-f2e580db21cc ef6e6a6071c14a00b89ba675fcf7510a e350e13906004c80a5a87ad887015f8c - - default default] 10.0.0.119 "GET /v2.0/ports?device_id=1e5194eb-08cb-441f-af0a-37560a3db28b HTTP/1.1" status: 200 len: 210 time: 0.0297854
2026-06-26 11:31:47.583 9 INFO neutron.wsgi [req-907cccbc-52d2-42f6-8e0d-fc25d674bfbf req-3143a5e0-a4ca-428b-8c57-4f32b4dcd981 16bf3c0e229045679d7bd02180a864c1 0fbb974f5e904015b063ede9e78ed8aa - - b986fca746354db3b6c32b45221f5053 b986fca746354db3b6c32b45221f5053] 199.19.213.104 "GET /v2.0/networks/126b6675-6e60-43d3-be99-ce0ab67566b5?fields=segments HTTP/1.1" status: 200 len: 212 time: 0.0724871
2026-06-26 11:31:47.651 9 INFO neutron.wsgi [req-907cccbc-52d2-42f6-8e0d-fc25d674bfbf req-b510e289-3a6d-4a27-8b0b-26080eaf4995 16bf3c0e229045679d7bd02180a864c1 0fbb974f5e904015b063ede9e78ed8aa - - b986fca746354db3b6c32b45221f5053 b986fca746354db3b6c32b45221f5053] 199.19.213.104 "GET /v2.0/networks/126b6675-6e60-43d3-be99-ce0ab67566b5?fields=provider%3Aphysical_network&fields=provider%3Anetwork_type HTTP/1.1" status: 200 len: 277 time: 0.0615561
2026-06-26 11:31:47.833 9 INFO neutron.wsgi [None req-b28d08b4-b4c2-4e11-b348-968ddea3b4ef cf84a65b96fe40e3afd2dbd42244ec16 ee48f5bd4cd34d78a54267d47f83f5ed - - default default] 10.0.0.203 "GET /v2.0/security-groups HTTP/1.1" status: 200 len: 30609 time: 0.3390474
2026-06-26 11:31:47.920 9 INFO neutron.wsgi [None req-bb97d73b-2aae-4da1-957f-0c2215ef0818 cf84a65b96fe40e3afd2dbd42244ec16 ee48f5bd4cd34d78a54267d47f83f5ed - - default default] 10.0.0.203 "GET /v2.0/floatingips HTTP/1.1" status: 200 len: 1574 time: 0.0783784
2026-06-26 11:31:47.964 9 INFO neutron.wsgi [None req-d68de940-6f77-4367-b5c9-1aec34afcdaf cf84a65b96fe40e3afd2dbd42244ec16 ee48f5bd4cd34d78a54267d47f83f5ed - - default default] 10.0.0.203 "GET /v2.0/subnets HTTP/1.1" status: 200 len: 3418 time: 0.0426323
2026-06-26 11:31:47.976 9 INFO neutron.wsgi [None req-7a2e8e78-d606-445a-8e12-248b3b186766 cf84a65b96fe40e3afd2dbd42244ec16 ee48f5bd4cd34d78a54267d47f83f5ed - - default default] 10.0.0.203 "GET /v2.0/subnetpools HTTP/1.1" status: 200 len: 193 time: 0.0108383
2026-06-26 11:31:47.994 9 INFO neutron.wsgi [None req-35d0133d-fbfa-4033-9c41-d8bd379b342b cf84a65b96fe40e3afd2dbd42244ec16 ee48f5bd4cd34d78a54267d47f83f5ed - - default default] 10.0.0.203 "GET /v2.0/network-ip-availabilities HTTP/1.1" status: 200 len: 2734 time: 0.0157542
2026-06-26 11:31:48.077 9 INFO neutron.wsgi [None req-f392e08e-7109-4a07-a3b4-5c9f286936a6 cf84a65b96fe40e3afd2dbd42244ec16 ee48f5bd4cd34d78a54267d47f83f5ed - - default default] 10.0.0.203 "GET /v2.0/networks HTTP/1.1" status: 200 len: 4643 time: 0.0819445
2026-06-26 11:31:48.162 9 INFO neutron.wsgi [None req-29cba316-7a14-402b-adff-b3ccb8fe5435 cf84a65b96fe40e3afd2dbd42244ec16 ee48f5bd4cd34d78a54267d47f83f5ed - - default default] 10.0.0.203 "GET /v2.0/ports HTTP/1.1" status: 200 len: 19401 time: 0.0796304
2026-06-26 11:31:48.295 9 INFO neutron.wsgi [None req-3033b92c-1a1a-4066-83b2-bcacdc3fe2fa cf84a65b96fe40e3afd2dbd42244ec16 ee48f5bd4cd34d78a54267d47f83f5ed - - default default] 10.0.0.203 "GET /v2.0/routers HTTP/1.1" status: 200 len: 2221 time: 0.1182230
2026-06-26 11:31:48.313 9 INFO neutron.wsgi [None req-35d47ed7-e37c-42a9-8cc7-a55ea5245a69 cf84a65b96fe40e3afd2dbd42244ec16 ee48f5bd4cd34d78a54267d47f83f5ed - - default default] 10.0.0.203 "GET /v2.0/agents?binary=ovn-controller HTTP/1.1" status: 200 len: 591 time: 0.0157704
2026-06-26 11:31:48.358 9 INFO neutron.wsgi [None req-b4a39385-7cad-4484-b273-b0e7928a95b3 cf84a65b96fe40e3afd2dbd42244ec16 ee48f5bd4cd34d78a54267d47f83f5ed - - default default] 10.0.0.203 "GET /v2.0/subnets HTTP/1.1" status: 200 len: 3418 time: 0.0432982
2026-06-26 11:31:48.370 9 INFO neutron.wsgi [None req-8fbb47ee-28db-4013-babe-fc354d818b1c cf84a65b96fe40e3afd2dbd42244ec16 ee48f5bd4cd34d78a54267d47f83f5ed - - default default] 10.0.0.203 "GET /v2.0/agents HTTP/1.1" status: 200 len: 997 time: 0.0106289
2026-06-26 11:31:48.438 9 INFO neutron.wsgi [req-5efd9f2d-0bf0-4330-a785-488d9a4c3350 req-f268b0a4-c2cc-4515-862a-020d216508cf ef6e6a6071c14a00b89ba675fcf7510a e350e13906004c80a5a87ad887015f8c - - default default] 199.19.213.104 "GET /v2.0/networks?id=1466c056-15a2-4237-9fd7-57da3bd8556a HTTP/1.1" status: 200 len: 875 time: 0.0678613
2026-06-26 11:31:48.451 9 WARNING neutron_lib.context [req-5efd9f2d-0bf0-4330-a785-488d9a4c3350 req-8dcea8e7-671e-44fb-bbdd-d6a2ead04c2d ef6e6a6071c14a00b89ba675fcf7510a e350e13906004c80a5a87ad887015f8c - - default default] Method 'is_advsvc' is deprecated since 2023.2 release (neutron-lib 3.8.0) and will be removed once support for the old RBAC API policies will be removed from Neutron. Please use method 'is_service_role' instead.
2026-06-26 11:31:48.491 10 INFO neutron.wsgi [req-f16f968b-7543-445b-b222-111ac5a72b5c req-27bb3912-2b24-46b3-a384-d86fd42cf4f4 13888046e0a3476c857c32c644750754 ce43f40adbf340208d3c3f9ba705f7dc - - default default] 10.0.0.119 "GET /v2.0/ports?device_id=d1d898d5-5401-4f54-8628-3aa27876a6b4 HTTP/1.1" status: 200 len: 1168 time: 0.0607805
2026-06-26 11:31:48.541 10 INFO neutron.wsgi [req-f16f968b-7543-445b-b222-111ac5a72b5c req-23f34f48-d83a-4464-bb69-a5fe8e4091e0 13888046e0a3476c857c32c644750754 ce43f40adbf340208d3c3f9ba705f7dc - - default default] 10.0.0.119 "GET /v2.0/security-groups?id=6bede0af-fb5b-4cd3-acc3-f2afcdc802e8&fields=id&fields=name HTTP/1.1" status: 200 len: 313 time: 0.0397024
2026-06-26 11:31:48.675 10 INFO neutron.wsgi [req-3e60fa97-6a4c-41fc-8cff-6d90bf70b17c req-46025baf-9c35-4b02-9d0f-7dab6dd63b1d ef6e6a6071c14a00b89ba675fcf7510a e350e13906004c80a5a87ad887015f8c - - default default] 10.0.0.119 "GET /v2.0/ports?device_id=1e5194eb-08cb-441f-af0a-37560a3db28b HTTP/1.1" status: 200 len: 210 time: 0.0358691
2026-06-26 11:31:48.839 9 WARNING neutron.scheduler.dhcp_agent_scheduler [req-5efd9f2d-0bf0-4330-a785-488d9a4c3350 req-8dcea8e7-671e-44fb-bbdd-d6a2ead04c2d ef6e6a6071c14a00b89ba675fcf7510a e350e13906004c80a5a87ad887015f8c - - default default] No more DHCP agents
2026-06-26 11:31:48.841 9 WARNING neutron.api.rpc.agentnotifiers.dhcp_rpc_agent_api [req-5efd9f2d-0bf0-4330-a785-488d9a4c3350 req-8dcea8e7-671e-44fb-bbdd-d6a2ead04c2d ef6e6a6071c14a00b89ba675fcf7510a e350e13906004c80a5a87ad887015f8c - - default default] Unable to schedule network 1466c056-15a2-4237-9fd7-57da3bd8556a: no agents available; will retry on subsequent port and subnet creation events.
2026-06-26 11:31:48.986 9 INFO neutron.db.ovn_revision_numbers_db [req-5efd9f2d-0bf0-4330-a785-488d9a4c3350 req-8dcea8e7-671e-44fb-bbdd-d6a2ead04c2d ef6e6a6071c14a00b89ba675fcf7510a e350e13906004c80a5a87ad887015f8c - - default default] Successfully bumped revision number for resource 63dfaa6b-d095-4bb7-b3f6-41a84e7fa731 (type: ports) to 1
2026-06-26 11:31:49.013 9 INFO neutron.wsgi [req-5efd9f2d-0bf0-4330-a785-488d9a4c3350 req-8dcea8e7-671e-44fb-bbdd-d6a2ead04c2d ef6e6a6071c14a00b89ba675fcf7510a e350e13906004c80a5a87ad887015f8c - - default default] 199.19.213.104 "POST /v2.0/ports HTTP/1.1" status: 201 len: 1158 time: 0.5682549 /var/lib/openstack/lib/python3.10/site-packages/pycadf/identifier.py:71: UserWarning: Invalid uuid: neutron. To ensure interoperability, identifiers should be a valid uuid. warnings.warn(('Invalid uuid: %s. To ensure interoperability, '
2026-06-26 11:31:49.455 9 INFO neutron.db.ovn_revision_numbers_db [None req-7727f72d-874c-4592-b10d-9081e8702a01 cf84a65b96fe40e3afd2dbd42244ec16 ee48f5bd4cd34d78a54267d47f83f5ed - - default default] Successfully bumped revision number for resource b52643b1-4789-4099-ab86-0bc9c3632ec1 (type: security_groups) to 1
2026-06-26 11:31:49.458 9 INFO neutron.db.ovn_revision_numbers_db [req-5efd9f2d-0bf0-4330-a785-488d9a4c3350 req-71dc3005-7084-492d-a7ce-bb2d293ec6c8 16bf3c0e229045679d7bd02180a864c1 0fbb974f5e904015b063ede9e78ed8aa - - b986fca746354db3b6c32b45221f5053 b986fca746354db3b6c32b45221f5053] Successfully bumped revision number for resource 63dfaa6b-d095-4bb7-b3f6-41a84e7fa731 (type: ports) to 2
2026-06-26 11:31:49.474 9 INFO neutron.db.ovn_revision_numbers_db [None req-7727f72d-874c-4592-b10d-9081e8702a01 cf84a65b96fe40e3afd2dbd42244ec16 ee48f5bd4cd34d78a54267d47f83f5ed - - default default] Successfully bumped revision number for resource 3cd1f12a-ca67-4fcb-a27d-4e706492f93a (type: security_group_rules) to 0
2026-06-26 11:31:49.488 9 INFO neutron.db.ovn_revision_numbers_db [None req-7727f72d-874c-4592-b10d-9081e8702a01 cf84a65b96fe40e3afd2dbd42244ec16 ee48f5bd4cd34d78a54267d47f83f5ed - - default default] Successfully bumped revision number for resource a7a3f47a-d908-4c2c-bc34-e4bfc02e11cc (type: security_group_rules) to 0
2026-06-26 11:31:49.503 9 INFO neutron.db.ovn_revision_numbers_db [None req-7727f72d-874c-4592-b10d-9081e8702a01 cf84a65b96fe40e3afd2dbd42244ec16 ee48f5bd4cd34d78a54267d47f83f5ed - - default default] Successfully bumped revision number for resource d9f370e0-2eef-4f14-b1b7-c38172dfa40e (type: security_group_rules) to 0
2026-06-26 11:31:49.534 9 INFO neutron.db.ovn_revision_numbers_db [None req-7727f72d-874c-4592-b10d-9081e8702a01 cf84a65b96fe40e3afd2dbd42244ec16 ee48f5bd4cd34d78a54267d47f83f5ed - - default default] Successfully bumped revision number for resource f5210de0-7298-4508-aebe-6915fd6dde25 (type: security_group_rules) to 0
2026-06-26 11:31:49.575 9 INFO neutron.wsgi [None req-7727f72d-874c-4592-b10d-9081e8702a01 cf84a65b96fe40e3afd2dbd42244ec16 ee48f5bd4cd34d78a54267d47f83f5ed - - default default] 10.0.0.94 "GET /v2.0/security-groups?tenant_id=947f98080dfd48bbbd0e26d0e92c9f34&name=default HTTP/1.1" status: 200 len: 2996 time: 0.4769263 /var/lib/openstack/lib/python3.10/site-packages/pycadf/identifier.py:71: UserWarning: Invalid uuid: neutron. To ensure interoperability, identifiers should be a valid uuid. warnings.warn(('Invalid uuid: %s. To ensure interoperability, '
2026-06-26 11:31:49.671 10 INFO neutron.wsgi [req-b58e6d37-7fdf-4e66-952b-acd52ce34bc6 req-5c58d3c6-38a4-47a1-914b-79727c25d315 13888046e0a3476c857c32c644750754 ce43f40adbf340208d3c3f9ba705f7dc - - default default] 10.0.0.119 "GET /v2.0/ports?device_id=d1d898d5-5401-4f54-8628-3aa27876a6b4 HTTP/1.1" status: 200 len: 1168 time: 0.0469894
2026-06-26 11:31:49.717 10 INFO neutron.wsgi [req-b58e6d37-7fdf-4e66-952b-acd52ce34bc6 req-b93b5962-8c00-48e4-9ab6-f1e3c40e150c 13888046e0a3476c857c32c644750754 ce43f40adbf340208d3c3f9ba705f7dc - - default default] 10.0.0.119 "GET /v2.0/security-groups?id=6bede0af-fb5b-4cd3-acc3-f2afcdc802e8&fields=id&fields=name HTTP/1.1" status: 200 len: 313 time: 0.0393407
2026-06-26 11:31:49.736 9 INFO neutron.db.ovn_revision_numbers_db [req-5efd9f2d-0bf0-4330-a785-488d9a4c3350 req-71dc3005-7084-492d-a7ce-bb2d293ec6c8 16bf3c0e229045679d7bd02180a864c1 0fbb974f5e904015b063ede9e78ed8aa - - b986fca746354db3b6c32b45221f5053 b986fca746354db3b6c32b45221f5053] Successfully bumped revision number for resource 63dfaa6b-d095-4bb7-b3f6-41a84e7fa731 (type: ports) to 2
2026-06-26 11:31:49.756 9 INFO neutron.wsgi [req-5efd9f2d-0bf0-4330-a785-488d9a4c3350 req-71dc3005-7084-492d-a7ce-bb2d293ec6c8 16bf3c0e229045679d7bd02180a864c1 0fbb974f5e904015b063ede9e78ed8aa - - b986fca746354db3b6c32b45221f5053 b986fca746354db3b6c32b45221f5053] 199.19.213.104 "PUT /v2.0/ports/63dfaa6b-d095-4bb7-b3f6-41a84e7fa731 HTTP/1.1" status: 200 len: 1376 time: 0.7339454
2026-06-26 11:31:49.788 9 INFO neutron.notifiers.nova [-] Nova event matching ['req-99757d63-eec8-400c-b2ce-283543e6a2bc'] response: {'name': 'network-changed', 'server_uuid': '1e5194eb-08cb-441f-af0a-37560a3db28b', 'tag': '63dfaa6b-d095-4bb7-b3f6-41a84e7fa731', 'status': 'completed', 'code': 200} /var/lib/openstack/lib/python3.10/site-packages/pycadf/identifier.py:71: UserWarning: Invalid uuid: neutron. To ensure interoperability, identifiers should be a valid uuid. warnings.warn(('Invalid uuid: %s. To ensure interoperability, '
2026-06-26 11:31:49.797 10 INFO neutron.wsgi [req-8fcfd4b7-f13a-49ac-b698-2a40f28a0fdb req-6dda5063-9694-44c5-9c50-2bb6d886b945 ef6e6a6071c14a00b89ba675fcf7510a e350e13906004c80a5a87ad887015f8c - - default default] 10.0.0.119 "GET /v2.0/ports?device_id=1e5194eb-08cb-441f-af0a-37560a3db28b HTTP/1.1" status: 200 len: 1168 time: 0.0392578
2026-06-26 11:31:49.835 9 INFO neutron.wsgi [req-5efd9f2d-0bf0-4330-a785-488d9a4c3350 req-83785770-1879-4bc7-ad77-e33071078cde 16bf3c0e229045679d7bd02180a864c1 0fbb974f5e904015b063ede9e78ed8aa - - b986fca746354db3b6c32b45221f5053 b986fca746354db3b6c32b45221f5053] 199.19.213.104 "GET /v2.0/ports?tenant_id=e350e13906004c80a5a87ad887015f8c&device_id=1e5194eb-08cb-441f-af0a-37560a3db28b HTTP/1.1" status: 200 len: 1407 time: 0.0415370
2026-06-26 11:31:49.847 10 INFO neutron.wsgi [req-8fcfd4b7-f13a-49ac-b698-2a40f28a0fdb req-69d7e4ea-c501-4426-8845-07d9294ac159 ef6e6a6071c14a00b89ba675fcf7510a e350e13906004c80a5a87ad887015f8c - - default default] 10.0.0.119 "GET /v2.0/security-groups?id=e1993170-7e65-406e-b20c-0b32dc1bbd9b&fields=id&fields=name HTTP/1.1" status: 200 len: 286 time: 0.0418470
2026-06-26 11:31:49.862 9 INFO neutron.wsgi [req-5efd9f2d-0bf0-4330-a785-488d9a4c3350 req-29ce747f-8b07-426d-9dda-19ffbaa691f8 16bf3c0e229045679d7bd02180a864c1 0fbb974f5e904015b063ede9e78ed8aa - - b986fca746354db3b6c32b45221f5053 b986fca746354db3b6c32b45221f5053] 199.19.213.104 "GET /v2.0/floatingips?fixed_ip_address=10.100.0.5&port_id=63dfaa6b-d095-4bb7-b3f6-41a84e7fa731 HTTP/1.1" status: 200 len: 217 time: 0.0213084
2026-06-26 11:31:49.899 9 INFO neutron.wsgi [req-5efd9f2d-0bf0-4330-a785-488d9a4c3350 req-390f66b0-f183-4cf4-bb83-0e53001a7d2d 16bf3c0e229045679d7bd02180a864c1 0fbb974f5e904015b063ede9e78ed8aa - - b986fca746354db3b6c32b45221f5053 b986fca746354db3b6c32b45221f5053] 199.19.213.104 "GET /v2.0/subnets?id=a4bd29bd-5337-4bfe-b510-4229a4a0bca9 HTTP/1.1" status: 200 len: 869 time: 0.0294828
2026-06-26 11:31:49.905 9 INFO neutron.wsgi [None req-df940858-9137-41fe-b119-8c4b5410c63f cf84a65b96fe40e3afd2dbd42244ec16 ee48f5bd4cd34d78a54267d47f83f5ed - - default default] 10.0.0.94 "DELETE /v2.0/security-groups/b52643b1-4789-4099-ab86-0bc9c3632ec1 HTTP/1.1" status: 204 len: 168 time: 0.3237433
2026-06-26 11:31:49.927 9 INFO neutron.wsgi [req-5efd9f2d-0bf0-4330-a785-488d9a4c3350 req-55a1d266-3047-4142-8394-ceb1fa60bc91 16bf3c0e229045679d7bd02180a864c1 0fbb974f5e904015b063ede9e78ed8aa - - b986fca746354db3b6c32b45221f5053 b986fca746354db3b6c32b45221f5053] 199.19.213.104 "GET /v2.0/ports?network_id=1466c056-15a2-4237-9fd7-57da3bd8556a&device_owner=network%3Adhcp HTTP/1.1" status: 200 len: 210 time: 0.0218155
2026-06-26 11:31:49.992 9 INFO neutron.wsgi [req-5efd9f2d-0bf0-4330-a785-488d9a4c3350 req-e2081f7c-9515-44a6-9861-e225feec5991 16bf3c0e229045679d7bd02180a864c1 0fbb974f5e904015b063ede9e78ed8aa - - b986fca746354db3b6c32b45221f5053 b986fca746354db3b6c32b45221f5053] 199.19.213.104 "GET /v2.0/networks/1466c056-15a2-4237-9fd7-57da3bd8556a?fields=segments HTTP/1.1" status: 200 len: 212 time: 0.0560672
2026-06-26 11:31:50.047 9 INFO neutron.wsgi [req-5efd9f2d-0bf0-4330-a785-488d9a4c3350 req-1aa7f77d-2b59-430a-92e4-05697a61a148 16bf3c0e229045679d7bd02180a864c1 0fbb974f5e904015b063ede9e78ed8aa - - b986fca746354db3b6c32b45221f5053 b986fca746354db3b6c32b45221f5053] 199.19.213.104 "GET /v2.0/networks/1466c056-15a2-4237-9fd7-57da3bd8556a?fields=provider%3Aphysical_network&fields=provider%3Anetwork_type HTTP/1.1" status: 200 len: 277 time: 0.0481184
2026-06-26 11:31:50.119 9 INFO neutron.wsgi [req-638222b7-f652-48b0-a5b8-c813f716c349 req-eba76d88-d947-45d3-8041-36e0ab86046e 16bf3c0e229045679d7bd02180a864c1 0fbb974f5e904015b063ede9e78ed8aa - - b986fca746354db3b6c32b45221f5053 b986fca746354db3b6c32b45221f5053] 199.19.213.104 "GET /v2.0/ports?tenant_id=e350e13906004c80a5a87ad887015f8c&device_id=1e5194eb-08cb-441f-af0a-37560a3db28b HTTP/1.1" status: 200 len: 1407 time: 0.0377469
2026-06-26 11:31:50.182 9 INFO neutron.wsgi [req-638222b7-f652-48b0-a5b8-c813f716c349 req-0a71e43c-5ab2-4eb9-9e25-3bba85b503db 16bf3c0e229045679d7bd02180a864c1 0fbb974f5e904015b063ede9e78ed8aa - - b986fca746354db3b6c32b45221f5053 b986fca746354db3b6c32b45221f5053] 199.19.213.104 "GET /v2.0/networks?id=1466c056-15a2-4237-9fd7-57da3bd8556a HTTP/1.1" status: 200 len: 974 time: 0.0553207
2026-06-26 11:31:50.225 9 INFO neutron.wsgi [req-638222b7-f652-48b0-a5b8-c813f716c349 req-73447a41-2214-48c9-886e-4158bdc2c981 16bf3c0e229045679d7bd02180a864c1 0fbb974f5e904015b063ede9e78ed8aa - - b986fca746354db3b6c32b45221f5053 b986fca746354db3b6c32b45221f5053] 199.19.213.104 "GET /v2.0/floatingips?fixed_ip_address=10.100.0.5&port_id=63dfaa6b-d095-4bb7-b3f6-41a84e7fa731 HTTP/1.1" status: 200 len: 217 time: 0.0372467
2026-06-26 11:31:50.277 9 INFO neutron.wsgi [req-638222b7-f652-48b0-a5b8-c813f716c349 req-20845037-f976-4fc3-9726-96ef110198d9 16bf3c0e229045679d7bd02180a864c1 0fbb974f5e904015b063ede9e78ed8aa - - b986fca746354db3b6c32b45221f5053 b986fca746354db3b6c32b45221f5053] 199.19.213.104 "GET /v2.0/subnets?id=a4bd29bd-5337-4bfe-b510-4229a4a0bca9 HTTP/1.1" status: 200 len: 869 time: 0.0448959
2026-06-26 11:31:50.305 9 INFO neutron.wsgi [req-638222b7-f652-48b0-a5b8-c813f716c349 req-82884e59-fcef-4410-8c4f-bb49c5cdbdf8 16bf3c0e229045679d7bd02180a864c1 0fbb974f5e904015b063ede9e78ed8aa - - b986fca746354db3b6c32b45221f5053 b986fca746354db3b6c32b45221f5053] 199.19.213.104 "GET /v2.0/ports?network_id=1466c056-15a2-4237-9fd7-57da3bd8556a&device_owner=network%3Adhcp HTTP/1.1" status: 200 len: 210 time: 0.0215971
2026-06-26 11:31:50.369 9 INFO neutron.wsgi [req-638222b7-f652-48b0-a5b8-c813f716c349 req-daf0116f-d59f-44cb-ba6f-d791e64c0e73 16bf3c0e229045679d7bd02180a864c1 0fbb974f5e904015b063ede9e78ed8aa - - b986fca746354db3b6c32b45221f5053 b986fca746354db3b6c32b45221f5053] 199.19.213.104 "GET /v2.0/networks/1466c056-15a2-4237-9fd7-57da3bd8556a?fields=segments HTTP/1.1" status: 200 len: 212 time: 0.0580232
2026-06-26 11:31:50.448 9 INFO neutron.wsgi [req-638222b7-f652-48b0-a5b8-c813f716c349 req-cc129762-064a-476c-9f92-0bc40fa0e738 16bf3c0e229045679d7bd02180a864c1 0fbb974f5e904015b063ede9e78ed8aa - - b986fca746354db3b6c32b45221f5053 b986fca746354db3b6c32b45221f5053] 199.19.213.104 "GET /v2.0/networks/1466c056-15a2-4237-9fd7-57da3bd8556a?fields=provider%3Aphysical_network&fields=provider%3Anetwork_type HTTP/1.1" status: 200 len: 277 time: 0.0711122
2026-06-26 11:31:50.486 10 WARNING neutron.plugins.ml2.drivers.ovn.mech_driver.ovsdb.ovn_client [None req-f8f25ce2-28c3-4918-9df9-3c82fc997755 - - - - - -] No hosting information found for port f86a2460-b073-453e-b051-71851f04da72: RuntimeError: No hosting information found for port f86a2460-b073-453e-b051-71851f04da72
2026-06-26 11:31:50.487 10 INFO neutron.plugins.ml2.drivers.ovn.mech_driver.mech_driver [None req-f8f25ce2-28c3-4918-9df9-3c82fc997755 - - - - - -] OVN reports status up for port: 1f26c287-1512-4463-9661-2df2720c5641
2026-06-26 11:31:50.501 10 INFO neutron.plugins.ml2.plugin [None req-f8f25ce2-28c3-4918-9df9-3c82fc997755 - - - - - -] Attempt 1 to provision port 1f26c287-1512-4463-9661-2df2720c5641
2026-06-26 11:31:50.626 10 INFO neutron.notifiers.nova [-] Nova event matching ['req-182591e2-5150-43e6-9d6d-736866a7f6d5'] response: {'server_uuid': 'd1d898d5-5401-4f54-8628-3aa27876a6b4', 'name': 'network-vif-plugged', 'status': 'completed', 'tag': '1f26c287-1512-4463-9661-2df2720c5641', 'code': 200}
2026-06-26 11:31:50.783 10 INFO neutron.db.ovn_revision_numbers_db [None req-f8f25ce2-28c3-4918-9df9-3c82fc997755 - - - - - -] Successfully bumped revision number for resource 1f26c287-1512-4463-9661-2df2720c5641 (type: ports) to 4
2026-06-26 11:31:50.884 10 INFO neutron.plugins.ml2.drivers.ovn.mech_driver.mech_driver [None req-f8f25ce2-28c3-4918-9df9-3c82fc997755 - - - - - -] OVN reports status up for port: 63dfaa6b-d095-4bb7-b3f6-41a84e7fa731
2026-06-26 11:31:50.900 10 INFO neutron.wsgi [req-17b35c88-f69a-4522-a3e6-9dc851ba613c req-d3baa09c-fd39-4f4e-a077-d78ca891e30f 13888046e0a3476c857c32c644750754 ce43f40adbf340208d3c3f9ba705f7dc - - default default] 10.0.0.119 "GET /v2.0/ports?device_id=d1d898d5-5401-4f54-8628-3aa27876a6b4 HTTP/1.1" status: 200 len: 1170 time: 0.1077120
2026-06-26 11:31:50.905 10 INFO neutron.plugins.ml2.plugin [None req-f8f25ce2-28c3-4918-9df9-3c82fc997755 - - - - - -] Attempt 1 to provision port 63dfaa6b-d095-4bb7-b3f6-41a84e7fa731 /var/lib/openstack/lib/python3.10/site-packages/pycadf/identifier.py:71: UserWarning: Invalid uuid: neutron. To ensure interoperability, identifiers should be a valid uuid. warnings.warn(('Invalid uuid: %s. To ensure interoperability, '
2026-06-26 11:31:50.987 10 INFO neutron.wsgi [req-d9c53dcf-5e22-4b68-964d-64fbbe3b4c67 req-d8c4d10b-f252-49ca-b8bb-d955b96d0f9b ef6e6a6071c14a00b89ba675fcf7510a e350e13906004c80a5a87ad887015f8c - - default default] 10.0.0.119 "GET /v2.0/ports?device_id=1e5194eb-08cb-441f-af0a-37560a3db28b HTTP/1.1" status: 200 len: 1168 time: 0.0606618
2026-06-26 11:31:51.007 10 INFO neutron.wsgi [req-17b35c88-f69a-4522-a3e6-9dc851ba613c req-81105327-bfe7-403d-9376-f55c31472c94 13888046e0a3476c857c32c644750754 ce43f40adbf340208d3c3f9ba705f7dc - - default default] 10.0.0.119 "GET /v2.0/security-groups?id=6bede0af-fb5b-4cd3-acc3-f2afcdc802e8&fields=id&fields=name HTTP/1.1" status: 200 len: 313 time: 0.1002355
2026-06-26 11:31:51.043 10 INFO neutron.wsgi [req-d9c53dcf-5e22-4b68-964d-64fbbe3b4c67 req-97d4418e-6c8f-4cf7-8732-6e9b9e0cdcb9 ef6e6a6071c14a00b89ba675fcf7510a e350e13906004c80a5a87ad887015f8c - - default default] 10.0.0.119 "GET /v2.0/security-groups?id=e1993170-7e65-406e-b20c-0b32dc1bbd9b&fields=id&fields=name HTTP/1.1" status: 200 len: 286 time: 0.0463691
2026-06-26 11:31:51.261 10 INFO neutron.db.ovn_revision_numbers_db [None req-f8f25ce2-28c3-4918-9df9-3c82fc997755 - - - - - -] Successfully bumped revision number for resource 63dfaa6b-d095-4bb7-b3f6-41a84e7fa731 (type: ports) to 4
2026-06-26 11:31:51.892 9 WARNING neutron_lib.context [None req-6bd0a70f-0fc4-46bf-9d6c-5360cc83c318 e4cd1f999005478d8667a653218d67d5 c9ce5e02582644f7a72f7a7824873983 - - default default] Method 'is_advsvc' is deprecated since 2023.2 release (neutron-lib 3.8.0) and will be removed once support for the old RBAC API policies will be removed from Neutron. Please use method 'is_service_role' instead.
2026-06-26 11:31:52.026 9 INFO neutron.db.ovn_revision_numbers_db [None req-6bd0a70f-0fc4-46bf-9d6c-5360cc83c318 e4cd1f999005478d8667a653218d67d5 c9ce5e02582644f7a72f7a7824873983 - - default default] Successfully bumped revision number for resource 16c36783-73e9-40f3-9aa4-01fbd9a2ab76 (type: security_groups) to 1
2026-06-26 11:31:52.040 9 INFO neutron.db.ovn_revision_numbers_db [None req-6bd0a70f-0fc4-46bf-9d6c-5360cc83c318 e4cd1f999005478d8667a653218d67d5 c9ce5e02582644f7a72f7a7824873983 - - default default] Successfully bumped revision number for resource 0928b989-96a2-4469-911a-1802b81514c8 (type: security_group_rules) to 0
2026-06-26 11:31:52.056 9 INFO neutron.db.ovn_revision_numbers_db [None req-6bd0a70f-0fc4-46bf-9d6c-5360cc83c318 e4cd1f999005478d8667a653218d67d5 c9ce5e02582644f7a72f7a7824873983 - - default default] Successfully bumped revision number for resource 3f9367cd-34b1-4ff9-a838-1f5be8d152b8 (type: security_group_rules) to 0
2026-06-26 11:31:52.086 9 INFO neutron.db.ovn_revision_numbers_db [None req-6bd0a70f-0fc4-46bf-9d6c-5360cc83c318 e4cd1f999005478d8667a653218d67d5 c9ce5e02582644f7a72f7a7824873983 - - default default] Successfully bumped revision number for resource 87c7b215-b0c5-4520-ac46-4f36addde3bb (type: security_group_rules) to 0 /var/lib/openstack/lib/python3.10/site-packages/pycadf/identifier.py:71: UserWarning: Invalid uuid: neutron. To ensure interoperability, identifiers should be a valid uuid. warnings.warn(('Invalid uuid: %s. To ensure interoperability, '
2026-06-26 11:31:52.103 9 INFO neutron.db.ovn_revision_numbers_db [None req-6bd0a70f-0fc4-46bf-9d6c-5360cc83c318 e4cd1f999005478d8667a653218d67d5 c9ce5e02582644f7a72f7a7824873983 - - default default] Successfully bumped revision number for resource 8f400019-3c21-4039-bbd3-8302da280edd (type: security_group_rules) to 0
2026-06-26 11:31:52.150 9 INFO neutron.db.segments_db [None req-6bd0a70f-0fc4-46bf-9d6c-5360cc83c318 e4cd1f999005478d8667a653218d67d5 c9ce5e02582644f7a72f7a7824873983 - - default default] Added segment 8360adc2-662e-449b-a597-009c215a7aad of type geneve for network 81c11e8a-e78e-492a-93bf-85ff24ec2100
2026-06-26 11:31:52.230 10 INFO neutron.wsgi [req-3b8bb93c-4a48-4862-b02d-24233d92ef46 req-63aef41e-1a7e-4d95-937d-d27d4dd628ef 13888046e0a3476c857c32c644750754 ce43f40adbf340208d3c3f9ba705f7dc - - default default] 10.0.0.119 "GET /v2.0/ports?device_id=d1d898d5-5401-4f54-8628-3aa27876a6b4 HTTP/1.1" status: 200 len: 1170 time: 0.1406806
2026-06-26 11:31:52.249 10 INFO neutron.wsgi [req-6e5c3696-08e3-46bc-a6e6-1acc6dafd011 req-e9cc2ef5-f188-429f-b027-cce550c816ea ef6e6a6071c14a00b89ba675fcf7510a e350e13906004c80a5a87ad887015f8c - - default default] 10.0.0.119 "GET /v2.0/ports?device_id=1e5194eb-08cb-441f-af0a-37560a3db28b HTTP/1.1" status: 200 len: 1170 time: 0.1345234
2026-06-26 11:31:52.291 10 INFO neutron.wsgi [req-3b8bb93c-4a48-4862-b02d-24233d92ef46 req-7e539c88-6a53-4a57-8902-e91a25e4f4d3 13888046e0a3476c857c32c644750754 ce43f40adbf340208d3c3f9ba705f7dc - - default default] 10.0.0.119 "GET /v2.0/security-groups?id=6bede0af-fb5b-4cd3-acc3-f2afcdc802e8&fields=id&fields=name HTTP/1.1" status: 200 len: 313 time: 0.0543001
2026-06-26 11:31:52.296 10 INFO neutron.wsgi [req-6e5c3696-08e3-46bc-a6e6-1acc6dafd011 req-bd542689-7c1e-485c-a2dd-1523e7a4562a ef6e6a6071c14a00b89ba675fcf7510a e350e13906004c80a5a87ad887015f8c - - default default] 10.0.0.119 "GET /v2.0/security-groups?id=e1993170-7e65-406e-b20c-0b32dc1bbd9b&fields=id&fields=name HTTP/1.1" status: 200 len: 286 time: 0.0390816
2026-06-26 11:31:52.307 9 INFO neutron.db.ovn_revision_numbers_db [None req-6bd0a70f-0fc4-46bf-9d6c-5360cc83c318 e4cd1f999005478d8667a653218d67d5 c9ce5e02582644f7a72f7a7824873983 - - default default] Successfully bumped revision number for resource 81c11e8a-e78e-492a-93bf-85ff24ec2100 (type: networks) to 1
2026-06-26 11:31:52.392 10 INFO neutron.wsgi [req-3f718931-ec26-485e-8c06-3c68403356f9 req-f4cd11e2-d79b-4aff-b9f6-83007ad3e806 13888046e0a3476c857c32c644750754 ce43f40adbf340208d3c3f9ba705f7dc - - default default] 10.0.0.119 "GET /v2.0/ports?device_id=d1d898d5-5401-4f54-8628-3aa27876a6b4 HTTP/1.1" status: 200 len: 1170 time: 0.0417049
2026-06-26 11:31:52.669 10 INFO neutron.notifiers.nova [-] Nova event matching ['req-1a02ca7a-a763-4de7-9e2e-27d92db6ec20'] response: {'server_uuid': 'd1d898d5-5401-4f54-8628-3aa27876a6b4', 'name': 'network-vif-plugged', 'status': 'completed', 'tag': '1f26c287-1512-4463-9661-2df2720c5641', 'code': 200}
2026-06-26 11:31:52.670 10 INFO neutron.notifiers.nova [-] Nova event matching ['req-1a02ca7a-a763-4de7-9e2e-27d92db6ec20'] response: {'server_uuid': '1e5194eb-08cb-441f-af0a-37560a3db28b', 'name': 'network-vif-plugged', 'status': 'completed', 'tag': '63dfaa6b-d095-4bb7-b3f6-41a84e7fa731', 'code': 200}
2026-06-26 11:31:52.670 10 INFO neutron.notifiers.nova [-] Nova event matching ['req-1a02ca7a-a763-4de7-9e2e-27d92db6ec20'] response: {'server_uuid': '1e5194eb-08cb-441f-af0a-37560a3db28b', 'name': 'network-vif-plugged', 'status': 'completed', 'tag': '63dfaa6b-d095-4bb7-b3f6-41a84e7fa731', 'code': 200}
2026-06-26 11:31:52.840 9 WARNING neutron.scheduler.dhcp_agent_scheduler [None req-6bd0a70f-0fc4-46bf-9d6c-5360cc83c318 e4cd1f999005478d8667a653218d67d5 c9ce5e02582644f7a72f7a7824873983 - - default default] No more DHCP agents
2026-06-26 11:31:52.842 9 WARNING neutron.api.rpc.agentnotifiers.dhcp_rpc_agent_api [None req-6bd0a70f-0fc4-46bf-9d6c-5360cc83c318 e4cd1f999005478d8667a653218d67d5 c9ce5e02582644f7a72f7a7824873983 - - default default] Unable to schedule network 81c11e8a-e78e-492a-93bf-85ff24ec2100: no agents available; will retry on subsequent port and subnet creation events.
2026-06-26 11:31:52.946 9 INFO neutron.db.l3_db [None req-b0d207b1-4550-4acb-bc1a-a2a94bd994e0 13888046e0a3476c857c32c644750754 ce43f40adbf340208d3c3f9ba705f7dc - - default default] Floating IP 15415162-4a5d-4240-947e-79747f1dccd7 associated. External IP: 10.96.250.219, port: 1f26c287-1512-4463-9661-2df2720c5641.
2026-06-26 11:31:52.988 9 INFO neutron.db.ovn_revision_numbers_db [None req-6bd0a70f-0fc4-46bf-9d6c-5360cc83c318 e4cd1f999005478d8667a653218d67d5 c9ce5e02582644f7a72f7a7824873983 - - default default] Successfully bumped revision number for resource 41261720-2453-4937-ad9f-e1dcd10cea09 (type: ports) to 1
2026-06-26 11:31:53.019 9 INFO neutron.wsgi [None req-6bd0a70f-0fc4-46bf-9d6c-5360cc83c318 e4cd1f999005478d8667a653218d67d5 c9ce5e02582644f7a72f7a7824873983 - - default default] 10.0.0.94 "POST /v2.0/networks HTTP/1.1" status: 201 len: 843 time: 1.3151360
2026-06-26 11:31:53.031 10 WARNING neutron_lib.context [None req-bedd34d6-1dd2-4d17-9be4-39a61b0cb252 e4cd1f999005478d8667a653218d67d5 c9ce5e02582644f7a72f7a7824873983 - - default default] Method 'is_advsvc' is deprecated since 2023.2 release (neutron-lib 3.8.0) and will be removed once support for the old RBAC API policies will be removed from Neutron. Please use method 'is_service_role' instead.
2026-06-26 11:31:53.168 9 INFO neutron.db.ovn_revision_numbers_db [None req-b0d207b1-4550-4acb-bc1a-a2a94bd994e0 13888046e0a3476c857c32c644750754 ce43f40adbf340208d3c3f9ba705f7dc - - default default] Successfully bumped revision number for resource 15415162-4a5d-4240-947e-79747f1dccd7 (type: floatingips) to 1
2026-06-26 11:31:53.283 9 INFO neutron.db.ovn_revision_numbers_db [None req-b0d207b1-4550-4acb-bc1a-a2a94bd994e0 13888046e0a3476c857c32c644750754 ce43f40adbf340208d3c3f9ba705f7dc - - default default] Successfully bumped revision number for resource 15415162-4a5d-4240-947e-79747f1dccd7 (type: floatingips) to 2
2026-06-26 11:31:53.306 9 INFO neutron.wsgi [None req-b0d207b1-4550-4acb-bc1a-a2a94bd994e0 13888046e0a3476c857c32c644750754 ce43f40adbf340208d3c3f9ba705f7dc - - default default] 10.0.0.94 "PUT /v2.0/floatingips/15415162-4a5d-4240-947e-79747f1dccd7 HTTP/1.1" status: 200 len: 1049 time: 0.8997493
2026-06-26 11:31:53.315 10 WARNING neutron.scheduler.dhcp_agent_scheduler [None req-bedd34d6-1dd2-4d17-9be4-39a61b0cb252 e4cd1f999005478d8667a653218d67d5 c9ce5e02582644f7a72f7a7824873983 - - default default] No more DHCP agents
2026-06-26 11:31:53.317 10 WARNING neutron.api.rpc.agentnotifiers.dhcp_rpc_agent_api [None req-bedd34d6-1dd2-4d17-9be4-39a61b0cb252 e4cd1f999005478d8667a653218d67d5 c9ce5e02582644f7a72f7a7824873983 - - default default] Unable to schedule network 81c11e8a-e78e-492a-93bf-85ff24ec2100: no agents available; will retry on subsequent port and subnet creation events.
2026-06-26 11:31:53.347 9 INFO neutron.notifiers.nova [-] Nova event matching ['req-4517399d-c91b-4bc4-8122-de29415b97fa'] response: {'name': 'network-changed', 'server_uuid': 'd1d898d5-5401-4f54-8628-3aa27876a6b4', 'tag': '1f26c287-1512-4463-9661-2df2720c5641', 'status': 'completed', 'code': 200} /var/lib/openstack/lib/python3.10/site-packages/pycadf/identifier.py:71: UserWarning: Invalid uuid: neutron. To ensure interoperability, identifiers should be a valid uuid. warnings.warn(('Invalid uuid: %s. To ensure interoperability, '
2026-06-26 11:31:53.411 9 INFO neutron.wsgi [req-0c2f9cf2-f8fd-451f-8e2f-c7cab4c36f90 req-d6a1eff8-8df5-43f3-9f2e-952d963b185b 16bf3c0e229045679d7bd02180a864c1 0fbb974f5e904015b063ede9e78ed8aa - - b986fca746354db3b6c32b45221f5053 b986fca746354db3b6c32b45221f5053] 199.19.213.104 "GET /v2.0/ports?tenant_id=ce43f40adbf340208d3c3f9ba705f7dc&device_id=d1d898d5-5401-4f54-8628-3aa27876a6b4 HTTP/1.1" status: 200 len: 1409 time: 0.0428457
2026-06-26 11:31:53.420 10 INFO neutron.wsgi [req-866ed248-a6ad-4642-a0bc-15f2ff64f014 req-0c16291e-2387-425e-8fdf-068d171f7c47 13888046e0a3476c857c32c644750754 ce43f40adbf340208d3c3f9ba705f7dc - - default default] 10.0.0.119 "GET /v2.0/ports?device_id=d1d898d5-5401-4f54-8628-3aa27876a6b4 HTTP/1.1" status: 200 len: 1170 time: 0.0695312
2026-06-26 11:31:53.424 10 INFO neutron.wsgi [req-1a03c978-f001-47c1-ace4-38af9b2e614a req-62983d59-e3e2-43bd-a55f-73a282609b8d ef6e6a6071c14a00b89ba675fcf7510a e350e13906004c80a5a87ad887015f8c - - default default] 10.0.0.119 "GET /v2.0/ports?device_id=1e5194eb-08cb-441f-af0a-37560a3db28b HTTP/1.1" status: 200 len: 1170 time: 0.0462325
2026-06-26 11:31:53.425 10 INFO neutron.db.ovn_revision_numbers_db [None req-bedd34d6-1dd2-4d17-9be4-39a61b0cb252 e4cd1f999005478d8667a653218d67d5 c9ce5e02582644f7a72f7a7824873983 - - default default] Successfully bumped revision number for resource 34872983-41e6-4693-91e4-f457e48549b1 (type: ports) to 1
2026-06-26 11:31:53.471 10 INFO neutron.wsgi [req-1a03c978-f001-47c1-ace4-38af9b2e614a req-472c806b-7c81-443d-8091-b3e43de1487c ef6e6a6071c14a00b89ba675fcf7510a e350e13906004c80a5a87ad887015f8c - - default default] 10.0.0.119 "GET /v2.0/security-groups?id=e1993170-7e65-406e-b20c-0b32dc1bbd9b&fields=id&fields=name HTTP/1.1" status: 200 len: 286 time: 0.0383773
2026-06-26 11:31:53.475 9 INFO neutron.wsgi [req-0c2f9cf2-f8fd-451f-8e2f-c7cab4c36f90 req-dd6036c9-8588-4b15-9a3a-6bcc16776b40 16bf3c0e229045679d7bd02180a864c1 0fbb974f5e904015b063ede9e78ed8aa - - b986fca746354db3b6c32b45221f5053 b986fca746354db3b6c32b45221f5053] 199.19.213.104 "GET /v2.0/networks?id=9ca5e22c-1898-4a32-81a4-ebda2c3bf43d HTTP/1.1" status: 200 len: 977 time: 0.0540886
2026-06-26 11:31:53.478 10 INFO neutron.wsgi [None req-bedd34d6-1dd2-4d17-9be4-39a61b0cb252 e4cd1f999005478d8667a653218d67d5 c9ce5e02582644f7a72f7a7824873983 - - default default] 10.0.0.94 "POST /v2.0/ports HTTP/1.1" status: 201 len: 974 time: 0.4536490
2026-06-26 11:31:53.480 10 INFO neutron.wsgi [req-866ed248-a6ad-4642-a0bc-15f2ff64f014 req-a6fb6658-d773-4537-b506-f2244609ca23 13888046e0a3476c857c32c644750754 ce43f40adbf340208d3c3f9ba705f7dc - - default default] 10.0.0.119 "GET /v2.0/security-groups?id=6bede0af-fb5b-4cd3-acc3-f2afcdc802e8&fields=id&fields=name HTTP/1.1" status: 200 len: 313 time: 0.0530972
2026-06-26 11:31:53.485 10 WARNING neutron_lib.context [None req-c80f9a22-2a61-47f4-b894-38184103b862 e4cd1f999005478d8667a653218d67d5 c9ce5e02582644f7a72f7a7824873983 - - default default] Method 'is_advsvc' is deprecated since 2023.2 release (neutron-lib 3.8.0) and will be removed once support for the old RBAC API policies will be removed from Neutron. Please use method 'is_service_role' instead.
2026-06-26 11:31:53.529 9 INFO neutron.wsgi [req-0c2f9cf2-f8fd-451f-8e2f-c7cab4c36f90 req-839ff314-5afa-4a7a-9a10-984d21929ad3 16bf3c0e229045679d7bd02180a864c1 0fbb974f5e904015b063ede9e78ed8aa - - b986fca746354db3b6c32b45221f5053 b986fca746354db3b6c32b45221f5053] 199.19.213.104 "GET /v2.0/floatingips?fixed_ip_address=10.100.0.7&port_id=1f26c287-1512-4463-9661-2df2720c5641 HTTP/1.1" status: 200 len: 1059 time: 0.0455966
2026-06-26 11:31:53.569 9 INFO neutron.wsgi [req-0c2f9cf2-f8fd-451f-8e2f-c7cab4c36f90 req-b1fbc70c-5665-4886-9162-a10c6516dda0 16bf3c0e229045679d7bd02180a864c1 0fbb974f5e904015b063ede9e78ed8aa - - b986fca746354db3b6c32b45221f5053 b986fca746354db3b6c32b45221f5053] 199.19.213.104 "GET /v2.0/subnets?id=4ebb493c-b150-45c6-aad2-fc9de43d6fc2 HTTP/1.1" status: 200 len: 872 time: 0.0322042
2026-06-26 11:31:53.575 10 INFO neutron.db.segments_db [None req-c80f9a22-2a61-47f4-b894-38184103b862 e4cd1f999005478d8667a653218d67d5 c9ce5e02582644f7a72f7a7824873983 - - default default] Added segment 0f68488c-1fc7-4a98-9e07-a1014bae18f3 of type geneve for network fd357ca0-0d53-4665-823f-f48a39b2f5d7
2026-06-26 11:31:53.599 9 INFO neutron.wsgi [req-0c2f9cf2-f8fd-451f-8e2f-c7cab4c36f90 req-2175d6fa-b6a2-43e5-9ce9-482d9e448a6e 16bf3c0e229045679d7bd02180a864c1 0fbb974f5e904015b063ede9e78ed8aa - - b986fca746354db3b6c32b45221f5053 b986fca746354db3b6c32b45221f5053] 199.19.213.104 "GET /v2.0/ports?network_id=9ca5e22c-1898-4a32-81a4-ebda2c3bf43d&device_owner=network%3Adhcp HTTP/1.1" status: 200 len: 210 time: 0.0216422
2026-06-26 11:31:53.701 9 INFO neutron.wsgi [req-0c2f9cf2-f8fd-451f-8e2f-c7cab4c36f90 req-2a6da66f-6e57-484b-8502-77145db164bd 16bf3c0e229045679d7bd02180a864c1 0fbb974f5e904015b063ede9e78ed8aa - - b986fca746354db3b6c32b45221f5053 b986fca746354db3b6c32b45221f5053] 199.19.213.104 "GET /v2.0/networks/9ca5e22c-1898-4a32-81a4-ebda2c3bf43d?fields=segments HTTP/1.1" status: 200 len: 212 time: 0.0944307
2026-06-26 11:31:53.759 10 INFO neutron.db.ovn_revision_numbers_db [None req-c80f9a22-2a61-47f4-b894-38184103b862 e4cd1f999005478d8667a653218d67d5 c9ce5e02582644f7a72f7a7824873983 - - default default] Successfully bumped revision number for resource fd357ca0-0d53-4665-823f-f48a39b2f5d7 (type: networks) to 1
2026-06-26 11:31:53.778 9 INFO neutron.wsgi [req-0c2f9cf2-f8fd-451f-8e2f-c7cab4c36f90 req-9856288e-220e-4409-a01b-1d6cfded0e04 16bf3c0e229045679d7bd02180a864c1 0fbb974f5e904015b063ede9e78ed8aa - - b986fca746354db3b6c32b45221f5053 b986fca746354db3b6c32b45221f5053] 199.19.213.104 "GET /v2.0/networks/9ca5e22c-1898-4a32-81a4-ebda2c3bf43d?fields=provider%3Aphysical_network&fields=provider%3Anetwork_type HTTP/1.1" status: 200 len: 277 time: 0.0687978
2026-06-26 11:31:53.867 10 INFO neutron.wsgi [req-aa6554d3-4b3d-4d08-84df-b62ac4b14ea2 req-a5a2555a-a5f1-4292-8b9b-9ffeadac6f4a 13888046e0a3476c857c32c644750754 ce43f40adbf340208d3c3f9ba705f7dc - - default default] 10.0.0.119 "GET /v2.0/ports?device_id=d1d898d5-5401-4f54-8628-3aa27876a6b4 HTTP/1.1" status: 200 len: 1170 time: 0.0536222
2026-06-26 11:31:53.874 10 INFO neutron.plugins.ml2.drivers.ovn.mech_driver.mech_driver [None req-f8f25ce2-28c3-4918-9df9-3c82fc997755 - - - - - -] OVN reports status down for port: 1f26c287-1512-4463-9661-2df2720c5641
2026-06-26 11:31:54.120 10 INFO neutron.wsgi [req-8ddce732-da93-4c76-84fe-26a2a6893382 req-a206e10e-c34a-4c17-afdb-875214908cf3 ef6e6a6071c14a00b89ba675fcf7510a e350e13906004c80a5a87ad887015f8c - - default default] 10.0.0.119 "GET /v2.0/ports?device_id=1e5194eb-08cb-441f-af0a-37560a3db28b HTTP/1.1" status: 200 len: 1170 time: 0.2191706
2026-06-26 11:31:54.124 10 INFO neutron.wsgi [req-aa6554d3-4b3d-4d08-84df-b62ac4b14ea2 req-8c1a776f-757e-4ab8-9004-1ceec6e29775 13888046e0a3476c857c32c644750754 ce43f40adbf340208d3c3f9ba705f7dc - - default default] 10.0.0.119 "GET /v2.0/security-groups?id=6bede0af-fb5b-4cd3-acc3-f2afcdc802e8&fields=id&fields=name HTTP/1.1" status: 200 len: 313 time: 0.2477648
2026-06-26 11:31:54.197 10 INFO neutron.wsgi [req-8ddce732-da93-4c76-84fe-26a2a6893382 req-2ed4b404-98ec-41c8-9671-8f41d121fb53 ef6e6a6071c14a00b89ba675fcf7510a e350e13906004c80a5a87ad887015f8c - - default default] 10.0.0.119 "GET /v2.0/security-groups?id=e1993170-7e65-406e-b20c-0b32dc1bbd9b&fields=id&fields=name HTTP/1.1" status: 200 len: 286 time: 0.0632596
2026-06-26 11:31:54.255 10 WARNING neutron.scheduler.dhcp_agent_scheduler [None req-c80f9a22-2a61-47f4-b894-38184103b862 e4cd1f999005478d8667a653218d67d5 c9ce5e02582644f7a72f7a7824873983 - - default default] No more DHCP agents
2026-06-26 11:31:54.260 10 WARNING neutron.api.rpc.agentnotifiers.dhcp_rpc_agent_api [None req-c80f9a22-2a61-47f4-b894-38184103b862 e4cd1f999005478d8667a653218d67d5 c9ce5e02582644f7a72f7a7824873983 - - default default] Unable to schedule network fd357ca0-0d53-4665-823f-f48a39b2f5d7: no agents available; will retry on subsequent port and subnet creation events.
2026-06-26 11:31:54.286 10 INFO neutron.wsgi [req-d0b245fc-70a8-44fa-857a-61556f214b45 req-1bad2208-10cd-4a9f-9cff-30ad50149ee1 ef6e6a6071c14a00b89ba675fcf7510a e350e13906004c80a5a87ad887015f8c - - default default] 199.19.213.104 "GET /v2.0/ports?device_id=1e5194eb-08cb-441f-af0a-37560a3db28b HTTP/1.1" status: 200 len: 1170 time: 0.0650012
2026-06-26 11:31:54.325 9 INFO neutron.wsgi [req-4da003b3-17ba-4208-97e6-8c5e71453bc7 req-bc37a1f1-9c3a-4de2-99e4-9581a272e410 13888046e0a3476c857c32c644750754 ce43f40adbf340208d3c3f9ba705f7dc - - default default] 199.19.213.104 "GET /v2.0/ports?device_id=d1d898d5-5401-4f54-8628-3aa27876a6b4 HTTP/1.1" status: 200 len: 1170 time: 0.1142099
2026-06-26 11:31:54.410 10 INFO neutron.db.ovn_revision_numbers_db [None req-c80f9a22-2a61-47f4-b894-38184103b862 e4cd1f999005478d8667a653218d67d5 c9ce5e02582644f7a72f7a7824873983 - - default default] Successfully bumped revision number for resource a2d7eb29-a0e7-4b51-b75f-7a2f8d78283a (type: ports) to 1
2026-06-26 11:31:54.454 10 INFO neutron.wsgi [None req-c80f9a22-2a61-47f4-b894-38184103b862 e4cd1f999005478d8667a653218d67d5 c9ce5e02582644f7a72f7a7824873983 - - default default] 10.0.0.94 "POST /v2.0/networks HTTP/1.1" status: 201 len: 830 time: 0.9714053
2026-06-26 11:31:54.475 9 WARNING neutron_lib.context [None req-eceff7cf-f877-4a20-8fa6-e10a410c22e1 e4cd1f999005478d8667a653218d67d5 c9ce5e02582644f7a72f7a7824873983 - - default default] Method 'is_advsvc' is deprecated since 2023.2 release (neutron-lib 3.8.0) and will be removed once support for the old RBAC API policies will be removed from Neutron. Please use method 'is_service_role' instead.
2026-06-26 11:31:54.580 10 INFO neutron.db.ovn_revision_numbers_db [None req-f8f25ce2-28c3-4918-9df9-3c82fc997755 - - - - - -] Successfully bumped revision number for resource 1f26c287-1512-4463-9661-2df2720c5641 (type: ports) to 5
