2026-06-26 11:38:25.332 10 INFO neutron.wsgi [req-bca9125e-41fe-4457-b7a5-0488218a7e4e req-5c9224d3-3812-4c84-9758-78886a34da7e 16bf3c0e229045679d7bd02180a864c1 0fbb974f5e904015b063ede9e78ed8aa - - b986fca746354db3b6c32b45221f5053 b986fca746354db3b6c32b45221f5053] 199.19.213.104 "GET /v2.0/subnets?id=2d4e6631-fd43-44a0-801d-4c4c5a901ba3 HTTP/1.1" status: 200 len: 829 time: 0.0399714
2026-06-26 11:38:25.370 10 INFO neutron.wsgi [req-bca9125e-41fe-4457-b7a5-0488218a7e4e req-4cc554ea-bfa4-4556-abe8-18259c49f7ea 16bf3c0e229045679d7bd02180a864c1 0fbb974f5e904015b063ede9e78ed8aa - - b986fca746354db3b6c32b45221f5053 b986fca746354db3b6c32b45221f5053] 199.19.213.104 "GET /v2.0/ports?network_id=5616b9cf-4525-4370-8dd7-e429af53178d&device_owner=network%3Adhcp HTTP/1.1" status: 200 len: 210 time: 0.0307767
2026-06-26 11:38:25.442 10 INFO neutron.wsgi [req-bca9125e-41fe-4457-b7a5-0488218a7e4e req-ccc49814-5c43-41b6-9bff-f7b720f09b0d 16bf3c0e229045679d7bd02180a864c1 0fbb974f5e904015b063ede9e78ed8aa - - b986fca746354db3b6c32b45221f5053 b986fca746354db3b6c32b45221f5053] 199.19.213.104 "GET /v2.0/networks/5616b9cf-4525-4370-8dd7-e429af53178d?fields=segments HTTP/1.1" status: 200 len: 212 time: 0.0672150
2026-06-26 11:38:25.516 10 INFO neutron.wsgi [req-bca9125e-41fe-4457-b7a5-0488218a7e4e req-5935e86d-0c39-4824-b19c-173182976874 16bf3c0e229045679d7bd02180a864c1 0fbb974f5e904015b063ede9e78ed8aa - - b986fca746354db3b6c32b45221f5053 b986fca746354db3b6c32b45221f5053] 199.19.213.104 "GET /v2.0/networks/5616b9cf-4525-4370-8dd7-e429af53178d?fields=provider%3Aphysical_network&fields=provider%3Anetwork_type HTTP/1.1" status: 200 len: 277 time: 0.0669556
2026-06-26 11:38:25.611 9 INFO neutron.db.ovn_revision_numbers_db [None req-b64e1ace-87cf-4b55-9930-5f86fdcf2883 cf84a65b96fe40e3afd2dbd42244ec16 ee48f5bd4cd34d78a54267d47f83f5ed - - default default] Successfully bumped revision number for resource 198ccb2b-672a-4fb8-b37d-7ad7880eb064 (type: ports) to 9
2026-06-26 11:38:25.637 9 INFO neutron.wsgi [None req-b64e1ace-87cf-4b55-9930-5f86fdcf2883 cf84a65b96fe40e3afd2dbd42244ec16 ee48f5bd4cd34d78a54267d47f83f5ed - - default default] 199.19.213.104 "PUT /v2.0/ports/198ccb2b-672a-4fb8-b37d-7ad7880eb064 HTTP/1.1" status: 200 len: 1286 time: 0.4259112 /var/lib/openstack/lib/python3.10/site-packages/pycadf/identifier.py:71: UserWarning: Invalid uuid: neutron. To ensure interoperability, identifiers should be a valid uuid. warnings.warn(('Invalid uuid: %s. To ensure interoperability, '
2026-06-26 11:38:25.694 9 INFO neutron.wsgi [None req-31c62652-d657-4dca-a65d-a4d189c73115 cf84a65b96fe40e3afd2dbd42244ec16 ee48f5bd4cd34d78a54267d47f83f5ed - - default default] 199.19.213.104 "GET /v2.0/ports/198ccb2b-672a-4fb8-b37d-7ad7880eb064 HTTP/1.1" status: 200 len: 1286 time: 0.0460408
2026-06-26 11:38:25.745 10 INFO neutron.db.ovn_revision_numbers_db [None req-4928e749-510f-42ce-9d70-8762514d9815 - - - - - -] Successfully bumped revision number for resource cef12892-c02b-4756-bf99-59ff94f340a3 (type: ports) to 8
2026-06-26 11:38:26.071 9 INFO neutron.wsgi [None req-076b9ea6-9c07-40bd-a18e-09dbd55697a7 cf84a65b96fe40e3afd2dbd42244ec16 ee48f5bd4cd34d78a54267d47f83f5ed - - default default] 199.19.213.104 "DELETE /v2.0/ports/198ccb2b-672a-4fb8-b37d-7ad7880eb064 HTTP/1.1" status: 204 len: 173 time: 0.3644326
2026-06-26 11:38:26.168 9 INFO neutron.wsgi [None req-5a001778-a7d7-4dff-ac51-8236ffa47df2 cf84a65b96fe40e3afd2dbd42244ec16 ee48f5bd4cd34d78a54267d47f83f5ed - - default default] 199.19.213.104 "GET /v2.0/extensions/security-group HTTP/1.1" status: 200 len: 369 time: 0.0070601
2026-06-26 11:38:26.178 9 INFO neutron.wsgi [None req-f8da3cae-fb48-4295-8ceb-df70727ea9e4 cf84a65b96fe40e3afd2dbd42244ec16 ee48f5bd4cd34d78a54267d47f83f5ed - - default default] 199.19.213.104 "GET /v2.0/extensions/dns-integration HTTP/1.1" status: 200 len: 371 time: 0.0045633
2026-06-26 11:38:26.186 9 INFO neutron.wsgi [None req-8c672068-07a1-4732-8656-186a22d867b1 cf84a65b96fe40e3afd2dbd42244ec16 ee48f5bd4cd34d78a54267d47f83f5ed - - default default] 199.19.213.104 "GET /v2.0/extensions/qos HTTP/1.1" status: 200 len: 365 time: 0.0039968
2026-06-26 11:38:26.194 9 INFO neutron.wsgi [None req-c94c791d-4c48-4329-9943-5e3ed7a8143b cf84a65b96fe40e3afd2dbd42244ec16 ee48f5bd4cd34d78a54267d47f83f5ed - - default default] 199.19.213.104 "GET /v2.0/extensions/allowed-address-pairs HTTP/1.1" status: 200 len: 383 time: 0.0043845
2026-06-26 11:38:26.215 9 INFO neutron.pecan_wsgi.hooks.translation [None req-b9ac1136-07be-4f82-a890-c219c6918468 cf84a65b96fe40e3afd2dbd42244ec16 ee48f5bd4cd34d78a54267d47f83f5ed - - default default] DELETE failed (client error): The resource could not be found.
2026-06-26 11:38:26.218 9 INFO neutron.wsgi [None req-b9ac1136-07be-4f82-a890-c219c6918468 cf84a65b96fe40e3afd2dbd42244ec16 ee48f5bd4cd34d78a54267d47f83f5ed - - default default] 199.19.213.104 "DELETE /v2.0/ports/198ccb2b-672a-4fb8-b37d-7ad7880eb064 HTTP/1.1" status: 404 len: 338 time: 0.0189402
2026-06-26 11:38:26.255 9 INFO neutron.wsgi [None req-41944a2b-37f8-4999-b148-5edc48b8200d cf84a65b96fe40e3afd2dbd42244ec16 ee48f5bd4cd34d78a54267d47f83f5ed - - default default] 199.19.213.104 "GET /v2.0/ports/cef12892-c02b-4756-bf99-59ff94f340a3 HTTP/1.1" status: 200 len: 1332 time: 0.0321336
2026-06-26 11:38:26.272 9 INFO neutron.api.v2.resource [None req-28ff7733-8cb0-459e-af0b-8fbf283137b2 cf84a65b96fe40e3afd2dbd42244ec16 ee48f5bd4cd34d78a54267d47f83f5ed - - default default] show failed (client error): The resource could not be found.
2026-06-26 11:38:26.274 9 INFO neutron.wsgi [None req-28ff7733-8cb0-459e-af0b-8fbf283137b2 cf84a65b96fe40e3afd2dbd42244ec16 ee48f5bd4cd34d78a54267d47f83f5ed - - default default] 199.19.213.104 "GET /v2.0/security-groups/lb-fecd0a18-94e4-4ba3-bf7b-500128f08c23 HTTP/1.1" status: 404 len: 355 time: 0.0120661
2026-06-26 11:38:26.316 9 INFO neutron.wsgi [None req-20465d4a-a49b-4f7f-ad70-4737faac0bac cf84a65b96fe40e3afd2dbd42244ec16 ee48f5bd4cd34d78a54267d47f83f5ed - - default default] 199.19.213.104 "GET /v2.0/security-groups?name=lb-fecd0a18-94e4-4ba3-bf7b-500128f08c23 HTTP/1.1" status: 200 len: 1777 time: 0.0391722
2026-06-26 11:38:26.367 9 INFO neutron.wsgi [None req-61582578-389a-450c-b488-6b858d750cdc cf84a65b96fe40e3afd2dbd42244ec16 ee48f5bd4cd34d78a54267d47f83f5ed - - default default] 199.19.213.104 "GET /v2.0/ports/cef12892-c02b-4756-bf99-59ff94f340a3 HTTP/1.1" status: 200 len: 1332 time: 0.0399454
2026-06-26 11:38:26.627 9 INFO neutron.notifiers.nova [-] Nova event matching ['req-0bd64b42-5c6e-4ad6-8d8b-ed557716e19c'] response: {'server_uuid': 'a2fb4473-8449-4ba8-a24f-10a700d7af5b', 'name': 'network-vif-plugged', 'status': 'completed', 'tag': '198ccb2b-672a-4fb8-b37d-7ad7880eb064', 'code': 200}
2026-06-26 11:38:26.798 9 INFO neutron.db.ovn_revision_numbers_db [None req-81c55975-a80f-4a54-94e4-70cef9e1e898 cf84a65b96fe40e3afd2dbd42244ec16 ee48f5bd4cd34d78a54267d47f83f5ed - - default default] Successfully bumped revision number for resource cef12892-c02b-4756-bf99-59ff94f340a3 (type: ports) to 9
2026-06-26 11:38:26.822 9 INFO neutron.wsgi [None req-81c55975-a80f-4a54-94e4-70cef9e1e898 cf84a65b96fe40e3afd2dbd42244ec16 ee48f5bd4cd34d78a54267d47f83f5ed - - default default] 199.19.213.104 "PUT /v2.0/ports/cef12892-c02b-4756-bf99-59ff94f340a3 HTTP/1.1" status: 200 len: 1294 time: 0.4452949
2026-06-26 11:38:26.952 9 INFO neutron.wsgi [None req-d990a13e-e5c6-4992-8781-4fc44e859d03 cf84a65b96fe40e3afd2dbd42244ec16 ee48f5bd4cd34d78a54267d47f83f5ed - - default default] 199.19.213.104 "DELETE /v2.0/security-groups/2f295ff6-b779-40ff-880f-dfd1d144820a HTTP/1.1" status: 204 len: 173 time: 0.1221912
2026-06-26 11:38:27.264 9 INFO neutron.wsgi [None req-6574a8ec-6cce-4cca-b5c1-e20e21c1dbe0 cf84a65b96fe40e3afd2dbd42244ec16 ee48f5bd4cd34d78a54267d47f83f5ed - - default default] 199.19.213.104 "DELETE /v2.0/ports/cef12892-c02b-4756-bf99-59ff94f340a3 HTTP/1.1" status: 204 len: 173 time: 0.3044798
2026-06-26 11:38:27.632 10 INFO neutron.plugins.ml2.drivers.ovn.mech_driver.mech_driver [None req-f8f25ce2-28c3-4918-9df9-3c82fc997755 - - - - - -] OVN reports status down for port: 1ff16e3a-2f57-41e3-b097-50dfabac1dc2
2026-06-26 11:38:27.795 10 INFO neutron.notifiers.nova [-] Nova event matching ['req-fc38d63e-9a67-4c62-ad15-e7d52657c47b'] response: {'server_uuid': 'a2fb4473-8449-4ba8-a24f-10a700d7af5b', 'name': 'network-vif-unplugged', 'status': 'completed', 'tag': '1ff16e3a-2f57-41e3-b097-50dfabac1dc2', 'code': 200}
2026-06-26 11:38:28.211 9 INFO neutron.wsgi [-] 10.0.0.45 "GET / HTTP/1.1" status: 200 len: 247 time: 0.0033667
2026-06-26 11:38:28.215 9 INFO neutron.wsgi [-] 10.0.0.45 "GET / HTTP/1.1" status: 200 len: 247 time: 0.0026190
2026-06-26 11:38:28.245 10 INFO neutron.wsgi [req-d5167a2d-fc24-493b-b77d-748b48dadda3 req-05c8dcb7-4d00-4801-ba9a-e03908dffe07 cf84a65b96fe40e3afd2dbd42244ec16 ee48f5bd4cd34d78a54267d47f83f5ed - - default default] 199.19.213.104 "GET /v2.0/ports?device_id=a2fb4473-8449-4ba8-a24f-10a700d7af5b HTTP/1.1" status: 200 len: 1415 time: 0.3343661
2026-06-26 11:38:28.310 10 INFO neutron.db.ovn_revision_numbers_db [None req-f8f25ce2-28c3-4918-9df9-3c82fc997755 - - - - - -] Successfully bumped revision number for resource 1ff16e3a-2f57-41e3-b097-50dfabac1dc2 (type: ports) to 5
2026-06-26 11:38:28.603 10 INFO neutron.wsgi [req-d5167a2d-fc24-493b-b77d-748b48dadda3 req-5a776547-d990-46f5-8ca6-facfaa804692 cf84a65b96fe40e3afd2dbd42244ec16 ee48f5bd4cd34d78a54267d47f83f5ed - - default default] 199.19.213.104 "DELETE /v2.0/ports/1ff16e3a-2f57-41e3-b097-50dfabac1dc2 HTTP/1.1" status: 204 len: 173 time: 0.3500636
2026-06-26 11:38:29.844 10 INFO neutron.notifiers.nova [-] Nova event matching ['req-62e7df2c-0e3a-451b-aa1c-6c639b132edb'] response: {'server_uuid': 'a2fb4473-8449-4ba8-a24f-10a700d7af5b', 'name': 'network-vif-plugged', 'status': 'completed', 'tag': '1ff16e3a-2f57-41e3-b097-50dfabac1dc2', 'code': 200}
2026-06-26 11:38:29.845 10 INFO neutron.notifiers.nova [-] Nova event matching ['req-62e7df2c-0e3a-451b-aa1c-6c639b132edb'] response: {'server_uuid': 'a2fb4473-8449-4ba8-a24f-10a700d7af5b', 'name': 'network-vif-deleted', 'tag': '1ff16e3a-2f57-41e3-b097-50dfabac1dc2', 'status': 'completed', 'code': 200}
2026-06-26 11:38:32.836 9 INFO neutron.db.l3_db [None req-5203f208-fc88-4785-a439-b962526888c0 41e6f3af72e4497ea156002abab0eac6 3753cffa0bd6434196c76e13f43b708b - - default default] Floating IP 5702a5c8-129c-4d05-8c4d-ae1de8906811 disassociated (deleted). External IP: 10.96.250.203, port: 3be82f2a-7bd1-499a-a341-26ede6bb2b4b.
2026-06-26 11:38:32.902 9 INFO neutron.wsgi [None req-5203f208-fc88-4785-a439-b962526888c0 41e6f3af72e4497ea156002abab0eac6 3753cffa0bd6434196c76e13f43b708b - - default default] 10.0.0.94 "DELETE /v2.0/floatingips/5702a5c8-129c-4d05-8c4d-ae1de8906811 HTTP/1.1" status: 204 len: 168 time: 0.5006080
2026-06-26 11:38:32.936 9 INFO neutron.api.v2.resource [None req-701dcf2a-64b5-4fb0-bdaf-5b498952652c 41e6f3af72e4497ea156002abab0eac6 3753cffa0bd6434196c76e13f43b708b - - default default] show failed (client error): The resource could not be found.
2026-06-26 11:38:32.938 9 INFO neutron.wsgi [None req-701dcf2a-64b5-4fb0-bdaf-5b498952652c 41e6f3af72e4497ea156002abab0eac6 3753cffa0bd6434196c76e13f43b708b - - default default] 10.0.0.94 "GET /v2.0/floatingips/5702a5c8-129c-4d05-8c4d-ae1de8906811 HTTP/1.1" status: 404 len: 345 time: 0.0260127
2026-06-26 11:38:32.943 9 INFO neutron.notifiers.nova [-] Nova event matching ['req-d15b58ea-7e56-4fda-aac5-320dd1df6276'] response: {'name': 'network-changed', 'server_uuid': 'a12c3269-5e55-42e6-8d3f-f23a8aebcf3f', 'tag': '3be82f2a-7bd1-499a-a341-26ede6bb2b4b', 'status': 'completed', 'code': 200} /var/lib/openstack/lib/python3.10/site-packages/pycadf/identifier.py:71: UserWarning: Invalid uuid: neutron. To ensure interoperability, identifiers should be a valid uuid. warnings.warn(('Invalid uuid: %s. To ensure interoperability, '
2026-06-26 11:38:33.018 10 INFO neutron.wsgi [req-e3416e6d-5f8b-48fe-affb-6b9c5c2924b9 req-7e0bd253-967c-4ad0-b2ee-b4ece7f2ea12 16bf3c0e229045679d7bd02180a864c1 0fbb974f5e904015b063ede9e78ed8aa - - b986fca746354db3b6c32b45221f5053 b986fca746354db3b6c32b45221f5053] 199.19.213.104 "GET /v2.0/ports?tenant_id=3753cffa0bd6434196c76e13f43b708b&device_id=a12c3269-5e55-42e6-8d3f-f23a8aebcf3f HTTP/1.1" status: 200 len: 1642 time: 0.0488980
2026-06-26 11:38:33.104 10 INFO neutron.wsgi [req-e3416e6d-5f8b-48fe-affb-6b9c5c2924b9 req-f9f021b3-4d62-4c40-9c5f-0c8fc5ed53da 16bf3c0e229045679d7bd02180a864c1 0fbb974f5e904015b063ede9e78ed8aa - - b986fca746354db3b6c32b45221f5053 b986fca746354db3b6c32b45221f5053] 199.19.213.104 "GET /v2.0/networks?id=056324e7-b7a5-42c2-a591-5ab6b74553d7 HTTP/1.1" status: 200 len: 1003 time: 0.0788209
2026-06-26 11:38:33.159 10 INFO neutron.plugins.ml2.drivers.ovn.mech_driver.mech_driver [None req-f8f25ce2-28c3-4918-9df9-3c82fc997755 - - - - - -] OVN reports status down for port: 3be82f2a-7bd1-499a-a341-26ede6bb2b4b
2026-06-26 11:38:33.166 10 INFO neutron.wsgi [req-e3416e6d-5f8b-48fe-affb-6b9c5c2924b9 req-b3f39ab1-f357-4858-8a79-7d1005bf1bb1 16bf3c0e229045679d7bd02180a864c1 0fbb974f5e904015b063ede9e78ed8aa - - b986fca746354db3b6c32b45221f5053 b986fca746354db3b6c32b45221f5053] 199.19.213.104 "GET /v2.0/floatingips?fixed_ip_address=10.2.2.125&port_id=3be82f2a-7bd1-499a-a341-26ede6bb2b4b HTTP/1.1" status: 200 len: 217 time: 0.0505559
2026-06-26 11:38:33.219 10 INFO neutron.wsgi [req-e3416e6d-5f8b-48fe-affb-6b9c5c2924b9 req-aa7930cc-5ea0-44d7-b6fe-e449b6bf7cb7 16bf3c0e229045679d7bd02180a864c1 0fbb974f5e904015b063ede9e78ed8aa - - b986fca746354db3b6c32b45221f5053 b986fca746354db3b6c32b45221f5053] 199.19.213.104 "GET /v2.0/floatingips?fixed_ip_address=fd77%3A1457%3A4cf0%3A26a8%3A%3A38c&port_id=3be82f2a-7bd1-499a-a341-26ede6bb2b4b HTTP/1.1" status: 200 len: 217 time: 0.0373650
2026-06-26 11:38:33.302 10 INFO neutron.wsgi [req-e3416e6d-5f8b-48fe-affb-6b9c5c2924b9 req-4f2aaec9-eeef-4689-bfca-45a57d42b8ac 16bf3c0e229045679d7bd02180a864c1 0fbb974f5e904015b063ede9e78ed8aa - - b986fca746354db3b6c32b45221f5053 b986fca746354db3b6c32b45221f5053] 199.19.213.104 "GET /v2.0/subnets?id=f3572eb5-034b-48c7-80cc-fe5c15509672&id=26f3e3bc-e144-4e60-8f9f-b2d2019affbb HTTP/1.1" status: 200 len: 1567 time: 0.0747814
2026-06-26 11:38:33.330 10 INFO neutron.wsgi [req-b7e947f9-4260-4977-9822-6d9a22e12c3d req-b0aa5c77-c24e-47e2-8080-1148ffa2b629 41e6f3af72e4497ea156002abab0eac6 3753cffa0bd6434196c76e13f43b708b - - default default] 10.0.0.119 "GET /v2.0/ports?device_id=a12c3269-5e55-42e6-8d3f-f23a8aebcf3f HTTP/1.1" status: 200 len: 1404 time: 0.2236989
2026-06-26 11:38:33.342 10 INFO neutron.wsgi [req-e3416e6d-5f8b-48fe-affb-6b9c5c2924b9 req-195d2ef9-f8b2-48da-bbfe-a9eb3730936f 16bf3c0e229045679d7bd02180a864c1 0fbb974f5e904015b063ede9e78ed8aa - - b986fca746354db3b6c32b45221f5053 b986fca746354db3b6c32b45221f5053] 199.19.213.104 "GET /v2.0/ports?network_id=056324e7-b7a5-42c2-a591-5ab6b74553d7&device_owner=network%3Adhcp HTTP/1.1" status: 200 len: 210 time: 0.0344303
2026-06-26 11:38:33.386 10 INFO neutron.wsgi [req-e3416e6d-5f8b-48fe-affb-6b9c5c2924b9 req-90066a07-bf99-435c-9a0f-585a4f0f7c63 16bf3c0e229045679d7bd02180a864c1 0fbb974f5e904015b063ede9e78ed8aa - - b986fca746354db3b6c32b45221f5053 b986fca746354db3b6c32b45221f5053] 199.19.213.104 "GET /v2.0/ports?network_id=056324e7-b7a5-42c2-a591-5ab6b74553d7&device_owner=network%3Adhcp HTTP/1.1" status: 200 len: 210 time: 0.0296054
2026-06-26 11:38:33.395 10 INFO neutron.notifiers.nova [-] Nova event matching ['req-392f72a3-4d61-4059-868f-509bb57b1dbd'] response: {'server_uuid': 'a12c3269-5e55-42e6-8d3f-f23a8aebcf3f', 'name': 'network-vif-unplugged', 'status': 'completed', 'tag': '3be82f2a-7bd1-499a-a341-26ede6bb2b4b', 'code': 200}
2026-06-26 11:38:33.429 10 INFO neutron.wsgi [req-b7e947f9-4260-4977-9822-6d9a22e12c3d req-43611702-fb79-42e8-a530-32f84900db96 41e6f3af72e4497ea156002abab0eac6 3753cffa0bd6434196c76e13f43b708b - - default default] 10.0.0.119 "GET /v2.0/security-groups?id=192c5160-1966-4455-a01c-ef5aa5012934&fields=id&fields=name HTTP/1.1" status: 200 len: 311 time: 0.0891621
2026-06-26 11:38:33.501 10 INFO neutron.wsgi [req-e3416e6d-5f8b-48fe-affb-6b9c5c2924b9 req-1183ef1d-cce2-4bc6-a979-65b8fd9053db 16bf3c0e229045679d7bd02180a864c1 0fbb974f5e904015b063ede9e78ed8aa - - b986fca746354db3b6c32b45221f5053 b986fca746354db3b6c32b45221f5053] 199.19.213.104 "GET /v2.0/networks/056324e7-b7a5-42c2-a591-5ab6b74553d7?fields=segments HTTP/1.1" status: 200 len: 212 time: 0.1050315
2026-06-26 11:38:33.623 9 INFO neutron.wsgi [req-8e0ebd88-b32f-4e04-8b19-c832cae09d92 req-1770ac7f-4cab-4ad6-9a76-0545a797254e 41e6f3af72e4497ea156002abab0eac6 3753cffa0bd6434196c76e13f43b708b - - default default] 199.19.213.104 "GET /v2.0/ports?device_id=a12c3269-5e55-42e6-8d3f-f23a8aebcf3f HTTP/1.1" status: 200 len: 1402 time: 0.1620724
2026-06-26 11:38:33.627 10 INFO neutron.wsgi [req-e3416e6d-5f8b-48fe-affb-6b9c5c2924b9 req-6c70eba0-22f4-457b-8523-77123956ae27 16bf3c0e229045679d7bd02180a864c1 0fbb974f5e904015b063ede9e78ed8aa - - b986fca746354db3b6c32b45221f5053 b986fca746354db3b6c32b45221f5053] 199.19.213.104 "GET /v2.0/networks/056324e7-b7a5-42c2-a591-5ab6b74553d7?fields=provider%3Aphysical_network&fields=provider%3Anetwork_type HTTP/1.1" status: 200 len: 277 time: 0.1175172
2026-06-26 11:38:33.677 10 INFO neutron.db.ovn_revision_numbers_db [None req-f8f25ce2-28c3-4918-9df9-3c82fc997755 - - - - - -] Successfully bumped revision number for resource 3be82f2a-7bd1-499a-a341-26ede6bb2b4b (type: ports) to 5
2026-06-26 11:38:34.086 9 INFO neutron.wsgi [req-8e0ebd88-b32f-4e04-8b19-c832cae09d92 req-676d2a84-25f4-43fc-9e2e-c12374a0e4cb 41e6f3af72e4497ea156002abab0eac6 3753cffa0bd6434196c76e13f43b708b - - default default] 199.19.213.104 "DELETE /v2.0/ports/3be82f2a-7bd1-499a-a341-26ede6bb2b4b HTTP/1.1" status: 204 len: 173 time: 0.4583158
2026-06-26 11:38:34.986 9 INFO neutron.notifiers.nova [-] Nova event matching ['req-6d8a0b0e-d9e8-4d29-bef3-fe02fe235811'] response: {'server_uuid': 'a12c3269-5e55-42e6-8d3f-f23a8aebcf3f', 'name': 'network-vif-deleted', 'tag': '3be82f2a-7bd1-499a-a341-26ede6bb2b4b', 'status': 'completed', 'code': 200}
2026-06-26 11:38:35.435 10 INFO neutron.notifiers.nova [-] Nova event matching ['req-d3cd6a27-aeac-4dff-98f0-38d095055592'] response: {'server_uuid': 'a12c3269-5e55-42e6-8d3f-f23a8aebcf3f', 'name': 'network-vif-plugged', 'status': 'completed', 'tag': '3be82f2a-7bd1-499a-a341-26ede6bb2b4b', 'code': 200} /var/lib/openstack/lib/python3.10/site-packages/pycadf/identifier.py:71: UserWarning: Invalid uuid: neutron. To ensure interoperability, identifiers should be a valid uuid. warnings.warn(('Invalid uuid: %s. To ensure interoperability, '
2026-06-26 11:38:38.871 10 INFO neutron.db.l3_db [None req-01a3de73-2a94-403c-b09b-e92331d0b933 41e6f3af72e4497ea156002abab0eac6 3753cffa0bd6434196c76e13f43b708b - - default default] Floating IP d77a1ded-49c7-40bb-a11b-b1a46686f163 disassociated (deleted). External IP: 10.96.250.205, port: b0c545ae-e163-451f-b08c-cc4c5eda0d14.
2026-06-26 11:38:38.963 10 INFO neutron.wsgi [None req-01a3de73-2a94-403c-b09b-e92331d0b933 41e6f3af72e4497ea156002abab0eac6 3753cffa0bd6434196c76e13f43b708b - - default default] 10.0.0.94 "DELETE /v2.0/floatingips/d77a1ded-49c7-40bb-a11b-b1a46686f163 HTTP/1.1" status: 204 len: 168 time: 0.4640379
2026-06-26 11:38:38.998 10 INFO neutron.notifiers.nova [-] Nova event matching ['req-506642fe-3ddf-440a-87d8-4c4fb952fc1a'] response: {'name': 'network-changed', 'server_uuid': '36aeb446-38bd-4069-858c-a5861fb6cd03', 'tag': 'b0c545ae-e163-451f-b08c-cc4c5eda0d14', 'status': 'completed', 'code': 200}
2026-06-26 11:38:39.000 9 INFO neutron.api.v2.resource [None req-74b3a054-7a28-45e5-9701-01445d2a70fc 41e6f3af72e4497ea156002abab0eac6 3753cffa0bd6434196c76e13f43b708b - - default default] show failed (client error): The resource could not be found.
2026-06-26 11:38:39.003 9 INFO neutron.wsgi [None req-74b3a054-7a28-45e5-9701-01445d2a70fc 41e6f3af72e4497ea156002abab0eac6 3753cffa0bd6434196c76e13f43b708b - - default default] 10.0.0.94 "GET /v2.0/floatingips/d77a1ded-49c7-40bb-a11b-b1a46686f163 HTTP/1.1" status: 404 len: 345 time: 0.0330489
2026-06-26 11:38:39.065 9 INFO neutron.wsgi [req-2a96ac85-44af-454f-b611-cda3a4101956 req-505fbd5d-a4c7-4fc6-9493-c37fed37b553 16bf3c0e229045679d7bd02180a864c1 0fbb974f5e904015b063ede9e78ed8aa - - b986fca746354db3b6c32b45221f5053 b986fca746354db3b6c32b45221f5053] 199.19.213.104 "GET /v2.0/ports?tenant_id=3753cffa0bd6434196c76e13f43b708b&device_id=36aeb446-38bd-4069-858c-a5861fb6cd03 HTTP/1.1" status: 200 len: 1638 time: 0.0440784
2026-06-26 11:38:39.132 9 INFO neutron.wsgi [req-2a96ac85-44af-454f-b611-cda3a4101956 req-99b49a85-fc2a-4789-94de-fecc6c77b078 16bf3c0e229045679d7bd02180a864c1 0fbb974f5e904015b063ede9e78ed8aa - - b986fca746354db3b6c32b45221f5053 b986fca746354db3b6c32b45221f5053] 199.19.213.104 "GET /v2.0/networks?id=68aef86c-0327-48a9-869e-b1011f428782 HTTP/1.1" status: 200 len: 1003 time: 0.0591257
2026-06-26 11:38:39.164 9 INFO neutron.wsgi [req-2a96ac85-44af-454f-b611-cda3a4101956 req-f802ba13-559f-43c3-84c4-81d85322e566 16bf3c0e229045679d7bd02180a864c1 0fbb974f5e904015b063ede9e78ed8aa - - b986fca746354db3b6c32b45221f5053 b986fca746354db3b6c32b45221f5053] 199.19.213.104 "GET /v2.0/floatingips?fixed_ip_address=10.2.1.106&port_id=b0c545ae-e163-451f-b08c-cc4c5eda0d14 HTTP/1.1" status: 200 len: 217 time: 0.0260799 /var/lib/openstack/lib/python3.10/site-packages/pycadf/identifier.py:71: UserWarning: Invalid uuid: neutron. To ensure interoperability, identifiers should be a valid uuid. warnings.warn(('Invalid uuid: %s. To ensure interoperability, '
2026-06-26 11:38:39.212 9 INFO neutron.wsgi [req-2a96ac85-44af-454f-b611-cda3a4101956 req-f323190c-111b-43b4-b507-86af0fcadbc9 16bf3c0e229045679d7bd02180a864c1 0fbb974f5e904015b063ede9e78ed8aa - - b986fca746354db3b6c32b45221f5053 b986fca746354db3b6c32b45221f5053] 199.19.213.104 "GET /v2.0/floatingips?fixed_ip_address=fd7b%3Af9f7%3Afff%3A4eca%3A%3A2ef&port_id=b0c545ae-e163-451f-b08c-cc4c5eda0d14 HTTP/1.1" status: 200 len: 217 time: 0.0426664
2026-06-26 11:38:39.238 9 INFO neutron.plugins.ml2.drivers.ovn.mech_driver.mech_driver [None req-cc6754d9-19f8-4b6c-b6a9-849a4ba16fa1 - - - - - -] OVN reports status down for port: b0c545ae-e163-451f-b08c-cc4c5eda0d14
2026-06-26 11:38:39.268 9 INFO neutron.wsgi [req-2a96ac85-44af-454f-b611-cda3a4101956 req-89ceff84-96ae-4ec8-aff4-4bc4a6b3a759 16bf3c0e229045679d7bd02180a864c1 0fbb974f5e904015b063ede9e78ed8aa - - b986fca746354db3b6c32b45221f5053 b986fca746354db3b6c32b45221f5053] 199.19.213.104 "GET /v2.0/subnets?id=25884284-e764-4902-930d-541b5f726009&id=82a30057-5a49-4e99-8ee4-a31b344bbcaf HTTP/1.1" status: 200 len: 1563 time: 0.0514362
2026-06-26 11:38:39.290 10 INFO neutron.wsgi [req-4b79dac6-b0ac-4616-8964-7ff15fd2bb3e req-7451fa09-819c-4bfc-82f8-2c1c7f8f2ff1 41e6f3af72e4497ea156002abab0eac6 3753cffa0bd6434196c76e13f43b708b - - default default] 10.0.0.119 "GET /v2.0/ports?device_id=36aeb446-38bd-4069-858c-a5861fb6cd03 HTTP/1.1" status: 200 len: 1400 time: 0.1028051
2026-06-26 11:38:39.293 9 INFO neutron.wsgi [req-2a96ac85-44af-454f-b611-cda3a4101956 req-d4ae9e35-f9e9-4c4f-a578-d6c20814d457 16bf3c0e229045679d7bd02180a864c1 0fbb974f5e904015b063ede9e78ed8aa - - b986fca746354db3b6c32b45221f5053 b986fca746354db3b6c32b45221f5053] 199.19.213.104 "GET /v2.0/ports?network_id=68aef86c-0327-48a9-869e-b1011f428782&device_owner=network%3Adhcp HTTP/1.1" status: 200 len: 210 time: 0.0198264
2026-06-26 11:38:39.337 10 INFO neutron.wsgi [req-4b79dac6-b0ac-4616-8964-7ff15fd2bb3e req-ad7c807f-4133-4405-a011-62123f2c224a 41e6f3af72e4497ea156002abab0eac6 3753cffa0bd6434196c76e13f43b708b - - default default] 10.0.0.119 "GET /v2.0/security-groups?id=192c5160-1966-4455-a01c-ef5aa5012934&fields=id&fields=name HTTP/1.1" status: 200 len: 311 time: 0.0405817
2026-06-26 11:38:39.579 10 INFO neutron.wsgi [req-eeb43552-3b7b-4df3-8643-2acdc8120e95 req-80309f16-8936-4a9c-b4ce-5b7bdbb950ce 41e6f3af72e4497ea156002abab0eac6 3753cffa0bd6434196c76e13f43b708b - - default default] 199.19.213.104 "GET /v2.0/ports?device_id=36aeb446-38bd-4069-858c-a5861fb6cd03 HTTP/1.1" status: 200 len: 1400 time: 0.0461106
2026-06-26 11:38:39.597 9 INFO neutron.wsgi [req-2a96ac85-44af-454f-b611-cda3a4101956 req-2c06d12c-3fed-4cee-a5a7-80855be23573 16bf3c0e229045679d7bd02180a864c1 0fbb974f5e904015b063ede9e78ed8aa - - b986fca746354db3b6c32b45221f5053 b986fca746354db3b6c32b45221f5053] 199.19.213.104 "GET /v2.0/ports?network_id=68aef86c-0327-48a9-869e-b1011f428782&device_owner=network%3Adhcp HTTP/1.1" status: 200 len: 210 time: 0.2968020
2026-06-26 11:38:39.701 9 INFO neutron.wsgi [req-2a96ac85-44af-454f-b611-cda3a4101956 req-85de9580-d5a7-4ff0-b80c-668e4edc86e5 16bf3c0e229045679d7bd02180a864c1 0fbb974f5e904015b063ede9e78ed8aa - - b986fca746354db3b6c32b45221f5053 b986fca746354db3b6c32b45221f5053] 199.19.213.104 "GET /v2.0/networks/68aef86c-0327-48a9-869e-b1011f428782?fields=segments HTTP/1.1" status: 200 len: 212 time: 0.0985446
2026-06-26 11:38:39.729 9 INFO neutron.notifiers.nova [-] Nova event matching ['req-c2ece0dd-d32b-44f7-933c-d794198e0f28'] response: {'server_uuid': '36aeb446-38bd-4069-858c-a5861fb6cd03', 'name': 'network-vif-unplugged', 'status': 'completed', 'tag': 'b0c545ae-e163-451f-b08c-cc4c5eda0d14', 'code': 200}
2026-06-26 11:38:39.779 9 INFO neutron.wsgi [req-2a96ac85-44af-454f-b611-cda3a4101956 req-38dcff1b-259b-4a89-84cc-14ded6446124 16bf3c0e229045679d7bd02180a864c1 0fbb974f5e904015b063ede9e78ed8aa - - b986fca746354db3b6c32b45221f5053 b986fca746354db3b6c32b45221f5053] 199.19.213.104 "GET /v2.0/networks/68aef86c-0327-48a9-869e-b1011f428782?fields=provider%3Aphysical_network&fields=provider%3Anetwork_type HTTP/1.1" status: 200 len: 277 time: 0.0707664
2026-06-26 11:38:39.912 9 INFO neutron.db.ovn_revision_numbers_db [None req-cc6754d9-19f8-4b6c-b6a9-849a4ba16fa1 - - - - - -] Successfully bumped revision number for resource b0c545ae-e163-451f-b08c-cc4c5eda0d14 (type: ports) to 5
2026-06-26 11:38:39.923 9 ERROR ovsdbapp.backend.ovs_idl.command [None req-cc6754d9-19f8-4b6c-b6a9-849a4ba16fa1 - - - - - -] Error executing command (LspGetUpCommand): ovsdbapp.backend.ovs_idl.idlutils.RowNotFound: Cannot find Logical_Switch_Port with name=b0c545ae-e163-451f-b08c-cc4c5eda0d14
2026-06-26 11:38:39.923 9 ERROR ovsdbapp.backend.ovs_idl.command
Traceback (most recent call last):
2026-06-26 11:38:39.923 9 ERROR ovsdbapp.backend.ovs_idl.command
File "/var/lib/openstack/lib/python3.10/site-packages/ovsdbapp/backend/ovs_idl/command.py", line 47, in execute
2026-06-26 11:38:39.923 9 ERROR ovsdbapp.backend.ovs_idl.command self.run_idl(None)
2026-06-26 11:38:39.923 9 ERROR ovsdbapp.backend.ovs_idl.command
File "/var/lib/openstack/lib/python3.10/site-packages/ovsdbapp/schema/ovn_northbound/commands.py", line 672, in run_idl
2026-06-26 11:38:39.923 9 ERROR ovsdbapp.backend.ovs_idl.command lsp = self.api.lookup('Logical_Switch_Port', self.port)
2026-06-26 11:38:39.923 9 ERROR ovsdbapp.backend.ovs_idl.command
File "/var/lib/openstack/lib/python3.10/site-packages/ovsdbapp/backend/ovs_idl/__init__.py", line 184, in lookup
2026-06-26 11:38:39.923 9 ERROR ovsdbapp.backend.ovs_idl.command return self._lookup(table, record)
2026-06-26 11:38:39.923 9 ERROR ovsdbapp.backend.ovs_idl.command
File "/var/lib/openstack/lib/python3.10/site-packages/ovsdbapp/backend/ovs_idl/__init__.py", line 235, in _lookup
2026-06-26 11:38:39.923 9 ERROR ovsdbapp.backend.ovs_idl.command row = idlutils.row_by_value(self, rl.table, rl.column, record)
2026-06-26 11:38:39.923 9 ERROR ovsdbapp.backend.ovs_idl.command
File "/var/lib/openstack/lib/python3.10/site-packages/ovsdbapp/backend/ovs_idl/idlutils.py", line 114, in row_by_value
2026-06-26 11:38:39.923 9 ERROR ovsdbapp.backend.ovs_idl.command raise RowNotFound(table=table, col=column, match=match)
2026-06-26 11:38:39.923 9 ERROR ovsdbapp.backend.ovs_idl.command ovsdbapp.backend.ovs_idl.idlutils.RowNotFound: Cannot find Logical_Switch_Port with name=b0c545ae-e163-451f-b08c-cc4c5eda0d14
2026-06-26 11:38:39.923 9 ERROR ovsdbapp.backend.ovs_idl.command 
2026-06-26 11:38:39.925 9 ERROR ovsdbapp.event [None req-cc6754d9-19f8-4b6c-b6a9-849a4ba16fa1 - - - - - -] Unexpected exception in notify_loop: ovsdbapp.backend.ovs_idl.idlutils.RowNotFound: Cannot find Logical_Switch_Port with name=b0c545ae-e163-451f-b08c-cc4c5eda0d14
2026-06-26 11:38:39.925 9 ERROR ovsdbapp.event
Traceback (most recent call last):
2026-06-26 11:38:39.925 9 ERROR ovsdbapp.event
File "/var/lib/openstack/lib/python3.10/site-packages/ovsdbapp/event.py", line 177, in notify_loop
2026-06-26 11:38:39.925 9 ERROR ovsdbapp.event match.run(event, row, updates)
2026-06-26 11:38:39.925 9 ERROR ovsdbapp.event
File "/var/lib/openstack/lib/python3.10/site-packages/neutron/plugins/ml2/drivers/ovn/mech_driver/ovsdb/ovsdb_monitor.py", line 543, in run
2026-06-26 11:38:39.925 9 ERROR ovsdbapp.event self.driver.set_port_status_down(row.name)
2026-06-26 11:38:39.925 9 ERROR ovsdbapp.event
File "/var/lib/openstack/lib/python3.10/site-packages/neutron/plugins/ml2/drivers/ovn/mech_driver/mech_driver.py", line 1241, in set_port_status_down
2026-06-26 11:38:39.925 9 ERROR ovsdbapp.event self._ovn_client.update_lsp_host_info(
2026-06-26 11:38:39.925 9 ERROR ovsdbapp.event
File "/var/lib/openstack/lib/python3.10/site-packages/neutron/plugins/ml2/drivers/ovn/mech_driver/ovsdb/ovn_client.py", line 297, in update_lsp_host_info
2026-06-26 11:38:39.925 9 ERROR ovsdbapp.event port_up = self._nb_idl.lsp_get_up(db_port.id).execute(
2026-06-26 11:38:39.925 9 ERROR ovsdbapp.event
File "/var/lib/openstack/lib/python3.10/site-packages/ovsdbapp/backend/ovs_idl/command.py", line 47, in execute
2026-06-26 11:38:39.925 9 ERROR ovsdbapp.event self.run_idl(None)
2026-06-26 11:38:39.925 9 ERROR ovsdbapp.event
File "/var/lib/openstack/lib/python3.10/site-packages/ovsdbapp/schema/ovn_northbound/commands.py", line 672, in run_idl
2026-06-26 11:38:39.925 9 ERROR ovsdbapp.event lsp = self.api.lookup('Logical_Switch_Port', self.port)
2026-06-26 11:38:39.925 9 ERROR ovsdbapp.event
File "/var/lib/openstack/lib/python3.10/site-packages/ovsdbapp/backend/ovs_idl/__init__.py", line 184, in lookup
2026-06-26 11:38:39.925 9 ERROR ovsdbapp.event return self._lookup(table, record)
2026-06-26 11:38:39.925 9 ERROR ovsdbapp.event
File "/var/lib/openstack/lib/python3.10/site-packages/ovsdbapp/backend/ovs_idl/__init__.py", line 235, in _lookup
2026-06-26 11:38:39.925 9 ERROR ovsdbapp.event row = idlutils.row_by_value(self, rl.table, rl.column, record)
2026-06-26 11:38:39.925 9 ERROR ovsdbapp.event
File "/var/lib/openstack/lib/python3.10/site-packages/ovsdbapp/backend/ovs_idl/idlutils.py", line 114, in row_by_value
2026-06-26 11:38:39.925 9 ERROR ovsdbapp.event raise RowNotFound(table=table, col=column, match=match)
2026-06-26 11:38:39.925 9 ERROR ovsdbapp.event ovsdbapp.backend.ovs_idl.idlutils.RowNotFound: Cannot find Logical_Switch_Port with name=b0c545ae-e163-451f-b08c-cc4c5eda0d14
2026-06-26 11:38:39.925 9 ERROR ovsdbapp.event 
2026-06-26 11:38:39.933 10 INFO neutron.wsgi [req-eeb43552-3b7b-4df3-8643-2acdc8120e95 req-12703d43-a976-4253-819f-03cd2817a35e 41e6f3af72e4497ea156002abab0eac6 3753cffa0bd6434196c76e13f43b708b - - default default] 199.19.213.104 "DELETE /v2.0/ports/b0c545ae-e163-451f-b08c-cc4c5eda0d14 HTTP/1.1" status: 204 len: 173 time: 0.3491244
2026-06-26 11:38:41.052 10 INFO neutron.notifiers.nova [-] Nova event matching ['req-78057c5d-a8ed-4690-a68e-7f412e804e42'] response: {'server_uuid': '36aeb446-38bd-4069-858c-a5861fb6cd03', 'name': 'network-vif-deleted', 'tag': 'b0c545ae-e163-451f-b08c-cc4c5eda0d14', 'status': 'completed', 'code': 200}
2026-06-26 11:38:41.765 9 INFO neutron.notifiers.nova [-] Nova event matching ['req-3c9f89c7-8076-4e5c-b10d-53ed3b9b2967'] response: {'server_uuid': '36aeb446-38bd-4069-858c-a5861fb6cd03', 'name': 'network-vif-plugged', 'status': 'completed', 'tag': 'b0c545ae-e163-451f-b08c-cc4c5eda0d14', 'code': 200}
2026-06-26 11:38:43.210 10 INFO neutron.wsgi [-] 10.0.0.45 "GET / HTTP/1.1" status: 200 len: 247 time: 0.0029380
2026-06-26 11:38:43.213 10 INFO neutron.wsgi [-] 10.0.0.45 "GET / HTTP/1.1" status: 200 len: 247 time: 0.0014803
2026-06-26 11:38:44.571 10 INFO neutron.wsgi [None req-db1852da-b7b9-4e79-a069-5e6ad09e7290 41e6f3af72e4497ea156002abab0eac6 3753cffa0bd6434196c76e13f43b708b - - default default] 10.0.0.94 "DELETE /v2.0/security-group-rules/ef8007fc-b2e4-4d09-8e45-e54e4e6d27e7 HTTP/1.1" status: 204 len: 168 time: 0.1442709
2026-06-26 11:38:44.587 10 INFO neutron.api.v2.resource [None req-0e0e7344-3444-43ae-8eb6-904332197d13 41e6f3af72e4497ea156002abab0eac6 3753cffa0bd6434196c76e13f43b708b - - default default] show failed (client error): The resource could not be found.
2026-06-26 11:38:44.588 10 INFO neutron.wsgi [None req-0e0e7344-3444-43ae-8eb6-904332197d13 41e6f3af72e4497ea156002abab0eac6 3753cffa0bd6434196c76e13f43b708b - - default default] 10.0.0.94 "GET /v2.0/security-group-rules/ef8007fc-b2e4-4d09-8e45-e54e4e6d27e7 HTTP/1.1" status: 404 len: 356 time: 0.0106366
2026-06-26 11:38:44.740 10 INFO neutron.wsgi [None req-7d178923-e323-4532-8fb6-bc8953b98cdb 41e6f3af72e4497ea156002abab0eac6 3753cffa0bd6434196c76e13f43b708b - - default default] 10.0.0.94 "DELETE /v2.0/security-group-rules/bedb39cf-c68e-4b2c-85ff-638c7ca8f2b0 HTTP/1.1" status: 204 len: 168 time: 0.1473155
2026-06-26 11:38:44.758 9 INFO neutron.api.v2.resource [None req-5908c90a-2622-48ef-bfd1-4832363ca872 41e6f3af72e4497ea156002abab0eac6 3753cffa0bd6434196c76e13f43b708b - - default default] show failed (client error): The resource could not be found.
2026-06-26 11:38:44.760 9 INFO neutron.wsgi [None req-5908c90a-2622-48ef-bfd1-4832363ca872 41e6f3af72e4497ea156002abab0eac6 3753cffa0bd6434196c76e13f43b708b - - default default] 10.0.0.94 "GET /v2.0/security-group-rules/bedb39cf-c68e-4b2c-85ff-638c7ca8f2b0 HTTP/1.1" status: 404 len: 356 time: 0.0138545
2026-06-26 11:38:44.885 9 INFO neutron.wsgi [None req-21e60326-279a-432f-abde-66d1f136c0f7 41e6f3af72e4497ea156002abab0eac6 3753cffa0bd6434196c76e13f43b708b - - default default] 10.0.0.94 "DELETE /v2.0/security-group-rules/a25f74f0-b2f8-409c-9e8d-60609ca1a8c8 HTTP/1.1" status: 204 len: 168 time: 0.1199365
2026-06-26 11:38:44.899 9 INFO neutron.api.v2.resource [None req-c1b3c85a-fbbe-4a5c-9213-bc1fd6e939a1 41e6f3af72e4497ea156002abab0eac6 3753cffa0bd6434196c76e13f43b708b - - default default] show failed (client error): The resource could not be found.
2026-06-26 11:38:44.900 9 INFO neutron.wsgi [None req-c1b3c85a-fbbe-4a5c-9213-bc1fd6e939a1 41e6f3af72e4497ea156002abab0eac6 3753cffa0bd6434196c76e13f43b708b - - default default] 10.0.0.94 "GET /v2.0/security-group-rules/a25f74f0-b2f8-409c-9e8d-60609ca1a8c8 HTTP/1.1" status: 404 len: 356 time: 0.0093324
2026-06-26 11:38:45.036 9 INFO neutron.wsgi [None req-987e3f2d-dce9-45de-91aa-1c89ecf025e7 41e6f3af72e4497ea156002abab0eac6 3753cffa0bd6434196c76e13f43b708b - - default default] 10.0.0.94 "DELETE /v2.0/security-group-rules/6dfde1a2-07df-4ecf-9219-c1c11b42bb07 HTTP/1.1" status: 204 len: 168 time: 0.1317766
2026-06-26 11:38:45.050 9 INFO neutron.api.v2.resource [None req-fa6fc9c1-857a-4303-9260-aa41305096b7 41e6f3af72e4497ea156002abab0eac6 3753cffa0bd6434196c76e13f43b708b - - default default] show failed (client error): The resource could not be found.
2026-06-26 11:38:45.051 9 INFO neutron.wsgi [None req-fa6fc9c1-857a-4303-9260-aa41305096b7 41e6f3af72e4497ea156002abab0eac6 3753cffa0bd6434196c76e13f43b708b - - default default] 10.0.0.94 "GET /v2.0/security-group-rules/6dfde1a2-07df-4ecf-9219-c1c11b42bb07 HTTP/1.1" status: 404 len: 356 time: 0.0089214
2026-06-26 11:38:45.164 9 INFO neutron.wsgi [None req-1b2c7d56-3133-4209-8fb5-999cab1a859a 41e6f3af72e4497ea156002abab0eac6 3753cffa0bd6434196c76e13f43b708b - - default default] 10.0.0.94 "DELETE /v2.0/security-group-rules/97fd460c-c2e3-4d03-9262-399f3b399897 HTTP/1.1" status: 204 len: 168 time: 0.1088924
2026-06-26 11:38:45.178 9 INFO neutron.api.v2.resource [None req-a8bbe137-7c24-491e-baf0-1e0b082a5b9d 41e6f3af72e4497ea156002abab0eac6 3753cffa0bd6434196c76e13f43b708b - - default default] show failed (client error): The resource could not be found.
2026-06-26 11:38:45.179 9 INFO neutron.wsgi [None req-a8bbe137-7c24-491e-baf0-1e0b082a5b9d 41e6f3af72e4497ea156002abab0eac6 3753cffa0bd6434196c76e13f43b708b - - default default] 10.0.0.94 "GET /v2.0/security-group-rules/97fd460c-c2e3-4d03-9262-399f3b399897 HTTP/1.1" status: 404 len: 356 time: 0.0101361
2026-06-26 11:38:45.311 9 INFO neutron.wsgi [None req-e9395664-8b89-4c12-aca5-3622b456a8de 41e6f3af72e4497ea156002abab0eac6 3753cffa0bd6434196c76e13f43b708b - - default default] 10.0.0.94 "DELETE /v2.0/security-group-rules/ca654bed-41f5-45ec-81ef-e3e003670601 HTTP/1.1" status: 204 len: 168 time: 0.1271245
2026-06-26 11:38:45.330 9 INFO neutron.api.v2.resource [None req-91ce247d-da38-466f-80a8-237ba89f41d7 41e6f3af72e4497ea156002abab0eac6 3753cffa0bd6434196c76e13f43b708b - - default default] show failed (client error): The resource could not be found.
2026-06-26 11:38:45.333 9 INFO neutron.wsgi [None req-91ce247d-da38-466f-80a8-237ba89f41d7 41e6f3af72e4497ea156002abab0eac6 3753cffa0bd6434196c76e13f43b708b - - default default] 10.0.0.94 "GET /v2.0/security-group-rules/ca654bed-41f5-45ec-81ef-e3e003670601 HTTP/1.1" status: 404 len: 356 time: 0.0173938
2026-06-26 11:38:45.491 9 INFO neutron.wsgi [None req-c72aa587-8aed-4379-8bcd-aff1f6b2b6c1 41e6f3af72e4497ea156002abab0eac6 3753cffa0bd6434196c76e13f43b708b - - default default] 10.0.0.94 "DELETE /v2.0/security-group-rules/1c4e2ef3-c9e3-4f0f-bdcc-8fd094d42cfd HTTP/1.1" status: 204 len: 168 time: 0.1516869
2026-06-26 11:38:45.508 9 INFO neutron.api.v2.resource [None req-e76a4a96-76e8-43ef-af36-853b3015655a 41e6f3af72e4497ea156002abab0eac6 3753cffa0bd6434196c76e13f43b708b - - default default] show failed (client error): The resource could not be found.
2026-06-26 11:38:45.509 9 INFO neutron.wsgi [None req-e76a4a96-76e8-43ef-af36-853b3015655a 41e6f3af72e4497ea156002abab0eac6 3753cffa0bd6434196c76e13f43b708b - - default default] 10.0.0.94 "GET /v2.0/security-group-rules/1c4e2ef3-c9e3-4f0f-bdcc-8fd094d42cfd HTTP/1.1" status: 404 len: 356 time: 0.0113328
2026-06-26 11:38:45.665 9 INFO neutron.wsgi [None req-c54846cc-2d71-440a-899f-e79b6ca122fa 41e6f3af72e4497ea156002abab0eac6 3753cffa0bd6434196c76e13f43b708b - - default default] 10.0.0.94 "DELETE /v2.0/security-group-rules/25bb60fd-8711-4741-a333-b23cc42f41ea HTTP/1.1" status: 204 len: 168 time: 0.1515362
2026-06-26 11:38:45.681 9 INFO neutron.api.v2.resource [None req-225621ff-a9cd-4311-9a8b-311981bea1b8 41e6f3af72e4497ea156002abab0eac6 3753cffa0bd6434196c76e13f43b708b - - default default] show failed (client error): The resource could not be found.
2026-06-26 11:38:45.683 9 INFO neutron.wsgi [None req-225621ff-a9cd-4311-9a8b-311981bea1b8 41e6f3af72e4497ea156002abab0eac6 3753cffa0bd6434196c76e13f43b708b - - default default] 10.0.0.94 "GET /v2.0/security-group-rules/25bb60fd-8711-4741-a333-b23cc42f41ea HTTP/1.1" status: 404 len: 356 time: 0.0116730
2026-06-26 11:38:45.819 10 INFO neutron.wsgi [None req-e20b738b-2d88-4087-9e59-3b25d6ec8663 41e6f3af72e4497ea156002abab0eac6 3753cffa0bd6434196c76e13f43b708b - - default default] 10.0.0.94 "DELETE /v2.0/security-group-rules/71390503-ba5c-4af6-accf-b8f73b788807 HTTP/1.1" status: 204 len: 168 time: 0.1285377
2026-06-26 11:38:45.834 10 INFO neutron.api.v2.resource [None req-f7a15e5f-3431-4d74-96ea-168abd75daee 41e6f3af72e4497ea156002abab0eac6 3753cffa0bd6434196c76e13f43b708b - - default default] show failed (client error): The resource could not be found.
2026-06-26 11:38:45.835 10 INFO neutron.wsgi [None req-f7a15e5f-3431-4d74-96ea-168abd75daee 41e6f3af72e4497ea156002abab0eac6 3753cffa0bd6434196c76e13f43b708b - - default default] 10.0.0.94 "GET /v2.0/security-group-rules/71390503-ba5c-4af6-accf-b8f73b788807 HTTP/1.1" status: 404 len: 356 time: 0.0110502
2026-06-26 11:38:45.960 10 INFO neutron.wsgi [None req-e9b79769-8c2f-490b-a74f-bb893a02c624 41e6f3af72e4497ea156002abab0eac6 3753cffa0bd6434196c76e13f43b708b - - default default] 10.0.0.94 "DELETE /v2.0/security-group-rules/f72f6a62-9f8e-40bb-84ec-5c747972206b HTTP/1.1" status: 204 len: 168 time: 0.1209688
2026-06-26 11:38:45.975 10 INFO neutron.api.v2.resource [None req-d87e80a7-f8f9-4f6f-91a1-32c533e4829e 41e6f3af72e4497ea156002abab0eac6 3753cffa0bd6434196c76e13f43b708b - - default default] show failed (client error): The resource could not be found.
2026-06-26 11:38:45.976 10 INFO neutron.wsgi [None req-d87e80a7-f8f9-4f6f-91a1-32c533e4829e 41e6f3af72e4497ea156002abab0eac6 3753cffa0bd6434196c76e13f43b708b - - default default] 10.0.0.94 "GET /v2.0/security-group-rules/f72f6a62-9f8e-40bb-84ec-5c747972206b HTTP/1.1" status: 404 len: 356 time: 0.0110075
2026-06-26 11:38:46.128 10 INFO neutron.wsgi [None req-eaef4877-1418-4344-b91f-ef80bcd7de6d 41e6f3af72e4497ea156002abab0eac6 3753cffa0bd6434196c76e13f43b708b - - default default] 10.0.0.94 "DELETE /v2.0/security-group-rules/1ac05732-5e49-4992-8f3c-daf8192c74d5 HTTP/1.1" status: 204 len: 168 time: 0.1485395
2026-06-26 11:38:46.142 10 INFO neutron.api.v2.resource [None req-0342744e-036a-4fc3-97b5-ee8e59d9d470 41e6f3af72e4497ea156002abab0eac6 3753cffa0bd6434196c76e13f43b708b - - default default] show failed (client error): The resource could not be found.
2026-06-26 11:38:46.143 10 INFO neutron.wsgi [None req-0342744e-036a-4fc3-97b5-ee8e59d9d470 41e6f3af72e4497ea156002abab0eac6 3753cffa0bd6434196c76e13f43b708b - - default default] 10.0.0.94 "GET /v2.0/security-group-rules/1ac05732-5e49-4992-8f3c-daf8192c74d5 HTTP/1.1" status: 404 len: 356 time: 0.0099580
2026-06-26 11:38:46.277 10 INFO neutron.wsgi [None req-31adc20b-4545-4b35-ab06-f132f70bfa0c 41e6f3af72e4497ea156002abab0eac6 3753cffa0bd6434196c76e13f43b708b - - default default] 10.0.0.94 "DELETE /v2.0/security-groups/192c5160-1966-4455-a01c-ef5aa5012934 HTTP/1.1" status: 204 len: 168 time: 0.1299176
2026-06-26 11:38:46.291 10 INFO neutron.api.v2.resource [None req-0c57cc27-a5ae-4542-a228-c7e950e972a9 41e6f3af72e4497ea156002abab0eac6 3753cffa0bd6434196c76e13f43b708b - - default default] show failed (client error): The resource could not be found.
2026-06-26 11:38:46.292 10 INFO neutron.wsgi [None req-0c57cc27-a5ae-4542-a228-c7e950e972a9 41e6f3af72e4497ea156002abab0eac6 3753cffa0bd6434196c76e13f43b708b - - default default] 10.0.0.94 "GET /v2.0/security-groups/192c5160-1966-4455-a01c-ef5aa5012934 HTTP/1.1" status: 404 len: 347 time: 0.0105422
2026-06-26 11:38:47.265 9 INFO neutron.wsgi [None req-c7049950-0a9f-4304-a634-c5ff0d85c1db cf84a65b96fe40e3afd2dbd42244ec16 ee48f5bd4cd34d78a54267d47f83f5ed - - default default] 10.0.0.203 "GET /v2.0/security-groups HTTP/1.1" status: 200 len: 19575 time: 0.1123359
2026-06-26 11:38:47.292 10 INFO neutron.wsgi [None req-2360400c-f2a2-4d8c-ac7b-830daf1ec8f5 41e6f3af72e4497ea156002abab0eac6 3753cffa0bd6434196c76e13f43b708b - - default default] 10.0.0.94 "PUT /v2.0/routers/e5c38db5-8217-46fe-b6d6-afbed2225118/remove_router_interface HTTP/1.1" status: 200 len: 503 time: 0.9484367 /var/lib/openstack/lib/python3.10/site-packages/pycadf/identifier.py:71: UserWarning: Invalid uuid: neutron. To ensure interoperability, identifiers should be a valid uuid. warnings.warn(('Invalid uuid: %s. To ensure interoperability, '
2026-06-26 11:38:47.328 9 INFO neutron.wsgi [None req-b950507b-9c44-4f9e-8dfd-73930d2acb3c cf84a65b96fe40e3afd2dbd42244ec16 ee48f5bd4cd34d78a54267d47f83f5ed - - default default] 10.0.0.203 "GET /v2.0/subnets HTTP/1.1" status: 200 len: 5499 time: 0.0545592
2026-06-26 11:38:47.401 9 INFO neutron.wsgi [None req-4505551f-63c8-447c-9ce5-7bf23d4d6fec cf84a65b96fe40e3afd2dbd42244ec16 ee48f5bd4cd34d78a54267d47f83f5ed - - default default] 10.0.0.203 "GET /v2.0/routers HTTP/1.1" status: 200 len: 849 time: 0.0702395
2026-06-26 11:38:47.416 9 INFO neutron.wsgi [None req-89cbcfa8-529f-4680-ae7c-97c881c7ff3a cf84a65b96fe40e3afd2dbd42244ec16 ee48f5bd4cd34d78a54267d47f83f5ed - - default default] 10.0.0.203 "GET /v2.0/agents?binary=ovn-controller HTTP/1.1" status: 200 len: 591 time: 0.0146599
2026-06-26 11:38:47.444 10 INFO neutron.api.v2.resource [None req-bd37ebc7-51b2-428c-96ca-6b445cdbd947 41e6f3af72e4497ea156002abab0eac6 3753cffa0bd6434196c76e13f43b708b - - default default] remove_router_interface failed (client error): The resource could not be found.
2026-06-26 11:38:47.446 10 INFO neutron.wsgi [None req-bd37ebc7-51b2-428c-96ca-6b445cdbd947 41e6f3af72e4497ea156002abab0eac6 3753cffa0bd6434196c76e13f43b708b - - default default] 10.0.0.94 "PUT /v2.0/routers/e5c38db5-8217-46fe-b6d6-afbed2225118/remove_router_interface HTTP/1.1" status: 404 len: 399 time: 0.1476038
2026-06-26 11:38:47.460 9 INFO neutron.wsgi [None req-53f379ca-e44c-418e-9a54-a4ee869f0115 cf84a65b96fe40e3afd2dbd42244ec16 ee48f5bd4cd34d78a54267d47f83f5ed - - default default] 10.0.0.203 "GET /v2.0/subnets HTTP/1.1" status: 200 len: 5499 time: 0.0429900
2026-06-26 11:38:47.471 9 INFO neutron.wsgi [None req-bc696b2a-583e-4f7d-b7b5-ff82d8a9aa35 cf84a65b96fe40e3afd2dbd42244ec16 ee48f5bd4cd34d78a54267d47f83f5ed - - default default] 10.0.0.203 "GET /v2.0/subnetpools HTTP/1.1" status: 200 len: 193 time: 0.0090871
2026-06-26 11:38:47.492 9 INFO neutron.wsgi [None req-b6123a7e-3f68-4745-8e0d-f7ace7fd40b9 cf84a65b96fe40e3afd2dbd42244ec16 ee48f5bd4cd34d78a54267d47f83f5ed - - default default] 10.0.0.203 "GET /v2.0/floatingips HTTP/1.1" status: 200 len: 193 time: 0.0196958
2026-06-26 11:38:47.559 9 INFO neutron.wsgi [None req-8904633b-66f4-4437-b258-3f72b575174d cf84a65b96fe40e3afd2dbd42244ec16 ee48f5bd4cd34d78a54267d47f83f5ed - - default default] 10.0.0.203 "GET /v2.0/networks HTTP/1.1" status: 200 len: 4722 time: 0.0654130
2026-06-26 11:38:47.651 9 INFO neutron.wsgi [None req-9e3878f8-5a5b-449e-82e9-196b012409c6 cf84a65b96fe40e3afd2dbd42244ec16 ee48f5bd4cd34d78a54267d47f83f5ed - - default default] 10.0.0.203 "GET /v2.0/ports HTTP/1.1" status: 200 len: 11686 time: 0.0890486
2026-06-26 11:38:47.683 9 INFO neutron.wsgi [None req-f23c4da0-1409-4800-bafa-ebd0684af1a9 cf84a65b96fe40e3afd2dbd42244ec16 ee48f5bd4cd34d78a54267d47f83f5ed - - default default] 10.0.0.203 "GET /v2.0/agents HTTP/1.1" status: 200 len: 997 time: 0.0189316
2026-06-26 11:38:47.697 9 INFO neutron.wsgi [None req-26459555-4f4b-4668-8ced-60b8397c90b3 cf84a65b96fe40e3afd2dbd42244ec16 ee48f5bd4cd34d78a54267d47f83f5ed - - default default] 10.0.0.203 "GET /v2.0/network-ip-availabilities HTTP/1.1" status: 200 len: 3367 time: 0.0126834
2026-06-26 11:38:48.389 10 INFO neutron.wsgi [None req-ba8a4c64-6319-4a3a-9773-0406910caf41 41e6f3af72e4497ea156002abab0eac6 3753cffa0bd6434196c76e13f43b708b - - default default] 10.0.0.94 "PUT /v2.0/routers/e5c38db5-8217-46fe-b6d6-afbed2225118/remove_router_interface HTTP/1.1" status: 200 len: 503 time: 0.9358714 /var/lib/openstack/lib/python3.10/site-packages/pycadf/identifier.py:71: UserWarning: Invalid uuid: neutron. To ensure interoperability, identifiers should be a valid uuid. warnings.warn(('Invalid uuid: %s. To ensure interoperability, '
2026-06-26 11:38:48.550 10 INFO neutron.api.v2.resource [None req-afe37be2-6cb5-4ab5-b0b6-fed235d156a4 41e6f3af72e4497ea156002abab0eac6 3753cffa0bd6434196c76e13f43b708b - - default default] remove_router_interface failed (client error): The resource could not be found.
2026-06-26 11:38:48.554 10 INFO neutron.wsgi [None req-afe37be2-6cb5-4ab5-b0b6-fed235d156a4 41e6f3af72e4497ea156002abab0eac6 3753cffa0bd6434196c76e13f43b708b - - default default] 10.0.0.94 "PUT /v2.0/routers/e5c38db5-8217-46fe-b6d6-afbed2225118/remove_router_interface HTTP/1.1" status: 404 len: 399 time: 0.1584971
2026-06-26 11:38:49.846 10 INFO neutron.wsgi [None req-1ef7a88a-2ab7-46ee-98cf-51c8fcae86cc 41e6f3af72e4497ea156002abab0eac6 3753cffa0bd6434196c76e13f43b708b - - default default] 10.0.0.94 "PUT /v2.0/routers/e5c38db5-8217-46fe-b6d6-afbed2225118/remove_router_interface HTTP/1.1" status: 200 len: 503 time: 1.2878520 /var/lib/openstack/lib/python3.10/site-packages/pycadf/identifier.py:71: UserWarning: Invalid uuid: neutron. To ensure interoperability, identifiers should be a valid uuid. warnings.warn(('Invalid uuid: %s. To ensure interoperability, '
2026-06-26 11:38:50.013 10 INFO neutron.api.v2.resource [None req-619351dd-d21c-4b63-a137-7307a78f439a 41e6f3af72e4497ea156002abab0eac6 3753cffa0bd6434196c76e13f43b708b - - default default] remove_router_interface failed (client error): The resource could not be found.
2026-06-26 11:38:50.015 10 INFO neutron.wsgi [None req-619351dd-d21c-4b63-a137-7307a78f439a 41e6f3af72e4497ea156002abab0eac6 3753cffa0bd6434196c76e13f43b708b - - default default] 10.0.0.94 "PUT /v2.0/routers/e5c38db5-8217-46fe-b6d6-afbed2225118/remove_router_interface HTTP/1.1" status: 404 len: 399 time: 0.1624985
2026-06-26 11:38:51.010 10 INFO neutron.wsgi [None req-a02624d6-8dd3-4c5f-826f-aec88e05a959 41e6f3af72e4497ea156002abab0eac6 3753cffa0bd6434196c76e13f43b708b - - default default] 10.0.0.94 "DELETE /v2.0/routers/e5c38db5-8217-46fe-b6d6-afbed2225118 HTTP/1.1" status: 204 len: 168 time: 0.9885745
2026-06-26 11:38:51.045 10 INFO neutron.api.v2.resource [None req-1f9c47fb-1bd7-4caa-ad9c-461460308ffd 41e6f3af72e4497ea156002abab0eac6 3753cffa0bd6434196c76e13f43b708b - - default default] show failed (client error): The resource could not be found.
2026-06-26 11:38:51.048 10 INFO neutron.wsgi [None req-1f9c47fb-1bd7-4caa-ad9c-461460308ffd 41e6f3af72e4497ea156002abab0eac6 3753cffa0bd6434196c76e13f43b708b - - default default] 10.0.0.94 "GET /v2.0/routers/e5c38db5-8217-46fe-b6d6-afbed2225118 HTTP/1.1" status: 404 len: 336 time: 0.0338740
2026-06-26 11:38:51.242 10 INFO neutron.wsgi [None req-bbfb5e1f-e75b-4578-a154-23bc8b5ea4a4 41e6f3af72e4497ea156002abab0eac6 3753cffa0bd6434196c76e13f43b708b - - default default] 10.0.0.94 "DELETE /v2.0/subnets/f3572eb5-034b-48c7-80cc-fe5c15509672 HTTP/1.1" status: 204 len: 168 time: 0.1906836
