2026-06-26 11:34:24.562 9 INFO neutron.db.ovn_revision_numbers_db [None req-c4899a83-9c16-4970-94ec-873f43b73e0b fff6a5d081b04e0f8ea59b0b164d190d 1f21b0c1c13442fa84943868196db8d6 - - default default] Successfully bumped revision number for resource 667cd097-9618-4361-b2c3-38ebee947d2e (type: ports) to 1
2026-06-26 11:34:24.568 9 INFO neutron.db.ovn_revision_numbers_db [None req-78b785c1-5e7f-4b13-b4b3-6abb3668c01f 2dc067569b994d5fa916c8717ef46c2b f3b055da4ec24985a789252d4542ce0b - - default default] Successfully bumped revision number for resource a4873297-ba8e-4e75-aa73-e5f7254883ce (type: security_group_rules) to 0
2026-06-26 11:34:24.592 9 INFO neutron.db.ovn_revision_numbers_db [None req-78b785c1-5e7f-4b13-b4b3-6abb3668c01f 2dc067569b994d5fa916c8717ef46c2b f3b055da4ec24985a789252d4542ce0b - - default default] Successfully bumped revision number for resource c00e1f34-ad66-4e77-b698-081062e22031 (type: security_group_rules) to 0
2026-06-26 11:34:24.639 9 INFO neutron.db.ovn_revision_numbers_db [None req-78b785c1-5e7f-4b13-b4b3-6abb3668c01f 2dc067569b994d5fa916c8717ef46c2b f3b055da4ec24985a789252d4542ce0b - - default default] Successfully bumped revision number for resource d36a7dca-deff-49fb-be03-9dc9f1951071 (type: security_group_rules) to 0
2026-06-26 11:34:24.655 10 INFO neutron.wsgi [None req-0197360a-327c-4b09-9d8f-c4f6a7e6af1c 399b7fb2a0c547059f9ae7ce7fb5a30f fa375e93b2f04011a7a5e18596fb91ae - - default default] 10.0.0.94 "DELETE /v2.0/ports/a249c12a-b4f4-440e-bbb6-bc42fea3ee4d HTTP/1.1" status: 204 len: 168 time: 0.3408387
2026-06-26 11:34:24.670 9 WARNING neutron.scheduler.dhcp_agent_scheduler [None req-c4899a83-9c16-4970-94ec-873f43b73e0b fff6a5d081b04e0f8ea59b0b164d190d 1f21b0c1c13442fa84943868196db8d6 - - default default] No more DHCP agents
2026-06-26 11:34:24.671 9 INFO neutron.db.ovn_revision_numbers_db [None req-78b785c1-5e7f-4b13-b4b3-6abb3668c01f 2dc067569b994d5fa916c8717ef46c2b f3b055da4ec24985a789252d4542ce0b - - default default] Successfully bumped revision number for resource f0ed11d3-ed54-4367-955a-280ec3ec3d25 (type: security_group_rules) to 0
2026-06-26 11:34:24.681 9 WARNING neutron.api.rpc.agentnotifiers.dhcp_rpc_agent_api [None req-c4899a83-9c16-4970-94ec-873f43b73e0b fff6a5d081b04e0f8ea59b0b164d190d 1f21b0c1c13442fa84943868196db8d6 - - default default] Unable to schedule network 0f74ffce-d1d7-4560-b358-8d78375facaf: no agents available; will retry on subsequent port and subnet creation events.
2026-06-26 11:34:24.745 9 INFO neutron.db.segments_db [None req-78b785c1-5e7f-4b13-b4b3-6abb3668c01f 2dc067569b994d5fa916c8717ef46c2b f3b055da4ec24985a789252d4542ce0b - - default default] Added segment d0220c0f-dc3a-415a-9051-0ff4dbaa7dbb of type geneve for network 170d7781-ff8f-4c44-96d2-8e45b321a03f
2026-06-26 11:34:24.793 10 INFO neutron.db.ovn_revision_numbers_db [None req-f8f25ce2-28c3-4918-9df9-3c82fc997755 - - - - - -] Successfully bumped revision number for resource 667cd097-9618-4361-b2c3-38ebee947d2e (type: ports) to 2
2026-06-26 11:34:24.858 10 INFO neutron.db.ovn_revision_numbers_db [None req-f8f25ce2-28c3-4918-9df9-3c82fc997755 - - - - - -] Successfully bumped revision number for resource 667cd097-9618-4361-b2c3-38ebee947d2e (type: router_ports) to 2
2026-06-26 11:34:24.965 9 INFO neutron.db.ovn_revision_numbers_db [None req-c4899a83-9c16-4970-94ec-873f43b73e0b fff6a5d081b04e0f8ea59b0b164d190d 1f21b0c1c13442fa84943868196db8d6 - - default default] Successfully bumped revision number for resource 667cd097-9618-4361-b2c3-38ebee947d2e (type: router_ports) to 2
2026-06-26 11:34:24.968 9 INFO neutron.wsgi [None req-c4899a83-9c16-4970-94ec-873f43b73e0b fff6a5d081b04e0f8ea59b0b164d190d 1f21b0c1c13442fa84943868196db8d6 - - default default] 10.0.0.94 "PUT /v2.0/routers/10f25dfd-d1f4-481a-9ac7-dc71965e6764/add_router_interface HTTP/1.1" status: 200 len: 503 time: 1.7746010
2026-06-26 11:34:24.979 9 INFO neutron.db.ovn_revision_numbers_db [None req-78b785c1-5e7f-4b13-b4b3-6abb3668c01f 2dc067569b994d5fa916c8717ef46c2b f3b055da4ec24985a789252d4542ce0b - - default default] Successfully bumped revision number for resource 170d7781-ff8f-4c44-96d2-8e45b321a03f (type: networks) to 1
2026-06-26 11:34:25.072 9 INFO neutron.wsgi [None req-008e5e9d-3e73-4fc7-94e4-b43ba2f1df3b 399b7fb2a0c547059f9ae7ce7fb5a30f fa375e93b2f04011a7a5e18596fb91ae - - default default] 10.0.0.94 "DELETE /v2.0/ports/500afff5-8f33-4384-9435-0ed7fbfb6511 HTTP/1.1" status: 204 len: 168 time: 0.4079978
2026-06-26 11:34:25.129 10 INFO neutron.wsgi [None req-7ccffab3-85b2-4634-94e3-3d6b96c9c1ae fff6a5d081b04e0f8ea59b0b164d190d 1f21b0c1c13442fa84943868196db8d6 - - default default] 10.0.0.94 "GET /v2.0/ports/667cd097-9618-4361-b2c3-38ebee947d2e HTTP/1.1" status: 200 len: 1149 time: 0.1540148
2026-06-26 11:34:25.195 10 INFO neutron.wsgi [None req-7d816605-3813-473a-81a6-f8c6fd5c18c7 fff6a5d081b04e0f8ea59b0b164d190d 1f21b0c1c13442fa84943868196db8d6 - - default default] 10.0.0.94 "GET /v2.0/ports/667cd097-9618-4361-b2c3-38ebee947d2e HTTP/1.1" status: 200 len: 1149 time: 0.0570855
2026-06-26 11:34:25.203 9 WARNING neutron.scheduler.dhcp_agent_scheduler [None req-78b785c1-5e7f-4b13-b4b3-6abb3668c01f 2dc067569b994d5fa916c8717ef46c2b f3b055da4ec24985a789252d4542ce0b - - default default] No more DHCP agents
2026-06-26 11:34:25.205 9 WARNING neutron.api.rpc.agentnotifiers.dhcp_rpc_agent_api [None req-78b785c1-5e7f-4b13-b4b3-6abb3668c01f 2dc067569b994d5fa916c8717ef46c2b f3b055da4ec24985a789252d4542ce0b - - default default] Unable to schedule network 170d7781-ff8f-4c44-96d2-8e45b321a03f: no agents available; will retry on subsequent port and subnet creation events.
2026-06-26 11:34:25.298 9 INFO neutron.db.ovn_revision_numbers_db [None req-78b785c1-5e7f-4b13-b4b3-6abb3668c01f 2dc067569b994d5fa916c8717ef46c2b f3b055da4ec24985a789252d4542ce0b - - default default] Successfully bumped revision number for resource 3625cbe7-6d7b-4efc-b2d6-a96fb34b87b8 (type: ports) to 1
2026-06-26 11:34:25.320 9 INFO neutron.wsgi [None req-78b785c1-5e7f-4b13-b4b3-6abb3668c01f 2dc067569b994d5fa916c8717ef46c2b f3b055da4ec24985a789252d4542ce0b - - default default] 10.0.0.94 "POST /v2.0/networks HTTP/1.1" status: 201 len: 830 time: 1.1780841
2026-06-26 11:34:25.331 9 WARNING neutron_lib.context [None req-ff279074-78ee-4823-ba5e-831f9f497f52 2dc067569b994d5fa916c8717ef46c2b f3b055da4ec24985a789252d4542ce0b - - default default] Method 'is_advsvc' is deprecated since 2023.2 release (neutron-lib 3.8.0) and will be removed once support for the old RBAC API policies will be removed from Neutron. Please use method 'is_service_role' instead.
2026-06-26 11:34:25.453 10 INFO neutron.wsgi [None req-92ac7126-ccdd-467e-b22e-2ba1ca392006 399b7fb2a0c547059f9ae7ce7fb5a30f fa375e93b2f04011a7a5e18596fb91ae - - default default] 10.0.0.94 "DELETE /v2.0/ports/6ed14c6e-a4ed-4edb-9843-dbed37bfd527 HTTP/1.1" status: 204 len: 168 time: 0.3753772
2026-06-26 11:34:25.825 9 WARNING neutron.scheduler.dhcp_agent_scheduler [None req-ff279074-78ee-4823-ba5e-831f9f497f52 2dc067569b994d5fa916c8717ef46c2b f3b055da4ec24985a789252d4542ce0b - - default default] No more DHCP agents
2026-06-26 11:34:25.827 9 WARNING neutron.api.rpc.agentnotifiers.dhcp_rpc_agent_api [None req-ff279074-78ee-4823-ba5e-831f9f497f52 2dc067569b994d5fa916c8717ef46c2b f3b055da4ec24985a789252d4542ce0b - - default default] Unable to schedule network 170d7781-ff8f-4c44-96d2-8e45b321a03f: no agents available; will retry on subsequent port and subnet creation events.
2026-06-26 11:34:26.211 10 INFO neutron.services.segments.plugin [-] Segment bfac80bb-33c6-43fe-a794-10254a430fec resource provider aggregate not found
2026-06-26 11:34:26.219 10 INFO neutron.services.segments.plugin [-] Segment bfac80bb-33c6-43fe-a794-10254a430fec resource provider aggregate not found
2026-06-26 11:34:26.242 10 INFO neutron.services.segments.plugin [-] Segment bfac80bb-33c6-43fe-a794-10254a430fec resource provider not found; error: Placement Client Error (4xx): {"errors": [{"status": 404, "title": "Not Found", "detail": "The resource could not be found.\n\n No resource provider with uuid bfac80bb-33c6-43fe-a794-10254a430fec found for delete ", "request_id": "req-1b745b60-faa5-4ff6-a043-402ddb0efb2c"}]}
2026-06-26 11:34:26.244 10 INFO neutron.services.segments.plugin [-] Segment bfac80bb-33c6-43fe-a794-10254a430fec resource provider not found; error: Placement Client Error (4xx): {"errors": [{"status": 404, "title": "Not Found", "detail": "The resource could not be found.\n\n No resource provider with uuid bfac80bb-33c6-43fe-a794-10254a430fec found for delete ", "request_id": "req-a49a5769-190e-475e-86b3-b6a95024e57e"}]}
2026-06-26 11:34:26.272 10 INFO neutron.wsgi [None req-c3f079e4-af07-4b4c-8b36-334bfd732dc4 399b7fb2a0c547059f9ae7ce7fb5a30f fa375e93b2f04011a7a5e18596fb91ae - - default default] 10.0.0.94 "DELETE /v2.0/networks/531f422e-209d-4daf-8e09-7e28f3c06e91 HTTP/1.1" status: 204 len: 168 time: 0.8052421
2026-06-26 11:34:26.355 9 INFO neutron.db.ovn_revision_numbers_db [None req-ff279074-78ee-4823-ba5e-831f9f497f52 2dc067569b994d5fa916c8717ef46c2b f3b055da4ec24985a789252d4542ce0b - - default default] Successfully bumped revision number for resource 3625cbe7-6d7b-4efc-b2d6-a96fb34b87b8 (type: ports) to 2
2026-06-26 11:34:26.373 10 INFO neutron.wsgi [None req-dda85869-7893-4b85-9358-94d84b12797d fff6a5d081b04e0f8ea59b0b164d190d 1f21b0c1c13442fa84943868196db8d6 - - default default] 10.0.0.94 "PUT /v2.0/routers/10f25dfd-d1f4-481a-9ac7-dc71965e6764/remove_router_interface HTTP/1.1" status: 200 len: 503 time: 1.1704242 /var/lib/openstack/lib/python3.10/site-packages/pycadf/identifier.py:71: UserWarning: Invalid uuid: neutron. To ensure interoperability, identifiers should be a valid uuid. warnings.warn(('Invalid uuid: %s. To ensure interoperability, '
2026-06-26 11:34:26.397 9 INFO neutron.db.ovn_revision_numbers_db [None req-ff279074-78ee-4823-ba5e-831f9f497f52 2dc067569b994d5fa916c8717ef46c2b f3b055da4ec24985a789252d4542ce0b - - default default] Successfully bumped revision number for resource 2506f4a9-a17c-4d68-b6ec-26d6c978f5d8 (type: subnets) to 0
2026-06-26 11:34:26.418 9 INFO neutron.wsgi [None req-ff279074-78ee-4823-ba5e-831f9f497f52 2dc067569b994d5fa916c8717ef46c2b f3b055da4ec24985a789252d4542ce0b - - default default] 10.0.0.94 "POST /v2.0/subnets HTTP/1.1" status: 201 len: 801 time: 1.0915782
2026-06-26 11:34:26.466 10 INFO neutron.wsgi [None req-5f73ed4a-60a7-4ea1-939e-d4db35c4981b fff6a5d081b04e0f8ea59b0b164d190d 1f21b0c1c13442fa84943868196db8d6 - - default default] 10.0.0.94 "GET /v2.0/ports/6c84eb00-c499-4734-91fe-a15f4917983c HTTP/1.1" status: 200 len: 1141 time: 0.0875573
2026-06-26 11:34:26.526 9 INFO neutron.wsgi [None req-7c0622b8-d81c-4dd5-8cbe-19f43d5987a6 2dc067569b994d5fa916c8717ef46c2b f3b055da4ec24985a789252d4542ce0b - - default default] 10.0.0.94 "PUT /v2.0/subnets/2506f4a9-a17c-4d68-b6ec-26d6c978f5d8/tags HTTP/1.1" status: 200 len: 218 time: 0.1010256
2026-06-26 11:34:26.583 9 INFO neutron.wsgi [None req-441e9273-6490-4df0-a0a9-55f052b08aed 2dc067569b994d5fa916c8717ef46c2b f3b055da4ec24985a789252d4542ce0b - - default default] 10.0.0.94 "GET /v2.0/subnets/2506f4a9-a17c-4d68-b6ec-26d6c978f5d8/tags HTTP/1.1" status: 200 len: 218 time: 0.0507119
2026-06-26 11:34:26.667 9 INFO neutron.wsgi [None req-578a56bb-6222-4cca-9b65-98704031de02 2dc067569b994d5fa916c8717ef46c2b f3b055da4ec24985a789252d4542ce0b - - default default] 10.0.0.94 "PUT /v2.0/subnets/2506f4a9-a17c-4d68-b6ec-26d6c978f5d8/tags/green HTTP/1.1" status: 201 len: 201 time: 0.0773680
2026-06-26 11:34:26.708 9 INFO neutron.services.segments.plugin [-] Segment 992cb9dc-f621-4f86-9b2f-8e6b613b4fe7 resource provider aggregate not found
2026-06-26 11:34:26.713 9 INFO neutron.services.segments.plugin [-] Segment 992cb9dc-f621-4f86-9b2f-8e6b613b4fe7 resource provider aggregate not found
2026-06-26 11:34:26.728 9 INFO neutron.services.segments.plugin [-] Segment 992cb9dc-f621-4f86-9b2f-8e6b613b4fe7 resource provider not found; error: Placement Client Error (4xx): {"errors": [{"status": 404, "title": "Not Found", "detail": "The resource could not be found.\n\n No resource provider with uuid 992cb9dc-f621-4f86-9b2f-8e6b613b4fe7 found for delete ", "request_id": "req-9284985b-69d8-456e-88eb-dd1238cb066f"}]}
2026-06-26 11:34:26.730 9 INFO neutron.services.segments.plugin [-] Segment 992cb9dc-f621-4f86-9b2f-8e6b613b4fe7 resource provider not found; error: Placement Client Error (4xx): {"errors": [{"status": 404, "title": "Not Found", "detail": "The resource could not be found.\n\n No resource provider with uuid 992cb9dc-f621-4f86-9b2f-8e6b613b4fe7 found for delete ", "request_id": "req-cc0b8823-8540-40c3-935c-736915398863"}]}
2026-06-26 11:34:26.731 10 INFO neutron.wsgi [None req-781a3854-d911-42c8-9cce-7c467894d908 2dc067569b994d5fa916c8717ef46c2b f3b055da4ec24985a789252d4542ce0b - - default default] 10.0.0.94 "GET /v2.0/subnets/2506f4a9-a17c-4d68-b6ec-26d6c978f5d8/tags HTTP/1.1" status: 200 len: 227 time: 0.0575020
2026-06-26 11:34:26.757 9 INFO neutron.wsgi [None req-6f0470e8-6e06-4f1d-a038-323290e3cc49 399b7fb2a0c547059f9ae7ce7fb5a30f fa375e93b2f04011a7a5e18596fb91ae - - default default] 10.0.0.94 "DELETE /v2.0/networks/f981ef19-2f3a-4ea3-93bd-bd22e7682540 HTTP/1.1" status: 204 len: 168 time: 0.4799342
2026-06-26 11:34:26.827 10 INFO neutron.wsgi [None req-96042e56-d92b-4b54-b5e8-3b56f6efaac8 2dc067569b994d5fa916c8717ef46c2b f3b055da4ec24985a789252d4542ce0b - - default default] 10.0.0.94 "PUT /v2.0/subnets/2506f4a9-a17c-4d68-b6ec-26d6c978f5d8/tags/red HTTP/1.1" status: 201 len: 201 time: 0.0814335
2026-06-26 11:34:26.873 9 INFO neutron.wsgi [None req-9a4ceed3-40e3-4523-a94c-51373beacc60 2dc067569b994d5fa916c8717ef46c2b f3b055da4ec24985a789252d4542ce0b - - default default] 10.0.0.94 "GET /v2.0/subnets/2506f4a9-a17c-4d68-b6ec-26d6c978f5d8/tags HTTP/1.1" status: 200 len: 227 time: 0.0400877
2026-06-26 11:34:26.928 9 INFO neutron.wsgi [None req-c2df9781-4bfb-4051-a44f-6bf10b1b3ed1 2dc067569b994d5fa916c8717ef46c2b f3b055da4ec24985a789252d4542ce0b - - default default] 10.0.0.94 "PUT /v2.0/subnets/2506f4a9-a17c-4d68-b6ec-26d6c978f5d8/tags/black.or.white HTTP/1.1" status: 201 len: 201 time: 0.0470204
2026-06-26 11:34:26.969 9 INFO neutron.wsgi [None req-fb84c8f6-2e3d-46ce-b91a-9968866dc613 2dc067569b994d5fa916c8717ef46c2b f3b055da4ec24985a789252d4542ce0b - - default default] 10.0.0.94 "GET /v2.0/subnets/2506f4a9-a17c-4d68-b6ec-26d6c978f5d8/tags HTTP/1.1" status: 200 len: 245 time: 0.0365005
2026-06-26 11:34:27.047 9 INFO neutron.wsgi [None req-dcd1d188-c67e-490e-ba81-ca03ba6a94fd 2dc067569b994d5fa916c8717ef46c2b f3b055da4ec24985a789252d4542ce0b - - default default] 10.0.0.94 "PUT /v2.0/subnets/2506f4a9-a17c-4d68-b6ec-26d6c978f5d8/tags HTTP/1.1" status: 200 len: 230 time: 0.0726826
2026-06-26 11:34:27.183 10 INFO neutron.wsgi [None req-163613b8-ed41-4744-a7bf-5be7266591f0 2dc067569b994d5fa916c8717ef46c2b f3b055da4ec24985a789252d4542ce0b - - default default] 10.0.0.94 "GET /v2.0/subnets/2506f4a9-a17c-4d68-b6ec-26d6c978f5d8/tags HTTP/1.1" status: 200 len: 230 time: 0.1112914
2026-06-26 11:34:27.231 9 INFO neutron.wsgi [None req-b7fee4f0-4572-4c60-8555-2036a7de6bab 2dc067569b994d5fa916c8717ef46c2b f3b055da4ec24985a789252d4542ce0b - - default default] 10.0.0.94 "GET /v2.0/subnets/2506f4a9-a17c-4d68-b6ec-26d6c978f5d8/tags/red HTTP/1.1" status: 204 len: 168 time: 0.0406089
2026-06-26 11:34:27.277 9 INFO neutron.api.v2.resource [None req-84f443ff-36ad-44de-8254-e74181e50971 2dc067569b994d5fa916c8717ef46c2b f3b055da4ec24985a789252d4542ce0b - - default default] show failed (client error): The resource could not be found.
2026-06-26 11:34:27.279 9 INFO neutron.wsgi [None req-84f443ff-36ad-44de-8254-e74181e50971 2dc067569b994d5fa916c8717ef46c2b f3b055da4ec24985a789252d4542ce0b - - default default] 10.0.0.94 "GET /v2.0/subnets/2506f4a9-a17c-4d68-b6ec-26d6c978f5d8/tags/green HTTP/1.1" status: 404 len: 299 time: 0.0382283
2026-06-26 11:34:27.302 10 INFO neutron.wsgi [None req-fc522b1b-e67d-4cfc-a7fb-88bbb418b52f fff6a5d081b04e0f8ea59b0b164d190d 1f21b0c1c13442fa84943868196db8d6 - - default default] 10.0.0.94 "PUT /v2.0/routers/10f25dfd-d1f4-481a-9ac7-dc71965e6764/remove_router_interface HTTP/1.1" status: 200 len: 503 time: 0.8294106
2026-06-26 11:34:27.348 9 INFO neutron.wsgi [None req-f7a37de1-4c9f-402c-93c2-192b3c9cdfe0 fff6a5d081b04e0f8ea59b0b164d190d 1f21b0c1c13442fa84943868196db8d6 - - default default] 10.0.0.94 "GET /v2.0/ports?device_id=10f25dfd-d1f4-481a-9ac7-dc71965e6764 HTTP/1.1" status: 200 len: 205 time: 0.0377514
2026-06-26 11:34:27.363 10 INFO neutron.wsgi [None req-b703f171-f452-4360-b885-3d8c13931daf 399b7fb2a0c547059f9ae7ce7fb5a30f fa375e93b2f04011a7a5e18596fb91ae - - default default] 10.0.0.94 "DELETE /v2.0/networks/49bd5c9e-1ba4-4903-b862-0fe49d47153b HTTP/1.1" status: 204 len: 168 time: 0.6009877 /var/lib/openstack/lib/python3.10/site-packages/pycadf/identifier.py:71: UserWarning: Invalid uuid: neutron. To ensure interoperability, identifiers should be a valid uuid. warnings.warn(('Invalid uuid: %s. To ensure interoperability, '
2026-06-26 11:34:27.384 9 INFO neutron.wsgi [None req-a09bbadc-a723-4cb8-81f9-7a2be47270de 2dc067569b994d5fa916c8717ef46c2b f3b055da4ec24985a789252d4542ce0b - - default default] 10.0.0.94 "DELETE /v2.0/subnets/2506f4a9-a17c-4d68-b6ec-26d6c978f5d8/tags/red HTTP/1.1" status: 204 len: 168 time: 0.0960214
2026-06-26 11:34:27.462 10 INFO neutron.wsgi [None req-64cda64a-1bde-449e-8611-4a3addf733e5 2dc067569b994d5fa916c8717ef46c2b f3b055da4ec24985a789252d4542ce0b - - default default] 10.0.0.94 "GET /v2.0/subnets/2506f4a9-a17c-4d68-b6ec-26d6c978f5d8/tags HTTP/1.1" status: 200 len: 223 time: 0.0717309
2026-06-26 11:34:27.593 9 INFO neutron.api.v2.resource [None req-fec34de2-2146-486a-a296-f887b64506a3 2dc067569b994d5fa916c8717ef46c2b f3b055da4ec24985a789252d4542ce0b - - default default] delete failed (client error): The resource could not be found.
2026-06-26 11:34:27.595 9 INFO neutron.wsgi [None req-fec34de2-2146-486a-a296-f887b64506a3 2dc067569b994d5fa916c8717ef46c2b f3b055da4ec24985a789252d4542ce0b - - default default] 10.0.0.94 "DELETE /v2.0/subnets/2506f4a9-a17c-4d68-b6ec-26d6c978f5d8/tags/green HTTP/1.1" status: 404 len: 299 time: 0.1239617
2026-06-26 11:34:27.702 10 INFO neutron.wsgi [None req-8df9b6f0-feda-4edf-a334-168106653ccd 2dc067569b994d5fa916c8717ef46c2b f3b055da4ec24985a789252d4542ce0b - - default default] 10.0.0.94 "DELETE /v2.0/subnets/2506f4a9-a17c-4d68-b6ec-26d6c978f5d8/tags HTTP/1.1" status: 204 len: 168 time: 0.0963373
2026-06-26 11:34:27.731 9 INFO neutron.wsgi [None req-a7cf136e-d968-46e2-877b-48f481032327 fff6a5d081b04e0f8ea59b0b164d190d 1f21b0c1c13442fa84943868196db8d6 - - default default] 10.0.0.94 "DELETE /v2.0/routers/10f25dfd-d1f4-481a-9ac7-dc71965e6764 HTTP/1.1" status: 204 len: 168 time: 0.3762493
2026-06-26 11:34:27.785 9 INFO neutron.wsgi [None req-8d940544-c415-4f5e-85ee-d8ce4ef07521 2dc067569b994d5fa916c8717ef46c2b f3b055da4ec24985a789252d4542ce0b - - default default] 10.0.0.94 "GET /v2.0/subnets/2506f4a9-a17c-4d68-b6ec-26d6c978f5d8/tags HTTP/1.1" status: 200 len: 205 time: 0.0758309
2026-06-26 11:34:27.861 10 INFO neutron.wsgi [None req-9b669a3d-6592-409a-94a7-7f9984c81d4b 399b7fb2a0c547059f9ae7ce7fb5a30f fa375e93b2f04011a7a5e18596fb91ae - - default default] 10.0.0.94 "DELETE /v2.0/networks/8eb2900e-d5b6-45fe-8723-3cf5ae5ed390 HTTP/1.1" status: 204 len: 168 time: 0.4885402
2026-06-26 11:34:27.968 9 INFO neutron.wsgi [None req-0bf3a8b8-cab3-41f6-a7e0-be9eab2a72ee fff6a5d081b04e0f8ea59b0b164d190d 1f21b0c1c13442fa84943868196db8d6 - - default default] 10.0.0.94 "DELETE /v2.0/subnets/4d3bc2e1-718c-446e-a817-295261c217b2 HTTP/1.1" status: 204 len: 168 time: 0.2323408
2026-06-26 11:34:28.129 10 INFO neutron.wsgi [None req-9e37eae6-1266-4fec-8fe9-d9dcd4f05362 2dc067569b994d5fa916c8717ef46c2b f3b055da4ec24985a789252d4542ce0b - - default default] 10.0.0.94 "DELETE /v2.0/subnets/2506f4a9-a17c-4d68-b6ec-26d6c978f5d8 HTTP/1.1" status: 204 len: 168 time: 0.3343351
2026-06-26 11:34:28.163 9 INFO neutron.wsgi [None req-8ab9706f-eb4f-46a0-95ca-4decf07926df fff6a5d081b04e0f8ea59b0b164d190d 1f21b0c1c13442fa84943868196db8d6 - - default default] 10.0.0.94 "DELETE /v2.0/subnets/bf6da288-15f4-4811-8376-83ebc006d9ee HTTP/1.1" status: 204 len: 168 time: 0.1884420
2026-06-26 11:34:28.208 9 INFO neutron.wsgi [-] 10.0.0.45 "GET / HTTP/1.1" status: 200 len: 247 time: 0.0014541
2026-06-26 11:34:28.207 10 INFO neutron.wsgi [-] 10.0.0.45 "GET / HTTP/1.1" status: 200 len: 247 time: 0.0015869
2026-06-26 11:34:28.281 10 INFO neutron.services.segments.plugin [-] Segment 9cfd3576-4b09-4160-9124-e5a20386a99d resource provider aggregate not found
2026-06-26 11:34:28.289 10 INFO neutron.services.segments.plugin [-] Segment 9cfd3576-4b09-4160-9124-e5a20386a99d resource provider aggregate not found
2026-06-26 11:34:28.312 10 INFO neutron.services.segments.plugin [-] Segment 9cfd3576-4b09-4160-9124-e5a20386a99d resource provider not found; error: Placement Client Error (4xx): {"errors": [{"status": 404, "title": "Not Found", "detail": "The resource could not be found.\n\n No resource provider with uuid 9cfd3576-4b09-4160-9124-e5a20386a99d found for delete ", "request_id": "req-4fc3940f-8ab0-4a9b-80ee-c67a8823881e"}]}
2026-06-26 11:34:28.317 10 INFO neutron.services.segments.plugin [-] Segment 9cfd3576-4b09-4160-9124-e5a20386a99d resource provider not found; error: Placement Client Error (4xx): {"errors": [{"status": 404, "title": "Not Found", "detail": "The resource could not be found.\n\n No resource provider with uuid 9cfd3576-4b09-4160-9124-e5a20386a99d found for delete ", "request_id": "req-46f5abdd-8b9b-4b15-9c0c-9da438dbb43f"}]}
2026-06-26 11:34:28.332 10 INFO neutron.services.segments.plugin [-] Segment 50760c51-c75c-48e6-a6a8-4bec7d91c49b resource provider aggregate not found
2026-06-26 11:34:28.337 10 INFO neutron.services.segments.plugin [-] Segment 50760c51-c75c-48e6-a6a8-4bec7d91c49b resource provider aggregate not found
2026-06-26 11:34:28.356 10 INFO neutron.services.segments.plugin [-] Segment 50760c51-c75c-48e6-a6a8-4bec7d91c49b resource provider not found; error: Placement Client Error (4xx): {"errors": [{"status": 404, "title": "Not Found", "detail": "The resource could not be found.\n\n No resource provider with uuid 50760c51-c75c-48e6-a6a8-4bec7d91c49b found for delete ", "request_id": "req-75a43671-b97f-4957-80d0-8899819a6941"}]}
2026-06-26 11:34:28.356 10 INFO neutron.services.segments.plugin [-] Segment 50760c51-c75c-48e6-a6a8-4bec7d91c49b resource provider not found; error: Placement Client Error (4xx): {"errors": [{"status": 404, "title": "Not Found", "detail": "The resource could not be found.\n\n No resource provider with uuid 50760c51-c75c-48e6-a6a8-4bec7d91c49b found for delete ", "request_id": "req-1606bc92-0715-47d2-8741-42b3cdc3ca13"}]}
2026-06-26 11:34:28.470 10 INFO neutron.wsgi [None req-c4e1b03c-cd98-4247-9fd7-43f9c85bbf87 399b7fb2a0c547059f9ae7ce7fb5a30f fa375e93b2f04011a7a5e18596fb91ae - - default default] 10.0.0.94 "DELETE /v2.0/networks/9824a58e-d0cc-462a-80bd-51b58bd8e172 HTTP/1.1" status: 204 len: 168 time: 0.5962112
2026-06-26 11:34:28.541 9 INFO neutron.wsgi [None req-d3da5b5b-3278-4ae0-89f2-8aafb0acb303 fff6a5d081b04e0f8ea59b0b164d190d 1f21b0c1c13442fa84943868196db8d6 - - default default] 10.0.0.94 "DELETE /v2.0/networks/0f74ffce-d1d7-4560-b358-8d78375facaf HTTP/1.1" status: 204 len: 168 time: 0.3679378
2026-06-26 11:34:28.706 10 INFO neutron.wsgi [None req-66d0bab1-9fa0-4aaa-947c-aef95d7734c6 2dc067569b994d5fa916c8717ef46c2b f3b055da4ec24985a789252d4542ce0b - - default default] 10.0.0.94 "DELETE /v2.0/networks/170d7781-ff8f-4c44-96d2-8e45b321a03f HTTP/1.1" status: 204 len: 168 time: 0.5711808
2026-06-26 11:34:28.756 9 INFO neutron.services.segments.plugin [-] Segment 5dda7f79-df73-4fb4-a052-b495f346ed83 resource provider aggregate not found
2026-06-26 11:34:28.762 9 INFO neutron.services.segments.plugin [-] Segment 5dda7f79-df73-4fb4-a052-b495f346ed83 resource provider aggregate not found
2026-06-26 11:34:28.781 9 INFO neutron.services.segments.plugin [-] Segment 5dda7f79-df73-4fb4-a052-b495f346ed83 resource provider not found; error: Placement Client Error (4xx): {"errors": [{"status": 404, "title": "Not Found", "detail": "The resource could not be found.\n\n No resource provider with uuid 5dda7f79-df73-4fb4-a052-b495f346ed83 found for delete ", "request_id": "req-ca140bb6-289b-4265-873e-51b0bdfa437e"}]}
2026-06-26 11:34:28.786 9 INFO neutron.services.segments.plugin [-] Segment 5dda7f79-df73-4fb4-a052-b495f346ed83 resource provider not found; error: Placement Client Error (4xx): {"errors": [{"status": 404, "title": "Not Found", "detail": "The resource could not be found.\n\n No resource provider with uuid 5dda7f79-df73-4fb4-a052-b495f346ed83 found for delete ", "request_id": "req-ecca1b08-d4a0-494f-b7d4-15673039c2c6"}]}
2026-06-26 11:34:28.788 9 WARNING neutron.plugins.ml2.drivers.ovn.mech_driver.ovsdb.ovn_client [None req-cc6754d9-19f8-4b6c-b6a9-849a4ba16fa1 - - - - - -] No port found with ID 6c84eb00-c499-4734-91fe-a15f4917983c: RuntimeError: No port found with ID 6c84eb00-c499-4734-91fe-a15f4917983c
2026-06-26 11:34:29.012 9 INFO neutron.wsgi [None req-2c987643-cf58-4390-8818-f853ec3808a1 fff6a5d081b04e0f8ea59b0b164d190d 1f21b0c1c13442fa84943868196db8d6 - - default default] 10.0.0.94 "DELETE /v2.0/networks/5caae55c-6fa4-4103-85b7-427f4032c783 HTTP/1.1" status: 204 len: 168 time: 0.4639354
2026-06-26 11:34:29.030 10 WARNING neutron_lib.context [None req-caaff8fa-cf7e-4a2b-ac5b-0b5ac76135c8 fff6a5d081b04e0f8ea59b0b164d190d 1f21b0c1c13442fa84943868196db8d6 - - default default] Method 'is_advsvc' is deprecated since 2023.2 release (neutron-lib 3.8.0) and will be removed once support for the old RBAC API policies will be removed from Neutron. Please use method 'is_service_role' instead.
2026-06-26 11:34:29.108 10 INFO neutron.db.segments_db [None req-caaff8fa-cf7e-4a2b-ac5b-0b5ac76135c8 fff6a5d081b04e0f8ea59b0b164d190d 1f21b0c1c13442fa84943868196db8d6 - - default default] Added segment 39dac151-d41b-4078-8aca-d9ed5f42a0ec of type geneve for network 8c3fe740-9a56-4bb0-bf28-6d978b6d8971
2026-06-26 11:34:29.252 10 INFO neutron.db.ovn_revision_numbers_db [None req-caaff8fa-cf7e-4a2b-ac5b-0b5ac76135c8 fff6a5d081b04e0f8ea59b0b164d190d 1f21b0c1c13442fa84943868196db8d6 - - default default] Successfully bumped revision number for resource 8c3fe740-9a56-4bb0-bf28-6d978b6d8971 (type: networks) to 1
2026-06-26 11:34:29.427 10 WARNING neutron.scheduler.dhcp_agent_scheduler [None req-caaff8fa-cf7e-4a2b-ac5b-0b5ac76135c8 fff6a5d081b04e0f8ea59b0b164d190d 1f21b0c1c13442fa84943868196db8d6 - - default default] No more DHCP agents
2026-06-26 11:34:29.428 10 WARNING neutron.api.rpc.agentnotifiers.dhcp_rpc_agent_api [None req-caaff8fa-cf7e-4a2b-ac5b-0b5ac76135c8 fff6a5d081b04e0f8ea59b0b164d190d 1f21b0c1c13442fa84943868196db8d6 - - default default] Unable to schedule network 8c3fe740-9a56-4bb0-bf28-6d978b6d8971: no agents available; will retry on subsequent port and subnet creation events.
2026-06-26 11:34:29.514 10 INFO neutron.db.ovn_revision_numbers_db [None req-caaff8fa-cf7e-4a2b-ac5b-0b5ac76135c8 fff6a5d081b04e0f8ea59b0b164d190d 1f21b0c1c13442fa84943868196db8d6 - - default default] Successfully bumped revision number for resource 0a9a2113-acc0-42f4-8355-d8b7c1067ad0 (type: ports) to 1
2026-06-26 11:34:29.546 10 INFO neutron.wsgi [None req-caaff8fa-cf7e-4a2b-ac5b-0b5ac76135c8 fff6a5d081b04e0f8ea59b0b164d190d 1f21b0c1c13442fa84943868196db8d6 - - default default] 10.0.0.94 "POST /v2.0/networks HTTP/1.1" status: 201 len: 833 time: 0.5236704
2026-06-26 11:34:29.563 10 WARNING neutron_lib.context [None req-5ddede34-458f-4395-92d3-379c46ededfd fff6a5d081b04e0f8ea59b0b164d190d 1f21b0c1c13442fa84943868196db8d6 - - default default] Method 'is_advsvc' is deprecated since 2023.2 release (neutron-lib 3.8.0) and will be removed once support for the old RBAC API policies will be removed from Neutron. Please use method 'is_service_role' instead.
2026-06-26 11:34:29.733 9 INFO neutron.db.ovn_revision_numbers_db [None req-e996f95c-f0f6-4935-bf22-66b32a7d20df cf84a65b96fe40e3afd2dbd42244ec16 ee48f5bd4cd34d78a54267d47f83f5ed - - default default] Successfully bumped revision number for resource 5ac33205-1308-4da0-8216-794d87d5c30c (type: security_groups) to 1
2026-06-26 11:34:29.746 9 INFO neutron.db.ovn_revision_numbers_db [None req-cb3f5c27-efe4-4073-b638-ffbd77c88684 cf84a65b96fe40e3afd2dbd42244ec16 ee48f5bd4cd34d78a54267d47f83f5ed - - default default] Successfully bumped revision number for resource 3dcf3e5d-1490-4c35-8a5a-ef6a8fd9d4d8 (type: security_groups) to 1
2026-06-26 11:34:29.750 9 INFO neutron.db.ovn_revision_numbers_db [None req-e996f95c-f0f6-4935-bf22-66b32a7d20df cf84a65b96fe40e3afd2dbd42244ec16 ee48f5bd4cd34d78a54267d47f83f5ed - - default default] Successfully bumped revision number for resource 3cc5693e-e245-48df-aa2d-025ba9d41e45 (type: security_group_rules) to 0
2026-06-26 11:34:29.762 9 INFO neutron.db.ovn_revision_numbers_db [None req-cb3f5c27-efe4-4073-b638-ffbd77c88684 cf84a65b96fe40e3afd2dbd42244ec16 ee48f5bd4cd34d78a54267d47f83f5ed - - default default] Successfully bumped revision number for resource 2bf925d2-2a29-491f-a530-dc86ef7ee312 (type: security_group_rules) to 0
2026-06-26 11:34:29.770 9 INFO neutron.db.ovn_revision_numbers_db [None req-e996f95c-f0f6-4935-bf22-66b32a7d20df cf84a65b96fe40e3afd2dbd42244ec16 ee48f5bd4cd34d78a54267d47f83f5ed - - default default] Successfully bumped revision number for resource 4bc3e872-d7c6-437d-a442-6c9d0e28d159 (type: security_group_rules) to 0
2026-06-26 11:34:29.790 9 INFO neutron.db.ovn_revision_numbers_db [None req-cb3f5c27-efe4-4073-b638-ffbd77c88684 cf84a65b96fe40e3afd2dbd42244ec16 ee48f5bd4cd34d78a54267d47f83f5ed - - default default] Successfully bumped revision number for resource 3ac7f970-e10b-4ecc-a784-2ea14fe4f1a1 (type: security_group_rules) to 0
2026-06-26 11:34:29.792 9 INFO neutron.db.ovn_revision_numbers_db [None req-e996f95c-f0f6-4935-bf22-66b32a7d20df cf84a65b96fe40e3afd2dbd42244ec16 ee48f5bd4cd34d78a54267d47f83f5ed - - default default] Successfully bumped revision number for resource 672e985f-ee4d-49c5-ba00-567eabb86868 (type: security_group_rules) to 0
2026-06-26 11:34:29.806 9 INFO neutron.db.ovn_revision_numbers_db [None req-cb3f5c27-efe4-4073-b638-ffbd77c88684 cf84a65b96fe40e3afd2dbd42244ec16 ee48f5bd4cd34d78a54267d47f83f5ed - - default default] Successfully bumped revision number for resource 4c8c9b40-b89d-43bc-a905-1b62ee5dd50d (type: security_group_rules) to 0
2026-06-26 11:34:29.810 9 INFO neutron.db.ovn_revision_numbers_db [None req-e996f95c-f0f6-4935-bf22-66b32a7d20df cf84a65b96fe40e3afd2dbd42244ec16 ee48f5bd4cd34d78a54267d47f83f5ed - - default default] Successfully bumped revision number for resource a5f0f924-563e-49b7-abbe-3a27d5f65a10 (type: security_group_rules) to 0
2026-06-26 11:34:29.831 9 INFO neutron.db.ovn_revision_numbers_db [None req-cb3f5c27-efe4-4073-b638-ffbd77c88684 cf84a65b96fe40e3afd2dbd42244ec16 ee48f5bd4cd34d78a54267d47f83f5ed - - default default] Successfully bumped revision number for resource f9702ea8-93e4-4ca0-bf9d-454f62207b4c (type: security_group_rules) to 0
2026-06-26 11:34:29.841 9 INFO neutron.wsgi [None req-e996f95c-f0f6-4935-bf22-66b32a7d20df cf84a65b96fe40e3afd2dbd42244ec16 ee48f5bd4cd34d78a54267d47f83f5ed - - default default] 10.0.0.94 "GET /v2.0/security-groups?tenant_id=a8c8206e6dc44db798f392b26cd9865d&name=default HTTP/1.1" status: 200 len: 2996 time: 0.4301612
2026-06-26 11:34:29.862 9 INFO neutron.wsgi [None req-cb3f5c27-efe4-4073-b638-ffbd77c88684 cf84a65b96fe40e3afd2dbd42244ec16 ee48f5bd4cd34d78a54267d47f83f5ed - - default default] 10.0.0.94 "GET /v2.0/security-groups?tenant_id=2a3d5e7178e44a9e83663d5694378815&name=default HTTP/1.1" status: 200 len: 2996 time: 0.4782598
2026-06-26 11:34:29.862 10 WARNING neutron.scheduler.dhcp_agent_scheduler [None req-5ddede34-458f-4395-92d3-379c46ededfd fff6a5d081b04e0f8ea59b0b164d190d 1f21b0c1c13442fa84943868196db8d6 - - default default] No more DHCP agents
2026-06-26 11:34:29.869 10 WARNING neutron.api.rpc.agentnotifiers.dhcp_rpc_agent_api [None req-5ddede34-458f-4395-92d3-379c46ededfd fff6a5d081b04e0f8ea59b0b164d190d 1f21b0c1c13442fa84943868196db8d6 - - default default] Unable to schedule network 8c3fe740-9a56-4bb0-bf28-6d978b6d8971: no agents available; will retry on subsequent port and subnet creation events.
2026-06-26 11:34:29.909 10 INFO neutron.db.ovn_revision_numbers_db [None req-5ddede34-458f-4395-92d3-379c46ededfd fff6a5d081b04e0f8ea59b0b164d190d 1f21b0c1c13442fa84943868196db8d6 - - default default] Successfully bumped revision number for resource 55000c90-2308-4604-9c44-c67bfba78bb6 (type: subnets) to 0
2026-06-26 11:34:29.929 10 INFO neutron.wsgi [None req-5ddede34-458f-4395-92d3-379c46ededfd fff6a5d081b04e0f8ea59b0b164d190d 1f21b0c1c13442fa84943868196db8d6 - - default default] 10.0.0.94 "POST /v2.0/subnets HTTP/1.1" status: 201 len: 821 time: 0.3754249
2026-06-26 11:34:29.944 9 WARNING neutron_lib.context [None req-275707de-246f-420e-9fac-21ca7b9ef0df fff6a5d081b04e0f8ea59b0b164d190d 1f21b0c1c13442fa84943868196db8d6 - - default default] Method 'is_advsvc' is deprecated since 2023.2 release (neutron-lib 3.8.0) and will be removed once support for the old RBAC API policies will be removed from Neutron. Please use method 'is_service_role' instead.
2026-06-26 11:34:30.093 10 INFO neutron.wsgi [None req-ac772da9-b7f4-44b6-813f-50663254434e cf84a65b96fe40e3afd2dbd42244ec16 ee48f5bd4cd34d78a54267d47f83f5ed - - default default] 10.0.0.94 "DELETE /v2.0/security-groups/5ac33205-1308-4da0-8216-794d87d5c30c HTTP/1.1" status: 204 len: 168 time: 0.2463477
2026-06-26 11:34:30.116 9 INFO neutron.db.ovn_revision_numbers_db [None req-275707de-246f-420e-9fac-21ca7b9ef0df fff6a5d081b04e0f8ea59b0b164d190d 1f21b0c1c13442fa84943868196db8d6 - - default default] Successfully bumped revision number for resource efcbc711-7043-4735-93d0-9bf697f34421 (type: routers) to 1
2026-06-26 11:34:30.134 9 INFO neutron.wsgi [None req-275707de-246f-420e-9fac-21ca7b9ef0df fff6a5d081b04e0f8ea59b0b164d190d 1f21b0c1c13442fa84943868196db8d6 - - default default] 10.0.0.94 "POST /v2.0/routers HTTP/1.1" status: 201 len: 690 time: 0.1979098
2026-06-26 11:34:30.146 9 WARNING neutron_lib.context [None req-c4cccb4e-4659-4cba-a554-66cf45d5ef0d fff6a5d081b04e0f8ea59b0b164d190d 1f21b0c1c13442fa84943868196db8d6 - - default default] Method 'is_advsvc' is deprecated since 2023.2 release (neutron-lib 3.8.0) and will be removed once support for the old RBAC API policies will be removed from Neutron. Please use method 'is_service_role' instead.
2026-06-26 11:34:30.189 9 INFO neutron.wsgi [None req-90e187fc-5aff-491e-ba15-08bbd8e9d93f cf84a65b96fe40e3afd2dbd42244ec16 ee48f5bd4cd34d78a54267d47f83f5ed - - default default] 10.0.0.94 "DELETE /v2.0/security-groups/3dcf3e5d-1490-4c35-8a5a-ef6a8fd9d4d8 HTTP/1.1" status: 204 len: 168 time: 0.3217983
2026-06-26 11:34:30.260 10 INFO neutron.wsgi [None req-6986d6b8-608b-4c4b-8f28-e96e4ace8476 cf84a65b96fe40e3afd2dbd42244ec16 ee48f5bd4cd34d78a54267d47f83f5ed - - default default] 10.0.0.94 "GET /v2.0/security-groups?tenant_id=f3b055da4ec24985a789252d4542ce0b&name=default HTTP/1.1" status: 200 len: 2996 time: 0.0505776
2026-06-26 11:34:30.377 10 INFO neutron.services.segments.plugin [-] Segment f403f6e5-78e0-4cc4-adcd-e84c77ddbe81 resource provider aggregate not found
2026-06-26 11:34:30.385 10 INFO neutron.services.segments.plugin [-] Segment f403f6e5-78e0-4cc4-adcd-e84c77ddbe81 resource provider aggregate not found
2026-06-26 11:34:30.395 10 INFO neutron.services.segments.plugin [-] Segment f403f6e5-78e0-4cc4-adcd-e84c77ddbe81 resource provider not found; error: Placement Client Error (4xx): {"errors": [{"status": 404, "title": "Not Found", "detail": "The resource could not be found.\n\n No resource provider with uuid f403f6e5-78e0-4cc4-adcd-e84c77ddbe81 found for delete ", "request_id": "req-4f489161-ea5c-4413-b4a7-2dfc6710d9a0"}]}
2026-06-26 11:34:30.414 10 INFO neutron.services.segments.plugin [-] Segment f403f6e5-78e0-4cc4-adcd-e84c77ddbe81 resource provider not found; error: Placement Client Error (4xx): {"errors": [{"status": 404, "title": "Not Found", "detail": "The resource could not be found.\n\n No resource provider with uuid f403f6e5-78e0-4cc4-adcd-e84c77ddbe81 found for delete ", "request_id": "req-cc0a1694-38bc-4d4c-ae7c-951f05c62237"}]}
2026-06-26 11:34:30.422 10 WARNING neutron.plugins.ml2.drivers.ovn.mech_driver.ovsdb.ovn_client [None req-f8f25ce2-28c3-4918-9df9-3c82fc997755 - - - - - -] No port found with ID 667cd097-9618-4361-b2c3-38ebee947d2e: RuntimeError: No port found with ID 667cd097-9618-4361-b2c3-38ebee947d2e
2026-06-26 11:34:30.424 10 INFO neutron.services.segments.plugin [-] Segment d0220c0f-dc3a-415a-9051-0ff4dbaa7dbb resource provider aggregate not found
2026-06-26 11:34:30.433 10 INFO neutron.services.segments.plugin [-] Segment d0220c0f-dc3a-415a-9051-0ff4dbaa7dbb resource provider aggregate not found
2026-06-26 11:34:30.438 10 INFO neutron.services.segments.plugin [-] Segment d0220c0f-dc3a-415a-9051-0ff4dbaa7dbb resource provider not found; error: Placement Client Error (4xx): {"errors": [{"status": 404, "title": "Not Found", "detail": "The resource could not be found.\n\n No resource provider with uuid d0220c0f-dc3a-415a-9051-0ff4dbaa7dbb found for delete ", "request_id": "req-63844594-f77b-4b33-850c-11c42941167f"}]}
2026-06-26 11:34:30.455 10 INFO neutron.services.segments.plugin [-] Segment d0220c0f-dc3a-415a-9051-0ff4dbaa7dbb resource provider not found; error: Placement Client Error (4xx): {"errors": [{"status": 404, "title": "Not Found", "detail": "The resource could not be found.\n\n No resource provider with uuid d0220c0f-dc3a-415a-9051-0ff4dbaa7dbb found for delete ", "request_id": "req-62a85180-bdeb-422a-b740-30ee4fd40ccd"}]}
2026-06-26 11:34:30.528 9 WARNING neutron.scheduler.dhcp_agent_scheduler [None req-c4cccb4e-4659-4cba-a554-66cf45d5ef0d fff6a5d081b04e0f8ea59b0b164d190d 1f21b0c1c13442fa84943868196db8d6 - - default default] No more DHCP agents
2026-06-26 11:34:30.531 9 WARNING neutron.api.rpc.agentnotifiers.dhcp_rpc_agent_api [None req-c4cccb4e-4659-4cba-a554-66cf45d5ef0d fff6a5d081b04e0f8ea59b0b164d190d 1f21b0c1c13442fa84943868196db8d6 - - default default] Unable to schedule network 8c3fe740-9a56-4bb0-bf28-6d978b6d8971: no agents available; will retry on subsequent port and subnet creation events.
2026-06-26 11:34:30.543 9 INFO neutron.db.ovn_revision_numbers_db [None req-742dd660-efc4-43cd-90e1-667aec1fd8a3 cf84a65b96fe40e3afd2dbd42244ec16 ee48f5bd4cd34d78a54267d47f83f5ed - - default default] Successfully bumped revision number for resource 2ea25eca-305a-4e15-9521-dd3d511cba0c (type: security_groups) to 1
2026-06-26 11:34:30.565 9 INFO neutron.db.ovn_revision_numbers_db [None req-742dd660-efc4-43cd-90e1-667aec1fd8a3 cf84a65b96fe40e3afd2dbd42244ec16 ee48f5bd4cd34d78a54267d47f83f5ed - - default default] Successfully bumped revision number for resource 1ed31f7b-c0d3-46ed-8093-1077654269a7 (type: security_group_rules) to 0
2026-06-26 11:34:30.581 10 INFO neutron.wsgi [None req-ceab9600-73dd-4f98-a6b7-359f6a1974c5 cf84a65b96fe40e3afd2dbd42244ec16 ee48f5bd4cd34d78a54267d47f83f5ed - - default default] 10.0.0.94 "DELETE /v2.0/security-groups/dbc2c29d-d8c3-45b9-b2a3-b681f34f64f1 HTTP/1.1" status: 204 len: 168 time: 0.3158736
2026-06-26 11:34:30.588 9 INFO neutron.db.ovn_revision_numbers_db [None req-742dd660-efc4-43cd-90e1-667aec1fd8a3 cf84a65b96fe40e3afd2dbd42244ec16 ee48f5bd4cd34d78a54267d47f83f5ed - - default default] Successfully bumped revision number for resource c0688a3f-8ad7-4cf6-b286-55ad5c64d763 (type: security_group_rules) to 0
2026-06-26 11:34:30.615 9 INFO neutron.db.ovn_revision_numbers_db [None req-742dd660-efc4-43cd-90e1-667aec1fd8a3 cf84a65b96fe40e3afd2dbd42244ec16 ee48f5bd4cd34d78a54267d47f83f5ed - - default default] Successfully bumped revision number for resource e22078ac-4fdc-476e-9e2c-ab6e2faf8f88 (type: security_group_rules) to 0
2026-06-26 11:34:30.639 9 INFO neutron.db.ovn_revision_numbers_db [None req-742dd660-efc4-43cd-90e1-667aec1fd8a3 cf84a65b96fe40e3afd2dbd42244ec16 ee48f5bd4cd34d78a54267d47f83f5ed - - default default] Successfully bumped revision number for resource eeed60e5-93cb-49cc-ac22-4da9bd9c183e (type: security_group_rules) to 0
2026-06-26 11:34:30.688 9 INFO neutron.wsgi [None req-742dd660-efc4-43cd-90e1-667aec1fd8a3 cf84a65b96fe40e3afd2dbd42244ec16 ee48f5bd4cd34d78a54267d47f83f5ed - - default default] 10.0.0.94 "GET /v2.0/security-groups?tenant_id=a796b7baf1e44d3885c60774dcec9530&name=default HTTP/1.1" status: 200 len: 2996 time: 0.3228426
2026-06-26 11:34:30.700 9 INFO neutron.db.ovn_revision_numbers_db [None req-c4cccb4e-4659-4cba-a554-66cf45d5ef0d fff6a5d081b04e0f8ea59b0b164d190d 1f21b0c1c13442fa84943868196db8d6 - - default default] Successfully bumped revision number for resource 86e50013-c8be-45b8-81ac-c382e8d68441 (type: ports) to 1
2026-06-26 11:34:30.728 9 INFO neutron.wsgi [None req-c4cccb4e-4659-4cba-a554-66cf45d5ef0d fff6a5d081b04e0f8ea59b0b164d190d 1f21b0c1c13442fa84943868196db8d6 - - default default] 10.0.0.94 "POST /v2.0/ports HTTP/1.1" status: 201 len: 1162 time: 0.5869966 /var/lib/openstack/lib/python3.10/site-packages/pycadf/identifier.py:71: UserWarning: Invalid uuid: neutron. To ensure interoperability, identifiers should be a valid uuid. warnings.warn(('Invalid uuid: %s. To ensure interoperability, '
2026-06-26 11:34:30.803 9 INFO neutron.services.segments.plugin [-] Segment 876d6f02-bdce-4504-873c-769eadbbe947 resource provider aggregate not found
2026-06-26 11:34:30.823 9 INFO neutron.services.segments.plugin [-] Segment 876d6f02-bdce-4504-873c-769eadbbe947 resource provider aggregate not found
2026-06-26 11:34:30.833 9 INFO neutron.services.segments.plugin [-] Segment 876d6f02-bdce-4504-873c-769eadbbe947 resource provider not found; error: Placement Client Error (4xx): {"errors": [{"status": 404, "title": "Not Found", "detail": "The resource could not be found.\n\n No resource provider with uuid 876d6f02-bdce-4504-873c-769eadbbe947 found for delete ", "request_id": "req-58b8b0c7-cb5e-40e8-ba71-7fca0e373f5f"}]}
2026-06-26 11:34:30.849 9 INFO neutron.services.segments.plugin [-] Segment 876d6f02-bdce-4504-873c-769eadbbe947 resource provider not found; error: Placement Client Error (4xx): {"errors": [{"status": 404, "title": "Not Found", "detail": "The resource could not be found.\n\n No resource provider with uuid 876d6f02-bdce-4504-873c-769eadbbe947 found for delete ", "request_id": "req-9529abf1-9b55-4e84-918d-93e35077b9c0"}]}
2026-06-26 11:34:31.209 9 INFO neutron.plugins.ml2.drivers.ovn.mech_driver.mech_driver [None req-cc6754d9-19f8-4b6c-b6a9-849a4ba16fa1 - - - - - -] OVN reports status up for port: 86e50013-c8be-45b8-81ac-c382e8d68441
2026-06-26 11:34:31.220 9 INFO neutron.plugins.ml2.plugin [None req-cc6754d9-19f8-4b6c-b6a9-849a4ba16fa1 - - - - - -] Attempt 1 to provision port 86e50013-c8be-45b8-81ac-c382e8d68441
2026-06-26 11:34:31.239 9 INFO neutron.db.ovn_revision_numbers_db [None req-d295b27f-5af5-4f57-bff7-91234331b3b9 fff6a5d081b04e0f8ea59b0b164d190d 1f21b0c1c13442fa84943868196db8d6 - - default default] Successfully bumped revision number for resource 86e50013-c8be-45b8-81ac-c382e8d68441 (type: router_ports) to 2
2026-06-26 11:34:31.420 9 INFO neutron.db.ovn_revision_numbers_db [None req-d295b27f-5af5-4f57-bff7-91234331b3b9 fff6a5d081b04e0f8ea59b0b164d190d 1f21b0c1c13442fa84943868196db8d6 - - default default] Successfully bumped revision number for resource 86e50013-c8be-45b8-81ac-c382e8d68441 (type: ports) to 2
2026-06-26 11:34:31.477 10 INFO neutron.wsgi [None req-e6169649-362e-4d05-b2ef-c4a8d596205a cf84a65b96fe40e3afd2dbd42244ec16 ee48f5bd4cd34d78a54267d47f83f5ed - - default default] 10.0.0.94 "DELETE /v2.0/security-groups/2ea25eca-305a-4e15-9521-dd3d511cba0c HTTP/1.1" status: 204 len: 168 time: 0.7808492
2026-06-26 11:34:31.649 10 INFO neutron.wsgi [None req-8fdf081d-8ed6-4df2-985f-d9a8851de920 cf84a65b96fe40e3afd2dbd42244ec16 ee48f5bd4cd34d78a54267d47f83f5ed - - default default] 10.0.0.94 "GET /v2.0/security-groups?tenant_id=fa375e93b2f04011a7a5e18596fb91ae&name=default HTTP/1.1" status: 200 len: 2996 time: 0.0560107
2026-06-26 11:34:31.857 10 INFO neutron.wsgi [None req-f44a4794-61a7-4770-8cd5-9ab401d35e14 cf84a65b96fe40e3afd2dbd42244ec16 ee48f5bd4cd34d78a54267d47f83f5ed - - default default] 10.0.0.94 "DELETE /v2.0/security-groups/53a770eb-9491-4eed-b808-7270b4103686 HTTP/1.1" status: 204 len: 168 time: 0.1991251
2026-06-26 11:34:31.880 9 INFO neutron.db.ovn_revision_numbers_db [None req-cc6754d9-19f8-4b6c-b6a9-849a4ba16fa1 - - - - - -] Successfully bumped revision number for resource 86e50013-c8be-45b8-81ac-c382e8d68441 (type: ports) to 3
2026-06-26 11:34:31.982 9 INFO neutron.db.ovn_revision_numbers_db [None req-cc6754d9-19f8-4b6c-b6a9-849a4ba16fa1 - - - - - -] Successfully bumped revision number for resource 86e50013-c8be-45b8-81ac-c382e8d68441 (type: router_ports) to 3
2026-06-26 11:34:32.254 9 INFO neutron.db.ovn_revision_numbers_db [None req-d295b27f-5af5-4f57-bff7-91234331b3b9 fff6a5d081b04e0f8ea59b0b164d190d 1f21b0c1c13442fa84943868196db8d6 - - default default] Successfully bumped revision number for resource 86e50013-c8be-45b8-81ac-c382e8d68441 (type: ports) to 3
2026-06-26 11:34:32.304 9 WARNING neutron.scheduler.dhcp_agent_scheduler [None req-d295b27f-5af5-4f57-bff7-91234331b3b9 fff6a5d081b04e0f8ea59b0b164d190d 1f21b0c1c13442fa84943868196db8d6 - - default default] No more DHCP agents
2026-06-26 11:34:32.305 9 WARNING neutron.api.rpc.agentnotifiers.dhcp_rpc_agent_api [None req-d295b27f-5af5-4f57-bff7-91234331b3b9 fff6a5d081b04e0f8ea59b0b164d190d 1f21b0c1c13442fa84943868196db8d6 - - default default] Unable to schedule network 8c3fe740-9a56-4bb0-bf28-6d978b6d8971: no agents available; will retry on subsequent port and subnet creation events.
2026-06-26 11:34:32.423 9 INFO neutron.db.ovn_revision_numbers_db [None req-d295b27f-5af5-4f57-bff7-91234331b3b9 fff6a5d081b04e0f8ea59b0b164d190d 1f21b0c1c13442fa84943868196db8d6 - - default default] Successfully bumped revision number for resource 86e50013-c8be-45b8-81ac-c382e8d68441 (type: router_ports) to 3
2026-06-26 11:34:32.426 9 INFO neutron.wsgi [None req-d295b27f-5af5-4f57-bff7-91234331b3b9 fff6a5d081b04e0f8ea59b0b164d190d 1f21b0c1c13442fa84943868196db8d6 - - default default] 10.0.0.94 "PUT /v2.0/routers/efcbc711-7043-4735-93d0-9bf697f34421/add_router_interface HTTP/1.1" status: 200 len: 503 time: 1.6909113 /var/lib/openstack/lib/python3.10/site-packages/pycadf/identifier.py:71: UserWarning: Invalid uuid: neutron. To ensure interoperability, identifiers should be a valid uuid. warnings.warn(('Invalid uuid: %s. To ensure interoperability, '
2026-06-26 11:34:32.511 9 INFO neutron.wsgi [None req-210fa2f9-9a26-477f-87d1-0709e246ec68 fff6a5d081b04e0f8ea59b0b164d190d 1f21b0c1c13442fa84943868196db8d6 - - default default] 10.0.0.94 "GET /v2.0/ports/86e50013-c8be-45b8-81ac-c382e8d68441 HTTP/1.1" status: 200 len: 1220 time: 0.0797393
2026-06-26 11:34:33.183 9 INFO neutron.wsgi [None req-9db7cc13-b024-49df-81c1-cad680a388f9 fff6a5d081b04e0f8ea59b0b164d190d 1f21b0c1c13442fa84943868196db8d6 - - default default] 10.0.0.94 "PUT /v2.0/routers/efcbc711-7043-4735-93d0-9bf697f34421/remove_router_interface HTTP/1.1" status: 200 len: 503 time: 0.6660471
2026-06-26 11:34:33.297 10 INFO neutron.api.v2.resource [None req-c36c2bbd-f03e-4fc8-ade1-b72ad18ebf5a fff6a5d081b04e0f8ea59b0b164d190d 1f21b0c1c13442fa84943868196db8d6 - - default default] remove_router_interface failed (client error): The resource could not be found.
2026-06-26 11:34:33.298 10 INFO neutron.wsgi [None req-c36c2bbd-f03e-4fc8-ade1-b72ad18ebf5a fff6a5d081b04e0f8ea59b0b164d190d 1f21b0c1c13442fa84943868196db8d6 - - default default] 10.0.0.94 "PUT /v2.0/routers/efcbc711-7043-4735-93d0-9bf697f34421/remove_router_interface HTTP/1.1" status: 404 len: 398 time: 0.1101265
2026-06-26 11:34:33.324 10 INFO neutron.wsgi [None req-ea474c6b-c3a1-46be-84f6-8bd399a56157 fff6a5d081b04e0f8ea59b0b164d190d 1f21b0c1c13442fa84943868196db8d6 - - default default] 10.0.0.94 "GET /v2.0/ports?device_id=efcbc711-7043-4735-93d0-9bf697f34421 HTTP/1.1" status: 200 len: 205 time: 0.0192213
2026-06-26 11:34:33.637 10 INFO neutron.wsgi [None req-5ed1eede-e793-4d2b-b0c3-9d35f6eb207f fff6a5d081b04e0f8ea59b0b164d190d 1f21b0c1c13442fa84943868196db8d6 - - default default] 10.0.0.94 "DELETE /v2.0/routers/efcbc711-7043-4735-93d0-9bf697f34421 HTTP/1.1" status: 204 len: 168 time: 0.3091102
2026-06-26 11:34:33.834 10 INFO neutron.wsgi [None req-354ae4e3-a918-4187-958e-cf2bc5406586 fff6a5d081b04e0f8ea59b0b164d190d 1f21b0c1c13442fa84943868196db8d6 - - default default] 10.0.0.94 "DELETE /v2.0/subnets/55000c90-2308-4604-9c44-c67bfba78bb6 HTTP/1.1" status: 204 len: 168 time: 0.1906891 /var/lib/openstack/lib/python3.10/site-packages/pycadf/identifier.py:71: UserWarning: Invalid uuid: neutron. To ensure interoperability, identifiers should be a valid uuid. warnings.warn(('Invalid uuid: %s. To ensure interoperability, '
2026-06-26 11:34:34.254 10 WARNING neutron_lib.context [None req-cf32478f-7d63-47a5-a232-b45721e8a136 b703fc2313964310b16f3302fb030a67 1671cd2fe2b54883b295850c39e517cc - - default default] Method 'is_advsvc' is deprecated since 2023.2 release (neutron-lib 3.8.0) and will be removed once support for the old RBAC API policies will be removed from Neutron. Please use method 'is_service_role' instead.
2026-06-26 11:34:34.278 9 INFO neutron.services.segments.plugin [-] Segment 39dac151-d41b-4078-8aca-d9ed5f42a0ec resource provider aggregate not found
2026-06-26 11:34:34.285 9 INFO neutron.services.segments.plugin [-] Segment 39dac151-d41b-4078-8aca-d9ed5f42a0ec resource provider aggregate not found
