2026-06-26 11:32:19.749 9 INFO neutron.wsgi [req-db5855fa-9a6d-4c28-84a5-975dda200180 req-7c890e37-72e5-44bc-8924-67aab38c9cc4 32ff5d03df5d47e2bd4449f4f8af92f4 4160c49114d249b9b2afaaa811acc549 - - default default] 199.19.213.104 "DELETE /v2.0/ports/1c38b58b-76c0-4a32-9858-e6bfd3a778e7 HTTP/1.1" status: 204 len: 173 time: 0.8442717
2026-06-26 11:32:19.762 10 INFO neutron.db.ovn_revision_numbers_db [None req-9238260e-4829-483d-8fc8-fb98b4c749ac d426bcdec8764c59a108b0812ab108f6 7fd528b86cf0483f959e9bcf0561bae7 - - default default] Successfully bumped revision number for resource bf399ff0-1b4e-4f53-b5ad-96ff79bc790d (type: security_group_rules) to 0
2026-06-26 11:32:19.782 10 INFO neutron.db.ovn_revision_numbers_db [None req-9238260e-4829-483d-8fc8-fb98b4c749ac d426bcdec8764c59a108b0812ab108f6 7fd528b86cf0483f959e9bcf0561bae7 - - default default] Successfully bumped revision number for resource de261b09-4a4b-4354-9575-d39682224af0 (type: security_group_rules) to 0
2026-06-26 11:32:19.840 10 INFO neutron.db.segments_db [None req-9238260e-4829-483d-8fc8-fb98b4c749ac d426bcdec8764c59a108b0812ab108f6 7fd528b86cf0483f959e9bcf0561bae7 - - default default] Added segment 88daca24-85f2-4297-bf10-6ff9fdbfbeaa of type geneve for network 53b8c15a-80d0-4b1a-b4a2-1365f2e64270
2026-06-26 11:32:19.976 9 INFO neutron.notifiers.nova [-] Nova event matching ['req-2f668028-e90a-4ed8-8fd3-569c89af671e'] response: {'server_uuid': 'ec3663ee-40a2-45d5-825f-4eee6871c1e0', 'name': 'network-vif-deleted', 'tag': '1c38b58b-76c0-4a32-9858-e6bfd3a778e7', 'status': 'completed', 'code': 200}
2026-06-26 11:32:19.977 9 INFO neutron.plugins.ml2.drivers.ovn.mech_driver.mech_driver [None req-cc6754d9-19f8-4b6c-b6a9-849a4ba16fa1 - - - - - -] OVN reports status up for port: 6dc6fc64-77de-49c7-9c26-89d2df04c872
2026-06-26 11:32:19.998 9 INFO neutron.plugins.ml2.drivers.ovn.mech_driver.ovsdb.ovsdb_monitor [None req-8cea2735-48fa-4097-b9ac-aa58368fb40c - - - - - -] Router f2bd4243-5780-4222-94c5-49117236b968 is bound to host instance
2026-06-26 11:32:20.001 10 INFO neutron.db.ovn_revision_numbers_db [None req-9238260e-4829-483d-8fc8-fb98b4c749ac d426bcdec8764c59a108b0812ab108f6 7fd528b86cf0483f959e9bcf0561bae7 - - default default] Successfully bumped revision number for resource 53b8c15a-80d0-4b1a-b4a2-1365f2e64270 (type: networks) to 1
2026-06-26 11:32:20.002 9 INFO neutron.plugins.ml2.plugin [None req-cc6754d9-19f8-4b6c-b6a9-849a4ba16fa1 - - - - - -] Attempt 1 to provision port 6dc6fc64-77de-49c7-9c26-89d2df04c872
2026-06-26 11:32:20.040 9 INFO neutron.db.ovn_revision_numbers_db [None req-0b83aaa0-c1a9-4a5e-a425-9f365cf3e242 cf84a65b96fe40e3afd2dbd42244ec16 ee48f5bd4cd34d78a54267d47f83f5ed - - default default] Successfully bumped revision number for resource 6dc6fc64-77de-49c7-9c26-89d2df04c872 (type: router_ports) to 1
2026-06-26 11:32:20.152 9 INFO neutron.db.ovn_revision_numbers_db [None req-0b83aaa0-c1a9-4a5e-a425-9f365cf3e242 cf84a65b96fe40e3afd2dbd42244ec16 ee48f5bd4cd34d78a54267d47f83f5ed - - default default] Successfully bumped revision number for resource f2bd4243-5780-4222-94c5-49117236b968 (type: routers) to 2
2026-06-26 11:32:20.168 9 INFO neutron.wsgi [None req-0b83aaa0-c1a9-4a5e-a425-9f365cf3e242 cf84a65b96fe40e3afd2dbd42244ec16 ee48f5bd4cd34d78a54267d47f83f5ed - - default default] 10.0.0.94 "POST /v2.0/routers HTTP/1.1" status: 201 len: 871 time: 1.8535981
2026-06-26 11:32:20.209 10 WARNING neutron.scheduler.dhcp_agent_scheduler [None req-9238260e-4829-483d-8fc8-fb98b4c749ac d426bcdec8764c59a108b0812ab108f6 7fd528b86cf0483f959e9bcf0561bae7 - - default default] No more DHCP agents
2026-06-26 11:32:20.223 10 WARNING neutron.api.rpc.agentnotifiers.dhcp_rpc_agent_api [None req-9238260e-4829-483d-8fc8-fb98b4c749ac d426bcdec8764c59a108b0812ab108f6 7fd528b86cf0483f959e9bcf0561bae7 - - default default] Unable to schedule network 53b8c15a-80d0-4b1a-b4a2-1365f2e64270: no agents available; will retry on subsequent port and subnet creation events.
2026-06-26 11:32:20.349 10 INFO neutron.db.ovn_revision_numbers_db [None req-9238260e-4829-483d-8fc8-fb98b4c749ac d426bcdec8764c59a108b0812ab108f6 7fd528b86cf0483f959e9bcf0561bae7 - - default default] Successfully bumped revision number for resource a4816893-0cc3-47b4-b411-5646bc6e8143 (type: ports) to 1
2026-06-26 11:32:20.384 10 INFO neutron.wsgi [None req-9238260e-4829-483d-8fc8-fb98b4c749ac d426bcdec8764c59a108b0812ab108f6 7fd528b86cf0483f959e9bcf0561bae7 - - default default] 10.0.0.94 "POST /v2.0/networks HTTP/1.1" status: 201 len: 848 time: 1.1159489
2026-06-26 11:32:20.393 9 WARNING neutron_lib.context [None req-fa448da1-ce52-4a92-8643-acf0866949b9 d426bcdec8764c59a108b0812ab108f6 7fd528b86cf0483f959e9bcf0561bae7 - - default default] Method 'is_advsvc' is deprecated since 2023.2 release (neutron-lib 3.8.0) and will be removed once support for the old RBAC API policies will be removed from Neutron. Please use method 'is_service_role' instead.
2026-06-26 11:32:20.519 9 INFO neutron.db.ovn_revision_numbers_db [None req-8cea2735-48fa-4097-b9ac-aa58368fb40c - - - - - -] Successfully bumped revision number for resource 6dc6fc64-77de-49c7-9c26-89d2df04c872 (type: ports) to 1
2026-06-26 11:32:20.696 10 WARNING neutron.scheduler.dhcp_agent_scheduler [None req-87716fcf-470d-40f8-9f0f-bfe48e2f32ef cf84a65b96fe40e3afd2dbd42244ec16 ee48f5bd4cd34d78a54267d47f83f5ed - - default default] No more DHCP agents
2026-06-26 11:32:20.698 10 WARNING neutron.api.rpc.agentnotifiers.dhcp_rpc_agent_api [None req-87716fcf-470d-40f8-9f0f-bfe48e2f32ef cf84a65b96fe40e3afd2dbd42244ec16 ee48f5bd4cd34d78a54267d47f83f5ed - - default default] Unable to schedule network 477991a3-d48f-4b6e-8ecd-d2762675a809: no agents available; will retry on subsequent port and subnet creation events.
2026-06-26 11:32:20.716 9 WARNING neutron.scheduler.dhcp_agent_scheduler [None req-fa448da1-ce52-4a92-8643-acf0866949b9 d426bcdec8764c59a108b0812ab108f6 7fd528b86cf0483f959e9bcf0561bae7 - - default default] No more DHCP agents
2026-06-26 11:32:20.719 9 WARNING neutron.api.rpc.agentnotifiers.dhcp_rpc_agent_api [None req-fa448da1-ce52-4a92-8643-acf0866949b9 d426bcdec8764c59a108b0812ab108f6 7fd528b86cf0483f959e9bcf0561bae7 - - default default] Unable to schedule network 53b8c15a-80d0-4b1a-b4a2-1365f2e64270: no agents available; will retry on subsequent port and subnet creation events.
2026-06-26 11:32:20.752 9 INFO neutron.db.ovn_revision_numbers_db [None req-fa448da1-ce52-4a92-8643-acf0866949b9 d426bcdec8764c59a108b0812ab108f6 7fd528b86cf0483f959e9bcf0561bae7 - - default default] Successfully bumped revision number for resource 8b3b090f-2e53-4c6f-8399-dd2fbf7471c0 (type: subnets) to 0
2026-06-26 11:32:20.768 9 INFO neutron.wsgi [None req-fa448da1-ce52-4a92-8643-acf0866949b9 d426bcdec8764c59a108b0812ab108f6 7fd528b86cf0483f959e9bcf0561bae7 - - default default] 10.0.0.94 "POST /v2.0/subnets HTTP/1.1" status: 201 len: 802 time: 0.3786831
2026-06-26 11:32:20.793 10 WARNING neutron_lib.context [None req-a6a44152-4d41-407e-8f69-8d2f08b8ef79 d426bcdec8764c59a108b0812ab108f6 7fd528b86cf0483f959e9bcf0561bae7 - - default default] Method 'is_advsvc' is deprecated since 2023.2 release (neutron-lib 3.8.0) and will be removed once support for the old RBAC API policies will be removed from Neutron. Please use method 'is_service_role' instead.
2026-06-26 11:32:20.798 9 INFO neutron.db.ovn_revision_numbers_db [None req-8cea2735-48fa-4097-b9ac-aa58368fb40c - - - - - -] Successfully bumped revision number for resource 6dc6fc64-77de-49c7-9c26-89d2df04c872 (type: router_ports) to 3
2026-06-26 11:32:20.887 10 INFO neutron.db.ovn_revision_numbers_db [None req-87716fcf-470d-40f8-9f0f-bfe48e2f32ef cf84a65b96fe40e3afd2dbd42244ec16 ee48f5bd4cd34d78a54267d47f83f5ed - - default default] Successfully bumped revision number for resource cbd0e47f-445f-4de2-8218-7ba7d35a859a (type: ports) to 1
2026-06-26 11:32:20.964 10 INFO neutron.wsgi [None req-12cf9a45-f265-4edd-b5b3-e04b040fda4c a23982769fb4427fba3fd086f46884f6 bb6d11df824a4541a0e3f4f2eeb2b1c9 - - default default] 10.0.0.53 "GET /v2.0/extensions HTTP/1.1" status: 200 len: 16980 time: 0.0657909
2026-06-26 11:32:20.991 9 INFO neutron.db.ovn_revision_numbers_db [None req-8cea2735-48fa-4097-b9ac-aa58368fb40c - - - - - -] Successfully bumped revision number for resource 6dc6fc64-77de-49c7-9c26-89d2df04c872 (type: ports) to 2
2026-06-26 11:32:21.036 9 INFO neutron.wsgi [None req-8d973600-6c4a-41f1-be97-fbae5420b147 32ff5d03df5d47e2bd4449f4f8af92f4 4160c49114d249b9b2afaaa811acc549 - - default default] 10.0.0.94 "DELETE /v2.0/security-groups/5ee9c303-1d39-45f4-8c6b-38cdd694821e HTTP/1.1" status: 204 len: 168 time: 0.1974020
2026-06-26 11:32:21.065 9 INFO neutron.api.v2.resource [None req-ba247d2a-0ae2-4310-a1ca-cad4b81503a1 32ff5d03df5d47e2bd4449f4f8af92f4 4160c49114d249b9b2afaaa811acc549 - - default default] show failed (client error): The resource could not be found.
2026-06-26 11:32:21.067 9 INFO neutron.wsgi [None req-ba247d2a-0ae2-4310-a1ca-cad4b81503a1 32ff5d03df5d47e2bd4449f4f8af92f4 4160c49114d249b9b2afaaa811acc549 - - default default] 10.0.0.94 "GET /v2.0/security-groups/5ee9c303-1d39-45f4-8c6b-38cdd694821e HTTP/1.1" status: 404 len: 347 time: 0.0164733
2026-06-26 11:32:21.272 9 INFO neutron.db.ovn_revision_numbers_db [None req-8cea2735-48fa-4097-b9ac-aa58368fb40c - - - - - -] Successfully bumped revision number for resource 6dc6fc64-77de-49c7-9c26-89d2df04c872 (type: ports) to 4
2026-06-26 11:32:21.464 9 INFO neutron.db.ovn_revision_numbers_db [None req-8cea2735-48fa-4097-b9ac-aa58368fb40c - - - - - -] Successfully bumped revision number for resource 6dc6fc64-77de-49c7-9c26-89d2df04c872 (type: router_ports) to 4
2026-06-26 11:32:21.496 10 INFO neutron.wsgi [None req-203fd887-3166-44e9-ac06-b8b333e7e3ba a23982769fb4427fba3fd086f46884f6 bb6d11df824a4541a0e3f4f2eeb2b1c9 - - default default] 10.0.0.53 "GET /v2.0/quotas/bb6d11df824a4541a0e3f4f2eeb2b1c9/details HTTP/1.1" status: 200 len: 756 time: 0.5129039
2026-06-26 11:32:21.798 10 WARNING neutron.scheduler.dhcp_agent_scheduler [None req-a6a44152-4d41-407e-8f69-8d2f08b8ef79 d426bcdec8764c59a108b0812ab108f6 7fd528b86cf0483f959e9bcf0561bae7 - - default default] No more DHCP agents
2026-06-26 11:32:21.805 10 WARNING neutron.api.rpc.agentnotifiers.dhcp_rpc_agent_api [None req-a6a44152-4d41-407e-8f69-8d2f08b8ef79 d426bcdec8764c59a108b0812ab108f6 7fd528b86cf0483f959e9bcf0561bae7 - - default default] Unable to schedule network c453fe23-86db-45e3-ac29-b45b790c7ac6: no agents available; will retry on subsequent port and subnet creation events.
2026-06-26 11:32:21.971 10 INFO neutron.db.ovn_revision_numbers_db [None req-87716fcf-470d-40f8-9f0f-bfe48e2f32ef cf84a65b96fe40e3afd2dbd42244ec16 ee48f5bd4cd34d78a54267d47f83f5ed - - default default] Successfully bumped revision number for resource cbd0e47f-445f-4de2-8218-7ba7d35a859a (type: router_ports) to 1
2026-06-26 11:32:22.105 10 INFO neutron.wsgi [None req-cee9eb36-bbca-4172-8b7f-50fc99d02a0b 32ff5d03df5d47e2bd4449f4f8af92f4 4160c49114d249b9b2afaaa811acc549 - - default default] 10.0.0.94 "DELETE /v2.0/floatingips/58359acc-2e25-48b7-83d0-6504abacacd8 HTTP/1.1" status: 204 len: 168 time: 1.0248132
2026-06-26 11:32:22.183 10 INFO neutron.db.ovn_revision_numbers_db [None req-a6a44152-4d41-407e-8f69-8d2f08b8ef79 d426bcdec8764c59a108b0812ab108f6 7fd528b86cf0483f959e9bcf0561bae7 - - default default] Successfully bumped revision number for resource b2c2dad2-0bea-4b50-878c-1f1c5503fe84 (type: ports) to 1
2026-06-26 11:32:22.330 10 INFO neutron.db.ovn_revision_numbers_db [None req-87716fcf-470d-40f8-9f0f-bfe48e2f32ef cf84a65b96fe40e3afd2dbd42244ec16 ee48f5bd4cd34d78a54267d47f83f5ed - - default default] Successfully bumped revision number for resource cbd0e47f-445f-4de2-8218-7ba7d35a859a (type: ports) to 1
2026-06-26 11:32:22.465 10 WARNING neutron.scheduler.dhcp_agent_scheduler [None req-87716fcf-470d-40f8-9f0f-bfe48e2f32ef cf84a65b96fe40e3afd2dbd42244ec16 ee48f5bd4cd34d78a54267d47f83f5ed - - default default] No more DHCP agents
2026-06-26 11:32:22.469 10 WARNING neutron.api.rpc.agentnotifiers.dhcp_rpc_agent_api [None req-87716fcf-470d-40f8-9f0f-bfe48e2f32ef cf84a65b96fe40e3afd2dbd42244ec16 ee48f5bd4cd34d78a54267d47f83f5ed - - default default] Unable to schedule network 477991a3-d48f-4b6e-8ecd-d2762675a809: no agents available; will retry on subsequent port and subnet creation events.
2026-06-26 11:32:22.987 9 INFO neutron.plugins.ml2.drivers.ovn.mech_driver.mech_driver [None req-cc6754d9-19f8-4b6c-b6a9-849a4ba16fa1 - - - - - -] OVN reports status up for port: cbd0e47f-445f-4de2-8218-7ba7d35a859a
2026-06-26 11:32:23.018 9 INFO neutron.plugins.ml2.plugin [None req-cc6754d9-19f8-4b6c-b6a9-849a4ba16fa1 - - - - - -] Attempt 1 to provision port cbd0e47f-445f-4de2-8218-7ba7d35a859a
2026-06-26 11:32:23.399 9 INFO neutron.db.ovn_revision_numbers_db [None req-cc6754d9-19f8-4b6c-b6a9-849a4ba16fa1 - - - - - -] Successfully bumped revision number for resource cbd0e47f-445f-4de2-8218-7ba7d35a859a (type: ports) to 2
2026-06-26 11:32:23.406 10 INFO neutron.plugins.ml2.drivers.ovn.mech_driver.mech_driver [None req-f8f25ce2-28c3-4918-9df9-3c82fc997755 - - - - - -] OVN reports status up for port: b2c2dad2-0bea-4b50-878c-1f1c5503fe84
2026-06-26 11:32:23.433 10 INFO neutron.plugins.ml2.plugin [None req-f8f25ce2-28c3-4918-9df9-3c82fc997755 - - - - - -] Attempt 1 to provision port b2c2dad2-0bea-4b50-878c-1f1c5503fe84
2026-06-26 11:32:23.468 10 INFO neutron.db.ovn_revision_numbers_db [None req-a6a44152-4d41-407e-8f69-8d2f08b8ef79 d426bcdec8764c59a108b0812ab108f6 7fd528b86cf0483f959e9bcf0561bae7 - - default default] Successfully bumped revision number for resource b2c2dad2-0bea-4b50-878c-1f1c5503fe84 (type: router_ports) to 1
2026-06-26 11:32:23.559 9 INFO neutron.db.ovn_revision_numbers_db [None req-cc6754d9-19f8-4b6c-b6a9-849a4ba16fa1 - - - - - -] Successfully bumped revision number for resource cbd0e47f-445f-4de2-8218-7ba7d35a859a (type: router_ports) to 2
2026-06-26 11:32:23.581 10 INFO neutron.db.ovn_revision_numbers_db [None req-a6a44152-4d41-407e-8f69-8d2f08b8ef79 d426bcdec8764c59a108b0812ab108f6 7fd528b86cf0483f959e9bcf0561bae7 - - default default] Successfully bumped revision number for resource 3a72a715-85a1-457b-b4cc-7fc75b124996 (type: routers) to 2
2026-06-26 11:32:23.600 10 INFO neutron.wsgi [None req-a6a44152-4d41-407e-8f69-8d2f08b8ef79 d426bcdec8764c59a108b0812ab108f6 7fd528b86cf0483f959e9bcf0561bae7 - - default default] 10.0.0.94 "POST /v2.0/routers HTTP/1.1" status: 201 len: 874 time: 2.8201542
2026-06-26 11:32:23.698 10 INFO neutron.wsgi [None req-87716fcf-470d-40f8-9f0f-bfe48e2f32ef cf84a65b96fe40e3afd2dbd42244ec16 ee48f5bd4cd34d78a54267d47f83f5ed - - default default] 10.0.0.94 "PUT /v2.0/routers/f2bd4243-5780-4222-94c5-49117236b968/add_router_interface HTTP/1.1" status: 200 len: 503 time: 3.5216775
2026-06-26 11:32:23.828 9 INFO neutron.wsgi [None req-c6121368-871d-4a2d-b263-2f3959a70696 cf84a65b96fe40e3afd2dbd42244ec16 ee48f5bd4cd34d78a54267d47f83f5ed - - default default] 10.0.0.94 "PUT /v2.0/routers/ecbf2d3f-3cf9-492e-9ad1-e5c8680db30b/remove_router_interface HTTP/1.1" status: 200 len: 503 time: 1.7181783 /var/lib/openstack/lib/python3.10/site-packages/pycadf/identifier.py:71: UserWarning: Invalid uuid: neutron. To ensure interoperability, identifiers should be a valid uuid. warnings.warn(('Invalid uuid: %s. To ensure interoperability, '
2026-06-26 11:32:23.953 9 INFO neutron.wsgi [None req-58918559-4261-4cb3-894f-4bf06b670d1f a23982769fb4427fba3fd086f46884f6 bb6d11df824a4541a0e3f4f2eeb2b1c9 - - default default] 10.0.0.53 "GET /v2.0/extensions HTTP/1.1" status: 200 len: 16980 time: 0.0103192
2026-06-26 11:32:24.099 10 INFO neutron.wsgi [None req-55c9b1cb-7b1b-40cc-a41b-e363db4b88b1 a23982769fb4427fba3fd086f46884f6 bb6d11df824a4541a0e3f4f2eeb2b1c9 - - default default] 10.0.0.53 "GET /v2.0/quotas/bb6d11df824a4541a0e3f4f2eeb2b1c9/details HTTP/1.1" status: 200 len: 756 time: 0.1339333
2026-06-26 11:32:24.210 9 WARNING neutron_lib.context [None req-2641d21d-1612-4f7e-9ad0-1b388387afbb 88317294ff43498dac735295a8ff7083 9bcf81fae8f2454c89045ccbe675e7a8 - - default default] Method 'is_advsvc' is deprecated since 2023.2 release (neutron-lib 3.8.0) and will be removed once support for the old RBAC API policies will be removed from Neutron. Please use method 'is_service_role' instead.
2026-06-26 11:32:24.377 9 INFO neutron.db.ovn_revision_numbers_db [None req-2641d21d-1612-4f7e-9ad0-1b388387afbb 88317294ff43498dac735295a8ff7083 9bcf81fae8f2454c89045ccbe675e7a8 - - default default] Successfully bumped revision number for resource fe0bc9fb-bdb3-4b61-b876-4fd28d74012c (type: security_groups) to 1
2026-06-26 11:32:24.392 9 WARNING neutron.scheduler.dhcp_agent_scheduler [None req-e2c7eb44-8e4e-4b57-920e-e483200655e1 d426bcdec8764c59a108b0812ab108f6 7fd528b86cf0483f959e9bcf0561bae7 - - default default] No more DHCP agents
2026-06-26 11:32:24.395 9 WARNING neutron.api.rpc.agentnotifiers.dhcp_rpc_agent_api [None req-e2c7eb44-8e4e-4b57-920e-e483200655e1 d426bcdec8764c59a108b0812ab108f6 7fd528b86cf0483f959e9bcf0561bae7 - - default default] Unable to schedule network 53b8c15a-80d0-4b1a-b4a2-1365f2e64270: no agents available; will retry on subsequent port and subnet creation events.
2026-06-26 11:32:24.405 9 INFO neutron.db.ovn_revision_numbers_db [None req-2641d21d-1612-4f7e-9ad0-1b388387afbb 88317294ff43498dac735295a8ff7083 9bcf81fae8f2454c89045ccbe675e7a8 - - default default] Successfully bumped revision number for resource 518d7466-ca7c-4d50-92bd-00701f452599 (type: security_group_rules) to 0
2026-06-26 11:32:24.455 9 INFO neutron.db.ovn_revision_numbers_db [None req-2641d21d-1612-4f7e-9ad0-1b388387afbb 88317294ff43498dac735295a8ff7083 9bcf81fae8f2454c89045ccbe675e7a8 - - default default] Successfully bumped revision number for resource f0d95c61-4c56-491b-989d-19c3f0dc4f2b (type: security_group_rules) to 0
2026-06-26 11:32:24.483 9 INFO neutron.wsgi [None req-2641d21d-1612-4f7e-9ad0-1b388387afbb 88317294ff43498dac735295a8ff7083 9bcf81fae8f2454c89045ccbe675e7a8 - - default default] 10.0.0.94 "POST /v2.0/security-groups HTTP/1.1" status: 201 len: 1795 time: 0.2793868
2026-06-26 11:32:24.503 10 WARNING neutron_lib.context [None req-1df63f8f-d60a-4a3c-9f4e-47499c98fd12 88317294ff43498dac735295a8ff7083 9bcf81fae8f2454c89045ccbe675e7a8 - - default default] Method 'is_advsvc' is deprecated since 2023.2 release (neutron-lib 3.8.0) and will be removed once support for the old RBAC API policies will be removed from Neutron. Please use method 'is_service_role' instead.
2026-06-26 11:32:24.597 9 INFO neutron.db.ovn_revision_numbers_db [None req-e2c7eb44-8e4e-4b57-920e-e483200655e1 d426bcdec8764c59a108b0812ab108f6 7fd528b86cf0483f959e9bcf0561bae7 - - default default] Successfully bumped revision number for resource b7e1ba82-ef36-4068-a721-f57f1cfc59cb (type: ports) to 1
2026-06-26 11:32:24.794 10 INFO neutron.db.ovn_revision_numbers_db [None req-1df63f8f-d60a-4a3c-9f4e-47499c98fd12 88317294ff43498dac735295a8ff7083 9bcf81fae8f2454c89045ccbe675e7a8 - - default default] Successfully bumped revision number for resource 969126f5-5d46-43cd-a761-05e1d868bb7d (type: security_group_rules) to 0
2026-06-26 11:32:24.828 10 INFO neutron.wsgi [None req-1df63f8f-d60a-4a3c-9f4e-47499c98fd12 88317294ff43498dac735295a8ff7083 9bcf81fae8f2454c89045ccbe675e7a8 - - default default] 10.0.0.94 "POST /v2.0/security-group-rules HTTP/1.1" status: 201 len: 764 time: 0.3390415
2026-06-26 11:32:24.833 10 INFO neutron.wsgi [None req-551619cf-695f-4aa6-814f-86f9eaef4554 cf84a65b96fe40e3afd2dbd42244ec16 ee48f5bd4cd34d78a54267d47f83f5ed - - default default] 10.0.0.94 "DELETE /v2.0/routers/ecbf2d3f-3cf9-492e-9ad1-e5c8680db30b HTTP/1.1" status: 204 len: 168 time: 0.9990056
2026-06-26 11:32:24.838 10 WARNING neutron_lib.context [None req-f5f02a2a-2202-421e-90d4-aa010b0d288f 88317294ff43498dac735295a8ff7083 9bcf81fae8f2454c89045ccbe675e7a8 - - default default] Method 'is_advsvc' is deprecated since 2023.2 release (neutron-lib 3.8.0) and will be removed once support for the old RBAC API policies will be removed from Neutron. Please use method 'is_service_role' instead.
2026-06-26 11:32:24.956 10 INFO neutron.db.ovn_revision_numbers_db [None req-f5f02a2a-2202-421e-90d4-aa010b0d288f 88317294ff43498dac735295a8ff7083 9bcf81fae8f2454c89045ccbe675e7a8 - - default default] Successfully bumped revision number for resource 1324091f-7e6e-45dd-8c61-4cb28f85886d (type: security_group_rules) to 0
2026-06-26 11:32:24.980 10 INFO neutron.wsgi [None req-f5f02a2a-2202-421e-90d4-aa010b0d288f 88317294ff43498dac735295a8ff7083 9bcf81fae8f2454c89045ccbe675e7a8 - - default default] 10.0.0.94 "POST /v2.0/security-group-rules HTTP/1.1" status: 201 len: 769 time: 0.1449969
2026-06-26 11:32:24.990 10 WARNING neutron_lib.context [None req-3320210d-8f48-47e4-87f1-21173589f6b5 88317294ff43498dac735295a8ff7083 9bcf81fae8f2454c89045ccbe675e7a8 - - default default] Method 'is_advsvc' is deprecated since 2023.2 release (neutron-lib 3.8.0) and will be removed once support for the old RBAC API policies will be removed from Neutron. Please use method 'is_service_role' instead.
2026-06-26 11:32:25.256 10 WARNING neutron.scheduler.dhcp_agent_scheduler [None req-3320210d-8f48-47e4-87f1-21173589f6b5 88317294ff43498dac735295a8ff7083 9bcf81fae8f2454c89045ccbe675e7a8 - - default default] No more DHCP agents
2026-06-26 11:32:25.258 10 WARNING neutron.api.rpc.agentnotifiers.dhcp_rpc_agent_api [None req-3320210d-8f48-47e4-87f1-21173589f6b5 88317294ff43498dac735295a8ff7083 9bcf81fae8f2454c89045ccbe675e7a8 - - default default] Unable to schedule network c453fe23-86db-45e3-ac29-b45b790c7ac6: no agents available; will retry on subsequent port and subnet creation events.
2026-06-26 11:32:25.329 9 INFO neutron.wsgi [None req-4d35c0c5-d3f4-43b5-967c-6af02c01792d cf84a65b96fe40e3afd2dbd42244ec16 ee48f5bd4cd34d78a54267d47f83f5ed - - default default] 10.0.0.94 "DELETE /v2.0/subnets/e704a45e-086b-4686-a3c6-5d791390c50f HTTP/1.1" status: 204 len: 168 time: 0.4892864
2026-06-26 11:32:25.353 9 INFO neutron.db.ovn_revision_numbers_db [None req-e2c7eb44-8e4e-4b57-920e-e483200655e1 d426bcdec8764c59a108b0812ab108f6 7fd528b86cf0483f959e9bcf0561bae7 - - default default] Successfully bumped revision number for resource b7e1ba82-ef36-4068-a721-f57f1cfc59cb (type: router_ports) to 1
2026-06-26 11:32:25.502 9 INFO neutron.db.ovn_revision_numbers_db [None req-e2c7eb44-8e4e-4b57-920e-e483200655e1 d426bcdec8764c59a108b0812ab108f6 7fd528b86cf0483f959e9bcf0561bae7 - - default default] Successfully bumped revision number for resource b7e1ba82-ef36-4068-a721-f57f1cfc59cb (type: ports) to 1
2026-06-26 11:32:25.580 9 WARNING neutron.scheduler.dhcp_agent_scheduler [None req-e2c7eb44-8e4e-4b57-920e-e483200655e1 d426bcdec8764c59a108b0812ab108f6 7fd528b86cf0483f959e9bcf0561bae7 - - default default] No more DHCP agents
2026-06-26 11:32:25.581 9 WARNING neutron.api.rpc.agentnotifiers.dhcp_rpc_agent_api [None req-e2c7eb44-8e4e-4b57-920e-e483200655e1 d426bcdec8764c59a108b0812ab108f6 7fd528b86cf0483f959e9bcf0561bae7 - - default default] Unable to schedule network 53b8c15a-80d0-4b1a-b4a2-1365f2e64270: no agents available; will retry on subsequent port and subnet creation events.
2026-06-26 11:32:25.893 10 INFO neutron.db.ovn_revision_numbers_db [None req-3320210d-8f48-47e4-87f1-21173589f6b5 88317294ff43498dac735295a8ff7083 9bcf81fae8f2454c89045ccbe675e7a8 - - default default] Successfully bumped revision number for resource a74bcafe-ae22-48d5-824c-a2c4d94f6598 (type: floatingips) to 0
2026-06-26 11:32:25.904 9 INFO neutron.db.ovn_revision_numbers_db [None req-e2c7eb44-8e4e-4b57-920e-e483200655e1 d426bcdec8764c59a108b0812ab108f6 7fd528b86cf0483f959e9bcf0561bae7 - - default default] Successfully bumped revision number for resource b7e1ba82-ef36-4068-a721-f57f1cfc59cb (type: router_ports) to 1
2026-06-26 11:32:25.907 9 INFO neutron.wsgi [None req-e2c7eb44-8e4e-4b57-920e-e483200655e1 d426bcdec8764c59a108b0812ab108f6 7fd528b86cf0483f959e9bcf0561bae7 - - default default] 10.0.0.94 "PUT /v2.0/routers/3a72a715-85a1-457b-b4cc-7fc75b124996/add_router_interface HTTP/1.1" status: 200 len: 503 time: 2.2979620
2026-06-26 11:32:25.921 10 INFO neutron.wsgi [None req-3320210d-8f48-47e4-87f1-21173589f6b5 88317294ff43498dac735295a8ff7083 9bcf81fae8f2454c89045ccbe675e7a8 - - default default] 10.0.0.94 "POST /v2.0/floatingips HTTP/1.1" status: 201 len: 751 time: 0.9351261
2026-06-26 11:32:25.921 9 WARNING neutron_lib.context [None req-4861a903-72c5-4ede-b102-ff949d2efd6c d426bcdec8764c59a108b0812ab108f6 7fd528b86cf0483f959e9bcf0561bae7 - - default default] Method 'is_advsvc' is deprecated since 2023.2 release (neutron-lib 3.8.0) and will be removed once support for the old RBAC API policies will be removed from Neutron. Please use method 'is_service_role' instead.
2026-06-26 11:32:26.029 10 INFO neutron.services.segments.plugin [-] Segment 13d0e605-dab6-4d11-8289-2993ab1a0e44 resource provider aggregate not found
2026-06-26 11:32:26.035 10 INFO neutron.services.segments.plugin [-] Segment 13d0e605-dab6-4d11-8289-2993ab1a0e44 resource provider aggregate not found
2026-06-26 11:32:26.055 10 INFO neutron.services.segments.plugin [-] Segment 13d0e605-dab6-4d11-8289-2993ab1a0e44 resource provider not found; error: Placement Client Error (4xx): {"errors": [{"status": 404, "title": "Not Found", "detail": "The resource could not be found.\n\n No resource provider with uuid 13d0e605-dab6-4d11-8289-2993ab1a0e44 found for delete ", "request_id": "req-1431f23c-8a5a-4d50-9c58-e2138e1d5b96"}]}
2026-06-26 11:32:26.057 10 INFO neutron.services.segments.plugin [-] Segment 13d0e605-dab6-4d11-8289-2993ab1a0e44 resource provider not found; error: Placement Client Error (4xx): {"errors": [{"status": 404, "title": "Not Found", "detail": "The resource could not be found.\n\n No resource provider with uuid 13d0e605-dab6-4d11-8289-2993ab1a0e44 found for delete ", "request_id": "req-0d37d988-5586-49c8-87c5-1fb133d6b966"}]}
2026-06-26 11:32:26.074 10 INFO neutron.wsgi [None req-18b191c4-43a2-4b59-9183-f80b33255f8f cf84a65b96fe40e3afd2dbd42244ec16 ee48f5bd4cd34d78a54267d47f83f5ed - - default default] 10.0.0.94 "DELETE /v2.0/networks/3ad130f7-f1a9-4ff3-a6c1-0298a0504d39 HTTP/1.1" status: 204 len: 168 time: 0.7396345
2026-06-26 11:32:26.274 10 INFO neutron.wsgi [None req-e033d8bd-9d6f-41a2-8544-e7ed9d052840 cf84a65b96fe40e3afd2dbd42244ec16 ee48f5bd4cd34d78a54267d47f83f5ed - - default default] 10.0.0.94 "GET /v2.0/security-groups?tenant_id=4160c49114d249b9b2afaaa811acc549&name=default HTTP/1.1" status: 200 len: 2996 time: 0.0425839
2026-06-26 11:32:26.357 9 WARNING neutron.scheduler.dhcp_agent_scheduler [None req-4861a903-72c5-4ede-b102-ff949d2efd6c d426bcdec8764c59a108b0812ab108f6 7fd528b86cf0483f959e9bcf0561bae7 - - default default] No more DHCP agents
2026-06-26 11:32:26.360 9 WARNING neutron.api.rpc.agentnotifiers.dhcp_rpc_agent_api [None req-4861a903-72c5-4ede-b102-ff949d2efd6c d426bcdec8764c59a108b0812ab108f6 7fd528b86cf0483f959e9bcf0561bae7 - - default default] Unable to schedule network 53b8c15a-80d0-4b1a-b4a2-1365f2e64270: no agents available; will retry on subsequent port and subnet creation events.
2026-06-26 11:32:26.452 10 INFO neutron.wsgi [req-7725a834-07d5-419e-9efa-d0b3d5f213ff req-9424f7de-f7a1-40c8-a8a0-71a3d6b49f68 88317294ff43498dac735295a8ff7083 9bcf81fae8f2454c89045ccbe675e7a8 - - default default] 10.0.0.119 "GET /v2.0/security-groups?name=tempest-securitygroup--567558317&fields=id&tenant_id=9bcf81fae8f2454c89045ccbe675e7a8 HTTP/1.1" status: 200 len: 267 time: 0.0438771
2026-06-26 11:32:26.549 10 INFO neutron.wsgi [None req-4439763e-33cb-4ee6-9657-43473d46e045 cf84a65b96fe40e3afd2dbd42244ec16 ee48f5bd4cd34d78a54267d47f83f5ed - - default default] 10.0.0.94 "DELETE /v2.0/security-groups/0d10f1cd-624a-4e1b-8347-a7662890911d HTTP/1.1" status: 204 len: 168 time: 0.2699211
2026-06-26 11:32:26.562 10 INFO neutron.wsgi [req-7725a834-07d5-419e-9efa-d0b3d5f213ff req-3edb4af2-bdbc-4441-a082-4b13215eb3ba 88317294ff43498dac735295a8ff7083 9bcf81fae8f2454c89045ccbe675e7a8 - - default default] 10.0.0.119 "GET /v2.0/networks?id=477991a3-d48f-4b6e-8ecd-d2762675a809 HTTP/1.1" status: 200 len: 869 time: 0.1011264
2026-06-26 11:32:26.562 9 INFO neutron.db.ovn_revision_numbers_db [None req-4861a903-72c5-4ede-b102-ff949d2efd6c d426bcdec8764c59a108b0812ab108f6 7fd528b86cf0483f959e9bcf0561bae7 - - default default] Successfully bumped revision number for resource 21eecb1b-315e-4baa-bf35-d1a408f7c088 (type: ports) to 1
2026-06-26 11:32:26.583 10 INFO neutron.wsgi [req-7725a834-07d5-419e-9efa-d0b3d5f213ff req-f17d7bf4-c5cd-45ec-bf26-e36e4ad745c3 88317294ff43498dac735295a8ff7083 9bcf81fae8f2454c89045ccbe675e7a8 - - default default] 10.0.0.119 "GET /v2.0/quotas/9bcf81fae8f2454c89045ccbe675e7a8 HTTP/1.1" status: 200 len: 386 time: 0.0127931
2026-06-26 11:32:26.608 9 INFO neutron.wsgi [None req-4861a903-72c5-4ede-b102-ff949d2efd6c d426bcdec8764c59a108b0812ab108f6 7fd528b86cf0483f959e9bcf0561bae7 - - default default] 10.0.0.94 "POST /v2.0/ports HTTP/1.1" status: 201 len: 1154 time: 0.6921754 /var/lib/openstack/lib/python3.10/site-packages/pycadf/identifier.py:71: UserWarning: Invalid uuid: neutron. To ensure interoperability, identifiers should be a valid uuid. warnings.warn(('Invalid uuid: %s. To ensure interoperability, '
2026-06-26 11:32:26.621 9 WARNING neutron_lib.context [None req-4965cf5b-94e8-4976-87e9-4805423243c2 d426bcdec8764c59a108b0812ab108f6 7fd528b86cf0483f959e9bcf0561bae7 - - default default] Method 'is_advsvc' is deprecated since 2023.2 release (neutron-lib 3.8.0) and will be removed once support for the old RBAC API policies will be removed from Neutron. Please use method 'is_service_role' instead.
2026-06-26 11:32:26.704 10 INFO neutron.wsgi [req-7725a834-07d5-419e-9efa-d0b3d5f213ff req-e0fa0177-fbc6-474e-80c9-a7da9ad6ad3d 88317294ff43498dac735295a8ff7083 9bcf81fae8f2454c89045ccbe675e7a8 - - default default] 10.0.0.119 "GET /v2.0/ports?tenant_id=9bcf81fae8f2454c89045ccbe675e7a8&fields=id HTTP/1.1" status: 200 len: 302 time: 0.1099908
2026-06-26 11:32:26.798 10 INFO neutron.wsgi [req-7725a834-07d5-419e-9efa-d0b3d5f213ff req-f462303e-510c-4e6d-9d86-efd2c1e448ef 16bf3c0e229045679d7bd02180a864c1 0fbb974f5e904015b063ede9e78ed8aa - - b986fca746354db3b6c32b45221f5053 b986fca746354db3b6c32b45221f5053] 10.0.0.119 "GET /v2.0/networks/477991a3-d48f-4b6e-8ecd-d2762675a809?fields=segments HTTP/1.1" status: 200 len: 212 time: 0.0741744
2026-06-26 11:32:26.831 9 INFO neutron.db.ovn_revision_numbers_db [None req-0d529d5f-89bb-42b3-b240-74510f6ef46e cf84a65b96fe40e3afd2dbd42244ec16 ee48f5bd4cd34d78a54267d47f83f5ed - - default default] Successfully bumped revision number for resource 05e7f656-7966-4bfd-9f8b-a50a24d37221 (type: security_groups) to 1
2026-06-26 11:32:26.857 9 INFO neutron.db.ovn_revision_numbers_db [None req-0d529d5f-89bb-42b3-b240-74510f6ef46e cf84a65b96fe40e3afd2dbd42244ec16 ee48f5bd4cd34d78a54267d47f83f5ed - - default default] Successfully bumped revision number for resource 44a33bb9-4165-47f2-b1cf-98cdd0d2889a (type: security_group_rules) to 0
2026-06-26 11:32:26.871 10 INFO neutron.wsgi [req-7725a834-07d5-419e-9efa-d0b3d5f213ff req-dd7bfa1c-8501-42e3-884b-f10e273a516a 16bf3c0e229045679d7bd02180a864c1 0fbb974f5e904015b063ede9e78ed8aa - - b986fca746354db3b6c32b45221f5053 b986fca746354db3b6c32b45221f5053] 10.0.0.119 "GET /v2.0/networks/477991a3-d48f-4b6e-8ecd-d2762675a809?fields=provider%3Aphysical_network&fields=provider%3Anetwork_type HTTP/1.1" status: 200 len: 277 time: 0.0636680
2026-06-26 11:32:26.877 9 INFO neutron.db.ovn_revision_numbers_db [None req-0d529d5f-89bb-42b3-b240-74510f6ef46e cf84a65b96fe40e3afd2dbd42244ec16 ee48f5bd4cd34d78a54267d47f83f5ed - - default default] Successfully bumped revision number for resource 452dc229-8247-4f74-8bc0-72b2393fcda6 (type: security_group_rules) to 0
2026-06-26 11:32:26.902 9 INFO neutron.db.ovn_revision_numbers_db [None req-0d529d5f-89bb-42b3-b240-74510f6ef46e cf84a65b96fe40e3afd2dbd42244ec16 ee48f5bd4cd34d78a54267d47f83f5ed - - default default] Successfully bumped revision number for resource 937f0c1a-39b3-4638-a7c7-d7b2e1a476b4 (type: security_group_rules) to 0
2026-06-26 11:32:26.929 9 INFO neutron.db.ovn_revision_numbers_db [None req-0d529d5f-89bb-42b3-b240-74510f6ef46e cf84a65b96fe40e3afd2dbd42244ec16 ee48f5bd4cd34d78a54267d47f83f5ed - - default default] Successfully bumped revision number for resource e3c8700f-da6f-4dd5-9d1f-3962352e890f (type: security_group_rules) to 0
2026-06-26 11:32:26.930 9 WARNING neutron.scheduler.dhcp_agent_scheduler [None req-4965cf5b-94e8-4976-87e9-4805423243c2 d426bcdec8764c59a108b0812ab108f6 7fd528b86cf0483f959e9bcf0561bae7 - - default default] No more DHCP agents
2026-06-26 11:32:26.934 9 WARNING neutron.api.rpc.agentnotifiers.dhcp_rpc_agent_api [None req-4965cf5b-94e8-4976-87e9-4805423243c2 d426bcdec8764c59a108b0812ab108f6 7fd528b86cf0483f959e9bcf0561bae7 - - default default] Unable to schedule network 53b8c15a-80d0-4b1a-b4a2-1365f2e64270: no agents available; will retry on subsequent port and subnet creation events.
2026-06-26 11:32:26.967 9 INFO neutron.wsgi [None req-0d529d5f-89bb-42b3-b240-74510f6ef46e cf84a65b96fe40e3afd2dbd42244ec16 ee48f5bd4cd34d78a54267d47f83f5ed - - default default] 10.0.0.94 "GET /v2.0/security-groups?tenant_id=bb6d11df824a4541a0e3f4f2eeb2b1c9&name=default HTTP/1.1" status: 200 len: 2996 time: 0.4771826 /var/lib/openstack/lib/python3.10/site-packages/pycadf/identifier.py:71: UserWarning: Invalid uuid: neutron. To ensure interoperability, identifiers should be a valid uuid. warnings.warn(('Invalid uuid: %s. To ensure interoperability, '
2026-06-26 11:32:27.019 10 INFO neutron.wsgi [req-d8d88e8f-8d57-41b7-a3b4-b06f8b19502d req-4e6a9530-3912-4b12-84d5-6e970bd4fcf0 88317294ff43498dac735295a8ff7083 9bcf81fae8f2454c89045ccbe675e7a8 - - default default] 10.0.0.119 "GET /v2.0/ports?device_id=d93c73da-3b69-440d-8924-c2f213f3d698 HTTP/1.1" status: 200 len: 210 time: 0.0304856
2026-06-26 11:32:27.142 9 INFO neutron.db.ovn_revision_numbers_db [None req-4965cf5b-94e8-4976-87e9-4805423243c2 d426bcdec8764c59a108b0812ab108f6 7fd528b86cf0483f959e9bcf0561bae7 - - default default] Successfully bumped revision number for resource ff239d3d-ff6d-4165-8aa2-82af05abeb9a (type: ports) to 1
2026-06-26 11:32:27.176 9 INFO neutron.wsgi [None req-4965cf5b-94e8-4976-87e9-4805423243c2 d426bcdec8764c59a108b0812ab108f6 7fd528b86cf0483f959e9bcf0561bae7 - - default default] 10.0.0.94 "POST /v2.0/ports HTTP/1.1" status: 201 len: 1153 time: 0.5631428
2026-06-26 11:32:27.188 9 WARNING neutron_lib.context [None req-489a0826-d142-40de-abcf-b3136dc801ff d426bcdec8764c59a108b0812ab108f6 7fd528b86cf0483f959e9bcf0561bae7 - - default default] Method 'is_advsvc' is deprecated since 2023.2 release (neutron-lib 3.8.0) and will be removed once support for the old RBAC API policies will be removed from Neutron. Please use method 'is_service_role' instead.
2026-06-26 11:32:27.289 9 INFO neutron.wsgi [None req-3e1a0731-5c2a-4128-a14a-b89045b33ed8 cf84a65b96fe40e3afd2dbd42244ec16 ee48f5bd4cd34d78a54267d47f83f5ed - - default default] 10.0.0.94 "DELETE /v2.0/security-groups/05e7f656-7966-4bfd-9f8b-a50a24d37221 HTTP/1.1" status: 204 len: 168 time: 0.3142126
2026-06-26 11:32:27.555 9 WARNING neutron.scheduler.dhcp_agent_scheduler [None req-489a0826-d142-40de-abcf-b3136dc801ff d426bcdec8764c59a108b0812ab108f6 7fd528b86cf0483f959e9bcf0561bae7 - - default default] No more DHCP agents
2026-06-26 11:32:27.562 9 WARNING neutron.api.rpc.agentnotifiers.dhcp_rpc_agent_api [None req-489a0826-d142-40de-abcf-b3136dc801ff d426bcdec8764c59a108b0812ab108f6 7fd528b86cf0483f959e9bcf0561bae7 - - default default] Unable to schedule network c453fe23-86db-45e3-ac29-b45b790c7ac6: no agents available; will retry on subsequent port and subnet creation events.
2026-06-26 11:32:27.840 9 INFO neutron.wsgi [req-7725a834-07d5-419e-9efa-d0b3d5f213ff req-9e00e275-5262-46e3-b540-725648f8ca95 88317294ff43498dac735295a8ff7083 9bcf81fae8f2454c89045ccbe675e7a8 - - default default] 199.19.213.104 "GET /v2.0/networks?id=477991a3-d48f-4b6e-8ecd-d2762675a809 HTTP/1.1" status: 200 len: 869 time: 0.0842559
2026-06-26 11:32:27.909 9 INFO neutron.wsgi [req-7725a834-07d5-419e-9efa-d0b3d5f213ff req-9b8391f9-344b-4885-be49-9b4f07c83baf 88317294ff43498dac735295a8ff7083 9bcf81fae8f2454c89045ccbe675e7a8 - - default default] 199.19.213.104 "GET /v2.0/security-groups?fields=id&fields=name&tenant_id=9bcf81fae8f2454c89045ccbe675e7a8 HTTP/1.1" status: 200 len: 379 time: 0.0632412
2026-06-26 11:32:27.934 9 WARNING neutron_lib.context [req-7725a834-07d5-419e-9efa-d0b3d5f213ff req-6620bc4a-b1ee-42fa-970d-09c73b705902 88317294ff43498dac735295a8ff7083 9bcf81fae8f2454c89045ccbe675e7a8 - - default default] Method 'is_advsvc' is deprecated since 2023.2 release (neutron-lib 3.8.0) and will be removed once support for the old RBAC API policies will be removed from Neutron. Please use method 'is_service_role' instead.
2026-06-26 11:32:28.112 9 INFO neutron.db.l3_db [None req-489a0826-d142-40de-abcf-b3136dc801ff d426bcdec8764c59a108b0812ab108f6 7fd528b86cf0483f959e9bcf0561bae7 - - default default] Floating IP 774f28b5-22d7-4315-87f1-e3684a5f5beb associated. External IP: 10.96.250.217, port: ff239d3d-ff6d-4165-8aa2-82af05abeb9a.
2026-06-26 11:32:28.120 10 INFO neutron.wsgi [req-2677a08e-a7da-4426-8d63-8ddbb904a3be req-8f95c21c-b3e6-4962-9b57-01278fb1a774 88317294ff43498dac735295a8ff7083 9bcf81fae8f2454c89045ccbe675e7a8 - - default default] 10.0.0.119 "GET /v2.0/ports?device_id=d93c73da-3b69-440d-8924-c2f213f3d698 HTTP/1.1" status: 200 len: 210 time: 0.0267670
2026-06-26 11:32:28.208 9 INFO neutron.wsgi [-] 10.0.0.45 "GET / HTTP/1.1" status: 200 len: 247 time: 0.0012965
2026-06-26 11:32:28.213 10 INFO neutron.wsgi [-] 10.0.0.45 "GET / HTTP/1.1" status: 200 len: 247 time: 0.0057449
2026-06-26 11:32:28.308 9 WARNING neutron.scheduler.dhcp_agent_scheduler [req-7725a834-07d5-419e-9efa-d0b3d5f213ff req-6620bc4a-b1ee-42fa-970d-09c73b705902 88317294ff43498dac735295a8ff7083 9bcf81fae8f2454c89045ccbe675e7a8 - - default default] No more DHCP agents
2026-06-26 11:32:28.312 9 WARNING neutron.api.rpc.agentnotifiers.dhcp_rpc_agent_api [req-7725a834-07d5-419e-9efa-d0b3d5f213ff req-6620bc4a-b1ee-42fa-970d-09c73b705902 88317294ff43498dac735295a8ff7083 9bcf81fae8f2454c89045ccbe675e7a8 - - default default] Unable to schedule network 477991a3-d48f-4b6e-8ecd-d2762675a809: no agents available; will retry on subsequent port and subnet creation events.
2026-06-26 11:32:28.361 9 INFO neutron.db.ovn_revision_numbers_db [None req-489a0826-d142-40de-abcf-b3136dc801ff d426bcdec8764c59a108b0812ab108f6 7fd528b86cf0483f959e9bcf0561bae7 - - default default] Successfully bumped revision number for resource 774f28b5-22d7-4315-87f1-e3684a5f5beb (type: floatingips) to 0
2026-06-26 11:32:28.493 9 INFO neutron.db.ovn_revision_numbers_db [None req-489a0826-d142-40de-abcf-b3136dc801ff d426bcdec8764c59a108b0812ab108f6 7fd528b86cf0483f959e9bcf0561bae7 - - default default] Successfully bumped revision number for resource 774f28b5-22d7-4315-87f1-e3684a5f5beb (type: floatingips) to 1
2026-06-26 11:32:28.501 9 INFO neutron.db.ovn_revision_numbers_db [req-7725a834-07d5-419e-9efa-d0b3d5f213ff req-6620bc4a-b1ee-42fa-970d-09c73b705902 88317294ff43498dac735295a8ff7083 9bcf81fae8f2454c89045ccbe675e7a8 - - default default] Successfully bumped revision number for resource dcb4405b-011c-4a95-a930-0a8a5fd1363a (type: ports) to 1
2026-06-26 11:32:28.536 9 INFO neutron.wsgi [req-7725a834-07d5-419e-9efa-d0b3d5f213ff req-6620bc4a-b1ee-42fa-970d-09c73b705902 88317294ff43498dac735295a8ff7083 9bcf81fae8f2454c89045ccbe675e7a8 - - default default] 199.19.213.104 "POST /v2.0/ports HTTP/1.1" status: 201 len: 1162 time: 0.6125906
2026-06-26 11:32:28.540 9 INFO neutron.wsgi [None req-489a0826-d142-40de-abcf-b3136dc801ff d426bcdec8764c59a108b0812ab108f6 7fd528b86cf0483f959e9bcf0561bae7 - - default default] 10.0.0.94 "POST /v2.0/floatingips HTTP/1.1" status: 201 len: 1040 time: 1.3567665 /var/lib/openstack/lib/python3.10/site-packages/pycadf/identifier.py:71: UserWarning: Invalid uuid: neutron. To ensure interoperability, identifiers should be a valid uuid. warnings.warn(('Invalid uuid: %s. To ensure interoperability, '
2026-06-26 11:32:28.623 9 WARNING neutron.plugins.ml2.drivers.ovn.mech_driver.ovsdb.ovn_client [None req-cc6754d9-19f8-4b6c-b6a9-849a4ba16fa1 - - - - - -] No hosting information found for port cbd0e47f-445f-4de2-8218-7ba7d35a859a: RuntimeError: No hosting information found for port cbd0e47f-445f-4de2-8218-7ba7d35a859a
2026-06-26 11:32:28.684 10 WARNING neutron.plugins.ml2.drivers.ovn.mech_driver.ovsdb.ovn_client [None req-f8f25ce2-28c3-4918-9df9-3c82fc997755 - - - - - -] No hosting information found for port b2c2dad2-0bea-4b50-878c-1f1c5503fe84: RuntimeError: No hosting information found for port b2c2dad2-0bea-4b50-878c-1f1c5503fe84
2026-06-26 11:32:28.684 10 INFO neutron.plugins.ml2.drivers.ovn.mech_driver.mech_driver [None req-f8f25ce2-28c3-4918-9df9-3c82fc997755 - - - - - -] OVN reports status up for port: b7e1ba82-ef36-4068-a721-f57f1cfc59cb
2026-06-26 11:32:28.699 10 INFO neutron.plugins.ml2.plugin [None req-f8f25ce2-28c3-4918-9df9-3c82fc997755 - - - - - -] Attempt 1 to provision port b7e1ba82-ef36-4068-a721-f57f1cfc59cb
2026-06-26 11:32:28.762 10 INFO neutron.db.l3_db [None req-6810f9ca-8e82-493e-8c96-5b7a847fefcb d426bcdec8764c59a108b0812ab108f6 7fd528b86cf0483f959e9bcf0561bae7 - - default default] Floating IP 774f28b5-22d7-4315-87f1-e3684a5f5beb disassociated. External IP: 10.96.250.217, port: ff239d3d-ff6d-4165-8aa2-82af05abeb9a.
2026-06-26 11:32:28.812 10 INFO neutron.db.ovn_revision_numbers_db [None req-6810f9ca-8e82-493e-8c96-5b7a847fefcb d426bcdec8764c59a108b0812ab108f6 7fd528b86cf0483f959e9bcf0561bae7 - - default default] Successfully bumped revision number for resource 774f28b5-22d7-4315-87f1-e3684a5f5beb (type: floatingips) to 2
2026-06-26 11:32:28.833 10 INFO neutron.db.ovn_revision_numbers_db [None req-8ae9385d-ea9e-4ba5-bd70-2a21267fd444 cf84a65b96fe40e3afd2dbd42244ec16 ee48f5bd4cd34d78a54267d47f83f5ed - - default default] Successfully bumped revision number for resource 684fe7ad-ebff-4dff-bff1-1a3ad35f5557 (type: security_groups) to 1
2026-06-26 11:32:28.866 10 INFO neutron.db.ovn_revision_numbers_db [None req-8ae9385d-ea9e-4ba5-bd70-2a21267fd444 cf84a65b96fe40e3afd2dbd42244ec16 ee48f5bd4cd34d78a54267d47f83f5ed - - default default] Successfully bumped revision number for resource 0655a05d-b0cc-4760-b896-e95620bcf03f (type: security_group_rules) to 0
2026-06-26 11:32:28.899 10 INFO neutron.wsgi [None req-6810f9ca-8e82-493e-8c96-5b7a847fefcb d426bcdec8764c59a108b0812ab108f6 7fd528b86cf0483f959e9bcf0561bae7 - - default default] 10.0.0.94 "PUT /v2.0/floatingips/774f28b5-22d7-4315-87f1-e3684a5f5beb HTTP/1.1" status: 200 len: 748 time: 0.3526566
2026-06-26 11:32:28.900 10 INFO neutron.db.ovn_revision_numbers_db [None req-8ae9385d-ea9e-4ba5-bd70-2a21267fd444 cf84a65b96fe40e3afd2dbd42244ec16 ee48f5bd4cd34d78a54267d47f83f5ed - - default default] Successfully bumped revision number for resource 8db8da05-a0e7-4afa-bcaf-072b82b5802d (type: security_group_rules) to 0 /var/lib/openstack/lib/python3.10/site-packages/pycadf/identifier.py:71: UserWarning: Invalid uuid: neutron. To ensure interoperability, identifiers should be a valid uuid. warnings.warn(('Invalid uuid: %s. To ensure interoperability, '
2026-06-26 11:32:28.926 10 INFO neutron.db.ovn_revision_numbers_db [None req-8ae9385d-ea9e-4ba5-bd70-2a21267fd444 cf84a65b96fe40e3afd2dbd42244ec16 ee48f5bd4cd34d78a54267d47f83f5ed - - default default] Successfully bumped revision number for resource a2de4b93-cc2b-4a38-b6ff-774bc1993311 (type: security_group_rules) to 0
2026-06-26 11:32:28.954 10 INFO neutron.db.ovn_revision_numbers_db [None req-8ae9385d-ea9e-4ba5-bd70-2a21267fd444 cf84a65b96fe40e3afd2dbd42244ec16 ee48f5bd4cd34d78a54267d47f83f5ed - - default default] Successfully bumped revision number for resource fac29656-9b16-4b3a-bbae-cbef02f3f7b5 (type: security_group_rules) to 0
2026-06-26 11:32:29.023 10 INFO neutron.db.segments_db [None req-8ae9385d-ea9e-4ba5-bd70-2a21267fd444 cf84a65b96fe40e3afd2dbd42244ec16 ee48f5bd4cd34d78a54267d47f83f5ed - - default default] Added segment 470247d1-a8da-49ff-a090-af7535678aa5 of type geneve for network 041109da-635e-46ee-8822-0b1cf242aab8
2026-06-26 11:32:29.111 10 INFO neutron.db.ovn_revision_numbers_db [None req-f8f25ce2-28c3-4918-9df9-3c82fc997755 - - - - - -] Successfully bumped revision number for resource b7e1ba82-ef36-4068-a721-f57f1cfc59cb (type: ports) to 2
2026-06-26 11:32:29.207 10 INFO neutron.db.ovn_revision_numbers_db [None req-8ae9385d-ea9e-4ba5-bd70-2a21267fd444 cf84a65b96fe40e3afd2dbd42244ec16 ee48f5bd4cd34d78a54267d47f83f5ed - - default default] Successfully bumped revision number for resource 041109da-635e-46ee-8822-0b1cf242aab8 (type: networks) to 1
2026-06-26 11:32:29.239 10 INFO neutron.db.ovn_revision_numbers_db [None req-f8f25ce2-28c3-4918-9df9-3c82fc997755 - - - - - -] Successfully bumped revision number for resource b7e1ba82-ef36-4068-a721-f57f1cfc59cb (type: router_ports) to 2
2026-06-26 11:32:29.253 10 INFO neutron.wsgi [req-6eafad6b-e84d-4ad9-8cbd-c3180c3adf4e req-e5dab921-3e6c-4769-b260-ecf5af9e61b5 88317294ff43498dac735295a8ff7083 9bcf81fae8f2454c89045ccbe675e7a8 - - default default] 10.0.0.119 "GET /v2.0/ports?device_id=d93c73da-3b69-440d-8924-c2f213f3d698 HTTP/1.1" status: 200 len: 1172 time: 0.0549517
2026-06-26 11:32:29.329 10 INFO neutron.wsgi [req-6eafad6b-e84d-4ad9-8cbd-c3180c3adf4e req-63e3ad58-d6d3-465e-8885-14e49f60bab8 88317294ff43498dac735295a8ff7083 9bcf81fae8f2454c89045ccbe675e7a8 - - default default] 10.0.0.119 "GET /v2.0/security-groups?id=fe0bc9fb-bdb3-4b61-b876-4fd28d74012c&fields=id&fields=name HTTP/1.1" status: 200 len: 312 time: 0.0662224
2026-06-26 11:32:29.347 9 INFO neutron.db.ovn_revision_numbers_db [req-7725a834-07d5-419e-9efa-d0b3d5f213ff req-834645b0-551e-499c-9dc4-84ecf6496d3c 16bf3c0e229045679d7bd02180a864c1 0fbb974f5e904015b063ede9e78ed8aa - - b986fca746354db3b6c32b45221f5053 b986fca746354db3b6c32b45221f5053] Successfully bumped revision number for resource dcb4405b-011c-4a95-a930-0a8a5fd1363a (type: ports) to 2
2026-06-26 11:32:29.411 10 WARNING neutron.scheduler.dhcp_agent_scheduler [None req-8ae9385d-ea9e-4ba5-bd70-2a21267fd444 cf84a65b96fe40e3afd2dbd42244ec16 ee48f5bd4cd34d78a54267d47f83f5ed - - default default] No more DHCP agents
2026-06-26 11:32:29.413 10 WARNING neutron.api.rpc.agentnotifiers.dhcp_rpc_agent_api [None req-8ae9385d-ea9e-4ba5-bd70-2a21267fd444 cf84a65b96fe40e3afd2dbd42244ec16 ee48f5bd4cd34d78a54267d47f83f5ed - - default default] Unable to schedule network 041109da-635e-46ee-8822-0b1cf242aab8: no agents available; will retry on subsequent port and subnet creation events.
2026-06-26 11:32:29.491 10 INFO neutron.db.ovn_revision_numbers_db [None req-8ae9385d-ea9e-4ba5-bd70-2a21267fd444 cf84a65b96fe40e3afd2dbd42244ec16 ee48f5bd4cd34d78a54267d47f83f5ed - - default default] Successfully bumped revision number for resource 0f224959-ab1a-4be9-b369-e58a18ba7553 (type: ports) to 1
2026-06-26 11:32:29.514 10 INFO neutron.wsgi [None req-8ae9385d-ea9e-4ba5-bd70-2a21267fd444 cf84a65b96fe40e3afd2dbd42244ec16 ee48f5bd4cd34d78a54267d47f83f5ed - - default default] 10.0.0.94 "POST /v2.0/networks HTTP/1.1" status: 201 len: 946 time: 1.1262958
2026-06-26 11:32:29.619 9 INFO neutron.db.ovn_revision_numbers_db [req-7725a834-07d5-419e-9efa-d0b3d5f213ff req-834645b0-551e-499c-9dc4-84ecf6496d3c 16bf3c0e229045679d7bd02180a864c1 0fbb974f5e904015b063ede9e78ed8aa - - b986fca746354db3b6c32b45221f5053 b986fca746354db3b6c32b45221f5053] Successfully bumped revision number for resource dcb4405b-011c-4a95-a930-0a8a5fd1363a (type: ports) to 2
2026-06-26 11:32:29.636 9 INFO neutron.wsgi [req-7725a834-07d5-419e-9efa-d0b3d5f213ff req-834645b0-551e-499c-9dc4-84ecf6496d3c 16bf3c0e229045679d7bd02180a864c1 0fbb974f5e904015b063ede9e78ed8aa - - b986fca746354db3b6c32b45221f5053 b986fca746354db3b6c32b45221f5053] 199.19.213.104 "PUT /v2.0/ports/dcb4405b-011c-4a95-a930-0a8a5fd1363a HTTP/1.1" status: 200 len: 1380 time: 1.0923355
2026-06-26 11:32:29.644 9 INFO neutron.wsgi [None req-cd02453f-acd2-45b6-b7cd-752e920b3eec d426bcdec8764c59a108b0812ab108f6 7fd528b86cf0483f959e9bcf0561bae7 - - default default] 10.0.0.94 "DELETE /v2.0/floatingips/774f28b5-22d7-4315-87f1-e3684a5f5beb HTTP/1.1" status: 204 len: 168 time: 0.7327693 /var/lib/openstack/lib/python3.10/site-packages/pycadf/identifier.py:71: UserWarning: Invalid uuid: neutron. To ensure interoperability, identifiers should be a valid uuid. warnings.warn(('Invalid uuid: %s. To ensure interoperability, '
2026-06-26 11:32:29.657 9 WARNING neutron_lib.context [None req-1a4d6a4d-35b7-4def-8325-9a8b2cc0b61d d426bcdec8764c59a108b0812ab108f6 7fd528b86cf0483f959e9bcf0561bae7 - - default default] Method 'is_advsvc' is deprecated since 2023.2 release (neutron-lib 3.8.0) and will be removed once support for the old RBAC API policies will be removed from Neutron. Please use method 'is_service_role' instead.
2026-06-26 11:32:29.691 9 INFO neutron.notifiers.nova [-] Nova event matching ['req-48c65bfa-9b0f-4fe0-ace5-6bab9730303b'] response: {'name': 'network-changed', 'server_uuid': 'd93c73da-3b69-440d-8924-c2f213f3d698', 'tag': 'dcb4405b-011c-4a95-a930-0a8a5fd1363a', 'status': 'completed', 'code': 200}
2026-06-26 11:32:29.735 10 WARNING neutron.scheduler.dhcp_agent_scheduler [None req-03a554b8-61f5-4e01-a190-0d4916908f87 cf84a65b96fe40e3afd2dbd42244ec16 ee48f5bd4cd34d78a54267d47f83f5ed - - default default] No more DHCP agents
