2026-06-26 11:32:10.272 10 INFO neutron.db.ovn_revision_numbers_db [None req-84d48080-de1a-4a9d-a0fa-73fefafa85a6 cf84a65b96fe40e3afd2dbd42244ec16 ee48f5bd4cd34d78a54267d47f83f5ed - - default default] Successfully bumped revision number for resource 12ed58cc-1e03-465e-81cf-c4ad31027724 (type: security_groups) to 1
2026-06-26 11:32:10.287 10 INFO neutron.db.ovn_revision_numbers_db [None req-84d48080-de1a-4a9d-a0fa-73fefafa85a6 cf84a65b96fe40e3afd2dbd42244ec16 ee48f5bd4cd34d78a54267d47f83f5ed - - default default] Successfully bumped revision number for resource 1ca4bdb9-b803-444d-ac4a-64490959d5e4 (type: security_group_rules) to 0
2026-06-26 11:32:10.294 9 INFO neutron.wsgi [None req-eea60879-eddf-4be5-8f8c-e8e4714af7e8 32ff5d03df5d47e2bd4449f4f8af92f4 4160c49114d249b9b2afaaa811acc549 - - default default] 10.0.0.94 "POST /v2.0/security-group-rules HTTP/1.1" status: 201 len: 769 time: 0.1718135
2026-06-26 11:32:10.306 10 WARNING neutron_lib.context [None req-2e57cc92-02e5-4f0b-838b-b79c9cc93230 32ff5d03df5d47e2bd4449f4f8af92f4 4160c49114d249b9b2afaaa811acc549 - - default default] Method 'is_advsvc' is deprecated since 2023.2 release (neutron-lib 3.8.0) and will be removed once support for the old RBAC API policies will be removed from Neutron. Please use method 'is_service_role' instead.
2026-06-26 11:32:10.318 10 INFO neutron.db.ovn_revision_numbers_db [None req-84d48080-de1a-4a9d-a0fa-73fefafa85a6 cf84a65b96fe40e3afd2dbd42244ec16 ee48f5bd4cd34d78a54267d47f83f5ed - - default default] Successfully bumped revision number for resource 798db3d5-dc79-4aa0-8f2a-4a8527af9e18 (type: security_group_rules) to 0
2026-06-26 11:32:10.330 10 INFO neutron.db.ovn_revision_numbers_db [None req-84d48080-de1a-4a9d-a0fa-73fefafa85a6 cf84a65b96fe40e3afd2dbd42244ec16 ee48f5bd4cd34d78a54267d47f83f5ed - - default default] Successfully bumped revision number for resource f97cc56d-6801-4185-a3d8-7928a429b912 (type: security_group_rules) to 0
2026-06-26 11:32:10.371 10 INFO neutron.db.ovn_revision_numbers_db [None req-84d48080-de1a-4a9d-a0fa-73fefafa85a6 cf84a65b96fe40e3afd2dbd42244ec16 ee48f5bd4cd34d78a54267d47f83f5ed - - default default] Successfully bumped revision number for resource ffd0318d-2fcf-4fdc-a767-c2a96efb91f2 (type: security_group_rules) to 0
2026-06-26 11:32:10.402 10 INFO neutron.wsgi [None req-84d48080-de1a-4a9d-a0fa-73fefafa85a6 cf84a65b96fe40e3afd2dbd42244ec16 ee48f5bd4cd34d78a54267d47f83f5ed - - default default] 10.0.0.94 "GET /v2.0/security-groups?tenant_id=4c2403264a9b474a8d812268834de4dd&name=default HTTP/1.1" status: 200 len: 2996 time: 0.2879214
2026-06-26 11:32:10.619 10 WARNING neutron.scheduler.dhcp_agent_scheduler [None req-2e57cc92-02e5-4f0b-838b-b79c9cc93230 32ff5d03df5d47e2bd4449f4f8af92f4 4160c49114d249b9b2afaaa811acc549 - - default default] No more DHCP agents
2026-06-26 11:32:10.622 10 WARNING neutron.api.rpc.agentnotifiers.dhcp_rpc_agent_api [None req-2e57cc92-02e5-4f0b-838b-b79c9cc93230 32ff5d03df5d47e2bd4449f4f8af92f4 4160c49114d249b9b2afaaa811acc549 - - default default] Unable to schedule network c453fe23-86db-45e3-ac29-b45b790c7ac6: no agents available; will retry on subsequent port and subnet creation events.
2026-06-26 11:32:10.641 9 INFO neutron.wsgi [None req-c1f20a26-a319-4f33-b385-0b597c6e9ce2 cf84a65b96fe40e3afd2dbd42244ec16 ee48f5bd4cd34d78a54267d47f83f5ed - - default default] 10.0.0.94 "DELETE /v2.0/security-groups/9096b05f-7cc0-425f-807a-8bd98ea806ba HTTP/1.1" status: 204 len: 168 time: 0.3771138
2026-06-26 11:32:10.758 9 INFO neutron.wsgi [None req-40e8e198-44f9-44d4-9340-4992268f92d4 cf84a65b96fe40e3afd2dbd42244ec16 ee48f5bd4cd34d78a54267d47f83f5ed - - default default] 10.0.0.94 "DELETE /v2.0/security-groups/12ed58cc-1e03-465e-81cf-c4ad31027724 HTTP/1.1" status: 204 len: 168 time: 0.3494041
2026-06-26 11:32:10.953 10 INFO neutron.db.ovn_revision_numbers_db [None req-2e57cc92-02e5-4f0b-838b-b79c9cc93230 32ff5d03df5d47e2bd4449f4f8af92f4 4160c49114d249b9b2afaaa811acc549 - - default default] Successfully bumped revision number for resource 58359acc-2e25-48b7-83d0-6504abacacd8 (type: floatingips) to 0
2026-06-26 11:32:10.968 10 INFO neutron.wsgi [None req-2e57cc92-02e5-4f0b-838b-b79c9cc93230 32ff5d03df5d47e2bd4449f4f8af92f4 4160c49114d249b9b2afaaa811acc549 - - default default] 10.0.0.94 "POST /v2.0/floatingips HTTP/1.1" status: 201 len: 751 time: 0.6675200
2026-06-26 11:32:11.444 10 INFO neutron.wsgi [req-df8844e4-733a-48a0-8f62-c93f652fe6d8 req-f5be7446-15d3-4489-9109-bab05fb38051 32ff5d03df5d47e2bd4449f4f8af92f4 4160c49114d249b9b2afaaa811acc549 - - default default] 10.0.0.119 "GET /v2.0/security-groups?name=tempest-securitygroup--469233461&fields=id&tenant_id=4160c49114d249b9b2afaaa811acc549 HTTP/1.1" status: 200 len: 267 time: 0.0491643
2026-06-26 11:32:11.471 9 INFO neutron.wsgi [None req-4be0fb66-eddd-4fe8-9631-bf454f500490 cf84a65b96fe40e3afd2dbd42244ec16 ee48f5bd4cd34d78a54267d47f83f5ed - - default default] 10.0.0.94 "PUT /v2.0/routers/ff795b44-83db-4a51-a757-826ccf6621ed/remove_router_interface HTTP/1.1" status: 200 len: 503 time: 1.1873021 /var/lib/openstack/lib/python3.10/site-packages/pycadf/identifier.py:71: UserWarning: Invalid uuid: neutron. To ensure interoperability, identifiers should be a valid uuid. warnings.warn(('Invalid uuid: %s. To ensure interoperability, '
2026-06-26 11:32:11.518 10 INFO neutron.wsgi [req-df8844e4-733a-48a0-8f62-c93f652fe6d8 req-1ed50dd8-6065-4473-b2ab-2601e1d4a259 32ff5d03df5d47e2bd4449f4f8af92f4 4160c49114d249b9b2afaaa811acc549 - - default default] 10.0.0.119 "GET /v2.0/networks?id=3ad130f7-f1a9-4ff3-a6c1-0298a0504d39 HTTP/1.1" status: 200 len: 874 time: 0.0656903
2026-06-26 11:32:11.543 10 INFO neutron.wsgi [req-df8844e4-733a-48a0-8f62-c93f652fe6d8 req-6d08a9d6-e8d3-451a-bcfb-45e82995ad90 32ff5d03df5d47e2bd4449f4f8af92f4 4160c49114d249b9b2afaaa811acc549 - - default default] 10.0.0.119 "GET /v2.0/quotas/4160c49114d249b9b2afaaa811acc549 HTTP/1.1" status: 200 len: 386 time: 0.0139015
2026-06-26 11:32:11.644 10 INFO neutron.wsgi [req-df8844e4-733a-48a0-8f62-c93f652fe6d8 req-240be214-5ee1-4cad-99db-4d7fbb7b146c 32ff5d03df5d47e2bd4449f4f8af92f4 4160c49114d249b9b2afaaa811acc549 - - default default] 10.0.0.119 "GET /v2.0/ports?tenant_id=4160c49114d249b9b2afaaa811acc549&fields=id HTTP/1.1" status: 200 len: 302 time: 0.0961003
2026-06-26 11:32:11.724 10 INFO neutron.wsgi [req-df8844e4-733a-48a0-8f62-c93f652fe6d8 req-9874cc2a-f546-4de7-b70f-5ac5415d2799 16bf3c0e229045679d7bd02180a864c1 0fbb974f5e904015b063ede9e78ed8aa - - b986fca746354db3b6c32b45221f5053 b986fca746354db3b6c32b45221f5053] 10.0.0.119 "GET /v2.0/networks/3ad130f7-f1a9-4ff3-a6c1-0298a0504d39?fields=segments HTTP/1.1" status: 200 len: 212 time: 0.0656326
2026-06-26 11:32:11.787 10 INFO neutron.wsgi [req-df8844e4-733a-48a0-8f62-c93f652fe6d8 req-f44bfd21-7390-46d6-9035-ab4f79b91f06 16bf3c0e229045679d7bd02180a864c1 0fbb974f5e904015b063ede9e78ed8aa - - b986fca746354db3b6c32b45221f5053 b986fca746354db3b6c32b45221f5053] 10.0.0.119 "GET /v2.0/networks/3ad130f7-f1a9-4ff3-a6c1-0298a0504d39?fields=provider%3Aphysical_network&fields=provider%3Anetwork_type HTTP/1.1" status: 200 len: 277 time: 0.0542994
2026-06-26 11:32:11.968 10 INFO neutron.wsgi [req-e8f8152e-7c2c-436a-b159-524210360ec6 req-e6961444-6029-4bfb-b63e-512ce06ac8c0 32ff5d03df5d47e2bd4449f4f8af92f4 4160c49114d249b9b2afaaa811acc549 - - default default] 10.0.0.119 "GET /v2.0/ports?device_id=ec3663ee-40a2-45d5-825f-4eee6871c1e0 HTTP/1.1" status: 200 len: 210 time: 0.0360372
2026-06-26 11:32:12.610 10 WARNING neutron_lib.context [None req-3cdfd5b8-7cb4-4816-b10c-b20a63ae7572 d9bc1b08e1964af0a160df12efc6f600 91c7079f2bbc4164ac3a62e844d6bd72 - - default default] Method 'is_advsvc' is deprecated since 2023.2 release (neutron-lib 3.8.0) and will be removed once support for the old RBAC API policies will be removed from Neutron. Please use method 'is_service_role' instead.
2026-06-26 11:32:12.704 10 INFO neutron.wsgi [None req-3cdfd5b8-7cb4-4816-b10c-b20a63ae7572 d9bc1b08e1964af0a160df12efc6f600 91c7079f2bbc4164ac3a62e844d6bd72 - - default default] 10.0.0.94 "POST /v2.0/subnetpools HTTP/1.1" status: 201 len: 747 time: 0.3380270
2026-06-26 11:32:12.740 10 INFO neutron.wsgi [None req-b6b1936a-0608-46d8-b573-d4eae27820be d9bc1b08e1964af0a160df12efc6f600 91c7079f2bbc4164ac3a62e844d6bd72 - - default default] 10.0.0.94 "GET /v2.0/subnetpools/40da5d37-d2cf-4fac-b000-39e649409a1e HTTP/1.1" status: 200 len: 742 time: 0.0306847
2026-06-26 11:32:12.861 10 INFO neutron.wsgi [None req-3679cf14-62a3-4f21-a0b0-3588851e8443 d9bc1b08e1964af0a160df12efc6f600 91c7079f2bbc4164ac3a62e844d6bd72 - - default default] 10.0.0.94 "PUT /v2.0/subnetpools/40da5d37-d2cf-4fac-b000-39e649409a1e HTTP/1.1" status: 200 len: 694 time: 0.1155374
2026-06-26 11:32:12.911 9 INFO neutron.wsgi [None req-ee0166d6-e74b-4867-9f50-260c3a01b39c cf84a65b96fe40e3afd2dbd42244ec16 ee48f5bd4cd34d78a54267d47f83f5ed - - default default] 10.0.0.94 "DELETE /v2.0/routers/ff795b44-83db-4a51-a757-826ccf6621ed HTTP/1.1" status: 204 len: 168 time: 1.4360976
2026-06-26 11:32:12.920 9 INFO neutron.wsgi [req-df8844e4-733a-48a0-8f62-c93f652fe6d8 req-433e8bf1-a0a8-47c1-b491-2a7773f727b6 32ff5d03df5d47e2bd4449f4f8af92f4 4160c49114d249b9b2afaaa811acc549 - - default default] 199.19.213.104 "GET /v2.0/networks?id=3ad130f7-f1a9-4ff3-a6c1-0298a0504d39 HTTP/1.1" status: 200 len: 874 time: 0.1230793
2026-06-26 11:32:12.962 10 INFO neutron.wsgi [None req-154c0948-bf09-4dc5-abdb-a19fb0885c64 d9bc1b08e1964af0a160df12efc6f600 91c7079f2bbc4164ac3a62e844d6bd72 - - default default] 10.0.0.94 "DELETE /v2.0/subnetpools/40da5d37-d2cf-4fac-b000-39e649409a1e HTTP/1.1" status: 204 len: 168 time: 0.0945797
2026-06-26 11:32:12.978 10 INFO neutron.api.v2.resource [None req-90ecb92d-c287-4189-a35e-1a4b21da3da5 d9bc1b08e1964af0a160df12efc6f600 91c7079f2bbc4164ac3a62e844d6bd72 - - default default] show failed (client error): The resource could not be found.
2026-06-26 11:32:12.979 10 INFO neutron.wsgi [None req-90ecb92d-c287-4189-a35e-1a4b21da3da5 d9bc1b08e1964af0a160df12efc6f600 91c7079f2bbc4164ac3a62e844d6bd72 - - default default] 10.0.0.94 "GET /v2.0/subnetpools/40da5d37-d2cf-4fac-b000-39e649409a1e HTTP/1.1" status: 404 len: 346 time: 0.0113068
2026-06-26 11:32:12.992 9 INFO neutron.wsgi [req-df8844e4-733a-48a0-8f62-c93f652fe6d8 req-245113ce-a7e1-4176-9f2c-11037afc41c4 32ff5d03df5d47e2bd4449f4f8af92f4 4160c49114d249b9b2afaaa811acc549 - - default default] 199.19.213.104 "GET /v2.0/security-groups?fields=id&fields=name&tenant_id=4160c49114d249b9b2afaaa811acc549 HTTP/1.1" status: 200 len: 379 time: 0.0598383
2026-06-26 11:32:12.997 9 INFO neutron.api.v2.resource [None req-1dd5a4dc-598f-41bb-920b-2a65f630a298 d9bc1b08e1964af0a160df12efc6f600 91c7079f2bbc4164ac3a62e844d6bd72 - - default default] delete failed (client error): The resource could not be found.
2026-06-26 11:32:12.998 9 INFO neutron.wsgi [None req-1dd5a4dc-598f-41bb-920b-2a65f630a298 d9bc1b08e1964af0a160df12efc6f600 91c7079f2bbc4164ac3a62e844d6bd72 - - default default] 10.0.0.94 "DELETE /v2.0/subnetpools/40da5d37-d2cf-4fac-b000-39e649409a1e HTTP/1.1" status: 404 len: 346 time: 0.0140786
2026-06-26 11:32:13.006 9 WARNING neutron_lib.context [req-df8844e4-733a-48a0-8f62-c93f652fe6d8 req-1d73d471-b0cf-4397-9b83-b529d1d4a534 32ff5d03df5d47e2bd4449f4f8af92f4 4160c49114d249b9b2afaaa811acc549 - - default default] Method 'is_advsvc' is deprecated since 2023.2 release (neutron-lib 3.8.0) and will be removed once support for the old RBAC API policies will be removed from Neutron. Please use method 'is_service_role' instead.
2026-06-26 11:32:13.063 10 INFO neutron.wsgi [req-d397c902-79e0-4fc4-8f70-a49a8f347467 req-34713f7e-7098-4297-a59e-69fee97758d4 32ff5d03df5d47e2bd4449f4f8af92f4 4160c49114d249b9b2afaaa811acc549 - - default default] 10.0.0.119 "GET /v2.0/ports?device_id=ec3663ee-40a2-45d5-825f-4eee6871c1e0 HTTP/1.1" status: 200 len: 210 time: 0.0207629
2026-06-26 11:32:13.129 10 INFO neutron.wsgi [None req-6a30fd6e-e612-4d7b-b5c6-c556b98abd89 cf84a65b96fe40e3afd2dbd42244ec16 ee48f5bd4cd34d78a54267d47f83f5ed - - default default] 10.0.0.94 "DELETE /v2.0/subnets/8c137bf2-9b58-4720-964f-6669d3f2611a HTTP/1.1" status: 204 len: 168 time: 0.2120562
2026-06-26 11:32:13.209 9 INFO neutron.wsgi [-] 10.0.0.45 "GET / HTTP/1.1" status: 200 len: 247 time: 0.0015633
2026-06-26 11:32:13.210 9 INFO neutron.wsgi [-] 10.0.0.45 "GET / HTTP/1.1" status: 200 len: 247 time: 0.0008686
2026-06-26 11:32:13.329 9 WARNING neutron.scheduler.dhcp_agent_scheduler [req-df8844e4-733a-48a0-8f62-c93f652fe6d8 req-1d73d471-b0cf-4397-9b83-b529d1d4a534 32ff5d03df5d47e2bd4449f4f8af92f4 4160c49114d249b9b2afaaa811acc549 - - default default] No more DHCP agents
2026-06-26 11:32:13.332 9 WARNING neutron.api.rpc.agentnotifiers.dhcp_rpc_agent_api [req-df8844e4-733a-48a0-8f62-c93f652fe6d8 req-1d73d471-b0cf-4397-9b83-b529d1d4a534 32ff5d03df5d47e2bd4449f4f8af92f4 4160c49114d249b9b2afaaa811acc549 - - default default] Unable to schedule network 3ad130f7-f1a9-4ff3-a6c1-0298a0504d39: no agents available; will retry on subsequent port and subnet creation events.
2026-06-26 11:32:13.469 10 INFO neutron.services.segments.plugin [-] Segment 4a010086-b2c7-40a3-a6ee-f7e354799086 resource provider aggregate not found
2026-06-26 11:32:13.476 10 INFO neutron.services.segments.plugin [-] Segment 4a010086-b2c7-40a3-a6ee-f7e354799086 resource provider aggregate not found
2026-06-26 11:32:13.494 10 INFO neutron.services.segments.plugin [-] Segment 4a010086-b2c7-40a3-a6ee-f7e354799086 resource provider not found; error: Placement Client Error (4xx): {"errors": [{"status": 404, "title": "Not Found", "detail": "The resource could not be found.\n\n No resource provider with uuid 4a010086-b2c7-40a3-a6ee-f7e354799086 found for delete ", "request_id": "req-4c664729-292a-425d-91ba-ae92b41b82f1"}]}
2026-06-26 11:32:13.497 10 INFO neutron.services.segments.plugin [-] Segment 4a010086-b2c7-40a3-a6ee-f7e354799086 resource provider not found; error: Placement Client Error (4xx): {"errors": [{"status": 404, "title": "Not Found", "detail": "The resource could not be found.\n\n No resource provider with uuid 4a010086-b2c7-40a3-a6ee-f7e354799086 found for delete ", "request_id": "req-067e27ad-e857-47c3-af73-0de3736eccb3"}]}
2026-06-26 11:32:13.500 9 INFO neutron.db.ovn_revision_numbers_db [req-df8844e4-733a-48a0-8f62-c93f652fe6d8 req-1d73d471-b0cf-4397-9b83-b529d1d4a534 32ff5d03df5d47e2bd4449f4f8af92f4 4160c49114d249b9b2afaaa811acc549 - - default default] Successfully bumped revision number for resource 1c38b58b-76c0-4a32-9858-e6bfd3a778e7 (type: ports) to 1
2026-06-26 11:32:13.514 10 INFO neutron.wsgi [None req-b583f8a5-d118-4eb6-83a7-7208ae0290e7 cf84a65b96fe40e3afd2dbd42244ec16 ee48f5bd4cd34d78a54267d47f83f5ed - - default default] 10.0.0.94 "DELETE /v2.0/networks/126b6675-6e60-43d3-be99-ce0ab67566b5 HTTP/1.1" status: 204 len: 168 time: 0.3787034
2026-06-26 11:32:13.532 9 INFO neutron.wsgi [req-df8844e4-733a-48a0-8f62-c93f652fe6d8 req-1d73d471-b0cf-4397-9b83-b529d1d4a534 32ff5d03df5d47e2bd4449f4f8af92f4 4160c49114d249b9b2afaaa811acc549 - - default default] 199.19.213.104 "POST /v2.0/ports HTTP/1.1" status: 201 len: 1158 time: 0.5314906 /var/lib/openstack/lib/python3.10/site-packages/pycadf/identifier.py:71: UserWarning: Invalid uuid: neutron. To ensure interoperability, identifiers should be a valid uuid. warnings.warn(('Invalid uuid: %s. To ensure interoperability, '
2026-06-26 11:32:13.701 10 INFO neutron.wsgi [None req-38990dc8-691b-482d-aa70-65f4e532615c cf84a65b96fe40e3afd2dbd42244ec16 ee48f5bd4cd34d78a54267d47f83f5ed - - default default] 10.0.0.94 "GET /v2.0/security-groups?tenant_id=72ab780c61834fe8830037682355765d&name=default HTTP/1.1" status: 200 len: 2992 time: 0.0442641
2026-06-26 11:32:13.865 9 INFO neutron.db.ovn_revision_numbers_db [None req-314f30c6-1e34-464d-8e5b-d58d6494feee cf84a65b96fe40e3afd2dbd42244ec16 ee48f5bd4cd34d78a54267d47f83f5ed - - default default] Successfully bumped revision number for resource ed04cdd8-4b46-4a1a-9129-a44c8720c608 (type: security_groups) to 1
2026-06-26 11:32:13.888 10 INFO neutron.wsgi [None req-15572746-9901-4da9-8752-abfef6f2fa84 cf84a65b96fe40e3afd2dbd42244ec16 ee48f5bd4cd34d78a54267d47f83f5ed - - default default] 10.0.0.94 "DELETE /v2.0/security-groups/989bbfc3-c37e-44aa-a9ea-5bbc99fda6ae HTTP/1.1" status: 204 len: 168 time: 0.1792548
2026-06-26 11:32:13.892 9 WARNING neutron.plugins.ml2.drivers.ovn.mech_driver.ovsdb.ovn_client [None req-cc6754d9-19f8-4b6c-b6a9-849a4ba16fa1 - - - - - -] No hosting information found for port 9e1ed8e9-fe3d-4ba6-a38c-b46025167e15: RuntimeError: No hosting information found for port 9e1ed8e9-fe3d-4ba6-a38c-b46025167e15
2026-06-26 11:32:13.895 9 INFO neutron.db.ovn_revision_numbers_db [None req-314f30c6-1e34-464d-8e5b-d58d6494feee cf84a65b96fe40e3afd2dbd42244ec16 ee48f5bd4cd34d78a54267d47f83f5ed - - default default] Successfully bumped revision number for resource 1b81444d-f1ff-4af6-978d-233b321ee095 (type: security_group_rules) to 0
2026-06-26 11:32:13.916 9 INFO neutron.db.ovn_revision_numbers_db [None req-314f30c6-1e34-464d-8e5b-d58d6494feee cf84a65b96fe40e3afd2dbd42244ec16 ee48f5bd4cd34d78a54267d47f83f5ed - - default default] Successfully bumped revision number for resource b9fb3ff0-945a-4b66-91a5-0a47f5959445 (type: security_group_rules) to 0
2026-06-26 11:32:13.942 9 INFO neutron.db.ovn_revision_numbers_db [None req-314f30c6-1e34-464d-8e5b-d58d6494feee cf84a65b96fe40e3afd2dbd42244ec16 ee48f5bd4cd34d78a54267d47f83f5ed - - default default] Successfully bumped revision number for resource be966088-ca54-4910-aa55-17f924bd9383 (type: security_group_rules) to 0
2026-06-26 11:32:13.959 9 INFO neutron.db.ovn_revision_numbers_db [None req-314f30c6-1e34-464d-8e5b-d58d6494feee cf84a65b96fe40e3afd2dbd42244ec16 ee48f5bd4cd34d78a54267d47f83f5ed - - default default] Successfully bumped revision number for resource cf76a442-67b6-42bc-8474-78f724924d3f (type: security_group_rules) to 0
2026-06-26 11:32:13.993 9 INFO neutron.wsgi [None req-314f30c6-1e34-464d-8e5b-d58d6494feee cf84a65b96fe40e3afd2dbd42244ec16 ee48f5bd4cd34d78a54267d47f83f5ed - - default default] 10.0.0.94 "GET /v2.0/security-groups?tenant_id=91c7079f2bbc4164ac3a62e844d6bd72&name=default HTTP/1.1" status: 200 len: 2996 time: 0.4575067
2026-06-26 11:32:14.008 9 INFO neutron.db.ovn_revision_numbers_db [req-df8844e4-733a-48a0-8f62-c93f652fe6d8 req-ffe767df-00e6-4e6c-bd77-46496cbcf3b0 16bf3c0e229045679d7bd02180a864c1 0fbb974f5e904015b063ede9e78ed8aa - - b986fca746354db3b6c32b45221f5053 b986fca746354db3b6c32b45221f5053] Successfully bumped revision number for resource 1c38b58b-76c0-4a32-9858-e6bfd3a778e7 (type: ports) to 2
2026-06-26 11:32:14.165 10 INFO neutron.wsgi [req-6dcb5551-73c8-40ee-b052-26e1b350dd9e req-06d30cc3-ab03-4a51-b6d5-ae3b948bc076 32ff5d03df5d47e2bd4449f4f8af92f4 4160c49114d249b9b2afaaa811acc549 - - default default] 10.0.0.119 "GET /v2.0/ports?device_id=ec3663ee-40a2-45d5-825f-4eee6871c1e0 HTTP/1.1" status: 200 len: 1168 time: 0.0364263
2026-06-26 11:32:14.211 10 INFO neutron.wsgi [req-6dcb5551-73c8-40ee-b052-26e1b350dd9e req-80b82308-4a7b-48b7-b51b-5a6e7d31f321 32ff5d03df5d47e2bd4449f4f8af92f4 4160c49114d249b9b2afaaa811acc549 - - default default] 10.0.0.119 "GET /v2.0/security-groups?id=5ee9c303-1d39-45f4-8c6b-38cdd694821e&fields=id&fields=name HTTP/1.1" status: 200 len: 312 time: 0.0378447
2026-06-26 11:32:14.214 9 INFO neutron.db.ovn_revision_numbers_db [req-df8844e4-733a-48a0-8f62-c93f652fe6d8 req-ffe767df-00e6-4e6c-bd77-46496cbcf3b0 16bf3c0e229045679d7bd02180a864c1 0fbb974f5e904015b063ede9e78ed8aa - - b986fca746354db3b6c32b45221f5053 b986fca746354db3b6c32b45221f5053] Successfully bumped revision number for resource 1c38b58b-76c0-4a32-9858-e6bfd3a778e7 (type: ports) to 2
2026-06-26 11:32:14.227 10 INFO neutron.wsgi [None req-17e983ca-2ffd-4120-83db-05ffc74ca357 cf84a65b96fe40e3afd2dbd42244ec16 ee48f5bd4cd34d78a54267d47f83f5ed - - default default] 10.0.0.94 "DELETE /v2.0/security-groups/ed04cdd8-4b46-4a1a-9129-a44c8720c608 HTTP/1.1" status: 204 len: 168 time: 0.2280607
2026-06-26 11:32:14.231 9 INFO neutron.wsgi [req-df8844e4-733a-48a0-8f62-c93f652fe6d8 req-ffe767df-00e6-4e6c-bd77-46496cbcf3b0 16bf3c0e229045679d7bd02180a864c1 0fbb974f5e904015b063ede9e78ed8aa - - b986fca746354db3b6c32b45221f5053 b986fca746354db3b6c32b45221f5053] 199.19.213.104 "PUT /v2.0/ports/1c38b58b-76c0-4a32-9858-e6bfd3a778e7 HTTP/1.1" status: 200 len: 1376 time: 0.6865337
2026-06-26 11:32:14.275 9 INFO neutron.notifiers.nova [-] Nova event matching ['req-8722dd30-e05d-408d-ae63-0bdfd9713566'] response: {'name': 'network-changed', 'server_uuid': 'ec3663ee-40a2-45d5-825f-4eee6871c1e0', 'tag': '1c38b58b-76c0-4a32-9858-e6bfd3a778e7', 'status': 'completed', 'code': 200} /var/lib/openstack/lib/python3.10/site-packages/pycadf/identifier.py:71: UserWarning: Invalid uuid: neutron. To ensure interoperability, identifiers should be a valid uuid. warnings.warn(('Invalid uuid: %s. To ensure interoperability, '
2026-06-26 11:32:14.328 9 INFO neutron.wsgi [req-df8844e4-733a-48a0-8f62-c93f652fe6d8 req-3fa53474-7759-4b5d-b9f6-bffc969e6ca8 16bf3c0e229045679d7bd02180a864c1 0fbb974f5e904015b063ede9e78ed8aa - - b986fca746354db3b6c32b45221f5053 b986fca746354db3b6c32b45221f5053] 199.19.213.104 "GET /v2.0/ports?tenant_id=4160c49114d249b9b2afaaa811acc549&device_id=ec3663ee-40a2-45d5-825f-4eee6871c1e0 HTTP/1.1" status: 200 len: 1407 time: 0.0431762
2026-06-26 11:32:14.358 9 INFO neutron.wsgi [req-df8844e4-733a-48a0-8f62-c93f652fe6d8 req-6c2fc801-468d-49b2-b917-fb2b2e6ed360 16bf3c0e229045679d7bd02180a864c1 0fbb974f5e904015b063ede9e78ed8aa - - b986fca746354db3b6c32b45221f5053 b986fca746354db3b6c32b45221f5053] 199.19.213.104 "GET /v2.0/floatingips?fixed_ip_address=10.100.0.7&port_id=1c38b58b-76c0-4a32-9858-e6bfd3a778e7 HTTP/1.1" status: 200 len: 217 time: 0.0237808
2026-06-26 11:32:14.413 9 INFO neutron.wsgi [req-df8844e4-733a-48a0-8f62-c93f652fe6d8 req-31426ee0-17b3-4765-b63b-dc7d48a39dee 16bf3c0e229045679d7bd02180a864c1 0fbb974f5e904015b063ede9e78ed8aa - - b986fca746354db3b6c32b45221f5053 b986fca746354db3b6c32b45221f5053] 199.19.213.104 "GET /v2.0/subnets?id=e704a45e-086b-4686-a3c6-5d791390c50f HTTP/1.1" status: 200 len: 868 time: 0.0488722
2026-06-26 11:32:14.451 9 INFO neutron.wsgi [req-df8844e4-733a-48a0-8f62-c93f652fe6d8 req-06c9497f-6bdd-4f73-bee3-f6df1da557d1 16bf3c0e229045679d7bd02180a864c1 0fbb974f5e904015b063ede9e78ed8aa - - b986fca746354db3b6c32b45221f5053 b986fca746354db3b6c32b45221f5053] 199.19.213.104 "GET /v2.0/ports?network_id=3ad130f7-f1a9-4ff3-a6c1-0298a0504d39&device_owner=network%3Adhcp HTTP/1.1" status: 200 len: 210 time: 0.0312855
2026-06-26 11:32:14.545 9 INFO neutron.wsgi [req-df8844e4-733a-48a0-8f62-c93f652fe6d8 req-c6edddb3-06cb-4403-9618-9e8d1a026279 16bf3c0e229045679d7bd02180a864c1 0fbb974f5e904015b063ede9e78ed8aa - - b986fca746354db3b6c32b45221f5053 b986fca746354db3b6c32b45221f5053] 199.19.213.104 "GET /v2.0/networks/3ad130f7-f1a9-4ff3-a6c1-0298a0504d39?fields=segments HTTP/1.1" status: 200 len: 212 time: 0.0852447
2026-06-26 11:32:14.631 9 INFO neutron.wsgi [req-df8844e4-733a-48a0-8f62-c93f652fe6d8 req-4f49a05e-e6fa-46cb-9afd-ae2b133fc595 16bf3c0e229045679d7bd02180a864c1 0fbb974f5e904015b063ede9e78ed8aa - - b986fca746354db3b6c32b45221f5053 b986fca746354db3b6c32b45221f5053] 199.19.213.104 "GET /v2.0/networks/3ad130f7-f1a9-4ff3-a6c1-0298a0504d39?fields=provider%3Aphysical_network&fields=provider%3Anetwork_type HTTP/1.1" status: 200 len: 277 time: 0.0757537
2026-06-26 11:32:14.754 9 INFO neutron.wsgi [req-f56ce8ac-2ccf-4252-9034-592c80f405f7 req-59119abf-eadd-4711-9c6d-47e0c3be8fa5 16bf3c0e229045679d7bd02180a864c1 0fbb974f5e904015b063ede9e78ed8aa - - b986fca746354db3b6c32b45221f5053 b986fca746354db3b6c32b45221f5053] 199.19.213.104 "GET /v2.0/ports?tenant_id=4160c49114d249b9b2afaaa811acc549&device_id=ec3663ee-40a2-45d5-825f-4eee6871c1e0 HTTP/1.1" status: 200 len: 1407 time: 0.0551045
2026-06-26 11:32:14.817 9 INFO neutron.wsgi [req-f56ce8ac-2ccf-4252-9034-592c80f405f7 req-12452ced-4310-4933-b564-ff3a5e8007be 16bf3c0e229045679d7bd02180a864c1 0fbb974f5e904015b063ede9e78ed8aa - - b986fca746354db3b6c32b45221f5053 b986fca746354db3b6c32b45221f5053] 199.19.213.104 "GET /v2.0/networks?id=3ad130f7-f1a9-4ff3-a6c1-0298a0504d39 HTTP/1.1" status: 200 len: 972 time: 0.0520332
2026-06-26 11:32:14.853 9 INFO neutron.wsgi [req-f56ce8ac-2ccf-4252-9034-592c80f405f7 req-31705293-32be-4d06-be6c-c7af0464294a 16bf3c0e229045679d7bd02180a864c1 0fbb974f5e904015b063ede9e78ed8aa - - b986fca746354db3b6c32b45221f5053 b986fca746354db3b6c32b45221f5053] 199.19.213.104 "GET /v2.0/floatingips?fixed_ip_address=10.100.0.7&port_id=1c38b58b-76c0-4a32-9858-e6bfd3a778e7 HTTP/1.1" status: 200 len: 217 time: 0.0287676
2026-06-26 11:32:14.901 9 INFO neutron.wsgi [req-f56ce8ac-2ccf-4252-9034-592c80f405f7 req-8ba38aef-d559-42c8-b8dc-cafa36e5da79 16bf3c0e229045679d7bd02180a864c1 0fbb974f5e904015b063ede9e78ed8aa - - b986fca746354db3b6c32b45221f5053 b986fca746354db3b6c32b45221f5053] 199.19.213.104 "GET /v2.0/subnets?id=e704a45e-086b-4686-a3c6-5d791390c50f HTTP/1.1" status: 200 len: 868 time: 0.0431845
2026-06-26 11:32:14.902 10 INFO neutron.plugins.ml2.drivers.ovn.mech_driver.mech_driver [None req-f8f25ce2-28c3-4918-9df9-3c82fc997755 - - - - - -] OVN reports status up for port: 1c38b58b-76c0-4a32-9858-e6bfd3a778e7
2026-06-26 11:32:14.925 10 INFO neutron.plugins.ml2.plugin [None req-f8f25ce2-28c3-4918-9df9-3c82fc997755 - - - - - -] Attempt 1 to provision port 1c38b58b-76c0-4a32-9858-e6bfd3a778e7
2026-06-26 11:32:14.957 9 INFO neutron.wsgi [req-f56ce8ac-2ccf-4252-9034-592c80f405f7 req-1aba8177-f1ba-4ba1-b156-625f4ba55b54 16bf3c0e229045679d7bd02180a864c1 0fbb974f5e904015b063ede9e78ed8aa - - b986fca746354db3b6c32b45221f5053 b986fca746354db3b6c32b45221f5053] 199.19.213.104 "GET /v2.0/ports?network_id=3ad130f7-f1a9-4ff3-a6c1-0298a0504d39&device_owner=network%3Adhcp HTTP/1.1" status: 200 len: 210 time: 0.0483086
2026-06-26 11:32:15.050 9 INFO neutron.wsgi [req-f56ce8ac-2ccf-4252-9034-592c80f405f7 req-8b6b696d-5209-4c7b-8a54-3c91770a3b99 16bf3c0e229045679d7bd02180a864c1 0fbb974f5e904015b063ede9e78ed8aa - - b986fca746354db3b6c32b45221f5053 b986fca746354db3b6c32b45221f5053] 199.19.213.104 "GET /v2.0/networks/3ad130f7-f1a9-4ff3-a6c1-0298a0504d39?fields=segments HTTP/1.1" status: 200 len: 212 time: 0.0862379
2026-06-26 11:32:15.091 10 INFO neutron.notifiers.nova [-] Nova event matching ['req-031ef1d4-1fa9-4719-aa88-7b893e4d5a8e'] response: {'server_uuid': 'ec3663ee-40a2-45d5-825f-4eee6871c1e0', 'name': 'network-vif-plugged', 'status': 'completed', 'tag': '1c38b58b-76c0-4a32-9858-e6bfd3a778e7', 'code': 200}
2026-06-26 11:32:15.121 9 INFO neutron.wsgi [req-f56ce8ac-2ccf-4252-9034-592c80f405f7 req-2f8c0548-2dfc-4a59-9612-55124d55d21a 16bf3c0e229045679d7bd02180a864c1 0fbb974f5e904015b063ede9e78ed8aa - - b986fca746354db3b6c32b45221f5053 b986fca746354db3b6c32b45221f5053] 199.19.213.104 "GET /v2.0/networks/3ad130f7-f1a9-4ff3-a6c1-0298a0504d39?fields=provider%3Aphysical_network&fields=provider%3Anetwork_type HTTP/1.1" status: 200 len: 277 time: 0.0642335
2026-06-26 11:32:15.332 10 INFO neutron.db.ovn_revision_numbers_db [None req-f8f25ce2-28c3-4918-9df9-3c82fc997755 - - - - - -] Successfully bumped revision number for resource 1c38b58b-76c0-4a32-9858-e6bfd3a778e7 (type: ports) to 4
2026-06-26 11:32:15.342 10 INFO neutron.wsgi [req-5fd7c166-eaa6-4a42-b434-07347949f14c req-85f14cbe-cb58-43b9-80f8-e1076da9ceb4 32ff5d03df5d47e2bd4449f4f8af92f4 4160c49114d249b9b2afaaa811acc549 - - default default] 10.0.0.119 "GET /v2.0/ports?device_id=ec3663ee-40a2-45d5-825f-4eee6871c1e0 HTTP/1.1" status: 200 len: 1170 time: 0.0620921
2026-06-26 11:32:15.416 10 INFO neutron.wsgi [req-5fd7c166-eaa6-4a42-b434-07347949f14c req-8e68353b-6f6b-4809-b189-8bff749666b7 32ff5d03df5d47e2bd4449f4f8af92f4 4160c49114d249b9b2afaaa811acc549 - - default default] 10.0.0.119 "GET /v2.0/security-groups?id=5ee9c303-1d39-45f4-8c6b-38cdd694821e&fields=id&fields=name HTTP/1.1" status: 200 len: 312 time: 0.0679877 /var/lib/openstack/lib/python3.10/site-packages/pycadf/identifier.py:71: UserWarning: Invalid uuid: neutron. To ensure interoperability, identifiers should be a valid uuid. warnings.warn(('Invalid uuid: %s. To ensure interoperability, '
2026-06-26 11:32:16.204 10 INFO neutron.db.ovn_revision_numbers_db [None req-c69f6feb-5aa0-402a-b1a6-6225a21ef935 cf84a65b96fe40e3afd2dbd42244ec16 ee48f5bd4cd34d78a54267d47f83f5ed - - default default] Successfully bumped revision number for resource 31f00d33-3520-4be7-9159-ef1528699e7c (type: security_groups) to 1
2026-06-26 11:32:16.220 10 INFO neutron.db.ovn_revision_numbers_db [None req-c69f6feb-5aa0-402a-b1a6-6225a21ef935 cf84a65b96fe40e3afd2dbd42244ec16 ee48f5bd4cd34d78a54267d47f83f5ed - - default default] Successfully bumped revision number for resource 2e624b92-c449-46da-8fe6-89a8ec1e77a4 (type: security_group_rules) to 0
2026-06-26 11:32:16.253 10 INFO neutron.db.ovn_revision_numbers_db [None req-c69f6feb-5aa0-402a-b1a6-6225a21ef935 cf84a65b96fe40e3afd2dbd42244ec16 ee48f5bd4cd34d78a54267d47f83f5ed - - default default] Successfully bumped revision number for resource 37faee88-5dc0-4b79-8503-ad6d731c1f73 (type: security_group_rules) to 0
2026-06-26 11:32:16.276 10 INFO neutron.db.ovn_revision_numbers_db [None req-c69f6feb-5aa0-402a-b1a6-6225a21ef935 cf84a65b96fe40e3afd2dbd42244ec16 ee48f5bd4cd34d78a54267d47f83f5ed - - default default] Successfully bumped revision number for resource 9f891428-5f1e-4567-88e7-b06ebb97515c (type: security_group_rules) to 0
2026-06-26 11:32:16.292 10 INFO neutron.db.ovn_revision_numbers_db [None req-c69f6feb-5aa0-402a-b1a6-6225a21ef935 cf84a65b96fe40e3afd2dbd42244ec16 ee48f5bd4cd34d78a54267d47f83f5ed - - default default] Successfully bumped revision number for resource f207896b-e659-4e99-92cf-81da0d90d0f4 (type: security_group_rules) to 0
2026-06-26 11:32:16.360 10 INFO neutron.db.segments_db [None req-c69f6feb-5aa0-402a-b1a6-6225a21ef935 cf84a65b96fe40e3afd2dbd42244ec16 ee48f5bd4cd34d78a54267d47f83f5ed - - default default] Added segment a30efbc2-dd5c-491e-9e5a-23e8d9b1a8f0 of type geneve for network 477991a3-d48f-4b6e-8ecd-d2762675a809
2026-06-26 11:32:16.865 9 INFO neutron.db.ovn_revision_numbers_db [None req-7cc95853-b2d7-4fae-b35e-37ed2d43a7da cf84a65b96fe40e3afd2dbd42244ec16 ee48f5bd4cd34d78a54267d47f83f5ed - - default default] Successfully bumped revision number for resource b3f62c06-8e0d-4c18-88c1-83aa3016cb22 (type: security_groups) to 1
2026-06-26 11:32:16.883 9 INFO neutron.db.ovn_revision_numbers_db [None req-a6c52ad5-b889-44ea-a1d0-9dcf79543d18 cf84a65b96fe40e3afd2dbd42244ec16 ee48f5bd4cd34d78a54267d47f83f5ed - - default default] Successfully bumped revision number for resource c137125d-287b-48e9-afdd-ac76da3e6fa8 (type: security_groups) to 1
2026-06-26 11:32:16.885 9 INFO neutron.db.ovn_revision_numbers_db [None req-7cc95853-b2d7-4fae-b35e-37ed2d43a7da cf84a65b96fe40e3afd2dbd42244ec16 ee48f5bd4cd34d78a54267d47f83f5ed - - default default] Successfully bumped revision number for resource 0c2232c0-6875-4f14-917c-837133f24ca0 (type: security_group_rules) to 0
2026-06-26 11:32:16.896 9 INFO neutron.db.ovn_revision_numbers_db [None req-a6c52ad5-b889-44ea-a1d0-9dcf79543d18 cf84a65b96fe40e3afd2dbd42244ec16 ee48f5bd4cd34d78a54267d47f83f5ed - - default default] Successfully bumped revision number for resource 58b7cb49-b8b0-4426-b960-2ea578d3ac55 (type: security_group_rules) to 0
2026-06-26 11:32:16.900 9 INFO neutron.db.ovn_revision_numbers_db [None req-7cc95853-b2d7-4fae-b35e-37ed2d43a7da cf84a65b96fe40e3afd2dbd42244ec16 ee48f5bd4cd34d78a54267d47f83f5ed - - default default] Successfully bumped revision number for resource 15be726b-5652-4a1b-9a17-32415e6c4223 (type: security_group_rules) to 0
2026-06-26 11:32:16.908 9 INFO neutron.db.ovn_revision_numbers_db [None req-a6c52ad5-b889-44ea-a1d0-9dcf79543d18 cf84a65b96fe40e3afd2dbd42244ec16 ee48f5bd4cd34d78a54267d47f83f5ed - - default default] Successfully bumped revision number for resource 9ee7b50a-c71a-4beb-8297-f148f6078143 (type: security_group_rules) to 0
2026-06-26 11:32:16.919 9 INFO neutron.db.ovn_revision_numbers_db [None req-7cc95853-b2d7-4fae-b35e-37ed2d43a7da cf84a65b96fe40e3afd2dbd42244ec16 ee48f5bd4cd34d78a54267d47f83f5ed - - default default] Successfully bumped revision number for resource 26682aeb-f7ed-4e8a-8176-210cd45641a3 (type: security_group_rules) to 0
2026-06-26 11:32:16.925 9 INFO neutron.db.ovn_revision_numbers_db [None req-a6c52ad5-b889-44ea-a1d0-9dcf79543d18 cf84a65b96fe40e3afd2dbd42244ec16 ee48f5bd4cd34d78a54267d47f83f5ed - - default default] Successfully bumped revision number for resource e0677015-ba0a-4a1c-8eb1-8fd8ae66b992 (type: security_group_rules) to 0
2026-06-26 11:32:16.940 9 INFO neutron.db.ovn_revision_numbers_db [None req-7cc95853-b2d7-4fae-b35e-37ed2d43a7da cf84a65b96fe40e3afd2dbd42244ec16 ee48f5bd4cd34d78a54267d47f83f5ed - - default default] Successfully bumped revision number for resource 4811f096-e39f-49a8-b1ec-3af31a873192 (type: security_group_rules) to 0
2026-06-26 11:32:16.974 9 INFO neutron.db.ovn_revision_numbers_db [None req-a6c52ad5-b889-44ea-a1d0-9dcf79543d18 cf84a65b96fe40e3afd2dbd42244ec16 ee48f5bd4cd34d78a54267d47f83f5ed - - default default] Successfully bumped revision number for resource e658c385-50b2-48ee-b51a-08384ead875e (type: security_group_rules) to 0
2026-06-26 11:32:16.984 9 INFO neutron.wsgi [None req-7cc95853-b2d7-4fae-b35e-37ed2d43a7da cf84a65b96fe40e3afd2dbd42244ec16 ee48f5bd4cd34d78a54267d47f83f5ed - - default default] 10.0.0.94 "GET /v2.0/security-groups?tenant_id=08e4821feb24494aa4cef9dcd01f4a2b&name=default HTTP/1.1" status: 200 len: 2996 time: 0.4518726
2026-06-26 11:32:16.991 10 INFO neutron.db.ovn_revision_numbers_db [None req-c69f6feb-5aa0-402a-b1a6-6225a21ef935 cf84a65b96fe40e3afd2dbd42244ec16 ee48f5bd4cd34d78a54267d47f83f5ed - - default default] Successfully bumped revision number for resource 477991a3-d48f-4b6e-8ecd-d2762675a809 (type: networks) to 1
2026-06-26 11:32:17.011 9 INFO neutron.wsgi [None req-a6c52ad5-b889-44ea-a1d0-9dcf79543d18 cf84a65b96fe40e3afd2dbd42244ec16 ee48f5bd4cd34d78a54267d47f83f5ed - - default default] 10.0.0.94 "GET /v2.0/security-groups?tenant_id=8f116115883a4113a8397ae795040fad&name=default HTTP/1.1" status: 200 len: 2996 time: 0.3153145
2026-06-26 11:32:17.019 10 INFO neutron.wsgi [req-635706c4-a80a-4b4c-94b2-3d2e4dae24a3 req-1712038c-b1c1-4bb6-9ca4-5a6dc04b2ea2 32ff5d03df5d47e2bd4449f4f8af92f4 4160c49114d249b9b2afaaa811acc549 - - default default] 10.0.0.119 "GET /v2.0/ports?device_id=ec3663ee-40a2-45d5-825f-4eee6871c1e0 HTTP/1.1" status: 200 len: 1170 time: 0.1323035
2026-06-26 11:32:17.082 10 INFO neutron.wsgi [req-635706c4-a80a-4b4c-94b2-3d2e4dae24a3 req-033f7bcd-26b8-4ca2-a2f6-65935d8752b6 32ff5d03df5d47e2bd4449f4f8af92f4 4160c49114d249b9b2afaaa811acc549 - - default default] 10.0.0.119 "GET /v2.0/security-groups?id=5ee9c303-1d39-45f4-8c6b-38cdd694821e&fields=id&fields=name HTTP/1.1" status: 200 len: 312 time: 0.0539696
2026-06-26 11:32:17.128 10 INFO neutron.notifiers.nova [-] Nova event matching ['req-9f767b84-5532-45a6-aca1-11e1495086b0'] response: {'server_uuid': 'ec3663ee-40a2-45d5-825f-4eee6871c1e0', 'name': 'network-vif-plugged', 'status': 'completed', 'tag': '1c38b58b-76c0-4a32-9858-e6bfd3a778e7', 'code': 200}
2026-06-26 11:32:17.193 10 INFO neutron.wsgi [req-77ca4191-3385-48e1-b7d5-22ff1e282000 req-73f13ad7-d7f3-4d64-86ff-c5911157db05 32ff5d03df5d47e2bd4449f4f8af92f4 4160c49114d249b9b2afaaa811acc549 - - default default] 10.0.0.119 "GET /v2.0/ports?device_id=ec3663ee-40a2-45d5-825f-4eee6871c1e0 HTTP/1.1" status: 200 len: 1170 time: 0.0403972
2026-06-26 11:32:17.217 10 WARNING neutron.scheduler.dhcp_agent_scheduler [None req-c69f6feb-5aa0-402a-b1a6-6225a21ef935 cf84a65b96fe40e3afd2dbd42244ec16 ee48f5bd4cd34d78a54267d47f83f5ed - - default default] No more DHCP agents
2026-06-26 11:32:17.219 10 WARNING neutron.api.rpc.agentnotifiers.dhcp_rpc_agent_api [None req-c69f6feb-5aa0-402a-b1a6-6225a21ef935 cf84a65b96fe40e3afd2dbd42244ec16 ee48f5bd4cd34d78a54267d47f83f5ed - - default default] Unable to schedule network 477991a3-d48f-4b6e-8ecd-d2762675a809: no agents available; will retry on subsequent port and subnet creation events.
2026-06-26 11:32:17.319 10 INFO neutron.db.ovn_revision_numbers_db [None req-c69f6feb-5aa0-402a-b1a6-6225a21ef935 cf84a65b96fe40e3afd2dbd42244ec16 ee48f5bd4cd34d78a54267d47f83f5ed - - default default] Successfully bumped revision number for resource 1773b69b-3660-4aac-9c42-2e4f6e2f0188 (type: ports) to 1
2026-06-26 11:32:17.320 9 INFO neutron.wsgi [None req-a8c3ffcc-ea03-458b-a728-fd9a4a9434e9 cf84a65b96fe40e3afd2dbd42244ec16 ee48f5bd4cd34d78a54267d47f83f5ed - - default default] 10.0.0.94 "DELETE /v2.0/security-groups/b3f62c06-8e0d-4c18-88c1-83aa3016cb22 HTTP/1.1" status: 204 len: 168 time: 0.3312569
2026-06-26 11:32:17.358 10 INFO neutron.wsgi [None req-c69f6feb-5aa0-402a-b1a6-6225a21ef935 cf84a65b96fe40e3afd2dbd42244ec16 ee48f5bd4cd34d78a54267d47f83f5ed - - default default] 10.0.0.94 "POST /v2.0/networks HTTP/1.1" status: 201 len: 940 time: 1.5535262
2026-06-26 11:32:17.362 9 INFO neutron.wsgi [None req-47f055ed-c6a8-4127-9237-6af4b5074888 cf84a65b96fe40e3afd2dbd42244ec16 ee48f5bd4cd34d78a54267d47f83f5ed - - default default] 10.0.0.94 "DELETE /v2.0/security-groups/c137125d-287b-48e9-afdd-ac76da3e6fa8 HTTP/1.1" status: 204 len: 168 time: 0.3445821
2026-06-26 11:32:17.498 9 INFO neutron.db.l3_db [None req-42476b01-32ef-44df-80f6-2df124bf0e75 32ff5d03df5d47e2bd4449f4f8af92f4 4160c49114d249b9b2afaaa811acc549 - - default default] Floating IP 58359acc-2e25-48b7-83d0-6504abacacd8 associated. External IP: 10.96.250.201, port: 1c38b58b-76c0-4a32-9858-e6bfd3a778e7.
2026-06-26 11:32:17.560 10 WARNING neutron.scheduler.dhcp_agent_scheduler [None req-585407d7-2ae9-451e-a64a-814e8b0384eb cf84a65b96fe40e3afd2dbd42244ec16 ee48f5bd4cd34d78a54267d47f83f5ed - - default default] No more DHCP agents
2026-06-26 11:32:17.569 10 WARNING neutron.api.rpc.agentnotifiers.dhcp_rpc_agent_api [None req-585407d7-2ae9-451e-a64a-814e8b0384eb cf84a65b96fe40e3afd2dbd42244ec16 ee48f5bd4cd34d78a54267d47f83f5ed - - default default] Unable to schedule network 477991a3-d48f-4b6e-8ecd-d2762675a809: no agents available; will retry on subsequent port and subnet creation events.
2026-06-26 11:32:17.736 9 INFO neutron.db.ovn_revision_numbers_db [None req-42476b01-32ef-44df-80f6-2df124bf0e75 32ff5d03df5d47e2bd4449f4f8af92f4 4160c49114d249b9b2afaaa811acc549 - - default default] Successfully bumped revision number for resource 58359acc-2e25-48b7-83d0-6504abacacd8 (type: floatingips) to 1
2026-06-26 11:32:17.867 9 INFO neutron.db.ovn_revision_numbers_db [None req-42476b01-32ef-44df-80f6-2df124bf0e75 32ff5d03df5d47e2bd4449f4f8af92f4 4160c49114d249b9b2afaaa811acc549 - - default default] Successfully bumped revision number for resource 58359acc-2e25-48b7-83d0-6504abacacd8 (type: floatingips) to 2
2026-06-26 11:32:17.897 9 INFO neutron.wsgi [None req-42476b01-32ef-44df-80f6-2df124bf0e75 32ff5d03df5d47e2bd4449f4f8af92f4 4160c49114d249b9b2afaaa811acc549 - - default default] 10.0.0.94 "PUT /v2.0/floatingips/58359acc-2e25-48b7-83d0-6504abacacd8 HTTP/1.1" status: 200 len: 1049 time: 0.6910546
2026-06-26 11:32:17.935 9 INFO neutron.notifiers.nova [-] Nova event matching ['req-a834d842-7a34-411f-9b37-63fb1b1b3112'] response: {'name': 'network-changed', 'server_uuid': 'ec3663ee-40a2-45d5-825f-4eee6871c1e0', 'tag': '1c38b58b-76c0-4a32-9858-e6bfd3a778e7', 'status': 'completed', 'code': 200} /var/lib/openstack/lib/python3.10/site-packages/pycadf/identifier.py:71: UserWarning: Invalid uuid: neutron. To ensure interoperability, identifiers should be a valid uuid. warnings.warn(('Invalid uuid: %s. To ensure interoperability, '
2026-06-26 11:32:17.996 9 INFO neutron.wsgi [req-817c9186-bc25-4f1a-bb56-d951051a3aeb req-5e77b1d8-91bf-4c19-8755-49efe9160bde 16bf3c0e229045679d7bd02180a864c1 0fbb974f5e904015b063ede9e78ed8aa - - b986fca746354db3b6c32b45221f5053 b986fca746354db3b6c32b45221f5053] 199.19.213.104 "GET /v2.0/ports?tenant_id=4160c49114d249b9b2afaaa811acc549&device_id=ec3663ee-40a2-45d5-825f-4eee6871c1e0 HTTP/1.1" status: 200 len: 1409 time: 0.0358632
2026-06-26 11:32:18.015 10 INFO neutron.wsgi [req-c576c379-f8d2-4a3c-bd92-5ded9ccd0889 req-c9551582-08e5-485f-a0e3-966d25dbfad3 32ff5d03df5d47e2bd4449f4f8af92f4 4160c49114d249b9b2afaaa811acc549 - - default default] 10.0.0.119 "GET /v2.0/ports?device_id=ec3663ee-40a2-45d5-825f-4eee6871c1e0 HTTP/1.1" status: 200 len: 1170 time: 0.0659518
2026-06-26 11:32:18.063 9 INFO neutron.wsgi [req-817c9186-bc25-4f1a-bb56-d951051a3aeb req-826ea356-cc78-4ed0-a8a9-d5b6d41080d6 16bf3c0e229045679d7bd02180a864c1 0fbb974f5e904015b063ede9e78ed8aa - - b986fca746354db3b6c32b45221f5053 b986fca746354db3b6c32b45221f5053] 199.19.213.104 "GET /v2.0/networks?id=3ad130f7-f1a9-4ff3-a6c1-0298a0504d39 HTTP/1.1" status: 200 len: 972 time: 0.0631757
2026-06-26 11:32:18.075 10 INFO neutron.wsgi [req-c576c379-f8d2-4a3c-bd92-5ded9ccd0889 req-1645155c-456d-40f3-9709-1f4d7538ed7d 32ff5d03df5d47e2bd4449f4f8af92f4 4160c49114d249b9b2afaaa811acc549 - - default default] 10.0.0.119 "GET /v2.0/security-groups?id=5ee9c303-1d39-45f4-8c6b-38cdd694821e&fields=id&fields=name HTTP/1.1" status: 200 len: 312 time: 0.0531301
2026-06-26 11:32:18.123 9 INFO neutron.wsgi [req-817c9186-bc25-4f1a-bb56-d951051a3aeb req-4a8c1754-47f3-4ddc-82d6-2260a916f9f5 16bf3c0e229045679d7bd02180a864c1 0fbb974f5e904015b063ede9e78ed8aa - - b986fca746354db3b6c32b45221f5053 b986fca746354db3b6c32b45221f5053] 199.19.213.104 "GET /v2.0/floatingips?fixed_ip_address=10.100.0.7&port_id=1c38b58b-76c0-4a32-9858-e6bfd3a778e7 HTTP/1.1" status: 200 len: 1059 time: 0.0542259
2026-06-26 11:32:18.165 9 INFO neutron.wsgi [req-817c9186-bc25-4f1a-bb56-d951051a3aeb req-80fcfd34-e388-41fb-be77-f9b73bac6c95 16bf3c0e229045679d7bd02180a864c1 0fbb974f5e904015b063ede9e78ed8aa - - b986fca746354db3b6c32b45221f5053 b986fca746354db3b6c32b45221f5053] 199.19.213.104 "GET /v2.0/subnets?id=e704a45e-086b-4686-a3c6-5d791390c50f HTTP/1.1" status: 200 len: 868 time: 0.0340834
2026-06-26 11:32:18.192 9 INFO neutron.wsgi [req-817c9186-bc25-4f1a-bb56-d951051a3aeb req-9767abf9-70c9-4ce2-915d-45e56d76f117 16bf3c0e229045679d7bd02180a864c1 0fbb974f5e904015b063ede9e78ed8aa - - b986fca746354db3b6c32b45221f5053 b986fca746354db3b6c32b45221f5053] 199.19.213.104 "GET /v2.0/ports?network_id=3ad130f7-f1a9-4ff3-a6c1-0298a0504d39&device_owner=network%3Adhcp HTTP/1.1" status: 200 len: 210 time: 0.0200665
2026-06-26 11:32:18.234 10 INFO neutron.db.ovn_revision_numbers_db [None req-585407d7-2ae9-451e-a64a-814e8b0384eb cf84a65b96fe40e3afd2dbd42244ec16 ee48f5bd4cd34d78a54267d47f83f5ed - - default default] Successfully bumped revision number for resource 1773b69b-3660-4aac-9c42-2e4f6e2f0188 (type: ports) to 2
2026-06-26 11:32:18.274 9 INFO neutron.wsgi [req-817c9186-bc25-4f1a-bb56-d951051a3aeb req-e67d1a8c-4fac-45ac-abdc-140c449271f8 16bf3c0e229045679d7bd02180a864c1 0fbb974f5e904015b063ede9e78ed8aa - - b986fca746354db3b6c32b45221f5053 b986fca746354db3b6c32b45221f5053] 199.19.213.104 "GET /v2.0/networks/3ad130f7-f1a9-4ff3-a6c1-0298a0504d39?fields=segments HTTP/1.1" status: 200 len: 212 time: 0.0705740
2026-06-26 11:32:18.279 10 INFO neutron.db.ovn_revision_numbers_db [None req-585407d7-2ae9-451e-a64a-814e8b0384eb cf84a65b96fe40e3afd2dbd42244ec16 ee48f5bd4cd34d78a54267d47f83f5ed - - default default] Successfully bumped revision number for resource 93e27635-bbb1-4618-84ce-abbf2fcd0823 (type: subnets) to 0
2026-06-26 11:32:18.299 10 INFO neutron.wsgi [None req-585407d7-2ae9-451e-a64a-814e8b0384eb cf84a65b96fe40e3afd2dbd42244ec16 ee48f5bd4cd34d78a54267d47f83f5ed - - default default] 10.0.0.94 "POST /v2.0/subnets HTTP/1.1" status: 201 len: 860 time: 0.9368134
2026-06-26 11:32:18.346 9 INFO neutron.wsgi [req-817c9186-bc25-4f1a-bb56-d951051a3aeb req-fe682a8e-32dc-4bc9-9c6c-3d2122da635e 16bf3c0e229045679d7bd02180a864c1 0fbb974f5e904015b063ede9e78ed8aa - - b986fca746354db3b6c32b45221f5053 b986fca746354db3b6c32b45221f5053] 199.19.213.104 "GET /v2.0/networks/3ad130f7-f1a9-4ff3-a6c1-0298a0504d39?fields=provider%3Aphysical_network&fields=provider%3Anetwork_type HTTP/1.1" status: 200 len: 277 time: 0.0671062
2026-06-26 11:32:18.489 10 INFO neutron.plugins.ml2.drivers.ovn.mech_driver.mech_driver [None req-f8f25ce2-28c3-4918-9df9-3c82fc997755 - - - - - -] OVN reports status down for port: 1c38b58b-76c0-4a32-9858-e6bfd3a778e7
2026-06-26 11:32:18.525 10 INFO neutron.wsgi [req-885184aa-00bd-4499-a50e-802f9363f000 req-e40064f8-a139-40b3-acbb-76f1df2710aa 32ff5d03df5d47e2bd4449f4f8af92f4 4160c49114d249b9b2afaaa811acc549 - - default default] 10.0.0.119 "GET /v2.0/ports?device_id=ec3663ee-40a2-45d5-825f-4eee6871c1e0 HTTP/1.1" status: 200 len: 1170 time: 0.0561860
2026-06-26 11:32:18.600 10 INFO neutron.wsgi [req-885184aa-00bd-4499-a50e-802f9363f000 req-f6c59d20-f5db-4bb0-bb11-c5f47847eec7 32ff5d03df5d47e2bd4449f4f8af92f4 4160c49114d249b9b2afaaa811acc549 - - default default] 10.0.0.119 "GET /v2.0/security-groups?id=5ee9c303-1d39-45f4-8c6b-38cdd694821e&fields=id&fields=name HTTP/1.1" status: 200 len: 312 time: 0.0646422
2026-06-26 11:32:18.819 9 WARNING neutron.scheduler.dhcp_agent_scheduler [None req-0b83aaa0-c1a9-4a5e-a425-9f365cf3e242 cf84a65b96fe40e3afd2dbd42244ec16 ee48f5bd4cd34d78a54267d47f83f5ed - - default default] No more DHCP agents
2026-06-26 11:32:18.823 9 WARNING neutron.api.rpc.agentnotifiers.dhcp_rpc_agent_api [None req-0b83aaa0-c1a9-4a5e-a425-9f365cf3e242 cf84a65b96fe40e3afd2dbd42244ec16 ee48f5bd4cd34d78a54267d47f83f5ed - - default default] Unable to schedule network c453fe23-86db-45e3-ac29-b45b790c7ac6: no agents available; will retry on subsequent port and subnet creation events.
2026-06-26 11:32:18.865 10 INFO neutron.db.ovn_revision_numbers_db [None req-f8f25ce2-28c3-4918-9df9-3c82fc997755 - - - - - -] Successfully bumped revision number for resource 1c38b58b-76c0-4a32-9858-e6bfd3a778e7 (type: ports) to 5
2026-06-26 11:32:18.899 9 INFO neutron.wsgi [req-db5855fa-9a6d-4c28-84a5-975dda200180 req-c24f7b09-53da-47f9-9bf2-a667d3d4925b 32ff5d03df5d47e2bd4449f4f8af92f4 4160c49114d249b9b2afaaa811acc549 - - default default] 199.19.213.104 "GET /v2.0/ports?device_id=ec3663ee-40a2-45d5-825f-4eee6871c1e0 HTTP/1.1" status: 200 len: 1168 time: 0.1165848
2026-06-26 11:32:19.043 9 INFO neutron.db.ovn_revision_numbers_db [None req-0b83aaa0-c1a9-4a5e-a425-9f365cf3e242 cf84a65b96fe40e3afd2dbd42244ec16 ee48f5bd4cd34d78a54267d47f83f5ed - - default default] Successfully bumped revision number for resource 6dc6fc64-77de-49c7-9c26-89d2df04c872 (type: ports) to 1
2026-06-26 11:32:19.168 10 INFO neutron.notifiers.nova [-] Nova event matching ['req-4abfd1cf-720d-432d-a857-af797e005b67'] response: {'server_uuid': 'ec3663ee-40a2-45d5-825f-4eee6871c1e0', 'name': 'network-vif-unplugged', 'status': 'completed', 'tag': '1c38b58b-76c0-4a32-9858-e6bfd3a778e7', 'code': 200}
2026-06-26 11:32:19.169 10 INFO neutron.notifiers.nova [-] Nova event matching ['req-4abfd1cf-720d-432d-a857-af797e005b67'] response: {'server_uuid': 'ec3663ee-40a2-45d5-825f-4eee6871c1e0', 'name': 'network-vif-plugged', 'status': 'completed', 'tag': '1c38b58b-76c0-4a32-9858-e6bfd3a778e7', 'code': 200} /var/lib/openstack/lib/python3.10/site-packages/pycadf/identifier.py:71: UserWarning: Invalid uuid: neutron. To ensure interoperability, identifiers should be a valid uuid. warnings.warn(('Invalid uuid: %s. To ensure interoperability, '
2026-06-26 11:32:19.462 10 WARNING neutron_lib.context [None req-9238260e-4829-483d-8fc8-fb98b4c749ac d426bcdec8764c59a108b0812ab108f6 7fd528b86cf0483f959e9bcf0561bae7 - - default default] Method 'is_advsvc' is deprecated since 2023.2 release (neutron-lib 3.8.0) and will be removed once support for the old RBAC API policies will be removed from Neutron. Please use method 'is_service_role' instead.
2026-06-26 11:32:19.488 9 INFO neutron.db.l3_db [req-db5855fa-9a6d-4c28-84a5-975dda200180 req-7c890e37-72e5-44bc-8924-67aab38c9cc4 32ff5d03df5d47e2bd4449f4f8af92f4 4160c49114d249b9b2afaaa811acc549 - - default default] Floating IP 58359acc-2e25-48b7-83d0-6504abacacd8 disassociated. External IP: 10.96.250.201, port: 1c38b58b-76c0-4a32-9858-e6bfd3a778e7.
2026-06-26 11:32:19.690 10 INFO neutron.db.ovn_revision_numbers_db [None req-9238260e-4829-483d-8fc8-fb98b4c749ac d426bcdec8764c59a108b0812ab108f6 7fd528b86cf0483f959e9bcf0561bae7 - - default default] Successfully bumped revision number for resource ac12e9b5-7f80-4a66-aed5-3aa9281a3cce (type: security_groups) to 1
2026-06-26 11:32:19.705 10 INFO neutron.db.ovn_revision_numbers_db [None req-9238260e-4829-483d-8fc8-fb98b4c749ac d426bcdec8764c59a108b0812ab108f6 7fd528b86cf0483f959e9bcf0561bae7 - - default default] Successfully bumped revision number for resource 52ca8761-7323-49d1-bfea-2ea97dccb0f3 (type: security_group_rules) to 0 /var/lib/openstack/lib/python3.10/site-packages/pycadf/identifier.py:71: UserWarning: Invalid uuid: neutron. To ensure interoperability, identifiers should be a valid uuid. warnings.warn(('Invalid uuid: %s. To ensure interoperability, '
2026-06-26 11:32:19.744 10 INFO neutron.wsgi [req-4be7cd79-7f0b-41f1-b476-11eb5bccdb8f req-4c40d586-ffdd-41e4-aedb-d11a811c8c63 32ff5d03df5d47e2bd4449f4f8af92f4 4160c49114d249b9b2afaaa811acc549 - - default default] 10.0.0.119 "GET /v2.0/ports?device_id=ec3663ee-40a2-45d5-825f-4eee6871c1e0 HTTP/1.1" status: 200 len: 210 time: 0.0327961
2026-06-26 11:32:19.744 10 INFO neutron.db.ovn_revision_numbers_db [None req-9238260e-4829-483d-8fc8-fb98b4c749ac d426bcdec8764c59a108b0812ab108f6 7fd528b86cf0483f959e9bcf0561bae7 - - default default] Successfully bumped revision number for resource 6d8eb7cf-01ce-492e-8a0b-956049d2d7de (type: security_group_rules) to 0
