2026-06-26 11:31:54.609 10 INFO neutron.plugins.ml2.drivers.ovn.mech_driver.mech_driver [None req-f8f25ce2-28c3-4918-9df9-3c82fc997755 - - - - - -] OVN reports status down for port: 63dfaa6b-d095-4bb7-b3f6-41a84e7fa731
2026-06-26 11:31:54.694 10 INFO neutron.plugins.ml2.db [None req-f8f25ce2-28c3-4918-9df9-3c82fc997755 - - - - - -] No ports have port_id starting with 63dfaa6b-d095-4bb7-b3f6-41a84e7fa731
2026-06-26 11:31:54.698 10 ERROR ovsdbapp.backend.ovs_idl.command [None req-f8f25ce2-28c3-4918-9df9-3c82fc997755 - - - - - -] Error executing command (LspGetUpCommand): ovsdbapp.backend.ovs_idl.idlutils.RowNotFound: Cannot find Logical_Switch_Port with name=63dfaa6b-d095-4bb7-b3f6-41a84e7fa731
2026-06-26 11:31:54.698 10 ERROR ovsdbapp.backend.ovs_idl.command
Traceback (most recent call last):
2026-06-26 11:31:54.698 10 ERROR ovsdbapp.backend.ovs_idl.command
File "/var/lib/openstack/lib/python3.10/site-packages/ovsdbapp/backend/ovs_idl/command.py", line 47, in execute
2026-06-26 11:31:54.698 10 ERROR ovsdbapp.backend.ovs_idl.command self.run_idl(None)
2026-06-26 11:31:54.698 10 ERROR ovsdbapp.backend.ovs_idl.command
File "/var/lib/openstack/lib/python3.10/site-packages/ovsdbapp/schema/ovn_northbound/commands.py", line 672, in run_idl
2026-06-26 11:31:54.698 10 ERROR ovsdbapp.backend.ovs_idl.command lsp = self.api.lookup('Logical_Switch_Port', self.port)
2026-06-26 11:31:54.698 10 ERROR ovsdbapp.backend.ovs_idl.command
File "/var/lib/openstack/lib/python3.10/site-packages/ovsdbapp/backend/ovs_idl/__init__.py", line 184, in lookup
2026-06-26 11:31:54.698 10 ERROR ovsdbapp.backend.ovs_idl.command return self._lookup(table, record)
2026-06-26 11:31:54.698 10 ERROR ovsdbapp.backend.ovs_idl.command
File "/var/lib/openstack/lib/python3.10/site-packages/ovsdbapp/backend/ovs_idl/__init__.py", line 235, in _lookup
2026-06-26 11:31:54.698 10 ERROR ovsdbapp.backend.ovs_idl.command row = idlutils.row_by_value(self, rl.table, rl.column, record)
2026-06-26 11:31:54.698 10 ERROR ovsdbapp.backend.ovs_idl.command
File "/var/lib/openstack/lib/python3.10/site-packages/ovsdbapp/backend/ovs_idl/idlutils.py", line 114, in row_by_value
2026-06-26 11:31:54.698 10 ERROR ovsdbapp.backend.ovs_idl.command raise RowNotFound(table=table, col=column, match=match)
2026-06-26 11:31:54.698 10 ERROR ovsdbapp.backend.ovs_idl.command ovsdbapp.backend.ovs_idl.idlutils.RowNotFound: Cannot find Logical_Switch_Port with name=63dfaa6b-d095-4bb7-b3f6-41a84e7fa731
2026-06-26 11:31:54.698 10 ERROR ovsdbapp.backend.ovs_idl.command 
2026-06-26 11:31:54.699 10 ERROR ovsdbapp.event [None req-f8f25ce2-28c3-4918-9df9-3c82fc997755 - - - - - -] Unexpected exception in notify_loop: ovsdbapp.backend.ovs_idl.idlutils.RowNotFound: Cannot find Logical_Switch_Port with name=63dfaa6b-d095-4bb7-b3f6-41a84e7fa731
2026-06-26 11:31:54.699 10 ERROR ovsdbapp.event
Traceback (most recent call last):
2026-06-26 11:31:54.699 10 ERROR ovsdbapp.event
File "/var/lib/openstack/lib/python3.10/site-packages/ovsdbapp/event.py", line 177, in notify_loop
2026-06-26 11:31:54.699 10 ERROR ovsdbapp.event match.run(event, row, updates)
2026-06-26 11:31:54.699 10 ERROR ovsdbapp.event
File "/var/lib/openstack/lib/python3.10/site-packages/neutron/plugins/ml2/drivers/ovn/mech_driver/ovsdb/ovsdb_monitor.py", line 543, in run
2026-06-26 11:31:54.699 10 ERROR ovsdbapp.event self.driver.set_port_status_down(row.name)
2026-06-26 11:31:54.699 10 ERROR ovsdbapp.event
File "/var/lib/openstack/lib/python3.10/site-packages/neutron/plugins/ml2/drivers/ovn/mech_driver/mech_driver.py", line 1241, in set_port_status_down
2026-06-26 11:31:54.699 10 ERROR ovsdbapp.event self._ovn_client.update_lsp_host_info(
2026-06-26 11:31:54.699 10 ERROR ovsdbapp.event
File "/var/lib/openstack/lib/python3.10/site-packages/neutron/plugins/ml2/drivers/ovn/mech_driver/ovsdb/ovn_client.py", line 297, in update_lsp_host_info
2026-06-26 11:31:54.699 10 ERROR ovsdbapp.event port_up = self._nb_idl.lsp_get_up(db_port.id).execute(
2026-06-26 11:31:54.699 10 ERROR ovsdbapp.event
File "/var/lib/openstack/lib/python3.10/site-packages/ovsdbapp/backend/ovs_idl/command.py", line 47, in execute
2026-06-26 11:31:54.699 10 ERROR ovsdbapp.event self.run_idl(None)
2026-06-26 11:31:54.699 10 ERROR ovsdbapp.event
File "/var/lib/openstack/lib/python3.10/site-packages/ovsdbapp/schema/ovn_northbound/commands.py", line 672, in run_idl
2026-06-26 11:31:54.699 10 ERROR ovsdbapp.event lsp = self.api.lookup('Logical_Switch_Port', self.port)
2026-06-26 11:31:54.699 10 ERROR ovsdbapp.event
File "/var/lib/openstack/lib/python3.10/site-packages/ovsdbapp/backend/ovs_idl/__init__.py", line 184, in lookup
2026-06-26 11:31:54.699 10 ERROR ovsdbapp.event return self._lookup(table, record)
2026-06-26 11:31:54.699 10 ERROR ovsdbapp.event
File "/var/lib/openstack/lib/python3.10/site-packages/ovsdbapp/backend/ovs_idl/__init__.py", line 235, in _lookup
2026-06-26 11:31:54.699 10 ERROR ovsdbapp.event row = idlutils.row_by_value(self, rl.table, rl.column, record)
2026-06-26 11:31:54.699 10 ERROR ovsdbapp.event
File "/var/lib/openstack/lib/python3.10/site-packages/ovsdbapp/backend/ovs_idl/idlutils.py", line 114, in row_by_value
2026-06-26 11:31:54.699 10 ERROR ovsdbapp.event raise RowNotFound(table=table, col=column, match=match)
2026-06-26 11:31:54.699 10 ERROR ovsdbapp.event ovsdbapp.backend.ovs_idl.idlutils.RowNotFound: Cannot find Logical_Switch_Port with name=63dfaa6b-d095-4bb7-b3f6-41a84e7fa731
2026-06-26 11:31:54.699 10 ERROR ovsdbapp.event 
2026-06-26 11:31:54.714 10 INFO neutron.wsgi [req-d0b245fc-70a8-44fa-857a-61556f214b45 req-3f5f0240-6b45-48e2-b207-de117195d8ea ef6e6a6071c14a00b89ba675fcf7510a e350e13906004c80a5a87ad887015f8c - - default default] 199.19.213.104 "DELETE /v2.0/ports/63dfaa6b-d095-4bb7-b3f6-41a84e7fa731 HTTP/1.1" status: 204 len: 173 time: 0.4234972
2026-06-26 11:31:54.723 10 INFO neutron.notifiers.nova [-] Nova event matching ['req-73ab264f-1df6-4b6c-bf96-ec20a74fbb5d'] response: {'server_uuid': 'd1d898d5-5401-4f54-8628-3aa27876a6b4', 'name': 'network-vif-unplugged', 'status': 'completed', 'tag': '1f26c287-1512-4463-9661-2df2720c5641', 'code': 200}
2026-06-26 11:31:54.724 10 INFO neutron.notifiers.nova [-] Nova event matching ['req-73ab264f-1df6-4b6c-bf96-ec20a74fbb5d'] response: {'server_uuid': 'd1d898d5-5401-4f54-8628-3aa27876a6b4', 'name': 'network-vif-plugged', 'status': 'completed', 'tag': '1f26c287-1512-4463-9661-2df2720c5641', 'code': 200}
2026-06-26 11:31:55.058 9 INFO neutron.db.l3_db [req-4da003b3-17ba-4208-97e6-8c5e71453bc7 req-290a2e68-654b-4af0-a59a-b67ede311105 13888046e0a3476c857c32c644750754 ce43f40adbf340208d3c3f9ba705f7dc - - default default] Floating IP 15415162-4a5d-4240-947e-79747f1dccd7 disassociated. External IP: 10.96.250.219, port: 1f26c287-1512-4463-9661-2df2720c5641.
2026-06-26 11:31:55.103 9 WARNING neutron.scheduler.dhcp_agent_scheduler [None req-eceff7cf-f877-4a20-8fa6-e10a410c22e1 e4cd1f999005478d8667a653218d67d5 c9ce5e02582644f7a72f7a7824873983 - - default default] No more DHCP agents
2026-06-26 11:31:55.105 9 WARNING neutron.api.rpc.agentnotifiers.dhcp_rpc_agent_api [None req-eceff7cf-f877-4a20-8fa6-e10a410c22e1 e4cd1f999005478d8667a653218d67d5 c9ce5e02582644f7a72f7a7824873983 - - default default] Unable to schedule network fd357ca0-0d53-4665-823f-f48a39b2f5d7: no agents available; will retry on subsequent port and subnet creation events. /var/lib/openstack/lib/python3.10/site-packages/pycadf/identifier.py:71: UserWarning: Invalid uuid: neutron. To ensure interoperability, identifiers should be a valid uuid. warnings.warn(('Invalid uuid: %s. To ensure interoperability, '
2026-06-26 11:31:55.249 10 INFO neutron.wsgi [req-9165f026-ea20-46bf-8f78-e6a9418b2910 req-8cd67319-120e-45b3-800c-419e2577269c 13888046e0a3476c857c32c644750754 ce43f40adbf340208d3c3f9ba705f7dc - - default default] 10.0.0.119 "GET /v2.0/ports?device_id=d1d898d5-5401-4f54-8628-3aa27876a6b4 HTTP/1.1" status: 200 len: 1168 time: 0.0487835
2026-06-26 11:31:55.305 10 INFO neutron.wsgi [req-9165f026-ea20-46bf-8f78-e6a9418b2910 req-e3853612-b0b8-44e4-9a00-cf9a06af8ae3 13888046e0a3476c857c32c644750754 ce43f40adbf340208d3c3f9ba705f7dc - - default default] 10.0.0.119 "GET /v2.0/security-groups?id=6bede0af-fb5b-4cd3-acc3-f2afcdc802e8&fields=id&fields=name HTTP/1.1" status: 200 len: 313 time: 0.0484755
2026-06-26 11:31:55.318 9 INFO neutron.wsgi [req-4da003b3-17ba-4208-97e6-8c5e71453bc7 req-290a2e68-654b-4af0-a59a-b67ede311105 13888046e0a3476c857c32c644750754 ce43f40adbf340208d3c3f9ba705f7dc - - default default] 199.19.213.104 "DELETE /v2.0/ports/1f26c287-1512-4463-9661-2df2720c5641 HTTP/1.1" status: 204 len: 173 time: 0.9880893
2026-06-26 11:31:55.388 9 INFO neutron.notifiers.nova [-] Nova event matching ['req-46605f22-a8d1-4140-8575-835af41c3264'] response: {'server_uuid': 'd1d898d5-5401-4f54-8628-3aa27876a6b4', 'name': 'network-vif-deleted', 'tag': '1f26c287-1512-4463-9661-2df2720c5641', 'status': 'completed', 'code': 200}
2026-06-26 11:31:55.658 9 INFO neutron.db.ovn_revision_numbers_db [None req-eceff7cf-f877-4a20-8fa6-e10a410c22e1 e4cd1f999005478d8667a653218d67d5 c9ce5e02582644f7a72f7a7824873983 - - default default] Successfully bumped revision number for resource a2d7eb29-a0e7-4b51-b75f-7a2f8d78283a (type: ports) to 2
2026-06-26 11:31:55.695 9 INFO neutron.db.ovn_revision_numbers_db [None req-eceff7cf-f877-4a20-8fa6-e10a410c22e1 e4cd1f999005478d8667a653218d67d5 c9ce5e02582644f7a72f7a7824873983 - - default default] Successfully bumped revision number for resource 9dd91b3b-e1fa-4ba8-b13c-b8d4dbbb89ed (type: subnets) to 0
2026-06-26 11:31:55.727 9 INFO neutron.wsgi [None req-eceff7cf-f877-4a20-8fa6-e10a410c22e1 e4cd1f999005478d8667a653218d67d5 c9ce5e02582644f7a72f7a7824873983 - - default default] 10.0.0.94 "POST /v2.0/subnets HTTP/1.1" status: 201 len: 801 time: 1.2608175
2026-06-26 11:31:55.737 9 WARNING neutron_lib.context [None req-5bb6d6e9-2259-4dc9-a575-a7d954a72a17 e4cd1f999005478d8667a653218d67d5 c9ce5e02582644f7a72f7a7824873983 - - default default] Method 'is_advsvc' is deprecated since 2023.2 release (neutron-lib 3.8.0) and will be removed once support for the old RBAC API policies will be removed from Neutron. Please use method 'is_service_role' instead.
2026-06-26 11:31:56.070 9 WARNING neutron.scheduler.dhcp_agent_scheduler [None req-5bb6d6e9-2259-4dc9-a575-a7d954a72a17 e4cd1f999005478d8667a653218d67d5 c9ce5e02582644f7a72f7a7824873983 - - default default] No more DHCP agents
2026-06-26 11:31:56.072 9 WARNING neutron.api.rpc.agentnotifiers.dhcp_rpc_agent_api [None req-5bb6d6e9-2259-4dc9-a575-a7d954a72a17 e4cd1f999005478d8667a653218d67d5 c9ce5e02582644f7a72f7a7824873983 - - default default] Unable to schedule network fd357ca0-0d53-4665-823f-f48a39b2f5d7: no agents available; will retry on subsequent port and subnet creation events.
2026-06-26 11:31:56.204 9 INFO neutron.db.ovn_revision_numbers_db [None req-5bb6d6e9-2259-4dc9-a575-a7d954a72a17 e4cd1f999005478d8667a653218d67d5 c9ce5e02582644f7a72f7a7824873983 - - default default] Successfully bumped revision number for resource f8abad22-9036-4c87-87ee-13017fdf7533 (type: ports) to 1
2026-06-26 11:31:56.231 9 INFO neutron.wsgi [None req-5bb6d6e9-2259-4dc9-a575-a7d954a72a17 e4cd1f999005478d8667a653218d67d5 c9ce5e02582644f7a72f7a7824873983 - - default default] 10.0.0.94 "POST /v2.0/ports HTTP/1.1" status: 201 len: 1149 time: 0.4982824 /var/lib/openstack/lib/python3.10/site-packages/pycadf/identifier.py:71: UserWarning: Invalid uuid: neutron. To ensure interoperability, identifiers should be a valid uuid. warnings.warn(('Invalid uuid: %s. To ensure interoperability, '
2026-06-26 11:31:56.514 9 INFO neutron.wsgi [None req-548172aa-0115-4fd9-8ecb-f7e91cf7c50a 13888046e0a3476c857c32c644750754 ce43f40adbf340208d3c3f9ba705f7dc - - default default] 10.0.0.94 "DELETE /v2.0/security-groups/6bede0af-fb5b-4cd3-acc3-f2afcdc802e8 HTTP/1.1" status: 204 len: 168 time: 0.1258979
2026-06-26 11:31:56.532 9 INFO neutron.api.v2.resource [None req-5f059338-5966-47a5-9b03-291f39a4b18a 13888046e0a3476c857c32c644750754 ce43f40adbf340208d3c3f9ba705f7dc - - default default] show failed (client error): The resource could not be found.
2026-06-26 11:31:56.535 9 INFO neutron.wsgi [None req-5f059338-5966-47a5-9b03-291f39a4b18a 13888046e0a3476c857c32c644750754 ce43f40adbf340208d3c3f9ba705f7dc - - default default] 10.0.0.94 "GET /v2.0/security-groups/6bede0af-fb5b-4cd3-acc3-f2afcdc802e8 HTTP/1.1" status: 404 len: 347 time: 0.0150590
2026-06-26 11:31:56.834 10 INFO neutron.notifiers.nova [-] Nova event matching ['req-f494ba9a-6f3d-4722-a29f-e5f4c6904817'] response: {'server_uuid': '1e5194eb-08cb-441f-af0a-37560a3db28b', 'name': 'network-vif-plugged', 'status': 'completed', 'tag': '63dfaa6b-d095-4bb7-b3f6-41a84e7fa731', 'code': 200}
2026-06-26 11:31:56.834 10 INFO neutron.notifiers.nova [-] Nova event matching ['req-f494ba9a-6f3d-4722-a29f-e5f4c6904817'] response: {'server_uuid': '1e5194eb-08cb-441f-af0a-37560a3db28b', 'name': 'network-vif-deleted', 'tag': '63dfaa6b-d095-4bb7-b3f6-41a84e7fa731', 'status': 'completed', 'code': 200}
2026-06-26 11:31:56.861 9 INFO neutron.wsgi [None req-a1791b95-aa21-4ac6-9d9e-6a75fe51955d 13888046e0a3476c857c32c644750754 ce43f40adbf340208d3c3f9ba705f7dc - - default default] 10.0.0.94 "DELETE /v2.0/floatingips/15415162-4a5d-4240-947e-79747f1dccd7 HTTP/1.1" status: 204 len: 168 time: 0.3203647
2026-06-26 11:31:56.919 10 INFO neutron.wsgi [None req-22700615-306a-4777-850e-87fc1b733d2e cf84a65b96fe40e3afd2dbd42244ec16 ee48f5bd4cd34d78a54267d47f83f5ed - - default default] 10.0.0.94 "PUT /v2.0/routers/093db264-2f53-4d02-a022-810fa193028a/remove_router_interface HTTP/1.1" status: 200 len: 503 time: 1.6282930 /var/lib/openstack/lib/python3.10/site-packages/pycadf/identifier.py:71: UserWarning: Invalid uuid: neutron. To ensure interoperability, identifiers should be a valid uuid. warnings.warn(('Invalid uuid: %s. To ensure interoperability, '
2026-06-26 11:31:57.084 10 INFO neutron.wsgi [None req-178618ca-82c8-4c1f-8541-3488f6119ac9 e4cd1f999005478d8667a653218d67d5 c9ce5e02582644f7a72f7a7824873983 - - default default] 10.0.0.94 "DELETE /v2.0/ports/f8abad22-9036-4c87-87ee-13017fdf7533 HTTP/1.1" status: 204 len: 168 time: 0.8468342
2026-06-26 11:31:57.136 10 INFO neutron.pecan_wsgi.hooks.translation [None req-fd5b4ba6-7fce-43f0-ac89-a86ba391179e e4cd1f999005478d8667a653218d67d5 c9ce5e02582644f7a72f7a7824873983 - - default default] DELETE failed (client error): The resource could not be found.
2026-06-26 11:31:57.139 10 INFO neutron.wsgi [None req-fd5b4ba6-7fce-43f0-ac89-a86ba391179e e4cd1f999005478d8667a653218d67d5 c9ce5e02582644f7a72f7a7824873983 - - default default] 10.0.0.94 "DELETE /v2.0/ports/f8abad22-9036-4c87-87ee-13017fdf7533 HTTP/1.1" status: 404 len: 333 time: 0.0492001
2026-06-26 11:31:57.160 10 INFO neutron.pecan_wsgi.hooks.translation [None req-561d0697-a688-4a50-9ad0-3322e24be664 e4cd1f999005478d8667a653218d67d5 c9ce5e02582644f7a72f7a7824873983 - - default default] GET failed (client error): The resource could not be found.
2026-06-26 11:31:57.162 10 INFO neutron.wsgi [None req-561d0697-a688-4a50-9ad0-3322e24be664 e4cd1f999005478d8667a653218d67d5 c9ce5e02582644f7a72f7a7824873983 - - default default] 10.0.0.94 "GET /v2.0/ports/f8abad22-9036-4c87-87ee-13017fdf7533 HTTP/1.1" status: 404 len: 333 time: 0.0178967
2026-06-26 11:31:57.409 9 INFO neutron.wsgi [None req-9dfd40b4-690c-4abe-a2da-bed3170b7782 e4cd1f999005478d8667a653218d67d5 c9ce5e02582644f7a72f7a7824873983 - - default default] 10.0.0.94 "DELETE /v2.0/subnets/9dd91b3b-e1fa-4ba8-b13c-b8d4dbbb89ed HTTP/1.1" status: 204 len: 168 time: 0.2391310
2026-06-26 11:31:57.857 10 INFO neutron.wsgi [None req-78cfb443-40e3-4acb-9abd-93b6336ca4df cf84a65b96fe40e3afd2dbd42244ec16 ee48f5bd4cd34d78a54267d47f83f5ed - - default default] 10.0.0.94 "DELETE /v2.0/routers/093db264-2f53-4d02-a022-810fa193028a HTTP/1.1" status: 204 len: 168 time: 0.9329300
2026-06-26 11:31:58.048 10 INFO neutron.wsgi [None req-56a4cea3-fa22-40c1-b8d9-16a2e9773696 cf84a65b96fe40e3afd2dbd42244ec16 ee48f5bd4cd34d78a54267d47f83f5ed - - default default] 10.0.0.94 "DELETE /v2.0/subnets/a4bd29bd-5337-4bfe-b510-4229a4a0bca9 HTTP/1.1" status: 204 len: 168 time: 0.1849461
2026-06-26 11:31:58.142 9 INFO neutron.wsgi [None req-7dde063c-1664-4d77-b2fa-49207563a46b e4cd1f999005478d8667a653218d67d5 c9ce5e02582644f7a72f7a7824873983 - - default default] 10.0.0.94 "DELETE /v2.0/networks/fd357ca0-0d53-4665-823f-f48a39b2f5d7 HTTP/1.1" status: 204 len: 168 time: 0.7269418
2026-06-26 11:31:58.154 9 WARNING neutron_lib.context [None req-fff2d2d2-deac-4656-ba96-b8b255d2e8a8 e4cd1f999005478d8667a653218d67d5 c9ce5e02582644f7a72f7a7824873983 - - default default] Method 'is_advsvc' is deprecated since 2023.2 release (neutron-lib 3.8.0) and will be removed once support for the old RBAC API policies will be removed from Neutron. Please use method 'is_service_role' instead.
2026-06-26 11:31:58.177 10 INFO neutron.wsgi [req-158e2761-ef8f-4271-9fb1-ca0214b0cfe9 req-3a3a58ac-4475-4142-85b2-46c48f76b119 16bf3c0e229045679d7bd02180a864c1 0fbb974f5e904015b063ede9e78ed8aa - - b986fca746354db3b6c32b45221f5053 b986fca746354db3b6c32b45221f5053] 10.0.0.26 "GET /v2.0/ports?device_id=3a144001-a43d-4e41-8ede-70336243cbb4 HTTP/1.1" status: 200 len: 1409 time: 0.1763575
2026-06-26 11:31:58.210 9 INFO neutron.wsgi [-] 10.0.0.45 "GET / HTTP/1.1" status: 200 len: 247 time: 0.0013757
2026-06-26 11:31:58.211 10 INFO neutron.wsgi [-] 10.0.0.45 "GET / HTTP/1.1" status: 200 len: 247 time: 0.0021324
2026-06-26 11:31:58.250 10 INFO neutron.wsgi [req-158e2761-ef8f-4271-9fb1-ca0214b0cfe9 req-df89cfbd-612d-4897-8118-4faf44d71329 16bf3c0e229045679d7bd02180a864c1 0fbb974f5e904015b063ede9e78ed8aa - - b986fca746354db3b6c32b45221f5053 b986fca746354db3b6c32b45221f5053] 10.0.0.26 "GET /v2.0/security-groups?id=b75b7a4f-25b7-4718-b4d0-20b63fcdfa47&fields=id&fields=name HTTP/1.1" status: 200 len: 313 time: 0.0649037
2026-06-26 11:31:58.268 9 INFO neutron.db.segments_db [None req-fff2d2d2-deac-4656-ba96-b8b255d2e8a8 e4cd1f999005478d8667a653218d67d5 c9ce5e02582644f7a72f7a7824873983 - - default default] Added segment 42275d3c-77e8-4526-8bcd-25904ca6d474 of type geneve for network a68b55b5-d28b-48ac-a8e0-a51f413436d3
2026-06-26 11:31:58.333 9 INFO neutron.wsgi [None req-064b617e-f415-4fdf-a1d7-980f056f3924 cf84a65b96fe40e3afd2dbd42244ec16 ee48f5bd4cd34d78a54267d47f83f5ed - - default default] 10.0.0.94 "PUT /v2.0/routers/b38b45a7-d78f-44a7-a797-d5a89e3b8c8f/remove_router_interface HTTP/1.1" status: 200 len: 503 time: 1.4666164
2026-06-26 11:31:58.466 9 INFO neutron.db.ovn_revision_numbers_db [None req-fff2d2d2-deac-4656-ba96-b8b255d2e8a8 e4cd1f999005478d8667a653218d67d5 c9ce5e02582644f7a72f7a7824873983 - - default default] Successfully bumped revision number for resource a68b55b5-d28b-48ac-a8e0-a51f413436d3 (type: networks) to 1
2026-06-26 11:31:58.555 9 INFO neutron.services.segments.plugin [-] Segment 0f68488c-1fc7-4a98-9e07-a1014bae18f3 resource provider aggregate not found
2026-06-26 11:31:58.569 9 INFO neutron.services.segments.plugin [-] Segment 0f68488c-1fc7-4a98-9e07-a1014bae18f3 resource provider aggregate not found
2026-06-26 11:31:58.583 10 INFO neutron.services.segments.plugin [-] Segment d3abe59c-30db-4f8b-a557-0e98f7c99e67 resource provider aggregate not found
2026-06-26 11:31:58.589 9 INFO neutron.services.segments.plugin [-] Segment 0f68488c-1fc7-4a98-9e07-a1014bae18f3 resource provider not found; error: Placement Client Error (4xx): {"errors": [{"status": 404, "title": "Not Found", "detail": "The resource could not be found.\n\n No resource provider with uuid 0f68488c-1fc7-4a98-9e07-a1014bae18f3 found for delete ", "request_id": "req-1d41104d-e595-4892-a1c9-ea85117c20d4"}]}
2026-06-26 11:31:58.590 10 INFO neutron.services.segments.plugin [-] Segment d3abe59c-30db-4f8b-a557-0e98f7c99e67 resource provider aggregate not found
2026-06-26 11:31:58.599 9 INFO neutron.services.segments.plugin [-] Segment 0f68488c-1fc7-4a98-9e07-a1014bae18f3 resource provider not found; error: Placement Client Error (4xx): {"errors": [{"status": 404, "title": "Not Found", "detail": "The resource could not be found.\n\n No resource provider with uuid 0f68488c-1fc7-4a98-9e07-a1014bae18f3 found for delete ", "request_id": "req-f7dca702-6efb-4441-a102-07178e43cf24"}]}
2026-06-26 11:31:58.600 10 INFO neutron.services.segments.plugin [-] Segment d3abe59c-30db-4f8b-a557-0e98f7c99e67 resource provider not found; error: Placement Client Error (4xx): {"errors": [{"status": 404, "title": "Not Found", "detail": "The resource could not be found.\n\n No resource provider with uuid d3abe59c-30db-4f8b-a557-0e98f7c99e67 found for delete ", "request_id": "req-2d892f0e-057a-419a-bb7d-2fc80a831d18"}]}
2026-06-26 11:31:58.607 10 INFO neutron.services.segments.plugin [-] Segment d3abe59c-30db-4f8b-a557-0e98f7c99e67 resource provider not found; error: Placement Client Error (4xx): {"errors": [{"status": 404, "title": "Not Found", "detail": "The resource could not be found.\n\n No resource provider with uuid d3abe59c-30db-4f8b-a557-0e98f7c99e67 found for delete ", "request_id": "req-5974c5b9-ce8b-4815-a6b9-18e743b637e4"}]}
2026-06-26 11:31:58.614 10 INFO neutron.wsgi [None req-4c9f3edd-0603-4ff5-8578-d328bcf2361a cf84a65b96fe40e3afd2dbd42244ec16 ee48f5bd4cd34d78a54267d47f83f5ed - - default default] 10.0.0.94 "DELETE /v2.0/networks/1466c056-15a2-4237-9fd7-57da3bd8556a HTTP/1.1" status: 204 len: 168 time: 0.5618527
2026-06-26 11:31:58.673 9 WARNING neutron.scheduler.dhcp_agent_scheduler [None req-fff2d2d2-deac-4656-ba96-b8b255d2e8a8 e4cd1f999005478d8667a653218d67d5 c9ce5e02582644f7a72f7a7824873983 - - default default] No more DHCP agents
2026-06-26 11:31:58.675 9 WARNING neutron.api.rpc.agentnotifiers.dhcp_rpc_agent_api [None req-fff2d2d2-deac-4656-ba96-b8b255d2e8a8 e4cd1f999005478d8667a653218d67d5 c9ce5e02582644f7a72f7a7824873983 - - default default] Unable to schedule network a68b55b5-d28b-48ac-a8e0-a51f413436d3: no agents available; will retry on subsequent port and subnet creation events.
2026-06-26 11:31:58.761 9 INFO neutron.db.ovn_revision_numbers_db [None req-fff2d2d2-deac-4656-ba96-b8b255d2e8a8 e4cd1f999005478d8667a653218d67d5 c9ce5e02582644f7a72f7a7824873983 - - default default] Successfully bumped revision number for resource b5bc20c7-5545-4929-8980-3dd0ba4157e0 (type: ports) to 1
2026-06-26 11:31:58.784 9 INFO neutron.wsgi [None req-fff2d2d2-deac-4656-ba96-b8b255d2e8a8 e4cd1f999005478d8667a653218d67d5 c9ce5e02582644f7a72f7a7824873983 - - default default] 10.0.0.94 "POST /v2.0/networks HTTP/1.1" status: 201 len: 830 time: 0.6327868 /var/lib/openstack/lib/python3.10/site-packages/pycadf/identifier.py:71: UserWarning: Invalid uuid: neutron. To ensure interoperability, identifiers should be a valid uuid. warnings.warn(('Invalid uuid: %s. To ensure interoperability, '
2026-06-26 11:31:58.795 9 WARNING neutron_lib.context [None req-fe2d4d80-1b13-4699-a74d-563a58cdd6c4 e4cd1f999005478d8667a653218d67d5 c9ce5e02582644f7a72f7a7824873983 - - default default] Method 'is_advsvc' is deprecated since 2023.2 release (neutron-lib 3.8.0) and will be removed once support for the old RBAC API policies will be removed from Neutron. Please use method 'is_service_role' instead.
2026-06-26 11:31:58.881 10 INFO neutron.wsgi [None req-e71e1326-e709-4f00-a065-9b5a62c68952 cf84a65b96fe40e3afd2dbd42244ec16 ee48f5bd4cd34d78a54267d47f83f5ed - - default default] 10.0.0.94 "GET /v2.0/security-groups?tenant_id=e350e13906004c80a5a87ad887015f8c&name=default HTTP/1.1" status: 200 len: 2996 time: 0.0591962
2026-06-26 11:31:59.030 9 WARNING neutron.scheduler.dhcp_agent_scheduler [None req-fe2d4d80-1b13-4699-a74d-563a58cdd6c4 e4cd1f999005478d8667a653218d67d5 c9ce5e02582644f7a72f7a7824873983 - - default default] No more DHCP agents
2026-06-26 11:31:59.034 9 WARNING neutron.api.rpc.agentnotifiers.dhcp_rpc_agent_api [None req-fe2d4d80-1b13-4699-a74d-563a58cdd6c4 e4cd1f999005478d8667a653218d67d5 c9ce5e02582644f7a72f7a7824873983 - - default default] Unable to schedule network a68b55b5-d28b-48ac-a8e0-a51f413436d3: no agents available; will retry on subsequent port and subnet creation events.
2026-06-26 11:31:59.161 9 INFO neutron.wsgi [None req-2a8203b2-dfda-4fd8-aca8-94876942bae0 cf84a65b96fe40e3afd2dbd42244ec16 ee48f5bd4cd34d78a54267d47f83f5ed - - default default] 10.0.0.94 "DELETE /v2.0/security-groups/e1993170-7e65-406e-b20c-0b32dc1bbd9b HTTP/1.1" status: 204 len: 168 time: 0.2732189
2026-06-26 11:31:59.485 10 INFO neutron.wsgi [None req-39b76987-4e72-486c-893c-16be9822b55e cf84a65b96fe40e3afd2dbd42244ec16 ee48f5bd4cd34d78a54267d47f83f5ed - - default default] 10.0.0.94 "DELETE /v2.0/routers/b38b45a7-d78f-44a7-a797-d5a89e3b8c8f HTTP/1.1" status: 204 len: 168 time: 1.1456373
2026-06-26 11:31:59.511 9 INFO neutron.db.ovn_revision_numbers_db [None req-fe2d4d80-1b13-4699-a74d-563a58cdd6c4 e4cd1f999005478d8667a653218d67d5 c9ce5e02582644f7a72f7a7824873983 - - default default] Successfully bumped revision number for resource b5bc20c7-5545-4929-8980-3dd0ba4157e0 (type: ports) to 2
2026-06-26 11:31:59.555 9 INFO neutron.db.ovn_revision_numbers_db [None req-fe2d4d80-1b13-4699-a74d-563a58cdd6c4 e4cd1f999005478d8667a653218d67d5 c9ce5e02582644f7a72f7a7824873983 - - default default] Successfully bumped revision number for resource bbeeca9e-6c52-42d0-b2a5-91090c5cf621 (type: subnets) to 0
2026-06-26 11:31:59.573 9 INFO neutron.wsgi [None req-fe2d4d80-1b13-4699-a74d-563a58cdd6c4 e4cd1f999005478d8667a653218d67d5 c9ce5e02582644f7a72f7a7824873983 - - default default] 10.0.0.94 "POST /v2.0/subnets HTTP/1.1" status: 201 len: 801 time: 0.7828608
2026-06-26 11:31:59.583 9 WARNING neutron_lib.context [None req-2e35adad-353a-4ff5-90ef-842848fdb02c e4cd1f999005478d8667a653218d67d5 c9ce5e02582644f7a72f7a7824873983 - - default default] Method 'is_advsvc' is deprecated since 2023.2 release (neutron-lib 3.8.0) and will be removed once support for the old RBAC API policies will be removed from Neutron. Please use method 'is_service_role' instead.
2026-06-26 11:31:59.697 10 INFO neutron.wsgi [None req-17965091-4748-4cd9-bdfc-7ad7ebae28d1 cf84a65b96fe40e3afd2dbd42244ec16 ee48f5bd4cd34d78a54267d47f83f5ed - - default default] 10.0.0.94 "DELETE /v2.0/subnets/4ebb493c-b150-45c6-aad2-fc9de43d6fc2 HTTP/1.1" status: 204 len: 168 time: 0.2086811
2026-06-26 11:31:59.892 9 WARNING neutron.scheduler.dhcp_agent_scheduler [None req-2e35adad-353a-4ff5-90ef-842848fdb02c e4cd1f999005478d8667a653218d67d5 c9ce5e02582644f7a72f7a7824873983 - - default default] No more DHCP agents
2026-06-26 11:31:59.894 9 WARNING neutron.api.rpc.agentnotifiers.dhcp_rpc_agent_api [None req-2e35adad-353a-4ff5-90ef-842848fdb02c e4cd1f999005478d8667a653218d67d5 c9ce5e02582644f7a72f7a7824873983 - - default default] Unable to schedule network a68b55b5-d28b-48ac-a8e0-a51f413436d3: no agents available; will retry on subsequent port and subnet creation events.
2026-06-26 11:32:00.066 9 INFO neutron.db.ovn_revision_numbers_db [None req-2e35adad-353a-4ff5-90ef-842848fdb02c e4cd1f999005478d8667a653218d67d5 c9ce5e02582644f7a72f7a7824873983 - - default default] Successfully bumped revision number for resource 27db7ce7-603f-4dfb-949b-643b27d31781 (type: ports) to 1
2026-06-26 11:32:00.079 10 INFO neutron.wsgi [None req-0780780a-73f9-40ce-9294-02c53c6b82be cf84a65b96fe40e3afd2dbd42244ec16 ee48f5bd4cd34d78a54267d47f83f5ed - - default default] 10.0.0.94 "DELETE /v2.0/networks/9ca5e22c-1898-4a32-81a4-ebda2c3bf43d HTTP/1.1" status: 204 len: 168 time: 0.3750315
2026-06-26 11:32:00.091 9 INFO neutron.wsgi [None req-2e35adad-353a-4ff5-90ef-842848fdb02c e4cd1f999005478d8667a653218d67d5 c9ce5e02582644f7a72f7a7824873983 - - default default] 10.0.0.94 "POST /v2.0/ports HTTP/1.1" status: 201 len: 1110 time: 0.5122030
2026-06-26 11:32:00.216 10 INFO neutron.wsgi [None req-8c90d9e9-1e98-4860-a5a4-4836698901fb cf84a65b96fe40e3afd2dbd42244ec16 ee48f5bd4cd34d78a54267d47f83f5ed - - default default] 10.0.0.94 "GET /v2.0/security-groups?tenant_id=ce43f40adbf340208d3c3f9ba705f7dc&name=default HTTP/1.1" status: 200 len: 2992 time: 0.0326262
2026-06-26 11:32:00.403 9 INFO neutron.wsgi [None req-b0fd56a4-ce46-46d3-843e-1e02d4e52a4f e4cd1f999005478d8667a653218d67d5 c9ce5e02582644f7a72f7a7824873983 - - default default] 10.0.0.94 "DELETE /v2.0/ports/27db7ce7-603f-4dfb-949b-643b27d31781 HTTP/1.1" status: 204 len: 168 time: 0.3047869
2026-06-26 11:32:00.419 10 INFO neutron.wsgi [None req-8bac3d70-baf6-4ac4-8267-36b43cf4cd7a cf84a65b96fe40e3afd2dbd42244ec16 ee48f5bd4cd34d78a54267d47f83f5ed - - default default] 10.0.0.94 "DELETE /v2.0/security-groups/24052665-4b57-4f95-8437-a715414651cb HTTP/1.1" status: 204 len: 168 time: 0.1978440
2026-06-26 11:32:00.426 10 INFO neutron.pecan_wsgi.hooks.translation [None req-2490768b-73f0-4124-9909-e6717073c223 e4cd1f999005478d8667a653218d67d5 c9ce5e02582644f7a72f7a7824873983 - - default default] GET failed (client error): The resource could not be found.
2026-06-26 11:32:00.427 10 INFO neutron.wsgi [None req-2490768b-73f0-4124-9909-e6717073c223 e4cd1f999005478d8667a653218d67d5 c9ce5e02582644f7a72f7a7824873983 - - default default] 10.0.0.94 "GET /v2.0/ports/27db7ce7-603f-4dfb-949b-643b27d31781 HTTP/1.1" status: 404 len: 333 time: 0.0190976
2026-06-26 11:32:00.630 10 INFO neutron.services.segments.plugin [-] Segment 90e2ea40-4e3d-4760-b246-46d9b08773d2 resource provider aggregate not found
2026-06-26 11:32:00.642 10 INFO neutron.services.segments.plugin [-] Segment 90e2ea40-4e3d-4760-b246-46d9b08773d2 resource provider aggregate not found
2026-06-26 11:32:00.649 10 INFO neutron.services.segments.plugin [-] Segment 90e2ea40-4e3d-4760-b246-46d9b08773d2 resource provider not found; error: Placement Client Error (4xx): {"errors": [{"status": 404, "title": "Not Found", "detail": "The resource could not be found.\n\n No resource provider with uuid 90e2ea40-4e3d-4760-b246-46d9b08773d2 found for delete ", "request_id": "req-cbebf1f4-7195-4467-836f-bdd3ac57d47c"}]}
2026-06-26 11:32:00.659 10 INFO neutron.services.segments.plugin [-] Segment 90e2ea40-4e3d-4760-b246-46d9b08773d2 resource provider not found; error: Placement Client Error (4xx): {"errors": [{"status": 404, "title": "Not Found", "detail": "The resource could not be found.\n\n No resource provider with uuid 90e2ea40-4e3d-4760-b246-46d9b08773d2 found for delete ", "request_id": "req-efbf5140-9c12-4cb6-99b7-b84e84ebc7fb"}]}
2026-06-26 11:32:00.707 10 INFO neutron.wsgi [None req-1ac32a2c-ea2d-4fa5-939b-b1dae8610618 e4cd1f999005478d8667a653218d67d5 c9ce5e02582644f7a72f7a7824873983 - - default default] 10.0.0.94 "DELETE /v2.0/subnets/bbeeca9e-6c52-42d0-b2a5-91090c5cf621 HTTP/1.1" status: 204 len: 168 time: 0.2740357
2026-06-26 11:32:01.107 10 INFO neutron.wsgi [None req-6c327b7b-1041-472e-a29a-bab0b1abcbf0 e4cd1f999005478d8667a653218d67d5 c9ce5e02582644f7a72f7a7824873983 - - default default] 10.0.0.94 "DELETE /v2.0/networks/a68b55b5-d28b-48ac-a8e0-a51f413436d3 HTTP/1.1" status: 204 len: 168 time: 0.3950810
2026-06-26 11:32:01.120 9 WARNING neutron_lib.context [None req-c79ae5d5-961f-46a1-9a78-fe6c98d284b5 e4cd1f999005478d8667a653218d67d5 c9ce5e02582644f7a72f7a7824873983 - - default default] Method 'is_advsvc' is deprecated since 2023.2 release (neutron-lib 3.8.0) and will be removed once support for the old RBAC API policies will be removed from Neutron. Please use method 'is_service_role' instead.
2026-06-26 11:32:01.328 9 WARNING neutron.scheduler.dhcp_agent_scheduler [None req-c79ae5d5-961f-46a1-9a78-fe6c98d284b5 e4cd1f999005478d8667a653218d67d5 c9ce5e02582644f7a72f7a7824873983 - - default default] No more DHCP agents
2026-06-26 11:32:01.330 9 WARNING neutron.api.rpc.agentnotifiers.dhcp_rpc_agent_api [None req-c79ae5d5-961f-46a1-9a78-fe6c98d284b5 e4cd1f999005478d8667a653218d67d5 c9ce5e02582644f7a72f7a7824873983 - - default default] Unable to schedule network 81c11e8a-e78e-492a-93bf-85ff24ec2100: no agents available; will retry on subsequent port and subnet creation events.
2026-06-26 11:32:01.413 9 INFO neutron.db.ovn_revision_numbers_db [None req-c79ae5d5-961f-46a1-9a78-fe6c98d284b5 e4cd1f999005478d8667a653218d67d5 c9ce5e02582644f7a72f7a7824873983 - - default default] Successfully bumped revision number for resource 17bd71bb-7a4c-4376-92e1-a704da10add6 (type: ports) to 1
2026-06-26 11:32:01.436 9 INFO neutron.wsgi [None req-c79ae5d5-961f-46a1-9a78-fe6c98d284b5 e4cd1f999005478d8667a653218d67d5 c9ce5e02582644f7a72f7a7824873983 - - default default] 10.0.0.94 "POST /v2.0/ports HTTP/1.1" status: 201 len: 973 time: 0.3232553 /var/lib/openstack/lib/python3.10/site-packages/pycadf/identifier.py:71: UserWarning: Invalid uuid: neutron. To ensure interoperability, identifiers should be a valid uuid. warnings.warn(('Invalid uuid: %s. To ensure interoperability, '
2026-06-26 11:32:01.684 10 INFO neutron.plugins.ml2.drivers.ovn.mech_driver.mech_driver [None req-f8f25ce2-28c3-4918-9df9-3c82fc997755 - - - - - -] OVN reports status down for port: 17bd71bb-7a4c-4376-92e1-a704da10add6
2026-06-26 11:32:01.707 9 INFO neutron.db.ovn_revision_numbers_db [None req-f83c5ec8-3721-4407-8eda-c3c69032521e e4cd1f999005478d8667a653218d67d5 c9ce5e02582644f7a72f7a7824873983 - - default default] Successfully bumped revision number for resource 17bd71bb-7a4c-4376-92e1-a704da10add6 (type: ports) to 2
2026-06-26 11:32:01.719 9 INFO neutron.wsgi [None req-f83c5ec8-3721-4407-8eda-c3c69032521e e4cd1f999005478d8667a653218d67d5 c9ce5e02582644f7a72f7a7824873983 - - default default] 10.0.0.94 "PUT /v2.0/ports/17bd71bb-7a4c-4376-92e1-a704da10add6 HTTP/1.1" status: 200 len: 946 time: 0.2755115 /var/lib/openstack/lib/python3.10/site-packages/pycadf/identifier.py:71: UserWarning: Invalid uuid: neutron. To ensure interoperability, identifiers should be a valid uuid. warnings.warn(('Invalid uuid: %s. To ensure interoperability, '
2026-06-26 11:32:01.929 9 INFO neutron.wsgi [None req-39f73f0b-8812-4f3a-8f92-841ded94c757 e4cd1f999005478d8667a653218d67d5 c9ce5e02582644f7a72f7a7824873983 - - default default] 10.0.0.94 "DELETE /v2.0/ports/17bd71bb-7a4c-4376-92e1-a704da10add6 HTTP/1.1" status: 204 len: 168 time: 0.2052722
2026-06-26 11:32:02.024 9 INFO neutron.wsgi [None req-4b2708d0-ef4f-4b10-b8d5-67e9d686103c e4cd1f999005478d8667a653218d67d5 c9ce5e02582644f7a72f7a7824873983 - - default default] 10.0.0.94 "GET /v2.0/ports HTTP/1.1" status: 200 len: 1729 time: 0.0903158
2026-06-26 11:32:02.053 9 INFO neutron.pecan_wsgi.hooks.translation [None req-b0d6a540-79a9-48e5-8940-bb23d6799f33 e4cd1f999005478d8667a653218d67d5 c9ce5e02582644f7a72f7a7824873983 - - default default] GET failed (client error): The resource could not be found.
2026-06-26 11:32:02.054 9 INFO neutron.wsgi [None req-b0d6a540-79a9-48e5-8940-bb23d6799f33 e4cd1f999005478d8667a653218d67d5 c9ce5e02582644f7a72f7a7824873983 - - default default] 10.0.0.94 "GET /v2.0/ports/17bd71bb-7a4c-4376-92e1-a704da10add6 HTTP/1.1" status: 404 len: 333 time: 0.0258212
2026-06-26 11:32:02.111 9 INFO neutron.wsgi [None req-05ec4af9-63ee-4412-ab85-67a159f193f3 e4cd1f999005478d8667a653218d67d5 c9ce5e02582644f7a72f7a7824873983 - - default default] 10.0.0.94 "GET /v2.0/ports HTTP/1.1" status: 200 len: 1729 time: 0.0485702
2026-06-26 11:32:02.147 10 INFO neutron.wsgi [req-47ddc136-f818-435e-b410-fe4660d48160 req-a55a5fa7-8652-41d3-8a96-cb4b9acf7b14 21645779c3cc45de81a3e37596d025a5 72ab780c61834fe8830037682355765d - - default default] 10.0.0.119 "GET /v2.0/ports?device_id=3a144001-a43d-4e41-8ede-70336243cbb4 HTTP/1.1" status: 200 len: 1170 time: 0.0884593
2026-06-26 11:32:02.149 9 INFO neutron.wsgi [None req-33c5b45a-015f-49dc-b2a2-95a2bc284cde e4cd1f999005478d8667a653218d67d5 c9ce5e02582644f7a72f7a7824873983 - - default default] 10.0.0.94 "GET /v2.0/ports/34872983-41e6-4693-91e4-f457e48549b1 HTTP/1.1" status: 200 len: 969 time: 0.0323982
2026-06-26 11:32:02.175 9 INFO neutron.pecan_wsgi.hooks.translation [None req-7526e1c4-1e4c-468b-8116-c83dab854de3 e4cd1f999005478d8667a653218d67d5 c9ce5e02582644f7a72f7a7824873983 - - default default] DELETE failed (client error): The resource could not be found.
2026-06-26 11:32:02.177 9 INFO neutron.wsgi [None req-7526e1c4-1e4c-468b-8116-c83dab854de3 e4cd1f999005478d8667a653218d67d5 c9ce5e02582644f7a72f7a7824873983 - - default default] 10.0.0.94 "DELETE /v2.0/ports/27db7ce7-603f-4dfb-949b-643b27d31781 HTTP/1.1" status: 404 len: 333 time: 0.0176542
2026-06-26 11:32:02.194 9 INFO neutron.pecan_wsgi.hooks.translation [None req-992c0fb0-2f62-4840-8ce5-c0ae77f31d2e e4cd1f999005478d8667a653218d67d5 c9ce5e02582644f7a72f7a7824873983 - - default default] DELETE failed (client error): The resource could not be found.
2026-06-26 11:32:02.205 9 INFO neutron.wsgi [None req-992c0fb0-2f62-4840-8ce5-c0ae77f31d2e e4cd1f999005478d8667a653218d67d5 c9ce5e02582644f7a72f7a7824873983 - - default default] 10.0.0.94 "DELETE /v2.0/subnets/bbeeca9e-6c52-42d0-b2a5-91090c5cf621 HTTP/1.1" status: 404 len: 337 time: 0.0243454
2026-06-26 11:32:02.238 10 INFO neutron.pecan_wsgi.hooks.translation [None req-d4e5ad63-f996-4d73-9622-b6b2e92eb943 e4cd1f999005478d8667a653218d67d5 c9ce5e02582644f7a72f7a7824873983 - - default default] DELETE failed (client error): The resource could not be found.
2026-06-26 11:32:02.240 10 INFO neutron.wsgi [None req-d4e5ad63-f996-4d73-9622-b6b2e92eb943 e4cd1f999005478d8667a653218d67d5 c9ce5e02582644f7a72f7a7824873983 - - default default] 10.0.0.94 "DELETE /v2.0/subnets/9dd91b3b-e1fa-4ba8-b13c-b8d4dbbb89ed HTTP/1.1" status: 404 len: 337 time: 0.0248637
2026-06-26 11:32:02.257 10 INFO neutron.wsgi [req-6b3f17b6-51b3-4c3d-82f5-1c9324d01d98 req-0d8cc7d0-481b-451f-bc1a-3aa1b27d9bc1 21645779c3cc45de81a3e37596d025a5 72ab780c61834fe8830037682355765d - - default default] 10.0.0.119 "GET /v2.0/ports/4c9e925b-5b4e-44d9-881f-d0d1aaa9a2f8 HTTP/1.1" status: 200 len: 1167 time: 0.0426898
2026-06-26 11:32:02.452 9 INFO neutron.wsgi [req-05936c73-5845-4625-8cd3-b23328a863f4 req-a7fccd66-c1e5-4a36-bd27-f3d3bdf0b9dc 21645779c3cc45de81a3e37596d025a5 72ab780c61834fe8830037682355765d - - default default] 199.19.213.104 "GET /v2.0/subnets?network_id=126b6675-6e60-43d3-be99-ce0ab67566b5 HTTP/1.1" status: 200 len: 858 time: 0.0568583
2026-06-26 11:32:02.468 10 INFO neutron.wsgi [None req-2beea27a-d088-4d28-815f-70776de74646 e4cd1f999005478d8667a653218d67d5 c9ce5e02582644f7a72f7a7824873983 - - default default] 10.0.0.94 "DELETE /v2.0/ports/34872983-41e6-4693-91e4-f457e48549b1 HTTP/1.1" status: 204 len: 168 time: 0.2209268
2026-06-26 11:32:02.559 9 INFO neutron.wsgi [req-05936c73-5845-4625-8cd3-b23328a863f4 req-5ade2734-e370-41ae-bd71-01c7e4efbf92 21645779c3cc45de81a3e37596d025a5 72ab780c61834fe8830037682355765d - - default default] 199.19.213.104 "GET /v2.0/ports?device_id=3a144001-a43d-4e41-8ede-70336243cbb4&device_owner=compute%3Anova&network_id=126b6675-6e60-43d3-be99-ce0ab67566b5 HTTP/1.1" status: 200 len: 1170 time: 0.1028118
2026-06-26 11:32:02.686 10 INFO neutron.services.segments.plugin [-] Segment 42275d3c-77e8-4526-8bcd-25904ca6d474 resource provider aggregate not found
2026-06-26 11:32:02.690 10 INFO neutron.services.segments.plugin [-] Segment 42275d3c-77e8-4526-8bcd-25904ca6d474 resource provider aggregate not found
2026-06-26 11:32:02.701 10 INFO neutron.db.ovn_revision_numbers_db [None req-4723096f-a638-4c57-8255-2206f4d17dd6 cf84a65b96fe40e3afd2dbd42244ec16 ee48f5bd4cd34d78a54267d47f83f5ed - - default default] Successfully bumped revision number for resource 0d10f1cd-624a-4e1b-8347-a7662890911d (type: security_groups) to 1
2026-06-26 11:32:02.708 10 INFO neutron.services.segments.plugin [-] Segment 42275d3c-77e8-4526-8bcd-25904ca6d474 resource provider not found; error: Placement Client Error (4xx): {"errors": [{"status": 404, "title": "Not Found", "detail": "The resource could not be found.\n\n No resource provider with uuid 42275d3c-77e8-4526-8bcd-25904ca6d474 found for delete ", "request_id": "req-10424e8e-5e55-495d-9c14-0e81d650d757"}]}
2026-06-26 11:32:02.712 10 INFO neutron.services.segments.plugin [-] Segment 42275d3c-77e8-4526-8bcd-25904ca6d474 resource provider not found; error: Placement Client Error (4xx): {"errors": [{"status": 404, "title": "Not Found", "detail": "The resource could not be found.\n\n No resource provider with uuid 42275d3c-77e8-4526-8bcd-25904ca6d474 found for delete ", "request_id": "req-270fac7a-ab1f-4069-9856-abdaefb08063"}]}
2026-06-26 11:32:02.721 10 INFO neutron.db.ovn_revision_numbers_db [None req-4723096f-a638-4c57-8255-2206f4d17dd6 cf84a65b96fe40e3afd2dbd42244ec16 ee48f5bd4cd34d78a54267d47f83f5ed - - default default] Successfully bumped revision number for resource 7af6ba9c-586b-48c9-bb03-6e527d38d04c (type: security_group_rules) to 0
2026-06-26 11:32:02.744 10 INFO neutron.db.ovn_revision_numbers_db [None req-4723096f-a638-4c57-8255-2206f4d17dd6 cf84a65b96fe40e3afd2dbd42244ec16 ee48f5bd4cd34d78a54267d47f83f5ed - - default default] Successfully bumped revision number for resource a68383db-07e7-4fbb-a755-5706c809eb81 (type: security_group_rules) to 0
2026-06-26 11:32:02.763 10 INFO neutron.db.ovn_revision_numbers_db [None req-4723096f-a638-4c57-8255-2206f4d17dd6 cf84a65b96fe40e3afd2dbd42244ec16 ee48f5bd4cd34d78a54267d47f83f5ed - - default default] Successfully bumped revision number for resource cd3c4946-97a2-4c4c-b513-867efa9c08ac (type: security_group_rules) to 0
2026-06-26 11:32:02.789 10 INFO neutron.db.ovn_revision_numbers_db [None req-4723096f-a638-4c57-8255-2206f4d17dd6 cf84a65b96fe40e3afd2dbd42244ec16 ee48f5bd4cd34d78a54267d47f83f5ed - - default default] Successfully bumped revision number for resource db4a55c1-02c1-4979-a1b5-d3e8b84b5089 (type: security_group_rules) to 0
2026-06-26 11:32:02.854 10 INFO neutron.db.segments_db [None req-4723096f-a638-4c57-8255-2206f4d17dd6 cf84a65b96fe40e3afd2dbd42244ec16 ee48f5bd4cd34d78a54267d47f83f5ed - - default default] Added segment 13d0e605-dab6-4d11-8289-2993ab1a0e44 of type geneve for network 3ad130f7-f1a9-4ff3-a6c1-0298a0504d39
2026-06-26 11:32:02.953 10 INFO neutron.wsgi [None req-419792b3-44de-41f0-9931-527fe93a8bc3 e4cd1f999005478d8667a653218d67d5 c9ce5e02582644f7a72f7a7824873983 - - default default] 10.0.0.94 "DELETE /v2.0/networks/81c11e8a-e78e-492a-93bf-85ff24ec2100 HTTP/1.1" status: 204 len: 168 time: 0.4803569
2026-06-26 11:32:03.001 10 INFO neutron.db.ovn_revision_numbers_db [None req-4723096f-a638-4c57-8255-2206f4d17dd6 cf84a65b96fe40e3afd2dbd42244ec16 ee48f5bd4cd34d78a54267d47f83f5ed - - default default] Successfully bumped revision number for resource 3ad130f7-f1a9-4ff3-a6c1-0298a0504d39 (type: networks) to 1
2026-06-26 11:32:03.148 10 WARNING neutron.scheduler.dhcp_agent_scheduler [None req-4723096f-a638-4c57-8255-2206f4d17dd6 cf84a65b96fe40e3afd2dbd42244ec16 ee48f5bd4cd34d78a54267d47f83f5ed - - default default] No more DHCP agents
2026-06-26 11:32:03.151 10 WARNING neutron.api.rpc.agentnotifiers.dhcp_rpc_agent_api [None req-4723096f-a638-4c57-8255-2206f4d17dd6 cf84a65b96fe40e3afd2dbd42244ec16 ee48f5bd4cd34d78a54267d47f83f5ed - - default default] Unable to schedule network 3ad130f7-f1a9-4ff3-a6c1-0298a0504d39: no agents available; will retry on subsequent port and subnet creation events.
2026-06-26 11:32:03.247 10 INFO neutron.db.ovn_revision_numbers_db [None req-4723096f-a638-4c57-8255-2206f4d17dd6 cf84a65b96fe40e3afd2dbd42244ec16 ee48f5bd4cd34d78a54267d47f83f5ed - - default default] Successfully bumped revision number for resource d7ce449e-9ad5-4f62-80f0-7306462e148a (type: ports) to 1
2026-06-26 11:32:03.270 10 INFO neutron.wsgi [None req-4723096f-a638-4c57-8255-2206f4d17dd6 cf84a65b96fe40e3afd2dbd42244ec16 ee48f5bd4cd34d78a54267d47f83f5ed - - default default] 10.0.0.94 "POST /v2.0/networks HTTP/1.1" status: 201 len: 944 time: 0.9859064 /var/lib/openstack/lib/python3.10/site-packages/pycadf/identifier.py:71: UserWarning: Invalid uuid: neutron. To ensure interoperability, identifiers should be a valid uuid. warnings.warn(('Invalid uuid: %s. To ensure interoperability, '
2026-06-26 11:32:03.361 9 INFO neutron.db.ovn_revision_numbers_db [req-05936c73-5845-4625-8cd3-b23328a863f4 req-24c7c9e1-c6e7-4b76-9199-10d52318e4fa 21645779c3cc45de81a3e37596d025a5 72ab780c61834fe8830037682355765d - - default default] Successfully bumped revision number for resource 4c9e925b-5b4e-44d9-881f-d0d1aaa9a2f8 (type: ports) to 5
2026-06-26 11:32:03.377 9 INFO neutron.wsgi [req-05936c73-5845-4625-8cd3-b23328a863f4 req-24c7c9e1-c6e7-4b76-9199-10d52318e4fa 21645779c3cc45de81a3e37596d025a5 72ab780c61834fe8830037682355765d - - default default] 199.19.213.104 "PUT /v2.0/ports/4c9e925b-5b4e-44d9-881f-d0d1aaa9a2f8 HTTP/1.1" status: 200 len: 1349 time: 0.8142083
2026-06-26 11:32:03.422 9 INFO neutron.notifiers.nova [-] Nova event matching ['req-b7066af1-248a-49ef-8884-68b8bd8df2ad'] response: {'name': 'network-changed', 'server_uuid': '3a144001-a43d-4e41-8ede-70336243cbb4', 'tag': '4c9e925b-5b4e-44d9-881f-d0d1aaa9a2f8', 'status': 'completed', 'code': 200}
2026-06-26 11:32:03.462 9 INFO neutron.wsgi [req-05936c73-5845-4625-8cd3-b23328a863f4 req-e7633aaa-76ff-4af4-9ed1-9ccb2ab5bcc9 16bf3c0e229045679d7bd02180a864c1 0fbb974f5e904015b063ede9e78ed8aa - - b986fca746354db3b6c32b45221f5053 b986fca746354db3b6c32b45221f5053] 199.19.213.104 "GET /v2.0/ports?tenant_id=72ab780c61834fe8830037682355765d&device_id=3a144001-a43d-4e41-8ede-70336243cbb4 HTTP/1.1" status: 200 len: 1590 time: 0.0431030
2026-06-26 11:32:03.496 9 WARNING neutron.scheduler.dhcp_agent_scheduler [None req-0a115ef8-edaa-4ff7-9d7c-702a9c6051c2 cf84a65b96fe40e3afd2dbd42244ec16 ee48f5bd4cd34d78a54267d47f83f5ed - - default default] No more DHCP agents
2026-06-26 11:32:03.501 9 WARNING neutron.api.rpc.agentnotifiers.dhcp_rpc_agent_api [None req-0a115ef8-edaa-4ff7-9d7c-702a9c6051c2 cf84a65b96fe40e3afd2dbd42244ec16 ee48f5bd4cd34d78a54267d47f83f5ed - - default default] Unable to schedule network 3ad130f7-f1a9-4ff3-a6c1-0298a0504d39: no agents available; will retry on subsequent port and subnet creation events.
2026-06-26 11:32:03.562 9 INFO neutron.wsgi [req-05936c73-5845-4625-8cd3-b23328a863f4 req-b2a01fdf-8dac-467a-9418-3a566e018c9a 16bf3c0e229045679d7bd02180a864c1 0fbb974f5e904015b063ede9e78ed8aa - - b986fca746354db3b6c32b45221f5053 b986fca746354db3b6c32b45221f5053] 199.19.213.104 "GET /v2.0/networks?id=126b6675-6e60-43d3-be99-ce0ab67566b5 HTTP/1.1" status: 200 len: 981 time: 0.0892940
2026-06-26 11:32:03.593 9 INFO neutron.wsgi [req-05936c73-5845-4625-8cd3-b23328a863f4 req-b4edb165-5d9c-45d9-9973-dc3445196417 16bf3c0e229045679d7bd02180a864c1 0fbb974f5e904015b063ede9e78ed8aa - - b986fca746354db3b6c32b45221f5053 b986fca746354db3b6c32b45221f5053] 199.19.213.104 "GET /v2.0/floatingips?fixed_ip_address=10.100.0.10&port_id=4c9e925b-5b4e-44d9-881f-d0d1aaa9a2f8 HTTP/1.1" status: 200 len: 217 time: 0.0255742
2026-06-26 11:32:03.671 9 INFO neutron.wsgi [req-05936c73-5845-4625-8cd3-b23328a863f4 req-b3fbe3c0-92e8-42ee-98f4-39873182c3f7 16bf3c0e229045679d7bd02180a864c1 0fbb974f5e904015b063ede9e78ed8aa - - b986fca746354db3b6c32b45221f5053 b986fca746354db3b6c32b45221f5053] 199.19.213.104 "GET /v2.0/floatingips?fixed_ip_address=10.100.0.5&port_id=4c9e925b-5b4e-44d9-881f-d0d1aaa9a2f8 HTTP/1.1" status: 200 len: 1059 time: 0.0674000
2026-06-26 11:32:03.728 9 INFO neutron.wsgi [req-05936c73-5845-4625-8cd3-b23328a863f4 req-6ccd6226-dd57-4aa8-8864-13f43e1d0845 16bf3c0e229045679d7bd02180a864c1 0fbb974f5e904015b063ede9e78ed8aa - - b986fca746354db3b6c32b45221f5053 b986fca746354db3b6c32b45221f5053] 199.19.213.104 "GET /v2.0/subnets?id=8c137bf2-9b58-4720-964f-6669d3f2611a HTTP/1.1" status: 200 len: 876 time: 0.0400839
2026-06-26 11:32:03.733 10 INFO neutron.wsgi [None req-2283d801-6059-43cf-ab43-28555dc65271 cf84a65b96fe40e3afd2dbd42244ec16 ee48f5bd4cd34d78a54267d47f83f5ed - - default default] 10.0.0.94 "GET /v2.0/security-groups?tenant_id=c9ce5e02582644f7a72f7a7824873983&name=default HTTP/1.1" status: 200 len: 2996 time: 0.2525563
2026-06-26 11:32:03.758 9 INFO neutron.wsgi [req-05936c73-5845-4625-8cd3-b23328a863f4 req-0183d1e3-6c6e-4fbb-8e3e-7572a6fb0699 16bf3c0e229045679d7bd02180a864c1 0fbb974f5e904015b063ede9e78ed8aa - - b986fca746354db3b6c32b45221f5053 b986fca746354db3b6c32b45221f5053] 199.19.213.104 "GET /v2.0/ports?network_id=126b6675-6e60-43d3-be99-ce0ab67566b5&device_owner=network%3Adhcp HTTP/1.1" status: 200 len: 210 time: 0.0203083
2026-06-26 11:32:03.833 9 INFO neutron.wsgi [req-05936c73-5845-4625-8cd3-b23328a863f4 req-e68a66ec-de58-44cd-b8a4-cafbbf7c7e77 16bf3c0e229045679d7bd02180a864c1 0fbb974f5e904015b063ede9e78ed8aa - - b986fca746354db3b6c32b45221f5053 b986fca746354db3b6c32b45221f5053] 199.19.213.104 "GET /v2.0/networks/126b6675-6e60-43d3-be99-ce0ab67566b5?fields=segments HTTP/1.1" status: 200 len: 212 time: 0.0672290
2026-06-26 11:32:03.862 10 INFO neutron.db.ovn_revision_numbers_db [None req-b270df95-6dea-4cef-9473-5f456be34791 cf84a65b96fe40e3afd2dbd42244ec16 ee48f5bd4cd34d78a54267d47f83f5ed - - default default] Successfully bumped revision number for resource 71295f77-2f9b-4e6f-9430-5ac807600343 (type: security_groups) to 1
2026-06-26 11:32:03.880 10 INFO neutron.db.ovn_revision_numbers_db [None req-b270df95-6dea-4cef-9473-5f456be34791 cf84a65b96fe40e3afd2dbd42244ec16 ee48f5bd4cd34d78a54267d47f83f5ed - - default default] Successfully bumped revision number for resource 052351cd-6b3b-410e-a47d-68314348ac06 (type: security_group_rules) to 0
2026-06-26 11:32:03.898 10 INFO neutron.db.ovn_revision_numbers_db [None req-b270df95-6dea-4cef-9473-5f456be34791 cf84a65b96fe40e3afd2dbd42244ec16 ee48f5bd4cd34d78a54267d47f83f5ed - - default default] Successfully bumped revision number for resource 3a1ffc3c-81c8-42ef-a5a8-d3389cff2281 (type: security_group_rules) to 0
2026-06-26 11:32:03.916 10 INFO neutron.db.ovn_revision_numbers_db [None req-b270df95-6dea-4cef-9473-5f456be34791 cf84a65b96fe40e3afd2dbd42244ec16 ee48f5bd4cd34d78a54267d47f83f5ed - - default default] Successfully bumped revision number for resource 71515b66-5e7e-497d-b356-6ad845c123cf (type: security_group_rules) to 0
