2026-06-26 11:32:45.790 10 INFO neutron.services.segments.plugin [-] Segment 430c3878-fd6c-4b37-a994-9f2e723d0a32 resource provider not found; error: Placement Client Error (4xx): {"errors": [{"status": 404, "title": "Not Found", "detail": "The resource could not be found.\n\n No resource provider with uuid 430c3878-fd6c-4b37-a994-9f2e723d0a32 found for delete ", "request_id": "req-1c1bd1ad-9c17-421a-b512-34f237ad35e5"}]}
2026-06-26 11:32:45.844 10 INFO neutron.wsgi [None req-d86d0dcf-02fd-40e0-b5b0-aa2839af4098 1e375c7551554f97818da1259fc9f32d bf56b2498a95468bb4a0488e43caa1fe - - default default] 10.0.0.94 "DELETE /v2.0/networks/9ed02697-fbd0-4fd1-a265-e107fa3fd874 HTTP/1.1" status: 204 len: 168 time: 0.6099510
2026-06-26 11:32:46.238 9 INFO neutron.wsgi [None req-0a84e1d2-ad11-4ccc-9a71-b114950dde3b cf84a65b96fe40e3afd2dbd42244ec16 ee48f5bd4cd34d78a54267d47f83f5ed - - default default] 10.0.0.94 "DELETE /v2.0/subnets/93e27635-bbb1-4618-84ce-abbf2fcd0823 HTTP/1.1" status: 204 len: 168 time: 0.5060756
2026-06-26 11:32:46.252 9 WARNING neutron.scheduler.dhcp_agent_scheduler [req-03ca2332-9ad5-413a-bdb1-af02b02fadda req-c7730922-a4c4-41e5-a1a5-fb473a00fe1d fb3656104fd346c0a200deea4a49bb63 d21d87dde91842d38df05b6fdee8215e - - default default] No more DHCP agents /var/lib/openstack/lib/python3.10/site-packages/pycadf/identifier.py:71: UserWarning: Invalid uuid: neutron. To ensure interoperability, identifiers should be a valid uuid. warnings.warn(('Invalid uuid: %s. To ensure interoperability, '
2026-06-26 11:32:46.260 9 WARNING neutron.api.rpc.agentnotifiers.dhcp_rpc_agent_api [req-03ca2332-9ad5-413a-bdb1-af02b02fadda req-c7730922-a4c4-41e5-a1a5-fb473a00fe1d fb3656104fd346c0a200deea4a49bb63 d21d87dde91842d38df05b6fdee8215e - - default default] Unable to schedule network 9cb8d81f-49a2-4e09-acf5-1ec3195cc122: no agents available; will retry on subsequent port and subnet creation events.
2026-06-26 11:32:46.433 10 INFO neutron.db.l3_db [None req-d5171020-24ed-42c7-b646-596c1b8453cb 7fc59de26ab34a09a6c49e821beb76c8 0fb4d0892dc24b5ba71e70f6d12ae0a7 - - default default] Floating IP 6862626b-7972-4267-a221-938e4a2a1766 associated. External IP: 10.96.250.214, port: de9c8f81-54fd-4eba-81bf-6da4e5bc8c61.
2026-06-26 11:32:46.517 9 INFO neutron.db.ovn_revision_numbers_db [req-03ca2332-9ad5-413a-bdb1-af02b02fadda req-c7730922-a4c4-41e5-a1a5-fb473a00fe1d fb3656104fd346c0a200deea4a49bb63 d21d87dde91842d38df05b6fdee8215e - - default default] Successfully bumped revision number for resource c7928196-e794-48c2-954a-f66064b83cf7 (type: ports) to 1
2026-06-26 11:32:46.554 9 INFO neutron.wsgi [req-03ca2332-9ad5-413a-bdb1-af02b02fadda req-c7730922-a4c4-41e5-a1a5-fb473a00fe1d fb3656104fd346c0a200deea4a49bb63 d21d87dde91842d38df05b6fdee8215e - - default default] 199.19.213.104 "POST /v2.0/ports HTTP/1.1" status: 201 len: 1162 time: 1.0444610 /var/lib/openstack/lib/python3.10/site-packages/pycadf/identifier.py:71: UserWarning: Invalid uuid: neutron. To ensure interoperability, identifiers should be a valid uuid. warnings.warn(('Invalid uuid: %s. To ensure interoperability, '
2026-06-26 11:32:46.722 9 INFO neutron.services.segments.plugin [-] Segment a30efbc2-dd5c-491e-9e5a-23e8d9b1a8f0 resource provider aggregate not found
2026-06-26 11:32:46.729 9 INFO neutron.services.segments.plugin [-] Segment a30efbc2-dd5c-491e-9e5a-23e8d9b1a8f0 resource provider aggregate not found
2026-06-26 11:32:46.744 9 INFO neutron.services.segments.plugin [-] Segment a30efbc2-dd5c-491e-9e5a-23e8d9b1a8f0 resource provider not found; error: Placement Client Error (4xx): {"errors": [{"status": 404, "title": "Not Found", "detail": "The resource could not be found.\n\n No resource provider with uuid a30efbc2-dd5c-491e-9e5a-23e8d9b1a8f0 found for delete ", "request_id": "req-4c2d8a6a-d44d-4640-b3d3-4710f3fab708"}]}
2026-06-26 11:32:46.747 9 INFO neutron.services.segments.plugin [-] Segment a30efbc2-dd5c-491e-9e5a-23e8d9b1a8f0 resource provider not found; error: Placement Client Error (4xx): {"errors": [{"status": 404, "title": "Not Found", "detail": "The resource could not be found.\n\n No resource provider with uuid a30efbc2-dd5c-491e-9e5a-23e8d9b1a8f0 found for delete ", "request_id": "req-61118103-eb21-4d75-973b-b4396a73e416"}]} /var/lib/openstack/lib/python3.10/site-packages/pycadf/identifier.py:71: UserWarning: Invalid uuid: neutron. To ensure interoperability, identifiers should be a valid uuid. warnings.warn(('Invalid uuid: %s. To ensure interoperability, '
2026-06-26 11:32:46.774 9 INFO neutron.wsgi [None req-006925fd-0259-42bc-ae2e-09b88ba5e05d cf84a65b96fe40e3afd2dbd42244ec16 ee48f5bd4cd34d78a54267d47f83f5ed - - default default] 10.0.0.94 "DELETE /v2.0/networks/477991a3-d48f-4b6e-8ecd-d2762675a809 HTTP/1.1" status: 204 len: 168 time: 0.5276575
2026-06-26 11:32:46.828 10 INFO neutron.wsgi [None req-7ad2dcd2-73a8-47ad-b08a-bccf00bd8f14 1e375c7551554f97818da1259fc9f32d bf56b2498a95468bb4a0488e43caa1fe - - default default] 10.0.0.94 "DELETE /v2.0/networks/15e05bb4-9769-4cdc-99d1-0c9b044a1d5e HTTP/1.1" status: 204 len: 168 time: 0.9762642
2026-06-26 11:32:46.847 10 INFO neutron.wsgi [req-f7a268a8-bb54-40f4-ba70-e26094565905 req-eced5e41-1bba-41ee-bcee-c6a0cb3446e3 fb3656104fd346c0a200deea4a49bb63 d21d87dde91842d38df05b6fdee8215e - - default default] 10.0.0.119 "GET /v2.0/ports?device_id=f4074415-6291-40ec-ada6-37375f2a12d3 HTTP/1.1" status: 200 len: 1160 time: 0.0922961
2026-06-26 11:32:46.854 10 INFO neutron.db.ovn_revision_numbers_db [None req-d5171020-24ed-42c7-b646-596c1b8453cb 7fc59de26ab34a09a6c49e821beb76c8 0fb4d0892dc24b5ba71e70f6d12ae0a7 - - default default] Successfully bumped revision number for resource 6862626b-7972-4267-a221-938e4a2a1766 (type: floatingips) to 1
2026-06-26 11:32:46.925 10 INFO neutron.notifiers.nova [-] Nova event matching ['req-d21112af-f223-42c0-93ed-844c9702eb0a'] response: {'server_uuid': 'b8d4e40c-8a9d-4e5d-b775-48e67c36514a', 'name': 'network-vif-plugged', 'status': 'completed', 'tag': 'de9c8f81-54fd-4eba-81bf-6da4e5bc8c61', 'code': 200}
2026-06-26 11:32:46.926 9 INFO neutron.wsgi [None req-013d2747-ba24-4b48-98be-01448dad564d 1e375c7551554f97818da1259fc9f32d bf56b2498a95468bb4a0488e43caa1fe - - default default] 10.0.0.94 "GET /v2.0/networks HTTP/1.1" status: 200 len: 845 time: 0.0905125
2026-06-26 11:32:46.936 10 INFO neutron.wsgi [req-f7a268a8-bb54-40f4-ba70-e26094565905 req-6a8758a9-2e7a-4325-9fd4-9fbffe23a2db fb3656104fd346c0a200deea4a49bb63 d21d87dde91842d38df05b6fdee8215e - - default default] 10.0.0.119 "GET /v2.0/security-groups?id=57fc8aab-4ba7-486f-9045-5849127fd3c0&fields=id&fields=name HTTP/1.1" status: 200 len: 313 time: 0.0800884
2026-06-26 11:32:46.941 10 WARNING neutron_lib.context [None req-c6fd88ec-8c60-4537-9403-7979e76c8bf5 1e375c7551554f97818da1259fc9f32d bf56b2498a95468bb4a0488e43caa1fe - - default default] Method 'is_advsvc' is deprecated since 2023.2 release (neutron-lib 3.8.0) and will be removed once support for the old RBAC API policies will be removed from Neutron. Please use method 'is_service_role' instead. /var/lib/openstack/lib/python3.10/site-packages/pycadf/identifier.py:71: UserWarning: Invalid uuid: neutron. To ensure interoperability, identifiers should be a valid uuid. warnings.warn(('Invalid uuid: %s. To ensure interoperability, '
2026-06-26 11:32:47.023 10 INFO neutron.db.ovn_revision_numbers_db [None req-d5171020-24ed-42c7-b646-596c1b8453cb 7fc59de26ab34a09a6c49e821beb76c8 0fb4d0892dc24b5ba71e70f6d12ae0a7 - - default default] Successfully bumped revision number for resource 6862626b-7972-4267-a221-938e4a2a1766 (type: floatingips) to 2
2026-06-26 11:32:47.060 9 INFO neutron.wsgi [None req-aa57054b-9fa3-4090-8f7d-2de30b4df25d cf84a65b96fe40e3afd2dbd42244ec16 ee48f5bd4cd34d78a54267d47f83f5ed - - default default] 10.0.0.94 "GET /v2.0/security-groups?tenant_id=9bcf81fae8f2454c89045ccbe675e7a8&name=default HTTP/1.1" status: 200 len: 2996 time: 0.0679111
2026-06-26 11:32:47.063 10 INFO neutron.wsgi [None req-d5171020-24ed-42c7-b646-596c1b8453cb 7fc59de26ab34a09a6c49e821beb76c8 0fb4d0892dc24b5ba71e70f6d12ae0a7 - - default default] 10.0.0.94 "PUT /v2.0/floatingips/6862626b-7972-4267-a221-938e4a2a1766 HTTP/1.1" status: 200 len: 1050 time: 1.2567787
2026-06-26 11:32:47.078 10 INFO neutron.db.segments_db [None req-c6fd88ec-8c60-4537-9403-7979e76c8bf5 1e375c7551554f97818da1259fc9f32d bf56b2498a95468bb4a0488e43caa1fe - - default default] Added segment e91a704a-0aa3-468e-ac74-86a6fad84a32 of type geneve for network 83501b6c-8459-42cd-b752-c752a391d415
2026-06-26 11:32:47.088 9 INFO neutron.db.ovn_revision_numbers_db [req-03ca2332-9ad5-413a-bdb1-af02b02fadda req-68de2daf-a2a1-47c6-bf1d-7754f87d0a39 16bf3c0e229045679d7bd02180a864c1 0fbb974f5e904015b063ede9e78ed8aa - - b986fca746354db3b6c32b45221f5053 b986fca746354db3b6c32b45221f5053] Successfully bumped revision number for resource c7928196-e794-48c2-954a-f66064b83cf7 (type: ports) to 2
2026-06-26 11:32:47.259 10 INFO neutron.db.ovn_revision_numbers_db [None req-c6fd88ec-8c60-4537-9403-7979e76c8bf5 1e375c7551554f97818da1259fc9f32d bf56b2498a95468bb4a0488e43caa1fe - - default default] Successfully bumped revision number for resource 83501b6c-8459-42cd-b752-c752a391d415 (type: networks) to 1
2026-06-26 11:32:47.311 9 INFO neutron.db.ovn_revision_numbers_db [req-03ca2332-9ad5-413a-bdb1-af02b02fadda req-68de2daf-a2a1-47c6-bf1d-7754f87d0a39 16bf3c0e229045679d7bd02180a864c1 0fbb974f5e904015b063ede9e78ed8aa - - b986fca746354db3b6c32b45221f5053 b986fca746354db3b6c32b45221f5053] Successfully bumped revision number for resource c7928196-e794-48c2-954a-f66064b83cf7 (type: ports) to 2
2026-06-26 11:32:47.333 9 INFO neutron.wsgi [req-03ca2332-9ad5-413a-bdb1-af02b02fadda req-68de2daf-a2a1-47c6-bf1d-7754f87d0a39 16bf3c0e229045679d7bd02180a864c1 0fbb974f5e904015b063ede9e78ed8aa - - b986fca746354db3b6c32b45221f5053 b986fca746354db3b6c32b45221f5053] 199.19.213.104 "PUT /v2.0/ports/c7928196-e794-48c2-954a-f66064b83cf7 HTTP/1.1" status: 200 len: 1380 time: 0.7680347
2026-06-26 11:32:47.389 9 INFO neutron.notifiers.nova [-] Nova event matching ['req-a58d34d9-41e2-43c5-a0c8-8854a5478955'] response: {'name': 'network-changed', 'server_uuid': 'f4074415-6291-40ec-ada6-37375f2a12d3', 'tag': 'c7928196-e794-48c2-954a-f66064b83cf7', 'status': 'completed', 'code': 200} /var/lib/openstack/lib/python3.10/site-packages/pycadf/identifier.py:71: UserWarning: Invalid uuid: neutron. To ensure interoperability, identifiers should be a valid uuid. warnings.warn(('Invalid uuid: %s. To ensure interoperability, '
2026-06-26 11:32:47.399 10 INFO neutron.wsgi [None req-7b9378bf-7623-486d-b157-03747e331347 cf84a65b96fe40e3afd2dbd42244ec16 ee48f5bd4cd34d78a54267d47f83f5ed - - default default] 10.0.0.94 "DELETE /v2.0/security-groups/31f00d33-3520-4be7-9159-ef1528699e7c HTTP/1.1" status: 204 len: 168 time: 0.3324833
2026-06-26 11:32:47.432 10 WARNING neutron.scheduler.dhcp_agent_scheduler [None req-c6fd88ec-8c60-4537-9403-7979e76c8bf5 1e375c7551554f97818da1259fc9f32d bf56b2498a95468bb4a0488e43caa1fe - - default default] No more DHCP agents
2026-06-26 11:32:47.436 10 WARNING neutron.api.rpc.agentnotifiers.dhcp_rpc_agent_api [None req-c6fd88ec-8c60-4537-9403-7979e76c8bf5 1e375c7551554f97818da1259fc9f32d bf56b2498a95468bb4a0488e43caa1fe - - default default] Unable to schedule network 83501b6c-8459-42cd-b752-c752a391d415: no agents available; will retry on subsequent port and subnet creation events.
2026-06-26 11:32:47.460 9 INFO neutron.wsgi [req-03ca2332-9ad5-413a-bdb1-af02b02fadda req-1e897947-250d-49bf-8168-b255386dc370 16bf3c0e229045679d7bd02180a864c1 0fbb974f5e904015b063ede9e78ed8aa - - b986fca746354db3b6c32b45221f5053 b986fca746354db3b6c32b45221f5053] 199.19.213.104 "GET /v2.0/ports?tenant_id=d21d87dde91842d38df05b6fdee8215e&device_id=f4074415-6291-40ec-ada6-37375f2a12d3 HTTP/1.1" status: 200 len: 1411 time: 0.0708888
2026-06-26 11:32:47.493 9 INFO neutron.wsgi [None req-885e8620-d0e1-4d7e-9646-5d28ccfeb31e cf84a65b96fe40e3afd2dbd42244ec16 ee48f5bd4cd34d78a54267d47f83f5ed - - default default] 10.0.0.203 "GET /v2.0/floatingips HTTP/1.1" status: 200 len: 1036 time: 0.2480636
2026-06-26 11:32:47.496 9 INFO neutron.wsgi [req-03ca2332-9ad5-413a-bdb1-af02b02fadda req-95b46b26-eac4-42a8-8722-44618a4add60 16bf3c0e229045679d7bd02180a864c1 0fbb974f5e904015b063ede9e78ed8aa - - b986fca746354db3b6c32b45221f5053 b986fca746354db3b6c32b45221f5053] 199.19.213.104 "GET /v2.0/floatingips?fixed_ip_address=10.100.0.13&port_id=c7928196-e794-48c2-954a-f66064b83cf7 HTTP/1.1" status: 200 len: 217 time: 0.0285511
2026-06-26 11:32:47.524 10 INFO neutron.db.ovn_revision_numbers_db [None req-c6fd88ec-8c60-4537-9403-7979e76c8bf5 1e375c7551554f97818da1259fc9f32d bf56b2498a95468bb4a0488e43caa1fe - - default default] Successfully bumped revision number for resource 27906d13-3a30-4e45-9b3b-051a04089f6e (type: ports) to 1
2026-06-26 11:32:47.553 10 INFO neutron.wsgi [None req-c6fd88ec-8c60-4537-9403-7979e76c8bf5 1e375c7551554f97818da1259fc9f32d bf56b2498a95468bb4a0488e43caa1fe - - default default] 10.0.0.94 "POST /v2.0/networks HTTP/1.1" status: 201 len: 852 time: 0.6150751
2026-06-26 11:32:47.560 9 INFO neutron.wsgi [req-03ca2332-9ad5-413a-bdb1-af02b02fadda req-3ac9db53-28b9-42ba-855b-dec18c39302e 16bf3c0e229045679d7bd02180a864c1 0fbb974f5e904015b063ede9e78ed8aa - - b986fca746354db3b6c32b45221f5053 b986fca746354db3b6c32b45221f5053] 199.19.213.104 "GET /v2.0/subnets?id=53a86de5-1661-46ab-a173-d1076a1450f7 HTTP/1.1" status: 200 len: 852 time: 0.0580373
2026-06-26 11:32:47.564 10 WARNING neutron_lib.context [None req-cdff2b6c-eed1-43be-ba82-f1394e7a74b1 1e375c7551554f97818da1259fc9f32d bf56b2498a95468bb4a0488e43caa1fe - - default default] Method 'is_advsvc' is deprecated since 2023.2 release (neutron-lib 3.8.0) and will be removed once support for the old RBAC API policies will be removed from Neutron. Please use method 'is_service_role' instead.
2026-06-26 11:32:47.571 9 INFO neutron.wsgi [None req-cbeba024-19b5-4e15-94f6-ae1cd9a46caa cf84a65b96fe40e3afd2dbd42244ec16 ee48f5bd4cd34d78a54267d47f83f5ed - - default default] 10.0.0.203 "GET /v2.0/subnets HTTP/1.1" status: 200 len: 2734 time: 0.0735793
2026-06-26 11:32:47.604 9 INFO neutron.wsgi [req-03ca2332-9ad5-413a-bdb1-af02b02fadda req-45b55c45-f519-4613-be96-09f7685fde18 16bf3c0e229045679d7bd02180a864c1 0fbb974f5e904015b063ede9e78ed8aa - - b986fca746354db3b6c32b45221f5053 b986fca746354db3b6c32b45221f5053] 199.19.213.104 "GET /v2.0/ports?network_id=9cb8d81f-49a2-4e09-acf5-1ec3195cc122&device_owner=network%3Adhcp HTTP/1.1" status: 200 len: 210 time: 0.0332220
2026-06-26 11:32:47.667 10 INFO neutron.db.segments_db [None req-cdff2b6c-eed1-43be-ba82-f1394e7a74b1 1e375c7551554f97818da1259fc9f32d bf56b2498a95468bb4a0488e43caa1fe - - default default] Added segment 2a8d080c-d853-42e7-a0d8-1516fb1724f3 of type geneve for network 79eeb795-c6cf-4990-a994-1fd2197210fc
2026-06-26 11:32:47.702 9 INFO neutron.wsgi [None req-68f09bfe-5d3d-495d-af43-5ebb361825b6 cf84a65b96fe40e3afd2dbd42244ec16 ee48f5bd4cd34d78a54267d47f83f5ed - - default default] 10.0.0.203 "GET /v2.0/networks HTTP/1.1" status: 200 len: 4582 time: 0.1290805
2026-06-26 11:32:47.721 9 INFO neutron.wsgi [req-03ca2332-9ad5-413a-bdb1-af02b02fadda req-a07031cc-52c2-48e1-a346-ef5782dedd92 16bf3c0e229045679d7bd02180a864c1 0fbb974f5e904015b063ede9e78ed8aa - - b986fca746354db3b6c32b45221f5053 b986fca746354db3b6c32b45221f5053] 199.19.213.104 "GET /v2.0/networks/9cb8d81f-49a2-4e09-acf5-1ec3195cc122?fields=segments HTTP/1.1" status: 200 len: 212 time: 0.1074238
2026-06-26 11:32:47.805 10 INFO neutron.services.segments.plugin [-] Segment 69541f3c-b213-413e-b371-2eda22766c37 resource provider aggregate not found
2026-06-26 11:32:47.823 10 INFO neutron.services.segments.plugin [-] Segment 69541f3c-b213-413e-b371-2eda22766c37 resource provider aggregate not found
2026-06-26 11:32:47.830 10 INFO neutron.services.segments.plugin [-] Segment 69541f3c-b213-413e-b371-2eda22766c37 resource provider not found; error: Placement Client Error (4xx): {"errors": [{"status": 404, "title": "Not Found", "detail": "The resource could not be found.\n\n No resource provider with uuid 69541f3c-b213-413e-b371-2eda22766c37 found for delete ", "request_id": "req-5275dc12-dc00-4fe8-8657-50d218f15cb9"}]}
2026-06-26 11:32:47.833 10 INFO neutron.db.ovn_revision_numbers_db [None req-cdff2b6c-eed1-43be-ba82-f1394e7a74b1 1e375c7551554f97818da1259fc9f32d bf56b2498a95468bb4a0488e43caa1fe - - default default] Successfully bumped revision number for resource 79eeb795-c6cf-4990-a994-1fd2197210fc (type: networks) to 1
2026-06-26 11:32:47.846 10 INFO neutron.services.segments.plugin [-] Segment 69541f3c-b213-413e-b371-2eda22766c37 resource provider not found; error: Placement Client Error (4xx): {"errors": [{"status": 404, "title": "Not Found", "detail": "The resource could not be found.\n\n No resource provider with uuid 69541f3c-b213-413e-b371-2eda22766c37 found for delete ", "request_id": "req-0f47e1bc-0f5a-4d0e-9cbb-2d5fa93c2fb5"}]}
2026-06-26 11:32:47.847 9 INFO neutron.wsgi [None req-e3265562-9e7a-4dcc-81a5-11f26392a74f cf84a65b96fe40e3afd2dbd42244ec16 ee48f5bd4cd34d78a54267d47f83f5ed - - default default] 10.0.0.203 "GET /v2.0/ports HTTP/1.1" status: 200 len: 16066 time: 0.1408236
2026-06-26 11:32:47.898 9 INFO neutron.wsgi [req-03ca2332-9ad5-413a-bdb1-af02b02fadda req-eec792f3-3e4a-4060-a065-0eb7306c3c43 16bf3c0e229045679d7bd02180a864c1 0fbb974f5e904015b063ede9e78ed8aa - - b986fca746354db3b6c32b45221f5053 b986fca746354db3b6c32b45221f5053] 199.19.213.104 "GET /v2.0/networks/9cb8d81f-49a2-4e09-acf5-1ec3195cc122?fields=provider%3Aphysical_network&fields=provider%3Anetwork_type HTTP/1.1" status: 200 len: 277 time: 0.1581478
2026-06-26 11:32:48.005 9 INFO neutron.wsgi [None req-2f60fe01-8fe0-47fa-8922-171ecf85452c cf84a65b96fe40e3afd2dbd42244ec16 ee48f5bd4cd34d78a54267d47f83f5ed - - default default] 10.0.0.203 "GET /v2.0/routers HTTP/1.1" status: 200 len: 1535 time: 0.1451092
2026-06-26 11:32:48.023 9 INFO neutron.wsgi [req-1e1d353d-75fe-405a-a303-faab7a6cbfee req-ae13b72f-1b7c-48ea-82ac-50af73741c4a 16bf3c0e229045679d7bd02180a864c1 0fbb974f5e904015b063ede9e78ed8aa - - b986fca746354db3b6c32b45221f5053 b986fca746354db3b6c32b45221f5053] 199.19.213.104 "GET /v2.0/ports?tenant_id=d21d87dde91842d38df05b6fdee8215e&device_id=f4074415-6291-40ec-ada6-37375f2a12d3 HTTP/1.1" status: 200 len: 1411 time: 0.0647140
2026-06-26 11:32:48.032 9 INFO neutron.wsgi [None req-b4b54a0d-66c3-42a5-96fa-2fc7b99a30e5 cf84a65b96fe40e3afd2dbd42244ec16 ee48f5bd4cd34d78a54267d47f83f5ed - - default default] 10.0.0.203 "GET /v2.0/agents?binary=ovn-controller HTTP/1.1" status: 200 len: 591 time: 0.0234141
2026-06-26 11:32:48.085 10 WARNING neutron.scheduler.dhcp_agent_scheduler [None req-cdff2b6c-eed1-43be-ba82-f1394e7a74b1 1e375c7551554f97818da1259fc9f32d bf56b2498a95468bb4a0488e43caa1fe - - default default] No more DHCP agents
2026-06-26 11:32:48.091 10 WARNING neutron.api.rpc.agentnotifiers.dhcp_rpc_agent_api [None req-cdff2b6c-eed1-43be-ba82-f1394e7a74b1 1e375c7551554f97818da1259fc9f32d bf56b2498a95468bb4a0488e43caa1fe - - default default] Unable to schedule network 79eeb795-c6cf-4990-a994-1fd2197210fc: no agents available; will retry on subsequent port and subnet creation events.
2026-06-26 11:32:48.114 10 INFO neutron.wsgi [req-2c0b7076-9881-49a3-9ce1-c827631bfb49 req-b338dfb1-2f83-446f-b385-ca6b9aad94c8 fb3656104fd346c0a200deea4a49bb63 d21d87dde91842d38df05b6fdee8215e - - default default] 10.0.0.119 "GET /v2.0/ports?device_id=f4074415-6291-40ec-ada6-37375f2a12d3 HTTP/1.1" status: 200 len: 1172 time: 0.0638764
2026-06-26 11:32:48.132 9 INFO neutron.wsgi [req-1e1d353d-75fe-405a-a303-faab7a6cbfee req-07a152fb-73be-498c-9bd8-9c524669eb70 16bf3c0e229045679d7bd02180a864c1 0fbb974f5e904015b063ede9e78ed8aa - - b986fca746354db3b6c32b45221f5053 b986fca746354db3b6c32b45221f5053] 199.19.213.104 "GET /v2.0/networks?id=9cb8d81f-49a2-4e09-acf5-1ec3195cc122 HTTP/1.1" status: 200 len: 957 time: 0.0992637
2026-06-26 11:32:48.158 9 INFO neutron.wsgi [None req-b8e4570a-a9ef-4df0-acbb-94ca6ba09641 cf84a65b96fe40e3afd2dbd42244ec16 ee48f5bd4cd34d78a54267d47f83f5ed - - default default] 10.0.0.203 "GET /v2.0/security-groups HTTP/1.1" status: 200 len: 32970 time: 0.1240478
2026-06-26 11:32:48.173 9 INFO neutron.wsgi [req-1e1d353d-75fe-405a-a303-faab7a6cbfee req-52f64a37-ecb2-4968-aee1-04edd382f266 16bf3c0e229045679d7bd02180a864c1 0fbb974f5e904015b063ede9e78ed8aa - - b986fca746354db3b6c32b45221f5053 b986fca746354db3b6c32b45221f5053] 199.19.213.104 "GET /v2.0/floatingips?fixed_ip_address=10.100.0.13&port_id=c7928196-e794-48c2-954a-f66064b83cf7 HTTP/1.1" status: 200 len: 217 time: 0.0319939
2026-06-26 11:32:48.198 9 INFO neutron.wsgi [None req-f5487e47-9bcb-4df2-8bf5-1124a3e1c98b cf84a65b96fe40e3afd2dbd42244ec16 ee48f5bd4cd34d78a54267d47f83f5ed - - default default] 10.0.0.203 "GET /v2.0/agents HTTP/1.1" status: 200 len: 997 time: 0.0272536
2026-06-26 11:32:48.236 9 INFO neutron.wsgi [None req-66582b46-f550-4006-b633-4cabd0617fcb cf84a65b96fe40e3afd2dbd42244ec16 ee48f5bd4cd34d78a54267d47f83f5ed - - default default] 10.0.0.203 "GET /v2.0/network-ip-availabilities HTTP/1.1" status: 200 len: 2782 time: 0.0266125
2026-06-26 11:32:48.245 10 INFO neutron.wsgi [req-2c0b7076-9881-49a3-9ce1-c827631bfb49 req-283eada1-2d44-4e15-b996-49b972ed36b7 fb3656104fd346c0a200deea4a49bb63 d21d87dde91842d38df05b6fdee8215e - - default default] 10.0.0.119 "GET /v2.0/security-groups?id=57fc8aab-4ba7-486f-9045-5849127fd3c0&fields=id&fields=name HTTP/1.1" status: 200 len: 313 time: 0.1110661
2026-06-26 11:32:48.251 9 INFO neutron.wsgi [req-1e1d353d-75fe-405a-a303-faab7a6cbfee req-41a6509c-5739-411b-837c-052599794229 16bf3c0e229045679d7bd02180a864c1 0fbb974f5e904015b063ede9e78ed8aa - - b986fca746354db3b6c32b45221f5053 b986fca746354db3b6c32b45221f5053] 199.19.213.104 "GET /v2.0/subnets?id=53a86de5-1661-46ab-a173-d1076a1450f7 HTTP/1.1" status: 200 len: 852 time: 0.0677295
2026-06-26 11:32:48.282 10 INFO neutron.db.ovn_revision_numbers_db [None req-cdff2b6c-eed1-43be-ba82-f1394e7a74b1 1e375c7551554f97818da1259fc9f32d bf56b2498a95468bb4a0488e43caa1fe - - default default] Successfully bumped revision number for resource c2a10df3-c90a-497f-9f1a-2c0e184682a0 (type: ports) to 1
2026-06-26 11:32:48.283 9 INFO neutron.wsgi [req-1e1d353d-75fe-405a-a303-faab7a6cbfee req-ff978d9d-1d00-4ee0-826f-6eda11280838 16bf3c0e229045679d7bd02180a864c1 0fbb974f5e904015b063ede9e78ed8aa - - b986fca746354db3b6c32b45221f5053 b986fca746354db3b6c32b45221f5053] 199.19.213.104 "GET /v2.0/ports?network_id=9cb8d81f-49a2-4e09-acf5-1ec3195cc122&device_owner=network%3Adhcp HTTP/1.1" status: 200 len: 210 time: 0.0213408
2026-06-26 11:32:48.297 9 INFO neutron.wsgi [None req-da86bf5a-c86d-439f-9ca7-313503a0576c cf84a65b96fe40e3afd2dbd42244ec16 ee48f5bd4cd34d78a54267d47f83f5ed - - default default] 10.0.0.203 "GET /v2.0/subnets HTTP/1.1" status: 200 len: 2734 time: 0.0574777
2026-06-26 11:32:48.306 10 INFO neutron.wsgi [None req-cdff2b6c-eed1-43be-ba82-f1394e7a74b1 1e375c7551554f97818da1259fc9f32d bf56b2498a95468bb4a0488e43caa1fe - - default default] 10.0.0.94 "POST /v2.0/networks HTTP/1.1" status: 201 len: 853 time: 0.7469673
2026-06-26 11:32:48.318 10 WARNING neutron_lib.context [None req-c8269281-9cc1-4193-a011-f14cf00e7166 1e375c7551554f97818da1259fc9f32d bf56b2498a95468bb4a0488e43caa1fe - - default default] Method 'is_advsvc' is deprecated since 2023.2 release (neutron-lib 3.8.0) and will be removed once support for the old RBAC API policies will be removed from Neutron. Please use method 'is_service_role' instead.
2026-06-26 11:32:48.318 9 INFO neutron.wsgi [None req-7597e873-196a-4414-9ed5-1180f7405bed cf84a65b96fe40e3afd2dbd42244ec16 ee48f5bd4cd34d78a54267d47f83f5ed - - default default] 10.0.0.203 "GET /v2.0/subnetpools HTTP/1.1" status: 200 len: 193 time: 0.0193317
2026-06-26 11:32:48.359 9 INFO neutron.wsgi [req-1e1d353d-75fe-405a-a303-faab7a6cbfee req-d2e635da-de76-46fd-a655-28a4b480e815 16bf3c0e229045679d7bd02180a864c1 0fbb974f5e904015b063ede9e78ed8aa - - b986fca746354db3b6c32b45221f5053 b986fca746354db3b6c32b45221f5053] 199.19.213.104 "GET /v2.0/networks/9cb8d81f-49a2-4e09-acf5-1ec3195cc122?fields=segments HTTP/1.1" status: 200 len: 212 time: 0.0607407
2026-06-26 11:32:48.388 10 WARNING neutron_lib.context [None req-c8269281-9cc1-4193-a011-f14cf00e7166 1e375c7551554f97818da1259fc9f32d bf56b2498a95468bb4a0488e43caa1fe - - default default] Method 'is_advsvc' is deprecated since 2023.2 release (neutron-lib 3.8.0) and will be removed once support for the old RBAC API policies will be removed from Neutron. Please use method 'is_service_role' instead.
2026-06-26 11:32:48.435 9 INFO neutron.wsgi [req-1e1d353d-75fe-405a-a303-faab7a6cbfee req-b4d918ed-d9eb-41f0-be64-0ee63fc90fdb 16bf3c0e229045679d7bd02180a864c1 0fbb974f5e904015b063ede9e78ed8aa - - b986fca746354db3b6c32b45221f5053 b986fca746354db3b6c32b45221f5053] 199.19.213.104 "GET /v2.0/networks/9cb8d81f-49a2-4e09-acf5-1ec3195cc122?fields=provider%3Aphysical_network&fields=provider%3Anetwork_type HTTP/1.1" status: 200 len: 277 time: 0.0691607
2026-06-26 11:32:48.846 10 WARNING neutron.scheduler.dhcp_agent_scheduler [None req-c8269281-9cc1-4193-a011-f14cf00e7166 1e375c7551554f97818da1259fc9f32d bf56b2498a95468bb4a0488e43caa1fe - - default default] No more DHCP agents
2026-06-26 11:32:48.849 10 WARNING neutron.api.rpc.agentnotifiers.dhcp_rpc_agent_api [None req-c8269281-9cc1-4193-a011-f14cf00e7166 1e375c7551554f97818da1259fc9f32d bf56b2498a95468bb4a0488e43caa1fe - - default default] Unable to schedule network 83501b6c-8459-42cd-b752-c752a391d415: no agents available; will retry on subsequent port and subnet creation events.
2026-06-26 11:32:48.950 10 INFO neutron.db.ovn_revision_numbers_db [None req-c8269281-9cc1-4193-a011-f14cf00e7166 1e375c7551554f97818da1259fc9f32d bf56b2498a95468bb4a0488e43caa1fe - - default default] Successfully bumped revision number for resource 0320c200-6fd2-499f-846c-283b614eee16 (type: ports) to 1
2026-06-26 11:32:48.976 10 INFO neutron.notifiers.nova [-] Nova event matching ['req-c6e16adc-605d-4480-a4ff-ab80820973eb'] response: {'name': 'network-changed', 'server_uuid': 'b8d4e40c-8a9d-4e5d-b775-48e67c36514a', 'tag': 'de9c8f81-54fd-4eba-81bf-6da4e5bc8c61', 'status': 'completed', 'code': 200}
2026-06-26 11:32:48.990 10 WARNING neutron.scheduler.dhcp_agent_scheduler [None req-c8269281-9cc1-4193-a011-f14cf00e7166 1e375c7551554f97818da1259fc9f32d bf56b2498a95468bb4a0488e43caa1fe - - default default] No more DHCP agents
2026-06-26 11:32:48.993 10 WARNING neutron.api.rpc.agentnotifiers.dhcp_rpc_agent_api [None req-c8269281-9cc1-4193-a011-f14cf00e7166 1e375c7551554f97818da1259fc9f32d bf56b2498a95468bb4a0488e43caa1fe - - default default] Unable to schedule network 79eeb795-c6cf-4990-a994-1fd2197210fc: no agents available; will retry on subsequent port and subnet creation events.
2026-06-26 11:32:49.052 9 INFO neutron.wsgi [req-585cc539-1539-4605-a068-dd103391ca98 req-b1526dfa-8f76-400e-b177-aea4c62339bb 16bf3c0e229045679d7bd02180a864c1 0fbb974f5e904015b063ede9e78ed8aa - - b986fca746354db3b6c32b45221f5053 b986fca746354db3b6c32b45221f5053] 199.19.213.104 "GET /v2.0/ports?tenant_id=0fb4d0892dc24b5ba71e70f6d12ae0a7&device_id=b8d4e40c-8a9d-4e5d-b775-48e67c36514a HTTP/1.1" status: 200 len: 1413 time: 0.0594614
2026-06-26 11:32:49.086 10 INFO neutron.db.ovn_revision_numbers_db [None req-c8269281-9cc1-4193-a011-f14cf00e7166 1e375c7551554f97818da1259fc9f32d bf56b2498a95468bb4a0488e43caa1fe - - default default] Successfully bumped revision number for resource 39688ba3-3b41-4abc-827b-d89e7854f26e (type: ports) to 1
2026-06-26 11:32:49.128 10 INFO neutron.wsgi [None req-c8269281-9cc1-4193-a011-f14cf00e7166 1e375c7551554f97818da1259fc9f32d bf56b2498a95468bb4a0488e43caa1fe - - default default] 10.0.0.94 "POST /v2.0/ports HTTP/1.1" status: 201 len: 1705 time: 0.8159559 /var/lib/openstack/lib/python3.10/site-packages/pycadf/identifier.py:71: UserWarning: Invalid uuid: neutron. To ensure interoperability, identifiers should be a valid uuid. warnings.warn(('Invalid uuid: %s. To ensure interoperability, '
2026-06-26 11:32:49.158 9 INFO neutron.wsgi [req-585cc539-1539-4605-a068-dd103391ca98 req-d3c0a71a-253e-49b7-adca-025b2cba1c98 16bf3c0e229045679d7bd02180a864c1 0fbb974f5e904015b063ede9e78ed8aa - - b986fca746354db3b6c32b45221f5053 b986fca746354db3b6c32b45221f5053] 199.19.213.104 "GET /v2.0/networks?id=041109da-635e-46ee-8822-0b1cf242aab8 HTTP/1.1" status: 200 len: 974 time: 0.1006820
2026-06-26 11:32:49.220 9 INFO neutron.wsgi [req-585cc539-1539-4605-a068-dd103391ca98 req-fbc6994a-5d55-48d6-be1b-9e69b6069069 16bf3c0e229045679d7bd02180a864c1 0fbb974f5e904015b063ede9e78ed8aa - - b986fca746354db3b6c32b45221f5053 b986fca746354db3b6c32b45221f5053] 199.19.213.104 "GET /v2.0/floatingips?fixed_ip_address=10.100.0.13&port_id=de9c8f81-54fd-4eba-81bf-6da4e5bc8c61 HTTP/1.1" status: 200 len: 1060 time: 0.0518670
2026-06-26 11:32:49.277 9 INFO neutron.wsgi [req-585cc539-1539-4605-a068-dd103391ca98 req-b66d9a1d-7e1c-45f5-93ba-fee3dd7e68fa 16bf3c0e229045679d7bd02180a864c1 0fbb974f5e904015b063ede9e78ed8aa - - b986fca746354db3b6c32b45221f5053 b986fca746354db3b6c32b45221f5053] 199.19.213.104 "GET /v2.0/subnets?id=fc8f679f-7fca-4485-ab71-13d1b1e234c9 HTTP/1.1" status: 200 len: 869 time: 0.0497673
2026-06-26 11:32:49.310 10 INFO neutron.wsgi [None req-b925418e-7139-4334-93b5-72aef9bdce37 1e375c7551554f97818da1259fc9f32d bf56b2498a95468bb4a0488e43caa1fe - - default default] 10.0.0.94 "GET /v2.0/ports HTTP/1.1" status: 200 len: 3212 time: 0.1761723
2026-06-26 11:32:49.313 9 INFO neutron.wsgi [req-585cc539-1539-4605-a068-dd103391ca98 req-d0fa44c2-22d9-484f-9aea-3eda61d007cc 16bf3c0e229045679d7bd02180a864c1 0fbb974f5e904015b063ede9e78ed8aa - - b986fca746354db3b6c32b45221f5053 b986fca746354db3b6c32b45221f5053] 199.19.213.104 "GET /v2.0/ports?network_id=041109da-635e-46ee-8822-0b1cf242aab8&device_owner=network%3Adhcp HTTP/1.1" status: 200 len: 210 time: 0.0280187
2026-06-26 11:32:49.381 9 INFO neutron.wsgi [req-585cc539-1539-4605-a068-dd103391ca98 req-6e873537-91ba-485d-b552-040ad1468d7a 16bf3c0e229045679d7bd02180a864c1 0fbb974f5e904015b063ede9e78ed8aa - - b986fca746354db3b6c32b45221f5053 b986fca746354db3b6c32b45221f5053] 199.19.213.104 "GET /v2.0/networks/041109da-635e-46ee-8822-0b1cf242aab8?fields=segments HTTP/1.1" status: 200 len: 212 time: 0.0566912
2026-06-26 11:32:49.419 10 INFO neutron.wsgi [req-48eafb11-615d-49ab-b7b5-707b3e93f7a1 req-30a50a25-e109-4202-98c2-4f5958a94916 fb3656104fd346c0a200deea4a49bb63 d21d87dde91842d38df05b6fdee8215e - - default default] 10.0.0.119 "GET /v2.0/ports?device_id=f4074415-6291-40ec-ada6-37375f2a12d3 HTTP/1.1" status: 200 len: 1172 time: 0.0965278
2026-06-26 11:32:49.457 9 INFO neutron.wsgi [req-585cc539-1539-4605-a068-dd103391ca98 req-d8d939bc-bad6-4b1a-a75c-690ec4f51118 16bf3c0e229045679d7bd02180a864c1 0fbb974f5e904015b063ede9e78ed8aa - - b986fca746354db3b6c32b45221f5053 b986fca746354db3b6c32b45221f5053] 199.19.213.104 "GET /v2.0/networks/041109da-635e-46ee-8822-0b1cf242aab8?fields=provider%3Aphysical_network&fields=provider%3Anetwork_type HTTP/1.1" status: 200 len: 277 time: 0.0682445
2026-06-26 11:32:49.481 10 INFO neutron.wsgi [req-48eafb11-615d-49ab-b7b5-707b3e93f7a1 req-543e90fd-ffc1-4cd4-b968-06164e2e14ac fb3656104fd346c0a200deea4a49bb63 d21d87dde91842d38df05b6fdee8215e - - default default] 10.0.0.119 "GET /v2.0/security-groups?id=57fc8aab-4ba7-486f-9045-5849127fd3c0&fields=id&fields=name HTTP/1.1" status: 200 len: 313 time: 0.0499642
2026-06-26 11:32:49.598 10 INFO neutron.wsgi [None req-86077552-2c9e-4d27-acc2-6a3b0a289fe1 1e375c7551554f97818da1259fc9f32d bf56b2498a95468bb4a0488e43caa1fe - - default default] 10.0.0.94 "DELETE /v2.0/ports/0320c200-6fd2-499f-846c-283b614eee16 HTTP/1.1" status: 204 len: 168 time: 0.2827387
2026-06-26 11:32:49.893 10 INFO neutron.wsgi [None req-c81277c5-342a-4392-b3e7-0d1a597338f9 1e375c7551554f97818da1259fc9f32d bf56b2498a95468bb4a0488e43caa1fe - - default default] 10.0.0.94 "DELETE /v2.0/ports/39688ba3-3b41-4abc-827b-d89e7854f26e HTTP/1.1" status: 204 len: 168 time: 0.2876313
2026-06-26 11:32:50.048 9 INFO neutron.wsgi [None req-20176b0c-f9f7-49b5-b7de-3240482825f5 1e375c7551554f97818da1259fc9f32d bf56b2498a95468bb4a0488e43caa1fe - - default default] 10.0.0.94 "GET /v2.0/ports HTTP/1.1" status: 200 len: 1718 time: 0.1491311
2026-06-26 11:32:50.060 9 WARNING neutron_lib.context [None req-5f00d299-374c-4711-9039-c5522ff88349 1e375c7551554f97818da1259fc9f32d bf56b2498a95468bb4a0488e43caa1fe - - default default] Method 'is_advsvc' is deprecated since 2023.2 release (neutron-lib 3.8.0) and will be removed once support for the old RBAC API policies will be removed from Neutron. Please use method 'is_service_role' instead.
2026-06-26 11:32:50.141 9 INFO neutron.db.segments_db [None req-5f00d299-374c-4711-9039-c5522ff88349 1e375c7551554f97818da1259fc9f32d bf56b2498a95468bb4a0488e43caa1fe - - default default] Added segment c21a114f-9c33-45d9-902f-19932b2f86c8 of type geneve for network 747ae68c-f23b-49bd-a98b-85c068c2eded
2026-06-26 11:32:50.314 9 INFO neutron.db.ovn_revision_numbers_db [None req-5f00d299-374c-4711-9039-c5522ff88349 1e375c7551554f97818da1259fc9f32d bf56b2498a95468bb4a0488e43caa1fe - - default default] Successfully bumped revision number for resource 747ae68c-f23b-49bd-a98b-85c068c2eded (type: networks) to 1
2026-06-26 11:32:50.468 9 WARNING neutron.plugins.ml2.drivers.ovn.mech_driver.ovsdb.ovn_client [None req-cc6754d9-19f8-4b6c-b6a9-849a4ba16fa1 - - - - - -] No hosting information found for port 5a268e7f-6489-43c7-904f-a33fe743fd1c: RuntimeError: No hosting information found for port 5a268e7f-6489-43c7-904f-a33fe743fd1c
2026-06-26 11:32:50.468 9 INFO neutron.plugins.ml2.drivers.ovn.mech_driver.mech_driver [None req-cc6754d9-19f8-4b6c-b6a9-849a4ba16fa1 - - - - - -] OVN reports status up for port: c7928196-e794-48c2-954a-f66064b83cf7
2026-06-26 11:32:50.488 9 INFO neutron.plugins.ml2.plugin [None req-cc6754d9-19f8-4b6c-b6a9-849a4ba16fa1 - - - - - -] Attempt 1 to provision port c7928196-e794-48c2-954a-f66064b83cf7
2026-06-26 11:32:50.491 9 WARNING neutron.scheduler.dhcp_agent_scheduler [None req-5f00d299-374c-4711-9039-c5522ff88349 1e375c7551554f97818da1259fc9f32d bf56b2498a95468bb4a0488e43caa1fe - - default default] No more DHCP agents
2026-06-26 11:32:50.503 9 WARNING neutron.api.rpc.agentnotifiers.dhcp_rpc_agent_api [None req-5f00d299-374c-4711-9039-c5522ff88349 1e375c7551554f97818da1259fc9f32d bf56b2498a95468bb4a0488e43caa1fe - - default default] Unable to schedule network 747ae68c-f23b-49bd-a98b-85c068c2eded: no agents available; will retry on subsequent port and subnet creation events.
2026-06-26 11:32:50.635 10 INFO neutron.wsgi [req-754de270-849b-41ce-8203-ab6100fd5ebc req-43fcc110-735e-42d0-86e6-33d2b63d779c fb3656104fd346c0a200deea4a49bb63 d21d87dde91842d38df05b6fdee8215e - - default default] 10.0.0.119 "GET /v2.0/ports?device_id=f4074415-6291-40ec-ada6-37375f2a12d3 HTTP/1.1" status: 200 len: 1172 time: 0.0529981
2026-06-26 11:32:50.685 10 INFO neutron.wsgi [req-754de270-849b-41ce-8203-ab6100fd5ebc req-3c8ef837-7d7e-40cb-aa10-1359c280e000 fb3656104fd346c0a200deea4a49bb63 d21d87dde91842d38df05b6fdee8215e - - default default] 10.0.0.119 "GET /v2.0/security-groups?id=57fc8aab-4ba7-486f-9045-5849127fd3c0&fields=id&fields=name HTTP/1.1" status: 200 len: 313 time: 0.0441437
2026-06-26 11:32:50.849 9 INFO neutron.db.ovn_revision_numbers_db [None req-5f00d299-374c-4711-9039-c5522ff88349 1e375c7551554f97818da1259fc9f32d bf56b2498a95468bb4a0488e43caa1fe - - default default] Successfully bumped revision number for resource 3d0617ec-e61f-4b94-8a59-27e60fd514d8 (type: ports) to 1
2026-06-26 11:32:50.889 9 INFO neutron.notifiers.nova [-] Nova event matching ['req-0ef6cf0c-9c25-4560-bf0f-e9eb88d648ae'] response: {'server_uuid': 'f4074415-6291-40ec-ada6-37375f2a12d3', 'name': 'network-vif-plugged', 'status': 'completed', 'tag': 'c7928196-e794-48c2-954a-f66064b83cf7', 'code': 200}
2026-06-26 11:32:50.893 9 INFO neutron.wsgi [None req-5f00d299-374c-4711-9039-c5522ff88349 1e375c7551554f97818da1259fc9f32d bf56b2498a95468bb4a0488e43caa1fe - - default default] 10.0.0.94 "POST /v2.0/networks HTTP/1.1" status: 201 len: 853 time: 0.8378112
2026-06-26 11:32:50.906 10 WARNING neutron_lib.context [None req-f1f6070d-3aac-435b-ae4c-6f61cbc42de2 1e375c7551554f97818da1259fc9f32d bf56b2498a95468bb4a0488e43caa1fe - - default default] Method 'is_advsvc' is deprecated since 2023.2 release (neutron-lib 3.8.0) and will be removed once support for the old RBAC API policies will be removed from Neutron. Please use method 'is_service_role' instead.
2026-06-26 11:32:50.983 10 INFO neutron.db.segments_db [None req-f1f6070d-3aac-435b-ae4c-6f61cbc42de2 1e375c7551554f97818da1259fc9f32d bf56b2498a95468bb4a0488e43caa1fe - - default default] Added segment 0639b98b-b4b4-4c97-8395-9046d742236f of type geneve for network ff22d796-978e-4079-ac25-308cc19a1d4a
2026-06-26 11:32:51.042 9 INFO neutron.db.ovn_revision_numbers_db [None req-cc6754d9-19f8-4b6c-b6a9-849a4ba16fa1 - - - - - -] Successfully bumped revision number for resource c7928196-e794-48c2-954a-f66064b83cf7 (type: ports) to 4
2026-06-26 11:32:51.167 10 INFO neutron.db.ovn_revision_numbers_db [None req-f1f6070d-3aac-435b-ae4c-6f61cbc42de2 1e375c7551554f97818da1259fc9f32d bf56b2498a95468bb4a0488e43caa1fe - - default default] Successfully bumped revision number for resource ff22d796-978e-4079-ac25-308cc19a1d4a (type: networks) to 1
2026-06-26 11:32:51.325 10 WARNING neutron.scheduler.dhcp_agent_scheduler [None req-f1f6070d-3aac-435b-ae4c-6f61cbc42de2 1e375c7551554f97818da1259fc9f32d bf56b2498a95468bb4a0488e43caa1fe - - default default] No more DHCP agents
2026-06-26 11:32:51.327 10 WARNING neutron.api.rpc.agentnotifiers.dhcp_rpc_agent_api [None req-f1f6070d-3aac-435b-ae4c-6f61cbc42de2 1e375c7551554f97818da1259fc9f32d bf56b2498a95468bb4a0488e43caa1fe - - default default] Unable to schedule network ff22d796-978e-4079-ac25-308cc19a1d4a: no agents available; will retry on subsequent port and subnet creation events.
2026-06-26 11:32:51.406 10 INFO neutron.db.ovn_revision_numbers_db [None req-f1f6070d-3aac-435b-ae4c-6f61cbc42de2 1e375c7551554f97818da1259fc9f32d bf56b2498a95468bb4a0488e43caa1fe - - default default] Successfully bumped revision number for resource 19ae2c62-c4d2-4fac-88aa-39bf6ed5b4af (type: ports) to 1
2026-06-26 11:32:51.425 10 INFO neutron.wsgi [None req-f1f6070d-3aac-435b-ae4c-6f61cbc42de2 1e375c7551554f97818da1259fc9f32d bf56b2498a95468bb4a0488e43caa1fe - - default default] 10.0.0.94 "POST /v2.0/networks HTTP/1.1" status: 201 len: 853 time: 0.5256648
2026-06-26 11:32:51.810 10 INFO neutron.wsgi [req-99b079ea-16a4-441e-b337-3a0f25d679f2 req-1c65a53e-edf0-4f45-81b2-4f0f27a2bba5 fb3656104fd346c0a200deea4a49bb63 d21d87dde91842d38df05b6fdee8215e - - default default] 10.0.0.119 "GET /v2.0/ports?device_id=f4074415-6291-40ec-ada6-37375f2a12d3 HTTP/1.1" status: 200 len: 1174 time: 0.0451941
2026-06-26 11:32:51.866 10 INFO neutron.wsgi [req-99b079ea-16a4-441e-b337-3a0f25d679f2 req-8c7042f4-076f-46a2-afa3-a377ec505785 fb3656104fd346c0a200deea4a49bb63 d21d87dde91842d38df05b6fdee8215e - - default default] 10.0.0.119 "GET /v2.0/security-groups?id=57fc8aab-4ba7-486f-9045-5849127fd3c0&fields=id&fields=name HTTP/1.1" status: 200 len: 313 time: 0.0520134
2026-06-26 11:32:51.973 10 INFO neutron.wsgi [req-31681b0d-3889-4f4b-a230-475dd2bfe6a9 req-116ccdee-143b-474a-9833-81a3947a5ca2 fb3656104fd346c0a200deea4a49bb63 d21d87dde91842d38df05b6fdee8215e - - default default] 10.0.0.119 "GET /v2.0/ports?device_id=f4074415-6291-40ec-ada6-37375f2a12d3 HTTP/1.1" status: 200 len: 1174 time: 0.0396564 /var/lib/openstack/lib/python3.10/site-packages/pycadf/identifier.py:71: UserWarning: Invalid uuid: neutron. To ensure interoperability, identifiers should be a valid uuid. warnings.warn(('Invalid uuid: %s. To ensure interoperability, '
2026-06-26 11:32:51.986 9 WARNING neutron_lib.context [None req-8d9a7b6e-8d23-4cc1-8368-c4e3d0b00d69 1e375c7551554f97818da1259fc9f32d bf56b2498a95468bb4a0488e43caa1fe - - default default] Method 'is_advsvc' is deprecated since 2023.2 release (neutron-lib 3.8.0) and will be removed once support for the old RBAC API policies will be removed from Neutron. Please use method 'is_service_role' instead.
2026-06-26 11:32:52.029 10 INFO neutron.wsgi [req-31681b0d-3889-4f4b-a230-475dd2bfe6a9 req-03b82a90-b90a-4487-866a-6c3f498ebc41 fb3656104fd346c0a200deea4a49bb63 d21d87dde91842d38df05b6fdee8215e - - default default] 10.0.0.119 "GET /v2.0/security-groups?id=57fc8aab-4ba7-486f-9045-5849127fd3c0&fields=id&fields=name HTTP/1.1" status: 200 len: 313 time: 0.0493727
2026-06-26 11:32:52.043 9 WARNING neutron_lib.context [None req-8d9a7b6e-8d23-4cc1-8368-c4e3d0b00d69 1e375c7551554f97818da1259fc9f32d bf56b2498a95468bb4a0488e43caa1fe - - default default] Method 'is_advsvc' is deprecated since 2023.2 release (neutron-lib 3.8.0) and will be removed once support for the old RBAC API policies will be removed from Neutron. Please use method 'is_service_role' instead.
2026-06-26 11:32:52.098 10 INFO neutron.wsgi [None req-bc8405d2-22f3-4b66-a05d-e0dfc691e4a6 5346ebd126004739af5d1d7a1f03dc17 ba5960d2dd4f404d8f2f0a5c69f6bb03 - - default default] 10.0.0.94 "GET /v2.0/ports?device_id=f4074415-6291-40ec-ada6-37375f2a12d3 HTTP/1.1" status: 200 len: 1408 time: 0.0416982
2026-06-26 11:32:52.111 9 WARNING neutron_lib.context [None req-86a12733-ab5f-4da6-a94e-e80cf9dbbe1c fb3656104fd346c0a200deea4a49bb63 d21d87dde91842d38df05b6fdee8215e - - default default] Method 'is_advsvc' is deprecated since 2023.2 release (neutron-lib 3.8.0) and will be removed once support for the old RBAC API policies will be removed from Neutron. Please use method 'is_service_role' instead.
2026-06-26 11:32:52.567 9 WARNING neutron.scheduler.dhcp_agent_scheduler [None req-86a12733-ab5f-4da6-a94e-e80cf9dbbe1c fb3656104fd346c0a200deea4a49bb63 d21d87dde91842d38df05b6fdee8215e - - default default] No more DHCP agents
2026-06-26 11:32:52.573 9 WARNING neutron.api.rpc.agentnotifiers.dhcp_rpc_agent_api [None req-86a12733-ab5f-4da6-a94e-e80cf9dbbe1c fb3656104fd346c0a200deea4a49bb63 d21d87dde91842d38df05b6fdee8215e - - default default] Unable to schedule network c453fe23-86db-45e3-ac29-b45b790c7ac6: no agents available; will retry on subsequent port and subnet creation events.
2026-06-26 11:32:52.637 9 WARNING neutron.scheduler.dhcp_agent_scheduler [None req-8d9a7b6e-8d23-4cc1-8368-c4e3d0b00d69 1e375c7551554f97818da1259fc9f32d bf56b2498a95468bb4a0488e43caa1fe - - default default] No more DHCP agents
2026-06-26 11:32:52.643 9 WARNING neutron.api.rpc.agentnotifiers.dhcp_rpc_agent_api [None req-8d9a7b6e-8d23-4cc1-8368-c4e3d0b00d69 1e375c7551554f97818da1259fc9f32d bf56b2498a95468bb4a0488e43caa1fe - - default default] Unable to schedule network 747ae68c-f23b-49bd-a98b-85c068c2eded: no agents available; will retry on subsequent port and subnet creation events.
2026-06-26 11:32:52.690 9 INFO neutron.db.ovn_revision_numbers_db [None req-8d9a7b6e-8d23-4cc1-8368-c4e3d0b00d69 1e375c7551554f97818da1259fc9f32d bf56b2498a95468bb4a0488e43caa1fe - - default default] Successfully bumped revision number for resource f80d1c31-f324-4585-a54c-dd6a7dbf095f (type: subnets) to 0
2026-06-26 11:32:52.739 9 WARNING neutron.scheduler.dhcp_agent_scheduler [None req-8d9a7b6e-8d23-4cc1-8368-c4e3d0b00d69 1e375c7551554f97818da1259fc9f32d bf56b2498a95468bb4a0488e43caa1fe - - default default] No more DHCP agents
2026-06-26 11:32:52.747 9 WARNING neutron.api.rpc.agentnotifiers.dhcp_rpc_agent_api [None req-8d9a7b6e-8d23-4cc1-8368-c4e3d0b00d69 1e375c7551554f97818da1259fc9f32d bf56b2498a95468bb4a0488e43caa1fe - - default default] Unable to schedule network ff22d796-978e-4079-ac25-308cc19a1d4a: no agents available; will retry on subsequent port and subnet creation events.
2026-06-26 11:32:52.809 9 INFO neutron.db.ovn_revision_numbers_db [None req-8d9a7b6e-8d23-4cc1-8368-c4e3d0b00d69 1e375c7551554f97818da1259fc9f32d bf56b2498a95468bb4a0488e43caa1fe - - default default] Successfully bumped revision number for resource e4b57002-f068-4674-876b-d8f5fa75bacd (type: subnets) to 0
2026-06-26 11:32:52.837 9 INFO neutron.wsgi [None req-8d9a7b6e-8d23-4cc1-8368-c4e3d0b00d69 1e375c7551554f97818da1259fc9f32d bf56b2498a95468bb4a0488e43caa1fe - - default default] 10.0.0.94 "POST /v2.0/subnets HTTP/1.1" status: 201 len: 1476 time: 0.8579981
2026-06-26 11:32:52.909 9 INFO neutron.wsgi [None req-7d494d73-b379-4ea6-b518-cf06d007106c 1e375c7551554f97818da1259fc9f32d bf56b2498a95468bb4a0488e43caa1fe - - default default] 10.0.0.94 "GET /v2.0/subnets HTTP/1.1" status: 200 len: 2084 time: 0.0665653
2026-06-26 11:32:52.932 9 INFO neutron.notifiers.nova [-] Nova event matching ['req-2e236c12-95e5-45db-ba34-3c0b58407e55'] response: {'server_uuid': 'f4074415-6291-40ec-ada6-37375f2a12d3', 'name': 'network-vif-plugged', 'status': 'completed', 'tag': 'c7928196-e794-48c2-954a-f66064b83cf7', 'code': 200}
2026-06-26 11:32:53.055 10 INFO neutron.db.ovn_revision_numbers_db [None req-fd607e18-fb58-438d-899a-15c4be6b1682 cf84a65b96fe40e3afd2dbd42244ec16 ee48f5bd4cd34d78a54267d47f83f5ed - - default default] Successfully bumped revision number for resource 561cd8f6-3429-414f-89eb-5b6fd7c1dec3 (type: security_groups) to 1
2026-06-26 11:32:53.071 10 INFO neutron.db.ovn_revision_numbers_db [None req-fd607e18-fb58-438d-899a-15c4be6b1682 cf84a65b96fe40e3afd2dbd42244ec16 ee48f5bd4cd34d78a54267d47f83f5ed - - default default] Successfully bumped revision number for resource 09b2e590-9510-464f-8971-7af649877004 (type: security_group_rules) to 0
2026-06-26 11:32:53.083 10 INFO neutron.db.ovn_revision_numbers_db [None req-fd607e18-fb58-438d-899a-15c4be6b1682 cf84a65b96fe40e3afd2dbd42244ec16 ee48f5bd4cd34d78a54267d47f83f5ed - - default default] Successfully bumped revision number for resource 3d039f7d-7cef-4d04-b7d0-7599a143cd07 (type: security_group_rules) to 0
2026-06-26 11:32:53.110 10 INFO neutron.db.ovn_revision_numbers_db [None req-fd607e18-fb58-438d-899a-15c4be6b1682 cf84a65b96fe40e3afd2dbd42244ec16 ee48f5bd4cd34d78a54267d47f83f5ed - - default default] Successfully bumped revision number for resource 6de569e9-f2f4-4ae8-b64f-d39a59c8f901 (type: security_group_rules) to 0
2026-06-26 11:32:53.121 10 INFO neutron.wsgi [None req-701fd10d-45dd-41b9-b6c1-4c1e4d43a83f 1e375c7551554f97818da1259fc9f32d bf56b2498a95468bb4a0488e43caa1fe - - default default] 10.0.0.94 "DELETE /v2.0/subnets/f80d1c31-f324-4585-a54c-dd6a7dbf095f HTTP/1.1" status: 204 len: 168 time: 0.1980848
2026-06-26 11:32:53.131 9 INFO neutron.db.l3_db [None req-86a12733-ab5f-4da6-a94e-e80cf9dbbe1c fb3656104fd346c0a200deea4a49bb63 d21d87dde91842d38df05b6fdee8215e - - default default] Floating IP c85af7fd-4a80-4ff7-be3f-09dd4db26d40 associated. External IP: 10.96.250.205, port: c7928196-e794-48c2-954a-f66064b83cf7.
2026-06-26 11:32:53.141 10 INFO neutron.db.ovn_revision_numbers_db [None req-fd607e18-fb58-438d-899a-15c4be6b1682 cf84a65b96fe40e3afd2dbd42244ec16 ee48f5bd4cd34d78a54267d47f83f5ed - - default default] Successfully bumped revision number for resource de230046-9263-4aad-b077-223dba34dfc1 (type: security_group_rules) to 0
2026-06-26 11:32:53.169 10 INFO neutron.wsgi [None req-fd607e18-fb58-438d-899a-15c4be6b1682 cf84a65b96fe40e3afd2dbd42244ec16 ee48f5bd4cd34d78a54267d47f83f5ed - - default default] 10.0.0.94 "GET /v2.0/security-groups?tenant_id=5f5873904b604f0288c4dbc0e13805b6&name=default HTTP/1.1" status: 200 len: 2996 time: 0.4587092
2026-06-26 11:32:53.354 9 INFO neutron.db.ovn_revision_numbers_db [None req-86a12733-ab5f-4da6-a94e-e80cf9dbbe1c fb3656104fd346c0a200deea4a49bb63 d21d87dde91842d38df05b6fdee8215e - - default default] Successfully bumped revision number for resource c85af7fd-4a80-4ff7-be3f-09dd4db26d40 (type: floatingips) to 0
2026-06-26 11:32:53.403 10 INFO neutron.wsgi [None req-2d9e1e66-a5ac-43c9-a02b-0e2a057a45e3 1e375c7551554f97818da1259fc9f32d bf56b2498a95468bb4a0488e43caa1fe - - default default] 10.0.0.94 "DELETE /v2.0/subnets/e4b57002-f068-4674-876b-d8f5fa75bacd HTTP/1.1" status: 204 len: 168 time: 0.2765501 /var/lib/openstack/lib/python3.10/site-packages/pycadf/identifier.py:71: UserWarning: Invalid uuid: neutron. To ensure interoperability, identifiers should be a valid uuid. warnings.warn(('Invalid uuid: %s. To ensure interoperability, '
2026-06-26 11:32:53.467 10 INFO neutron.wsgi [None req-815a9a7f-397c-43f7-8c67-fd7e2d05186f 1e375c7551554f97818da1259fc9f32d bf56b2498a95468bb4a0488e43caa1fe - - default default] 10.0.0.94 "GET /v2.0/subnets HTTP/1.1" status: 200 len: 820 time: 0.0570350
2026-06-26 11:32:53.485 9 INFO neutron.db.ovn_revision_numbers_db [None req-86a12733-ab5f-4da6-a94e-e80cf9dbbe1c fb3656104fd346c0a200deea4a49bb63 d21d87dde91842d38df05b6fdee8215e - - default default] Successfully bumped revision number for resource c85af7fd-4a80-4ff7-be3f-09dd4db26d40 (type: floatingips) to 1
2026-06-26 11:32:53.546 9 INFO neutron.wsgi [None req-86a12733-ab5f-4da6-a94e-e80cf9dbbe1c fb3656104fd346c0a200deea4a49bb63 d21d87dde91842d38df05b6fdee8215e - - default default] 10.0.0.94 "POST /v2.0/floatingips HTTP/1.1" status: 201 len: 1055 time: 1.4398246
2026-06-26 11:32:53.577 10 INFO neutron.wsgi [None req-152ae417-2815-43a0-abce-34df97cf8027 cf84a65b96fe40e3afd2dbd42244ec16 ee48f5bd4cd34d78a54267d47f83f5ed - - default default] 10.0.0.94 "DELETE /v2.0/security-groups/561cd8f6-3429-414f-89eb-5b6fd7c1dec3 HTTP/1.1" status: 204 len: 168 time: 0.4021518
2026-06-26 11:32:53.604 9 INFO neutron.wsgi [None req-59e270a4-f72d-4041-9c64-f4eb45f48100 fb3656104fd346c0a200deea4a49bb63 d21d87dde91842d38df05b6fdee8215e - - default default] 10.0.0.94 "GET /v2.0/floatingips/c85af7fd-4a80-4ff7-be3f-09dd4db26d40 HTTP/1.1" status: 200 len: 1052 time: 0.0524538
