Apr 18 17:48:26.415773 np0000167461 devstack@neutron-api.service[104286]: DEBUG neutron_lib.callbacks.manager [None req-47b296ea-7222-43aa-acae-9595a63491cd None None] Subscribe: > floatingip after_create 55550000, False {{(pid=104286) subscribe /opt/stack/data/venv/lib/python3.12/site-packages/neutron_lib/callbacks/manager.py:52}}
Apr 18 17:48:26.415811 np0000167461 devstack@neutron-api.service[104286]: DEBUG neutron_lib.callbacks.manager [None req-47b296ea-7222-43aa-acae-9595a63491cd None None] Subscribe: > floatingip precommit_create 55550000, False {{(pid=104286) subscribe /opt/stack/data/venv/lib/python3.12/site-packages/neutron_lib/callbacks/manager.py:52}}
Apr 18 17:48:26.415848 np0000167461 devstack@neutron-api.service[104285]: DEBUG neutron.api.extensions [None req-acc21ed0-1b9e-43fc-a55a-180468aeaa6f None None] Ext name="Provider Network" alias="provider" description="Expose mapping of virtual networks to physical networks" updated="2012-09-07T10:00:00-00:00" {{(pid=104285) _check_extension /opt/stack/neutron/neutron/api/extensions.py:415}}
Apr 18 17:48:26.415974 np0000167461 devstack@neutron-api.service[104286]: DEBUG neutron_lib.callbacks.manager [None req-47b296ea-7222-43aa-acae-9595a63491cd None None] Subscribe: > floatingip precommit_update 55550000, False {{(pid=104286) subscribe /opt/stack/data/venv/lib/python3.12/site-packages/neutron_lib/callbacks/manager.py:52}}
Apr 18 17:48:26.416016 np0000167461 devstack@neutron-api.service[104286]: DEBUG neutron_lib.callbacks.manager [None req-47b296ea-7222-43aa-acae-9595a63491cd None None] Subscribe: > floatingip after_delete 55550000, False {{(pid=104286) subscribe /opt/stack/data/venv/lib/python3.12/site-packages/neutron_lib/callbacks/manager.py:52}}
Apr 18 17:48:26.416057 np0000167461 devstack@neutron-api.service[104285]: INFO neutron.api.extensions [None req-acc21ed0-1b9e-43fc-a55a-180468aeaa6f None None] Loaded extension: provider
Apr 18 17:48:26.416095 np0000167461 devstack@neutron-api.service[104285]: DEBUG neutron.api.extensions [None req-acc21ed0-1b9e-43fc-a55a-180468aeaa6f None None] Loading extension file: qinq.py {{(pid=104285) _load_all_extensions_from_path /opt/stack/neutron/neutron/api/extensions.py:449}}
Apr 18 17:48:26.416185 np0000167461 devstack@neutron-api.service[104286]: DEBUG neutron_lib.callbacks.manager [None req-47b296ea-7222-43aa-acae-9595a63491cd None None] Subscribe: > floatingip after_status_update 55550000, False {{(pid=104286) subscribe /opt/stack/data/venv/lib/python3.12/site-packages/neutron_lib/callbacks/manager.py:52}}
Apr 18 17:48:26.416185 np0000167461 devstack@neutron-api.service[104286]: DEBUG neutron_lib.callbacks.manager [None req-47b296ea-7222-43aa-acae-9595a63491cd None None] Subscribe: > floatingip after_update 55550000, False {{(pid=104286) subscribe /opt/stack/data/venv/lib/python3.12/site-packages/neutron_lib/callbacks/manager.py:52}}
Apr 18 17:48:26.416339 np0000167461 devstack@neutron-api.service[104286]: DEBUG neutron_lib.callbacks.manager [None req-47b296ea-7222-43aa-acae-9595a63491cd None None] Subscribe: > port_forwarding after_create 55550000, False {{(pid=104286) subscribe /opt/stack/data/venv/lib/python3.12/site-packages/neutron_lib/callbacks/manager.py:52}}
Apr 18 17:48:26.416379 np0000167461 devstack@neutron-api.service[104285]: DEBUG neutron.api.extensions [None req-acc21ed0-1b9e-43fc-a55a-180468aeaa6f None None] Ext name="QinQ networks" alias="qinq" description="Expose network 'qinq' attribute in the API. This allows to configure network to allow vlan in vlan configuration using 0x8a88 ethertype (QinQ)." updated="2024-12-02T10:00:00-00:00" {{(pid=104285) _check_extension /opt/stack/neutron/neutron/api/extensions.py:415}}
Apr 18 17:48:26.416422 np0000167461 devstack@neutron-api.service[104286]: DEBUG neutron_lib.callbacks.manager [None req-47b296ea-7222-43aa-acae-9595a63491cd None None] Subscribe: > router_interface after_delete 55550000, False {{(pid=104286) subscribe /opt/stack/data/venv/lib/python3.12/site-packages/neutron_lib/callbacks/manager.py:52}}
Apr 18 17:48:26.416511 np0000167461 devstack@neutron-api.service[104286]: DEBUG neutron_lib.callbacks.manager [None req-47b296ea-7222-43aa-acae-9595a63491cd None None] Subscribe: > router after_create 55550000, False {{(pid=104286) subscribe /opt/stack/data/venv/lib/python3.12/site-packages/neutron_lib/callbacks/manager.py:52}}
Apr 18 17:48:26.416557 np0000167461 devstack@neutron-api.service[104285]: INFO neutron.api.extensions [None req-acc21ed0-1b9e-43fc-a55a-180468aeaa6f None None] Loaded extension: qinq
Apr 18 17:48:26.416595 np0000167461 devstack@neutron-api.service[104286]: DEBUG neutron_lib.callbacks.manager [None req-47b296ea-7222-43aa-acae-9595a63491cd None None] Subscribe: > router precommit_create 55550000, False {{(pid=104286) subscribe /opt/stack/data/venv/lib/python3.12/site-packages/neutron_lib/callbacks/manager.py:52}}
Apr 18 17:48:26.416678 np0000167461 devstack@neutron-api.service[104285]: DEBUG neutron.api.extensions [None req-acc21ed0-1b9e-43fc-a55a-180468aeaa6f None None] Loading extension file: qos.py {{(pid=104285) _load_all_extensions_from_path /opt/stack/neutron/neutron/api/extensions.py:449}}
Apr 18 17:48:26.416789 np0000167461 devstack@neutron-api.service[104286]: DEBUG neutron_lib.callbacks.manager [None req-47b296ea-7222-43aa-acae-9595a63491cd None None] Subscribe: > router after_delete 55550000, False {{(pid=104286) subscribe /opt/stack/data/venv/lib/python3.12/site-packages/neutron_lib/callbacks/manager.py:52}}
Apr 18 17:48:26.416832 np0000167461 devstack@neutron-api.service[104286]: DEBUG neutron_lib.callbacks.manager [None req-47b296ea-7222-43aa-acae-9595a63491cd None None] Subscribe: > router after_update 55550000, False {{(pid=104286) subscribe /opt/stack/data/venv/lib/python3.12/site-packages/neutron_lib/callbacks/manager.py:52}}
Apr 18 17:48:26.416925 np0000167461 devstack@neutron-api.service[104286]: DEBUG neutron.services.service_base [None req-47b296ea-7222-43aa-acae-9595a63491cd None None] Loaded 'neutron.services.ovn_l3.service_providers.ovn.OvnDriver' provider for service L3_ROUTER_NAT {{(pid=104286) load_drivers /opt/stack/neutron/neutron/services/service_base.py:49}}
Apr 18 17:48:26.417041 np0000167461 devstack@neutron-api.service[104286]: DEBUG neutron_lib.callbacks.manager [None req-47b296ea-7222-43aa-acae-9595a63491cd None None] Subscribe: > process after_init 55550001, True {{(pid=104286) subscribe /opt/stack/data/venv/lib/python3.12/site-packages/neutron_lib/callbacks/manager.py:52}}
Apr 18 17:48:26.417170 np0000167461 devstack@neutron-api.service[104286]: DEBUG neutron.manager [None req-47b296ea-7222-43aa-acae-9595a63491cd None None] Successfully loaded L3_ROUTER_NAT plugin. Description: L3 Router Service Plugin for basic L3 forwarding using OVN {{(pid=104286) _create_and_add_service_plugin /opt/stack/neutron/neutron/manager.py:239}}
Apr 18 17:48:26.417258 np0000167461 devstack@neutron-api.service[104286]: INFO neutron.manager [None req-47b296ea-7222-43aa-acae-9595a63491cd None None] Loading Plugin: auto_allocate
Apr 18 17:48:26.417549 np0000167461 devstack@neutron-api.service[104285]: DEBUG neutron.api.extensions [None req-acc21ed0-1b9e-43fc-a55a-180468aeaa6f None None] Ext name="Quality of Service" alias="qos" description="The Quality of Service extension." updated="2015-06-08T10:00:00-00:00" {{(pid=104285) _check_extension /opt/stack/neutron/neutron/api/extensions.py:415}}
Apr 18 17:48:26.417792 np0000167461 devstack@neutron-api.service[104285]: INFO neutron.api.extensions [None req-acc21ed0-1b9e-43fc-a55a-180468aeaa6f None None] Extension qos not supported by any of loaded plugins
Apr 18 17:48:26.417874 np0000167461 devstack@neutron-api.service[104285]: DEBUG neutron.api.extensions [None req-acc21ed0-1b9e-43fc-a55a-180468aeaa6f None None] Loading extension file: qos_bw_limit_direction.py {{(pid=104285) _load_all_extensions_from_path /opt/stack/neutron/neutron/api/extensions.py:449}}
Apr 18 17:48:26.418291 np0000167461 devstack@neutron-api.service[104285]: DEBUG neutron.api.extensions [None req-acc21ed0-1b9e-43fc-a55a-180468aeaa6f None None] Ext name="Direction for QoS bandwidth limit rule" alias="qos-bw-limit-direction" description="Allow to configure QoS bandwidth limit rule with specific direction: ingress or egress" updated="2017-04-10T10:00:00-00:00" {{(pid=104285) _check_extension /opt/stack/neutron/neutron/api/extensions.py:415}}
Apr 18 17:48:26.418291 np0000167461 devstack@neutron-api.service[104285]: INFO neutron.api.extensions [None req-acc21ed0-1b9e-43fc-a55a-180468aeaa6f None None] Extension qos-bw-limit-direction not supported by any of loaded plugins
Apr 18 17:48:26.418447 np0000167461 devstack@neutron-api.service[104285]: DEBUG neutron.api.extensions [None req-acc21ed0-1b9e-43fc-a55a-180468aeaa6f None None] Loading extension file: qos_bw_minimum_ingress.py {{(pid=104285) _load_all_extensions_from_path /opt/stack/neutron/neutron/api/extensions.py:449}}
Apr 18 17:48:26.418477 np0000167461 devstack@neutron-api.service[104286]: DEBUG neutron_lib.callbacks.manager [None req-47b296ea-7222-43aa-acae-9595a63491cd None None] Subscribe: network precommit_update 55550000, False {{(pid=104286) subscribe /opt/stack/data/venv/lib/python3.12/site-packages/neutron_lib/callbacks/manager.py:52}}
Apr 18 17:48:26.418477 np0000167461 devstack@neutron-api.service[104286]: DEBUG neutron_lib.callbacks.manager [None req-47b296ea-7222-43aa-acae-9595a63491cd None None] Subscribe: network precommit_create 55550000, False {{(pid=104286) subscribe /opt/stack/data/venv/lib/python3.12/site-packages/neutron_lib/callbacks/manager.py:52}}
Apr 18 17:48:26.418548 np0000167461 devstack@neutron-api.service[104285]: DEBUG neutron.api.extensions [None req-acc21ed0-1b9e-43fc-a55a-180468aeaa6f None None] Ext name="Ingress direction for QoS minimum bandwidth rule" alias="qos-bw-minimum-ingress" description="Allow to configure QoS minumum bandwidth rule with ingress direction." updated="2018-07-09T10:00:00-00:00" {{(pid=104285) _check_extension /opt/stack/neutron/neutron/api/extensions.py:415}}
Apr 18 17:48:26.418675 np0000167461 devstack@neutron-api.service[104286]: DEBUG neutron.manager [None req-47b296ea-7222-43aa-acae-9595a63491cd None None] Successfully loaded auto-allocated-topology plugin. Description: Auto Allocated Topology - aka get me a network. {{(pid=104286) _create_and_add_service_plugin /opt/stack/neutron/neutron/manager.py:239}}
Apr 18 17:48:26.418728 np0000167461 devstack@neutron-api.service[104285]: INFO neutron.api.extensions [None req-acc21ed0-1b9e-43fc-a55a-180468aeaa6f None None] Extension qos-bw-minimum-ingress not supported by any of loaded plugins
Apr 18 17:48:26.418762 np0000167461 devstack@neutron-api.service[104286]: INFO neutron.manager [None req-47b296ea-7222-43aa-acae-9595a63491cd None None] Loading Plugin: tag
Apr 18 17:48:26.418814 np0000167461 devstack@neutron-api.service[104285]: DEBUG neutron.api.extensions [None req-acc21ed0-1b9e-43fc-a55a-180468aeaa6f None None] Loading extension file: qos_default.py {{(pid=104285) _load_all_extensions_from_path /opt/stack/neutron/neutron/api/extensions.py:449}}
Apr 18 17:48:26.419062 np0000167461 devstack@neutron-api.service[104285]: DEBUG neutron.api.extensions [None req-acc21ed0-1b9e-43fc-a55a-180468aeaa6f None None] Ext name="QoS default policy" alias="qos-default" description="Expose the QoS default policy per project" updated="2017-041-06T10:00:00-00:00" {{(pid=104285) _check_extension /opt/stack/neutron/neutron/api/extensions.py:415}}
Apr 18 17:48:26.419219 np0000167461 devstack@neutron-api.service[104285]: INFO neutron.api.extensions [None req-acc21ed0-1b9e-43fc-a55a-180468aeaa6f None None] Extension qos-default not supported by any of loaded plugins
Apr 18 17:48:26.419247 np0000167461 devstack@neutron-api.service[104288]: INFO neutron.plugins.ml2.drivers.type_vlan [None req-922cf778-49b6-4dc9-a72e-8de111108c3f None None] VlanTypeDriver initialization complete
Apr 18 17:48:26.419567 np0000167461 devstack@neutron-api.service[104285]: DEBUG neutron.api.extensions [None req-acc21ed0-1b9e-43fc-a55a-180468aeaa6f None None] Loading extension file: qos_fip.py {{(pid=104285) _load_all_extensions_from_path /opt/stack/neutron/neutron/api/extensions.py:449}}
Apr 18 17:48:26.419592 np0000167461 devstack@neutron-api.service[104288]: INFO neutron.plugins.ml2.managers [None req-922cf778-49b6-4dc9-a72e-8de111108c3f None None] Initializing extension driver 'port_security'
Apr 18 17:48:26.419592 np0000167461 devstack@neutron-api.service[104288]: INFO neutron.plugins.ml2.extensions.port_security [None req-922cf778-49b6-4dc9-a72e-8de111108c3f None None] PortSecurityExtensionDriver initialization complete
Apr 18 17:48:26.419642 np0000167461 devstack@neutron-api.service[104285]: DEBUG neutron.api.extensions [None req-acc21ed0-1b9e-43fc-a55a-180468aeaa6f None None] Ext name="Floating IP QoS" alias="qos-fip" description="The floating IP Quality of Service extension" updated="2017-07-20T00:00:00-00:00" {{(pid=104285) _check_extension /opt/stack/neutron/neutron/api/extensions.py:415}}
Apr 18 17:48:26.419668 np0000167461 devstack@neutron-api.service[104288]: INFO neutron.plugins.ml2.managers [None req-922cf778-49b6-4dc9-a72e-8de111108c3f None None] Initializing extension driver 'qos'
Apr 18 17:48:26.419668 np0000167461 devstack@neutron-api.service[104288]: DEBUG neutron.plugins.ml2.extensions.qos [None req-922cf778-49b6-4dc9-a72e-8de111108c3f None None] QosExtensionDriver initialization complete {{(pid=104288) initialize /opt/stack/neutron/neutron/plugins/ml2/extensions/qos.py:31}}
Apr 18 17:48:26.419761 np0000167461 devstack@neutron-api.service[104285]: INFO neutron.api.extensions [None req-acc21ed0-1b9e-43fc-a55a-180468aeaa6f None None] Extension qos-fip not supported by any of loaded plugins
Apr 18 17:48:26.419786 np0000167461 devstack@neutron-api.service[104288]: INFO neutron.plugins.ml2.managers [None req-922cf778-49b6-4dc9-a72e-8de111108c3f None None] Initializing mechanism driver 'ovn'
Apr 18 17:48:26.419811 np0000167461 devstack@neutron-api.service[104285]: DEBUG neutron.api.extensions [None req-acc21ed0-1b9e-43fc-a55a-180468aeaa6f None None] Loading extension file: qos_fip_network_policy.py {{(pid=104285) _load_all_extensions_from_path /opt/stack/neutron/neutron/api/extensions.py:449}}
Apr 18 17:48:26.419862 np0000167461 devstack@neutron-api.service[104288]: INFO neutron.plugins.ml2.drivers.ovn.mech_driver.mech_driver [None req-922cf778-49b6-4dc9-a72e-8de111108c3f None None] Starting OVNMechanismDriver
Apr 18 17:48:26.420012 np0000167461 devstack@neutron-api.service[104285]: DEBUG neutron.api.extensions [None req-acc21ed0-1b9e-43fc-a55a-180468aeaa6f None None] Ext name="QoS floating IP network policy ID" alias="qos-fip-network-policy" description="Adds a the QoS network ID to the floating IP definition" updated="2021-11-15T10:00:00-00:00" {{(pid=104285) _check_extension /opt/stack/neutron/neutron/api/extensions.py:415}}
Apr 18 17:48:26.420180 np0000167461 devstack@neutron-api.service[104285]: INFO neutron.api.extensions [None req-acc21ed0-1b9e-43fc-a55a-180468aeaa6f None None] Extension qos-fip-network-policy not supported by any of loaded plugins
Apr 18 17:48:26.420268 np0000167461 devstack@neutron-api.service[104285]: DEBUG neutron.api.extensions [None req-acc21ed0-1b9e-43fc-a55a-180468aeaa6f None None] Loading extension file: qos_gateway_ip.py {{(pid=104285) _load_all_extensions_from_path /opt/stack/neutron/neutron/api/extensions.py:449}}
Apr 18 17:48:26.420496 np0000167461 devstack@neutron-api.service[104285]: DEBUG neutron.api.extensions [None req-acc21ed0-1b9e-43fc-a55a-180468aeaa6f None None] Ext name="Router gateway IP QoS" alias="qos-gateway-ip" description="The Router gateway IP Quality of Service extension" updated="2018-02-24T00:00:00-00:00" {{(pid=104285) _check_extension /opt/stack/neutron/neutron/api/extensions.py:415}}
Apr 18 17:48:26.420659 np0000167461 devstack@neutron-api.service[104285]: INFO neutron.api.extensions [None req-acc21ed0-1b9e-43fc-a55a-180468aeaa6f None None] Extension qos-gateway-ip not supported by any of loaded plugins
Apr 18 17:48:26.420763 np0000167461 devstack@neutron-api.service[104285]: DEBUG neutron.api.extensions [None req-acc21ed0-1b9e-43fc-a55a-180468aeaa6f None None] Loading extension file: qos_port_network_policy.py {{(pid=104285) _load_all_extensions_from_path /opt/stack/neutron/neutron/api/extensions.py:449}}
Apr 18 17:48:26.420992 np0000167461 devstack@neutron-api.service[104285]: DEBUG neutron.api.extensions [None req-acc21ed0-1b9e-43fc-a55a-180468aeaa6f None None] Ext name="QoS port network policy ID" alias="qos-port-network-policy" description="Adds a the QoS network ID to the port definition" updated="2019-11-01T10:00:00-00:00" {{(pid=104285) _check_extension /opt/stack/neutron/neutron/api/extensions.py:415}}
Apr 18 17:48:26.421157 np0000167461 devstack@neutron-api.service[104285]: INFO neutron.api.extensions [None req-acc21ed0-1b9e-43fc-a55a-180468aeaa6f None None] Extension qos-port-network-policy not supported by any of loaded plugins
Apr 18 17:48:26.421245 np0000167461 devstack@neutron-api.service[104285]: DEBUG neutron.api.extensions [None req-acc21ed0-1b9e-43fc-a55a-180468aeaa6f None None] Loading extension file: qos_pps_minimum_rule.py {{(pid=104285) _load_all_extensions_from_path /opt/stack/neutron/neutron/api/extensions.py:449}}
Apr 18 17:48:26.421433 np0000167461 devstack@neutron-api.service[104288]: DEBUG neutron_lib.callbacks.manager [None req-922cf778-49b6-4dc9-a72e-8de111108c3f None None] Subscribe: > process before_spawn 55550000, False {{(pid=104288) subscribe /opt/stack/data/venv/lib/python3.12/site-packages/neutron_lib/callbacks/manager.py:52}}
Apr 18 17:48:26.421469 np0000167461 devstack@neutron-api.service[104285]: DEBUG neutron.api.extensions [None req-acc21ed0-1b9e-43fc-a55a-180468aeaa6f None None] Ext name="QoS minimum packet rate rule" alias="qos-pps-minimum" description="Allow to configure QoS minimum packet rate rule." updated="2021-07-14T10:00:00-00:00" {{(pid=104285) _check_extension /opt/stack/neutron/neutron/api/extensions.py:415}}
Apr 18 17:48:26.421566 np0000167461 devstack@neutron-api.service[104288]: DEBUG neutron_lib.callbacks.manager [None req-922cf778-49b6-4dc9-a72e-8de111108c3f None None] Subscribe: > process after_init 55550000, True {{(pid=104288) subscribe /opt/stack/data/venv/lib/python3.12/site-packages/neutron_lib/callbacks/manager.py:52}}
Apr 18 17:48:26.421674 np0000167461 devstack@neutron-api.service[104288]: DEBUG neutron_lib.callbacks.manager [None req-922cf778-49b6-4dc9-a72e-8de111108c3f None None] Subscribe: > segment after_create 55550000, False {{(pid=104288) subscribe /opt/stack/data/venv/lib/python3.12/site-packages/neutron_lib/callbacks/manager.py:52}}
Apr 18 17:48:26.421733 np0000167461 devstack@neutron-api.service[104285]: INFO neutron.api.extensions [None req-acc21ed0-1b9e-43fc-a55a-180468aeaa6f None None] Extension qos-pps-minimum not supported by any of loaded plugins
Apr 18 17:48:26.421798 np0000167461 devstack@neutron-api.service[104288]: DEBUG neutron_lib.callbacks.manager [None req-922cf778-49b6-4dc9-a72e-8de111108c3f None None] Subscribe: > segment after_create 55550000, False {{(pid=104288) subscribe /opt/stack/data/venv/lib/python3.12/site-packages/neutron_lib/callbacks/manager.py:52}}
Apr 18 17:48:26.421826 np0000167461 devstack@neutron-api.service[104285]: DEBUG neutron.api.extensions [None req-acc21ed0-1b9e-43fc-a55a-180468aeaa6f None None] Loading extension file: qos_pps_minimum_rule_alias.py {{(pid=104285) _load_all_extensions_from_path /opt/stack/neutron/neutron/api/extensions.py:449}}
Apr 18 17:48:26.421900 np0000167461 devstack@neutron-api.service[104288]: DEBUG neutron_lib.callbacks.manager [None req-922cf778-49b6-4dc9-a72e-8de111108c3f None None] Subscribe: > segment after_delete 55550000, False {{(pid=104288) subscribe /opt/stack/data/venv/lib/python3.12/site-packages/neutron_lib/callbacks/manager.py:52}}
Apr 18 17:48:26.422004 np0000167461 devstack@neutron-api.service[104288]: DEBUG neutron_lib.callbacks.manager [None req-922cf778-49b6-4dc9-a72e-8de111108c3f None None] Subscribe: > allowed_address_pair before_create 55550000, False {{(pid=104288) subscribe /opt/stack/data/venv/lib/python3.12/site-packages/neutron_lib/callbacks/manager.py:52}}
Apr 18 17:48:26.422077 np0000167461 devstack@neutron-api.service[104285]: DEBUG neutron.api.extensions [None req-acc21ed0-1b9e-43fc-a55a-180468aeaa6f None None] Ext name="QoS minimum packet rate rule alias" alias="qos-pps-minimum-rule-alias" description="API to enable GET, PUT and DELETE operations on QoS minimum packet rate rule without specifying policy ID" updated="2021-10-22T10:00:00-00:00" {{(pid=104285) _check_extension /opt/stack/neutron/neutron/api/extensions.py:415}}
Apr 18 17:48:26.422110 np0000167461 devstack@neutron-api.service[104288]: DEBUG neutron_lib.callbacks.manager [None req-922cf778-49b6-4dc9-a72e-8de111108c3f None None] Subscribe: > security_group precommit_create 55550000, False {{(pid=104288) subscribe /opt/stack/data/venv/lib/python3.12/site-packages/neutron_lib/callbacks/manager.py:52}}
Apr 18 17:48:26.422212 np0000167461 devstack@neutron-api.service[104288]: DEBUG neutron_lib.callbacks.manager [None req-922cf778-49b6-4dc9-a72e-8de111108c3f None None] Subscribe: > security_group after_update 55550000, False {{(pid=104288) subscribe /opt/stack/data/venv/lib/python3.12/site-packages/neutron_lib/callbacks/manager.py:52}}
Apr 18 17:48:26.422269 np0000167461 devstack@neutron-api.service[104285]: INFO neutron.api.extensions [None req-acc21ed0-1b9e-43fc-a55a-180468aeaa6f None None] Extension qos-pps-minimum-rule-alias not supported by any of loaded plugins
Apr 18 17:48:26.422352 np0000167461 devstack@neutron-api.service[104288]: DEBUG neutron_lib.callbacks.manager [None req-922cf778-49b6-4dc9-a72e-8de111108c3f None None] Subscribe: > security_group after_create 55550000, False {{(pid=104288) subscribe /opt/stack/data/venv/lib/python3.12/site-packages/neutron_lib/callbacks/manager.py:52}}
Apr 18 17:48:26.422398 np0000167461 devstack@neutron-api.service[104285]: DEBUG neutron.api.extensions [None req-acc21ed0-1b9e-43fc-a55a-180468aeaa6f None None] Loading extension file: qos_pps_rule.py {{(pid=104285) _load_all_extensions_from_path /opt/stack/neutron/neutron/api/extensions.py:449}}
Apr 18 17:48:26.422427 np0000167461 devstack@neutron-api.service[104288]: DEBUG neutron_lib.callbacks.manager [None req-922cf778-49b6-4dc9-a72e-8de111108c3f None None] Subscribe: > security_group precommit_delete 55550000, False {{(pid=104288) subscribe /opt/stack/data/venv/lib/python3.12/site-packages/neutron_lib/callbacks/manager.py:52}}
Apr 18 17:48:26.422513 np0000167461 devstack@neutron-api.service[104288]: DEBUG neutron_lib.callbacks.manager [None req-922cf778-49b6-4dc9-a72e-8de111108c3f None None] Subscribe: > security_group after_delete 55550000, False {{(pid=104288) subscribe /opt/stack/data/venv/lib/python3.12/site-packages/neutron_lib/callbacks/manager.py:52}}
Apr 18 17:48:26.422582 np0000167461 devstack@neutron-api.service[104285]: DEBUG neutron.api.extensions [None req-acc21ed0-1b9e-43fc-a55a-180468aeaa6f None None] Ext name="QoS Rule Type Packet per Second Extension" alias="qos-pps" description="Add QoS Rule Type Packet per Second" updated="2021-05-12T10:00:00-00:00" {{(pid=104285) _check_extension /opt/stack/neutron/neutron/api/extensions.py:415}}
Apr 18 17:48:26.422626 np0000167461 devstack@neutron-api.service[104288]: DEBUG neutron_lib.callbacks.manager [None req-922cf778-49b6-4dc9-a72e-8de111108c3f None None] Subscribe: > security_group_rule precommit_create 55550000, False {{(pid=104288) subscribe /opt/stack/data/venv/lib/python3.12/site-packages/neutron_lib/callbacks/manager.py:52}}
Apr 18 17:48:26.422750 np0000167461 devstack@neutron-api.service[104285]: INFO neutron.api.extensions [None req-acc21ed0-1b9e-43fc-a55a-180468aeaa6f None None] Extension qos-pps not supported by any of loaded plugins
Apr 18 17:48:26.422794 np0000167461 devstack@neutron-api.service[104288]: DEBUG neutron_lib.callbacks.manager [None req-922cf778-49b6-4dc9-a72e-8de111108c3f None None] Subscribe: > security_group_rule after_create 55550000, False {{(pid=104288) subscribe /opt/stack/data/venv/lib/python3.12/site-packages/neutron_lib/callbacks/manager.py:52}}
Apr 18 17:48:26.422872 np0000167461 devstack@neutron-api.service[104285]: DEBUG neutron.api.extensions [None req-acc21ed0-1b9e-43fc-a55a-180468aeaa6f None None] Loading extension file: qos_rule_type_details.py {{(pid=104285) _load_all_extensions_from_path /opt/stack/neutron/neutron/api/extensions.py:449}}
Apr 18 17:48:26.422983 np0000167461 devstack@neutron-api.service[104288]: DEBUG neutron_lib.callbacks.manager [None req-922cf778-49b6-4dc9-a72e-8de111108c3f None None] Subscribe: > security_group_rule before_delete 55550000, False {{(pid=104288) subscribe /opt/stack/data/venv/lib/python3.12/site-packages/neutron_lib/callbacks/manager.py:52}}
Apr 18 17:48:26.423024 np0000167461 devstack@neutron-api.service[104288]: DEBUG neutron_lib.callbacks.manager [None req-922cf778-49b6-4dc9-a72e-8de111108c3f None None] Subscribe: > address_group after_create 55550000, False {{(pid=104288) subscribe /opt/stack/data/venv/lib/python3.12/site-packages/neutron_lib/callbacks/manager.py:52}}
Apr 18 17:48:26.423083 np0000167461 devstack@neutron-api.service[104285]: DEBUG neutron.api.extensions [None req-acc21ed0-1b9e-43fc-a55a-180468aeaa6f None None] Ext name="Details of QoS rule types" alias="qos-rule-type-details" description="Expose details about QoS rule types supported by loaded backend drivers" updated="2017-06-22T10:00:00-00:00" {{(pid=104285) _check_extension /opt/stack/neutron/neutron/api/extensions.py:415}}
Apr 18 17:48:26.423140 np0000167461 devstack@neutron-api.service[104288]: DEBUG neutron_lib.callbacks.manager [None req-922cf778-49b6-4dc9-a72e-8de111108c3f None None] Subscribe: > address_group after_update 55550000, False {{(pid=104288) subscribe /opt/stack/data/venv/lib/python3.12/site-packages/neutron_lib/callbacks/manager.py:52}}
Apr 18 17:48:26.423234 np0000167461 devstack@neutron-api.service[104288]: DEBUG neutron_lib.callbacks.manager [None req-922cf778-49b6-4dc9-a72e-8de111108c3f None None] Subscribe: > address_group after_delete 55550000, False {{(pid=104288) subscribe /opt/stack/data/venv/lib/python3.12/site-packages/neutron_lib/callbacks/manager.py:52}}
Apr 18 17:48:26.423275 np0000167461 devstack@neutron-api.service[104285]: INFO neutron.api.extensions [None req-acc21ed0-1b9e-43fc-a55a-180468aeaa6f None None] Extension qos-rule-type-details not supported by any of loaded plugins
Apr 18 17:48:26.423332 np0000167461 devstack@neutron-api.service[104285]: DEBUG neutron.api.extensions [None req-acc21ed0-1b9e-43fc-a55a-180468aeaa6f None None] Loading extension file: qos_rule_type_filter.py {{(pid=104285) _load_all_extensions_from_path /opt/stack/neutron/neutron/api/extensions.py:449}}
Apr 18 17:48:26.423442 np0000167461 devstack@neutron-api.service[104288]: DEBUG neutron_lib.callbacks.manager [None req-922cf778-49b6-4dc9-a72e-8de111108c3f None None] Subscribe: > qos_plugin after_init 55550000, False {{(pid=104288) subscribe /opt/stack/data/venv/lib/python3.12/site-packages/neutron_lib/callbacks/manager.py:52}}
Apr 18 17:48:26.423553 np0000167461 devstack@neutron-api.service[104285]: DEBUG neutron.api.extensions [None req-acc21ed0-1b9e-43fc-a55a-180468aeaa6f None None] Ext name="Allow to filter the list of QoS rule types" alias="qos-rule-type-filter" description="Allows to filter the QoS rule type list adding two new flags. "all_rules" prints all implemented QoS rule types."all_supported" prints all supported QoS rule types by the loaded mechanism drivers" updated="2022-02-02T10:00:00-00:00" {{(pid=104285) _check_extension /opt/stack/neutron/neutron/api/extensions.py:415}}
Apr 18 17:48:26.423621 np0000167461 devstack@neutron-api.service[104288]: DEBUG neutron_lib.callbacks.manager [None req-922cf778-49b6-4dc9-a72e-8de111108c3f None None] Subscribe: > trunk_plugin after_init 55550000, False {{(pid=104288) subscribe /opt/stack/data/venv/lib/python3.12/site-packages/neutron_lib/callbacks/manager.py:52}}
Apr 18 17:48:26.423732 np0000167461 devstack@neutron-api.service[104285]: INFO neutron.api.extensions [None req-acc21ed0-1b9e-43fc-a55a-180468aeaa6f None None] Extension qos-rule-type-filter not supported by any of loaded plugins
Apr 18 17:48:26.423809 np0000167461 devstack@neutron-api.service[104288]: DEBUG neutron_lib.callbacks.manager [None req-922cf778-49b6-4dc9-a72e-8de111108c3f None None] Subscribe: > logging-plugin after_init 55550000, False {{(pid=104288) subscribe /opt/stack/data/venv/lib/python3.12/site-packages/neutron_lib/callbacks/manager.py:52}}
Apr 18 17:48:26.423839 np0000167461 devstack@neutron-api.service[104285]: DEBUG neutron.api.extensions [None req-acc21ed0-1b9e-43fc-a55a-180468aeaa6f None None] Loading extension file: qos_rules_alias.py {{(pid=104285) _load_all_extensions_from_path /opt/stack/neutron/neutron/api/extensions.py:449}}
Apr 18 17:48:26.424083 np0000167461 devstack@neutron-api.service[104285]: DEBUG neutron.api.extensions [None req-acc21ed0-1b9e-43fc-a55a-180468aeaa6f None None] Ext name="Quality of Service rules alias API" alias="qos-rules-alias" description="API to enable GET, PUT and DELETE operations on QoS policy rules without specifying policy ID" updated="2018-10-07T10:00:00-00:00" {{(pid=104285) _check_extension /opt/stack/neutron/neutron/api/extensions.py:415}}
Apr 18 17:48:26.424221 np0000167461 devstack@neutron-api.service[104285]: INFO neutron.api.extensions [None req-acc21ed0-1b9e-43fc-a55a-180468aeaa6f None None] Extension qos-rules-alias not supported by any of loaded plugins
Apr 18 17:48:26.424279 np0000167461 devstack@neutron-api.service[104288]: INFO neutron.services.logapi.drivers.ovn.driver [None req-922cf778-49b6-4dc9-a72e-8de111108c3f None None] OVN logging driver registered
Apr 18 17:48:26.424307 np0000167461 devstack@neutron-api.service[104285]: DEBUG neutron.api.extensions [None req-acc21ed0-1b9e-43fc-a55a-180468aeaa6f None None] Loading extension file: quota_check_limit.py {{(pid=104285) _load_all_extensions_from_path /opt/stack/neutron/neutron/api/extensions.py:449}}
Apr 18 17:48:26.424526 np0000167461 devstack@neutron-api.service[104285]: DEBUG neutron.api.extensions [None req-acc21ed0-1b9e-43fc-a55a-180468aeaa6f None None] Ext name="Quota engine limit check" alias="quota-check-limit" description="Support for checking the resource usage before applying a new quota limit" updated="2021-09-08T16:00:00-00:00" {{(pid=104285) _check_extension /opt/stack/neutron/neutron/api/extensions.py:415}}
Apr 18 17:48:26.424709 np0000167461 devstack@neutron-api.service[104285]: INFO neutron.api.extensions [None req-acc21ed0-1b9e-43fc-a55a-180468aeaa6f None None] Loaded extension: quota-check-limit
Apr 18 17:48:26.424801 np0000167461 devstack@neutron-api.service[104285]: DEBUG neutron.api.extensions [None req-acc21ed0-1b9e-43fc-a55a-180468aeaa6f None None] Loading extension file: quota_check_limit_default.py {{(pid=104285) _load_all_extensions_from_path /opt/stack/neutron/neutron/api/extensions.py:449}}
Apr 18 17:48:26.425072 np0000167461 devstack@neutron-api.service[104285]: DEBUG neutron.api.extensions [None req-acc21ed0-1b9e-43fc-a55a-180468aeaa6f None None] Ext name="Quota engine limit check by default" alias="quota-check-limit-default" description="By default, the Neutron quota engine checks the resource usage before applying a new quota limit" updated="2024-08-21T16:00:00-00:00" {{(pid=104285) _check_extension /opt/stack/neutron/neutron/api/extensions.py:415}}
Apr 18 17:48:26.425209 np0000167461 devstack@neutron-api.service[104285]: INFO neutron.api.extensions [None req-acc21ed0-1b9e-43fc-a55a-180468aeaa6f None None] Loaded extension: quota-check-limit-default
Apr 18 17:48:26.425296 np0000167461 devstack@neutron-api.service[104285]: DEBUG neutron.api.extensions [None req-acc21ed0-1b9e-43fc-a55a-180468aeaa6f None None] Loading extension file: quotasv2.py {{(pid=104285) _load_all_extensions_from_path /opt/stack/neutron/neutron/api/extensions.py:449}}
Apr 18 17:48:26.425671 np0000167461 devstack@neutron-api.service[104288]: DEBUG neutron.plugins.ml2.plugin [None req-922cf778-49b6-4dc9-a72e-8de111108c3f None None] neutron.plugins.ml2.plugin.Ml2Plugin method _start_rpc_notifiers called with arguments () {} {{(pid=104288) wrapper /opt/stack/data/venv/lib/python3.12/site-packages/oslo_log/helpers.py:77}}
Apr 18 17:48:26.425943 np0000167461 devstack@neutron-api.service[104288]: DEBUG neutron_lib.callbacks.manager [None req-922cf778-49b6-4dc9-a72e-8de111108c3f None None] Subscribe: > port after_create 55550000, False {{(pid=104288) subscribe /opt/stack/data/venv/lib/python3.12/site-packages/neutron_lib/callbacks/manager.py:52}}
Apr 18 17:48:26.426059 np0000167461 devstack@neutron-api.service[104288]: DEBUG neutron_lib.callbacks.manager [None req-922cf778-49b6-4dc9-a72e-8de111108c3f None None] Subscribe: > port after_update 55550000, False {{(pid=104288) subscribe /opt/stack/data/venv/lib/python3.12/site-packages/neutron_lib/callbacks/manager.py:52}}
Apr 18 17:48:26.426164 np0000167461 devstack@neutron-api.service[104288]: DEBUG neutron_lib.callbacks.manager [None req-922cf778-49b6-4dc9-a72e-8de111108c3f None None] Subscribe: > port after_delete 55550000, False {{(pid=104288) subscribe /opt/stack/data/venv/lib/python3.12/site-packages/neutron_lib/callbacks/manager.py:52}}
Apr 18 17:48:26.426269 np0000167461 devstack@neutron-api.service[104288]: DEBUG neutron_lib.callbacks.manager [None req-922cf778-49b6-4dc9-a72e-8de111108c3f None None] Subscribe: > subnet after_create 55550000, False {{(pid=104288) subscribe /opt/stack/data/venv/lib/python3.12/site-packages/neutron_lib/callbacks/manager.py:52}}
Apr 18 17:48:26.426370 np0000167461 devstack@neutron-api.service[104288]: DEBUG neutron_lib.callbacks.manager [None req-922cf778-49b6-4dc9-a72e-8de111108c3f None None] Subscribe: > subnet after_update 55550000, False {{(pid=104288) subscribe /opt/stack/data/venv/lib/python3.12/site-packages/neutron_lib/callbacks/manager.py:52}}
Apr 18 17:48:26.426469 np0000167461 devstack@neutron-api.service[104288]: DEBUG neutron_lib.callbacks.manager [None req-922cf778-49b6-4dc9-a72e-8de111108c3f None None] Subscribe: > subnet after_delete 55550000, False {{(pid=104288) subscribe /opt/stack/data/venv/lib/python3.12/site-packages/neutron_lib/callbacks/manager.py:52}}
Apr 18 17:48:26.426568 np0000167461 devstack@neutron-api.service[104288]: DEBUG neutron_lib.callbacks.manager [None req-922cf778-49b6-4dc9-a72e-8de111108c3f None None] Subscribe: > network after_create 55550000, False {{(pid=104288) subscribe /opt/stack/data/venv/lib/python3.12/site-packages/neutron_lib/callbacks/manager.py:52}}
Apr 18 17:48:26.426669 np0000167461 devstack@neutron-api.service[104288]: DEBUG neutron_lib.callbacks.manager [None req-922cf778-49b6-4dc9-a72e-8de111108c3f None None] Subscribe: > network after_update 55550000, False {{(pid=104288) subscribe /opt/stack/data/venv/lib/python3.12/site-packages/neutron_lib/callbacks/manager.py:52}}
Apr 18 17:48:26.426787 np0000167461 devstack@neutron-api.service[104288]: DEBUG neutron_lib.callbacks.manager [None req-922cf778-49b6-4dc9-a72e-8de111108c3f None None] Subscribe: > network after_delete 55550000, False {{(pid=104288) subscribe /opt/stack/data/venv/lib/python3.12/site-packages/neutron_lib/callbacks/manager.py:52}}
Apr 18 17:48:26.426886 np0000167461 devstack@neutron-api.service[104288]: DEBUG neutron_lib.callbacks.manager [None req-922cf778-49b6-4dc9-a72e-8de111108c3f None None] Subscribe: > security_group after_create 55550000, False {{(pid=104288) subscribe /opt/stack/data/venv/lib/python3.12/site-packages/neutron_lib/callbacks/manager.py:52}}
Apr 18 17:48:26.427013 np0000167461 devstack@neutron-api.service[104288]: DEBUG neutron_lib.callbacks.manager [None req-922cf778-49b6-4dc9-a72e-8de111108c3f None None] Subscribe: > security_group after_update 55550000, False {{(pid=104288) subscribe /opt/stack/data/venv/lib/python3.12/site-packages/neutron_lib/callbacks/manager.py:52}}
Apr 18 17:48:26.427096 np0000167461 devstack@neutron-api.service[104288]: DEBUG neutron_lib.callbacks.manager [None req-922cf778-49b6-4dc9-a72e-8de111108c3f None None] Subscribe: > security_group after_delete 55550000, False {{(pid=104288) subscribe /opt/stack/data/venv/lib/python3.12/site-packages/neutron_lib/callbacks/manager.py:52}}
Apr 18 17:48:26.427194 np0000167461 devstack@neutron-api.service[104288]: DEBUG neutron_lib.callbacks.manager [None req-922cf778-49b6-4dc9-a72e-8de111108c3f None None] Subscribe: > security_group_rule after_create 55550000, False {{(pid=104288) subscribe /opt/stack/data/venv/lib/python3.12/site-packages/neutron_lib/callbacks/manager.py:52}}
Apr 18 17:48:26.427291 np0000167461 devstack@neutron-api.service[104288]: DEBUG neutron_lib.callbacks.manager [None req-922cf778-49b6-4dc9-a72e-8de111108c3f None None] Subscribe: > security_group_rule after_update 55550000, False {{(pid=104288) subscribe /opt/stack/data/venv/lib/python3.12/site-packages/neutron_lib/callbacks/manager.py:52}}
Apr 18 17:48:26.427540 np0000167461 devstack@neutron-api.service[104288]: DEBUG neutron_lib.callbacks.manager [None req-922cf778-49b6-4dc9-a72e-8de111108c3f None None] Subscribe: > security_group_rule after_delete 55550000, False {{(pid=104288) subscribe /opt/stack/data/venv/lib/python3.12/site-packages/neutron_lib/callbacks/manager.py:52}}
Apr 18 17:48:26.427658 np0000167461 devstack@neutron-api.service[104288]: DEBUG neutron_lib.callbacks.manager [None req-922cf778-49b6-4dc9-a72e-8de111108c3f None None] Subscribe: > address_group after_create 55550000, False {{(pid=104288) subscribe /opt/stack/data/venv/lib/python3.12/site-packages/neutron_lib/callbacks/manager.py:52}}
Apr 18 17:48:26.427761 np0000167461 devstack@neutron-api.service[104288]: DEBUG neutron_lib.callbacks.manager [None req-922cf778-49b6-4dc9-a72e-8de111108c3f None None] Subscribe: > address_group after_update 55550000, False {{(pid=104288) subscribe /opt/stack/data/venv/lib/python3.12/site-packages/neutron_lib/callbacks/manager.py:52}}
Apr 18 17:48:26.427850 np0000167461 devstack@neutron-api.service[104288]: DEBUG neutron_lib.callbacks.manager [None req-922cf778-49b6-4dc9-a72e-8de111108c3f None None] Subscribe: > address_group after_delete 55550000, False {{(pid=104288) subscribe /opt/stack/data/venv/lib/python3.12/site-packages/neutron_lib/callbacks/manager.py:52}}
Apr 18 17:48:26.427938 np0000167461 devstack@neutron-api.service[104288]: DEBUG neutron.plugins.ml2.ovo_rpc [None req-922cf778-49b6-4dc9-a72e-8de111108c3f None None] ML2 OVO RPC backend initialized. {{(pid=104288) __init__ /opt/stack/neutron/neutron/plugins/ml2/ovo_rpc.py:117}}
Apr 18 17:48:26.428657 np0000167461 devstack@neutron-api.service[104288]: INFO neutron.quota [None req-922cf778-49b6-4dc9-a72e-8de111108c3f None None] Loaded quota_driver: .
Apr 18 17:48:26.428784 np0000167461 devstack@neutron-api.service[104288]: INFO neutron.plugins.ml2.plugin [None req-922cf778-49b6-4dc9-a72e-8de111108c3f None None] Modular L2 Plugin initialization complete
Apr 18 17:48:26.428930 np0000167461 devstack@neutron-api.service[104288]: DEBUG neutron.manager [None req-922cf778-49b6-4dc9-a72e-8de111108c3f None None] Loading services supported by the core plugin {{(pid=104288) _load_services_from_core_plugin /opt/stack/neutron/neutron/manager.py:170}}
Apr 18 17:48:26.429014 np0000167461 devstack@neutron-api.service[104288]: INFO neutron.plugins.ml2.managers [None req-922cf778-49b6-4dc9-a72e-8de111108c3f None None] Got port-security extension from driver 'port_security'
Apr 18 17:48:26.429269 np0000167461 devstack@neutron-api.service[104288]: DEBUG neutron.manager [None req-922cf778-49b6-4dc9-a72e-8de111108c3f None None] Loading service plugins: ['ovn-router', 'auto_allocate', 'tag', 'timestamp', 'network_ip_availability', 'flavors', 'revisions'] {{(pid=104288) _load_service_plugins /opt/stack/neutron/neutron/manager.py:195}}
Apr 18 17:48:26.429362 np0000167461 devstack@neutron-api.service[104288]: INFO neutron.manager [None req-922cf778-49b6-4dc9-a72e-8de111108c3f None None] Loading Plugin: ovn-router
Apr 18 17:48:26.437922 np0000167461 devstack@neutron-api.service[104288]: DEBUG neutron_lib.callbacks.manager [None req-922cf778-49b6-4dc9-a72e-8de111108c3f None None] Subscribe: > router before_delete 55550000, False {{(pid=104288) subscribe /opt/stack/data/venv/lib/python3.12/site-packages/neutron_lib/callbacks/manager.py:52}}
Apr 18 17:48:26.438086 np0000167461 devstack@neutron-api.service[104288]: DEBUG neutron_lib.callbacks.manager [None req-922cf778-49b6-4dc9-a72e-8de111108c3f None None] Subscribe: port after_update 55550000, False {{(pid=104288) subscribe /opt/stack/data/venv/lib/python3.12/site-packages/neutron_lib/callbacks/manager.py:52}}
Apr 18 17:48:26.438179 np0000167461 devstack@neutron-api.service[104288]: DEBUG neutron_lib.callbacks.manager [None req-922cf778-49b6-4dc9-a72e-8de111108c3f None None] Subscribe: port after_delete 55550000, False {{(pid=104288) subscribe /opt/stack/data/venv/lib/python3.12/site-packages/neutron_lib/callbacks/manager.py:52}}
Apr 18 17:48:26.438253 np0000167461 devstack@neutron-api.service[104288]: DEBUG neutron_lib.callbacks.manager [None req-922cf778-49b6-4dc9-a72e-8de111108c3f None None] Subscribe: subnet after_update 55550000, False {{(pid=104288) subscribe /opt/stack/data/venv/lib/python3.12/site-packages/neutron_lib/callbacks/manager.py:52}}
Apr 18 17:48:26.438340 np0000167461 devstack@neutron-api.service[104288]: DEBUG neutron_lib.callbacks.manager [None req-922cf778-49b6-4dc9-a72e-8de111108c3f None None] Subscribe: subnetpool_address_scope after_update 55550000, False {{(pid=104288) subscribe /opt/stack/data/venv/lib/python3.12/site-packages/neutron_lib/callbacks/manager.py:52}}
Apr 18 17:48:26.438451 np0000167461 devstack@neutron-api.service[104288]: DEBUG neutron_lib.callbacks.manager [None req-922cf778-49b6-4dc9-a72e-8de111108c3f None None] Subscribe: port before_update 55550000, False {{(pid=104288) subscribe /opt/stack/data/venv/lib/python3.12/site-packages/neutron_lib/callbacks/manager.py:52}}
Apr 18 17:48:26.438647 np0000167461 devstack@neutron-api.service[104288]: DEBUG neutron_lib.callbacks.manager [None req-922cf778-49b6-4dc9-a72e-8de111108c3f None None] Subscribe: port after_update 55550000, False {{(pid=104288) subscribe /opt/stack/data/venv/lib/python3.12/site-packages/neutron_lib/callbacks/manager.py:52}}
Apr 18 17:48:26.438774 np0000167461 devstack@neutron-api.service[104288]: DEBUG neutron_lib.callbacks.manager [None req-922cf778-49b6-4dc9-a72e-8de111108c3f None None] Subscribe: > port precommit_delete 55550000, False {{(pid=104288) subscribe /opt/stack/data/venv/lib/python3.12/site-packages/neutron_lib/callbacks/manager.py:52}}
Apr 18 17:48:26.438870 np0000167461 devstack@neutron-api.service[104288]: DEBUG neutron_lib.callbacks.manager [None req-922cf778-49b6-4dc9-a72e-8de111108c3f None None] Subscribe: port before_update 55550000, False {{(pid=104288) subscribe /opt/stack/data/venv/lib/python3.12/site-packages/neutron_lib/callbacks/manager.py:52}}
Apr 18 17:48:26.438995 np0000167461 devstack@neutron-api.service[104288]: DEBUG neutron_lib.callbacks.manager [None req-922cf778-49b6-4dc9-a72e-8de111108c3f None None] Subscribe: port before_delete 55550000, False {{(pid=104288) subscribe /opt/stack/data/venv/lib/python3.12/site-packages/neutron_lib/callbacks/manager.py:52}}
Apr 18 17:48:26.439098 np0000167461 devstack@neutron-api.service[104288]: DEBUG neutron_lib.callbacks.manager [None req-922cf778-49b6-4dc9-a72e-8de111108c3f None None] Subscribe: > router precommit_create 55550000, False {{(pid=104288) subscribe /opt/stack/data/venv/lib/python3.12/site-packages/neutron_lib/callbacks/manager.py:52}}
Apr 18 17:48:26.439199 np0000167461 devstack@neutron-api.service[104288]: DEBUG neutron_lib.callbacks.manager [None req-922cf778-49b6-4dc9-a72e-8de111108c3f None None] Subscribe: > router precommit_create 55550000, False {{(pid=104288) subscribe /opt/stack/data/venv/lib/python3.12/site-packages/neutron_lib/callbacks/manager.py:52}}
Apr 18 17:48:26.439329 np0000167461 devstack@neutron-api.service[104288]: DEBUG neutron_lib.callbacks.manager [None req-922cf778-49b6-4dc9-a72e-8de111108c3f None None] Subscribe: > router precommit_update 55550000, False {{(pid=104288) subscribe /opt/stack/data/venv/lib/python3.12/site-packages/neutron_lib/callbacks/manager.py:52}}
Apr 18 17:48:26.439417 np0000167461 devstack@neutron-api.service[104288]: DEBUG neutron_lib.callbacks.manager [None req-922cf778-49b6-4dc9-a72e-8de111108c3f None None] Subscribe: subnet after_update 55550000, False {{(pid=104288) subscribe /opt/stack/data/venv/lib/python3.12/site-packages/neutron_lib/callbacks/manager.py:52}}
Apr 18 17:48:26.440098 np0000167461 devstack@neutron-api.service[104288]: DEBUG neutron.quota.resource_registry [None req-922cf778-49b6-4dc9-a72e-8de111108c3f None None] Tracking information for resource: router configured {{(pid=104288) set_tracked_resource /opt/stack/neutron/neutron/quota/resource_registry.py:203}}
Apr 18 17:48:26.440185 np0000167461 devstack@neutron-api.service[104288]: DEBUG neutron.quota.resource_registry [None req-922cf778-49b6-4dc9-a72e-8de111108c3f None None] Tracking information for resource: floatingip configured {{(pid=104288) set_tracked_resource /opt/stack/neutron/neutron/quota/resource_registry.py:203}}
Apr 18 17:48:26.440308 np0000167461 devstack@neutron-api.service[104288]: INFO neutron.services.ovn_l3.plugin [None req-922cf778-49b6-4dc9-a72e-8de111108c3f None None] Starting OVNL3RouterPlugin
Apr 18 17:48:26.440485 np0000167461 devstack@neutron-api.service[104288]: DEBUG neutron_lib.callbacks.manager [None req-922cf778-49b6-4dc9-a72e-8de111108c3f None None] Subscribe: > port_forwarding_plugin after_init 55550000, False {{(pid=104288) subscribe /opt/stack/data/venv/lib/python3.12/site-packages/neutron_lib/callbacks/manager.py:52}}
Apr 18 17:48:26.440729 np0000167461 devstack@neutron-api.service[104288]: DEBUG neutron_lib.callbacks.manager [None req-922cf778-49b6-4dc9-a72e-8de111108c3f None None] Subscribe: > router before_create 55550100, False {{(pid=104288) subscribe /opt/stack/data/venv/lib/python3.12/site-packages/neutron_lib/callbacks/manager.py:52}}
Apr 18 17:48:26.440822 np0000167461 devstack@neutron-api.service[104288]: DEBUG neutron_lib.callbacks.manager [None req-922cf778-49b6-4dc9-a72e-8de111108c3f None None] Subscribe: > router precommit_delete 55550100, False {{(pid=104288) subscribe /opt/stack/data/venv/lib/python3.12/site-packages/neutron_lib/callbacks/manager.py:52}}
Apr 18 17:48:26.440908 np0000167461 devstack@neutron-api.service[104288]: DEBUG neutron_lib.callbacks.manager [None req-922cf778-49b6-4dc9-a72e-8de111108c3f None None] Subscribe: > router precommit_create 55550100, False {{(pid=104288) subscribe /opt/stack/data/venv/lib/python3.12/site-packages/neutron_lib/callbacks/manager.py:52}}
Apr 18 17:48:26.441019 np0000167461 devstack@neutron-api.service[104288]: DEBUG neutron_lib.callbacks.manager [None req-922cf778-49b6-4dc9-a72e-8de111108c3f None None] Subscribe: > router precommit_update 55550100, False {{(pid=104288) subscribe /opt/stack/data/venv/lib/python3.12/site-packages/neutron_lib/callbacks/manager.py:52}}
Apr 18 17:48:26.444286 np0000167461 devstack@neutron-api.service[104288]: DEBUG neutron.services.provider_configuration [None req-922cf778-49b6-4dc9-a72e-8de111108c3f None None] Service providers = [] {{(pid=104288) parse_service_provider_opt /opt/stack/neutron/neutron/services/provider_configuration.py:170}}
Apr 18 17:48:26.444353 np0000167461 devstack@neutron-api.service[104288]: DEBUG neutron.db.servicetype_db [None req-922cf778-49b6-4dc9-a72e-8de111108c3f None None] Adding provider configuration for service L3_ROUTER_NAT {{(pid=104288) add_provider_configuration /opt/stack/neutron/neutron/db/servicetype_db.py:42}}
Apr 18 17:48:26.445660 np0000167461 devstack@neutron-api.service[104288]: DEBUG neutron_lib.callbacks.manager [None req-922cf778-49b6-4dc9-a72e-8de111108c3f None None] Subscribe: > router precommit_create 55549900, False {{(pid=104288) subscribe /opt/stack/data/venv/lib/python3.12/site-packages/neutron_lib/callbacks/manager.py:52}}
Apr 18 17:48:26.445747 np0000167461 devstack@neutron-api.service[104288]: DEBUG neutron_lib.callbacks.manager [None req-922cf778-49b6-4dc9-a72e-8de111108c3f None None] Subscribe: > router_interface after_create 55550000, False {{(pid=104288) subscribe /opt/stack/data/venv/lib/python3.12/site-packages/neutron_lib/callbacks/manager.py:52}}
Apr 18 17:48:26.445936 np0000167461 devstack@neutron-api.service[104288]: DEBUG neutron_lib.callbacks.manager [None req-922cf778-49b6-4dc9-a72e-8de111108c3f None None] Subscribe: > floatingip after_create 55550000, False {{(pid=104288) subscribe /opt/stack/data/venv/lib/python3.12/site-packages/neutron_lib/callbacks/manager.py:52}}
Apr 18 17:48:26.445936 np0000167461 devstack@neutron-api.service[104288]: DEBUG neutron_lib.callbacks.manager [None req-922cf778-49b6-4dc9-a72e-8de111108c3f None None] Subscribe: > floatingip precommit_create 55550000, False {{(pid=104288) subscribe /opt/stack/data/venv/lib/python3.12/site-packages/neutron_lib/callbacks/manager.py:52}}
Apr 18 17:48:26.446338 np0000167461 devstack@neutron-api.service[104288]: DEBUG neutron_lib.callbacks.manager [None req-922cf778-49b6-4dc9-a72e-8de111108c3f None None] Subscribe: > floatingip precommit_update 55550000, False {{(pid=104288) subscribe /opt/stack/data/venv/lib/python3.12/site-packages/neutron_lib/callbacks/manager.py:52}}
