Jun 17 04:32:06.319866 np0000181117 nova-conductor[114591]: DEBUG cotyledon.oslo_config_glue [-] workarounds.disable_compute_service_check_for_ffu = False {{(pid=114591) log_opt_values /opt/stack/data/venv/lib/python3.12/site-packages/oslo_config/cfg.py:3253}}
Jun 17 04:32:06.319866 np0000181117 nova-conductor[114591]: DEBUG cotyledon.oslo_config_glue [-] workarounds.disable_deep_image_inspection = False {{(pid=114591) log_opt_values /opt/stack/data/venv/lib/python3.12/site-packages/oslo_config/cfg.py:3253}}
Jun 17 04:32:06.319866 np0000181117 nova-conductor[114591]: DEBUG cotyledon.oslo_config_glue [-] workarounds.disable_fallback_pcpu_query = False {{(pid=114591) log_opt_values /opt/stack/data/venv/lib/python3.12/site-packages/oslo_config/cfg.py:3253}}
Jun 17 04:32:06.319866 np0000181117 nova-conductor[114591]: DEBUG cotyledon.oslo_config_glue [-] workarounds.disable_group_policy_check_upcall = False {{(pid=114591) log_opt_values /opt/stack/data/venv/lib/python3.12/site-packages/oslo_config/cfg.py:3253}}
Jun 17 04:32:06.319866 np0000181117 nova-conductor[114591]: DEBUG cotyledon.oslo_config_glue [-] workarounds.disable_libvirt_livesnapshot = False {{(pid=114591) log_opt_values /opt/stack/data/venv/lib/python3.12/site-packages/oslo_config/cfg.py:3253}}
Jun 17 04:32:06.319866 np0000181117 nova-conductor[114591]: DEBUG cotyledon.oslo_config_glue [-] workarounds.disable_rootwrap = False {{(pid=114591) log_opt_values /opt/stack/data/venv/lib/python3.12/site-packages/oslo_config/cfg.py:3253}}
Jun 17 04:32:06.319866 np0000181117 nova-conductor[114591]: DEBUG cotyledon.oslo_config_glue [-] workarounds.enable_numa_live_migration = False {{(pid=114591) log_opt_values /opt/stack/data/venv/lib/python3.12/site-packages/oslo_config/cfg.py:3253}}
Jun 17 04:32:06.319866 np0000181117 nova-conductor[114591]: DEBUG cotyledon.oslo_config_glue [-] workarounds.enable_qemu_monitor_announce_self = False {{(pid=114591) log_opt_values /opt/stack/data/venv/lib/python3.12/site-packages/oslo_config/cfg.py:3253}}
Jun 17 04:32:06.320101 np0000181117 nova-conductor[114591]: DEBUG cotyledon.oslo_config_glue [-] workarounds.ensure_libvirt_rbd_instance_dir_cleanup = False {{(pid=114591) log_opt_values /opt/stack/data/venv/lib/python3.12/site-packages/oslo_config/cfg.py:3253}}
Jun 17 04:32:06.320101 np0000181117 nova-conductor[114591]: DEBUG cotyledon.oslo_config_glue [-] workarounds.handle_virt_lifecycle_events = True {{(pid=114591) log_opt_values /opt/stack/data/venv/lib/python3.12/site-packages/oslo_config/cfg.py:3253}}
Jun 17 04:32:06.320101 np0000181117 nova-conductor[114591]: DEBUG cotyledon.oslo_config_glue [-] workarounds.libvirt_disable_apic = False {{(pid=114591) log_opt_values /opt/stack/data/venv/lib/python3.12/site-packages/oslo_config/cfg.py:3253}}
Jun 17 04:32:06.320101 np0000181117 nova-conductor[114591]: DEBUG cotyledon.oslo_config_glue [-] workarounds.never_download_image_if_on_rbd = False {{(pid=114591) log_opt_values /opt/stack/data/venv/lib/python3.12/site-packages/oslo_config/cfg.py:3253}}
Jun 17 04:32:06.320101 np0000181117 nova-conductor[114591]: DEBUG cotyledon.oslo_config_glue [-] workarounds.qemu_monitor_announce_self_count = 3 {{(pid=114591) log_opt_values /opt/stack/data/venv/lib/python3.12/site-packages/oslo_config/cfg.py:3253}}
Jun 17 04:32:06.320101 np0000181117 nova-conductor[114591]: DEBUG cotyledon.oslo_config_glue [-] workarounds.qemu_monitor_announce_self_interval = 1 {{(pid=114591) log_opt_values /opt/stack/data/venv/lib/python3.12/site-packages/oslo_config/cfg.py:3253}}
Jun 17 04:32:06.320101 np0000181117 nova-conductor[114591]: DEBUG cotyledon.oslo_config_glue [-] workarounds.reserve_disk_resource_for_image_cache = False {{(pid=114591) log_opt_values /opt/stack/data/venv/lib/python3.12/site-packages/oslo_config/cfg.py:3253}}
Jun 17 04:32:06.320101 np0000181117 nova-conductor[114591]: DEBUG cotyledon.oslo_config_glue [-] workarounds.skip_cpu_compare_at_startup = False {{(pid=114591) log_opt_values /opt/stack/data/venv/lib/python3.12/site-packages/oslo_config/cfg.py:3253}}
Jun 17 04:32:06.320101 np0000181117 nova-conductor[114591]: DEBUG cotyledon.oslo_config_glue [-] workarounds.skip_cpu_compare_on_dest = False {{(pid=114591) log_opt_values /opt/stack/data/venv/lib/python3.12/site-packages/oslo_config/cfg.py:3253}}
Jun 17 04:32:06.320336 np0000181117 nova-conductor[114591]: DEBUG cotyledon.oslo_config_glue [-] workarounds.skip_hypervisor_version_check_on_lm = False {{(pid=114591) log_opt_values /opt/stack/data/venv/lib/python3.12/site-packages/oslo_config/cfg.py:3253}}
Jun 17 04:32:06.320336 np0000181117 nova-conductor[114591]: DEBUG cotyledon.oslo_config_glue [-] workarounds.skip_reserve_in_use_ironic_nodes = False {{(pid=114591) log_opt_values /opt/stack/data/venv/lib/python3.12/site-packages/oslo_config/cfg.py:3253}}
Jun 17 04:32:06.320336 np0000181117 nova-conductor[114591]: DEBUG cotyledon.oslo_config_glue [-] workarounds.unified_limits_count_pcpu_as_vcpu = False {{(pid=114591) log_opt_values /opt/stack/data/venv/lib/python3.12/site-packages/oslo_config/cfg.py:3253}}
Jun 17 04:32:06.320336 np0000181117 nova-conductor[114591]: DEBUG cotyledon.oslo_config_glue [-] workarounds.wait_for_vif_plugged_event_during_hard_reboot = [] {{(pid=114591) log_opt_values /opt/stack/data/venv/lib/python3.12/site-packages/oslo_config/cfg.py:3253}}
Jun 17 04:32:06.320336 np0000181117 nova-conductor[114591]: DEBUG cotyledon.oslo_config_glue [-] wsgi.api_paste_config = /etc/nova/api-paste.ini {{(pid=114591) log_opt_values /opt/stack/data/venv/lib/python3.12/site-packages/oslo_config/cfg.py:3253}}
Jun 17 04:32:06.320336 np0000181117 nova-conductor[114591]: DEBUG cotyledon.oslo_config_glue [-] wsgi.secure_proxy_ssl_header = None {{(pid=114591) log_opt_values /opt/stack/data/venv/lib/python3.12/site-packages/oslo_config/cfg.py:3253}}
Jun 17 04:32:06.320336 np0000181117 nova-conductor[114591]: DEBUG cotyledon.oslo_config_glue [-] zvm.ca_file = None {{(pid=114591) log_opt_values /opt/stack/data/venv/lib/python3.12/site-packages/oslo_config/cfg.py:3253}}
Jun 17 04:32:06.320336 np0000181117 nova-conductor[114591]: DEBUG cotyledon.oslo_config_glue [-] zvm.cloud_connector_url = None {{(pid=114591) log_opt_values /opt/stack/data/venv/lib/python3.12/site-packages/oslo_config/cfg.py:3253}}
Jun 17 04:32:06.320336 np0000181117 nova-conductor[114591]: DEBUG cotyledon.oslo_config_glue [-] zvm.image_tmp_path = /opt/stack/data/nova/images {{(pid=114591) log_opt_values /opt/stack/data/venv/lib/python3.12/site-packages/oslo_config/cfg.py:3253}}
Jun 17 04:32:06.320574 np0000181117 nova-conductor[114591]: DEBUG cotyledon.oslo_config_glue [-] zvm.reachable_timeout = 300 {{(pid=114591) log_opt_values /opt/stack/data/venv/lib/python3.12/site-packages/oslo_config/cfg.py:3253}}
Jun 17 04:32:06.320574 np0000181117 nova-conductor[114591]: DEBUG cotyledon.oslo_config_glue [-] oslo_versionedobjects.fatal_exception_format_errors = False {{(pid=114591) log_opt_values /opt/stack/data/venv/lib/python3.12/site-packages/oslo_config/cfg.py:3253}}
Jun 17 04:32:06.320574 np0000181117 nova-conductor[114591]: DEBUG cotyledon.oslo_config_glue [-] oslo_middleware.http_basic_auth_user_file = /etc/htpasswd {{(pid=114591) log_opt_values /opt/stack/data/venv/lib/python3.12/site-packages/oslo_config/cfg.py:3253}}
Jun 17 04:32:06.320574 np0000181117 nova-conductor[114591]: DEBUG cotyledon.oslo_config_glue [-] profiler.connection_string = messaging:// {{(pid=114591) log_opt_values /opt/stack/data/venv/lib/python3.12/site-packages/oslo_config/cfg.py:3253}}
Jun 17 04:32:06.320574 np0000181117 nova-conductor[114591]: DEBUG cotyledon.oslo_config_glue [-] profiler.enabled = False {{(pid=114591) log_opt_values /opt/stack/data/venv/lib/python3.12/site-packages/oslo_config/cfg.py:3253}}
Jun 17 04:32:06.320574 np0000181117 nova-conductor[114591]: DEBUG cotyledon.oslo_config_glue [-] profiler.es_doc_type = notification {{(pid=114591) log_opt_values /opt/stack/data/venv/lib/python3.12/site-packages/oslo_config/cfg.py:3253}}
Jun 17 04:32:06.320574 np0000181117 nova-conductor[114591]: DEBUG cotyledon.oslo_config_glue [-] profiler.es_scroll_size = 10000 {{(pid=114591) log_opt_values /opt/stack/data/venv/lib/python3.12/site-packages/oslo_config/cfg.py:3253}}
Jun 17 04:32:06.320574 np0000181117 nova-conductor[114591]: DEBUG cotyledon.oslo_config_glue [-] profiler.es_scroll_time = 2m {{(pid=114591) log_opt_values /opt/stack/data/venv/lib/python3.12/site-packages/oslo_config/cfg.py:3253}}
Jun 17 04:32:06.320574 np0000181117 nova-conductor[114591]: DEBUG cotyledon.oslo_config_glue [-] profiler.filter_error_trace = False {{(pid=114591) log_opt_values /opt/stack/data/venv/lib/python3.12/site-packages/oslo_config/cfg.py:3253}}
Jun 17 04:32:06.320807 np0000181117 nova-conductor[114591]: DEBUG cotyledon.oslo_config_glue [-] profiler.hmac_keys = **** {{(pid=114591) log_opt_values /opt/stack/data/venv/lib/python3.12/site-packages/oslo_config/cfg.py:3253}}
Jun 17 04:32:06.320807 np0000181117 nova-conductor[114591]: DEBUG cotyledon.oslo_config_glue [-] profiler.sentinel_service_name = mymaster {{(pid=114591) log_opt_values /opt/stack/data/venv/lib/python3.12/site-packages/oslo_config/cfg.py:3253}}
Jun 17 04:32:06.320807 np0000181117 nova-conductor[114591]: DEBUG cotyledon.oslo_config_glue [-] profiler.socket_timeout = 0.1 {{(pid=114591) log_opt_values /opt/stack/data/venv/lib/python3.12/site-packages/oslo_config/cfg.py:3253}}
Jun 17 04:32:06.320807 np0000181117 nova-conductor[114591]: DEBUG cotyledon.oslo_config_glue [-] profiler.trace_requests = False {{(pid=114591) log_opt_values /opt/stack/data/venv/lib/python3.12/site-packages/oslo_config/cfg.py:3253}}
Jun 17 04:32:06.320807 np0000181117 nova-conductor[114591]: DEBUG cotyledon.oslo_config_glue [-] profiler.trace_sqlalchemy = False {{(pid=114591) log_opt_values /opt/stack/data/venv/lib/python3.12/site-packages/oslo_config/cfg.py:3253}}
Jun 17 04:32:06.320807 np0000181117 nova-conductor[114591]: DEBUG cotyledon.oslo_config_glue [-] profiler_jaeger.process_tags = {} {{(pid=114591) log_opt_values /opt/stack/data/venv/lib/python3.12/site-packages/oslo_config/cfg.py:3253}}
Jun 17 04:32:06.320807 np0000181117 nova-conductor[114591]: DEBUG cotyledon.oslo_config_glue [-] profiler_jaeger.service_name_prefix = None {{(pid=114591) log_opt_values /opt/stack/data/venv/lib/python3.12/site-packages/oslo_config/cfg.py:3253}}
Jun 17 04:32:06.320807 np0000181117 nova-conductor[114591]: DEBUG cotyledon.oslo_config_glue [-] profiler_otlp.service_name_prefix = None {{(pid=114591) log_opt_values /opt/stack/data/venv/lib/python3.12/site-packages/oslo_config/cfg.py:3253}}
Jun 17 04:32:06.320807 np0000181117 nova-conductor[114591]: DEBUG cotyledon.oslo_config_glue [-] oslo_messaging_rabbit.amqp_auto_delete = False {{(pid=114591) log_opt_values /opt/stack/data/venv/lib/python3.12/site-packages/oslo_config/cfg.py:3253}}
Jun 17 04:32:06.321053 np0000181117 nova-conductor[114591]: DEBUG cotyledon.oslo_config_glue [-] oslo_messaging_rabbit.amqp_durable_queues = False {{(pid=114591) log_opt_values /opt/stack/data/venv/lib/python3.12/site-packages/oslo_config/cfg.py:3253}}
Jun 17 04:32:06.321053 np0000181117 nova-conductor[114591]: DEBUG cotyledon.oslo_config_glue [-] oslo_messaging_rabbit.conn_pool_min_size = 2 {{(pid=114591) log_opt_values /opt/stack/data/venv/lib/python3.12/site-packages/oslo_config/cfg.py:3253}}
Jun 17 04:32:06.321053 np0000181117 nova-conductor[114591]: DEBUG cotyledon.oslo_config_glue [-] oslo_messaging_rabbit.conn_pool_ttl = 1200 {{(pid=114591) log_opt_values /opt/stack/data/venv/lib/python3.12/site-packages/oslo_config/cfg.py:3253}}
Jun 17 04:32:06.321053 np0000181117 nova-conductor[114591]: DEBUG cotyledon.oslo_config_glue [-] oslo_messaging_rabbit.direct_mandatory_flag = True {{(pid=114591) log_opt_values /opt/stack/data/venv/lib/python3.12/site-packages/oslo_config/cfg.py:3253}}
Jun 17 04:32:06.321053 np0000181117 nova-conductor[114591]: DEBUG cotyledon.oslo_config_glue [-] oslo_messaging_rabbit.enable_cancel_on_failover = False {{(pid=114591) log_opt_values /opt/stack/data/venv/lib/python3.12/site-packages/oslo_config/cfg.py:3253}}
Jun 17 04:32:06.321053 np0000181117 nova-conductor[114591]: DEBUG cotyledon.oslo_config_glue [-] oslo_messaging_rabbit.heartbeat_rate = 3 {{(pid=114591) log_opt_values /opt/stack/data/venv/lib/python3.12/site-packages/oslo_config/cfg.py:3253}}
Jun 17 04:32:06.321053 np0000181117 nova-conductor[114591]: DEBUG cotyledon.oslo_config_glue [-] oslo_messaging_rabbit.heartbeat_timeout_threshold = 60 {{(pid=114591) log_opt_values /opt/stack/data/venv/lib/python3.12/site-packages/oslo_config/cfg.py:3253}}
Jun 17 04:32:06.321053 np0000181117 nova-conductor[114591]: DEBUG cotyledon.oslo_config_glue [-] oslo_messaging_rabbit.hostname = np0000181117 {{(pid=114591) log_opt_values /opt/stack/data/venv/lib/python3.12/site-packages/oslo_config/cfg.py:3253}}
Jun 17 04:32:06.321053 np0000181117 nova-conductor[114591]: DEBUG cotyledon.oslo_config_glue [-] oslo_messaging_rabbit.kombu_compression = None {{(pid=114591) log_opt_values /opt/stack/data/venv/lib/python3.12/site-packages/oslo_config/cfg.py:3253}}
Jun 17 04:32:06.321270 np0000181117 nova-conductor[114591]: DEBUG cotyledon.oslo_config_glue [-] oslo_messaging_rabbit.kombu_failover_strategy = round-robin {{(pid=114591) log_opt_values /opt/stack/data/venv/lib/python3.12/site-packages/oslo_config/cfg.py:3253}}
Jun 17 04:32:06.321270 np0000181117 nova-conductor[114591]: DEBUG cotyledon.oslo_config_glue [-] oslo_messaging_rabbit.kombu_missing_consumer_retry_timeout = 60 {{(pid=114591) log_opt_values /opt/stack/data/venv/lib/python3.12/site-packages/oslo_config/cfg.py:3253}}
Jun 17 04:32:06.321270 np0000181117 nova-conductor[114591]: DEBUG cotyledon.oslo_config_glue [-] oslo_messaging_rabbit.kombu_reconnect_delay = 1.0 {{(pid=114591) log_opt_values /opt/stack/data/venv/lib/python3.12/site-packages/oslo_config/cfg.py:3253}}
Jun 17 04:32:06.321270 np0000181117 nova-conductor[114591]: DEBUG cotyledon.oslo_config_glue [-] oslo_messaging_rabbit.kombu_reconnect_splay = 0.0 {{(pid=114591) log_opt_values /opt/stack/data/venv/lib/python3.12/site-packages/oslo_config/cfg.py:3253}}
Jun 17 04:32:06.321270 np0000181117 nova-conductor[114591]: DEBUG cotyledon.oslo_config_glue [-] oslo_messaging_rabbit.processname = nova-conductor {{(pid=114591) log_opt_values /opt/stack/data/venv/lib/python3.12/site-packages/oslo_config/cfg.py:3253}}
Jun 17 04:32:06.321270 np0000181117 nova-conductor[114591]: DEBUG cotyledon.oslo_config_glue [-] oslo_messaging_rabbit.rabbit_ha_queues = False {{(pid=114591) log_opt_values /opt/stack/data/venv/lib/python3.12/site-packages/oslo_config/cfg.py:3253}}
Jun 17 04:32:06.321270 np0000181117 nova-conductor[114591]: DEBUG cotyledon.oslo_config_glue [-] oslo_messaging_rabbit.rabbit_interval_max = 30 {{(pid=114591) log_opt_values /opt/stack/data/venv/lib/python3.12/site-packages/oslo_config/cfg.py:3253}}
Jun 17 04:32:06.321270 np0000181117 nova-conductor[114591]: DEBUG cotyledon.oslo_config_glue [-] oslo_messaging_rabbit.rabbit_login_method = AMQPLAIN {{(pid=114591) log_opt_values /opt/stack/data/venv/lib/python3.12/site-packages/oslo_config/cfg.py:3253}}
Jun 17 04:32:06.321469 np0000181117 nova-conductor[114591]: DEBUG cotyledon.oslo_config_glue [-] oslo_messaging_rabbit.rabbit_qos_prefetch_count = 0 {{(pid=114591) log_opt_values /opt/stack/data/venv/lib/python3.12/site-packages/oslo_config/cfg.py:3253}}
Jun 17 04:32:06.321469 np0000181117 nova-conductor[114591]: DEBUG cotyledon.oslo_config_glue [-] oslo_messaging_rabbit.rabbit_quorum_delivery_limit = 0 {{(pid=114591) log_opt_values /opt/stack/data/venv/lib/python3.12/site-packages/oslo_config/cfg.py:3253}}
Jun 17 04:32:06.321469 np0000181117 nova-conductor[114591]: DEBUG cotyledon.oslo_config_glue [-] oslo_messaging_rabbit.rabbit_quorum_max_memory_bytes = 0 {{(pid=114591) log_opt_values /opt/stack/data/venv/lib/python3.12/site-packages/oslo_config/cfg.py:3253}}
Jun 17 04:32:06.321469 np0000181117 nova-conductor[114591]: DEBUG cotyledon.oslo_config_glue [-] oslo_messaging_rabbit.rabbit_quorum_max_memory_length = 0 {{(pid=114591) log_opt_values /opt/stack/data/venv/lib/python3.12/site-packages/oslo_config/cfg.py:3253}}
Jun 17 04:32:06.321469 np0000181117 nova-conductor[114591]: DEBUG cotyledon.oslo_config_glue [-] oslo_messaging_rabbit.rabbit_quorum_queue = False {{(pid=114591) log_opt_values /opt/stack/data/venv/lib/python3.12/site-packages/oslo_config/cfg.py:3253}}
Jun 17 04:32:06.321469 np0000181117 nova-conductor[114591]: DEBUG cotyledon.oslo_config_glue [-] oslo_messaging_rabbit.rabbit_retry_backoff = 2 {{(pid=114591) log_opt_values /opt/stack/data/venv/lib/python3.12/site-packages/oslo_config/cfg.py:3253}}
Jun 17 04:32:06.321469 np0000181117 nova-conductor[114591]: DEBUG cotyledon.oslo_config_glue [-] oslo_messaging_rabbit.rabbit_retry_interval = 1 {{(pid=114591) log_opt_values /opt/stack/data/venv/lib/python3.12/site-packages/oslo_config/cfg.py:3253}}
Jun 17 04:32:06.321469 np0000181117 nova-conductor[114591]: DEBUG cotyledon.oslo_config_glue [-] oslo_messaging_rabbit.rabbit_stream_fanout = False {{(pid=114591) log_opt_values /opt/stack/data/venv/lib/python3.12/site-packages/oslo_config/cfg.py:3253}}
Jun 17 04:32:06.321662 np0000181117 nova-conductor[114591]: DEBUG cotyledon.oslo_config_glue [-] oslo_messaging_rabbit.rabbit_transient_queues_ttl = 1800 {{(pid=114591) log_opt_values /opt/stack/data/venv/lib/python3.12/site-packages/oslo_config/cfg.py:3253}}
Jun 17 04:32:06.321662 np0000181117 nova-conductor[114591]: DEBUG cotyledon.oslo_config_glue [-] oslo_messaging_rabbit.rabbit_transient_quorum_queue = False {{(pid=114591) log_opt_values /opt/stack/data/venv/lib/python3.12/site-packages/oslo_config/cfg.py:3253}}
Jun 17 04:32:06.321662 np0000181117 nova-conductor[114591]: DEBUG cotyledon.oslo_config_glue [-] oslo_messaging_rabbit.rpc_conn_pool_size = 30 {{(pid=114591) log_opt_values /opt/stack/data/venv/lib/python3.12/site-packages/oslo_config/cfg.py:3253}}
Jun 17 04:32:06.321662 np0000181117 nova-conductor[114591]: DEBUG cotyledon.oslo_config_glue [-] oslo_messaging_rabbit.ssl = False {{(pid=114591) log_opt_values /opt/stack/data/venv/lib/python3.12/site-packages/oslo_config/cfg.py:3253}}
Jun 17 04:32:06.321662 np0000181117 nova-conductor[114591]: DEBUG cotyledon.oslo_config_glue [-] oslo_messaging_rabbit.ssl_ca_file = {{(pid=114591) log_opt_values /opt/stack/data/venv/lib/python3.12/site-packages/oslo_config/cfg.py:3253}}
Jun 17 04:32:06.321662 np0000181117 nova-conductor[114591]: DEBUG cotyledon.oslo_config_glue [-] oslo_messaging_rabbit.ssl_cert_file = {{(pid=114591) log_opt_values /opt/stack/data/venv/lib/python3.12/site-packages/oslo_config/cfg.py:3253}}
Jun 17 04:32:06.321662 np0000181117 nova-conductor[114591]: DEBUG cotyledon.oslo_config_glue [-] oslo_messaging_rabbit.ssl_enforce_fips_mode = False {{(pid=114591) log_opt_values /opt/stack/data/venv/lib/python3.12/site-packages/oslo_config/cfg.py:3253}}
Jun 17 04:32:06.321662 np0000181117 nova-conductor[114591]: DEBUG cotyledon.oslo_config_glue [-] oslo_messaging_rabbit.ssl_enforce_hostname_verification = True {{(pid=114591) log_opt_values /opt/stack/data/venv/lib/python3.12/site-packages/oslo_config/cfg.py:3253}}
Jun 17 04:32:06.321662 np0000181117 nova-conductor[114591]: DEBUG cotyledon.oslo_config_glue [-] oslo_messaging_rabbit.ssl_key_file = {{(pid=114591) log_opt_values /opt/stack/data/venv/lib/python3.12/site-packages/oslo_config/cfg.py:3253}}
Jun 17 04:32:06.321888 np0000181117 nova-conductor[114591]: DEBUG cotyledon.oslo_config_glue [-] oslo_messaging_rabbit.ssl_version = {{(pid=114591) log_opt_values /opt/stack/data/venv/lib/python3.12/site-packages/oslo_config/cfg.py:3253}}
Jun 17 04:32:06.321888 np0000181117 nova-conductor[114591]: DEBUG cotyledon.oslo_config_glue [-] oslo_messaging_rabbit.use_queue_manager = False {{(pid=114591) log_opt_values /opt/stack/data/venv/lib/python3.12/site-packages/oslo_config/cfg.py:3253}}
Jun 17 04:32:06.321888 np0000181117 nova-conductor[114591]: DEBUG cotyledon.oslo_config_glue [-] oslo_messaging_notifications.driver = ['messagingv2'] {{(pid=114591) log_opt_values /opt/stack/data/venv/lib/python3.12/site-packages/oslo_config/cfg.py:3253}}
Jun 17 04:32:06.321888 np0000181117 nova-conductor[114591]: DEBUG cotyledon.oslo_config_glue [-] oslo_messaging_notifications.retry = -1 {{(pid=114591) log_opt_values /opt/stack/data/venv/lib/python3.12/site-packages/oslo_config/cfg.py:3253}}
Jun 17 04:32:06.321888 np0000181117 nova-conductor[114591]: DEBUG cotyledon.oslo_config_glue [-] oslo_messaging_notifications.topics = ['notifications'] {{(pid=114591) log_opt_values /opt/stack/data/venv/lib/python3.12/site-packages/oslo_config/cfg.py:3253}}
Jun 17 04:32:06.321888 np0000181117 nova-conductor[114591]: DEBUG cotyledon.oslo_config_glue [-] oslo_messaging_notifications.transport_url = **** {{(pid=114591) log_opt_values /opt/stack/data/venv/lib/python3.12/site-packages/oslo_config/cfg.py:3253}}
Jun 17 04:32:06.321888 np0000181117 nova-conductor[114591]: DEBUG cotyledon.oslo_config_glue [-] oslo_limit.auth_section = None {{(pid=114591) log_opt_values /opt/stack/data/venv/lib/python3.12/site-packages/oslo_config/cfg.py:3253}}
Jun 17 04:32:06.321888 np0000181117 nova-conductor[114591]: DEBUG cotyledon.oslo_config_glue [-] oslo_limit.auth_type = None {{(pid=114591) log_opt_values /opt/stack/data/venv/lib/python3.12/site-packages/oslo_config/cfg.py:3253}}
Jun 17 04:32:06.321888 np0000181117 nova-conductor[114591]: DEBUG cotyledon.oslo_config_glue [-] oslo_limit.cafile = None {{(pid=114591) log_opt_values /opt/stack/data/venv/lib/python3.12/site-packages/oslo_config/cfg.py:3253}}
Jun 17 04:32:06.322132 np0000181117 nova-conductor[114591]: DEBUG cotyledon.oslo_config_glue [-] oslo_limit.certfile = None {{(pid=114591) log_opt_values /opt/stack/data/venv/lib/python3.12/site-packages/oslo_config/cfg.py:3253}}
Jun 17 04:32:06.322132 np0000181117 nova-conductor[114591]: DEBUG cotyledon.oslo_config_glue [-] oslo_limit.collect_timing = False {{(pid=114591) log_opt_values /opt/stack/data/venv/lib/python3.12/site-packages/oslo_config/cfg.py:3253}}
Jun 17 04:32:06.322184 np0000181117 nova-conductor[114567]: DEBUG oslo_db.sqlalchemy.engines [None req-cb124006-c840-458d-ba4a-2d6c10bf77bf None None] MySQL server mode set to STRICT_TRANS_TABLES,STRICT_ALL_TABLES,NO_ZERO_IN_DATE,NO_ZERO_DATE,ERROR_FOR_DIVISION_BY_ZERO,TRADITIONAL,NO_ENGINE_SUBSTITUTION {{(pid=114567) _check_effective_sql_mode /opt/stack/data/venv/lib/python3.12/site-packages/oslo_db/sqlalchemy/engines.py:325}}
Jun 17 04:32:06.322221 np0000181117 nova-conductor[114591]: DEBUG cotyledon.oslo_config_glue [-] oslo_limit.connect_retries = None {{(pid=114591) log_opt_values /opt/stack/data/venv/lib/python3.12/site-packages/oslo_config/cfg.py:3253}}
Jun 17 04:32:06.322221 np0000181117 nova-conductor[114591]: DEBUG cotyledon.oslo_config_glue [-] oslo_limit.connect_retry_delay = None {{(pid=114591) log_opt_values /opt/stack/data/venv/lib/python3.12/site-packages/oslo_config/cfg.py:3253}}
Jun 17 04:32:06.322221 np0000181117 nova-conductor[114591]: DEBUG cotyledon.oslo_config_glue [-] oslo_limit.endpoint_id = None {{(pid=114591) log_opt_values /opt/stack/data/venv/lib/python3.12/site-packages/oslo_config/cfg.py:3253}}
Jun 17 04:32:06.322221 np0000181117 nova-conductor[114591]: DEBUG cotyledon.oslo_config_glue [-] oslo_limit.endpoint_interface = public {{(pid=114591) log_opt_values /opt/stack/data/venv/lib/python3.12/site-packages/oslo_config/cfg.py:3253}}
Jun 17 04:32:06.322221 np0000181117 nova-conductor[114591]: DEBUG cotyledon.oslo_config_glue [-] oslo_limit.endpoint_override = None {{(pid=114591) log_opt_values /opt/stack/data/venv/lib/python3.12/site-packages/oslo_config/cfg.py:3253}}
Jun 17 04:32:06.322221 np0000181117 nova-conductor[114591]: DEBUG cotyledon.oslo_config_glue [-] oslo_limit.endpoint_region_name = None {{(pid=114591) log_opt_values /opt/stack/data/venv/lib/python3.12/site-packages/oslo_config/cfg.py:3253}}
Jun 17 04:32:06.322221 np0000181117 nova-conductor[114591]: DEBUG cotyledon.oslo_config_glue [-] oslo_limit.endpoint_service_name = None {{(pid=114591) log_opt_values /opt/stack/data/venv/lib/python3.12/site-packages/oslo_config/cfg.py:3253}}
Jun 17 04:32:06.322221 np0000181117 nova-conductor[114591]: DEBUG cotyledon.oslo_config_glue [-] oslo_limit.endpoint_service_type = None {{(pid=114591) log_opt_values /opt/stack/data/venv/lib/python3.12/site-packages/oslo_config/cfg.py:3253}}
Jun 17 04:32:06.322221 np0000181117 nova-conductor[114591]: DEBUG cotyledon.oslo_config_glue [-] oslo_limit.insecure = False {{(pid=114591) log_opt_values /opt/stack/data/venv/lib/python3.12/site-packages/oslo_config/cfg.py:3253}}
Jun 17 04:32:06.322438 np0000181117 nova-conductor[114591]: DEBUG cotyledon.oslo_config_glue [-] oslo_limit.keyfile = None {{(pid=114591) log_opt_values /opt/stack/data/venv/lib/python3.12/site-packages/oslo_config/cfg.py:3253}}
Jun 17 04:32:06.322438 np0000181117 nova-conductor[114591]: DEBUG cotyledon.oslo_config_glue [-] oslo_limit.max_version = None {{(pid=114591) log_opt_values /opt/stack/data/venv/lib/python3.12/site-packages/oslo_config/cfg.py:3253}}
Jun 17 04:32:06.322438 np0000181117 nova-conductor[114591]: DEBUG cotyledon.oslo_config_glue [-] oslo_limit.min_version = None {{(pid=114591) log_opt_values /opt/stack/data/venv/lib/python3.12/site-packages/oslo_config/cfg.py:3253}}
Jun 17 04:32:06.322438 np0000181117 nova-conductor[114591]: DEBUG cotyledon.oslo_config_glue [-] oslo_limit.region_name = None {{(pid=114591) log_opt_values /opt/stack/data/venv/lib/python3.12/site-packages/oslo_config/cfg.py:3253}}
Jun 17 04:32:06.322438 np0000181117 nova-conductor[114591]: DEBUG cotyledon.oslo_config_glue [-] oslo_limit.retriable_status_codes = None {{(pid=114591) log_opt_values /opt/stack/data/venv/lib/python3.12/site-packages/oslo_config/cfg.py:3253}}
Jun 17 04:32:06.322438 np0000181117 nova-conductor[114591]: DEBUG cotyledon.oslo_config_glue [-] oslo_limit.service_name = None {{(pid=114591) log_opt_values /opt/stack/data/venv/lib/python3.12/site-packages/oslo_config/cfg.py:3253}}
Jun 17 04:32:06.322438 np0000181117 nova-conductor[114591]: DEBUG cotyledon.oslo_config_glue [-] oslo_limit.service_type = None {{(pid=114591) log_opt_values /opt/stack/data/venv/lib/python3.12/site-packages/oslo_config/cfg.py:3253}}
Jun 17 04:32:06.322438 np0000181117 nova-conductor[114591]: DEBUG cotyledon.oslo_config_glue [-] oslo_limit.split_loggers = False {{(pid=114591) log_opt_values /opt/stack/data/venv/lib/python3.12/site-packages/oslo_config/cfg.py:3253}}
Jun 17 04:32:06.322438 np0000181117 nova-conductor[114591]: DEBUG cotyledon.oslo_config_glue [-] oslo_limit.status_code_retries = None {{(pid=114591) log_opt_values /opt/stack/data/venv/lib/python3.12/site-packages/oslo_config/cfg.py:3253}}
Jun 17 04:32:06.322645 np0000181117 nova-conductor[114591]: DEBUG cotyledon.oslo_config_glue [-] oslo_limit.status_code_retry_delay = None {{(pid=114591) log_opt_values /opt/stack/data/venv/lib/python3.12/site-packages/oslo_config/cfg.py:3253}}
Jun 17 04:32:06.322645 np0000181117 nova-conductor[114591]: DEBUG cotyledon.oslo_config_glue [-] oslo_limit.timeout = None {{(pid=114591) log_opt_values /opt/stack/data/venv/lib/python3.12/site-packages/oslo_config/cfg.py:3253}}
Jun 17 04:32:06.322645 np0000181117 nova-conductor[114591]: DEBUG cotyledon.oslo_config_glue [-] oslo_limit.valid_interfaces = None {{(pid=114591) log_opt_values /opt/stack/data/venv/lib/python3.12/site-packages/oslo_config/cfg.py:3253}}
Jun 17 04:32:06.322645 np0000181117 nova-conductor[114591]: DEBUG cotyledon.oslo_config_glue [-] oslo_limit.version = None {{(pid=114591) log_opt_values /opt/stack/data/venv/lib/python3.12/site-packages/oslo_config/cfg.py:3253}}
Jun 17 04:32:06.322645 np0000181117 nova-conductor[114591]: DEBUG cotyledon.oslo_config_glue [-] oslo_reports.file_event_handler = None {{(pid=114591) log_opt_values /opt/stack/data/venv/lib/python3.12/site-packages/oslo_config/cfg.py:3253}}
Jun 17 04:32:06.322645 np0000181117 nova-conductor[114591]: DEBUG cotyledon.oslo_config_glue [-] oslo_reports.file_event_handler_interval = 1 {{(pid=114591) log_opt_values /opt/stack/data/venv/lib/python3.12/site-packages/oslo_config/cfg.py:3253}}
Jun 17 04:32:06.322645 np0000181117 nova-conductor[114591]: DEBUG cotyledon.oslo_config_glue [-] oslo_reports.log_dir = None {{(pid=114591) log_opt_values /opt/stack/data/venv/lib/python3.12/site-packages/oslo_config/cfg.py:3253}}
Jun 17 04:32:06.322645 np0000181117 nova-conductor[114591]: DEBUG cotyledon.oslo_config_glue [-] ******************************************************************************** {{(pid=114591) log_opt_values /opt/stack/data/venv/lib/python3.12/site-packages/oslo_config/cfg.py:3260}}
Jun 17 04:32:06.322645 np0000181117 nova-conductor[114591]: DEBUG cotyledon._service_worker [-] Run service ServiceWrapper(3) [114591] {{(pid=114591) wait_forever /opt/stack/data/venv/lib/python3.12/site-packages/cotyledon/_service_worker.py:218}}
Jun 17 04:32:06.322859 np0000181117 nova-conductor[114584]: INFO dbcounter [None req-14660b8d-bac7-4f8d-ac57-6e8dd7465e5f None None] Registered counter for database nova_cell0
Jun 17 04:32:06.322892 np0000181117 nova-conductor[114591]: INFO nova.service [-] Starting conductor node (version 33.1.0)
Jun 17 04:32:06.322920 np0000181117 nova-conductor[114578]: INFO dbcounter [None req-0c277d9c-cb94-4904-bc9c-224bc4dc38bd None None] Registered counter for database nova_cell0
Jun 17 04:32:06.323238 np0000181117 nova-conductor[114591]: INFO dbcounter [None req-4dfaf7a5-8867-429a-a8f0-c9fd2cdf6a0e None None] Registered counter for database nova_cell0
Jun 17 04:32:06.323279 np0000181117 nova-conductor[114567]: DEBUG dbcounter [-] [114567] Writer thread running {{(pid=114567) stat_writer /opt/stack/data/venv/lib/python3.12/site-packages/dbcounter.py:102}}
Jun 17 04:32:06.334406 np0000181117 nova-conductor[114567]: DEBUG nova.service [None req-cb124006-c840-458d-ba4a-2d6c10bf77bf None None] Creating RPC server for service: nova-conductor on topic: conductor {{(pid=114567) start /opt/stack/nova/nova/service.py:196}}
Jun 17 04:32:06.339816 np0000181117 nova-conductor[114584]: DEBUG oslo_db.sqlalchemy.engines [None req-14660b8d-bac7-4f8d-ac57-6e8dd7465e5f None None] MySQL server mode set to STRICT_TRANS_TABLES,STRICT_ALL_TABLES,NO_ZERO_IN_DATE,NO_ZERO_DATE,ERROR_FOR_DIVISION_BY_ZERO,TRADITIONAL,NO_ENGINE_SUBSTITUTION {{(pid=114584) _check_effective_sql_mode /opt/stack/data/venv/lib/python3.12/site-packages/oslo_db/sqlalchemy/engines.py:325}}
Jun 17 04:32:06.347191 np0000181117 nova-conductor[114578]: DEBUG oslo_db.sqlalchemy.engines [None req-0c277d9c-cb94-4904-bc9c-224bc4dc38bd None None] MySQL server mode set to STRICT_TRANS_TABLES,STRICT_ALL_TABLES,NO_ZERO_IN_DATE,NO_ZERO_DATE,ERROR_FOR_DIVISION_BY_ZERO,TRADITIONAL,NO_ENGINE_SUBSTITUTION {{(pid=114578) _check_effective_sql_mode /opt/stack/data/venv/lib/python3.12/site-packages/oslo_db/sqlalchemy/engines.py:325}}
Jun 17 04:32:06.353368 np0000181117 nova-conductor[114584]: DEBUG dbcounter [-] [114584] Writer thread running {{(pid=114584) stat_writer /opt/stack/data/venv/lib/python3.12/site-packages/dbcounter.py:102}}
Jun 17 04:32:06.356136 np0000181117 nova-conductor[114584]: DEBUG nova.service [None req-14660b8d-bac7-4f8d-ac57-6e8dd7465e5f None None] Creating RPC server for service: nova-conductor on topic: conductor {{(pid=114584) start /opt/stack/nova/nova/service.py:196}}
Jun 17 04:32:06.356528 np0000181117 nova-conductor[114591]: DEBUG oslo_db.sqlalchemy.engines [None req-4dfaf7a5-8867-429a-a8f0-c9fd2cdf6a0e None None] MySQL server mode set to STRICT_TRANS_TABLES,STRICT_ALL_TABLES,NO_ZERO_IN_DATE,NO_ZERO_DATE,ERROR_FOR_DIVISION_BY_ZERO,TRADITIONAL,NO_ENGINE_SUBSTITUTION {{(pid=114591) _check_effective_sql_mode /opt/stack/data/venv/lib/python3.12/site-packages/oslo_db/sqlalchemy/engines.py:325}}
Jun 17 04:32:06.362493 np0000181117 nova-conductor[114578]: DEBUG dbcounter [-] [114578] Writer thread running {{(pid=114578) stat_writer /opt/stack/data/venv/lib/python3.12/site-packages/dbcounter.py:102}}
Jun 17 04:32:06.365903 np0000181117 nova-conductor[114578]: DEBUG nova.service [None req-0c277d9c-cb94-4904-bc9c-224bc4dc38bd None None] Creating RPC server for service: nova-conductor on topic: conductor {{(pid=114578) start /opt/stack/nova/nova/service.py:196}}
Jun 17 04:32:06.369338 np0000181117 nova-conductor[114591]: DEBUG dbcounter [-] [114591] Writer thread running {{(pid=114591) stat_writer /opt/stack/data/venv/lib/python3.12/site-packages/dbcounter.py:102}}
Jun 17 04:32:06.371959 np0000181117 nova-conductor[114567]: DEBUG nova.service [None req-cb124006-c840-458d-ba4a-2d6c10bf77bf None None] Join ServiceGroup membership for this service conductor {{(pid=114567) start /opt/stack/nova/nova/service.py:222}}
Jun 17 04:32:06.372410 np0000181117 nova-conductor[114567]: DEBUG nova.servicegroup.drivers.db [None req-cb124006-c840-458d-ba4a-2d6c10bf77bf None None] DB_Driver: join new ServiceGroup member np0000181117 to the conductor group, service = {{(pid=114567) join /opt/stack/nova/nova/servicegroup/drivers/db.py:44}}
Jun 17 04:32:06.374336 np0000181117 nova-conductor[114591]: DEBUG nova.service [None req-4dfaf7a5-8867-429a-a8f0-c9fd2cdf6a0e None None] Creating RPC server for service: nova-conductor on topic: conductor {{(pid=114591) start /opt/stack/nova/nova/service.py:196}}
Jun 17 04:32:06.378831 np0000181117 nova-conductor[114584]: DEBUG nova.service [None req-14660b8d-bac7-4f8d-ac57-6e8dd7465e5f None None] Join ServiceGroup membership for this service conductor {{(pid=114584) start /opt/stack/nova/nova/service.py:222}}
Jun 17 04:32:06.379014 np0000181117 nova-conductor[114584]: DEBUG nova.servicegroup.drivers.db [None req-14660b8d-bac7-4f8d-ac57-6e8dd7465e5f None None] DB_Driver: join new ServiceGroup member np0000181117 to the conductor group, service = {{(pid=114584) join /opt/stack/nova/nova/servicegroup/drivers/db.py:44}}
Jun 17 04:32:06.388914 np0000181117 nova-conductor[114578]: DEBUG nova.service [None req-0c277d9c-cb94-4904-bc9c-224bc4dc38bd None None] Join ServiceGroup membership for this service conductor {{(pid=114578) start /opt/stack/nova/nova/service.py:222}}
Jun 17 04:32:06.389332 np0000181117 nova-conductor[114578]: DEBUG nova.servicegroup.drivers.db [None req-0c277d9c-cb94-4904-bc9c-224bc4dc38bd None None] DB_Driver: join new ServiceGroup member np0000181117 to the conductor group, service = {{(pid=114578) join /opt/stack/nova/nova/servicegroup/drivers/db.py:44}}
Jun 17 04:32:06.396359 np0000181117 nova-conductor[114591]: DEBUG nova.service [None req-4dfaf7a5-8867-429a-a8f0-c9fd2cdf6a0e None None] Join ServiceGroup membership for this service conductor {{(pid=114591) start /opt/stack/nova/nova/service.py:222}}
Jun 17 04:32:06.396742 np0000181117 nova-conductor[114591]: DEBUG nova.servicegroup.drivers.db [None req-4dfaf7a5-8867-429a-a8f0-c9fd2cdf6a0e None None] DB_Driver: join new ServiceGroup member np0000181117 to the conductor group, service = {{(pid=114591) join /opt/stack/nova/nova/servicegroup/drivers/db.py:44}}
Jun 17 04:32:11.399388 np0000181117 nova-conductor[114567]: DEBUG oslo.service.backend._threading.loopingcall [-] Fixed interval looping call 'nova.servicegroup.drivers.db.DbDriver._report_state' sleeping for 119.98 seconds {{(pid=114567) _run_loop /opt/stack/data/venv/lib/python3.12/site-packages/oslo_service/backend/_threading/loopingcall.py:125}}
Jun 17 04:32:11.402326 np0000181117 nova-conductor[114584]: DEBUG oslo.service.backend._threading.loopingcall [-] Fixed interval looping call 'nova.servicegroup.drivers.db.DbDriver._report_state' sleeping for 119.98 seconds {{(pid=114584) _run_loop /opt/stack/data/venv/lib/python3.12/site-packages/oslo_service/backend/_threading/loopingcall.py:125}}
Jun 17 04:32:11.406086 np0000181117 nova-conductor[114578]: DEBUG oslo.service.backend._threading.loopingcall [-] Fixed interval looping call 'nova.servicegroup.drivers.db.DbDriver._report_state' sleeping for 119.99 seconds {{(pid=114578) _run_loop /opt/stack/data/venv/lib/python3.12/site-packages/oslo_service/backend/_threading/loopingcall.py:125}}
Jun 17 04:32:11.410850 np0000181117 nova-conductor[114591]: DEBUG oslo.service.backend._threading.loopingcall [-] Fixed interval looping call 'nova.servicegroup.drivers.db.DbDriver._report_state' sleeping for 119.99 seconds {{(pid=114591) _run_loop /opt/stack/data/venv/lib/python3.12/site-packages/oslo_service/backend/_threading/loopingcall.py:125}}
Jun 17 04:32:14.841317 np0000181117 nova-conductor[113808]: DEBUG dbcounter [-] [113808] Writing DB stats nova_api:SELECT=1 {{(pid=113808) stat_writer /opt/stack/data/venv/lib/python3.12/site-packages/dbcounter.py:115}}
Jun 17 04:32:15.011351 np0000181117 nova-conductor[113808]: DEBUG dbcounter [-] [113808] Writing DB stats nova_cell1:SELECT=1 {{(pid=113808) stat_writer /opt/stack/data/venv/lib/python3.12/site-packages/dbcounter.py:115}}
Jun 17 04:32:15.019519 np0000181117 nova-conductor[113808]: DEBUG dbcounter [-] [113808] Writing DB stats nova_cell0:SELECT=1 {{(pid=113808) stat_writer /opt/stack/data/venv/lib/python3.12/site-packages/dbcounter.py:115}}
Jun 17 04:32:19.381719 np0000181117 nova-conductor[114584]: DEBUG oslo.service.backend._threading.loopingcall [None req-49353a3b-dd1a-4f82-8be8-5cb68f532225 None None] Dynamic interval looping call 'nova.service.Service.periodic_tasks' sleeping for 60.00 seconds {{(pid=114584) _run_loop /opt/stack/data/venv/lib/python3.12/site-packages/oslo_service/backend/_threading/loopingcall.py:125}}
Jun 17 04:32:19.399796 np0000181117 nova-conductor[114591]: DEBUG oslo.service.backend._threading.loopingcall [None req-09dca6db-6388-4a8c-82a2-d1a16824e87b None None] Dynamic interval looping call 'nova.service.Service.periodic_tasks' sleeping for 60.00 seconds {{(pid=114591) _run_loop /opt/stack/data/venv/lib/python3.12/site-packages/oslo_service/backend/_threading/loopingcall.py:125}}
Jun 17 04:32:21.387983 np0000181117 nova-conductor[114567]: DEBUG dbcounter [-] [114567] Writing DB stats nova_cell0:SELECT=4,nova_cell0:INSERT=1,nova_cell0:UPDATE=1 {{(pid=114567) stat_writer /opt/stack/data/venv/lib/python3.12/site-packages/dbcounter.py:115}}
Jun 17 04:32:21.399903 np0000181117 nova-conductor[114584]: DEBUG dbcounter [-] [114584] Writing DB stats nova_cell0:SELECT=3,nova_cell0:UPDATE=1 {{(pid=114584) stat_writer /opt/stack/data/venv/lib/python3.12/site-packages/dbcounter.py:115}}
Jun 17 04:32:21.402524 np0000181117 nova-conductor[114578]: DEBUG dbcounter [-] [114578] Writing DB stats nova_cell0:SELECT=3 {{(pid=114578) stat_writer /opt/stack/data/venv/lib/python3.12/site-packages/dbcounter.py:115}}
Jun 17 04:32:21.408050 np0000181117 nova-conductor[114591]: DEBUG dbcounter [-] [114591] Writing DB stats nova_cell0:SELECT=3 {{(pid=114591) stat_writer /opt/stack/data/venv/lib/python3.12/site-packages/dbcounter.py:115}}
Jun 17 04:32:23.394515 np0000181117 nova-conductor[114578]: DEBUG oslo.service.backend._threading.loopingcall [None req-187dd84d-137f-49f6-87ee-a17b772d1b1f None None] Dynamic interval looping call 'nova.service.Service.periodic_tasks' sleeping for 60.00 seconds {{(pid=114578) _run_loop /opt/stack/data/venv/lib/python3.12/site-packages/oslo_service/backend/_threading/loopingcall.py:125}}
Jun 17 04:32:31.376395 np0000181117 nova-conductor[114567]: DEBUG oslo.service.backend._threading.loopingcall [None req-736335f2-2159-4e95-b94d-ae1dc83a8c50 None None] Dynamic interval looping call 'nova.service.Service.periodic_tasks' sleeping for 60.00 seconds {{(pid=114567) _run_loop /opt/stack/data/venv/lib/python3.12/site-packages/oslo_service/backend/_threading/loopingcall.py:125}}
Jun 17 04:33:19.382536 np0000181117 nova-conductor[114584]: DEBUG oslo.service.backend._threading.loopingcall [None req-49353a3b-dd1a-4f82-8be8-5cb68f532225 None None] Dynamic interval looping call 'nova.service.Service.periodic_tasks' sleeping for 60.00 seconds {{(pid=114584) _run_loop /opt/stack/data/venv/lib/python3.12/site-packages/oslo_service/backend/_threading/loopingcall.py:125}}
Jun 17 04:33:19.400547 np0000181117 nova-conductor[114591]: DEBUG oslo.service.backend._threading.loopingcall [None req-09dca6db-6388-4a8c-82a2-d1a16824e87b None None] Dynamic interval looping call 'nova.service.Service.periodic_tasks' sleeping for 60.00 seconds {{(pid=114591) _run_loop /opt/stack/data/venv/lib/python3.12/site-packages/oslo_service/backend/_threading/loopingcall.py:125}}
Jun 17 04:33:23.397261 np0000181117 nova-conductor[114578]: DEBUG oslo.service.backend._threading.loopingcall [None req-187dd84d-137f-49f6-87ee-a17b772d1b1f None None] Dynamic interval looping call 'nova.service.Service.periodic_tasks' sleeping for 60.00 seconds {{(pid=114578) _run_loop /opt/stack/data/venv/lib/python3.12/site-packages/oslo_service/backend/_threading/loopingcall.py:125}}
Jun 17 04:33:31.377052 np0000181117 nova-conductor[114567]: DEBUG oslo.service.backend._threading.loopingcall [None req-736335f2-2159-4e95-b94d-ae1dc83a8c50 None None] Dynamic interval looping call 'nova.service.Service.periodic_tasks' sleeping for 60.00 seconds {{(pid=114567) _run_loop /opt/stack/data/venv/lib/python3.12/site-packages/oslo_service/backend/_threading/loopingcall.py:125}}
Jun 17 04:34:11.392042 np0000181117 nova-conductor[114567]: DEBUG oslo.service.backend._threading.loopingcall [-] Fixed interval looping call 'nova.servicegroup.drivers.db.DbDriver._report_state' sleeping for 119.99 seconds {{(pid=114567) _run_loop /opt/stack/data/venv/lib/python3.12/site-packages/oslo_service/backend/_threading/loopingcall.py:125}}
Jun 17 04:34:11.393552 np0000181117 nova-conductor[114584]: DEBUG oslo.service.backend._threading.loopingcall [-] Fixed interval looping call 'nova.servicegroup.drivers.db.DbDriver._report_state' sleeping for 119.99 seconds {{(pid=114584) _run_loop /opt/stack/data/venv/lib/python3.12/site-packages/oslo_service/backend/_threading/loopingcall.py:125}}
Jun 17 04:34:11.401715 np0000181117 nova-conductor[114578]: DEBUG oslo.service.backend._threading.loopingcall [-] Fixed interval looping call 'nova.servicegroup.drivers.db.DbDriver._report_state' sleeping for 119.99 seconds {{(pid=114578) _run_loop /opt/stack/data/venv/lib/python3.12/site-packages/oslo_service/backend/_threading/loopingcall.py:125}}
Jun 17 04:34:11.407093 np0000181117 nova-conductor[114591]: DEBUG oslo.service.backend._threading.loopingcall [-] Fixed interval looping call 'nova.servicegroup.drivers.db.DbDriver._report_state' sleeping for 119.99 seconds {{(pid=114591) _run_loop /opt/stack/data/venv/lib/python3.12/site-packages/oslo_service/backend/_threading/loopingcall.py:125}}
Jun 17 04:34:19.383321 np0000181117 nova-conductor[114584]: DEBUG oslo.service.backend._threading.loopingcall [None req-49353a3b-dd1a-4f82-8be8-5cb68f532225 None None] Dynamic interval looping call 'nova.service.Service.periodic_tasks' sleeping for 60.00 seconds {{(pid=114584) _run_loop /opt/stack/data/venv/lib/python3.12/site-packages/oslo_service/backend/_threading/loopingcall.py:125}}
Jun 17 04:34:19.401980 np0000181117 nova-conductor[114591]: DEBUG oslo.service.backend._threading.loopingcall [None req-09dca6db-6388-4a8c-82a2-d1a16824e87b None None] Dynamic interval looping call 'nova.service.Service.periodic_tasks' sleeping for 60.00 seconds {{(pid=114591) _run_loop /opt/stack/data/venv/lib/python3.12/site-packages/oslo_service/backend/_threading/loopingcall.py:125}}
Jun 17 04:34:21.385185 np0000181117 nova-conductor[114567]: DEBUG dbcounter [-] [114567] Writing DB stats nova_cell0:SELECT=1,nova_cell0:UPDATE=1 {{(pid=114567) stat_writer /opt/stack/data/venv/lib/python3.12/site-packages/dbcounter.py:115}}
Jun 17 04:34:21.387593 np0000181117 nova-conductor[114584]: DEBUG dbcounter [-] [114584] Writing DB stats nova_cell0:SELECT=1,nova_cell0:UPDATE=1 {{(pid=114584) stat_writer /opt/stack/data/venv/lib/python3.12/site-packages/dbcounter.py:115}}
Jun 17 04:34:21.398882 np0000181117 nova-conductor[114578]: DEBUG dbcounter [-] [114578] Writing DB stats nova_cell0:SELECT=1 {{(pid=114578) stat_writer /opt/stack/data/venv/lib/python3.12/site-packages/dbcounter.py:115}}
Jun 17 04:34:21.404011 np0000181117 nova-conductor[114591]: DEBUG dbcounter [-] [114591] Writing DB stats nova_cell0:SELECT=1 {{(pid=114591) stat_writer /opt/stack/data/venv/lib/python3.12/site-packages/dbcounter.py:115}}
Jun 17 04:34:23.397818 np0000181117 nova-conductor[114578]: DEBUG oslo.service.backend._threading.loopingcall [None req-187dd84d-137f-49f6-87ee-a17b772d1b1f None None] Dynamic interval looping call 'nova.service.Service.periodic_tasks' sleeping for 60.00 seconds {{(pid=114578) _run_loop /opt/stack/data/venv/lib/python3.12/site-packages/oslo_service/backend/_threading/loopingcall.py:125}}
Jun 17 04:34:31.378156 np0000181117 nova-conductor[114567]: DEBUG oslo.service.backend._threading.loopingcall [None req-736335f2-2159-4e95-b94d-ae1dc83a8c50 None None] Dynamic interval looping call 'nova.service.Service.periodic_tasks' sleeping for 60.00 seconds {{(pid=114567) _run_loop /opt/stack/data/venv/lib/python3.12/site-packages/oslo_service/backend/_threading/loopingcall.py:125}}
Jun 17 04:35:19.384045 np0000181117 nova-conductor[114584]: DEBUG oslo.service.backend._threading.loopingcall [None req-49353a3b-dd1a-4f82-8be8-5cb68f532225 None None] Dynamic interval looping call 'nova.service.Service.periodic_tasks' sleeping for 60.00 seconds {{(pid=114584) _run_loop /opt/stack/data/venv/lib/python3.12/site-packages/oslo_service/backend/_threading/loopingcall.py:125}}
Jun 17 04:35:19.402642 np0000181117 nova-conductor[114591]: DEBUG oslo.service.backend._threading.loopingcall [None req-09dca6db-6388-4a8c-82a2-d1a16824e87b None None] Dynamic interval looping call 'nova.service.Service.periodic_tasks' sleeping for 60.00 seconds {{(pid=114591) _run_loop /opt/stack/data/venv/lib/python3.12/site-packages/oslo_service/backend/_threading/loopingcall.py:125}}
Jun 17 04:35:23.400620 np0000181117 nova-conductor[114578]: DEBUG oslo.service.backend._threading.loopingcall [None req-187dd84d-137f-49f6-87ee-a17b772d1b1f None None] Dynamic interval looping call 'nova.service.Service.periodic_tasks' sleeping for 60.00 seconds {{(pid=114578) _run_loop /opt/stack/data/venv/lib/python3.12/site-packages/oslo_service/backend/_threading/loopingcall.py:125}}
Jun 17 04:35:31.378673 np0000181117 nova-conductor[114567]: DEBUG oslo.service.backend._threading.loopingcall [None req-736335f2-2159-4e95-b94d-ae1dc83a8c50 None None] Dynamic interval looping call 'nova.service.Service.periodic_tasks' sleeping for 60.00 seconds {{(pid=114567) _run_loop /opt/stack/data/venv/lib/python3.12/site-packages/oslo_service/backend/_threading/loopingcall.py:125}}
Jun 17 04:36:11.392780 np0000181117 nova-conductor[114584]: DEBUG oslo.service.backend._threading.loopingcall [-] Fixed interval looping call 'nova.servicegroup.drivers.db.DbDriver._report_state' sleeping for 119.99 seconds {{(pid=114584) _run_loop /opt/stack/data/venv/lib/python3.12/site-packages/oslo_service/backend/_threading/loopingcall.py:125}}
Jun 17 04:36:11.393233 np0000181117 nova-conductor[114567]: DEBUG oslo.service.backend._threading.loopingcall [-] Fixed interval looping call 'nova.servicegroup.drivers.db.DbDriver._report_state' sleeping for 119.99 seconds {{(pid=114567) _run_loop /opt/stack/data/venv/lib/python3.12/site-packages/oslo_service/backend/_threading/loopingcall.py:125}}
Jun 17 04:36:11.396544 np0000181117 nova-conductor[114578]: DEBUG oslo.service.backend._threading.loopingcall [-] Fixed interval looping call 'nova.servicegroup.drivers.db.DbDriver._report_state' sleeping for 120.00 seconds {{(pid=114578) _run_loop /opt/stack/data/venv/lib/python3.12/site-packages/oslo_service/backend/_threading/loopingcall.py:125}}
Jun 17 04:36:11.401496 np0000181117 nova-conductor[114591]: DEBUG oslo.service.backend._threading.loopingcall [-] Fixed interval looping call 'nova.servicegroup.drivers.db.DbDriver._report_state' sleeping for 120.00 seconds {{(pid=114591) _run_loop /opt/stack/data/venv/lib/python3.12/site-packages/oslo_service/backend/_threading/loopingcall.py:125}}