Aug 31 07:29:12.453439 np0000191552 devstack@neutron-api.service[101568]: DEBUG neutron.plugins.ml2.drivers.ovn.mech_driver.ovsdb.ovsdb_monitor [None req-5ea88023-3075-4fbc-bd46-eca4f80c7a3b None None] Hash Ring: Node 750670aec0d05c1bb5e0e035c31c63cb (host: np0000191552) handling event "create" for row bb4689bb-a721-4050-934b-d51760f1c1a8 (table: ACL) {{(pid=101568) notify /opt/stack/neutron/neutron/plugins/ml2/drivers/ovn/mech_driver/ovsdb/ovsdb_monitor.py:1099}}
Aug 31 07:29:12.453586 np0000191552 devstack@neutron-api.service[101568]: DEBUG neutron.plugins.ml2.drivers.ovn.mech_driver.ovsdb.ovsdb_monitor [None req-5ea88023-3075-4fbc-bd46-eca4f80c7a3b None None] Hash Ring: Node 750670aec0d05c1bb5e0e035c31c63cb (host: np0000191552) handling event "create" for row 3ecebd04-2ec5-49b9-8f7b-64d540a8b416 (table: Connection) {{(pid=101568) notify /opt/stack/neutron/neutron/plugins/ml2/drivers/ovn/mech_driver/ovsdb/ovsdb_monitor.py:1099}}
Aug 31 07:29:12.453764 np0000191552 devstack@neutron-api.service[101568]: DEBUG neutron.plugins.ml2.drivers.ovn.mech_driver.ovsdb.ovsdb_monitor [None req-5ea88023-3075-4fbc-bd46-eca4f80c7a3b None None] Hash Ring: Node 750670aec0d05c1bb5e0e035c31c63cb (host: np0000191552) handling event "create" for row 70ebaded-e789-4d4c-930e-63585ab0b0c3 (table: Port_Group) {{(pid=101568) notify /opt/stack/neutron/neutron/plugins/ml2/drivers/ovn/mech_driver/ovsdb/ovsdb_monitor.py:1099}}
Aug 31 07:29:12.454528 np0000191552 devstack@neutron-api.service[101568]: INFO neutron.plugins.ml2.drivers.ovn.mech_driver.ovsdb.impl_idl_ovn [None req-5ea88023-3075-4fbc-bd46-eca4f80c7a3b None None] Getting OvsdbSbOvnIdl for WorkerService with retry
Aug 31 07:29:12.456483 np0000191552 devstack@neutron-api.service[101567]: INFO ovsdbapp.backend.ovs_idl.vlog [None req-ad4e763d-948c-4443-91ad-9b44796dff37 None None] ssl:162.253.55.169:6642: connected
Aug 31 07:29:12.466813 np0000191552 devstack@neutron-api.service[101569]: DEBUG oslo_concurrency.processutils [None req-a5c849db-3667-4936-be30-c7c5f8338093 None None] CMD "ovsdb-client transact ssl:162.253.55.169:6641 --timeout 180 -p /opt/stack/data/CA/int-ca/private/devstack-cert.key -c /opt/stack/data/CA/int-ca/devstack-cert.crt -C /opt/stack/data/CA/int-ca/ca-chain.pem ["OVN_Northbound", {"op": "wait", "timeout": 0, "table": "Port_Group", "where": [["name", "==", "pvlan_pg_drop"]], "until": "==", "rows": []}, {"op": "insert", "table": "ACL", "row": {"action": "drop", "direction": "to-lport", "match": "outport == @pvlan_pg_drop && ip", "priority": 1010}, "uuid-name": "pvlandroptoport"}, {"op": "insert", "table": "ACL", "row": {"action": "drop", "direction": "from-lport", "match": "inport == @pvlan_pg_drop && ip", "priority": 1010}, "uuid-name": "pvlandropfromport"}, {"op": "insert", "table": "Port_Group", "row": {"name": "pvlan_pg_drop", "acls": ["set", [["named-uuid", "pvlandroptoport"], ["named-uuid", "pvlandropfromport"]]]}}]" returned: 0 in 0.035s {{(pid=101569) execute /opt/stack/data/venv/lib/python3.12/site-packages/oslo_concurrency/processutils.py:468}}
Aug 31 07:29:12.468637 np0000191552 devstack@neutron-api.service[101569]: WSGI app 0 (mountpoint='') ready in 7 seconds on interpreter 0x7ccc624a4668 pid: 101569 (default app)
Aug 31 07:29:12.482299 np0000191552 devstack@neutron-api.service[101568]: DEBUG ovsdbapp.backend.ovs_idl [None req-5ea88023-3075-4fbc-bd46-eca4f80c7a3b None None] Created lookup_table index Chassis.name {{(pid=101568) autocreate_indices /opt/stack/data/venv/lib/python3.12/site-packages/ovsdbapp/backend/ovs_idl/__init__.py:87}}
Aug 31 07:29:12.482408 np0000191552 devstack@neutron-api.service[101568]: DEBUG ovsdbapp.backend.ovs_idl [None req-5ea88023-3075-4fbc-bd46-eca4f80c7a3b None None] Created lookup_table index Port_Binding.logical_port {{(pid=101568) autocreate_indices /opt/stack/data/venv/lib/python3.12/site-packages/ovsdbapp/backend/ovs_idl/__init__.py:87}}
Aug 31 07:29:12.482474 np0000191552 devstack@neutron-api.service[101568]: DEBUG ovsdbapp.backend.ovs_idl [None req-5ea88023-3075-4fbc-bd46-eca4f80c7a3b None None] Created schema index Chassis_Private.name {{(pid=101568) autocreate_indices /opt/stack/data/venv/lib/python3.12/site-packages/ovsdbapp/backend/ovs_idl/__init__.py:106}}
Aug 31 07:29:12.482578 np0000191552 devstack@neutron-api.service[101567]: DEBUG neutron.common.ovn.hash_ring_manager [None req-ad4e763d-948c-4443-91ad-9b44796dff37 None None] Allow caching, nodes 4>=4 {{(pid=101567) _wait_startup_before_caching /opt/stack/neutron/neutron/common/ovn/hash_ring_manager.py:71}}
Aug 31 07:29:12.482631 np0000191552 devstack@neutron-api.service[101568]: DEBUG ovsdbapp.backend.ovs_idl [None req-5ea88023-3075-4fbc-bd46-eca4f80c7a3b None None] Created schema index Datapath_Binding.tunnel_key {{(pid=101568) autocreate_indices /opt/stack/data/venv/lib/python3.12/site-packages/ovsdbapp/backend/ovs_idl/__init__.py:106}}
Aug 31 07:29:12.484923 np0000191552 devstack@neutron-api.service[101568]: INFO ovsdbapp.backend.ovs_idl.vlog [None req-5ea88023-3075-4fbc-bd46-eca4f80c7a3b None None] ssl:162.253.55.169:6642: connecting...
Aug 31 07:29:12.486278 np0000191552 devstack@neutron-api.service[101567]: DEBUG neutron.common.ovn.hash_ring_manager [None req-ad4e763d-948c-4443-91ad-9b44796dff37 None None] Hash Ring loaded. 4 active nodes. 0 offline nodes {{(pid=101567) _load_hash_ring /opt/stack/neutron/neutron/common/ovn/hash_ring_manager.py:110}}
Aug 31 07:29:12.486823 np0000191552 devstack@neutron-api.service[101567]: DEBUG ovsdbapp.backend.ovs_idl.event [None req-ad4e763d-948c-4443-91ad-9b44796dff37 None None] Matched CREATE: ChassisAgentWriteEvent(events=('create', 'update'), table='Chassis_Private', conditions=None, old_conditions=None), priority=20 to row=Chassis_Private(uuid=5f73db83-2900-42c0-b835-f927d9856688, chassis=72fa8db9-7c00-4d6e-b5ce-9e503ed6d0d8, external_ids={'neutron:ovn-bridge': 'br-int', 'neutron:ovn-neutron-agent-id': '04b87af0-53b7-54f6-958f-0737b185862a', 'neutron:ovn-neutron-agent-sb-cfg': '0'}, name='da2ae486-5199-430a-a6f5-5022986da805', nb_cfg=0, nb_cfg_timestamp=0) old= {{(pid=101567) matches /opt/stack/data/venv/lib/python3.12/site-packages/ovsdbapp/backend/ovs_idl/event.py:55}}
Aug 31 07:29:12.487169 np0000191552 devstack@neutron-api.service[101567]: DEBUG ovsdbapp.backend.ovs_idl.event [None req-ad4e763d-948c-4443-91ad-9b44796dff37 None None] Matched CREATE: ChassisOVNAgentWriteEvent(events=('create', 'update'), table='Chassis_Private', conditions=None, old_conditions=None), priority=20 to row=Chassis_Private(uuid=5f73db83-2900-42c0-b835-f927d9856688, chassis=72fa8db9-7c00-4d6e-b5ce-9e503ed6d0d8, external_ids={'neutron:ovn-bridge': 'br-int', 'neutron:ovn-neutron-agent-id': '04b87af0-53b7-54f6-958f-0737b185862a', 'neutron:ovn-neutron-agent-sb-cfg': '0'}, name='da2ae486-5199-430a-a6f5-5022986da805', nb_cfg=0, nb_cfg_timestamp=0) old= {{(pid=101567) matches /opt/stack/data/venv/lib/python3.12/site-packages/ovsdbapp/backend/ovs_idl/event.py:55}}
Aug 31 07:29:12.489195 np0000191552 devstack@neutron-api.service[101568]: INFO ovsdbapp.backend.ovs_idl.vlog [None req-5ea88023-3075-4fbc-bd46-eca4f80c7a3b None None] ssl:162.253.55.169:6642: connected
Aug 31 07:29:12.489293 np0000191552 devstack@neutron-api.service[101567]: INFO neutron.plugins.ml2.drivers.ovn.mech_driver.mech_driver [None req-ad4e763d-948c-4443-91ad-9b44796dff37 None None] WorkerService process has finished the post initialization
Aug 31 07:29:12.489449 np0000191552 devstack@neutron-api.service[101567]: DEBUG oslo_concurrency.processutils [None req-ad4e763d-948c-4443-91ad-9b44796dff37 None None] Running cmd (subprocess): ovsdb-client transact ssl:162.253.55.169:6641 --timeout 180 -p /opt/stack/data/CA/int-ca/private/devstack-cert.key -c /opt/stack/data/CA/int-ca/devstack-cert.crt -C /opt/stack/data/CA/int-ca/ca-chain.pem ["OVN_Northbound", {"op": "wait", "timeout": 0, "table": "Port_Group", "where": [["name", "==", "pvlan_pg_drop"]], "until": "==", "rows": []}, {"op": "insert", "table": "ACL", "row": {"action": "drop", "direction": "to-lport", "match": "outport == @pvlan_pg_drop && ip", "priority": 1010}, "uuid-name": "pvlandroptoport"}, {"op": "insert", "table": "ACL", "row": {"action": "drop", "direction": "from-lport", "match": "inport == @pvlan_pg_drop && ip", "priority": 1010}, "uuid-name": "pvlandropfromport"}, {"op": "insert", "table": "Port_Group", "row": {"name": "pvlan_pg_drop", "acls": ["set", [["named-uuid", "pvlandroptoport"], ["named-uuid", "pvlandropfromport"]]]}}] {{(pid=101567) execute /opt/stack/data/venv/lib/python3.12/site-packages/oslo_concurrency/processutils.py:440}}
Aug 31 07:29:12.522490 np0000191552 devstack@neutron-api.service[101568]: DEBUG neutron.common.ovn.hash_ring_manager [None req-5ea88023-3075-4fbc-bd46-eca4f80c7a3b None None] Allow caching, nodes 4>=4 {{(pid=101568) _wait_startup_before_caching /opt/stack/neutron/neutron/common/ovn/hash_ring_manager.py:71}}
Aug 31 07:29:12.523151 np0000191552 devstack@neutron-api.service[101567]: DEBUG oslo_concurrency.processutils [None req-ad4e763d-948c-4443-91ad-9b44796dff37 None None] CMD "ovsdb-client transact ssl:162.253.55.169:6641 --timeout 180 -p /opt/stack/data/CA/int-ca/private/devstack-cert.key -c /opt/stack/data/CA/int-ca/devstack-cert.crt -C /opt/stack/data/CA/int-ca/ca-chain.pem ["OVN_Northbound", {"op": "wait", "timeout": 0, "table": "Port_Group", "where": [["name", "==", "pvlan_pg_drop"]], "until": "==", "rows": []}, {"op": "insert", "table": "ACL", "row": {"action": "drop", "direction": "to-lport", "match": "outport == @pvlan_pg_drop && ip", "priority": 1010}, "uuid-name": "pvlandroptoport"}, {"op": "insert", "table": "ACL", "row": {"action": "drop", "direction": "from-lport", "match": "inport == @pvlan_pg_drop && ip", "priority": 1010}, "uuid-name": "pvlandropfromport"}, {"op": "insert", "table": "Port_Group", "row": {"name": "pvlan_pg_drop", "acls": ["set", [["named-uuid", "pvlandroptoport"], ["named-uuid", "pvlandropfromport"]]]}}]" returned: 0 in 0.033s {{(pid=101567) execute /opt/stack/data/venv/lib/python3.12/site-packages/oslo_concurrency/processutils.py:468}}
Aug 31 07:29:12.524883 np0000191552 devstack@neutron-api.service[101567]: WSGI app 0 (mountpoint='') ready in 7 seconds on interpreter 0x7ccc624a4668 pid: 101567 (default app)
Aug 31 07:29:12.526230 np0000191552 devstack@neutron-api.service[101568]: DEBUG neutron.common.ovn.hash_ring_manager [None req-5ea88023-3075-4fbc-bd46-eca4f80c7a3b None None] Hash Ring loaded. 4 active nodes. 0 offline nodes {{(pid=101568) _load_hash_ring /opt/stack/neutron/neutron/common/ovn/hash_ring_manager.py:110}}
Aug 31 07:29:12.526756 np0000191552 devstack@neutron-api.service[101568]: DEBUG ovsdbapp.backend.ovs_idl.event [None req-5ea88023-3075-4fbc-bd46-eca4f80c7a3b None None] Matched CREATE: ChassisAgentWriteEvent(events=('create', 'update'), table='Chassis_Private', conditions=None, old_conditions=None), priority=20 to row=Chassis_Private(uuid=5f73db83-2900-42c0-b835-f927d9856688, chassis=72fa8db9-7c00-4d6e-b5ce-9e503ed6d0d8, external_ids={'neutron:ovn-bridge': 'br-int', 'neutron:ovn-neutron-agent-id': '04b87af0-53b7-54f6-958f-0737b185862a', 'neutron:ovn-neutron-agent-sb-cfg': '0'}, name='da2ae486-5199-430a-a6f5-5022986da805', nb_cfg=0, nb_cfg_timestamp=0) old= {{(pid=101568) matches /opt/stack/data/venv/lib/python3.12/site-packages/ovsdbapp/backend/ovs_idl/event.py:55}}
Aug 31 07:29:12.527097 np0000191552 devstack@neutron-api.service[101568]: DEBUG ovsdbapp.backend.ovs_idl.event [None req-5ea88023-3075-4fbc-bd46-eca4f80c7a3b None None] Matched CREATE: ChassisOVNAgentWriteEvent(events=('create', 'update'), table='Chassis_Private', conditions=None, old_conditions=None), priority=20 to row=Chassis_Private(uuid=5f73db83-2900-42c0-b835-f927d9856688, chassis=72fa8db9-7c00-4d6e-b5ce-9e503ed6d0d8, external_ids={'neutron:ovn-bridge': 'br-int', 'neutron:ovn-neutron-agent-id': '04b87af0-53b7-54f6-958f-0737b185862a', 'neutron:ovn-neutron-agent-sb-cfg': '0'}, name='da2ae486-5199-430a-a6f5-5022986da805', nb_cfg=0, nb_cfg_timestamp=0) old= {{(pid=101568) matches /opt/stack/data/venv/lib/python3.12/site-packages/ovsdbapp/backend/ovs_idl/event.py:55}}
Aug 31 07:29:12.527352 np0000191552 devstack@neutron-api.service[101568]: DEBUG neutron.plugins.ml2.drivers.ovn.mech_driver.ovsdb.ovsdb_monitor [None req-5ea88023-3075-4fbc-bd46-eca4f80c7a3b None None] Hash Ring: Node 750670aec0d05c1bb5e0e035c31c63cb (host: np0000191552) handling event "create" for row 5f73db83-2900-42c0-b835-f927d9856688 (table: Chassis_Private) {{(pid=101568) notify /opt/stack/neutron/neutron/plugins/ml2/drivers/ovn/mech_driver/ovsdb/ovsdb_monitor.py:1099}}
Aug 31 07:29:12.529464 np0000191552 devstack@neutron-api.service[101568]: INFO neutron.plugins.ml2.drivers.ovn.mech_driver.mech_driver [None req-5ea88023-3075-4fbc-bd46-eca4f80c7a3b None None] WorkerService process has finished the post initialization
Aug 31 07:29:12.529800 np0000191552 devstack@neutron-api.service[101568]: DEBUG oslo_concurrency.processutils [None req-5ea88023-3075-4fbc-bd46-eca4f80c7a3b None None] Running cmd (subprocess): ovsdb-client transact ssl:162.253.55.169:6641 --timeout 180 -p /opt/stack/data/CA/int-ca/private/devstack-cert.key -c /opt/stack/data/CA/int-ca/devstack-cert.crt -C /opt/stack/data/CA/int-ca/ca-chain.pem ["OVN_Northbound", {"op": "wait", "timeout": 0, "table": "Port_Group", "where": [["name", "==", "pvlan_pg_drop"]], "until": "==", "rows": []}, {"op": "insert", "table": "ACL", "row": {"action": "drop", "direction": "to-lport", "match": "outport == @pvlan_pg_drop && ip", "priority": 1010}, "uuid-name": "pvlandroptoport"}, {"op": "insert", "table": "ACL", "row": {"action": "drop", "direction": "from-lport", "match": "inport == @pvlan_pg_drop && ip", "priority": 1010}, "uuid-name": "pvlandropfromport"}, {"op": "insert", "table": "Port_Group", "row": {"name": "pvlan_pg_drop", "acls": ["set", [["named-uuid", "pvlandroptoport"], ["named-uuid", "pvlandropfromport"]]]}}] {{(pid=101568) execute /opt/stack/data/venv/lib/python3.12/site-packages/oslo_concurrency/processutils.py:440}}
Aug 31 07:29:12.564609 np0000191552 devstack@neutron-api.service[101568]: DEBUG oslo_concurrency.processutils [None req-5ea88023-3075-4fbc-bd46-eca4f80c7a3b None None] CMD "ovsdb-client transact ssl:162.253.55.169:6641 --timeout 180 -p /opt/stack/data/CA/int-ca/private/devstack-cert.key -c /opt/stack/data/CA/int-ca/devstack-cert.crt -C /opt/stack/data/CA/int-ca/ca-chain.pem ["OVN_Northbound", {"op": "wait", "timeout": 0, "table": "Port_Group", "where": [["name", "==", "pvlan_pg_drop"]], "until": "==", "rows": []}, {"op": "insert", "table": "ACL", "row": {"action": "drop", "direction": "to-lport", "match": "outport == @pvlan_pg_drop && ip", "priority": 1010}, "uuid-name": "pvlandroptoport"}, {"op": "insert", "table": "ACL", "row": {"action": "drop", "direction": "from-lport", "match": "inport == @pvlan_pg_drop && ip", "priority": 1010}, "uuid-name": "pvlandropfromport"}, {"op": "insert", "table": "Port_Group", "row": {"name": "pvlan_pg_drop", "acls": ["set", [["named-uuid", "pvlandroptoport"], ["named-uuid", "pvlandropfromport"]]]}}]" returned: 0 in 0.034s {{(pid=101568) execute /opt/stack/data/venv/lib/python3.12/site-packages/oslo_concurrency/processutils.py:468}}
Aug 31 07:29:12.566916 np0000191552 devstack@neutron-api.service[101568]: WSGI app 0 (mountpoint='') ready in 7 seconds on interpreter 0x7ccc624a4668 pid: 101568 (default app)
Aug 31 07:29:14.077430 np0000191552 devstack@neutron-api.service[101568]: DEBUG neutron.plugins.ml2.drivers.ovn.mech_driver.ovsdb.ovsdb_monitor [-] Hash Ring: Node 750670aec0d05c1bb5e0e035c31c63cb (host: np0000191552) handling event "update" for row 3ecebd04-2ec5-49b9-8f7b-64d540a8b416 (table: Connection) {{(pid=101568) notify /opt/stack/neutron/neutron/plugins/ml2/drivers/ovn/mech_driver/ovsdb/ovsdb_monitor.py:1099}}
Aug 31 07:29:14.082093 np0000191552 devstack@neutron-api.service[101570]: DEBUG neutron.common.ovn.hash_ring_manager [-] Allow caching, nodes 4>=4 {{(pid=101570) _wait_startup_before_caching /opt/stack/neutron/neutron/common/ovn/hash_ring_manager.py:71}}
Aug 31 07:29:14.082466 np0000191552 devstack@neutron-api.service[101570]: DEBUG neutron.plugins.ml2.drivers.ovn.mech_driver.ovsdb.ovsdb_monitor [-] Hash Ring: Node d04d8117c0e25f41a3116a0b363cc13e (host: np0000191552) handling event "update" for row 3ecebd04-2ec5-49b9-8f7b-64d540a8b416 (table: Connection) {{(pid=101570) notify /opt/stack/neutron/neutron/plugins/ml2/drivers/ovn/mech_driver/ovsdb/ovsdb_monitor.py:1099}}
Aug 31 07:29:16.598280 np0000191552 devstack@neutron-api.service[101570]: DEBUG neutron.plugins.ml2.drivers.ovn.mech_driver.ovsdb.ovsdb_monitor [-] Hash Ring: Node d04d8117c0e25f41a3116a0b363cc13e (host: np0000191552) handling event "update" for row 3ecebd04-2ec5-49b9-8f7b-64d540a8b416 (table: Connection) {{(pid=101570) notify /opt/stack/neutron/neutron/plugins/ml2/drivers/ovn/mech_driver/ovsdb/ovsdb_monitor.py:1099}}
Aug 31 07:29:16.599040 np0000191552 devstack@neutron-api.service[101568]: DEBUG neutron.plugins.ml2.drivers.ovn.mech_driver.ovsdb.ovsdb_monitor [-] Hash Ring: Node 750670aec0d05c1bb5e0e035c31c63cb (host: np0000191552) handling event "update" for row 3ecebd04-2ec5-49b9-8f7b-64d540a8b416 (table: Connection) {{(pid=101568) notify /opt/stack/neutron/neutron/plugins/ml2/drivers/ovn/mech_driver/ovsdb/ovsdb_monitor.py:1099}}
Aug 31 07:29:18.736817 np0000191552 devstack@neutron-api.service[101570]: DEBUG neutron.api.wsgi [None req-3280456f-5dc5-4407-b1b1-6e432c58fe08 admin admin] Missing Content-Type {{(pid=101570) get_content_type /opt/stack/neutron/neutron/api/wsgi.py:80}}
Aug 31 07:29:18.737444 np0000191552 devstack@neutron-api.service[101570]: DEBUG neutron.api.wsgi [None req-3280456f-5dc5-4407-b1b1-6e432c58fe08 admin admin] https://162.253.55.169/networking/v2.0/extensions returned with HTTP 200 {{(pid=101570) __call__ /opt/stack/neutron/neutron/api/wsgi.py:540}}
Aug 31 07:29:18.737517 np0000191552 devstack@neutron-api.service[101570]: [pid: 101570|app: 0|req: 2/2] 162.253.55.169 () {64 vars in 1323 bytes} [Mon Aug 31 07:29:18 2026] GET /networking/v2.0/extensions => generated 16171 bytes in 519 msecs (HTTP/1.1 200) 4 headers in 159 bytes (1 switches on core 0)
Aug 31 07:29:19.240999 np0000191552 devstack@neutron-api.service[101569]: DEBUG neutron.api.v2.base [None req-1d988006-b931-4374-8ec7-29ba11145c42 admin admin] Request body: {'subnetpool': {'prefixes': ['10.1.0.0/20'], 'is_default': True, 'shared': True, 'default_prefixlen': 26, 'name': 'shared-default-subnetpool-v4'}} {{(pid=101569) prepare_request_body /opt/stack/neutron/neutron/api/v2/base.py:727}}
Aug 31 07:29:19.431946 np0000191552 devstack@neutron-api.service[101569]: DEBUG neutron.policy [None req-1d988006-b931-4374-8ec7-29ba11145c42 admin admin] Loaded default policies from ['neutron'] under neutron.policies entry points {{(pid=101569) register_rules /opt/stack/neutron/neutron/policy.py:65}}
Aug 31 07:29:19.579387 np0000191552 devstack@neutron-api.service[101569]: DEBUG neutron_lib.callbacks.manager [None req-1d988006-b931-4374-8ec7-29ba11145c42 admin admin] Publish callbacks ['neutron.objects.securitygroup.RbacNeutronDbObjectMixin.validate_rbac_policy_change-1966039245235', 'neutron.objects.address_group.RbacNeutronDbObjectMixin.validate_rbac_policy_change-1966039350144', 'neutron.objects.network.RbacNeutronDbObjectMixin.validate_rbac_policy_change-1966039215876', 'neutron.objects.qos.policy.RbacNeutronDbObjectMixin.validate_rbac_policy_change-1966039193705', 'neutron.objects.subnetpool.RbacNeutronDbObjectMixin.validate_rbac_policy_change-1966039176705', 'neutron.objects.address_scope.RbacNeutronDbObjectMixin.validate_rbac_policy_change-1966039198446', 'neutron.plugins.ml2.plugin.External_net_db_mixin._process_ext_policy_create-7596561', 'neutron.plugins.ml2.plugin.NeutronDbPluginV2.validate_network_rbac_policy_change-7573193'] for rbac-policy (None), before_create {{(pid=101569) _notify_loop /opt/stack/data/venv/lib/python3.12/site-packages/neutron_lib/callbacks/manager.py:184}}
Aug 31 07:29:19.624463 np0000191552 devstack@neutron-api.service[101569]: DEBUG neutron_lib.callbacks.manager [None req-1d988006-b931-4374-8ec7-29ba11145c42 admin admin] Publish callbacks [] for subnetpool (None), before_response {{(pid=101569) _notify_loop /opt/stack/data/venv/lib/python3.12/site-packages/neutron_lib/callbacks/manager.py:184}}
Aug 31 07:29:19.624960 np0000191552 devstack@neutron-api.service[101569]: [pid: 101569|app: 0|req: 1/3] 162.253.55.169 () {68 vars in 1367 bytes} [Mon Aug 31 07:29:19 2026] POST /networking/v2.0/subnetpools => generated 533 bytes in 526 msecs (HTTP/1.1 201) 4 headers in 162 bytes (1 switches on core 0)
Aug 31 07:29:20.044062 np0000191552 devstack@neutron-api.service[101567]: DEBUG neutron.api.v2.base [None req-787bf43f-38a3-47cc-b125-931f1b6232a3 admin admin] Request body: {'subnetpool': {'prefixes': ['fd3e:f7d5:c477::/56'], 'is_default': True, 'shared': True, 'default_prefixlen': 64, 'name': 'shared-default-subnetpool-v6'}} {{(pid=101567) prepare_request_body /opt/stack/neutron/neutron/api/v2/base.py:727}}
Aug 31 07:29:20.209855 np0000191552 devstack@neutron-api.service[101567]: DEBUG neutron.policy [None req-787bf43f-38a3-47cc-b125-931f1b6232a3 admin admin] Loaded default policies from ['neutron'] under neutron.policies entry points {{(pid=101567) register_rules /opt/stack/neutron/neutron/policy.py:65}}
Aug 31 07:29:20.357109 np0000191552 devstack@neutron-api.service[101567]: DEBUG neutron_lib.callbacks.manager [None req-787bf43f-38a3-47cc-b125-931f1b6232a3 admin admin] Publish callbacks ['neutron.objects.securitygroup.RbacNeutronDbObjectMixin.validate_rbac_policy_change-1966039338634', 'neutron.objects.address_group.RbacNeutronDbObjectMixin.validate_rbac_policy_change-1966039365207', 'neutron.objects.network.RbacNeutronDbObjectMixin.validate_rbac_policy_change-1966039229540', 'neutron.objects.qos.policy.RbacNeutronDbObjectMixin.validate_rbac_policy_change-1966039176860', 'neutron.objects.subnetpool.RbacNeutronDbObjectMixin.validate_rbac_policy_change-1966039192363', 'neutron.objects.address_scope.RbacNeutronDbObjectMixin.validate_rbac_policy_change-1966039192006', 'neutron.plugins.ml2.plugin.External_net_db_mixin._process_ext_policy_create-36679', 'neutron.plugins.ml2.plugin.NeutronDbPluginV2.validate_network_rbac_policy_change-62335'] for rbac-policy (None), before_create {{(pid=101567) _notify_loop /opt/stack/data/venv/lib/python3.12/site-packages/neutron_lib/callbacks/manager.py:184}}
Aug 31 07:29:20.413345 np0000191552 devstack@neutron-api.service[101567]: DEBUG neutron_lib.callbacks.manager [None req-787bf43f-38a3-47cc-b125-931f1b6232a3 admin admin] Publish callbacks [] for subnetpool (None), before_response {{(pid=101567) _notify_loop /opt/stack/data/venv/lib/python3.12/site-packages/neutron_lib/callbacks/manager.py:184}}
Aug 31 07:29:20.413871 np0000191552 devstack@neutron-api.service[101567]: [pid: 101567|app: 0|req: 1/4] 162.253.55.169 () {68 vars in 1367 bytes} [Mon Aug 31 07:29:19 2026] POST /networking/v2.0/subnetpools => generated 543 bytes in 513 msecs (HTTP/1.1 201) 4 headers in 162 bytes (1 switches on core 0)
Aug 31 07:29:20.912945 np0000191552 devstack@neutron-api.service[101568]: DEBUG neutron.api.v2.base [None req-aaed4a60-8e63-4c9c-a034-19d8c79be0a6 admin admin] Request body: {'network': {'name': 'private', 'admin_state_up': True}} {{(pid=101568) prepare_request_body /opt/stack/neutron/neutron/api/v2/base.py:727}}
Aug 31 07:29:20.948783 np0000191552 devstack@neutron-api.service[101568]: DEBUG neutron.pecan_wsgi.hooks.quota_enforcement [None req-aaed4a60-8e63-4c9c-a034-19d8c79be0a6 admin admin] Made reservation on behalf of d21ee676d33f41e48c072e2c665746fb for: {'network': 1} {{(pid=101568) before /opt/stack/neutron/neutron/pecan_wsgi/hooks/quota_enforcement.py:66}}
Aug 31 07:29:21.103901 np0000191552 devstack@neutron-api.service[101568]: DEBUG neutron.policy [None req-aaed4a60-8e63-4c9c-a034-19d8c79be0a6 admin admin] Loaded default policies from ['neutron'] under neutron.policies entry points {{(pid=101568) register_rules /opt/stack/neutron/neutron/policy.py:65}}
Aug 31 07:29:21.204847 np0000191552 devstack@neutron-api.service[101568]: DEBUG neutron_lib.callbacks.manager [None req-aaed4a60-8e63-4c9c-a034-19d8c79be0a6 admin admin] Publish callbacks ['neutron.plugins.ml2.plugin.SecurityGroupDbMixin._ensure_default_security_group_handler-236325'] for network (None), before_create {{(pid=101568) _notify_loop /opt/stack/data/venv/lib/python3.12/site-packages/neutron_lib/callbacks/manager.py:184}}
Aug 31 07:29:21.225585 np0000191552 devstack@neutron-api.service[101568]: DEBUG neutron_lib.callbacks.manager [None req-aaed4a60-8e63-4c9c-a034-19d8c79be0a6 admin admin] Publish callbacks [] for security_group (None), before_create {{(pid=101568) _notify_loop /opt/stack/data/venv/lib/python3.12/site-packages/neutron_lib/callbacks/manager.py:184}}
Aug 31 07:29:21.325439 np0000191552 devstack@neutron-api.service[101568]: DEBUG neutron_lib.callbacks.manager [None req-aaed4a60-8e63-4c9c-a034-19d8c79be0a6 admin admin] Publish callbacks ['neutron.plugins.ml2.drivers.ovn.mech_driver.mech_driver.OVNMechanismDriver._create_security_group_precommit-1910576'] for security_group (d516f420-0f86-4558-8042-aed26aecfe55), precommit_create {{(pid=101568) _notify_loop /opt/stack/data/venv/lib/python3.12/site-packages/neutron_lib/callbacks/manager.py:184}}
Aug 31 07:29:21.325615 np0000191552 devstack@neutron-api.service[101568]: DEBUG neutron.db.ovn_revision_numbers_db [None req-aaed4a60-8e63-4c9c-a034-19d8c79be0a6 admin admin] create_initial_revision uuid=d516f420-0f86-4558-8042-aed26aecfe55, type=security_groups, rev=-1 {{(pid=101568) create_initial_revision /opt/stack/neutron/neutron/db/ovn_revision_numbers_db.py:98}}
Aug 31 07:29:21.328293 np0000191552 devstack@neutron-api.service[101568]: DEBUG neutron.db.ovn_revision_numbers_db [None req-aaed4a60-8e63-4c9c-a034-19d8c79be0a6 admin admin] create_initial_revision uuid=10db4bb9-8704-45ff-8965-e163c569a2cc, type=security_group_rules, rev=-1 {{(pid=101568) create_initial_revision /opt/stack/neutron/neutron/db/ovn_revision_numbers_db.py:98}}
Aug 31 07:29:21.329372 np0000191552 devstack@neutron-api.service[101568]: DEBUG neutron.db.ovn_revision_numbers_db [None req-aaed4a60-8e63-4c9c-a034-19d8c79be0a6 admin admin] create_initial_revision uuid=4a3270a6-73ef-428f-ab33-c6a147f60c7c, type=security_group_rules, rev=-1 {{(pid=101568) create_initial_revision /opt/stack/neutron/neutron/db/ovn_revision_numbers_db.py:98}}
Aug 31 07:29:21.330446 np0000191552 devstack@neutron-api.service[101568]: DEBUG neutron.db.ovn_revision_numbers_db [None req-aaed4a60-8e63-4c9c-a034-19d8c79be0a6 admin admin] create_initial_revision uuid=56efcf30-8dff-446a-884f-624fa12cece5, type=security_group_rules, rev=-1 {{(pid=101568) create_initial_revision /opt/stack/neutron/neutron/db/ovn_revision_numbers_db.py:98}}
Aug 31 07:29:21.331516 np0000191552 devstack@neutron-api.service[101568]: DEBUG neutron.db.ovn_revision_numbers_db [None req-aaed4a60-8e63-4c9c-a034-19d8c79be0a6 admin admin] create_initial_revision uuid=8e486a5d-7b6f-4f7b-b78e-3955c259306b, type=security_group_rules, rev=-1 {{(pid=101568) create_initial_revision /opt/stack/neutron/neutron/db/ovn_revision_numbers_db.py:98}}
Aug 31 07:29:21.339185 np0000191552 devstack@neutron-api.service[101568]: DEBUG neutron_lib.callbacks.manager [None req-aaed4a60-8e63-4c9c-a034-19d8c79be0a6 admin admin] Publish callbacks ['neutron.plugins.ml2.drivers.ovn.mech_driver.mech_driver.OVNMechanismDriver._create_security_group-1910586', 'neutron.plugins.ml2.ovo_rpc._ObjectChangeHandler.handle_event-2456998'] for security_group (d516f420-0f86-4558-8042-aed26aecfe55), after_create {{(pid=101568) _notify_loop /opt/stack/data/venv/lib/python3.12/site-packages/neutron_lib/callbacks/manager.py:184}}
Aug 31 07:29:21.339427 np0000191552 devstack@neutron-api.service[101568]: INFO neutron.plugins.ml2.drivers.ovn.mech_driver.ovsdb.extensions.qos [None req-aaed4a60-8e63-4c9c-a034-19d8c79be0a6 admin admin] Starting OVNClientQosExtension
Aug 31 07:29:21.339513 np0000191552 devstack@neutron-api.service[101568]: INFO neutron.plugins.ml2.drivers.ovn.mech_driver.ovsdb.extensions.placement [None req-aaed4a60-8e63-4c9c-a034-19d8c79be0a6 admin admin] Starting OVNClientPlacementExtension
Aug 31 07:29:21.340292 np0000191552 devstack@neutron-api.service[101568]: DEBUG ovsdbapp.backend.ovs_idl.transaction [-] Running txn 25a137be n=1 command(idx=0): PgAddCommand(_result=None, name=pg_d516f420_0f86_4558_8042_aed26aecfe55, may_exist=False, columns={'acls': [], 'external_ids': {'neutron:security_group_id': 'd516f420-0f86-4558-8042-aed26aecfe55'}}) {{(pid=101568) do_commit /opt/stack/data/venv/lib/python3.12/site-packages/ovsdbapp/backend/ovs_idl/transaction.py:91}}
Aug 31 07:29:21.341354 np0000191552 devstack@neutron-api.service[101568]: DEBUG ovsdbapp.backend.ovs_idl.transaction [-] Running txn 25a137be n=1 command(idx=1): PgAclAddCommand(_result=None, entity=pg_d516f420_0f86_4558_8042_aed26aecfe55, direction=from-lport, priority=1002, match=inport == @pg_d516f420_0f86_4558_8042_aed26aecfe55 && ip6, action=allow-related, log=False, may_exist=True, severity=[], name=[], meter=[], external_ids={'neutron:security_group_rule_id': '10db4bb9-8704-45ff-8965-e163c569a2cc'}) {{(pid=101568) do_commit /opt/stack/data/venv/lib/python3.12/site-packages/ovsdbapp/backend/ovs_idl/transaction.py:91}}
Aug 31 07:29:21.341647 np0000191552 devstack@neutron-api.service[101568]: DEBUG ovsdbapp.backend.ovs_idl.transaction [-] Running txn 25a137be n=1 command(idx=2): PgAclAddCommand(_result=None, entity=pg_d516f420_0f86_4558_8042_aed26aecfe55, direction=to-lport, priority=1002, match=outport == @pg_d516f420_0f86_4558_8042_aed26aecfe55 && ip4 && ip4.src == $pg_d516f420_0f86_4558_8042_aed26aecfe55_ip4, action=allow-related, log=False, may_exist=True, severity=[], name=[], meter=[], external_ids={'neutron:security_group_rule_id': '4a3270a6-73ef-428f-ab33-c6a147f60c7c'}) {{(pid=101568) do_commit /opt/stack/data/venv/lib/python3.12/site-packages/ovsdbapp/backend/ovs_idl/transaction.py:91}}
Aug 31 07:29:21.341908 np0000191552 devstack@neutron-api.service[101568]: DEBUG ovsdbapp.backend.ovs_idl.transaction [-] Running txn 25a137be n=1 command(idx=3): PgAclAddCommand(_result=None, entity=pg_d516f420_0f86_4558_8042_aed26aecfe55, direction=from-lport, priority=1002, match=inport == @pg_d516f420_0f86_4558_8042_aed26aecfe55 && ip4, action=allow-related, log=False, may_exist=True, severity=[], name=[], meter=[], external_ids={'neutron:security_group_rule_id': '56efcf30-8dff-446a-884f-624fa12cece5'}) {{(pid=101568) do_commit /opt/stack/data/venv/lib/python3.12/site-packages/ovsdbapp/backend/ovs_idl/transaction.py:91}}
Aug 31 07:29:21.342084 np0000191552 devstack@neutron-api.service[101568]: DEBUG ovsdbapp.backend.ovs_idl.transaction [-] Running txn 25a137be n=1 command(idx=4): PgAclAddCommand(_result=None, entity=pg_d516f420_0f86_4558_8042_aed26aecfe55, direction=to-lport, priority=1002, match=outport == @pg_d516f420_0f86_4558_8042_aed26aecfe55 && ip6 && ip6.src == $pg_d516f420_0f86_4558_8042_aed26aecfe55_ip6, action=allow-related, log=False, may_exist=True, severity=[], name=[], meter=[], external_ids={'neutron:security_group_rule_id': '8e486a5d-7b6f-4f7b-b78e-3955c259306b'}) {{(pid=101568) do_commit /opt/stack/data/venv/lib/python3.12/site-packages/ovsdbapp/backend/ovs_idl/transaction.py:91}}
Aug 31 07:29:21.351354 np0000191552 devstack@neutron-api.service[101568]: DEBUG neutron.plugins.ml2.drivers.ovn.mech_driver.ovsdb.ovsdb_monitor [-] Hash Ring: Node 750670aec0d05c1bb5e0e035c31c63cb (host: np0000191552) handling event "create" for row 448da6b0-5c7c-4f9e-91c7-4fc57c84fa06 (table: ACL) {{(pid=101568) notify /opt/stack/neutron/neutron/plugins/ml2/drivers/ovn/mech_driver/ovsdb/ovsdb_monitor.py:1099}}
Aug 31 07:29:21.351354 np0000191552 devstack@neutron-api.service[101568]: DEBUG neutron.plugins.ml2.drivers.ovn.mech_driver.ovsdb.ovsdb_monitor [-] Hash Ring: Node 750670aec0d05c1bb5e0e035c31c63cb (host: np0000191552) handling event "create" for row dca590df-96dc-4f21-b4cf-c7e79ea9e378 (table: ACL) {{(pid=101568) notify /opt/stack/neutron/neutron/plugins/ml2/drivers/ovn/mech_driver/ovsdb/ovsdb_monitor.py:1099}}
Aug 31 07:29:21.351354 np0000191552 devstack@neutron-api.service[101568]: DEBUG neutron.plugins.ml2.drivers.ovn.mech_driver.ovsdb.ovsdb_monitor [-] Hash Ring: Node 750670aec0d05c1bb5e0e035c31c63cb (host: np0000191552) handling event "create" for row 7b8324f9-21a7-4b2a-9209-4fd000aec7cb (table: Port_Group) {{(pid=101568) notify /opt/stack/neutron/neutron/plugins/ml2/drivers/ovn/mech_driver/ovsdb/ovsdb_monitor.py:1099}}
Aug 31 07:29:21.351354 np0000191552 devstack@neutron-api.service[101568]: DEBUG ovsdbapp.backend.ovs_idl.transaction [-] txn 25a137be succeeded {{(pid=101568) do_commit /opt/stack/data/venv/lib/python3.12/site-packages/ovsdbapp/backend/ovs_idl/transaction.py:137}}
Aug 31 07:29:21.354726 np0000191552 devstack@neutron-api.service[101569]: DEBUG neutron.plugins.ml2.drivers.ovn.mech_driver.ovsdb.ovsdb_monitor [-] Hash Ring: Node 98da7b7d941c5ed09bc61f587080252f (host: np0000191552) handling event "create" for row 9012370e-60c1-4c38-a260-fa35babb9fd7 (table: ACL) {{(pid=101569) notify /opt/stack/neutron/neutron/plugins/ml2/drivers/ovn/mech_driver/ovsdb/ovsdb_monitor.py:1099}}
Aug 31 07:29:21.355996 np0000191552 devstack@neutron-api.service[101570]: DEBUG neutron.plugins.ml2.drivers.ovn.mech_driver.ovsdb.ovsdb_monitor [-] Hash Ring: Node d04d8117c0e25f41a3116a0b363cc13e (host: np0000191552) handling event "create" for row 448da6b0-5c7c-4f9e-91c7-4fc57c84fa06 (table: ACL) {{(pid=101570) notify /opt/stack/neutron/neutron/plugins/ml2/drivers/ovn/mech_driver/ovsdb/ovsdb_monitor.py:1099}}
Aug 31 07:29:21.356602 np0000191552 devstack@neutron-api.service[101570]: DEBUG neutron.plugins.ml2.drivers.ovn.mech_driver.ovsdb.ovsdb_monitor [-] Hash Ring: Node d04d8117c0e25f41a3116a0b363cc13e (host: np0000191552) handling event "create" for row 632bb05b-6232-46af-9c68-cf10384992f0 (table: ACL) {{(pid=101570) notify /opt/stack/neutron/neutron/plugins/ml2/drivers/ovn/mech_driver/ovsdb/ovsdb_monitor.py:1099}}
Aug 31 07:29:21.356764 np0000191552 devstack@neutron-api.service[101570]: DEBUG neutron.plugins.ml2.drivers.ovn.mech_driver.ovsdb.ovsdb_monitor [-] Hash Ring: Node d04d8117c0e25f41a3116a0b363cc13e (host: np0000191552) handling event "create" for row 9012370e-60c1-4c38-a260-fa35babb9fd7 (table: ACL) {{(pid=101570) notify /opt/stack/neutron/neutron/plugins/ml2/drivers/ovn/mech_driver/ovsdb/ovsdb_monitor.py:1099}}
Aug 31 07:29:21.357822 np0000191552 devstack@neutron-api.service[101570]: DEBUG neutron.plugins.ml2.drivers.ovn.mech_driver.ovsdb.ovsdb_monitor [-] Hash Ring: Node d04d8117c0e25f41a3116a0b363cc13e (host: np0000191552) handling event "create" for row dca590df-96dc-4f21-b4cf-c7e79ea9e378 (table: ACL) {{(pid=101570) notify /opt/stack/neutron/neutron/plugins/ml2/drivers/ovn/mech_driver/ovsdb/ovsdb_monitor.py:1099}}
Aug 31 07:29:21.358097 np0000191552 devstack@neutron-api.service[101570]: DEBUG neutron.plugins.ml2.drivers.ovn.mech_driver.ovsdb.ovsdb_monitor [-] Hash Ring: Node d04d8117c0e25f41a3116a0b363cc13e (host: np0000191552) handling event "create" for row 7b8324f9-21a7-4b2a-9209-4fd000aec7cb (table: Port_Group) {{(pid=101570) notify /opt/stack/neutron/neutron/plugins/ml2/drivers/ovn/mech_driver/ovsdb/ovsdb_monitor.py:1099}}
Aug 31 07:29:21.380385 np0000191552 devstack@neutron-api.service[101568]: INFO neutron.db.ovn_revision_numbers_db [None req-aaed4a60-8e63-4c9c-a034-19d8c79be0a6 admin admin] Successfully bumped revision number for resource d516f420-0f86-4558-8042-aed26aecfe55 (type: security_groups) to 1
Aug 31 07:29:21.396119 np0000191552 devstack@neutron-api.service[101568]: INFO neutron.db.ovn_revision_numbers_db [None req-aaed4a60-8e63-4c9c-a034-19d8c79be0a6 admin admin] Successfully bumped revision number for resource 10db4bb9-8704-45ff-8965-e163c569a2cc (type: security_group_rules) to 0
Aug 31 07:29:21.410041 np0000191552 devstack@neutron-api.service[101568]: INFO neutron.db.ovn_revision_numbers_db [None req-aaed4a60-8e63-4c9c-a034-19d8c79be0a6 admin admin] Successfully bumped revision number for resource 4a3270a6-73ef-428f-ab33-c6a147f60c7c (type: security_group_rules) to 0
Aug 31 07:29:21.427378 np0000191552 devstack@neutron-api.service[101568]: INFO neutron.db.ovn_revision_numbers_db [None req-aaed4a60-8e63-4c9c-a034-19d8c79be0a6 admin admin] Successfully bumped revision number for resource 56efcf30-8dff-446a-884f-624fa12cece5 (type: security_group_rules) to 0
Aug 31 07:29:21.442213 np0000191552 devstack@neutron-api.service[101568]: INFO neutron.db.ovn_revision_numbers_db [None req-aaed4a60-8e63-4c9c-a034-19d8c79be0a6 admin admin] Successfully bumped revision number for resource 8e486a5d-7b6f-4f7b-b78e-3955c259306b (type: security_group_rules) to 0
Aug 31 07:29:21.464719 np0000191552 devstack@neutron-api.service[101568]: DEBUG neutron.api.rpc.handlers.resources_rpc [None req-aaed4a60-8e63-4c9c-a034-19d8c79be0a6 admin admin] Pushing event updated for resources: {'SecurityGroup': ['ID=d516f420-0f86-4558-8042-aed26aecfe55,revision_number=1']} {{(pid=101568) push /opt/stack/neutron/neutron/api/rpc/handlers/resources_rpc.py:237}}
Aug 31 07:29:21.472637 np0000191552 devstack@neutron-api.service[101568]: DEBUG ovsdbapp.backend.ovs_idl.transaction [-] Running txn 1daf3fe6 n=1 command(idx=0): CheckLivenessCommand(_result=None) {{(pid=101568) do_commit /opt/stack/data/venv/lib/python3.12/site-packages/ovsdbapp/backend/ovs_idl/transaction.py:91}}
Aug 31 07:29:21.476326 np0000191552 devstack@neutron-api.service[101568]: DEBUG ovsdbapp.backend.ovs_idl.transaction [-] txn 1daf3fe6 succeeded {{(pid=101568) do_commit /opt/stack/data/venv/lib/python3.12/site-packages/ovsdbapp/backend/ovs_idl/transaction.py:137}}
Aug 31 07:29:21.476477 np0000191552 devstack@neutron-api.service[101570]: DEBUG neutron.plugins.ml2.drivers.ovn.mech_driver.ovsdb.ovsdb_monitor [-] Hash Ring: Node d04d8117c0e25f41a3116a0b363cc13e (host: np0000191552) handling event "update" for row 189928c9-972c-4d52-ae18-cfd2f7590eb4 (table: NB_Global) {{(pid=101570) notify /opt/stack/neutron/neutron/plugins/ml2/drivers/ovn/mech_driver/ovsdb/ovsdb_monitor.py:1099}}
Aug 31 07:29:21.478631 np0000191552 devstack@neutron-api.service[101570]: DEBUG neutron.plugins.ml2.drivers.ovn.mech_driver.ovsdb.ovsdb_monitor [-] Hash Ring: Node d04d8117c0e25f41a3116a0b363cc13e (host: np0000191552) handling event "update" for row 189928c9-972c-4d52-ae18-cfd2f7590eb4 (table: NB_Global) {{(pid=101570) notify /opt/stack/neutron/neutron/plugins/ml2/drivers/ovn/mech_driver/ovsdb/ovsdb_monitor.py:1099}}
Aug 31 07:29:21.479922 np0000191552 devstack@neutron-api.service[101568]: DEBUG neutron.api.rpc.callbacks.version_manager [None req-aaed4a60-8e63-4c9c-a034-19d8c79be0a6 admin admin] Tracked resource versions report:
Aug 31 07:29:21.479922 np0000191552 devstack@neutron-api.service[101568]: pushed versions:
Aug 31 07:29:21.479922 np0000191552 devstack@neutron-api.service[101568]: { 'AddressGroup': {'1.2'},
Aug 31 07:29:21.479922 np0000191552 devstack@neutron-api.service[101568]: 'Agent': {'1.1'},
Aug 31 07:29:21.479922 np0000191552 devstack@neutron-api.service[101568]: 'ConntrackHelper': {'1.0'},
Aug 31 07:29:21.479922 np0000191552 devstack@neutron-api.service[101568]: 'LocalIPAssociation': {'1.0'},
Aug 31 07:29:21.479922 np0000191552 devstack@neutron-api.service[101568]: 'Log': {'1.0'},
Aug 31 07:29:21.479922 np0000191552 devstack@neutron-api.service[101568]: 'NDPProxy': {'1.0'},
Aug 31 07:29:21.479922 np0000191552 devstack@neutron-api.service[101568]: 'Network': {'1.3'},
Aug 31 07:29:21.479922 np0000191552 devstack@neutron-api.service[101568]: 'Port': {'1.11'},
Aug 31 07:29:21.479922 np0000191552 devstack@neutron-api.service[101568]: 'PortForwarding': {'1.3'},
Aug 31 07:29:21.479922 np0000191552 devstack@neutron-api.service[101568]: 'QosPolicy': {'1.10'},
Aug 31 07:29:21.479922 np0000191552 devstack@neutron-api.service[101568]: 'SecurityGroup': {'1.6'},
Aug 31 07:29:21.479922 np0000191552 devstack@neutron-api.service[101568]: 'SecurityGroupRule': {'1.3'},
Aug 31 07:29:21.479922 np0000191552 devstack@neutron-api.service[101568]: 'SubPort': {'1.0'},
Aug 31 07:29:21.479922 np0000191552 devstack@neutron-api.service[101568]: 'Subnet': {'1.2'},
Aug 31 07:29:21.479922 np0000191552 devstack@neutron-api.service[101568]: 'Trunk': {'1.1'}}
Aug 31 07:29:21.479922 np0000191552 devstack@neutron-api.service[101568]: consumer versions:
Aug 31 07:29:21.479922 np0000191552 devstack@neutron-api.service[101568]: {}
Aug 31 07:29:21.479922 np0000191552 devstack@neutron-api.service[101568]: {{(pid=101568) report /opt/stack/neutron/neutron/api/rpc/callbacks/version_manager.py:183}}
Aug 31 07:29:21.482645 np0000191552 devstack@neutron-api.service[101570]: DEBUG ovsdbapp.backend.ovs_idl.event [-] Matched UPDATE: ChassisAgentWriteEvent(events=('create', 'update'), table='Chassis_Private', conditions=None, old_conditions=None), priority=20 to row=Chassis_Private(uuid=5f73db83-2900-42c0-b835-f927d9856688, chassis=72fa8db9-7c00-4d6e-b5ce-9e503ed6d0d8, external_ids={'neutron:ovn-bridge': 'br-int', 'neutron:ovn-neutron-agent-id': '04b87af0-53b7-54f6-958f-0737b185862a', 'neutron:ovn-neutron-agent-sb-cfg': '0'}, name='da2ae486-5199-430a-a6f5-5022986da805', nb_cfg=1, nb_cfg_timestamp=1788161361476) old=Chassis_Private(uuid=5f73db83-2900-42c0-b835-f927d9856688, nb_cfg=0, nb_cfg_timestamp=0) {{(pid=101570) matches /opt/stack/data/venv/lib/python3.12/site-packages/ovsdbapp/backend/ovs_idl/event.py:55}}
Aug 31 07:29:21.484496 np0000191552 devstack@neutron-api.service[101569]: DEBUG ovsdbapp.backend.ovs_idl.event [-] Matched UPDATE: ChassisAgentWriteEvent(events=('create', 'update'), table='Chassis_Private', conditions=None, old_conditions=None), priority=20 to row=Chassis_Private(uuid=5f73db83-2900-42c0-b835-f927d9856688, chassis=72fa8db9-7c00-4d6e-b5ce-9e503ed6d0d8, external_ids={'neutron:ovn-bridge': 'br-int', 'neutron:ovn-neutron-agent-id': '04b87af0-53b7-54f6-958f-0737b185862a', 'neutron:ovn-neutron-agent-sb-cfg': '0'}, name='da2ae486-5199-430a-a6f5-5022986da805', nb_cfg=1, nb_cfg_timestamp=1788161361476) old=Chassis_Private(uuid=5f73db83-2900-42c0-b835-f927d9856688, nb_cfg=0, nb_cfg_timestamp=0) {{(pid=101569) matches /opt/stack/data/venv/lib/python3.12/site-packages/ovsdbapp/backend/ovs_idl/event.py:55}}
Aug 31 07:29:21.485377 np0000191552 devstack@neutron-api.service[101567]: DEBUG ovsdbapp.backend.ovs_idl.event [-] Matched UPDATE: ChassisAgentWriteEvent(events=('create', 'update'), table='Chassis_Private', conditions=None, old_conditions=None), priority=20 to row=Chassis_Private(uuid=5f73db83-2900-42c0-b835-f927d9856688, chassis=72fa8db9-7c00-4d6e-b5ce-9e503ed6d0d8, external_ids={'neutron:ovn-bridge': 'br-int', 'neutron:ovn-neutron-agent-id': '04b87af0-53b7-54f6-958f-0737b185862a', 'neutron:ovn-neutron-agent-sb-cfg': '0'}, name='da2ae486-5199-430a-a6f5-5022986da805', nb_cfg=1, nb_cfg_timestamp=1788161361476) old=Chassis_Private(uuid=5f73db83-2900-42c0-b835-f927d9856688, nb_cfg=0, nb_cfg_timestamp=0) {{(pid=101567) matches /opt/stack/data/venv/lib/python3.12/site-packages/ovsdbapp/backend/ovs_idl/event.py:55}}
Aug 31 07:29:21.489613 np0000191552 devstack@neutron-api.service[101570]: DEBUG neutron.plugins.ml2.drivers.ovn.mech_driver.ovsdb.ovsdb_monitor [-] Hash Ring: Node d04d8117c0e25f41a3116a0b363cc13e (host: np0000191552) handling event "update" for row 189928c9-972c-4d52-ae18-cfd2f7590eb4 (table: NB_Global) {{(pid=101570) notify /opt/stack/neutron/neutron/plugins/ml2/drivers/ovn/mech_driver/ovsdb/ovsdb_monitor.py:1099}}
Aug 31 07:29:21.490671 np0000191552 devstack@neutron-api.service[101568]: DEBUG ovsdbapp.backend.ovs_idl.event [-] Matched UPDATE: ChassisAgentWriteEvent(events=('create', 'update'), table='Chassis_Private', conditions=None, old_conditions=None), priority=20 to row=Chassis_Private(uuid=5f73db83-2900-42c0-b835-f927d9856688, chassis=72fa8db9-7c00-4d6e-b5ce-9e503ed6d0d8, external_ids={'neutron:ovn-bridge': 'br-int', 'neutron:ovn-neutron-agent-id': '04b87af0-53b7-54f6-958f-0737b185862a', 'neutron:ovn-neutron-agent-sb-cfg': '0'}, name='da2ae486-5199-430a-a6f5-5022986da805', nb_cfg=1, nb_cfg_timestamp=1788161361476) old=Chassis_Private(uuid=5f73db83-2900-42c0-b835-f927d9856688, nb_cfg=0, nb_cfg_timestamp=0) {{(pid=101568) matches /opt/stack/data/venv/lib/python3.12/site-packages/ovsdbapp/backend/ovs_idl/event.py:55}}
Aug 31 07:29:21.491918 np0000191552 devstack@neutron-api.service[101568]: DEBUG neutron.plugins.ml2.drivers.ovn.mech_driver.ovsdb.ovsdb_monitor [-] Hash Ring: Node 750670aec0d05c1bb5e0e035c31c63cb (host: np0000191552) handling event "update" for row 5f73db83-2900-42c0-b835-f927d9856688 (table: Chassis_Private) {{(pid=101568) notify /opt/stack/neutron/neutron/plugins/ml2/drivers/ovn/mech_driver/ovsdb/ovsdb_monitor.py:1099}}
Aug 31 07:29:21.492058 np0000191552 devstack@neutron-api.service[101570]: DEBUG neutron.plugins.ml2.drivers.ovn.mech_driver.ovsdb.ovsdb_monitor [-] Hash Ring: Node d04d8117c0e25f41a3116a0b363cc13e (host: np0000191552) handling event "update" for row 189928c9-972c-4d52-ae18-cfd2f7590eb4 (table: NB_Global) {{(pid=101570) notify /opt/stack/neutron/neutron/plugins/ml2/drivers/ovn/mech_driver/ovsdb/ovsdb_monitor.py:1099}}
Aug 31 07:29:21.493616 np0000191552 devstack@neutron-api.service[101570]: DEBUG neutron.common.ovn.hash_ring_manager [-] Allow caching, nodes 4>=4 {{(pid=101570) _wait_startup_before_caching /opt/stack/neutron/neutron/common/ovn/hash_ring_manager.py:71}}
Aug 31 07:29:21.493823 np0000191552 devstack@neutron-api.service[101570]: DEBUG neutron.plugins.ml2.drivers.ovn.mech_driver.ovsdb.ovsdb_monitor [-] Hash Ring: Node d04d8117c0e25f41a3116a0b363cc13e (host: np0000191552) handling event "update" for row 5f73db83-2900-42c0-b835-f927d9856688 (table: Chassis_Private) {{(pid=101570) notify /opt/stack/neutron/neutron/plugins/ml2/drivers/ovn/mech_driver/ovsdb/ovsdb_monitor.py:1099}}
Aug 31 07:29:21.494302 np0000191552 devstack@neutron-api.service[101569]: DEBUG ovsdbapp.backend.ovs_idl.event [-] Matched UPDATE: ChassisOVNAgentWriteEvent(events=('create', 'update'), table='Chassis_Private', conditions=None, old_conditions=None), priority=20 to row=Chassis_Private(uuid=5f73db83-2900-42c0-b835-f927d9856688, chassis=72fa8db9-7c00-4d6e-b5ce-9e503ed6d0d8, external_ids={'neutron:ovn-bridge': 'br-int', 'neutron:ovn-neutron-agent-id': '04b87af0-53b7-54f6-958f-0737b185862a', 'neutron:ovn-neutron-agent-sb-cfg': '1'}, name='da2ae486-5199-430a-a6f5-5022986da805', nb_cfg=1, nb_cfg_timestamp=1788161361476) old=Chassis_Private(uuid=5f73db83-2900-42c0-b835-f927d9856688, external_ids={'neutron:ovn-bridge': 'br-int', 'neutron:ovn-neutron-agent-id': '04b87af0-53b7-54f6-958f-0737b185862a', 'neutron:ovn-neutron-agent-sb-cfg': '0'}) {{(pid=101569) matches /opt/stack/data/venv/lib/python3.12/site-packages/ovsdbapp/backend/ovs_idl/event.py:55}}
Aug 31 07:29:21.495018 np0000191552 devstack@neutron-api.service[101567]: DEBUG ovsdbapp.backend.ovs_idl.event [-] Matched UPDATE: ChassisOVNAgentWriteEvent(events=('create', 'update'), table='Chassis_Private', conditions=None, old_conditions=None), priority=20 to row=Chassis_Private(uuid=5f73db83-2900-42c0-b835-f927d9856688, chassis=72fa8db9-7c00-4d6e-b5ce-9e503ed6d0d8, external_ids={'neutron:ovn-bridge': 'br-int', 'neutron:ovn-neutron-agent-id': '04b87af0-53b7-54f6-958f-0737b185862a', 'neutron:ovn-neutron-agent-sb-cfg': '1'}, name='da2ae486-5199-430a-a6f5-5022986da805', nb_cfg=1, nb_cfg_timestamp=1788161361476) old=Chassis_Private(uuid=5f73db83-2900-42c0-b835-f927d9856688, external_ids={'neutron:ovn-bridge': 'br-int', 'neutron:ovn-neutron-agent-id': '04b87af0-53b7-54f6-958f-0737b185862a', 'neutron:ovn-neutron-agent-sb-cfg': '0'}) {{(pid=101567) matches /opt/stack/data/venv/lib/python3.12/site-packages/ovsdbapp/backend/ovs_idl/event.py:55}}
Aug 31 07:29:21.496385 np0000191552 devstack@neutron-api.service[101570]: DEBUG ovsdbapp.backend.ovs_idl.event [-] Matched UPDATE: ChassisOVNAgentWriteEvent(events=('create', 'update'), table='Chassis_Private', conditions=None, old_conditions=None), priority=20 to row=Chassis_Private(uuid=5f73db83-2900-42c0-b835-f927d9856688, chassis=72fa8db9-7c00-4d6e-b5ce-9e503ed6d0d8, external_ids={'neutron:ovn-bridge': 'br-int', 'neutron:ovn-neutron-agent-id': '04b87af0-53b7-54f6-958f-0737b185862a', 'neutron:ovn-neutron-agent-sb-cfg': '1'}, name='da2ae486-5199-430a-a6f5-5022986da805', nb_cfg=1, nb_cfg_timestamp=1788161361476) old=Chassis_Private(uuid=5f73db83-2900-42c0-b835-f927d9856688, external_ids={'neutron:ovn-bridge': 'br-int', 'neutron:ovn-neutron-agent-id': '04b87af0-53b7-54f6-958f-0737b185862a', 'neutron:ovn-neutron-agent-sb-cfg': '0'}) {{(pid=101570) matches /opt/stack/data/venv/lib/python3.12/site-packages/ovsdbapp/backend/ovs_idl/event.py:55}}
Aug 31 07:29:21.498884 np0000191552 devstack@neutron-api.service[101570]: DEBUG neutron.plugins.ml2.drivers.ovn.mech_driver.ovsdb.ovsdb_monitor [-] Hash Ring: Node d04d8117c0e25f41a3116a0b363cc13e (host: np0000191552) handling event "update" for row 5f73db83-2900-42c0-b835-f927d9856688 (table: Chassis_Private) {{(pid=101570) notify /opt/stack/neutron/neutron/plugins/ml2/drivers/ovn/mech_driver/ovsdb/ovsdb_monitor.py:1099}}
