2026-06-16 12:56:38.470 7 INFO neutron.db.ovn_revision_numbers_db [None req-905aac9b-1825-4acd-b18a-3ade94e581f4 - - - - - -] Successfully bumped revision number for resource 6cf5ceec-d51c-4748-b07b-29f71a7f25d5 (type: subnets) to 0 [pid: 7|app: 0|req: 1203/2501] 10.0.0.59 () {34 vars in 668 bytes} [Tue Jun 16 12:56:37 2026] POST /v2.0/subnets => generated 629 bytes in 1258 msecs (HTTP/1.1 201) 4 headers in 162 bytes (1 switches on core 0) [pid: 7|app: 0|req: 1204/2502] 10.0.0.59 () {32 vars in 739 bytes} [Tue Jun 16 12:56:38 2026] DELETE /v2.0/security-groups/4be523a0-1bf6-4108-9534-c9df4b6120ee => generated 0 bytes in 246 msecs (HTTP/1.1 204) 2 headers in 112 bytes (1 switches on core 0)
2026-06-16 12:56:38.814 7 INFO neutron.db.segments_db [None req-e444163f-1358-413a-a623-4ec1e1e8a8f6 260e0ae4782e41058048c18c521e71d8 e97aeab460b0474d9794b3d8ffd8dc26 - - default default] Added segment 097bcfba-d7a0-4323-ab05-da5350afe0e8 of type geneve for network 1fb479c9-934a-4d13-827b-dfcae8a3b9ce
2026-06-16 12:56:38.923 7 INFO neutron.db.ovn_revision_numbers_db [None req-e444163f-1358-413a-a623-4ec1e1e8a8f6 260e0ae4782e41058048c18c521e71d8 e97aeab460b0474d9794b3d8ffd8dc26 - - default default] Successfully bumped revision number for resource 1fb479c9-934a-4d13-827b-dfcae8a3b9ce (type: networks) to 1
2026-06-16 12:56:39.066 8 INFO neutron.plugins.ml2.drivers.ovn.mech_driver.ovsdb.commands [None req-bdee56b0-4e11-41ca-b3e2-a98f3d51ee81 - - - - - -] Schedule LRP lrp-ecac91dc-359f-48de-93ea-8c2c2345358c on gateway 4d7247ff-e12a-4b3e-bfe8-e8ba107de610 with priority 1
2026-06-16 12:56:39.123 8 INFO neutron.plugins.ml2.drivers.ovn.mech_driver.ovsdb.ovsdb_monitor [None req-5c3163f5-9a27-48b0-a4f2-e6b105488400 - - - - - -] Router 155c8f5a-a8b5-4c95-baf5-4318bc8a4534 is bound to host instance
2026-06-16 12:56:39.140 7 INFO neutron.plugins.ml2.drivers.ovn.mech_driver.mech_driver [None req-78bfd4c7-973f-4fb8-b3d2-7c0e3a2ab530 - - - - - -] OVN reports status up for port: ecac91dc-359f-48de-93ea-8c2c2345358c
2026-06-16 12:56:39.156 7 INFO neutron.plugins.ml2.plugin [None req-78bfd4c7-973f-4fb8-b3d2-7c0e3a2ab530 - - - - - -] Attempt 1 to provision port ecac91dc-359f-48de-93ea-8c2c2345358c
2026-06-16 12:56:39.170 8 INFO neutron.db.ovn_revision_numbers_db [None req-d5c69aa4-77e9-425c-bd93-bbc48da7c4d9 ffbf7eec280a4258a3e910ac81fd323d 143ce162cb64416fabd9c9ac73147931 - - default default] Successfully bumped revision number for resource ecac91dc-359f-48de-93ea-8c2c2345358c (type: router_ports) to 1
2026-06-16 12:56:39.176 7 WARNING neutron.scheduler.dhcp_agent_scheduler [None req-e444163f-1358-413a-a623-4ec1e1e8a8f6 260e0ae4782e41058048c18c521e71d8 e97aeab460b0474d9794b3d8ffd8dc26 - - default default] No more DHCP agents
2026-06-16 12:56:39.179 7 WARNING neutron.api.rpc.agentnotifiers.dhcp_rpc_agent_api [None req-e444163f-1358-413a-a623-4ec1e1e8a8f6 260e0ae4782e41058048c18c521e71d8 e97aeab460b0474d9794b3d8ffd8dc26 - - default default] Unable to schedule network 1fb479c9-934a-4d13-827b-dfcae8a3b9ce: no agents available; will retry on subsequent port and subnet creation events.
2026-06-16 12:56:39.291 7 INFO neutron.db.ovn_revision_numbers_db [None req-e444163f-1358-413a-a623-4ec1e1e8a8f6 260e0ae4782e41058048c18c521e71d8 e97aeab460b0474d9794b3d8ffd8dc26 - - default default] Successfully bumped revision number for resource b010105e-3fbb-40fe-a9e6-fded76150967 (type: ports) to 1
2026-06-16 12:56:39.295 8 INFO neutron.plugins.ml2.drivers.ovn.mech_driver.mech_driver [None req-79b00521-768c-402e-bb03-56fbb4fd9111 - - - - - -] OVN reports status down for port: b010105e-3fbb-40fe-a9e6-fded76150967 [pid: 7|app: 0|req: 1205/2503] 10.0.0.59 () {34 vars in 669 bytes} [Tue Jun 16 12:56:38 2026] POST /v2.0/networks => generated 650 bytes in 571 msecs (HTTP/1.1 201) 4 headers in 162 bytes (1 switches on core 0)
2026-06-16 12:56:39.350 8 INFO neutron.db.ovn_revision_numbers_db [None req-d5c69aa4-77e9-425c-bd93-bbc48da7c4d9 ffbf7eec280a4258a3e910ac81fd323d 143ce162cb64416fabd9c9ac73147931 - - default default] Successfully bumped revision number for resource 155c8f5a-a8b5-4c95-baf5-4318bc8a4534 (type: routers) to 2 [pid: 8|app: 0|req: 1299/2504] 10.0.0.59 () {34 vars in 668 bytes} [Tue Jun 16 12:56:37 2026] POST /v2.0/routers => generated 944 bytes in 1524 msecs (HTTP/1.1 201) 4 headers in 162 bytes (1 switches on core 0)
2026-06-16 12:56:39.455 7 INFO neutron.db.ovn_revision_numbers_db [None req-e74bb1ad-ab05-466b-84de-92b930382d92 80ac3f33aab54e149d19e3b69e7f5390 dca28c02e1e74653ae3fc216103007ca - - default default] Successfully bumped revision number for resource 58818750-6426-47fe-ac26-b9ead000f599 (type: security_groups) to 1
2026-06-16 12:56:39.466 7 INFO neutron.db.ovn_revision_numbers_db [None req-e74bb1ad-ab05-466b-84de-92b930382d92 80ac3f33aab54e149d19e3b69e7f5390 dca28c02e1e74653ae3fc216103007ca - - default default] Successfully bumped revision number for resource 1249cbb3-fd4d-4491-8062-fba3623ba5f2 (type: security_group_rules) to 0
2026-06-16 12:56:39.478 7 INFO neutron.db.ovn_revision_numbers_db [None req-e74bb1ad-ab05-466b-84de-92b930382d92 80ac3f33aab54e149d19e3b69e7f5390 dca28c02e1e74653ae3fc216103007ca - - default default] Successfully bumped revision number for resource 19e84acc-bc75-4f57-89b6-ed535d04a34f (type: security_group_rules) to 0
2026-06-16 12:56:39.488 7 INFO neutron.db.ovn_revision_numbers_db [None req-e74bb1ad-ab05-466b-84de-92b930382d92 80ac3f33aab54e149d19e3b69e7f5390 dca28c02e1e74653ae3fc216103007ca - - default default] Successfully bumped revision number for resource 2f566622-bf72-4e31-8696-17de96bcef7f (type: security_group_rules) to 0
2026-06-16 12:56:39.497 7 INFO neutron.db.ovn_revision_numbers_db [None req-e74bb1ad-ab05-466b-84de-92b930382d92 80ac3f33aab54e149d19e3b69e7f5390 dca28c02e1e74653ae3fc216103007ca - - default default] Successfully bumped revision number for resource b7d14c79-0f42-4171-b54b-c293b558e86f (type: security_group_rules) to 0 [pid: 7|app: 0|req: 1206/2505] 10.0.0.59 () {32 vars in 773 bytes} [Tue Jun 16 12:56:39 2026] GET /v2.0/security-groups?tenant_id=54ee2c03817943b38a24fd40e366037b&name=default => generated 2925 bytes in 223 msecs (HTTP/1.1 200) 4 headers in 158 bytes (1 switches on core 0)
2026-06-16 12:56:39.820 8 WARNING neutron.scheduler.dhcp_agent_scheduler [None req-5a1f6ee3-663b-438f-8413-344ff9aeea7e 260e0ae4782e41058048c18c521e71d8 e97aeab460b0474d9794b3d8ffd8dc26 - - default default] No more DHCP agents
2026-06-16 12:56:39.832 8 WARNING neutron.api.rpc.agentnotifiers.dhcp_rpc_agent_api [None req-5a1f6ee3-663b-438f-8413-344ff9aeea7e 260e0ae4782e41058048c18c521e71d8 e97aeab460b0474d9794b3d8ffd8dc26 - - default default] Unable to schedule network 1fb479c9-934a-4d13-827b-dfcae8a3b9ce: no agents available; will retry on subsequent port and subnet creation events.
2026-06-16 12:56:39.987 7 WARNING neutron.scheduler.dhcp_agent_scheduler [None req-dbde86b0-2635-44a3-92d4-0938c081cdfd ffbf7eec280a4258a3e910ac81fd323d 143ce162cb64416fabd9c9ac73147931 - - default default] No more DHCP agents
2026-06-16 12:56:39.988 7 WARNING neutron.api.rpc.agentnotifiers.dhcp_rpc_agent_api [None req-dbde86b0-2635-44a3-92d4-0938c081cdfd ffbf7eec280a4258a3e910ac81fd323d 143ce162cb64416fabd9c9ac73147931 - - default default] Unable to schedule network 93195269-ba76-40f1-b425-cacb60c9a030: no agents available; will retry on subsequent port and subnet creation events.
2026-06-16 12:56:40.141 7 INFO neutron.db.ovn_revision_numbers_db [None req-dbde86b0-2635-44a3-92d4-0938c081cdfd ffbf7eec280a4258a3e910ac81fd323d 143ce162cb64416fabd9c9ac73147931 - - default default] Successfully bumped revision number for resource 609cbe9d-7173-43ff-bb2c-eec69631359a (type: ports) to 1
2026-06-16 12:56:40.666 8 INFO neutron.db.ovn_revision_numbers_db [None req-c799369a-4bc7-4e7e-b50b-0654fdd78fd2 - - - - - -] Successfully bumped revision number for resource ecac91dc-359f-48de-93ea-8c2c2345358c (type: ports) to 4
2026-06-16 12:56:40.696 8 INFO neutron.db.ovn_revision_numbers_db [None req-4efd1ae2-0bad-463a-b4cd-d6363adbcd78 - - - - - -] Successfully bumped revision number for resource b010105e-3fbb-40fe-a9e6-fded76150967 (type: ports) to 2
2026-06-16 12:56:40.783 8 INFO neutron.db.ovn_revision_numbers_db [None req-4efd1ae2-0bad-463a-b4cd-d6363adbcd78 - - - - - -] Successfully bumped revision number for resource e3055a41-5585-4c1f-beda-9621c12c5eed (type: subnets) to 0 [pid: 8|app: 0|req: 1300/2506] 10.0.0.59 () {34 vars in 668 bytes} [Tue Jun 16 12:56:39 2026] POST /v2.0/subnets => generated 629 bytes in 1433 msecs (HTTP/1.1 201) 4 headers in 162 bytes (1 switches on core 0)
2026-06-16 12:56:40.887 7 WARNING neutron.scheduler.dhcp_agent_scheduler [None req-dbde86b0-2635-44a3-92d4-0938c081cdfd ffbf7eec280a4258a3e910ac81fd323d 143ce162cb64416fabd9c9ac73147931 - - default default] No more DHCP agents
2026-06-16 12:56:40.888 7 WARNING neutron.api.rpc.agentnotifiers.dhcp_rpc_agent_api [None req-dbde86b0-2635-44a3-92d4-0938c081cdfd ffbf7eec280a4258a3e910ac81fd323d 143ce162cb64416fabd9c9ac73147931 - - default default] Unable to schedule network 93195269-ba76-40f1-b425-cacb60c9a030: no agents available; will retry on subsequent port and subnet creation events. [pid: 8|app: 0|req: 1301/2507] 10.0.0.59 () {32 vars in 739 bytes} [Tue Jun 16 12:56:40 2026] DELETE /v2.0/security-groups/58818750-6426-47fe-ac26-b9ead000f599 => generated 0 bytes in 490 msecs (HTTP/1.1 204) 2 headers in 112 bytes (1 switches on core 0)
2026-06-16 12:56:41.351 8 INFO neutron.db.ovn_revision_numbers_db [None req-c799369a-4bc7-4e7e-b50b-0654fdd78fd2 - - - - - -] Successfully bumped revision number for resource ecac91dc-359f-48de-93ea-8c2c2345358c (type: ports) to 5
2026-06-16 12:56:41.367 7 INFO neutron.db.ovn_revision_numbers_db [None req-dbde86b0-2635-44a3-92d4-0938c081cdfd ffbf7eec280a4258a3e910ac81fd323d 143ce162cb64416fabd9c9ac73147931 - - default default] Successfully bumped revision number for resource 609cbe9d-7173-43ff-bb2c-eec69631359a (type: router_ports) to 1 [pid: 7|app: 0|req: 1207/2508] 10.0.0.59 () {34 vars in 782 bytes} [Tue Jun 16 12:56:39 2026] PUT /v2.0/routers/155c8f5a-a8b5-4c95-baf5-4318bc8a4534/add_router_interface => generated 309 bytes in 1839 msecs (HTTP/1.1 200) 4 headers in 157 bytes (1 switches on core 0)
2026-06-16 12:56:41.444 8 INFO neutron.db.segments_db [None req-e9545aff-82a0-4f30-ad0f-ad3dda56dc97 260e0ae4782e41058048c18c521e71d8 e97aeab460b0474d9794b3d8ffd8dc26 - - default default] Added segment b1974e1c-e243-46b7-b91f-a6e053ab381a of type geneve for network 4b38fd45-0013-496d-a494-a66b86cd643a
2026-06-16 12:56:41.596 8 INFO neutron.db.ovn_revision_numbers_db [None req-e9545aff-82a0-4f30-ad0f-ad3dda56dc97 260e0ae4782e41058048c18c521e71d8 e97aeab460b0474d9794b3d8ffd8dc26 - - default default] Successfully bumped revision number for resource 4b38fd45-0013-496d-a494-a66b86cd643a (type: networks) to 1
2026-06-16 12:56:41.782 8 WARNING neutron.scheduler.dhcp_agent_scheduler [None req-e9545aff-82a0-4f30-ad0f-ad3dda56dc97 260e0ae4782e41058048c18c521e71d8 e97aeab460b0474d9794b3d8ffd8dc26 - - default default] No more DHCP agents
2026-06-16 12:56:41.784 8 WARNING neutron.api.rpc.agentnotifiers.dhcp_rpc_agent_api [None req-e9545aff-82a0-4f30-ad0f-ad3dda56dc97 260e0ae4782e41058048c18c521e71d8 e97aeab460b0474d9794b3d8ffd8dc26 - - default default] Unable to schedule network 4b38fd45-0013-496d-a494-a66b86cd643a: no agents available; will retry on subsequent port and subnet creation events.
2026-06-16 12:56:41.879 8 INFO neutron.db.ovn_revision_numbers_db [None req-e9545aff-82a0-4f30-ad0f-ad3dda56dc97 260e0ae4782e41058048c18c521e71d8 e97aeab460b0474d9794b3d8ffd8dc26 - - default default] Successfully bumped revision number for resource 9586453a-104d-49c2-9a57-20208a30a93b (type: ports) to 1 [pid: 8|app: 0|req: 1302/2509] 10.0.0.59 () {34 vars in 669 bytes} [Tue Jun 16 12:56:41 2026] POST /v2.0/networks => generated 650 bytes in 590 msecs (HTTP/1.1 201) 4 headers in 162 bytes (1 switches on core 0)
2026-06-16 12:56:41.920 7 WARNING neutron.scheduler.dhcp_agent_scheduler [None req-a046a0a7-6d80-45bd-a78d-67b022dcd705 ffbf7eec280a4258a3e910ac81fd323d 143ce162cb64416fabd9c9ac73147931 - - default default] No more DHCP agents
2026-06-16 12:56:41.922 7 WARNING neutron.api.rpc.agentnotifiers.dhcp_rpc_agent_api [None req-a046a0a7-6d80-45bd-a78d-67b022dcd705 ffbf7eec280a4258a3e910ac81fd323d 143ce162cb64416fabd9c9ac73147931 - - default default] Unable to schedule network 3eed0855-206d-4e1d-9c61-6e5f8a729854: no agents available; will retry on subsequent port and subnet creation events.
2026-06-16 12:56:42.067 7 INFO neutron.db.ovn_revision_numbers_db [None req-a046a0a7-6d80-45bd-a78d-67b022dcd705 ffbf7eec280a4258a3e910ac81fd323d 143ce162cb64416fabd9c9ac73147931 - - default default] Successfully bumped revision number for resource 3aa0c7f5-7c4e-477d-b4d0-52e13b9eb83b (type: ports) to 1
2026-06-16 12:56:42.069 8 INFO neutron.plugins.ml2.drivers.ovn.mech_driver.mech_driver [None req-79b00521-768c-402e-bb03-56fbb4fd9111 - - - - - -] OVN reports status down for port: 3aa0c7f5-7c4e-477d-b4d0-52e13b9eb83b
2026-06-16 12:56:42.150 7 INFO neutron.plugins.ml2.drivers.ovn.mech_driver.mech_driver [None req-78bfd4c7-973f-4fb8-b3d2-7c0e3a2ab530 - - - - - -] OVN reports status down for port: 609cbe9d-7173-43ff-bb2c-eec69631359a
2026-06-16 12:56:42.210 8 WARNING neutron.scheduler.dhcp_agent_scheduler [None req-7de2f517-0c3e-4210-9abe-99904ddc4799 260e0ae4782e41058048c18c521e71d8 e97aeab460b0474d9794b3d8ffd8dc26 - - default default] No more DHCP agents
2026-06-16 12:56:42.212 8 WARNING neutron.api.rpc.agentnotifiers.dhcp_rpc_agent_api [None req-7de2f517-0c3e-4210-9abe-99904ddc4799 260e0ae4782e41058048c18c521e71d8 e97aeab460b0474d9794b3d8ffd8dc26 - - default default] Unable to schedule network 4b38fd45-0013-496d-a494-a66b86cd643a: no agents available; will retry on subsequent port and subnet creation events.
2026-06-16 12:56:42.274 7 WARNING neutron.plugins.ml2.drivers.ovn.mech_driver.ovsdb.ovn_client [None req-78bfd4c7-973f-4fb8-b3d2-7c0e3a2ab530 - - - - - -] Logical_Switch_Port %s host information not removed, the port state is up
2026-06-16 12:56:42.276 7 INFO neutron.plugins.ml2.drivers.ovn.mech_driver.mech_driver [None req-78bfd4c7-973f-4fb8-b3d2-7c0e3a2ab530 - - - - - -] OVN reports status up for port: 609cbe9d-7173-43ff-bb2c-eec69631359a
2026-06-16 12:56:42.307 7 INFO neutron.plugins.ml2.plugin [None req-78bfd4c7-973f-4fb8-b3d2-7c0e3a2ab530 - - - - - -] Attempt 1 to provision port 609cbe9d-7173-43ff-bb2c-eec69631359a
2026-06-16 12:56:42.644 8 INFO neutron.db.ovn_revision_numbers_db [None req-648ee6d1-73b2-401c-a9df-de655440b0b5 - - - - - -] Successfully bumped revision number for resource 9586453a-104d-49c2-9a57-20208a30a93b (type: ports) to 2
2026-06-16 12:56:42.667 8 INFO neutron.db.ovn_revision_numbers_db [None req-648ee6d1-73b2-401c-a9df-de655440b0b5 - - - - - -] Successfully bumped revision number for resource e79983ef-1bb3-4dab-8b0a-3e1feeeffe8e (type: subnets) to 0 [pid: 8|app: 0|req: 1303/2510] 10.0.0.59 () {34 vars in 668 bytes} [Tue Jun 16 12:56:41 2026] POST /v2.0/subnets => generated 629 bytes in 768 msecs (HTTP/1.1 201) 4 headers in 162 bytes (1 switches on core 0) [pid: 8|app: 0|req: 1304/2511] 10.0.0.59 () {34 vars in 750 bytes} [Tue Jun 16 12:56:42 2026] PUT /v2.0/subnets/2a8b663d-25a0-44a7-9c78-c73193263767/tags => generated 17 bytes in 53 msecs (HTTP/1.1 200) 4 headers in 156 bytes (1 switches on core 0) [pid: 8|app: 0|req: 1305/2512] 10.0.0.59 () {34 vars in 750 bytes} [Tue Jun 16 12:56:42 2026] PUT /v2.0/subnets/4405ff40-d71d-4d4d-886e-06304865efb5/tags => generated 25 bytes in 44 msecs (HTTP/1.1 200) 4 headers in 156 bytes (1 switches on core 0) [pid: 8|app: 0|req: 1306/2513] 10.0.0.59 () {34 vars in 750 bytes} [Tue Jun 16 12:56:42 2026] PUT /v2.0/subnets/6cf5ceec-d51c-4748-b07b-29f71a7f25d5/tags => generated 34 bytes in 51 msecs (HTTP/1.1 200) 4 headers in 156 bytes (1 switches on core 0) [pid: 8|app: 0|req: 1307/2514] 10.0.0.59 () {34 vars in 750 bytes} [Tue Jun 16 12:56:42 2026] PUT /v2.0/subnets/e3055a41-5585-4c1f-beda-9621c12c5eed/tags => generated 19 bytes in 58 msecs (HTTP/1.1 200) 4 headers in 156 bytes (1 switches on core 0) [pid: 8|app: 0|req: 1308/2515] 10.0.0.59 () {32 vars in 663 bytes} [Tue Jun 16 12:56:42 2026] GET /v2.0/subnets?tags=red => generated 1904 bytes in 54 msecs (HTTP/1.1 200) 4 headers in 158 bytes (1 switches on core 0) [pid: 8|app: 0|req: 1309/2516] 10.0.0.59 () {32 vars in 677 bytes} [Tue Jun 16 12:56:42 2026] GET /v2.0/subnets?tags=red%2Cblue => generated 1283 bytes in 40 msecs (HTTP/1.1 200) 4 headers in 158 bytes (1 switches on core 0) [pid: 8|app: 0|req: 1310/2517] 10.0.0.59 () {32 vars in 673 bytes} [Tue Jun 16 12:56:43 2026] GET /v2.0/subnets?tags-any=blue => generated 1283 bytes in 39 msecs (HTTP/1.1 200) 4 headers in 158 bytes (1 switches on core 0)
2026-06-16 12:56:43.069 7 INFO neutron.db.ovn_revision_numbers_db [None req-78bfd4c7-973f-4fb8-b3d2-7c0e3a2ab530 - - - - - -] Successfully bumped revision number for resource 609cbe9d-7173-43ff-bb2c-eec69631359a (type: ports) to 2 [pid: 8|app: 0|req: 1311/2518] 10.0.0.59 () {32 vars in 685 bytes} [Tue Jun 16 12:56:43 2026] GET /v2.0/subnets?tags-any=red%2Cblue => generated 1904 bytes in 33 msecs (HTTP/1.1 200) 4 headers in 158 bytes (1 switches on core 0)
2026-06-16 12:56:43.301 7 WARNING neutron.scheduler.dhcp_agent_scheduler [None req-a046a0a7-6d80-45bd-a78d-67b022dcd705 ffbf7eec280a4258a3e910ac81fd323d 143ce162cb64416fabd9c9ac73147931 - - default default] No more DHCP agents
2026-06-16 12:56:43.303 7 WARNING neutron.api.rpc.agentnotifiers.dhcp_rpc_agent_api [None req-a046a0a7-6d80-45bd-a78d-67b022dcd705 ffbf7eec280a4258a3e910ac81fd323d 143ce162cb64416fabd9c9ac73147931 - - default default] Unable to schedule network 3eed0855-206d-4e1d-9c61-6e5f8a729854: no agents available; will retry on subsequent port and subnet creation events.
2026-06-16 12:56:43.677 7 INFO neutron.db.ovn_revision_numbers_db [None req-a046a0a7-6d80-45bd-a78d-67b022dcd705 ffbf7eec280a4258a3e910ac81fd323d 143ce162cb64416fabd9c9ac73147931 - - default default] Successfully bumped revision number for resource 3aa0c7f5-7c4e-477d-b4d0-52e13b9eb83b (type: router_ports) to 1
2026-06-16 12:56:43.677 8 INFO neutron.plugins.ml2.drivers.ovn.mech_driver.mech_driver [None req-79b00521-768c-402e-bb03-56fbb4fd9111 - - - - - -] OVN reports status up for port: 3aa0c7f5-7c4e-477d-b4d0-52e13b9eb83b [pid: 7|app: 0|req: 1208/2519] 10.0.0.59 () {34 vars in 782 bytes} [Tue Jun 16 12:56:41 2026] PUT /v2.0/routers/155c8f5a-a8b5-4c95-baf5-4318bc8a4534/add_router_interface => generated 309 bytes in 2300 msecs (HTTP/1.1 200) 4 headers in 157 bytes (1 switches on core 0) [pid: 8|app: 0|req: 1312/2520] 10.0.0.59 () {32 vars in 671 bytes} [Tue Jun 16 12:56:43 2026] GET /v2.0/subnets?not-tags=red => generated 1894 bytes in 582 msecs (HTTP/1.1 200) 4 headers in 158 bytes (1 switches on core 0) [pid: 8|app: 0|req: 1313/2521] 10.0.0.59 () {32 vars in 685 bytes} [Tue Jun 16 12:56:43 2026] GET /v2.0/subnets?not-tags=red%2Cblue => generated 2515 bytes in 93 msecs (HTTP/1.1 200) 4 headers in 158 bytes (1 switches on core 0)
2026-06-16 12:56:43.839 8 INFO neutron.plugins.ml2.plugin [None req-79b00521-768c-402e-bb03-56fbb4fd9111 - - - - - -] Attempt 1 to provision port 3aa0c7f5-7c4e-477d-b4d0-52e13b9eb83b [pid: 8|app: 0|req: 1314/2522] 10.0.0.59 () {32 vars in 681 bytes} [Tue Jun 16 12:56:43 2026] GET /v2.0/subnets?not-tags-any=blue => generated 2515 bytes in 65 msecs (HTTP/1.1 200) 4 headers in 158 bytes (1 switches on core 0) [pid: 8|app: 0|req: 1315/2523] 10.0.0.59 () {32 vars in 693 bytes} [Tue Jun 16 12:56:43 2026] GET /v2.0/subnets?not-tags-any=red%2Cblue => generated 1894 bytes in 68 msecs (HTTP/1.1 200) 4 headers in 158 bytes (1 switches on core 0) [pid: 8|app: 0|req: 1316/2524] 10.0.0.59 () {32 vars in 723 bytes} [Tue Jun 16 12:56:43 2026] DELETE /v2.0/subnets/2a8b663d-25a0-44a7-9c78-c73193263767 => generated 0 bytes in 300 msecs (HTTP/1.1 204) 3 headers in 131 bytes (1 switches on core 0)
2026-06-16 12:56:44.281 7 WARNING neutron.scheduler.dhcp_agent_scheduler [None req-e351b2fe-8fff-4db1-bb7f-549466fc62b5 ffbf7eec280a4258a3e910ac81fd323d 143ce162cb64416fabd9c9ac73147931 - - default default] No more DHCP agents
2026-06-16 12:56:44.283 7 WARNING neutron.api.rpc.agentnotifiers.dhcp_rpc_agent_api [None req-e351b2fe-8fff-4db1-bb7f-549466fc62b5 ffbf7eec280a4258a3e910ac81fd323d 143ce162cb64416fabd9c9ac73147931 - - default default] Unable to schedule network e50d4879-8159-4b0f-bc68-eb252beb75ca: no agents available; will retry on subsequent port and subnet creation events.
2026-06-16 12:56:44.433 7 INFO neutron.db.ovn_revision_numbers_db [None req-e351b2fe-8fff-4db1-bb7f-549466fc62b5 ffbf7eec280a4258a3e910ac81fd323d 143ce162cb64416fabd9c9ac73147931 - - default default] Successfully bumped revision number for resource 3e554f16-3408-4469-89d7-b8dff480d50b (type: ports) to 1
2026-06-16 12:56:44.631 8 INFO neutron.db.ovn_revision_numbers_db [None req-79b00521-768c-402e-bb03-56fbb4fd9111 - - - - - -] Successfully bumped revision number for resource 3aa0c7f5-7c4e-477d-b4d0-52e13b9eb83b (type: ports) to 2 [pid: 8|app: 0|req: 1317/2525] 10.0.0.59 () {32 vars in 723 bytes} [Tue Jun 16 12:56:44 2026] DELETE /v2.0/subnets/4405ff40-d71d-4d4d-886e-06304865efb5 => generated 0 bytes in 422 msecs (HTTP/1.1 204) 3 headers in 131 bytes (1 switches on core 0) [pid: 8|app: 0|req: 1318/2526] 10.0.0.59 () {32 vars in 723 bytes} [Tue Jun 16 12:56:44 2026] DELETE /v2.0/subnets/6cf5ceec-d51c-4748-b07b-29f71a7f25d5 => generated 0 bytes in 237 msecs (HTTP/1.1 204) 3 headers in 131 bytes (1 switches on core 0) [pid: 8|app: 0|req: 1319/2527] 10.0.0.59 () {32 vars in 723 bytes} [Tue Jun 16 12:56:44 2026] DELETE /v2.0/subnets/e3055a41-5585-4c1f-beda-9621c12c5eed => generated 0 bytes in 192 msecs (HTTP/1.1 204) 3 headers in 131 bytes (1 switches on core 0)
2026-06-16 12:56:45.239 7 WARNING neutron.scheduler.dhcp_agent_scheduler [None req-e351b2fe-8fff-4db1-bb7f-549466fc62b5 ffbf7eec280a4258a3e910ac81fd323d 143ce162cb64416fabd9c9ac73147931 - - default default] No more DHCP agents
2026-06-16 12:56:45.240 7 WARNING neutron.api.rpc.agentnotifiers.dhcp_rpc_agent_api [None req-e351b2fe-8fff-4db1-bb7f-549466fc62b5 ffbf7eec280a4258a3e910ac81fd323d 143ce162cb64416fabd9c9ac73147931 - - default default] Unable to schedule network e50d4879-8159-4b0f-bc68-eb252beb75ca: no agents available; will retry on subsequent port and subnet creation events. [pid: 8|app: 0|req: 1320/2528] 10.0.0.59 () {32 vars in 723 bytes} [Tue Jun 16 12:56:45 2026] DELETE /v2.0/subnets/e79983ef-1bb3-4dab-8b0a-3e1feeeffe8e => generated 0 bytes in 153 msecs (HTTP/1.1 204) 3 headers in 131 bytes (1 switches on core 0)
2026-06-16 12:56:45.376 8 INFO neutron_taas.services.taas.taas_plugin [None req-a63796f0-b7f5-4336-9f5f-d41fb920761c 260e0ae4782e41058048c18c521e71d8 e97aeab460b0474d9794b3d8ffd8dc26 - - default default] TaaS: Handle Delete Port: ccc92efc-685b-41f0-bb87-2e53bc26f708
2026-06-16 12:56:45.380 8 INFO neutron_taas.services.taas.tap_mirror_plugin [None req-a63796f0-b7f5-4336-9f5f-d41fb920761c 260e0ae4782e41058048c18c521e71d8 e97aeab460b0474d9794b3d8ffd8dc26 - - default default] Tap Mirror: Handle Delete Port: ccc92efc-685b-41f0-bb87-2e53bc26f708
2026-06-16 12:56:45.568 8 INFO neutron.services.segments.plugin [-] Segment 67faab98-1692-4af3-bdc3-4946d7aeb8ba resource provider aggregate not found
2026-06-16 12:56:45.574 8 INFO neutron.services.segments.plugin [-] Segment 67faab98-1692-4af3-bdc3-4946d7aeb8ba resource provider aggregate not found
2026-06-16 12:56:45.584 8 INFO neutron.services.segments.plugin [-] Segment 67faab98-1692-4af3-bdc3-4946d7aeb8ba resource provider not found; error: Placement Client Error (4xx): {"errors": [{"status": 404, "title": "Not Found", "detail": "The resource could not be found.\n\n No resource provider with uuid 67faab98-1692-4af3-bdc3-4946d7aeb8ba found for delete ", "request_id": "req-44b61800-7e2b-49d0-b494-279d2f2ee2d2"}]}
2026-06-16 12:56:45.593 8 INFO neutron.services.segments.plugin [-] Segment 67faab98-1692-4af3-bdc3-4946d7aeb8ba resource provider not found; error: Placement Client Error (4xx): {"errors": [{"status": 404, "title": "Not Found", "detail": "The resource could not be found.\n\n No resource provider with uuid 67faab98-1692-4af3-bdc3-4946d7aeb8ba found for delete ", "request_id": "req-88be9260-c1ca-4254-a14f-110ce47eb8fc"}]} [pid: 8|app: 0|req: 1321/2529] 10.0.0.59 () {32 vars in 725 bytes} [Tue Jun 16 12:56:45 2026] DELETE /v2.0/networks/53f66e0f-5da8-4076-9fd2-7fe849295710 => generated 0 bytes in 351 msecs (HTTP/1.1 204) 3 headers in 131 bytes (1 switches on core 0)
2026-06-16 12:56:45.673 7 INFO neutron.db.ovn_revision_numbers_db [None req-e351b2fe-8fff-4db1-bb7f-549466fc62b5 ffbf7eec280a4258a3e910ac81fd323d 143ce162cb64416fabd9c9ac73147931 - - default default] Successfully bumped revision number for resource 3e554f16-3408-4469-89d7-b8dff480d50b (type: router_ports) to 1 [pid: 7|app: 0|req: 1209/2530] 10.0.0.59 () {34 vars in 782 bytes} [Tue Jun 16 12:56:43 2026] PUT /v2.0/routers/155c8f5a-a8b5-4c95-baf5-4318bc8a4534/add_router_interface => generated 309 bytes in 1991 msecs (HTTP/1.1 200) 4 headers in 157 bytes (1 switches on core 0)
2026-06-16 12:56:45.768 7 INFO neutron_taas.services.taas.taas_plugin [None req-8ff4307b-a982-4a22-8528-ce1f7ad988be 260e0ae4782e41058048c18c521e71d8 e97aeab460b0474d9794b3d8ffd8dc26 - - default default] TaaS: Handle Delete Port: ce94371b-0ed3-4ae1-bf9a-dee885691ac2
2026-06-16 12:56:45.770 7 INFO neutron_taas.services.taas.tap_mirror_plugin [None req-8ff4307b-a982-4a22-8528-ce1f7ad988be 260e0ae4782e41058048c18c521e71d8 e97aeab460b0474d9794b3d8ffd8dc26 - - default default] Tap Mirror: Handle Delete Port: ce94371b-0ed3-4ae1-bf9a-dee885691ac2
2026-06-16 12:56:45.931 7 INFO neutron.services.segments.plugin [-] Segment 61a269c3-314e-42d4-8bcd-5ef164e5d91d resource provider aggregate not found
2026-06-16 12:56:45.944 7 INFO neutron.services.segments.plugin [-] Segment 61a269c3-314e-42d4-8bcd-5ef164e5d91d resource provider aggregate not found
2026-06-16 12:56:45.955 7 INFO neutron.services.segments.plugin [-] Segment 61a269c3-314e-42d4-8bcd-5ef164e5d91d resource provider not found; error: Placement Client Error (4xx): {"errors": [{"status": 404, "title": "Not Found", "detail": "The resource could not be found.\n\n No resource provider with uuid 61a269c3-314e-42d4-8bcd-5ef164e5d91d found for delete ", "request_id": "req-394f52e9-ac4a-49bb-b851-b5dbbf125f33"}]}
2026-06-16 12:56:45.971 7 INFO neutron.services.segments.plugin [-] Segment 61a269c3-314e-42d4-8bcd-5ef164e5d91d resource provider not found; error: Placement Client Error (4xx): {"errors": [{"status": 404, "title": "Not Found", "detail": "The resource could not be found.\n\n No resource provider with uuid 61a269c3-314e-42d4-8bcd-5ef164e5d91d found for delete ", "request_id": "req-781df027-fd44-4592-b294-58d8237c9b31"}]}
2026-06-16 12:56:45.989 8 WARNING neutron.scheduler.dhcp_agent_scheduler [None req-e375db0e-ded1-466e-8689-c4cf0257bddd 9c87893a0e2c4b21b66c58f9ce0687cf 189ab8cfe968423ba17a9b8f85ccfcf9 - - default default] No more DHCP agents
2026-06-16 12:56:45.991 8 WARNING neutron.api.rpc.agentnotifiers.dhcp_rpc_agent_api [None req-e375db0e-ded1-466e-8689-c4cf0257bddd 9c87893a0e2c4b21b66c58f9ce0687cf 189ab8cfe968423ba17a9b8f85ccfcf9 - - default default] Unable to schedule network acde96ef-e323-4d7c-a77e-c999b61a0815: no agents available; will retry on subsequent port and subnet creation events. [pid: 7|app: 0|req: 1210/2531] 10.0.0.59 () {32 vars in 725 bytes} [Tue Jun 16 12:56:45 2026] DELETE /v2.0/networks/e60ca8f6-cc48-465f-b691-0c8474fbbafd => generated 0 bytes in 321 msecs (HTTP/1.1 204) 3 headers in 131 bytes (1 switches on core 0)
2026-06-16 12:56:46.110 7 INFO neutron.db.ovn_revision_numbers_db [None req-a353b255-ac3e-4640-b22e-9c5280aab602 ffbf7eec280a4258a3e910ac81fd323d 143ce162cb64416fabd9c9ac73147931 - - default default] Successfully bumped revision number for resource 86afca7e-99ac-4c5b-9726-dc68f5400498 (type: security_groups) to 1
2026-06-16 12:56:46.121 7 INFO neutron.db.ovn_revision_numbers_db [None req-a353b255-ac3e-4640-b22e-9c5280aab602 ffbf7eec280a4258a3e910ac81fd323d 143ce162cb64416fabd9c9ac73147931 - - default default] Successfully bumped revision number for resource 097c044a-9b20-49b3-ab1a-568a5d2ceff3 (type: security_group_rules) to 0
2026-06-16 12:56:46.131 7 INFO neutron.db.ovn_revision_numbers_db [None req-a353b255-ac3e-4640-b22e-9c5280aab602 ffbf7eec280a4258a3e910ac81fd323d 143ce162cb64416fabd9c9ac73147931 - - default default] Successfully bumped revision number for resource ffc1e21c-c4d0-4621-8054-4bd6f58883a2 (type: security_group_rules) to 0 [pid: 7|app: 0|req: 1211/2532] 10.0.0.59 () {34 vars in 683 bytes} [Tue Jun 16 12:56:46 2026] POST /v2.0/security-groups => generated 1628 bytes in 166 msecs (HTTP/1.1 201) 4 headers in 163 bytes (1 switches on core 0)
2026-06-16 12:56:46.262 7 INFO neutron_taas.services.taas.taas_plugin [None req-2e1a196e-06da-4c0d-abe6-762486da6e40 260e0ae4782e41058048c18c521e71d8 e97aeab460b0474d9794b3d8ffd8dc26 - - default default] TaaS: Handle Delete Port: 69e9ad7b-e1ed-4ef5-8182-e92a8f18babe
2026-06-16 12:56:46.265 7 INFO neutron_taas.services.taas.tap_mirror_plugin [None req-2e1a196e-06da-4c0d-abe6-762486da6e40 260e0ae4782e41058048c18c521e71d8 e97aeab460b0474d9794b3d8ffd8dc26 - - default default] Tap Mirror: Handle Delete Port: 69e9ad7b-e1ed-4ef5-8182-e92a8f18babe [pid: 8|app: 0|req: 1322/2533] 10.0.0.59 () {34 vars in 675 bytes} [Tue Jun 16 12:56:45 2026] POST /v2.0/floatingips => generated 552 bytes in 663 msecs (HTTP/1.1 201) 4 headers in 162 bytes (1 switches on core 0)
2026-06-16 12:56:46.397 8 INFO neutron.db.ovn_revision_numbers_db [None req-e9f101d9-193c-4dad-8c34-b7a4085bd0f3 ffbf7eec280a4258a3e910ac81fd323d 143ce162cb64416fabd9c9ac73147931 - - default default] Successfully bumped revision number for resource 812fe9fc-24fe-4efb-9b73-87af7a5f2fc2 (type: security_group_rules) to 0 [pid: 8|app: 0|req: 1323/2534] 10.0.0.59 () {34 vars in 694 bytes} [Tue Jun 16 12:56:46 2026] POST /v2.0/security-group-rules => generated 597 bytes in 153 msecs (HTTP/1.1 201) 4 headers in 162 bytes (1 switches on core 0) [pid: 7|app: 0|req: 1212/2535] 10.0.0.59 () {32 vars in 725 bytes} [Tue Jun 16 12:56:46 2026] DELETE /v2.0/networks/bbfb90bb-1e6e-4455-8de7-353c94ae5c14 => generated 0 bytes in 325 msecs (HTTP/1.1 204) 3 headers in 131 bytes (1 switches on core 0)
2026-06-16 12:56:46.611 7 INFO neutron.db.ovn_revision_numbers_db [None req-2abfb0af-fe68-42c6-85fa-44a2fa30ab1e ffbf7eec280a4258a3e910ac81fd323d 143ce162cb64416fabd9c9ac73147931 - - default default] Successfully bumped revision number for resource baf9f0df-4e5e-4420-a77a-3fba61d96bf6 (type: security_group_rules) to 0 [pid: 7|app: 0|req: 1213/2536] 10.0.0.59 () {34 vars in 694 bytes} [Tue Jun 16 12:56:46 2026] POST /v2.0/security-group-rules => generated 597 bytes in 148 msecs (HTTP/1.1 201) 4 headers in 162 bytes (1 switches on core 0)
2026-06-16 12:56:46.669 8 WARNING neutron.scheduler.dhcp_agent_scheduler [None req-9a88f7f4-f3db-4af0-8c2f-ef88f7a0aabe 9c87893a0e2c4b21b66c58f9ce0687cf 189ab8cfe968423ba17a9b8f85ccfcf9 - - default default] No more DHCP agents
2026-06-16 12:56:46.670 8 WARNING neutron.api.rpc.agentnotifiers.dhcp_rpc_agent_api [None req-9a88f7f4-f3db-4af0-8c2f-ef88f7a0aabe 9c87893a0e2c4b21b66c58f9ce0687cf 189ab8cfe968423ba17a9b8f85ccfcf9 - - default default] Unable to schedule network acde96ef-e323-4d7c-a77e-c999b61a0815: no agents available; will retry on subsequent port and subnet creation events.
2026-06-16 12:56:46.748 7 INFO neutron_taas.services.taas.taas_plugin [None req-a2459940-5a10-4305-a4ea-378ba93a4eea 260e0ae4782e41058048c18c521e71d8 e97aeab460b0474d9794b3d8ffd8dc26 - - default default] TaaS: Handle Delete Port: b010105e-3fbb-40fe-a9e6-fded76150967
2026-06-16 12:56:46.750 7 INFO neutron_taas.services.taas.tap_mirror_plugin [None req-a2459940-5a10-4305-a4ea-378ba93a4eea 260e0ae4782e41058048c18c521e71d8 e97aeab460b0474d9794b3d8ffd8dc26 - - default default] Tap Mirror: Handle Delete Port: b010105e-3fbb-40fe-a9e6-fded76150967 [pid: 8|app: 0|req: 1324/2537] 10.0.0.59 () {34 vars in 675 bytes} [Tue Jun 16 12:56:46 2026] POST /v2.0/floatingips => generated 552 bytes in 526 msecs (HTTP/1.1 201) 4 headers in 162 bytes (1 switches on core 0) [pid: 7|app: 0|req: 1214/2538] 10.0.0.59 () {32 vars in 725 bytes} [Tue Jun 16 12:56:46 2026] DELETE /v2.0/networks/1fb479c9-934a-4d13-827b-dfcae8a3b9ce => generated 0 bytes in 354 msecs (HTTP/1.1 204) 3 headers in 131 bytes (1 switches on core 0)
2026-06-16 12:56:47.085 8 INFO neutron.db.ovn_revision_numbers_db [None req-eb7d1333-68ea-4d81-8069-2c3e69b9bb06 ffbf7eec280a4258a3e910ac81fd323d 143ce162cb64416fabd9c9ac73147931 - - default default] Successfully bumped revision number for resource add36b84-5f5f-47e8-b2cb-14b96480ffed (type: security_group_rules) to 0 [pid: 8|app: 0|req: 1325/2539] 10.0.0.59 () {34 vars in 694 bytes} [Tue Jun 16 12:56:46 2026] POST /v2.0/security-group-rules => generated 599 bytes in 161 msecs (HTTP/1.1 201) 4 headers in 162 bytes (1 switches on core 0)
2026-06-16 12:56:47.220 8 INFO neutron_taas.services.taas.taas_plugin [None req-445765b7-fd49-4712-89a6-3c9019d8b7fb 260e0ae4782e41058048c18c521e71d8 e97aeab460b0474d9794b3d8ffd8dc26 - - default default] TaaS: Handle Delete Port: 9586453a-104d-49c2-9a57-20208a30a93b
2026-06-16 12:56:47.223 8 INFO neutron_taas.services.taas.tap_mirror_plugin [None req-445765b7-fd49-4712-89a6-3c9019d8b7fb 260e0ae4782e41058048c18c521e71d8 e97aeab460b0474d9794b3d8ffd8dc26 - - default default] Tap Mirror: Handle Delete Port: 9586453a-104d-49c2-9a57-20208a30a93b
2026-06-16 12:56:47.235 7 WARNING neutron.scheduler.dhcp_agent_scheduler [None req-460f23a9-3b64-4d56-b7e9-784f1dce4115 9c87893a0e2c4b21b66c58f9ce0687cf 189ab8cfe968423ba17a9b8f85ccfcf9 - - default default] No more DHCP agents
2026-06-16 12:56:47.236 7 WARNING neutron.api.rpc.agentnotifiers.dhcp_rpc_agent_api [None req-460f23a9-3b64-4d56-b7e9-784f1dce4115 9c87893a0e2c4b21b66c58f9ce0687cf 189ab8cfe968423ba17a9b8f85ccfcf9 - - default default] Unable to schedule network acde96ef-e323-4d7c-a77e-c999b61a0815: no agents available; will retry on subsequent port and subnet creation events. [pid: 8|app: 0|req: 1326/2540] 10.0.0.59 () {32 vars in 725 bytes} [Tue Jun 16 12:56:47 2026] DELETE /v2.0/networks/4b38fd45-0013-496d-a494-a66b86cd643a => generated 0 bytes in 299 msecs (HTTP/1.1 204) 3 headers in 131 bytes (1 switches on core 0)
2026-06-16 12:56:47.537 8 INFO neutron.db.ovn_revision_numbers_db [None req-719d3ff4-9877-4381-b2ad-982dae763a5b ffbf7eec280a4258a3e910ac81fd323d 143ce162cb64416fabd9c9ac73147931 - - default default] Successfully bumped revision number for resource 2d6228e1-2af7-46e6-acbf-02a56fb71e81 (type: security_group_rules) to 0 [pid: 8|app: 0|req: 1327/2541] 10.0.0.59 () {34 vars in 694 bytes} [Tue Jun 16 12:56:47 2026] POST /v2.0/security-group-rules => generated 601 bytes in 151 msecs (HTTP/1.1 201) 4 headers in 162 bytes (1 switches on core 0) [pid: 7|app: 0|req: 1215/2542] 10.0.0.59 () {34 vars in 675 bytes} [Tue Jun 16 12:56:46 2026] POST /v2.0/floatingips => generated 552 bytes in 579 msecs (HTTP/1.1 201) 4 headers in 162 bytes (1 switches on core 0)
2026-06-16 12:56:47.605 8 INFO neutron.services.segments.plugin [-] Segment b1974e1c-e243-46b7-b91f-a6e053ab381a resource provider aggregate not found
2026-06-16 12:56:47.622 8 INFO neutron.services.segments.plugin [-] Segment b1974e1c-e243-46b7-b91f-a6e053ab381a resource provider aggregate not found
2026-06-16 12:56:47.640 8 INFO neutron.services.segments.plugin [-] Segment b1974e1c-e243-46b7-b91f-a6e053ab381a resource provider not found; error: Placement Client Error (4xx): {"errors": [{"status": 404, "title": "Not Found", "detail": "The resource could not be found.\n\n No resource provider with uuid b1974e1c-e243-46b7-b91f-a6e053ab381a found for delete ", "request_id": "req-64477a37-f4fd-4ab1-a9a0-954ca2117a16"}]}
2026-06-16 12:56:47.642 8 INFO neutron.services.segments.plugin [-] Segment b1974e1c-e243-46b7-b91f-a6e053ab381a resource provider not found; error: Placement Client Error (4xx): {"errors": [{"status": 404, "title": "Not Found", "detail": "The resource could not be found.\n\n No resource provider with uuid b1974e1c-e243-46b7-b91f-a6e053ab381a found for delete ", "request_id": "req-7b724882-708c-4f04-b13a-d91f1bef658b"}]}
2026-06-16 12:56:47.724 8 INFO neutron.db.ovn_revision_numbers_db [None req-f496c430-ac69-4743-be2a-cc6308cce9d9 ffbf7eec280a4258a3e910ac81fd323d 143ce162cb64416fabd9c9ac73147931 - - default default] Successfully bumped revision number for resource f80d026d-88b9-444b-a25c-c0100f31a7a0 (type: security_group_rules) to 0 [pid: 8|app: 0|req: 1328/2543] 10.0.0.59 () {34 vars in 694 bytes} [Tue Jun 16 12:56:47 2026] POST /v2.0/security-group-rules => generated 601 bytes in 181 msecs (HTTP/1.1 201) 4 headers in 162 bytes (1 switches on core 0)
2026-06-16 12:56:47.804 7 WARNING neutron.scheduler.dhcp_agent_scheduler [None req-a70a777a-a739-410b-91d3-4148ad7125c1 9c87893a0e2c4b21b66c58f9ce0687cf 189ab8cfe968423ba17a9b8f85ccfcf9 - - default default] No more DHCP agents
2026-06-16 12:56:47.806 7 WARNING neutron.api.rpc.agentnotifiers.dhcp_rpc_agent_api [None req-a70a777a-a739-410b-91d3-4148ad7125c1 9c87893a0e2c4b21b66c58f9ce0687cf 189ab8cfe968423ba17a9b8f85ccfcf9 - - default default] Unable to schedule network acde96ef-e323-4d7c-a77e-c999b61a0815: no agents available; will retry on subsequent port and subnet creation events.
2026-06-16 12:56:47.986 7 INFO neutron.services.segments.plugin [-] Segment 75d62106-3266-4411-9b01-4ae52151d6cf resource provider aggregate not found
2026-06-16 12:56:47.994 7 INFO neutron.services.segments.plugin [-] Segment 75d62106-3266-4411-9b01-4ae52151d6cf resource provider aggregate not found
2026-06-16 12:56:48.015 7 INFO neutron.services.segments.plugin [-] Segment 75d62106-3266-4411-9b01-4ae52151d6cf resource provider not found; error: Placement Client Error (4xx): {"errors": [{"status": 404, "title": "Not Found", "detail": "The resource could not be found.\n\n No resource provider with uuid 75d62106-3266-4411-9b01-4ae52151d6cf found for delete ", "request_id": "req-dc5c3934-455c-4417-815d-6214829bcf66"}]}
2026-06-16 12:56:48.024 7 INFO neutron.services.segments.plugin [-] Segment 75d62106-3266-4411-9b01-4ae52151d6cf resource provider not found; error: Placement Client Error (4xx): {"errors": [{"status": 404, "title": "Not Found", "detail": "The resource could not be found.\n\n No resource provider with uuid 75d62106-3266-4411-9b01-4ae52151d6cf found for delete ", "request_id": "req-75381149-7077-444b-b5a1-17efc16b9119"}]} [pid: 8|app: 0|req: 1329/2544] 10.0.0.47 () {28 vars in 584 bytes} [Tue Jun 16 12:56:47 2026] GET /v2.0/networks => generated 4772 bytes in 285 msecs (HTTP/1.1 200) 4 headers in 158 bytes (1 switches on core 0)
2026-06-16 12:56:48.045 7 INFO neutron.services.segments.plugin [-] Segment 097bcfba-d7a0-4323-ab05-da5350afe0e8 resource provider aggregate not found
2026-06-16 12:56:48.049 7 INFO neutron.services.segments.plugin [-] Segment 097bcfba-d7a0-4323-ab05-da5350afe0e8 resource provider aggregate not found
2026-06-16 12:56:48.069 7 INFO neutron.services.segments.plugin [-] Segment 097bcfba-d7a0-4323-ab05-da5350afe0e8 resource provider not found; error: Placement Client Error (4xx): {"errors": [{"status": 404, "title": "Not Found", "detail": "The resource could not be found.\n\n No resource provider with uuid 097bcfba-d7a0-4323-ab05-da5350afe0e8 found for delete ", "request_id": "req-0fb59002-d031-47f3-adb1-1cbe04391cb4"}]}
2026-06-16 12:56:48.070 7 INFO neutron.services.segments.plugin [-] Segment 097bcfba-d7a0-4323-ab05-da5350afe0e8 resource provider not found; error: Placement Client Error (4xx): {"errors": [{"status": 404, "title": "Not Found", "detail": "The resource could not be found.\n\n No resource provider with uuid 097bcfba-d7a0-4323-ab05-da5350afe0e8 found for delete ", "request_id": "req-d96a5062-c649-42ee-8644-21f04e21f1ac"}]}
2026-06-16 12:56:48.193 8 INFO neutron.db.ovn_revision_numbers_db [None req-bd9ab2b6-aab0-4be9-b203-db3a9d0f59b7 ffbf7eec280a4258a3e910ac81fd323d 143ce162cb64416fabd9c9ac73147931 - - default default] Successfully bumped revision number for resource 5ba81fbc-24df-472a-8b68-dddbb1d4c331 (type: security_group_rules) to 0 [pid: 7|app: 0|req: 1216/2545] 10.0.0.59 () {34 vars in 675 bytes} [Tue Jun 16 12:56:47 2026] POST /v2.0/floatingips => generated 552 bytes in 629 msecs (HTTP/1.1 201) 4 headers in 162 bytes (1 switches on core 0) [pid: 8|app: 0|req: 1330/2546] 10.0.0.59 () {34 vars in 694 bytes} [Tue Jun 16 12:56:48 2026] POST /v2.0/security-group-rules => generated 597 bytes in 187 msecs (HTTP/1.1 201) 4 headers in 162 bytes (1 switches on core 0)
2026-06-16 12:56:48.228 7 WARNING neutron.plugins.ml2.drivers.ovn.mech_driver.ovsdb.ovn_client [None req-dd897efb-812a-4956-9144-a17514be62b2 - - - - - -] No hosting information found for port 609cbe9d-7173-43ff-bb2c-eec69631359a: RuntimeError: No hosting information found for port 609cbe9d-7173-43ff-bb2c-eec69631359a [pid: 7|app: 0|req: 1217/2547] 10.0.0.47 () {28 vars in 580 bytes} [Tue Jun 16 12:56:48 2026] GET /v2.0/agents => generated 1214 bytes in 79 msecs (HTTP/1.1 200) 4 headers in 158 bytes (1 switches on core 0)
2026-06-16 12:56:48.389 7 INFO neutron.db.ovn_revision_numbers_db [None req-dd897efb-812a-4956-9144-a17514be62b2 - - - - - -] Successfully bumped revision number for resource 609cbe9d-7173-43ff-bb2c-eec69631359a (type: router_ports) to 2
2026-06-16 12:56:48.390 7 INFO neutron.plugins.ml2.drivers.ovn.mech_driver.mech_driver [None req-dd897efb-812a-4956-9144-a17514be62b2 - - - - - -] OVN reports status down for port: 9586453a-104d-49c2-9a57-20208a30a93b [pid: 8|app: 0|req: 1331/2548] 10.0.0.59 () {32 vars in 773 bytes} [Tue Jun 16 12:56:48 2026] GET /v2.0/security-groups?tenant_id=e97aeab460b0474d9794b3d8ffd8dc26&name=default => generated 2925 bytes in 205 msecs (HTTP/1.1 200) 4 headers in 158 bytes (1 switches on core 0)
2026-06-16 12:56:48.510 7 INFO neutron.plugins.ml2.drivers.ovn.mech_driver.mech_driver [None req-dd897efb-812a-4956-9144-a17514be62b2 - - - - - -] OVN reports status down for port: 3e554f16-3408-4469-89d7-b8dff480d50b
2026-06-16 12:56:48.593 8 INFO neutron.db.ovn_revision_numbers_db [None req-5da1ddb0-44fe-4251-83b2-43f3dc04351a ffbf7eec280a4258a3e910ac81fd323d 143ce162cb64416fabd9c9ac73147931 - - default default] Successfully bumped revision number for resource 4e6face9-b2f5-4584-a12d-fe96646a7ca2 (type: security_group_rules) to 0 [pid: 8|app: 0|req: 1332/2549] 10.0.0.59 () {34 vars in 694 bytes} [Tue Jun 16 12:56:48 2026] POST /v2.0/security-group-rules => generated 597 bytes in 197 msecs (HTTP/1.1 201) 4 headers in 162 bytes (1 switches on core 0)
2026-06-16 12:56:48.629 7 WARNING neutron.plugins.ml2.drivers.ovn.mech_driver.ovsdb.ovn_client [None req-dd897efb-812a-4956-9144-a17514be62b2 - - - - - -] Logical_Switch_Port %s host information not removed, the port state is up
2026-06-16 12:56:48.630 7 INFO neutron.plugins.ml2.drivers.ovn.mech_driver.mech_driver [None req-dd897efb-812a-4956-9144-a17514be62b2 - - - - - -] OVN reports status up for port: 3e554f16-3408-4469-89d7-b8dff480d50b
2026-06-16 12:56:48.650 7 INFO neutron.plugins.ml2.plugin [None req-dd897efb-812a-4956-9144-a17514be62b2 - - - - - -] Attempt 1 to provision port 3e554f16-3408-4469-89d7-b8dff480d50b [pid: 8|app: 0|req: 1333/2550] 10.0.0.47 () {28 vars in 582 bytes} [Tue Jun 16 12:56:48 2026] GET /v2.0/subnets => generated 5511 bytes in 45 msecs (HTTP/1.1 200) 4 headers in 158 bytes (1 switches on core 0)
2026-06-16 12:56:48.725 7 WARNING neutron.scheduler.dhcp_agent_scheduler [None req-164e270a-5c5b-4cd7-b15f-98d97332ec86 9c87893a0e2c4b21b66c58f9ce0687cf 189ab8cfe968423ba17a9b8f85ccfcf9 - - default default] No more DHCP agents
2026-06-16 12:56:48.734 7 WARNING neutron.api.rpc.agentnotifiers.dhcp_rpc_agent_api [None req-164e270a-5c5b-4cd7-b15f-98d97332ec86 9c87893a0e2c4b21b66c58f9ce0687cf 189ab8cfe968423ba17a9b8f85ccfcf9 - - default default] Unable to schedule network acde96ef-e323-4d7c-a77e-c999b61a0815: no agents available; will retry on subsequent port and subnet creation events. [pid: 8|app: 0|req: 1334/2551] 10.0.0.59 () {32 vars in 739 bytes} [Tue Jun 16 12:56:48 2026] DELETE /v2.0/security-groups/aa4072ad-1aee-4f0a-b1c7-837c65e066ed => generated 0 bytes in 240 msecs (HTTP/1.1 204) 2 headers in 112 bytes (1 switches on core 0)
2026-06-16 12:56:49.099 8 INFO neutron.db.ovn_revision_numbers_db [None req-066c73c4-947e-42fb-be8e-275c96e2f5c6 ffbf7eec280a4258a3e910ac81fd323d 143ce162cb64416fabd9c9ac73147931 - - default default] Successfully bumped revision number for resource c206fccb-5bd6-42cb-897c-617487b8ff37 (type: security_group_rules) to 0 [pid: 8|app: 0|req: 1335/2552] 10.0.0.59 () {34 vars in 694 bytes} [Tue Jun 16 12:56:48 2026] POST /v2.0/security-group-rules => generated 597 bytes in 218 msecs (HTTP/1.1 201) 4 headers in 162 bytes (1 switches on core 0) [pid: 8|app: 0|req: 1336/2553] 10.0.0.47 () {28 vars in 582 bytes} [Tue Jun 16 12:56:49 2026] GET /v2.0/subnets => generated 5511 bytes in 43 msecs (HTTP/1.1 200) 4 headers in 158 bytes (1 switches on core 0)
2026-06-16 12:56:49.280 8 INFO neutron.db.ovn_revision_numbers_db [None req-c751324d-de57-4480-9f0a-cd5b7ff0e115 80ac3f33aab54e149d19e3b69e7f5390 dca28c02e1e74653ae3fc216103007ca - - default default] Successfully bumped revision number for resource bb71aff0-5e2d-40b5-831c-5aeeab33559f (type: security_groups) to 1
2026-06-16 12:56:49.293 8 INFO neutron.db.ovn_revision_numbers_db [None req-c751324d-de57-4480-9f0a-cd5b7ff0e115 80ac3f33aab54e149d19e3b69e7f5390 dca28c02e1e74653ae3fc216103007ca - - default default] Successfully bumped revision number for resource 5cc35fda-0f05-4631-8422-624a03b43b01 (type: security_group_rules) to 0
2026-06-16 12:56:49.312 8 INFO neutron.db.ovn_revision_numbers_db [None req-c751324d-de57-4480-9f0a-cd5b7ff0e115 80ac3f33aab54e149d19e3b69e7f5390 dca28c02e1e74653ae3fc216103007ca - - default default] Successfully bumped revision number for resource 993b7e6e-d03f-4a61-bcbf-bd192b5ca4b6 (type: security_group_rules) to 0
2026-06-16 12:56:49.327 8 INFO neutron.db.ovn_revision_numbers_db [None req-c751324d-de57-4480-9f0a-cd5b7ff0e115 80ac3f33aab54e149d19e3b69e7f5390 dca28c02e1e74653ae3fc216103007ca - - default default] Successfully bumped revision number for resource be40c07d-0d99-4819-98af-737bfc43cf70 (type: security_group_rules) to 0
2026-06-16 12:56:49.344 8 INFO neutron.db.ovn_revision_numbers_db [None req-c751324d-de57-4480-9f0a-cd5b7ff0e115 80ac3f33aab54e149d19e3b69e7f5390 dca28c02e1e74653ae3fc216103007ca - - default default] Successfully bumped revision number for resource eb15ff6c-ee01-4007-a4b0-d3982323b508 (type: security_group_rules) to 0 [pid: 8|app: 0|req: 1337/2554] 10.0.0.59 () {32 vars in 773 bytes} [Tue Jun 16 12:56:49 2026] GET /v2.0/security-groups?tenant_id=b31705861fcc4862bc8a852cb6ddb387&name=default => generated 2929 bytes in 220 msecs (HTTP/1.1 200) 4 headers in 158 bytes (1 switches on core 0) [pid: 7|app: 0|req: 1218/2555] 10.0.0.59 () {34 vars in 675 bytes} [Tue Jun 16 12:56:48 2026] POST /v2.0/floatingips => generated 552 bytes in 1137 msecs (HTTP/1.1 201) 4 headers in 162 bytes (1 switches on core 0) [pid: 7|app: 0|req: 1219/2556] 10.0.0.47 () {28 vars in 590 bytes} [Tue Jun 16 12:56:49 2026] GET /v2.0/subnetpools => generated 19 bytes in 19 msecs (HTTP/1.1 200) 4 headers in 156 bytes (1 switches on core 0)
2026-06-16 12:56:49.506 7 INFO neutron.db.ovn_revision_numbers_db [None req-dd897efb-812a-4956-9144-a17514be62b2 - - - - - -] Successfully bumped revision number for resource 3e554f16-3408-4469-89d7-b8dff480d50b (type: ports) to 2
2026-06-16 12:56:49.579 8 INFO neutron.db.ovn_revision_numbers_db [None req-521e38cb-59f5-404f-bfe4-691da69f18a6 ffbf7eec280a4258a3e910ac81fd323d 143ce162cb64416fabd9c9ac73147931 - - default default] Successfully bumped revision number for resource fcfbe2ee-8752-4785-8f24-5bb6e43aead6 (type: security_group_rules) to 0 [pid: 8|app: 0|req: 1338/2557] 10.0.0.59 () {34 vars in 694 bytes} [Tue Jun 16 12:56:49 2026] POST /v2.0/security-group-rules => generated 599 bytes in 207 msecs (HTTP/1.1 201) 4 headers in 162 bytes (1 switches on core 0) [pid: 8|app: 0|req: 1339/2558] 10.0.0.59 () {34 vars in 758 bytes} [Tue Jun 16 12:56:49 2026] PUT /v2.0/floatingips/2d64aac0-4544-465a-8c90-9d6a24d64e8c/tags => generated 17 bytes in 89 msecs (HTTP/1.1 200) 4 headers in 156 bytes (1 switches on core 0) [pid: 8|app: 0|req: 1340/2559] 10.0.0.47 () {28 vars in 590 bytes} [Tue Jun 16 12:56:49 2026] GET /v2.0/floatingips => generated 2712 bytes in 42 msecs (HTTP/1.1 200) 4 headers in 158 bytes (1 switches on core 0) [pid: 7|app: 0|req: 1220/2560] 10.0.0.59 () {32 vars in 739 bytes} [Tue Jun 16 12:56:49 2026] DELETE /v2.0/security-groups/bb71aff0-5e2d-40b5-831c-5aeeab33559f => generated 0 bytes in 305 msecs (HTTP/1.1 204) 2 headers in 112 bytes (1 switches on core 0)
2026-06-16 12:56:49.764 8 WARNING neutron.plugins.ml2.drivers.ovn.mech_driver.ovsdb.ovn_client [None req-876eae97-a49c-4d4c-9f5d-57cf16599193 - - - - - -] No hosting information found for port 3aa0c7f5-7c4e-477d-b4d0-52e13b9eb83b: RuntimeError: No hosting information found for port 3aa0c7f5-7c4e-477d-b4d0-52e13b9eb83b [pid: 7|app: 0|req: 1221/2561] 10.0.0.59 () {34 vars in 758 bytes} [Tue Jun 16 12:56:49 2026] PUT /v2.0/floatingips/5954d9fd-85f2-42d6-a2f4-a7a9e4ae51f7/tags => generated 25 bytes in 72 msecs (HTTP/1.1 200) 4 headers in 156 bytes (1 switches on core 0) [pid: 7|app: 0|req: 1222/2562] 10.0.0.47 () {28 vars in 598 bytes} [Tue Jun 16 12:56:49 2026] GET /v2.0/security-groups => generated 27422 bytes in 47 msecs (HTTP/1.1 200) 4 headers in 159 bytes (1 switches on core 0)
