2026-06-16 12:56:28.933 8 INFO neutron.db.ovn_revision_numbers_db [None req-c2c44c89-314f-4afb-9421-1574e554c4a7 80ac3f33aab54e149d19e3b69e7f5390 dca28c02e1e74653ae3fc216103007ca - - default default] Successfully bumped revision number for resource 1da207a7-5785-47d8-ae8f-f0be71c07df7 (type: security_group_rules) to 0
2026-06-16 12:56:28.943 7 INFO neutron.db.ovn_revision_numbers_db [None req-175ec2f1-c2db-41c1-9038-1c0535eb8b09 - - - - - -] Successfully bumped revision number for resource 06805bf2-5e9f-4f2a-8741-9817bfcd47f6 (type: ports) to 2
2026-06-16 12:56:28.949 8 INFO neutron.db.ovn_revision_numbers_db [None req-c2c44c89-314f-4afb-9421-1574e554c4a7 80ac3f33aab54e149d19e3b69e7f5390 dca28c02e1e74653ae3fc216103007ca - - default default] Successfully bumped revision number for resource 4694c208-0055-430c-b50d-be9c8c5f6237 (type: security_group_rules) to 0
2026-06-16 12:56:28.963 8 INFO neutron.db.ovn_revision_numbers_db [None req-c2c44c89-314f-4afb-9421-1574e554c4a7 80ac3f33aab54e149d19e3b69e7f5390 dca28c02e1e74653ae3fc216103007ca - - default default] Successfully bumped revision number for resource 93224fb9-8c97-4170-ba37-d15475a6289c (type: security_group_rules) to 0
2026-06-16 12:56:28.978 8 INFO neutron.db.ovn_revision_numbers_db [None req-c2c44c89-314f-4afb-9421-1574e554c4a7 80ac3f33aab54e149d19e3b69e7f5390 dca28c02e1e74653ae3fc216103007ca - - default default] Successfully bumped revision number for resource d3654bf5-73a0-4ec5-9143-d30d41c97ebb (type: security_group_rules) to 0
2026-06-16 12:56:28.983 7 INFO neutron.db.ovn_revision_numbers_db [None req-175ec2f1-c2db-41c1-9038-1c0535eb8b09 - - - - - -] Successfully bumped revision number for resource 77a2e032-391e-40a0-a152-a400538ed0b7 (type: subnets) to 0 [pid: 7|app: 0|req: 1186/2463] 10.0.0.59 () {34 vars in 668 bytes} [Tue Jun 16 12:56:28 2026] POST /v2.0/subnets => generated 644 bytes in 723 msecs (HTTP/1.1 201) 4 headers in 162 bytes (1 switches on core 0)
2026-06-16 12:56:29.011 7 WARNING neutron.api.v2.base [None req-c36dc11b-5cec-418e-991d-9d6c5a055951 19d12a9a729b49b4a1d5f5fb6cba11c9 c5b3a50814584660bd5d53c284e099fa - - default default] An exception happened while processing the request body. The exception message is [Invalid input for target_tenant. Reason: 'None' is not a valid string.].: webob.exc.HTTPBadRequest: Invalid input for target_tenant. Reason: 'None' is not a valid string.
2026-06-16 12:56:29.012 7 INFO neutron.api.v2.resource [None req-c36dc11b-5cec-418e-991d-9d6c5a055951 19d12a9a729b49b4a1d5f5fb6cba11c9 c5b3a50814584660bd5d53c284e099fa - - default default] create failed (client error): Invalid input for target_tenant. Reason: 'None' is not a valid string. [pid: 7|app: 0|req: 1187/2464] 10.0.0.59 () {34 vars in 680 bytes} [Tue Jun 16 12:56:29 2026] POST /v2.0/rbac-policies => generated 143 bytes in 7 msecs (HTTP/1.1 400) 4 headers in 166 bytes (1 switches on core 0) [pid: 8|app: 0|req: 1278/2465] 10.0.0.59 () {32 vars in 773 bytes} [Tue Jun 16 12:56:28 2026] GET /v2.0/security-groups?tenant_id=555de84a558c464f95d74041040d180b&name=default => generated 2925 bytes in 255 msecs (HTTP/1.1 200) 4 headers in 158 bytes (1 switches on core 0)
2026-06-16 12:56:29.151 7 INFO neutron_taas.services.taas.taas_plugin [None req-69572c67-7b9a-47f2-97a7-5d2b3f5fec0d 19d12a9a729b49b4a1d5f5fb6cba11c9 c5b3a50814584660bd5d53c284e099fa - - default default] TaaS: Handle Delete Port: 06805bf2-5e9f-4f2a-8741-9817bfcd47f6
2026-06-16 12:56:29.154 7 INFO neutron_taas.services.taas.tap_mirror_plugin [None req-69572c67-7b9a-47f2-97a7-5d2b3f5fec0d 19d12a9a729b49b4a1d5f5fb6cba11c9 c5b3a50814584660bd5d53c284e099fa - - default default] Tap Mirror: Handle Delete Port: 06805bf2-5e9f-4f2a-8741-9817bfcd47f6 [pid: 8|app: 0|req: 1279/2466] 10.0.0.59 () {32 vars in 739 bytes} [Tue Jun 16 12:56:29 2026] DELETE /v2.0/security-groups/1d857549-f1a0-410a-9921-a3045e5031e4 => generated 0 bytes in 215 msecs (HTTP/1.1 204) 2 headers in 112 bytes (1 switches on core 0)
2026-06-16 12:56:29.504 7 INFO neutron.services.segments.plugin [-] Segment e5b52a66-8c45-4f2c-b707-7a0f1682b6d7 resource provider aggregate not found
2026-06-16 12:56:29.511 7 INFO neutron.services.segments.plugin [-] Segment e5b52a66-8c45-4f2c-b707-7a0f1682b6d7 resource provider aggregate not found
2026-06-16 12:56:29.528 7 INFO neutron.services.segments.plugin [-] Segment e5b52a66-8c45-4f2c-b707-7a0f1682b6d7 resource provider not found; error: Placement Client Error (4xx): {"errors": [{"status": 404, "title": "Not Found", "detail": "The resource could not be found.\n\n No resource provider with uuid e5b52a66-8c45-4f2c-b707-7a0f1682b6d7 found for delete ", "request_id": "req-e5a1e4be-3fb6-40ce-8552-c0d36d9b563e"}]}
2026-06-16 12:56:29.537 7 INFO neutron.services.segments.plugin [-] Segment e5b52a66-8c45-4f2c-b707-7a0f1682b6d7 resource provider not found; error: Placement Client Error (4xx): {"errors": [{"status": 404, "title": "Not Found", "detail": "The resource could not be found.\n\n No resource provider with uuid e5b52a66-8c45-4f2c-b707-7a0f1682b6d7 found for delete ", "request_id": "req-851be259-c8ce-4495-ad32-266bd6fa7148"}]} [pid: 7|app: 0|req: 1188/2467] 10.0.0.59 () {32 vars in 725 bytes} [Tue Jun 16 12:56:29 2026] DELETE /v2.0/networks/b19adf4a-71ed-42e7-a42d-09597591652d => generated 0 bytes in 557 msecs (HTTP/1.1 204) 3 headers in 131 bytes (1 switches on core 0)
2026-06-16 12:56:29.675 8 INFO neutron.db.segments_db [None req-d399347f-4a4b-4fdd-b925-92ffbd55bafb 19d12a9a729b49b4a1d5f5fb6cba11c9 c5b3a50814584660bd5d53c284e099fa - - default default] Added segment 0da89f28-3832-4ce4-8a2e-63e6f09fbd28 of type geneve for network 7e51e27c-e0c8-407a-bb63-1bfd7025c0d4
2026-06-16 12:56:29.767 8 INFO neutron.db.ovn_revision_numbers_db [None req-d399347f-4a4b-4fdd-b925-92ffbd55bafb 19d12a9a729b49b4a1d5f5fb6cba11c9 c5b3a50814584660bd5d53c284e099fa - - default default] Successfully bumped revision number for resource 7e51e27c-e0c8-407a-bb63-1bfd7025c0d4 (type: networks) to 1
2026-06-16 12:56:29.964 8 WARNING neutron.scheduler.dhcp_agent_scheduler [None req-d399347f-4a4b-4fdd-b925-92ffbd55bafb 19d12a9a729b49b4a1d5f5fb6cba11c9 c5b3a50814584660bd5d53c284e099fa - - default default] No more DHCP agents
2026-06-16 12:56:29.966 8 WARNING neutron.api.rpc.agentnotifiers.dhcp_rpc_agent_api [None req-d399347f-4a4b-4fdd-b925-92ffbd55bafb 19d12a9a729b49b4a1d5f5fb6cba11c9 c5b3a50814584660bd5d53c284e099fa - - default default] Unable to schedule network 7e51e27c-e0c8-407a-bb63-1bfd7025c0d4: no agents available; will retry on subsequent port and subnet creation events.
2026-06-16 12:56:30.022 8 INFO neutron.plugins.ml2.drivers.ovn.mech_driver.mech_driver [None req-79b00521-768c-402e-bb03-56fbb4fd9111 - - - - - -] OVN reports status down for port: dbc99172-00dd-43cc-8808-1e684111dcec
2026-06-16 12:56:30.092 8 INFO neutron.db.ovn_revision_numbers_db [None req-d399347f-4a4b-4fdd-b925-92ffbd55bafb 19d12a9a729b49b4a1d5f5fb6cba11c9 c5b3a50814584660bd5d53c284e099fa - - default default] Successfully bumped revision number for resource dbc99172-00dd-43cc-8808-1e684111dcec (type: ports) to 1 [pid: 8|app: 0|req: 1280/2468] 10.0.0.59 () {34 vars in 669 bytes} [Tue Jun 16 12:56:29 2026] POST /v2.0/networks => generated 748 bytes in 547 msecs (HTTP/1.1 201) 4 headers in 162 bytes (1 switches on core 0)
2026-06-16 12:56:30.272 7 WARNING neutron.scheduler.dhcp_agent_scheduler [None req-643f8a22-9886-407c-b1d9-4df40c09e626 19d12a9a729b49b4a1d5f5fb6cba11c9 c5b3a50814584660bd5d53c284e099fa - - default default] No more DHCP agents
2026-06-16 12:56:30.274 7 WARNING neutron.api.rpc.agentnotifiers.dhcp_rpc_agent_api [None req-643f8a22-9886-407c-b1d9-4df40c09e626 19d12a9a729b49b4a1d5f5fb6cba11c9 c5b3a50814584660bd5d53c284e099fa - - default default] Unable to schedule network 7e51e27c-e0c8-407a-bb63-1bfd7025c0d4: no agents available; will retry on subsequent port and subnet creation events.
2026-06-16 12:56:30.742 7 INFO neutron.db.ovn_revision_numbers_db [None req-a6571f0d-200a-4245-aa8d-a2f50033316d - - - - - -] Successfully bumped revision number for resource dbc99172-00dd-43cc-8808-1e684111dcec (type: ports) to 2
2026-06-16 12:56:30.778 7 INFO neutron.db.ovn_revision_numbers_db [None req-a6571f0d-200a-4245-aa8d-a2f50033316d - - - - - -] Successfully bumped revision number for resource 233c0046-fbe2-4603-a8ed-498ffa7402c2 (type: subnets) to 0 [pid: 7|app: 0|req: 1189/2469] 10.0.0.59 () {34 vars in 668 bytes} [Tue Jun 16 12:56:30 2026] POST /v2.0/subnets => generated 647 bytes in 656 msecs (HTTP/1.1 201) 4 headers in 162 bytes (1 switches on core 0)
2026-06-16 12:56:30.805 8 WARNING neutron.api.v2.base [None req-dbadbf4c-3e10-4b30-9eb3-eb3ee52c21a6 19d12a9a729b49b4a1d5f5fb6cba11c9 c5b3a50814584660bd5d53c284e099fa - - default default] An exception happened while processing the request body. The exception message is [Invalid input for target_tenant. Reason: '1234123412341234123412341234123412341234123412341234123412341234123412341234123412341234123412341234123412341234123412341234123412341234123412341234123412341234123412341234123412341234123412341234123412341234123412341234123412341234123412341234123412341234123412341234123412341234123412341234123412341234123412341234123412341234123412341234123412341234123412341234123412341234123412341234123412341234' exceeds maximum length of 255.].: webob.exc.HTTPBadRequest: Invalid input for target_tenant. Reason: '1234123412341234123412341234123412341234123412341234123412341234123412341234123412341234123412341234123412341234123412341234123412341234123412341234123412341234123412341234123412341234123412341234123412341234123412341234123412341234123412341234123412341234123412341234123412341234123412341234123412341234123412341234123412341234123412341234123412341234123412341234123412341234123412341234123412341234' exceeds maximum length of 255.
2026-06-16 12:56:30.806 8 INFO neutron.api.v2.resource [None req-dbadbf4c-3e10-4b30-9eb3-eb3ee52c21a6 19d12a9a729b49b4a1d5f5fb6cba11c9 c5b3a50814584660bd5d53c284e099fa - - default default] create failed (client error): Invalid input for target_tenant. Reason: '1234123412341234123412341234123412341234123412341234123412341234123412341234123412341234123412341234123412341234123412341234123412341234123412341234123412341234123412341234123412341234123412341234123412341234123412341234123412341234123412341234123412341234123412341234123412341234123412341234123412341234123412341234123412341234123412341234123412341234123412341234123412341234123412341234123412341234' exceeds maximum length of 255. [pid: 8|app: 0|req: 1281/2470] 10.0.0.59 () {34 vars in 680 bytes} [Tue Jun 16 12:56:30 2026] POST /v2.0/rbac-policies => generated 547 bytes in 9 msecs (HTTP/1.1 400) 4 headers in 166 bytes (1 switches on core 0)
2026-06-16 12:56:30.973 7 INFO neutron_taas.services.taas.taas_plugin [None req-96700f06-d19c-4899-9445-f372c350ecd7 19d12a9a729b49b4a1d5f5fb6cba11c9 c5b3a50814584660bd5d53c284e099fa - - default default] TaaS: Handle Delete Port: dbc99172-00dd-43cc-8808-1e684111dcec
2026-06-16 12:56:30.977 7 INFO neutron_taas.services.taas.tap_mirror_plugin [None req-96700f06-d19c-4899-9445-f372c350ecd7 19d12a9a729b49b4a1d5f5fb6cba11c9 c5b3a50814584660bd5d53c284e099fa - - default default] Tap Mirror: Handle Delete Port: dbc99172-00dd-43cc-8808-1e684111dcec [pid: 7|app: 0|req: 1190/2471] 10.0.0.59 () {32 vars in 725 bytes} [Tue Jun 16 12:56:30 2026] DELETE /v2.0/networks/7e51e27c-e0c8-407a-bb63-1bfd7025c0d4 => generated 0 bytes in 520 msecs (HTTP/1.1 204) 3 headers in 131 bytes (1 switches on core 0)
2026-06-16 12:56:31.434 8 INFO neutron.db.segments_db [None req-d5d8bd9b-8472-46f2-9681-e4fc5973643e 19d12a9a729b49b4a1d5f5fb6cba11c9 c5b3a50814584660bd5d53c284e099fa - - default default] Added segment 37a0de90-428f-4c64-b737-3fcf0f5adcd4 of type geneve for network 5a58eb77-cc36-4e5c-907b-367af72a3691
2026-06-16 12:56:31.547 7 INFO neutron.services.segments.plugin [-] Segment 0da89f28-3832-4ce4-8a2e-63e6f09fbd28 resource provider aggregate not found
2026-06-16 12:56:31.552 7 INFO neutron.services.segments.plugin [-] Segment 0da89f28-3832-4ce4-8a2e-63e6f09fbd28 resource provider aggregate not found
2026-06-16 12:56:31.555 8 INFO neutron.db.ovn_revision_numbers_db [None req-d5d8bd9b-8472-46f2-9681-e4fc5973643e 19d12a9a729b49b4a1d5f5fb6cba11c9 c5b3a50814584660bd5d53c284e099fa - - default default] Successfully bumped revision number for resource 5a58eb77-cc36-4e5c-907b-367af72a3691 (type: networks) to 1
2026-06-16 12:56:31.560 7 INFO neutron.services.segments.plugin [-] Segment 0da89f28-3832-4ce4-8a2e-63e6f09fbd28 resource provider not found; error: Placement Client Error (4xx): {"errors": [{"status": 404, "title": "Not Found", "detail": "The resource could not be found.\n\n No resource provider with uuid 0da89f28-3832-4ce4-8a2e-63e6f09fbd28 found for delete ", "request_id": "req-9928cec8-2314-402a-b93f-e0b031d5f431"}]}
2026-06-16 12:56:31.563 7 INFO neutron.services.segments.plugin [-] Segment 0da89f28-3832-4ce4-8a2e-63e6f09fbd28 resource provider not found; error: Placement Client Error (4xx): {"errors": [{"status": 404, "title": "Not Found", "detail": "The resource could not be found.\n\n No resource provider with uuid 0da89f28-3832-4ce4-8a2e-63e6f09fbd28 found for delete ", "request_id": "req-1e2a4c9a-b3c8-42b2-b5cc-26ab95c85335"}]}
2026-06-16 12:56:31.708 8 WARNING neutron.scheduler.dhcp_agent_scheduler [None req-d5d8bd9b-8472-46f2-9681-e4fc5973643e 19d12a9a729b49b4a1d5f5fb6cba11c9 c5b3a50814584660bd5d53c284e099fa - - default default] No more DHCP agents
2026-06-16 12:56:31.710 8 WARNING neutron.api.rpc.agentnotifiers.dhcp_rpc_agent_api [None req-d5d8bd9b-8472-46f2-9681-e4fc5973643e 19d12a9a729b49b4a1d5f5fb6cba11c9 c5b3a50814584660bd5d53c284e099fa - - default default] Unable to schedule network 5a58eb77-cc36-4e5c-907b-367af72a3691: no agents available; will retry on subsequent port and subnet creation events.
2026-06-16 12:56:31.767 8 INFO neutron.plugins.ml2.drivers.ovn.mech_driver.mech_driver [None req-79b00521-768c-402e-bb03-56fbb4fd9111 - - - - - -] OVN reports status down for port: 5a9e3df6-f046-41c1-97e3-560965fee8ca
2026-06-16 12:56:31.822 8 INFO neutron.db.ovn_revision_numbers_db [None req-d5d8bd9b-8472-46f2-9681-e4fc5973643e 19d12a9a729b49b4a1d5f5fb6cba11c9 c5b3a50814584660bd5d53c284e099fa - - default default] Successfully bumped revision number for resource 5a9e3df6-f046-41c1-97e3-560965fee8ca (type: ports) to 1 [pid: 8|app: 0|req: 1282/2472] 10.0.0.59 () {34 vars in 669 bytes} [Tue Jun 16 12:56:31 2026] POST /v2.0/networks => generated 748 bytes in 536 msecs (HTTP/1.1 201) 4 headers in 162 bytes (1 switches on core 0)
2026-06-16 12:56:32.031 7 WARNING neutron.scheduler.dhcp_agent_scheduler [None req-86a38b30-9946-4586-babf-ab28b068da64 19d12a9a729b49b4a1d5f5fb6cba11c9 c5b3a50814584660bd5d53c284e099fa - - default default] No more DHCP agents
2026-06-16 12:56:32.033 7 WARNING neutron.api.rpc.agentnotifiers.dhcp_rpc_agent_api [None req-86a38b30-9946-4586-babf-ab28b068da64 19d12a9a729b49b4a1d5f5fb6cba11c9 c5b3a50814584660bd5d53c284e099fa - - default default] Unable to schedule network 5a58eb77-cc36-4e5c-907b-367af72a3691: no agents available; will retry on subsequent port and subnet creation events.
2026-06-16 12:56:32.447 8 INFO neutron.db.ovn_revision_numbers_db [None req-0c951f2b-cb60-4df8-a656-56585067237e ffbf7eec280a4258a3e910ac81fd323d 143ce162cb64416fabd9c9ac73147931 - - default default] Successfully bumped revision number for resource 28afc984-5fcf-44c6-8087-d19853da2a1e (type: security_groups) to 1
2026-06-16 12:56:32.459 8 INFO neutron.db.ovn_revision_numbers_db [None req-0c951f2b-cb60-4df8-a656-56585067237e ffbf7eec280a4258a3e910ac81fd323d 143ce162cb64416fabd9c9ac73147931 - - default default] Successfully bumped revision number for resource 0f1c736c-4f75-4214-a537-1dfb78e6ac3d (type: security_group_rules) to 0
2026-06-16 12:56:32.470 7 INFO neutron.db.ovn_revision_numbers_db [None req-9e5cdaa3-3429-4bf3-93e3-ccaedb199f39 - - - - - -] Successfully bumped revision number for resource 5a9e3df6-f046-41c1-97e3-560965fee8ca (type: ports) to 2
2026-06-16 12:56:32.471 8 INFO neutron.db.ovn_revision_numbers_db [None req-0c951f2b-cb60-4df8-a656-56585067237e ffbf7eec280a4258a3e910ac81fd323d 143ce162cb64416fabd9c9ac73147931 - - default default] Successfully bumped revision number for resource 18a59910-9708-48aa-bdec-2557266aecf6 (type: security_group_rules) to 0
2026-06-16 12:56:32.482 8 INFO neutron.db.ovn_revision_numbers_db [None req-0c951f2b-cb60-4df8-a656-56585067237e ffbf7eec280a4258a3e910ac81fd323d 143ce162cb64416fabd9c9ac73147931 - - default default] Successfully bumped revision number for resource c4f38bab-4f32-415f-be1a-d0837f6afa74 (type: security_group_rules) to 0
2026-06-16 12:56:32.497 8 INFO neutron.db.ovn_revision_numbers_db [None req-0c951f2b-cb60-4df8-a656-56585067237e ffbf7eec280a4258a3e910ac81fd323d 143ce162cb64416fabd9c9ac73147931 - - default default] Successfully bumped revision number for resource e4e63603-e7d7-48af-ae75-e110cb5c01b3 (type: security_group_rules) to 0
2026-06-16 12:56:32.502 7 INFO neutron.db.ovn_revision_numbers_db [None req-9e5cdaa3-3429-4bf3-93e3-ccaedb199f39 - - - - - -] Successfully bumped revision number for resource 6f09c30e-c5cd-4154-94b1-791a88dd8641 (type: subnets) to 0 [pid: 7|app: 0|req: 1191/2473] 10.0.0.59 () {34 vars in 668 bytes} [Tue Jun 16 12:56:31 2026] POST /v2.0/subnets => generated 647 bytes in 637 msecs (HTTP/1.1 201) 4 headers in 162 bytes (1 switches on core 0)
2026-06-16 12:56:32.561 8 INFO neutron.db.segments_db [None req-0c951f2b-cb60-4df8-a656-56585067237e ffbf7eec280a4258a3e910ac81fd323d 143ce162cb64416fabd9c9ac73147931 - - default default] Added segment 617e965e-4a55-4ab9-80c3-da753049d319 of type geneve for network 93195269-ba76-40f1-b425-cacb60c9a030
2026-06-16 12:56:32.653 8 INFO neutron.db.ovn_revision_numbers_db [None req-0c951f2b-cb60-4df8-a656-56585067237e ffbf7eec280a4258a3e910ac81fd323d 143ce162cb64416fabd9c9ac73147931 - - default default] Successfully bumped revision number for resource 93195269-ba76-40f1-b425-cacb60c9a030 (type: networks) to 1 [pid: 7|app: 0|req: 1192/2474] 10.0.0.59 () {34 vars in 680 bytes} [Tue Jun 16 12:56:32 2026] POST /v2.0/rbac-policies => generated 324 bytes in 220 msecs (HTTP/1.1 201) 4 headers in 162 bytes (1 switches on core 0)
2026-06-16 12:56:32.801 8 WARNING neutron.scheduler.dhcp_agent_scheduler [None req-0c951f2b-cb60-4df8-a656-56585067237e ffbf7eec280a4258a3e910ac81fd323d 143ce162cb64416fabd9c9ac73147931 - - default default] No more DHCP agents
2026-06-16 12:56:32.802 8 WARNING neutron.api.rpc.agentnotifiers.dhcp_rpc_agent_api [None req-0c951f2b-cb60-4df8-a656-56585067237e ffbf7eec280a4258a3e910ac81fd323d 143ce162cb64416fabd9c9ac73147931 - - default default] Unable to schedule network 93195269-ba76-40f1-b425-cacb60c9a030: no agents available; will retry on subsequent port and subnet creation events.
2026-06-16 12:56:32.855 8 INFO neutron.plugins.ml2.drivers.ovn.mech_driver.mech_driver [None req-79b00521-768c-402e-bb03-56fbb4fd9111 - - - - - -] OVN reports status down for port: 2437d0c1-b630-4101-89f7-da93f5a64dea
2026-06-16 12:56:32.914 8 INFO neutron.db.ovn_revision_numbers_db [None req-0c951f2b-cb60-4df8-a656-56585067237e ffbf7eec280a4258a3e910ac81fd323d 143ce162cb64416fabd9c9ac73147931 - - default default] Successfully bumped revision number for resource 2437d0c1-b630-4101-89f7-da93f5a64dea (type: ports) to 1 [pid: 8|app: 0|req: 1283/2475] 10.0.0.59 () {34 vars in 669 bytes} [Tue Jun 16 12:56:32 2026] POST /v2.0/networks => generated 658 bytes in 789 msecs (HTTP/1.1 201) 4 headers in 162 bytes (1 switches on core 0)
2026-06-16 12:56:33.121 7 WARNING neutron.scheduler.dhcp_agent_scheduler [None req-29aa0314-647e-479e-aa12-a8a936e2416c ffbf7eec280a4258a3e910ac81fd323d 143ce162cb64416fabd9c9ac73147931 - - default default] No more DHCP agents
2026-06-16 12:56:33.122 7 WARNING neutron.api.rpc.agentnotifiers.dhcp_rpc_agent_api [None req-29aa0314-647e-479e-aa12-a8a936e2416c ffbf7eec280a4258a3e910ac81fd323d 143ce162cb64416fabd9c9ac73147931 - - default default] Unable to schedule network 93195269-ba76-40f1-b425-cacb60c9a030: no agents available; will retry on subsequent port and subnet creation events. [pid: 8|app: 0|req: 1284/2476] 10.0.0.59 () {32 vars in 722 bytes} [Tue Jun 16 12:56:33 2026] GET /v2.0/networks/5a58eb77-cc36-4e5c-907b-367af72a3691 => generated 692 bytes in 165 msecs (HTTP/1.1 200) 4 headers in 157 bytes (1 switches on core 0)
2026-06-16 12:56:33.540 7 INFO neutron.db.ovn_revision_numbers_db [None req-658135b3-d18f-4a6b-8aca-9e4bd1025bc5 - - - - - -] Successfully bumped revision number for resource 2437d0c1-b630-4101-89f7-da93f5a64dea (type: ports) to 2
2026-06-16 12:56:33.574 7 INFO neutron.db.ovn_revision_numbers_db [None req-658135b3-d18f-4a6b-8aca-9e4bd1025bc5 - - - - - -] Successfully bumped revision number for resource 4121bb5e-d01d-42a8-bcce-26bfcd7cef64 (type: subnets) to 0 [pid: 7|app: 0|req: 1193/2477] 10.0.0.59 () {34 vars in 668 bytes} [Tue Jun 16 12:56:32 2026] POST /v2.0/subnets => generated 658 bytes in 640 msecs (HTTP/1.1 201) 4 headers in 162 bytes (1 switches on core 0) [pid: 7|app: 0|req: 1194/2478] 10.0.0.59 () {32 vars in 721 bytes} [Tue Jun 16 12:56:33 2026] GET /v2.0/subnetpools?name=shared-default-subnetpool-v6 => generated 19 bytes in 114 msecs (HTTP/1.1 200) 4 headers in 156 bytes (1 switches on core 0)
2026-06-16 12:56:33.718 8 INFO neutron.db.ovn_revision_numbers_db [None req-de4deb19-d76b-4079-839e-d48054cca440 260e0ae4782e41058048c18c521e71d8 e97aeab460b0474d9794b3d8ffd8dc26 - - default default] Successfully bumped revision number for resource aa4072ad-1aee-4f0a-b1c7-837c65e066ed (type: security_groups) to 1
2026-06-16 12:56:33.730 8 INFO neutron.db.ovn_revision_numbers_db [None req-de4deb19-d76b-4079-839e-d48054cca440 260e0ae4782e41058048c18c521e71d8 e97aeab460b0474d9794b3d8ffd8dc26 - - default default] Successfully bumped revision number for resource 0b1c0881-d122-4f3e-9986-c507e5651b7f (type: security_group_rules) to 0
2026-06-16 12:56:33.743 8 INFO neutron.db.ovn_revision_numbers_db [None req-de4deb19-d76b-4079-839e-d48054cca440 260e0ae4782e41058048c18c521e71d8 e97aeab460b0474d9794b3d8ffd8dc26 - - default default] Successfully bumped revision number for resource 868032c1-b780-4419-a49b-5c2a5aaf56ab (type: security_group_rules) to 0
2026-06-16 12:56:33.757 7 INFO neutron.pecan_wsgi.hooks.translation [None req-a34c1b50-58f2-4917-8b02-443cbe048672 f9c8e1f2c6dd4a1483acc0eb2ea2683b 54ee2c03817943b38a24fd40e366037b - - default default] GET failed (client error): The resource could not be found. [pid: 7|app: 0|req: 1195/2479] 10.0.0.59 () {32 vars in 722 bytes} [Tue Jun 16 12:56:33 2026] GET /v2.0/networks/5a58eb77-cc36-4e5c-907b-367af72a3691 => generated 138 bytes in 47 msecs (HTTP/1.1 404) 4 headers in 164 bytes (1 switches on core 0)
2026-06-16 12:56:33.768 8 INFO neutron.db.ovn_revision_numbers_db [None req-de4deb19-d76b-4079-839e-d48054cca440 260e0ae4782e41058048c18c521e71d8 e97aeab460b0474d9794b3d8ffd8dc26 - - default default] Successfully bumped revision number for resource d33e3b9c-7050-4a1b-99bc-59d9aac665ce (type: security_group_rules) to 0
2026-06-16 12:56:33.783 8 INFO neutron.db.ovn_revision_numbers_db [None req-de4deb19-d76b-4079-839e-d48054cca440 260e0ae4782e41058048c18c521e71d8 e97aeab460b0474d9794b3d8ffd8dc26 - - default default] Successfully bumped revision number for resource d6789e8d-331d-46d1-b2f0-8aa137b97222 (type: security_group_rules) to 0
2026-06-16 12:56:33.853 8 INFO neutron.db.segments_db [None req-de4deb19-d76b-4079-839e-d48054cca440 260e0ae4782e41058048c18c521e71d8 e97aeab460b0474d9794b3d8ffd8dc26 - - default default] Added segment 67faab98-1692-4af3-bdc3-4946d7aeb8ba of type geneve for network 53f66e0f-5da8-4076-9fd2-7fe849295710
2026-06-16 12:56:33.983 8 INFO neutron.db.ovn_revision_numbers_db [None req-de4deb19-d76b-4079-839e-d48054cca440 260e0ae4782e41058048c18c521e71d8 e97aeab460b0474d9794b3d8ffd8dc26 - - default default] Successfully bumped revision number for resource 53f66e0f-5da8-4076-9fd2-7fe849295710 (type: networks) to 1
2026-06-16 12:56:33.995 7 WARNING neutron.scheduler.dhcp_agent_scheduler [None req-edbf97f7-df4e-424b-aafe-b2aaa96ddab8 ffbf7eec280a4258a3e910ac81fd323d 143ce162cb64416fabd9c9ac73147931 - - default default] No more DHCP agents
2026-06-16 12:56:33.997 7 WARNING neutron.api.rpc.agentnotifiers.dhcp_rpc_agent_api [None req-edbf97f7-df4e-424b-aafe-b2aaa96ddab8 ffbf7eec280a4258a3e910ac81fd323d 143ce162cb64416fabd9c9ac73147931 - - default default] Unable to schedule network 93195269-ba76-40f1-b425-cacb60c9a030: no agents available; will retry on subsequent port and subnet creation events.
2026-06-16 12:56:34.020 7 INFO neutron.db.ovn_revision_numbers_db [None req-edbf97f7-df4e-424b-aafe-b2aaa96ddab8 ffbf7eec280a4258a3e910ac81fd323d 143ce162cb64416fabd9c9ac73147931 - - default default] Successfully bumped revision number for resource 5ae2d647-5a93-4fb8-9770-73d33186f333 (type: subnets) to 0 [pid: 7|app: 0|req: 1196/2480] 10.0.0.59 () {34 vars in 668 bytes} [Tue Jun 16 12:56:33 2026] POST /v2.0/subnets => generated 731 bytes in 277 msecs (HTTP/1.1 201) 4 headers in 162 bytes (1 switches on core 0)
2026-06-16 12:56:34.176 8 WARNING neutron.scheduler.dhcp_agent_scheduler [None req-de4deb19-d76b-4079-839e-d48054cca440 260e0ae4782e41058048c18c521e71d8 e97aeab460b0474d9794b3d8ffd8dc26 - - default default] No more DHCP agents
2026-06-16 12:56:34.178 8 WARNING neutron.api.rpc.agentnotifiers.dhcp_rpc_agent_api [None req-de4deb19-d76b-4079-839e-d48054cca440 260e0ae4782e41058048c18c521e71d8 e97aeab460b0474d9794b3d8ffd8dc26 - - default default] Unable to schedule network 53f66e0f-5da8-4076-9fd2-7fe849295710: no agents available; will retry on subsequent port and subnet creation events.
2026-06-16 12:56:34.178 7 INFO neutron_taas.services.taas.taas_plugin [None req-1d932b2f-a761-4e6a-bb4d-5fc95044142d 19d12a9a729b49b4a1d5f5fb6cba11c9 c5b3a50814584660bd5d53c284e099fa - - default default] TaaS: Handle Delete Port: 5a9e3df6-f046-41c1-97e3-560965fee8ca
2026-06-16 12:56:34.182 7 INFO neutron_taas.services.taas.tap_mirror_plugin [None req-1d932b2f-a761-4e6a-bb4d-5fc95044142d 19d12a9a729b49b4a1d5f5fb6cba11c9 c5b3a50814584660bd5d53c284e099fa - - default default] Tap Mirror: Handle Delete Port: 5a9e3df6-f046-41c1-97e3-560965fee8ca
2026-06-16 12:56:34.224 8 INFO neutron.plugins.ml2.drivers.ovn.mech_driver.mech_driver [None req-79b00521-768c-402e-bb03-56fbb4fd9111 - - - - - -] OVN reports status down for port: ccc92efc-685b-41f0-bb87-2e53bc26f708
2026-06-16 12:56:34.280 8 INFO neutron.db.ovn_revision_numbers_db [None req-de4deb19-d76b-4079-839e-d48054cca440 260e0ae4782e41058048c18c521e71d8 e97aeab460b0474d9794b3d8ffd8dc26 - - default default] Successfully bumped revision number for resource ccc92efc-685b-41f0-bb87-2e53bc26f708 (type: ports) to 1 [pid: 8|app: 0|req: 1285/2481] 10.0.0.59 () {34 vars in 669 bytes} [Tue Jun 16 12:56:33 2026] POST /v2.0/networks => generated 648 bytes in 811 msecs (HTTP/1.1 201) 4 headers in 162 bytes (1 switches on core 0)
2026-06-16 12:56:34.431 8 INFO neutron.db.segments_db [None req-624ea279-616c-4503-bdee-56774ce22230 ffbf7eec280a4258a3e910ac81fd323d 143ce162cb64416fabd9c9ac73147931 - - default default] Added segment ddc20045-142f-44d4-ae6a-4bcfc1403cd7 of type geneve for network 3eed0855-206d-4e1d-9c61-6e5f8a729854
2026-06-16 12:56:34.496 7 INFO neutron.services.segments.plugin [-] Segment 37a0de90-428f-4c64-b737-3fcf0f5adcd4 resource provider aggregate not found
2026-06-16 12:56:34.501 7 INFO neutron.services.segments.plugin [-] Segment 37a0de90-428f-4c64-b737-3fcf0f5adcd4 resource provider aggregate not found
2026-06-16 12:56:34.508 7 INFO neutron.services.segments.plugin [-] Segment 37a0de90-428f-4c64-b737-3fcf0f5adcd4 resource provider not found; error: Placement Client Error (4xx): {"errors": [{"status": 404, "title": "Not Found", "detail": "The resource could not be found.\n\n No resource provider with uuid 37a0de90-428f-4c64-b737-3fcf0f5adcd4 found for delete ", "request_id": "req-af1d0f33-6144-4329-92fb-22a59ad14f00"}]}
2026-06-16 12:56:34.527 7 INFO neutron.services.segments.plugin [-] Segment 37a0de90-428f-4c64-b737-3fcf0f5adcd4 resource provider not found; error: Placement Client Error (4xx): {"errors": [{"status": 404, "title": "Not Found", "detail": "The resource could not be found.\n\n No resource provider with uuid 37a0de90-428f-4c64-b737-3fcf0f5adcd4 found for delete ", "request_id": "req-6da1a700-f326-42c2-b3ae-81acd1d6e1ab"}]} [pid: 7|app: 0|req: 1197/2482] 10.0.0.59 () {32 vars in 725 bytes} [Tue Jun 16 12:56:34 2026] DELETE /v2.0/networks/5a58eb77-cc36-4e5c-907b-367af72a3691 => generated 0 bytes in 514 msecs (HTTP/1.1 204) 3 headers in 131 bytes (1 switches on core 0)
2026-06-16 12:56:34.561 8 INFO neutron.db.ovn_revision_numbers_db [None req-624ea279-616c-4503-bdee-56774ce22230 ffbf7eec280a4258a3e910ac81fd323d 143ce162cb64416fabd9c9ac73147931 - - default default] Successfully bumped revision number for resource 3eed0855-206d-4e1d-9c61-6e5f8a729854 (type: networks) to 1
2026-06-16 12:56:34.729 8 WARNING neutron.scheduler.dhcp_agent_scheduler [None req-624ea279-616c-4503-bdee-56774ce22230 ffbf7eec280a4258a3e910ac81fd323d 143ce162cb64416fabd9c9ac73147931 - - default default] No more DHCP agents
2026-06-16 12:56:34.731 8 WARNING neutron.api.rpc.agentnotifiers.dhcp_rpc_agent_api [None req-624ea279-616c-4503-bdee-56774ce22230 ffbf7eec280a4258a3e910ac81fd323d 143ce162cb64416fabd9c9ac73147931 - - default default] Unable to schedule network 3eed0855-206d-4e1d-9c61-6e5f8a729854: no agents available; will retry on subsequent port and subnet creation events.
2026-06-16 12:56:34.737 7 WARNING neutron.scheduler.dhcp_agent_scheduler [None req-62372b87-acc5-4ae8-9f73-47331d8388fb 260e0ae4782e41058048c18c521e71d8 e97aeab460b0474d9794b3d8ffd8dc26 - - default default] No more DHCP agents
2026-06-16 12:56:34.738 7 WARNING neutron.api.rpc.agentnotifiers.dhcp_rpc_agent_api [None req-62372b87-acc5-4ae8-9f73-47331d8388fb 260e0ae4782e41058048c18c521e71d8 e97aeab460b0474d9794b3d8ffd8dc26 - - default default] Unable to schedule network 53f66e0f-5da8-4076-9fd2-7fe849295710: no agents available; will retry on subsequent port and subnet creation events.
2026-06-16 12:56:34.803 7 INFO neutron.plugins.ml2.drivers.ovn.mech_driver.mech_driver [None req-78bfd4c7-973f-4fb8-b3d2-7c0e3a2ab530 - - - - - -] OVN reports status down for port: 8ca747b8-c782-4064-a263-ff033fd9787e
2026-06-16 12:56:34.820 8 INFO neutron.db.ovn_revision_numbers_db [None req-624ea279-616c-4503-bdee-56774ce22230 ffbf7eec280a4258a3e910ac81fd323d 143ce162cb64416fabd9c9ac73147931 - - default default] Successfully bumped revision number for resource 8ca747b8-c782-4064-a263-ff033fd9787e (type: ports) to 1 [pid: 8|app: 0|req: 1286/2483] 10.0.0.59 () {34 vars in 669 bytes} [Tue Jun 16 12:56:34 2026] POST /v2.0/networks => generated 656 bytes in 520 msecs (HTTP/1.1 201) 4 headers in 162 bytes (1 switches on core 0)
2026-06-16 12:56:34.867 8 INFO neutron.pecan_wsgi.hooks.translation [None req-b8cdfb63-5e26-4dff-b3b2-fb3e982ab77d 19d12a9a729b49b4a1d5f5fb6cba11c9 c5b3a50814584660bd5d53c284e099fa - - default default] DELETE failed (client error): The resource could not be found. [pid: 8|app: 0|req: 1287/2484] 10.0.0.59 () {32 vars in 723 bytes} [Tue Jun 16 12:56:34 2026] DELETE /v2.0/subnets/77a2e032-391e-40a0-a152-a400538ed0b7 => generated 136 bytes in 17 msecs (HTTP/1.1 404) 4 headers in 164 bytes (1 switches on core 0)
2026-06-16 12:56:35.052 8 WARNING neutron.scheduler.dhcp_agent_scheduler [None req-a65c6039-a933-45bd-9b52-42d336e831ae ffbf7eec280a4258a3e910ac81fd323d 143ce162cb64416fabd9c9ac73147931 - - default default] No more DHCP agents
2026-06-16 12:56:35.054 8 WARNING neutron.api.rpc.agentnotifiers.dhcp_rpc_agent_api [None req-a65c6039-a933-45bd-9b52-42d336e831ae ffbf7eec280a4258a3e910ac81fd323d 143ce162cb64416fabd9c9ac73147931 - - default default] Unable to schedule network 3eed0855-206d-4e1d-9c61-6e5f8a729854: no agents available; will retry on subsequent port and subnet creation events.
2026-06-16 12:56:35.296 7 INFO neutron.db.ovn_revision_numbers_db [None req-8e7a1a61-da49-439f-8925-0bcad181471a - - - - - -] Successfully bumped revision number for resource ccc92efc-685b-41f0-bb87-2e53bc26f708 (type: ports) to 2
2026-06-16 12:56:35.331 7 INFO neutron.db.ovn_revision_numbers_db [None req-8e7a1a61-da49-439f-8925-0bcad181471a - - - - - -] Successfully bumped revision number for resource 2a8b663d-25a0-44a7-9c78-c73193263767 (type: subnets) to 0 [pid: 7|app: 0|req: 1198/2485] 10.0.0.59 () {34 vars in 668 bytes} [Tue Jun 16 12:56:34 2026] POST /v2.0/subnets => generated 626 bytes in 795 msecs (HTTP/1.1 201) 4 headers in 162 bytes (1 switches on core 0)
2026-06-16 12:56:35.357 7 INFO neutron.pecan_wsgi.hooks.translation [None req-651d264e-078d-45e9-9f21-da8f677b653a 19d12a9a729b49b4a1d5f5fb6cba11c9 c5b3a50814584660bd5d53c284e099fa - - default default] DELETE failed (client error): The resource could not be found. [pid: 7|app: 0|req: 1199/2486] 10.0.0.59 () {32 vars in 723 bytes} [Tue Jun 16 12:56:35 2026] DELETE /v2.0/subnets/233c0046-fbe2-4603-a8ed-498ffa7402c2 => generated 136 bytes in 12 msecs (HTTP/1.1 404) 4 headers in 164 bytes (1 switches on core 0)
2026-06-16 12:56:35.433 7 INFO neutron.db.segments_db [None req-0c643aee-722f-40e3-a0aa-bb50d61e5cf2 260e0ae4782e41058048c18c521e71d8 e97aeab460b0474d9794b3d8ffd8dc26 - - default default] Added segment 61a269c3-314e-42d4-8bcd-5ef164e5d91d of type geneve for network e60ca8f6-cc48-465f-b691-0c8474fbbafd
2026-06-16 12:56:35.533 8 INFO neutron.db.ovn_revision_numbers_db [None req-8077cf88-10c1-46b0-9764-03795b5f700c - - - - - -] Successfully bumped revision number for resource 8ca747b8-c782-4064-a263-ff033fd9787e (type: ports) to 2
2026-06-16 12:56:35.549 7 INFO neutron.db.ovn_revision_numbers_db [None req-0c643aee-722f-40e3-a0aa-bb50d61e5cf2 260e0ae4782e41058048c18c521e71d8 e97aeab460b0474d9794b3d8ffd8dc26 - - default default] Successfully bumped revision number for resource e60ca8f6-cc48-465f-b691-0c8474fbbafd (type: networks) to 1
2026-06-16 12:56:35.563 8 INFO neutron.db.ovn_revision_numbers_db [None req-8077cf88-10c1-46b0-9764-03795b5f700c - - - - - -] Successfully bumped revision number for resource a4fb4a96-0f6b-4c25-b7bf-c4c9810765f3 (type: subnets) to 0 [pid: 8|app: 0|req: 1288/2487] 10.0.0.59 () {34 vars in 668 bytes} [Tue Jun 16 12:56:34 2026] POST /v2.0/subnets => generated 655 bytes in 710 msecs (HTTP/1.1 201) 4 headers in 162 bytes (1 switches on core 0)
2026-06-16 12:56:35.592 8 INFO neutron.pecan_wsgi.hooks.translation [None req-57dc39f9-4198-40d4-8d14-de71df45e9d8 19d12a9a729b49b4a1d5f5fb6cba11c9 c5b3a50814584660bd5d53c284e099fa - - default default] DELETE failed (client error): The resource could not be found. [pid: 8|app: 0|req: 1289/2488] 10.0.0.59 () {32 vars in 723 bytes} [Tue Jun 16 12:56:35 2026] DELETE /v2.0/subnets/6f09c30e-c5cd-4154-94b1-791a88dd8641 => generated 136 bytes in 14 msecs (HTTP/1.1 404) 4 headers in 164 bytes (1 switches on core 0)
2026-06-16 12:56:35.689 7 WARNING neutron.scheduler.dhcp_agent_scheduler [None req-0c643aee-722f-40e3-a0aa-bb50d61e5cf2 260e0ae4782e41058048c18c521e71d8 e97aeab460b0474d9794b3d8ffd8dc26 - - default default] No more DHCP agents
2026-06-16 12:56:35.690 7 WARNING neutron.api.rpc.agentnotifiers.dhcp_rpc_agent_api [None req-0c643aee-722f-40e3-a0aa-bb50d61e5cf2 260e0ae4782e41058048c18c521e71d8 e97aeab460b0474d9794b3d8ffd8dc26 - - default default] Unable to schedule network e60ca8f6-cc48-465f-b691-0c8474fbbafd: no agents available; will retry on subsequent port and subnet creation events.
2026-06-16 12:56:35.747 7 INFO neutron.plugins.ml2.drivers.ovn.mech_driver.mech_driver [None req-78bfd4c7-973f-4fb8-b3d2-7c0e3a2ab530 - - - - - -] OVN reports status down for port: ce94371b-0ed3-4ae1-bf9a-dee885691ac2
2026-06-16 12:56:35.796 8 WARNING neutron.scheduler.dhcp_agent_scheduler [None req-50c30bb5-b4e8-412f-9455-f1262b1048f9 ffbf7eec280a4258a3e910ac81fd323d 143ce162cb64416fabd9c9ac73147931 - - default default] No more DHCP agents
2026-06-16 12:56:35.798 8 WARNING neutron.api.rpc.agentnotifiers.dhcp_rpc_agent_api [None req-50c30bb5-b4e8-412f-9455-f1262b1048f9 ffbf7eec280a4258a3e910ac81fd323d 143ce162cb64416fabd9c9ac73147931 - - default default] Unable to schedule network 3eed0855-206d-4e1d-9c61-6e5f8a729854: no agents available; will retry on subsequent port and subnet creation events.
2026-06-16 12:56:35.814 7 INFO neutron.db.ovn_revision_numbers_db [None req-0c643aee-722f-40e3-a0aa-bb50d61e5cf2 260e0ae4782e41058048c18c521e71d8 e97aeab460b0474d9794b3d8ffd8dc26 - - default default] Successfully bumped revision number for resource ce94371b-0ed3-4ae1-bf9a-dee885691ac2 (type: ports) to 1
2026-06-16 12:56:35.835 8 INFO neutron.db.ovn_revision_numbers_db [None req-50c30bb5-b4e8-412f-9455-f1262b1048f9 ffbf7eec280a4258a3e910ac81fd323d 143ce162cb64416fabd9c9ac73147931 - - default default] Successfully bumped revision number for resource a177cbc8-1867-41a8-a6b2-090294e4b8ad (type: subnets) to 0 [pid: 8|app: 0|req: 1290/2489] 10.0.0.59 () {34 vars in 668 bytes} [Tue Jun 16 12:56:35 2026] POST /v2.0/subnets => generated 725 bytes in 259 msecs (HTTP/1.1 201) 4 headers in 162 bytes (1 switches on core 0) [pid: 7|app: 0|req: 1200/2490] 10.0.0.59 () {34 vars in 669 bytes} [Tue Jun 16 12:56:35 2026] POST /v2.0/networks => generated 651 bytes in 499 msecs (HTTP/1.1 201) 4 headers in 162 bytes (1 switches on core 0)
2026-06-16 12:56:35.961 8 INFO neutron.db.segments_db [None req-aad71cc1-4fc4-4f67-bcd5-78a0d522edf7 ffbf7eec280a4258a3e910ac81fd323d 143ce162cb64416fabd9c9ac73147931 - - default default] Added segment 9c1eb0e5-6317-4265-954c-18b74785ccf6 of type geneve for network e50d4879-8159-4b0f-bc68-eb252beb75ca
2026-06-16 12:56:36.040 7 WARNING neutron.scheduler.dhcp_agent_scheduler [None req-40719974-3364-4f3c-9f3c-fee6fb778cf8 260e0ae4782e41058048c18c521e71d8 e97aeab460b0474d9794b3d8ffd8dc26 - - default default] No more DHCP agents
2026-06-16 12:56:36.041 7 WARNING neutron.api.rpc.agentnotifiers.dhcp_rpc_agent_api [None req-40719974-3364-4f3c-9f3c-fee6fb778cf8 260e0ae4782e41058048c18c521e71d8 e97aeab460b0474d9794b3d8ffd8dc26 - - default default] Unable to schedule network e60ca8f6-cc48-465f-b691-0c8474fbbafd: no agents available; will retry on subsequent port and subnet creation events.
2026-06-16 12:56:36.086 8 INFO neutron.db.ovn_revision_numbers_db [None req-aad71cc1-4fc4-4f67-bcd5-78a0d522edf7 ffbf7eec280a4258a3e910ac81fd323d 143ce162cb64416fabd9c9ac73147931 - - default default] Successfully bumped revision number for resource e50d4879-8159-4b0f-bc68-eb252beb75ca (type: networks) to 1
2026-06-16 12:56:36.257 8 WARNING neutron.scheduler.dhcp_agent_scheduler [None req-aad71cc1-4fc4-4f67-bcd5-78a0d522edf7 ffbf7eec280a4258a3e910ac81fd323d 143ce162cb64416fabd9c9ac73147931 - - default default] No more DHCP agents
2026-06-16 12:56:36.259 8 WARNING neutron.api.rpc.agentnotifiers.dhcp_rpc_agent_api [None req-aad71cc1-4fc4-4f67-bcd5-78a0d522edf7 ffbf7eec280a4258a3e910ac81fd323d 143ce162cb64416fabd9c9ac73147931 - - default default] Unable to schedule network e50d4879-8159-4b0f-bc68-eb252beb75ca: no agents available; will retry on subsequent port and subnet creation events.
2026-06-16 12:56:36.311 8 INFO neutron.plugins.ml2.drivers.ovn.mech_driver.mech_driver [None req-79b00521-768c-402e-bb03-56fbb4fd9111 - - - - - -] OVN reports status down for port: a6c95d2e-64c5-4b33-8a03-de8adfb7571b
2026-06-16 12:56:36.378 8 INFO neutron.db.ovn_revision_numbers_db [None req-aad71cc1-4fc4-4f67-bcd5-78a0d522edf7 ffbf7eec280a4258a3e910ac81fd323d 143ce162cb64416fabd9c9ac73147931 - - default default] Successfully bumped revision number for resource a6c95d2e-64c5-4b33-8a03-de8adfb7571b (type: ports) to 1 [pid: 8|app: 0|req: 1291/2491] 10.0.0.59 () {34 vars in 669 bytes} [Tue Jun 16 12:56:35 2026] POST /v2.0/networks => generated 657 bytes in 572 msecs (HTTP/1.1 201) 4 headers in 162 bytes (1 switches on core 0)
2026-06-16 12:56:36.466 7 INFO neutron.db.ovn_revision_numbers_db [None req-6932edba-e1a7-49ab-8d46-ff63110fa01c - - - - - -] Successfully bumped revision number for resource ce94371b-0ed3-4ae1-bf9a-dee885691ac2 (type: ports) to 2
2026-06-16 12:56:36.499 7 INFO neutron.db.ovn_revision_numbers_db [None req-6932edba-e1a7-49ab-8d46-ff63110fa01c - - - - - -] Successfully bumped revision number for resource 4405ff40-d71d-4d4d-886e-06304865efb5 (type: subnets) to 0 [pid: 7|app: 0|req: 1201/2492] 10.0.0.59 () {34 vars in 668 bytes} [Tue Jun 16 12:56:35 2026] POST /v2.0/subnets => generated 629 bytes in 652 msecs (HTTP/1.1 201) 4 headers in 162 bytes (1 switches on core 0) [pid: 8|app: 0|req: 1292/2493] 10.0.0.59 () {32 vars in 773 bytes} [Tue Jun 16 12:56:36 2026] GET /v2.0/security-groups?tenant_id=c5b3a50814584660bd5d53c284e099fa&name=default => generated 2925 bytes in 165 msecs (HTTP/1.1 200) 4 headers in 158 bytes (1 switches on core 0)
2026-06-16 12:56:36.679 8 INFO neutron.db.segments_db [None req-2aa9c117-1098-4084-bdbe-ee6cd945d74e 260e0ae4782e41058048c18c521e71d8 e97aeab460b0474d9794b3d8ffd8dc26 - - default default] Added segment 75d62106-3266-4411-9b01-4ae52151d6cf of type geneve for network bbfb90bb-1e6e-4455-8de7-353c94ae5c14
2026-06-16 12:56:36.679 7 WARNING neutron.scheduler.dhcp_agent_scheduler [None req-e98057ba-7857-40b9-88fa-95f028618d37 ffbf7eec280a4258a3e910ac81fd323d 143ce162cb64416fabd9c9ac73147931 - - default default] No more DHCP agents
2026-06-16 12:56:36.680 7 WARNING neutron.api.rpc.agentnotifiers.dhcp_rpc_agent_api [None req-e98057ba-7857-40b9-88fa-95f028618d37 ffbf7eec280a4258a3e910ac81fd323d 143ce162cb64416fabd9c9ac73147931 - - default default] Unable to schedule network e50d4879-8159-4b0f-bc68-eb252beb75ca: no agents available; will retry on subsequent port and subnet creation events.
2026-06-16 12:56:36.788 8 INFO neutron.db.ovn_revision_numbers_db [None req-2aa9c117-1098-4084-bdbe-ee6cd945d74e 260e0ae4782e41058048c18c521e71d8 e97aeab460b0474d9794b3d8ffd8dc26 - - default default] Successfully bumped revision number for resource bbfb90bb-1e6e-4455-8de7-353c94ae5c14 (type: networks) to 1
2026-06-16 12:56:36.996 8 WARNING neutron.scheduler.dhcp_agent_scheduler [None req-2aa9c117-1098-4084-bdbe-ee6cd945d74e 260e0ae4782e41058048c18c521e71d8 e97aeab460b0474d9794b3d8ffd8dc26 - - default default] No more DHCP agents
2026-06-16 12:56:36.998 8 WARNING neutron.api.rpc.agentnotifiers.dhcp_rpc_agent_api [None req-2aa9c117-1098-4084-bdbe-ee6cd945d74e 260e0ae4782e41058048c18c521e71d8 e97aeab460b0474d9794b3d8ffd8dc26 - - default default] Unable to schedule network bbfb90bb-1e6e-4455-8de7-353c94ae5c14: no agents available; will retry on subsequent port and subnet creation events.
2026-06-16 12:56:37.061 7 INFO neutron.plugins.ml2.drivers.ovn.mech_driver.mech_driver [None req-78bfd4c7-973f-4fb8-b3d2-7c0e3a2ab530 - - - - - -] OVN reports status down for port: 69e9ad7b-e1ed-4ef5-8182-e92a8f18babe
2026-06-16 12:56:37.083 8 INFO neutron.db.ovn_revision_numbers_db [None req-2aa9c117-1098-4084-bdbe-ee6cd945d74e 260e0ae4782e41058048c18c521e71d8 e97aeab460b0474d9794b3d8ffd8dc26 - - default default] Successfully bumped revision number for resource 69e9ad7b-e1ed-4ef5-8182-e92a8f18babe (type: ports) to 1 [pid: 8|app: 0|req: 1293/2494] 10.0.0.59 () {34 vars in 669 bytes} [Tue Jun 16 12:56:36 2026] POST /v2.0/networks => generated 651 bytes in 511 msecs (HTTP/1.1 201) 4 headers in 162 bytes (1 switches on core 0)
2026-06-16 12:56:37.190 7 INFO neutron.db.ovn_revision_numbers_db [None req-d56bda6b-7b22-49d5-aa98-e40d960e9a93 - - - - - -] Successfully bumped revision number for resource a6c95d2e-64c5-4b33-8a03-de8adfb7571b (type: ports) to 2
2026-06-16 12:56:37.221 7 INFO neutron.db.ovn_revision_numbers_db [None req-d56bda6b-7b22-49d5-aa98-e40d960e9a93 - - - - - -] Successfully bumped revision number for resource 3ee7b206-d862-4b20-8113-ffb5e182b820 (type: subnets) to 0 [pid: 7|app: 0|req: 1202/2495] 10.0.0.59 () {34 vars in 668 bytes} [Tue Jun 16 12:56:36 2026] POST /v2.0/subnets => generated 656 bytes in 720 msecs (HTTP/1.1 201) 4 headers in 162 bytes (1 switches on core 0) [pid: 8|app: 0|req: 1294/2496] 10.0.0.59 () {32 vars in 739 bytes} [Tue Jun 16 12:56:37 2026] DELETE /v2.0/security-groups/44f174b0-fe49-4db4-bea1-e7d689425779 => generated 0 bytes in 263 msecs (HTTP/1.1 204) 2 headers in 112 bytes (1 switches on core 0)
2026-06-16 12:56:37.586 8 WARNING neutron.scheduler.dhcp_agent_scheduler [None req-da5c1fc2-50de-4daa-b53c-39edc755c2e2 ffbf7eec280a4258a3e910ac81fd323d 143ce162cb64416fabd9c9ac73147931 - - default default] No more DHCP agents
2026-06-16 12:56:37.587 8 WARNING neutron.api.rpc.agentnotifiers.dhcp_rpc_agent_api [None req-da5c1fc2-50de-4daa-b53c-39edc755c2e2 ffbf7eec280a4258a3e910ac81fd323d 143ce162cb64416fabd9c9ac73147931 - - default default] Unable to schedule network e50d4879-8159-4b0f-bc68-eb252beb75ca: no agents available; will retry on subsequent port and subnet creation events.
2026-06-16 12:56:37.633 8 INFO neutron.db.ovn_revision_numbers_db [None req-da5c1fc2-50de-4daa-b53c-39edc755c2e2 ffbf7eec280a4258a3e910ac81fd323d 143ce162cb64416fabd9c9ac73147931 - - default default] Successfully bumped revision number for resource 702a1f13-ee07-41eb-904b-2cff9189b6ee (type: subnets) to 0 [pid: 8|app: 0|req: 1297/2499] 10.0.0.59 () {34 vars in 668 bytes} [Tue Jun 16 12:56:37 2026] POST /v2.0/subnets => generated 730 bytes in 274 msecs (HTTP/1.1 201) 4 headers in 162 bytes (1 switches on core 0)
2026-06-16 12:56:37.781 8 INFO neutron.db.ovn_revision_numbers_db [None req-1c5b4507-6541-4ae8-9901-3ef586e3360b 80ac3f33aab54e149d19e3b69e7f5390 dca28c02e1e74653ae3fc216103007ca - - default default] Successfully bumped revision number for resource 4be523a0-1bf6-4108-9534-c9df4b6120ee (type: security_groups) to 1
2026-06-16 12:56:37.794 8 INFO neutron.db.ovn_revision_numbers_db [None req-1c5b4507-6541-4ae8-9901-3ef586e3360b 80ac3f33aab54e149d19e3b69e7f5390 dca28c02e1e74653ae3fc216103007ca - - default default] Successfully bumped revision number for resource 3780a710-0db3-4a28-b902-ffd986a66702 (type: security_group_rules) to 0
2026-06-16 12:56:37.805 8 INFO neutron.db.ovn_revision_numbers_db [None req-1c5b4507-6541-4ae8-9901-3ef586e3360b 80ac3f33aab54e149d19e3b69e7f5390 dca28c02e1e74653ae3fc216103007ca - - default default] Successfully bumped revision number for resource 6734e5b8-cae7-4293-8a26-4e0a540075bf (type: security_group_rules) to 0
2026-06-16 12:56:37.817 8 INFO neutron.db.ovn_revision_numbers_db [None req-1c5b4507-6541-4ae8-9901-3ef586e3360b 80ac3f33aab54e149d19e3b69e7f5390 dca28c02e1e74653ae3fc216103007ca - - default default] Successfully bumped revision number for resource 85930701-29c3-40f9-b109-2cd367235ad7 (type: security_group_rules) to 0
2026-06-16 12:56:37.829 8 INFO neutron.db.ovn_revision_numbers_db [None req-1c5b4507-6541-4ae8-9901-3ef586e3360b 80ac3f33aab54e149d19e3b69e7f5390 dca28c02e1e74653ae3fc216103007ca - - default default] Successfully bumped revision number for resource e693e327-ed26-4bc4-a066-b5a8be77a17a (type: security_group_rules) to 0 [pid: 8|app: 0|req: 1298/2500] 10.0.0.59 () {32 vars in 773 bytes} [Tue Jun 16 12:56:37 2026] GET /v2.0/security-groups?tenant_id=975158f36aed4e2c899537e1bf2535bc&name=default => generated 2925 bytes in 218 msecs (HTTP/1.1 200) 4 headers in 158 bytes (1 switches on core 0)
2026-06-16 12:56:37.991 7 WARNING neutron.scheduler.dhcp_agent_scheduler [None req-d190c117-26d3-46b6-8d0d-fe09dc301464 260e0ae4782e41058048c18c521e71d8 e97aeab460b0474d9794b3d8ffd8dc26 - - default default] No more DHCP agents
2026-06-16 12:56:37.993 7 WARNING neutron.api.rpc.agentnotifiers.dhcp_rpc_agent_api [None req-d190c117-26d3-46b6-8d0d-fe09dc301464 260e0ae4782e41058048c18c521e71d8 e97aeab460b0474d9794b3d8ffd8dc26 - - default default] Unable to schedule network bbfb90bb-1e6e-4455-8de7-353c94ae5c14: no agents available; will retry on subsequent port and subnet creation events.
2026-06-16 12:56:38.305 8 WARNING neutron.scheduler.dhcp_agent_scheduler [None req-d5c69aa4-77e9-425c-bd93-bbc48da7c4d9 ffbf7eec280a4258a3e910ac81fd323d 143ce162cb64416fabd9c9ac73147931 - - default default] No more DHCP agents
2026-06-16 12:56:38.307 8 WARNING neutron.api.rpc.agentnotifiers.dhcp_rpc_agent_api [None req-d5c69aa4-77e9-425c-bd93-bbc48da7c4d9 ffbf7eec280a4258a3e910ac81fd323d 143ce162cb64416fabd9c9ac73147931 - - default default] Unable to schedule network acde96ef-e323-4d7c-a77e-c999b61a0815: no agents available; will retry on subsequent port and subnet creation events.
2026-06-16 12:56:38.409 7 INFO neutron.db.ovn_revision_numbers_db [None req-905aac9b-1825-4acd-b18a-3ade94e581f4 - - - - - -] Successfully bumped revision number for resource 69e9ad7b-e1ed-4ef5-8182-e92a8f18babe (type: ports) to 2
2026-06-16 12:56:38.441 7 INFO neutron.plugins.ml2.drivers.ovn.mech_driver.mech_driver [None req-78bfd4c7-973f-4fb8-b3d2-7c0e3a2ab530 - - - - - -] OVN reports status down for port: ecac91dc-359f-48de-93ea-8c2c2345358c
2026-06-16 12:56:38.452 8 INFO neutron.db.ovn_revision_numbers_db [None req-d5c69aa4-77e9-425c-bd93-bbc48da7c4d9 ffbf7eec280a4258a3e910ac81fd323d 143ce162cb64416fabd9c9ac73147931 - - default default] Successfully bumped revision number for resource ecac91dc-359f-48de-93ea-8c2c2345358c (type: ports) to 1
