2026-06-16 12:53:59.262 8 INFO neutron.plugins.ml2.drivers.ovn.mech_driver.mech_driver [None req-1c6e460b-e22b-43fa-bd0e-6c843fbd7e83 - - - - - -] OVN reports status down for port: 051c6adc-6889-4923-b97a-6bddf4e4a25f
2026-06-16 12:53:59.270 7 WARNING neutron.scheduler.dhcp_agent_scheduler [None req-0c8ddeae-dd06-41b1-91fc-18ba8e2c249e 046c835008794441acfdfab6734b9223 92bdd90e3ca142359be68e84fc640f30 - - default default] No more DHCP agents
2026-06-16 12:53:59.271 7 WARNING neutron.api.rpc.agentnotifiers.dhcp_rpc_agent_api [None req-0c8ddeae-dd06-41b1-91fc-18ba8e2c249e 046c835008794441acfdfab6734b9223 92bdd90e3ca142359be68e84fc640f30 - - default default] Unable to schedule network b1789b41-f81d-4875-9668-eb288081d665: no agents available; will retry on subsequent port and subnet creation events. [pid: 8|app: 0|req: 659/1324] 10.0.0.59 () {32 vars in 723 bytes} [Tue Jun 16 12:53:59 2026] DELETE /v2.0/subnets/9d655730-e6a8-44cf-950e-274a4ee83bf5 => generated 0 bytes in 241 msecs (HTTP/1.1 204) 3 headers in 131 bytes (1 switches on core 0)
2026-06-16 12:53:59.504 8 INFO neutron.notifiers.nova [-] Nova event matching ['req-b45f2006-8b3c-4906-952f-59c98926127a'] response: {'server_uuid': 'eb526e53-8df8-4d00-8f44-9824fb4d2a1f', 'name': 'network-vif-unplugged', 'status': 'completed', 'tag': '051c6adc-6889-4923-b97a-6bddf4e4a25f', 'code': 200}
2026-06-16 12:53:59.627 8 INFO neutron_taas.services.taas.taas_plugin [None req-c148b840-1637-49bd-b81b-343044b3e4b6 80ac3f33aab54e149d19e3b69e7f5390 dca28c02e1e74653ae3fc216103007ca - - default default] TaaS: Handle Delete Port: 62acfcbd-a561-41da-904a-5fc7c9b170a6
2026-06-16 12:53:59.634 8 INFO neutron_taas.services.taas.tap_mirror_plugin [None req-c148b840-1637-49bd-b81b-343044b3e4b6 80ac3f33aab54e149d19e3b69e7f5390 dca28c02e1e74653ae3fc216103007ca - - default default] Tap Mirror: Handle Delete Port: 62acfcbd-a561-41da-904a-5fc7c9b170a6
2026-06-16 12:53:59.671 8 INFO neutron.db.ovn_revision_numbers_db [None req-1c6e460b-e22b-43fa-bd0e-6c843fbd7e83 - - - - - -] Successfully bumped revision number for resource 051c6adc-6889-4923-b97a-6bddf4e4a25f (type: ports) to 6
2026-06-16 12:53:59.815 7 INFO neutron.db.ovn_revision_numbers_db [None req-df784f02-0265-4180-aa62-e256cadce727 - - - - - -] Successfully bumped revision number for resource 6a002620-1cf1-4624-a1ad-c49996963412 (type: ports) to 2
2026-06-16 12:53:59.858 7 INFO neutron.db.ovn_revision_numbers_db [None req-df784f02-0265-4180-aa62-e256cadce727 - - - - - -] Successfully bumped revision number for resource fdbbd98d-9f8f-40d7-b6ec-0c12af2f468a (type: subnets) to 0
2026-06-16 12:53:59.871 8 INFO neutron.services.segments.plugin [-] Segment 0446a0be-ffaa-47da-9646-dc9007a773b5 resource provider aggregate not found
2026-06-16 12:53:59.878 8 INFO neutron.services.segments.plugin [-] Segment 0446a0be-ffaa-47da-9646-dc9007a773b5 resource provider aggregate not found [pid: 7|app: 0|req: 666/1325] 10.0.0.59 () {34 vars in 668 bytes} [Tue Jun 16 12:53:59 2026] POST /v2.0/subnets => generated 626 bytes in 829 msecs (HTTP/1.1 201) 4 headers in 162 bytes (1 switches on core 0)
2026-06-16 12:53:59.906 8 INFO neutron.services.segments.plugin [-] Segment 0446a0be-ffaa-47da-9646-dc9007a773b5 resource provider not found; error: Placement Client Error (4xx): {"errors": [{"status": 404, "title": "Not Found", "detail": "The resource could not be found.\n\n No resource provider with uuid 0446a0be-ffaa-47da-9646-dc9007a773b5 found for delete ", "request_id": "req-ce418923-1177-44f6-94e3-c48594f99529"}]}
2026-06-16 12:53:59.907 8 INFO neutron.services.segments.plugin [-] Segment 0446a0be-ffaa-47da-9646-dc9007a773b5 resource provider not found; error: Placement Client Error (4xx): {"errors": [{"status": 404, "title": "Not Found", "detail": "The resource could not be found.\n\n No resource provider with uuid 0446a0be-ffaa-47da-9646-dc9007a773b5 found for delete ", "request_id": "req-f4115a11-f211-472e-8c28-82eb6f2f4581"}]} [pid: 8|app: 0|req: 660/1326] 10.0.0.59 () {32 vars in 725 bytes} [Tue Jun 16 12:53:59 2026] DELETE /v2.0/networks/90c2a270-74e9-487f-8efb-d6823ceee3cd => generated 0 bytes in 551 msecs (HTTP/1.1 204) 3 headers in 131 bytes (1 switches on core 0) /var/lib/openstack/lib/python3.12/site-packages/pycadf/identifier.py:70: UserWarning: Invalid uuid: neutron. To ensure interoperability, identifiers should be a valid uuid. warnings.warn(('Invalid uuid: %s. To ensure interoperability, ' [pid: 8|app: 0|req: 661/1327] 10.0.0.59 () {32 vars in 773 bytes} [Tue Jun 16 12:54:00 2026] GET /v2.0/security-groups?tenant_id=717c5108ebce4da7b6ab633e6987ab5f&name=default => generated 2925 bytes in 24 msecs (HTTP/1.1 200) 4 headers in 158 bytes (1 switches on core 0)
2026-06-16 12:54:00.103 7 WARNING neutron.scheduler.dhcp_agent_scheduler [None req-e69ab903-644d-4010-9a4e-246820f9ee3c 046c835008794441acfdfab6734b9223 92bdd90e3ca142359be68e84fc640f30 - - default default] No more DHCP agents
2026-06-16 12:54:00.105 7 WARNING neutron.api.rpc.agentnotifiers.dhcp_rpc_agent_api [None req-e69ab903-644d-4010-9a4e-246820f9ee3c 046c835008794441acfdfab6734b9223 92bdd90e3ca142359be68e84fc640f30 - - default default] Unable to schedule network 68118393-9695-4e15-8e5d-a32bab059c49: no agents available; will retry on subsequent port and subnet creation events. [pid: 8|app: 0|req: 662/1328] 10.0.0.59 () {32 vars in 739 bytes} [Tue Jun 16 12:54:00 2026] DELETE /v2.0/security-groups/5d9dedf1-dc86-448a-b5b4-339b248fa54a => generated 0 bytes in 196 msecs (HTTP/1.1 204) 2 headers in 112 bytes (1 switches on core 0) [pid: 8|app: 0|req: 663/1329] 10.0.0.156 () {34 vars in 990 bytes} [Tue Jun 16 12:54:00 2026] GET /v2.0/ports?device_id=eb526e53-8df8-4d00-8f44-9824fb4d2a1f => generated 969 bytes in 95 msecs (HTTP/1.1 200) 4 headers in 157 bytes (1 switches on core 0) [pid: 8|app: 0|req: 664/1330] 10.0.0.156 () {34 vars in 1040 bytes} [Tue Jun 16 12:54:00 2026] GET /v2.0/security-groups?id=0622fb96-88d6-404a-b707-ed7093e95f0f&fields=id&fields=name => generated 88 bytes in 36 msecs (HTTP/1.1 200) 4 headers in 156 bytes (1 switches on core 0) [pid: 8|app: 0|req: 665/1331] 199.204.45.53 () {34 vars in 993 bytes} [Tue Jun 16 12:54:00 2026] GET /v2.0/ports?device_id=eb526e53-8df8-4d00-8f44-9824fb4d2a1f => generated 969 bytes in 39 msecs (HTTP/1.1 200) 4 headers in 157 bytes (1 switches on core 0)
2026-06-16 12:54:00.564 7 INFO neutron.db.ovn_revision_numbers_db [None req-159517ce-8c52-49f7-9d45-1736b8d9ed64 - - - - - -] Successfully bumped revision number for resource 1f3b1a53-f0a0-4adc-89b9-d966eec862fc (type: ports) to 2
2026-06-16 12:54:00.603 7 INFO neutron.db.ovn_revision_numbers_db [None req-159517ce-8c52-49f7-9d45-1736b8d9ed64 - - - - - -] Successfully bumped revision number for resource 9c37bde4-b81d-4e04-bc0b-0aaf4579a029 (type: subnets) to 0 [pid: 7|app: 0|req: 667/1332] 10.0.0.59 () {34 vars in 668 bytes} [Tue Jun 16 12:53:59 2026] POST /v2.0/subnets => generated 626 bytes in 734 msecs (HTTP/1.1 201) 4 headers in 162 bytes (1 switches on core 0)
2026-06-16 12:54:00.655 8 INFO neutron_taas.services.taas.taas_plugin [req-2bfe84a6-3264-4df4-886a-2990347eb12b req-57b47f20-2c33-4690-9f9d-c57326701f09 e1966e56a191495d84569c775d0e4071 80684b884e214142ae4828b16867a8ea - - default default] TaaS: Handle Delete Port: 051c6adc-6889-4923-b97a-6bddf4e4a25f
2026-06-16 12:54:00.658 8 INFO neutron_taas.services.taas.tap_mirror_plugin [req-2bfe84a6-3264-4df4-886a-2990347eb12b req-57b47f20-2c33-4690-9f9d-c57326701f09 e1966e56a191495d84569c775d0e4071 80684b884e214142ae4828b16867a8ea - - default default] Tap Mirror: Handle Delete Port: 051c6adc-6889-4923-b97a-6bddf4e4a25f
2026-06-16 12:54:00.730 7 INFO neutron.db.ovn_revision_numbers_db [None req-73f466b0-3fc7-4a3f-a694-0f8d2b94a66a 046c835008794441acfdfab6734b9223 92bdd90e3ca142359be68e84fc640f30 - - default default] Successfully bumped revision number for resource 73e4a8c4-b6b0-4459-bd14-a68ff0096677 (type: routers) to 1 [pid: 7|app: 0|req: 668/1333] 10.0.0.59 () {34 vars in 668 bytes} [Tue Jun 16 12:54:00 2026] POST /v2.0/routers => generated 603 bytes in 124 msecs (HTTP/1.1 201) 4 headers in 162 bytes (1 switches on core 0) [pid: 8|app: 0|req: 666/1334] 199.204.45.53 () {36 vars in 996 bytes} [Tue Jun 16 12:54:00 2026] DELETE /v2.0/ports/051c6adc-6889-4923-b97a-6bddf4e4a25f => generated 0 bytes in 265 msecs (HTTP/1.1 204) 3 headers in 131 bytes (1 switches on core 0)
2026-06-16 12:54:01.143 7 WARNING neutron.scheduler.dhcp_agent_scheduler [None req-3e964309-a35b-485a-974b-499d93266af9 046c835008794441acfdfab6734b9223 92bdd90e3ca142359be68e84fc640f30 - - default default] No more DHCP agents
2026-06-16 12:54:01.145 7 WARNING neutron.api.rpc.agentnotifiers.dhcp_rpc_agent_api [None req-3e964309-a35b-485a-974b-499d93266af9 046c835008794441acfdfab6734b9223 92bdd90e3ca142359be68e84fc640f30 - - default default] Unable to schedule network b1789b41-f81d-4875-9668-eb288081d665: no agents available; will retry on subsequent port and subnet creation events.
2026-06-16 12:54:01.242 7 INFO neutron.plugins.ml2.drivers.ovn.mech_driver.mech_driver [None req-24c8399b-8193-4225-a4e4-e9d0e21f4947 - - - - - -] OVN reports status down for port: 6195be02-2e48-4fad-b61f-af9ea9ac957a
2026-06-16 12:54:01.302 7 INFO neutron.db.ovn_revision_numbers_db [None req-3e964309-a35b-485a-974b-499d93266af9 046c835008794441acfdfab6734b9223 92bdd90e3ca142359be68e84fc640f30 - - default default] Successfully bumped revision number for resource 6195be02-2e48-4fad-b61f-af9ea9ac957a (type: ports) to 1 [pid: 8|app: 0|req: 667/1335] 10.0.0.156 () {34 vars in 990 bytes} [Tue Jun 16 12:54:01 2026] GET /v2.0/ports?device_id=eb526e53-8df8-4d00-8f44-9824fb4d2a1f => generated 12 bytes in 19 msecs (HTTP/1.1 200) 4 headers in 156 bytes (1 switches on core 0)
2026-06-16 12:54:01.549 8 INFO neutron.notifiers.nova [-] Nova event matching ['req-6b452301-a25b-49bc-8432-591b9d3f200a'] response: {'server_uuid': 'eb526e53-8df8-4d00-8f44-9824fb4d2a1f', 'name': 'network-vif-unplugged', 'status': 'completed', 'tag': '051c6adc-6889-4923-b97a-6bddf4e4a25f', 'code': 200}
2026-06-16 12:54:01.550 8 INFO neutron.notifiers.nova [-] Nova event matching ['req-6b452301-a25b-49bc-8432-591b9d3f200a'] response: {'server_uuid': 'eb526e53-8df8-4d00-8f44-9824fb4d2a1f', 'name': 'network-vif-deleted', 'tag': '051c6adc-6889-4923-b97a-6bddf4e4a25f', 'status': 'completed', 'code': 200}
2026-06-16 12:54:01.832 7 INFO neutron.plugins.ml2.drivers.ovn.mech_driver.mech_driver [None req-24c8399b-8193-4225-a4e4-e9d0e21f4947 - - - - - -] OVN reports status up for port: 6195be02-2e48-4fad-b61f-af9ea9ac957a
2026-06-16 12:54:01.853 7 INFO neutron.plugins.ml2.plugin [None req-24c8399b-8193-4225-a4e4-e9d0e21f4947 - - - - - -] Attempt 1 to provision port 6195be02-2e48-4fad-b61f-af9ea9ac957a
2026-06-16 12:54:01.980 7 WARNING neutron.scheduler.dhcp_agent_scheduler [None req-3e964309-a35b-485a-974b-499d93266af9 046c835008794441acfdfab6734b9223 92bdd90e3ca142359be68e84fc640f30 - - default default] No more DHCP agents
2026-06-16 12:54:01.983 7 WARNING neutron.api.rpc.agentnotifiers.dhcp_rpc_agent_api [None req-3e964309-a35b-485a-974b-499d93266af9 046c835008794441acfdfab6734b9223 92bdd90e3ca142359be68e84fc640f30 - - default default] Unable to schedule network b1789b41-f81d-4875-9668-eb288081d665: no agents available; will retry on subsequent port and subnet creation events.
2026-06-16 12:54:02.347 7 INFO neutron.db.ovn_revision_numbers_db [None req-3e964309-a35b-485a-974b-499d93266af9 046c835008794441acfdfab6734b9223 92bdd90e3ca142359be68e84fc640f30 - - default default] Successfully bumped revision number for resource 6195be02-2e48-4fad-b61f-af9ea9ac957a (type: router_ports) to 1 [pid: 7|app: 0|req: 669/1336] 10.0.0.59 () {34 vars in 782 bytes} [Tue Jun 16 12:54:00 2026] PUT /v2.0/routers/73e4a8c4-b6b0-4459-bd14-a68ff0096677/add_router_interface => generated 309 bytes in 1614 msecs (HTTP/1.1 200) 4 headers in 157 bytes (1 switches on core 0) [pid: 8|app: 0|req: 668/1337] 10.0.0.59 () {32 vars in 716 bytes} [Tue Jun 16 12:54:02 2026] GET /v2.0/ports/6195be02-2e48-4fad-b61f-af9ea9ac957a => generated 943 bytes in 78 msecs (HTTP/1.1 200) 4 headers in 157 bytes (1 switches on core 0)
2026-06-16 12:54:02.487 7 INFO neutron.db.ovn_revision_numbers_db [None req-24c8399b-8193-4225-a4e4-e9d0e21f4947 - - - - - -] Successfully bumped revision number for resource 6195be02-2e48-4fad-b61f-af9ea9ac957a (type: ports) to 2 [pid: 8|app: 0|req: 669/1338] 10.0.0.156 () {34 vars in 990 bytes} [Tue Jun 16 12:54:02 2026] GET /v2.0/ports?device_id=eb526e53-8df8-4d00-8f44-9824fb4d2a1f => generated 12 bytes in 20 msecs (HTTP/1.1 200) 4 headers in 156 bytes (1 switches on core 0)
2026-06-16 12:54:03.026 7 WARNING neutron.scheduler.dhcp_agent_scheduler [None req-77c54dca-ada4-4c2a-a8cf-8a30de48f7bf 046c835008794441acfdfab6734b9223 92bdd90e3ca142359be68e84fc640f30 - - default default] No more DHCP agents
2026-06-16 12:54:03.027 7 WARNING neutron.api.rpc.agentnotifiers.dhcp_rpc_agent_api [None req-77c54dca-ada4-4c2a-a8cf-8a30de48f7bf 046c835008794441acfdfab6734b9223 92bdd90e3ca142359be68e84fc640f30 - - default default] Unable to schedule network 68118393-9695-4e15-8e5d-a32bab059c49: no agents available; will retry on subsequent port and subnet creation events.
2026-06-16 12:54:03.189 7 INFO neutron.db.ovn_revision_numbers_db [None req-77c54dca-ada4-4c2a-a8cf-8a30de48f7bf 046c835008794441acfdfab6734b9223 92bdd90e3ca142359be68e84fc640f30 - - default default] Successfully bumped revision number for resource 200d7404-a6c8-4e8e-b69f-f2084e5152b3 (type: ports) to 1
2026-06-16 12:54:03.793 7 WARNING neutron.scheduler.dhcp_agent_scheduler [None req-77c54dca-ada4-4c2a-a8cf-8a30de48f7bf 046c835008794441acfdfab6734b9223 92bdd90e3ca142359be68e84fc640f30 - - default default] No more DHCP agents
2026-06-16 12:54:03.795 7 WARNING neutron.api.rpc.agentnotifiers.dhcp_rpc_agent_api [None req-77c54dca-ada4-4c2a-a8cf-8a30de48f7bf 046c835008794441acfdfab6734b9223 92bdd90e3ca142359be68e84fc640f30 - - default default] Unable to schedule network 68118393-9695-4e15-8e5d-a32bab059c49: no agents available; will retry on subsequent port and subnet creation events.
2026-06-16 12:54:03.804 8 INFO neutron.db.ovn_revision_numbers_db [None req-ada11f7a-aac5-43a4-ac76-59fead46e83a 80ac3f33aab54e149d19e3b69e7f5390 dca28c02e1e74653ae3fc216103007ca - - default default] Successfully bumped revision number for resource 2814d4c6-bd0b-4e48-b56f-3bd2da2043ed (type: security_groups) to 1
2026-06-16 12:54:03.816 8 INFO neutron.db.ovn_revision_numbers_db [None req-ada11f7a-aac5-43a4-ac76-59fead46e83a 80ac3f33aab54e149d19e3b69e7f5390 dca28c02e1e74653ae3fc216103007ca - - default default] Successfully bumped revision number for resource 2f54fb53-01d2-4a9d-8cba-6c5232436bfb (type: security_group_rules) to 0
2026-06-16 12:54:03.827 8 INFO neutron.db.ovn_revision_numbers_db [None req-ada11f7a-aac5-43a4-ac76-59fead46e83a 80ac3f33aab54e149d19e3b69e7f5390 dca28c02e1e74653ae3fc216103007ca - - default default] Successfully bumped revision number for resource 65db00d7-2edc-4b71-aa2e-0297fe6c0470 (type: security_group_rules) to 0
2026-06-16 12:54:03.839 8 INFO neutron.db.ovn_revision_numbers_db [None req-ada11f7a-aac5-43a4-ac76-59fead46e83a 80ac3f33aab54e149d19e3b69e7f5390 dca28c02e1e74653ae3fc216103007ca - - default default] Successfully bumped revision number for resource 9b248e83-d3a9-46a1-a269-c3a5b58cc0f2 (type: security_group_rules) to 0
2026-06-16 12:54:03.854 8 INFO neutron.db.ovn_revision_numbers_db [None req-ada11f7a-aac5-43a4-ac76-59fead46e83a 80ac3f33aab54e149d19e3b69e7f5390 dca28c02e1e74653ae3fc216103007ca - - default default] Successfully bumped revision number for resource a82608ae-fbf5-4d91-ae73-feda8a837254 (type: security_group_rules) to 0 [pid: 8|app: 0|req: 670/1339] 10.0.0.59 () {32 vars in 773 bytes} [Tue Jun 16 12:54:03 2026] GET /v2.0/security-groups?tenant_id=50b53a6011fd4b248b2c3d07671b921b&name=default => generated 2925 bytes in 464 msecs (HTTP/1.1 200) 4 headers in 158 bytes (1 switches on core 0) [pid: 8|app: 0|req: 671/1340] 10.0.0.156 () {34 vars in 990 bytes} [Tue Jun 16 12:54:03 2026] GET /v2.0/ports?device_id=eb526e53-8df8-4d00-8f44-9824fb4d2a1f => generated 12 bytes in 42 msecs (HTTP/1.1 200) 4 headers in 156 bytes (1 switches on core 0)
2026-06-16 12:54:04.023 7 INFO neutron.db.ovn_revision_numbers_db [None req-77c54dca-ada4-4c2a-a8cf-8a30de48f7bf 046c835008794441acfdfab6734b9223 92bdd90e3ca142359be68e84fc640f30 - - default default] Successfully bumped revision number for resource 200d7404-a6c8-4e8e-b69f-f2084e5152b3 (type: router_ports) to 1 [pid: 7|app: 0|req: 670/1341] 10.0.0.59 () {34 vars in 782 bytes} [Tue Jun 16 12:54:02 2026] PUT /v2.0/routers/73e4a8c4-b6b0-4459-bd14-a68ff0096677/add_router_interface => generated 309 bytes in 1573 msecs (HTTP/1.1 200) 4 headers in 157 bytes (1 switches on core 0) [pid: 7|app: 0|req: 671/1342] 10.0.0.59 () {32 vars in 716 bytes} [Tue Jun 16 12:54:04 2026] GET /v2.0/ports/200d7404-a6c8-4e8e-b69f-f2084e5152b3 => generated 941 bytes in 37 msecs (HTTP/1.1 200) 4 headers in 157 bytes (1 switches on core 0) [pid: 7|app: 0|req: 672/1343] 10.0.0.59 () {32 vars in 716 bytes} [Tue Jun 16 12:54:04 2026] GET /v2.0/ports/200d7404-a6c8-4e8e-b69f-f2084e5152b3 => generated 941 bytes in 29 msecs (HTTP/1.1 200) 4 headers in 157 bytes (1 switches on core 0) [pid: 8|app: 0|req: 672/1344] 10.0.0.59 () {32 vars in 739 bytes} [Tue Jun 16 12:54:03 2026] DELETE /v2.0/security-groups/2814d4c6-bd0b-4e48-b56f-3bd2da2043ed => generated 0 bytes in 315 msecs (HTTP/1.1 204) 2 headers in 112 bytes (1 switches on core 0) [pid: 8|app: 0|req: 673/1345] 10.0.0.59 () {32 vars in 716 bytes} [Tue Jun 16 12:54:05 2026] GET /v2.0/ports/200d7404-a6c8-4e8e-b69f-f2084e5152b3 => generated 941 bytes in 72 msecs (HTTP/1.1 200) 4 headers in 157 bytes (1 switches on core 0)
2026-06-16 12:54:05.250 7 INFO neutron_taas.services.taas.taas_plugin [None req-34aa05e9-cd54-4948-94e3-162a1abd7555 80ac3f33aab54e149d19e3b69e7f5390 dca28c02e1e74653ae3fc216103007ca - - default default] TaaS: Handle Delete Port: 51cdae19-9a60-4044-b9d0-0f52968011da
2026-06-16 12:54:05.253 7 INFO neutron_taas.services.taas.tap_mirror_plugin [None req-34aa05e9-cd54-4948-94e3-162a1abd7555 80ac3f33aab54e149d19e3b69e7f5390 dca28c02e1e74653ae3fc216103007ca - - default default] Tap Mirror: Handle Delete Port: 51cdae19-9a60-4044-b9d0-0f52968011da [pid: 7|app: 0|req: 673/1346] 10.0.0.59 () {34 vars in 788 bytes} [Tue Jun 16 12:54:04 2026] PUT /v2.0/routers/2146df19-de2b-485f-a7d2-5bad6c476e07/remove_router_interface => generated 309 bytes in 861 msecs (HTTP/1.1 200) 4 headers in 157 bytes (1 switches on core 0) /var/lib/openstack/lib/python3.12/site-packages/pycadf/identifier.py:70: UserWarning: Invalid uuid: neutron. To ensure interoperability, identifiers should be a valid uuid. warnings.warn(('Invalid uuid: %s. To ensure interoperability, '
2026-06-16 12:54:05.922 8 INFO neutron.db.ovn_revision_numbers_db [None req-d3785edc-2195-4252-8c8c-939123f7489a 80ac3f33aab54e149d19e3b69e7f5390 dca28c02e1e74653ae3fc216103007ca - - default default] Successfully bumped revision number for resource 5848a75a-1238-429c-9f11-56ccd0d47c6c (type: security_groups) to 1
2026-06-16 12:54:05.939 8 INFO neutron.db.ovn_revision_numbers_db [None req-d3785edc-2195-4252-8c8c-939123f7489a 80ac3f33aab54e149d19e3b69e7f5390 dca28c02e1e74653ae3fc216103007ca - - default default] Successfully bumped revision number for resource 56dcbde6-ebd2-4bb5-8306-2af98ffacc9e (type: security_group_rules) to 0
2026-06-16 12:54:05.957 8 INFO neutron.db.ovn_revision_numbers_db [None req-d3785edc-2195-4252-8c8c-939123f7489a 80ac3f33aab54e149d19e3b69e7f5390 dca28c02e1e74653ae3fc216103007ca - - default default] Successfully bumped revision number for resource 8c3fd0ed-5c7b-4782-9efe-9ccd8a0537d2 (type: security_group_rules) to 0
2026-06-16 12:54:05.971 8 INFO neutron.db.ovn_revision_numbers_db [None req-d3785edc-2195-4252-8c8c-939123f7489a 80ac3f33aab54e149d19e3b69e7f5390 dca28c02e1e74653ae3fc216103007ca - - default default] Successfully bumped revision number for resource b93dd10b-08f8-4713-a844-6d9c822f3ab7 (type: security_group_rules) to 0
2026-06-16 12:54:05.987 8 INFO neutron.db.ovn_revision_numbers_db [None req-d3785edc-2195-4252-8c8c-939123f7489a 80ac3f33aab54e149d19e3b69e7f5390 dca28c02e1e74653ae3fc216103007ca - - default default] Successfully bumped revision number for resource eadddbce-754d-4f9b-848b-ba6ece1f52ff (type: security_group_rules) to 0 [pid: 8|app: 0|req: 674/1347] 10.0.0.59 () {32 vars in 773 bytes} [Tue Jun 16 12:54:05 2026] GET /v2.0/security-groups?tenant_id=36e56177acde4cca9c18d01cd06d9666&name=default => generated 2925 bytes in 414 msecs (HTTP/1.1 200) 4 headers in 158 bytes (1 switches on core 0)
2026-06-16 12:54:06.213 7 INFO neutron_taas.services.taas.taas_plugin [None req-b820cbce-1ac9-4dfb-9e58-d6faf569c419 80ac3f33aab54e149d19e3b69e7f5390 dca28c02e1e74653ae3fc216103007ca - - default default] TaaS: Handle Delete Port: 3609abcb-e82c-4e14-9433-f6cd5284908b
2026-06-16 12:54:06.217 7 INFO neutron_taas.services.taas.tap_mirror_plugin [None req-b820cbce-1ac9-4dfb-9e58-d6faf569c419 80ac3f33aab54e149d19e3b69e7f5390 dca28c02e1e74653ae3fc216103007ca - - default default] Tap Mirror: Handle Delete Port: 3609abcb-e82c-4e14-9433-f6cd5284908b [pid: 8|app: 0|req: 675/1348] 10.0.0.59 () {32 vars in 739 bytes} [Tue Jun 16 12:54:06 2026] DELETE /v2.0/security-groups/5848a75a-1238-429c-9f11-56ccd0d47c6c => generated 0 bytes in 233 msecs (HTTP/1.1 204) 2 headers in 112 bytes (1 switches on core 0)
2026-06-16 12:54:06.493 8 INFO neutron.db.ovn_revision_numbers_db [None req-b08c3844-05dc-414a-862b-c278ed4e797e 28de424b898a4db4871a6e0796d7290a 35c1062a2b374e3f925d684feeefbe90 - - default default] Successfully bumped revision number for resource 806f36e3-ad56-4920-b4cd-ab8868b12a83 (type: security_groups) to 1
2026-06-16 12:54:06.505 8 INFO neutron.db.ovn_revision_numbers_db [None req-b08c3844-05dc-414a-862b-c278ed4e797e 28de424b898a4db4871a6e0796d7290a 35c1062a2b374e3f925d684feeefbe90 - - default default] Successfully bumped revision number for resource 045591bf-82ce-4444-9636-9a30c3d0ef88 (type: security_group_rules) to 0
2026-06-16 12:54:06.516 8 INFO neutron.db.ovn_revision_numbers_db [None req-b08c3844-05dc-414a-862b-c278ed4e797e 28de424b898a4db4871a6e0796d7290a 35c1062a2b374e3f925d684feeefbe90 - - default default] Successfully bumped revision number for resource 27d4cbee-3972-4e22-93c1-9c3b094e9f18 (type: security_group_rules) to 0
2026-06-16 12:54:06.528 8 INFO neutron.db.ovn_revision_numbers_db [None req-b08c3844-05dc-414a-862b-c278ed4e797e 28de424b898a4db4871a6e0796d7290a 35c1062a2b374e3f925d684feeefbe90 - - default default] Successfully bumped revision number for resource 59bd7ef9-ce52-4161-b42b-29ae43bc0f06 (type: security_group_rules) to 0
2026-06-16 12:54:06.542 8 INFO neutron.db.ovn_revision_numbers_db [None req-b08c3844-05dc-414a-862b-c278ed4e797e 28de424b898a4db4871a6e0796d7290a 35c1062a2b374e3f925d684feeefbe90 - - default default] Successfully bumped revision number for resource b2840db9-3fab-4722-9b0f-4d7f169960b2 (type: security_group_rules) to 0 [pid: 7|app: 0|req: 674/1349] 10.0.0.59 () {32 vars in 723 bytes} [Tue Jun 16 12:54:05 2026] DELETE /v2.0/routers/2146df19-de2b-485f-a7d2-5bad6c476e07 => generated 0 bytes in 737 msecs (HTTP/1.1 204) 2 headers in 112 bytes (1 switches on core 0)
2026-06-16 12:54:06.641 8 INFO neutron.db.segments_db [None req-b08c3844-05dc-414a-862b-c278ed4e797e 28de424b898a4db4871a6e0796d7290a 35c1062a2b374e3f925d684feeefbe90 - - default default] Added segment 86446b87-1cee-4897-8b29-03d2fa6a68ff of type geneve for network a2714e4d-3021-4bc8-8d82-c724fa763e23 [pid: 7|app: 0|req: 675/1350] 10.0.0.59 () {32 vars in 716 bytes} [Tue Jun 16 12:54:06 2026] GET /v2.0/ports/200d7404-a6c8-4e8e-b69f-f2084e5152b3 => generated 941 bytes in 73 msecs (HTTP/1.1 200) 4 headers in 157 bytes (1 switches on core 0)
2026-06-16 12:54:06.726 8 INFO neutron.db.segments_db [None req-b08c3844-05dc-414a-862b-c278ed4e797e 28de424b898a4db4871a6e0796d7290a 35c1062a2b374e3f925d684feeefbe90 - - default default] Added segment cbab2c55-cd4c-4b12-9a63-023df96997da of type geneve for network 0b60d128-54ab-4d4a-b592-61003cb70610
2026-06-16 12:54:06.818 7 INFO neutron.db.ovn_revision_numbers_db [None req-d8567baa-eadb-4bf7-92de-91082720a97e 80ac3f33aab54e149d19e3b69e7f5390 dca28c02e1e74653ae3fc216103007ca - - default default] Successfully bumped revision number for resource 6d86693b-a298-46c8-899f-99b7858cb331 (type: security_groups) to 1
2026-06-16 12:54:06.829 7 INFO neutron.db.ovn_revision_numbers_db [None req-d8567baa-eadb-4bf7-92de-91082720a97e 80ac3f33aab54e149d19e3b69e7f5390 dca28c02e1e74653ae3fc216103007ca - - default default] Successfully bumped revision number for resource 84849b1b-f88d-44a6-8522-b099da7debd5 (type: security_group_rules) to 0
2026-06-16 12:54:06.844 7 INFO neutron.db.ovn_revision_numbers_db [None req-d8567baa-eadb-4bf7-92de-91082720a97e 80ac3f33aab54e149d19e3b69e7f5390 dca28c02e1e74653ae3fc216103007ca - - default default] Successfully bumped revision number for resource 8bb4ff9a-3719-4eaa-b4ef-ee38ad2718a4 (type: security_group_rules) to 0
2026-06-16 12:54:06.851 8 INFO neutron.db.ovn_revision_numbers_db [None req-b08c3844-05dc-414a-862b-c278ed4e797e 28de424b898a4db4871a6e0796d7290a 35c1062a2b374e3f925d684feeefbe90 - - default default] Successfully bumped revision number for resource a2714e4d-3021-4bc8-8d82-c724fa763e23 (type: networks) to 1
2026-06-16 12:54:06.860 7 INFO neutron.db.ovn_revision_numbers_db [None req-d8567baa-eadb-4bf7-92de-91082720a97e 80ac3f33aab54e149d19e3b69e7f5390 dca28c02e1e74653ae3fc216103007ca - - default default] Successfully bumped revision number for resource d3095aed-ce17-4b97-8ac7-09cb1bb54ac7 (type: security_group_rules) to 0
2026-06-16 12:54:06.874 7 INFO neutron.db.ovn_revision_numbers_db [None req-d8567baa-eadb-4bf7-92de-91082720a97e 80ac3f33aab54e149d19e3b69e7f5390 dca28c02e1e74653ae3fc216103007ca - - default default] Successfully bumped revision number for resource f8e8f184-871f-47c7-bee6-b9713fbb63c7 (type: security_group_rules) to 0 [pid: 7|app: 0|req: 676/1351] 10.0.0.59 () {32 vars in 773 bytes} [Tue Jun 16 12:54:06 2026] GET /v2.0/security-groups?tenant_id=260830f430fc4692a3c3e24786d78aed&name=default => generated 2925 bytes in 244 msecs (HTTP/1.1 200) 4 headers in 158 bytes (1 switches on core 0)
2026-06-16 12:54:07.031 8 WARNING neutron.scheduler.dhcp_agent_scheduler [None req-b08c3844-05dc-414a-862b-c278ed4e797e 28de424b898a4db4871a6e0796d7290a 35c1062a2b374e3f925d684feeefbe90 - - default default] No more DHCP agents
2026-06-16 12:54:07.032 8 WARNING neutron.api.rpc.agentnotifiers.dhcp_rpc_agent_api [None req-b08c3844-05dc-414a-862b-c278ed4e797e 28de424b898a4db4871a6e0796d7290a 35c1062a2b374e3f925d684feeefbe90 - - default default] Unable to schedule network a2714e4d-3021-4bc8-8d82-c724fa763e23: no agents available; will retry on subsequent port and subnet creation events.
2026-06-16 12:54:07.085 8 INFO neutron.plugins.ml2.drivers.ovn.mech_driver.mech_driver [None req-929d7d7f-551c-40b8-9377-50f89305bc3e - - - - - -] OVN reports status down for port: 7fdf4173-fd31-4620-ab1a-809117706c3b
2026-06-16 12:54:07.111 7 WARNING neutron.plugins.ml2.drivers.ovn.mech_driver.ovsdb.ovn_client [None req-d6fd24a8-066f-4657-9dfe-78eb3e5ed441 - - - - - -] No hosting information found for port 6195be02-2e48-4fad-b61f-af9ea9ac957a: RuntimeError: No hosting information found for port 6195be02-2e48-4fad-b61f-af9ea9ac957a
2026-06-16 12:54:07.156 8 INFO neutron.db.ovn_revision_numbers_db [None req-b08c3844-05dc-414a-862b-c278ed4e797e 28de424b898a4db4871a6e0796d7290a 35c1062a2b374e3f925d684feeefbe90 - - default default] Successfully bumped revision number for resource 7fdf4173-fd31-4620-ab1a-809117706c3b (type: ports) to 1 [pid: 7|app: 0|req: 677/1352] 10.0.0.59 () {32 vars in 723 bytes} [Tue Jun 16 12:54:06 2026] DELETE /v2.0/subnets/e6e38b85-b001-4fdd-8ca9-f5ffb59c1405 => generated 0 bytes in 240 msecs (HTTP/1.1 204) 3 headers in 131 bytes (1 switches on core 0)
2026-06-16 12:54:07.258 8 INFO neutron.db.ovn_revision_numbers_db [None req-b08c3844-05dc-414a-862b-c278ed4e797e 28de424b898a4db4871a6e0796d7290a 35c1062a2b374e3f925d684feeefbe90 - - default default] Successfully bumped revision number for resource 0b60d128-54ab-4d4a-b592-61003cb70610 (type: networks) to 1
2026-06-16 12:54:07.266 7 INFO neutron.db.ovn_revision_numbers_db [None req-d6fd24a8-066f-4657-9dfe-78eb3e5ed441 - - - - - -] Successfully bumped revision number for resource 6195be02-2e48-4fad-b61f-af9ea9ac957a (type: router_ports) to 2
2026-06-16 12:54:07.361 7 INFO neutron.plugins.ml2.drivers.ovn.mech_driver.mech_driver [None req-d6fd24a8-066f-4657-9dfe-78eb3e5ed441 - - - - - -] OVN reports status down for port: 200d7404-a6c8-4e8e-b69f-f2084e5152b3
2026-06-16 12:54:07.413 8 WARNING neutron.scheduler.dhcp_agent_scheduler [None req-b08c3844-05dc-414a-862b-c278ed4e797e 28de424b898a4db4871a6e0796d7290a 35c1062a2b374e3f925d684feeefbe90 - - default default] No more DHCP agents
2026-06-16 12:54:07.415 8 WARNING neutron.api.rpc.agentnotifiers.dhcp_rpc_agent_api [None req-b08c3844-05dc-414a-862b-c278ed4e797e 28de424b898a4db4871a6e0796d7290a 35c1062a2b374e3f925d684feeefbe90 - - default default] Unable to schedule network 0b60d128-54ab-4d4a-b592-61003cb70610: no agents available; will retry on subsequent port and subnet creation events.
2026-06-16 12:54:07.437 7 WARNING neutron.plugins.ml2.drivers.ovn.mech_driver.ovsdb.ovn_client [None req-d6fd24a8-066f-4657-9dfe-78eb3e5ed441 - - - - - -] Logical_Switch_Port %s host information not removed, the port state is up
2026-06-16 12:54:07.438 7 INFO neutron.plugins.ml2.drivers.ovn.mech_driver.mech_driver [None req-d6fd24a8-066f-4657-9dfe-78eb3e5ed441 - - - - - -] OVN reports status up for port: 200d7404-a6c8-4e8e-b69f-f2084e5152b3
2026-06-16 12:54:07.466 7 INFO neutron.plugins.ml2.plugin [None req-d6fd24a8-066f-4657-9dfe-78eb3e5ed441 - - - - - -] Attempt 1 to provision port 200d7404-a6c8-4e8e-b69f-f2084e5152b3
2026-06-16 12:54:07.474 8 INFO neutron.db.ovn_revision_numbers_db [None req-b08c3844-05dc-414a-862b-c278ed4e797e 28de424b898a4db4871a6e0796d7290a 35c1062a2b374e3f925d684feeefbe90 - - default default] Successfully bumped revision number for resource d29ac8c7-6d0b-4569-9dfb-5fe241e6d07b (type: ports) to 1 [pid: 8|app: 0|req: 676/1353] 10.0.0.59 () {34 vars in 669 bytes} [Tue Jun 16 12:54:06 2026] POST /v2.0/networks => generated 1283 bytes in 1231 msecs (HTTP/1.1 201) 4 headers in 163 bytes (1 switches on core 0)
2026-06-16 12:54:07.595 8 INFO neutron_taas.services.taas.taas_plugin [None req-46a478dd-02ed-46f2-99e7-826c482ae0f8 80ac3f33aab54e149d19e3b69e7f5390 dca28c02e1e74653ae3fc216103007ca - - default default] TaaS: Handle Delete Port: 76c7fa9d-b046-4e1a-bb99-e870876ddbef
2026-06-16 12:54:07.597 8 INFO neutron_taas.services.taas.tap_mirror_plugin [None req-46a478dd-02ed-46f2-99e7-826c482ae0f8 80ac3f33aab54e149d19e3b69e7f5390 dca28c02e1e74653ae3fc216103007ca - - default default] Tap Mirror: Handle Delete Port: 76c7fa9d-b046-4e1a-bb99-e870876ddbef [pid: 7|app: 0|req: 678/1354] 10.0.0.59 () {32 vars in 739 bytes} [Tue Jun 16 12:54:07 2026] DELETE /v2.0/security-groups/6d86693b-a298-46c8-899f-99b7858cb331 => generated 0 bytes in 495 msecs (HTTP/1.1 204) 2 headers in 112 bytes (1 switches on core 0)
2026-06-16 12:54:07.757 8 INFO neutron.services.segments.plugin [-] Segment 741d4b1e-780d-4294-b606-e2da88167a12 resource provider aggregate not found [pid: 7|app: 0|req: 681/1357] 10.0.0.59 () {32 vars in 648 bytes} [Tue Jun 16 12:54:07 2026] GET /v2.0/networks => generated 1970 bytes in 94 msecs (HTTP/1.1 200) 4 headers in 158 bytes (1 switches on core 0)
2026-06-16 12:54:07.763 8 INFO neutron.services.segments.plugin [-] Segment 741d4b1e-780d-4294-b606-e2da88167a12 resource provider aggregate not found
2026-06-16 12:54:07.783 8 INFO neutron.services.segments.plugin [-] Segment 741d4b1e-780d-4294-b606-e2da88167a12 resource provider not found; error: Placement Client Error (4xx): {"errors": [{"status": 404, "title": "Not Found", "detail": "The resource could not be found.\n\n No resource provider with uuid 741d4b1e-780d-4294-b606-e2da88167a12 found for delete ", "request_id": "req-d5a1f81c-31af-40b6-8c09-21798c9ed077"}]}
2026-06-16 12:54:07.790 8 INFO neutron.services.segments.plugin [-] Segment 741d4b1e-780d-4294-b606-e2da88167a12 resource provider not found; error: Placement Client Error (4xx): {"errors": [{"status": 404, "title": "Not Found", "detail": "The resource could not be found.\n\n No resource provider with uuid 741d4b1e-780d-4294-b606-e2da88167a12 found for delete ", "request_id": "req-bebf325d-139f-43dd-9b89-7d2e83eb49f6"}]} [pid: 8|app: 0|req: 677/1358] 10.0.0.59 () {32 vars in 725 bytes} [Tue Jun 16 12:54:07 2026] DELETE /v2.0/networks/70ae0e14-9d9c-4298-a329-b54e40eadd39 => generated 0 bytes in 301 msecs (HTTP/1.1 204) 3 headers in 131 bytes (1 switches on core 0) [pid: 7|app: 0|req: 682/1359] 10.0.0.59 () {32 vars in 716 bytes} [Tue Jun 16 12:54:07 2026] GET /v2.0/ports/200d7404-a6c8-4e8e-b69f-f2084e5152b3 => generated 943 bytes in 78 msecs (HTTP/1.1 200) 4 headers in 157 bytes (1 switches on core 0)
2026-06-16 12:54:07.897 8 INFO neutron_taas.services.taas.taas_plugin [None req-1571ee38-b46b-434e-bdd2-ba8cc7654d13 28de424b898a4db4871a6e0796d7290a 35c1062a2b374e3f925d684feeefbe90 - - default default] TaaS: Handle Delete Port: 7fdf4173-fd31-4620-ab1a-809117706c3b
2026-06-16 12:54:07.900 8 INFO neutron_taas.services.taas.tap_mirror_plugin [None req-1571ee38-b46b-434e-bdd2-ba8cc7654d13 28de424b898a4db4871a6e0796d7290a 35c1062a2b374e3f925d684feeefbe90 - - default default] Tap Mirror: Handle Delete Port: 7fdf4173-fd31-4620-ab1a-809117706c3b [pid: 8|app: 0|req: 678/1360] 10.0.0.59 () {32 vars in 725 bytes} [Tue Jun 16 12:54:07 2026] DELETE /v2.0/networks/a2714e4d-3021-4bc8-8d82-c724fa763e23 => generated 0 bytes in 305 msecs (HTTP/1.1 204) 3 headers in 131 bytes (1 switches on core 0) [pid: 8|app: 0|req: 679/1361] 10.0.0.59 () {32 vars in 773 bytes} [Tue Jun 16 12:54:08 2026] GET /v2.0/security-groups?tenant_id=80684b884e214142ae4828b16867a8ea&name=default => generated 2925 bytes in 19 msecs (HTTP/1.1 200) 4 headers in 158 bytes (1 switches on core 0)
2026-06-16 12:54:08.200 7 INFO neutron.db.ovn_revision_numbers_db [None req-d6fd24a8-066f-4657-9dfe-78eb3e5ed441 - - - - - -] Successfully bumped revision number for resource 200d7404-a6c8-4e8e-b69f-f2084e5152b3 (type: ports) to 2
2026-06-16 12:54:08.242 8 INFO neutron_taas.services.taas.taas_plugin [None req-721bfb71-e6ed-4c44-8fcd-6303da6e426b 28de424b898a4db4871a6e0796d7290a 35c1062a2b374e3f925d684feeefbe90 - - default default] TaaS: Handle Delete Port: d29ac8c7-6d0b-4569-9dfb-5fe241e6d07b
2026-06-16 12:54:08.245 8 INFO neutron_taas.services.taas.tap_mirror_plugin [None req-721bfb71-e6ed-4c44-8fcd-6303da6e426b 28de424b898a4db4871a6e0796d7290a 35c1062a2b374e3f925d684feeefbe90 - - default default] Tap Mirror: Handle Delete Port: d29ac8c7-6d0b-4569-9dfb-5fe241e6d07b
2026-06-16 12:54:08.398 7 INFO neutron_taas.services.taas.taas_plugin [None req-0d7a0124-b065-4c97-93a7-69b24a9d2d79 046c835008794441acfdfab6734b9223 92bdd90e3ca142359be68e84fc640f30 - - default default] TaaS: Handle Delete Port: 200d7404-a6c8-4e8e-b69f-f2084e5152b3
2026-06-16 12:54:08.402 7 INFO neutron_taas.services.taas.tap_mirror_plugin [None req-0d7a0124-b065-4c97-93a7-69b24a9d2d79 046c835008794441acfdfab6734b9223 92bdd90e3ca142359be68e84fc640f30 - - default default] Tap Mirror: Handle Delete Port: 200d7404-a6c8-4e8e-b69f-f2084e5152b3 [pid: 8|app: 0|req: 680/1362] 10.0.0.59 () {32 vars in 725 bytes} [Tue Jun 16 12:54:08 2026] DELETE /v2.0/networks/0b60d128-54ab-4d4a-b592-61003cb70610 => generated 0 bytes in 331 msecs (HTTP/1.1 204) 3 headers in 131 bytes (1 switches on core 0) [pid: 8|app: 0|req: 681/1363] 10.0.0.59 () {32 vars in 739 bytes} [Tue Jun 16 12:54:08 2026] DELETE /v2.0/security-groups/0622fb96-88d6-404a-b707-ed7093e95f0f => generated 0 bytes in 239 msecs (HTTP/1.1 204) 2 headers in 112 bytes (1 switches on core 0) [pid: 8|app: 0|req: 682/1364] 10.0.0.59 () {32 vars in 648 bytes} [Tue Jun 16 12:54:08 2026] GET /v2.0/networks => generated 689 bytes in 55 msecs (HTTP/1.1 200) 4 headers in 157 bytes (1 switches on core 0) [pid: 7|app: 0|req: 683/1365] 10.0.0.59 () {34 vars in 788 bytes} [Tue Jun 16 12:54:07 2026] PUT /v2.0/routers/73e4a8c4-b6b0-4459-bd14-a68ff0096677/remove_router_interface => generated 309 bytes in 923 msecs (HTTP/1.1 200) 4 headers in 157 bytes (1 switches on core 0) /var/lib/openstack/lib/python3.12/site-packages/pycadf/identifier.py:70: UserWarning: Invalid uuid: neutron. To ensure interoperability, identifiers should be a valid uuid. warnings.warn(('Invalid uuid: %s. To ensure interoperability, '
2026-06-16 12:54:08.832 8 INFO neutron.db.segments_db [None req-4d738e31-3747-40f7-88be-3b459307b827 28de424b898a4db4871a6e0796d7290a 35c1062a2b374e3f925d684feeefbe90 - - default default] Added segment 6f87c07d-9637-4dc8-af2e-671c46e7a8f0 of type geneve for network dd57eb05-276b-4848-bf81-357045763aad [pid: 7|app: 0|req: 684/1366] 10.0.0.59 () {32 vars in 716 bytes} [Tue Jun 16 12:54:08 2026] GET /v2.0/ports/6195be02-2e48-4fad-b61f-af9ea9ac957a => generated 943 bytes in 76 msecs (HTTP/1.1 200) 4 headers in 157 bytes (1 switches on core 0)
2026-06-16 12:54:08.948 8 INFO neutron.db.ovn_revision_numbers_db [None req-4d738e31-3747-40f7-88be-3b459307b827 28de424b898a4db4871a6e0796d7290a 35c1062a2b374e3f925d684feeefbe90 - - default default] Successfully bumped revision number for resource dd57eb05-276b-4848-bf81-357045763aad (type: networks) to 1
2026-06-16 12:54:09.114 8 WARNING neutron.scheduler.dhcp_agent_scheduler [None req-4d738e31-3747-40f7-88be-3b459307b827 28de424b898a4db4871a6e0796d7290a 35c1062a2b374e3f925d684feeefbe90 - - default default] No more DHCP agents
2026-06-16 12:54:09.115 8 WARNING neutron.api.rpc.agentnotifiers.dhcp_rpc_agent_api [None req-4d738e31-3747-40f7-88be-3b459307b827 28de424b898a4db4871a6e0796d7290a 35c1062a2b374e3f925d684feeefbe90 - - default default] Unable to schedule network dd57eb05-276b-4848-bf81-357045763aad: no agents available; will retry on subsequent port and subnet creation events.
2026-06-16 12:54:09.143 7 INFO neutron_taas.services.taas.taas_plugin [None req-d07ef440-ebb3-43b2-ab87-544ec345dcc3 046c835008794441acfdfab6734b9223 92bdd90e3ca142359be68e84fc640f30 - - default default] TaaS: Handle Delete Port: 6195be02-2e48-4fad-b61f-af9ea9ac957a
2026-06-16 12:54:09.160 7 INFO neutron_taas.services.taas.tap_mirror_plugin [None req-d07ef440-ebb3-43b2-ab87-544ec345dcc3 046c835008794441acfdfab6734b9223 92bdd90e3ca142359be68e84fc640f30 - - default default] Tap Mirror: Handle Delete Port: 6195be02-2e48-4fad-b61f-af9ea9ac957a
2026-06-16 12:54:09.192 8 INFO neutron.db.ovn_revision_numbers_db [None req-4d738e31-3747-40f7-88be-3b459307b827 28de424b898a4db4871a6e0796d7290a 35c1062a2b374e3f925d684feeefbe90 - - default default] Successfully bumped revision number for resource 680d6ed0-e605-4d7f-8d3e-325c309b7ec2 (type: ports) to 1 [pid: 8|app: 0|req: 683/1367] 10.0.0.59 () {34 vars in 669 bytes} [Tue Jun 16 12:54:08 2026] POST /v2.0/networks => generated 668 bytes in 462 msecs (HTTP/1.1 201) 4 headers in 162 bytes (1 switches on core 0)
2026-06-16 12:54:09.307 8 INFO neutron.db.segments_db [None req-f3de9def-117e-4f36-b2a1-75f417d43953 28de424b898a4db4871a6e0796d7290a 35c1062a2b374e3f925d684feeefbe90 - - default default] Added segment aa36691e-9dde-4914-845f-e958f0d443ba of type geneve for network b1f55d03-007c-4d2b-9eb7-2fd57f30c9e7
2026-06-16 12:54:09.447 8 INFO neutron.db.ovn_revision_numbers_db [None req-f3de9def-117e-4f36-b2a1-75f417d43953 28de424b898a4db4871a6e0796d7290a 35c1062a2b374e3f925d684feeefbe90 - - default default] Successfully bumped revision number for resource b1f55d03-007c-4d2b-9eb7-2fd57f30c9e7 (type: networks) to 1 [pid: 7|app: 0|req: 685/1368] 10.0.0.59 () {34 vars in 788 bytes} [Tue Jun 16 12:54:08 2026] PUT /v2.0/routers/73e4a8c4-b6b0-4459-bd14-a68ff0096677/remove_router_interface => generated 309 bytes in 781 msecs (HTTP/1.1 200) 4 headers in 157 bytes (1 switches on core 0) /var/lib/openstack/lib/python3.12/site-packages/pycadf/identifier.py:70: UserWarning: Invalid uuid: neutron. To ensure interoperability, identifiers should be a valid uuid. warnings.warn(('Invalid uuid: %s. To ensure interoperability, ' [pid: 7|app: 0|req: 686/1369] 10.0.0.59 () {32 vars in 735 bytes} [Tue Jun 16 12:54:09 2026] GET /v2.0/ports?device_id=73e4a8c4-b6b0-4459-bd14-a68ff0096677 => generated 12 bytes in 21 msecs (HTTP/1.1 200) 4 headers in 156 bytes (1 switches on core 0)
2026-06-16 12:54:09.683 8 WARNING neutron.scheduler.dhcp_agent_scheduler [None req-f3de9def-117e-4f36-b2a1-75f417d43953 28de424b898a4db4871a6e0796d7290a 35c1062a2b374e3f925d684feeefbe90 - - default default] No more DHCP agents
2026-06-16 12:54:09.685 8 WARNING neutron.api.rpc.agentnotifiers.dhcp_rpc_agent_api [None req-f3de9def-117e-4f36-b2a1-75f417d43953 28de424b898a4db4871a6e0796d7290a 35c1062a2b374e3f925d684feeefbe90 - - default default] Unable to schedule network b1f55d03-007c-4d2b-9eb7-2fd57f30c9e7: no agents available; will retry on subsequent port and subnet creation events.
2026-06-16 12:54:09.795 8 INFO neutron.db.ovn_revision_numbers_db [None req-f3de9def-117e-4f36-b2a1-75f417d43953 28de424b898a4db4871a6e0796d7290a 35c1062a2b374e3f925d684feeefbe90 - - default default] Successfully bumped revision number for resource a5517242-89cc-43ba-8c2d-9965d5c218c9 (type: ports) to 1
2026-06-16 12:54:09.818 8 INFO neutron.services.segments.plugin [-] Segment 86446b87-1cee-4897-8b29-03d2fa6a68ff resource provider aggregate not found
2026-06-16 12:54:09.826 8 INFO neutron.services.segments.plugin [-] Segment 86446b87-1cee-4897-8b29-03d2fa6a68ff resource provider aggregate not found [pid: 8|app: 0|req: 684/1370] 10.0.0.59 () {34 vars in 669 bytes} [Tue Jun 16 12:54:09 2026] POST /v2.0/networks => generated 668 bytes in 612 msecs (HTTP/1.1 201) 4 headers in 162 bytes (1 switches on core 0)
2026-06-16 12:54:09.839 8 INFO neutron.services.segments.plugin [-] Segment 86446b87-1cee-4897-8b29-03d2fa6a68ff resource provider not found; error: Placement Client Error (4xx): {"errors": [{"status": 404, "title": "Not Found", "detail": "The resource could not be found.\n\n No resource provider with uuid 86446b87-1cee-4897-8b29-03d2fa6a68ff found for delete ", "request_id": "req-5108f66a-c20a-49d4-a8f2-6c895a267d47"}]}
2026-06-16 12:54:09.858 8 INFO neutron.services.segments.plugin [-] Segment 86446b87-1cee-4897-8b29-03d2fa6a68ff resource provider not found; error: Placement Client Error (4xx): {"errors": [{"status": 404, "title": "Not Found", "detail": "The resource could not be found.\n\n No resource provider with uuid 86446b87-1cee-4897-8b29-03d2fa6a68ff found for delete ", "request_id": "req-f2df9ed9-aafc-405d-8371-57b9e3590cbe"}]}
2026-06-16 12:54:09.865 8 INFO neutron.services.segments.plugin [-] Segment cbab2c55-cd4c-4b12-9a63-023df96997da resource provider aggregate not found
2026-06-16 12:54:09.878 8 INFO neutron.services.segments.plugin [-] Segment cbab2c55-cd4c-4b12-9a63-023df96997da resource provider aggregate not found
2026-06-16 12:54:09.884 8 INFO neutron.services.segments.plugin [-] Segment cbab2c55-cd4c-4b12-9a63-023df96997da resource provider not found; error: Placement Client Error (4xx): {"errors": [{"status": 404, "title": "Not Found", "detail": "The resource could not be found.\n\n No resource provider with uuid cbab2c55-cd4c-4b12-9a63-023df96997da found for delete ", "request_id": "req-dceac9ec-a183-4a3f-8379-1e085f9ca671"}]}
2026-06-16 12:54:09.892 8 INFO neutron.services.segments.plugin [-] Segment cbab2c55-cd4c-4b12-9a63-023df96997da resource provider not found; error: Placement Client Error (4xx): {"errors": [{"status": 404, "title": "Not Found", "detail": "The resource could not be found.\n\n No resource provider with uuid cbab2c55-cd4c-4b12-9a63-023df96997da found for delete ", "request_id": "req-1e360bf8-187e-46a4-b163-9249cec1aa49"}]} [pid: 7|app: 0|req: 687/1371] 10.0.0.59 () {32 vars in 723 bytes} [Tue Jun 16 12:54:09 2026] DELETE /v2.0/routers/73e4a8c4-b6b0-4459-bd14-a68ff0096677 => generated 0 bytes in 284 msecs (HTTP/1.1 204) 2 headers in 112 bytes (1 switches on core 0) [pid: 7|app: 0|req: 688/1372] 10.0.0.59 () {32 vars in 723 bytes} [Tue Jun 16 12:54:09 2026] DELETE /v2.0/subnets/9c37bde4-b81d-4e04-bc0b-0aaf4579a029 => generated 0 bytes in 184 msecs (HTTP/1.1 204) 3 headers in 131 bytes (1 switches on core 0)
2026-06-16 12:54:10.287 8 WARNING neutron.scheduler.dhcp_agent_scheduler [None req-e025b7f0-c5a4-4256-b03f-a6b27e1167dc 28de424b898a4db4871a6e0796d7290a 35c1062a2b374e3f925d684feeefbe90 - - default default] No more DHCP agents
2026-06-16 12:54:10.289 8 WARNING neutron.api.rpc.agentnotifiers.dhcp_rpc_agent_api [None req-e025b7f0-c5a4-4256-b03f-a6b27e1167dc 28de424b898a4db4871a6e0796d7290a 35c1062a2b374e3f925d684feeefbe90 - - default default] Unable to schedule network dd57eb05-276b-4848-bf81-357045763aad: no agents available; will retry on subsequent port and subnet creation events.
2026-06-16 12:54:10.376 8 INFO neutron.plugins.ml2.drivers.ovn.mech_driver.mech_driver [None req-929d7d7f-551c-40b8-9377-50f89305bc3e - - - - - -] OVN reports status down for port: 9f0a226d-2b66-4554-be5e-e0f36c528094 [pid: 7|app: 0|req: 689/1373] 10.0.0.59 () {32 vars in 723 bytes} [Tue Jun 16 12:54:10 2026] DELETE /v2.0/subnets/fdbbd98d-9f8f-40d7-b6ec-0c12af2f468a => generated 0 bytes in 246 msecs (HTTP/1.1 204) 3 headers in 131 bytes (1 switches on core 0)
2026-06-16 12:54:10.423 8 INFO neutron.db.ovn_revision_numbers_db [None req-e025b7f0-c5a4-4256-b03f-a6b27e1167dc 28de424b898a4db4871a6e0796d7290a 35c1062a2b374e3f925d684feeefbe90 - - default default] Successfully bumped revision number for resource 9f0a226d-2b66-4554-be5e-e0f36c528094 (type: ports) to 1
2026-06-16 12:54:10.489 8 WARNING neutron.scheduler.dhcp_agent_scheduler [None req-e025b7f0-c5a4-4256-b03f-a6b27e1167dc 28de424b898a4db4871a6e0796d7290a 35c1062a2b374e3f925d684feeefbe90 - - default default] No more DHCP agents
2026-06-16 12:54:10.490 8 WARNING neutron.api.rpc.agentnotifiers.dhcp_rpc_agent_api [None req-e025b7f0-c5a4-4256-b03f-a6b27e1167dc 28de424b898a4db4871a6e0796d7290a 35c1062a2b374e3f925d684feeefbe90 - - default default] Unable to schedule network b1f55d03-007c-4d2b-9eb7-2fd57f30c9e7: no agents available; will retry on subsequent port and subnet creation events.
2026-06-16 12:54:10.566 8 INFO neutron.db.ovn_revision_numbers_db [None req-e025b7f0-c5a4-4256-b03f-a6b27e1167dc 28de424b898a4db4871a6e0796d7290a 35c1062a2b374e3f925d684feeefbe90 - - default default] Successfully bumped revision number for resource 5ace6cb0-67ef-42a3-972d-2ea0c8b72c82 (type: ports) to 1
2026-06-16 12:54:10.612 7 INFO neutron_taas.services.taas.taas_plugin [None req-e785198e-9d42-4e6b-86aa-de5cd4f50c17 046c835008794441acfdfab6734b9223 92bdd90e3ca142359be68e84fc640f30 - - default default] TaaS: Handle Delete Port: 1f3b1a53-f0a0-4adc-89b9-d966eec862fc
2026-06-16 12:54:10.616 7 INFO neutron_taas.services.taas.tap_mirror_plugin [None req-e785198e-9d42-4e6b-86aa-de5cd4f50c17 046c835008794441acfdfab6734b9223 92bdd90e3ca142359be68e84fc640f30 - - default default] Tap Mirror: Handle Delete Port: 1f3b1a53-f0a0-4adc-89b9-d966eec862fc [pid: 8|app: 0|req: 685/1374] 10.0.0.59 () {34 vars in 664 bytes} [Tue Jun 16 12:54:09 2026] POST /v2.0/ports => generated 1505 bytes in 826 msecs (HTTP/1.1 201) 4 headers in 163 bytes (1 switches on core 0) /var/lib/openstack/lib/python3.12/site-packages/pycadf/identifier.py:70: UserWarning: Invalid uuid: neutron. To ensure interoperability, identifiers should be a valid uuid. warnings.warn(('Invalid uuid: %s. To ensure interoperability, ' [pid: 8|app: 0|req: 686/1375] 10.0.0.59 () {32 vars in 642 bytes} [Tue Jun 16 12:54:10 2026] GET /v2.0/ports => generated 3017 bytes in 55 msecs (HTTP/1.1 200) 4 headers in 158 bytes (1 switches on core 0)
2026-06-16 12:54:10.852 8 INFO neutron_taas.services.taas.taas_plugin [None req-d7ebfd57-e5b5-48ab-88a6-cb59dc728869 28de424b898a4db4871a6e0796d7290a 35c1062a2b374e3f925d684feeefbe90 - - default default] TaaS: Handle Delete Port: 9f0a226d-2b66-4554-be5e-e0f36c528094
2026-06-16 12:54:10.855 8 INFO neutron_taas.services.taas.tap_mirror_plugin [None req-d7ebfd57-e5b5-48ab-88a6-cb59dc728869 28de424b898a4db4871a6e0796d7290a 35c1062a2b374e3f925d684feeefbe90 - - default default] Tap Mirror: Handle Delete Port: 9f0a226d-2b66-4554-be5e-e0f36c528094
2026-06-16 12:54:10.868 7 INFO neutron.services.segments.plugin [-] Segment 8b793d94-c9a0-438b-a18a-9c63ccb4d533 resource provider aggregate not found
2026-06-16 12:54:10.875 7 INFO neutron.services.segments.plugin [-] Segment 8b793d94-c9a0-438b-a18a-9c63ccb4d533 resource provider aggregate not found
2026-06-16 12:54:10.895 7 INFO neutron.services.segments.plugin [-] Segment 8b793d94-c9a0-438b-a18a-9c63ccb4d533 resource provider not found; error: Placement Client Error (4xx): {"errors": [{"status": 404, "title": "Not Found", "detail": "The resource could not be found.\n\n No resource provider with uuid 8b793d94-c9a0-438b-a18a-9c63ccb4d533 found for delete ", "request_id": "req-947c1e4c-8ef6-419e-9b26-d9c50ee73811"}]}
