2026-06-16 12:16:43.893 7 INFO neutron.api.extensions [None req-e0ad3901-7033-4d71-baef-a6c222baa214 - - - - - -] Loaded extension: pagination
2026-06-16 12:16:43.894 7 INFO neutron.api.extensions [None req-e0ad3901-7033-4d71-baef-a6c222baa214 - - - - - -] Loaded extension: port-device-profile
2026-06-16 12:16:43.894 7 INFO neutron.api.extensions [None req-e0ad3901-7033-4d71-baef-a6c222baa214 - - - - - -] Extension port-hardware-offload-type not supported by any of loaded plugins
2026-06-16 12:16:43.895 7 INFO neutron.api.extensions [None req-e0ad3901-7033-4d71-baef-a6c222baa214 - - - - - -] Extension port-hint-ovs-tx-steering not supported by any of loaded plugins
2026-06-16 12:16:43.895 7 INFO neutron.api.extensions [None req-e0ad3901-7033-4d71-baef-a6c222baa214 - - - - - -] Extension port-hints not supported by any of loaded plugins
2026-06-16 12:16:43.896 7 INFO neutron.api.extensions [None req-e0ad3901-7033-4d71-baef-a6c222baa214 - - - - - -] Extension port-mac-override not supported by any of loaded plugins
2026-06-16 12:16:43.896 7 INFO neutron.api.extensions [None req-e0ad3901-7033-4d71-baef-a6c222baa214 - - - - - -] Loaded extension: port-mac-address-regenerate
2026-06-16 12:16:43.896 8 INFO neutron.api.extensions [None req-9142750f-bf85-4892-bd0a-dd5fccff1f57 - - - - - -] Loaded extension: standard-attr-tag
2026-06-16 12:16:43.897 7 INFO neutron.api.extensions [None req-e0ad3901-7033-4d71-baef-a6c222baa214 - - - - - -] Loaded extension: port-numa-affinity-policy
2026-06-16 12:16:43.897 8 INFO neutron.api.extensions [None req-9142750f-bf85-4892-bd0a-dd5fccff1f57 - - - - - -] Loaded extension: standard-attr-timestamp
2026-06-16 12:16:43.897 7 INFO neutron.api.extensions [None req-e0ad3901-7033-4d71-baef-a6c222baa214 - - - - - -] Loaded extension: port-numa-affinity-policy-socket
2026-06-16 12:16:43.898 7 INFO neutron.api.extensions [None req-e0ad3901-7033-4d71-baef-a6c222baa214 - - - - - -] Loaded extension: port-resource-request
2026-06-16 12:16:43.898 8 INFO neutron.api.extensions [None req-9142750f-bf85-4892-bd0a-dd5fccff1f57 - - - - - -] Loaded extension: trunk
2026-06-16 12:16:43.898 8 INFO neutron.api.extensions [None req-9142750f-bf85-4892-bd0a-dd5fccff1f57 - - - - - -] Loaded extension: trunk-details
2026-06-16 12:16:43.898 7 INFO neutron.api.extensions [None req-e0ad3901-7033-4d71-baef-a6c222baa214 - - - - - -] Loaded extension: port-resource-request-groups
2026-06-16 12:16:43.899 8 INFO neutron.api.extensions [None req-9142750f-bf85-4892-bd0a-dd5fccff1f57 - - - - - -] Extension uplink-status-propagation not supported by any of loaded plugins
2026-06-16 12:16:43.899 7 INFO neutron.api.extensions [None req-e0ad3901-7033-4d71-baef-a6c222baa214 - - - - - -] Extension port-trusted-vif not supported by any of loaded plugins
2026-06-16 12:16:43.899 8 INFO neutron.api.extensions [None req-9142750f-bf85-4892-bd0a-dd5fccff1f57 - - - - - -] Extension uplink-status-propagation-updatable not supported by any of loaded plugins
2026-06-16 12:16:43.899 7 INFO neutron.api.extensions [None req-e0ad3901-7033-4d71-baef-a6c222baa214 - - - - - -] Loaded extension: binding
2026-06-16 12:16:43.900 8 INFO neutron.api.extensions [None req-9142750f-bf85-4892-bd0a-dd5fccff1f57 - - - - - -] Loaded extension: vlan-transparent
2026-06-16 12:16:43.900 7 INFO neutron.api.extensions [None req-e0ad3901-7033-4d71-baef-a6c222baa214 - - - - - -] Loaded extension: binding-extended
2026-06-16 12:16:43.900 8 INFO neutron.api.extensions [None req-9142750f-bf85-4892-bd0a-dd5fccff1f57 - - - - - -] Loaded extension: vpn-aes-ctr
2026-06-16 12:16:43.900 7 INFO neutron.api.extensions [None req-e0ad3901-7033-4d71-baef-a6c222baa214 - - - - - -] Loaded extension: port-security
2026-06-16 12:16:43.901 7 INFO neutron.api.extensions [None req-e0ad3901-7033-4d71-baef-a6c222baa214 - - - - - -] Loaded extension: project-id
2026-06-16 12:16:43.901 7 INFO neutron.api.extensions [None req-e0ad3901-7033-4d71-baef-a6c222baa214 - - - - - -] Loaded extension: provider
2026-06-16 12:16:43.902 7 INFO neutron.api.extensions [None req-e0ad3901-7033-4d71-baef-a6c222baa214 - - - - - -] Loaded extension: qinq
2026-06-16 12:16:43.902 8 INFO neutron.api.extensions [None req-9142750f-bf85-4892-bd0a-dd5fccff1f57 - - - - - -] Loaded extension: vpn-agent-scheduler
2026-06-16 12:16:43.903 8 INFO neutron.api.extensions [None req-9142750f-bf85-4892-bd0a-dd5fccff1f57 - - - - - -] Loaded extension: vpn-endpoint-groups
2026-06-16 12:16:43.904 8 INFO neutron.api.extensions [None req-9142750f-bf85-4892-bd0a-dd5fccff1f57 - - - - - -] Loaded extension: vpn-flavors
2026-06-16 12:16:43.904 7 INFO neutron.api.extensions [None req-e0ad3901-7033-4d71-baef-a6c222baa214 - - - - - -] Loaded extension: qos
2026-06-16 12:16:43.905 7 INFO neutron.api.extensions [None req-e0ad3901-7033-4d71-baef-a6c222baa214 - - - - - -] Loaded extension: qos-bw-limit-direction
2026-06-16 12:16:43.905 8 INFO neutron.api.extensions [None req-9142750f-bf85-4892-bd0a-dd5fccff1f57 - - - - - -] Loaded extension: vpnaas
2026-06-16 12:16:43.906 7 INFO neutron.api.extensions [None req-e0ad3901-7033-4d71-baef-a6c222baa214 - - - - - -] Loaded extension: qos-bw-minimum-ingress
2026-06-16 12:16:43.906 7 INFO neutron.api.extensions [None req-e0ad3901-7033-4d71-baef-a6c222baa214 - - - - - -] Loaded extension: qos-default
2026-06-16 12:16:43.906 8 INFO neutron.api.extensions [None req-9142750f-bf85-4892-bd0a-dd5fccff1f57 - - - - - -] Loaded extension: taas
2026-06-16 12:16:43.907 7 INFO neutron.api.extensions [None req-e0ad3901-7033-4d71-baef-a6c222baa214 - - - - - -] Loaded extension: qos-fip
2026-06-16 12:16:43.907 7 INFO neutron.api.extensions [None req-e0ad3901-7033-4d71-baef-a6c222baa214 - - - - - -] Extension qos-fip-network-policy not supported by any of loaded plugins
2026-06-16 12:16:43.907 8 INFO neutron.api.extensions [None req-9142750f-bf85-4892-bd0a-dd5fccff1f57 - - - - - -] Loaded extension: tap-mirror
2026-06-16 12:16:43.908 7 INFO neutron.api.extensions [None req-e0ad3901-7033-4d71-baef-a6c222baa214 - - - - - -] Loaded extension: qos-gateway-ip
2026-06-16 12:16:43.908 8 INFO neutron.api.extensions [None req-9142750f-bf85-4892-bd0a-dd5fccff1f57 - - - - - -] Loaded extension: taas-vlan-filter
2026-06-16 12:16:43.908 7 INFO neutron.api.extensions [None req-e0ad3901-7033-4d71-baef-a6c222baa214 - - - - - -] Loaded extension: qos-port-network-policy
2026-06-16 12:16:43.909 7 INFO neutron.api.extensions [None req-e0ad3901-7033-4d71-baef-a6c222baa214 - - - - - -] Loaded extension: qos-pps-minimum
2026-06-16 12:16:43.910 7 INFO neutron.api.extensions [None req-e0ad3901-7033-4d71-baef-a6c222baa214 - - - - - -] Loaded extension: qos-pps-minimum-rule-alias
2026-06-16 12:16:43.910 8 INFO neutron.quota.resource_registry [None req-9142750f-bf85-4892-bd0a-dd5fccff1f57 - - - - - -] Creating instance of TrackedResource for resource:network
2026-06-16 12:16:43.910 7 INFO neutron.api.extensions [None req-e0ad3901-7033-4d71-baef-a6c222baa214 - - - - - -] Loaded extension: qos-pps
2026-06-16 12:16:43.911 8 INFO neutron.quota.resource_registry [None req-9142750f-bf85-4892-bd0a-dd5fccff1f57 - - - - - -] Creating instance of TrackedResource for resource:subnet
2026-06-16 12:16:43.911 8 INFO neutron.quota.resource_registry [None req-9142750f-bf85-4892-bd0a-dd5fccff1f57 - - - - - -] Creating instance of TrackedResource for resource:subnetpool
2026-06-16 12:16:43.911 8 INFO neutron.quota.resource_registry [None req-9142750f-bf85-4892-bd0a-dd5fccff1f57 - - - - - -] Creating instance of TrackedResource for resource:port
2026-06-16 12:16:43.911 7 INFO neutron.api.extensions [None req-e0ad3901-7033-4d71-baef-a6c222baa214 - - - - - -] Loaded extension: qos-rule-type-details
2026-06-16 12:16:43.911 7 INFO neutron.api.extensions [None req-e0ad3901-7033-4d71-baef-a6c222baa214 - - - - - -] Loaded extension: qos-rule-type-filter
2026-06-16 12:16:43.912 7 INFO neutron.api.extensions [None req-e0ad3901-7033-4d71-baef-a6c222baa214 - - - - - -] Loaded extension: qos-rules-alias
2026-06-16 12:16:43.912 7 INFO neutron.api.extensions [None req-e0ad3901-7033-4d71-baef-a6c222baa214 - - - - - -] Loaded extension: quota-check-limit
2026-06-16 12:16:43.913 7 INFO neutron.api.extensions [None req-e0ad3901-7033-4d71-baef-a6c222baa214 - - - - - -] Loaded extension: quota-check-limit-default
2026-06-16 12:16:43.914 8 INFO neutron.quota.resource_registry [None req-9142750f-bf85-4892-bd0a-dd5fccff1f57 - - - - - -] Creating instance of TrackedResource for resource:router
2026-06-16 12:16:43.914 8 INFO neutron.quota.resource_registry [None req-9142750f-bf85-4892-bd0a-dd5fccff1f57 - - - - - -] Creating instance of TrackedResource for resource:floatingip
2026-06-16 12:16:43.915 7 INFO neutron.api.extensions [None req-e0ad3901-7033-4d71-baef-a6c222baa214 - - - - - -] Loaded extension: quotas
2026-06-16 12:16:43.916 7 INFO neutron.api.extensions [None req-e0ad3901-7033-4d71-baef-a6c222baa214 - - - - - -] Loaded extension: quota_details
2026-06-16 12:16:43.918 7 INFO neutron.api.extensions [None req-e0ad3901-7033-4d71-baef-a6c222baa214 - - - - - -] Loaded extension: rbac-policies
2026-06-16 12:16:43.918 7 INFO neutron.api.extensions [None req-e0ad3901-7033-4d71-baef-a6c222baa214 - - - - - -] Extension rbac-address-group not supported by any of loaded plugins
2026-06-16 12:16:43.919 7 INFO neutron.api.extensions [None req-e0ad3901-7033-4d71-baef-a6c222baa214 - - - - - -] Loaded extension: rbac-address-scope
2026-06-16 12:16:43.919 7 INFO neutron.api.extensions [None req-e0ad3901-7033-4d71-baef-a6c222baa214 - - - - - -] Loaded extension: rbac-security-groups
2026-06-16 12:16:43.919 8 INFO neutron.quota.resource_registry [None req-9142750f-bf85-4892-bd0a-dd5fccff1f57 - - - - - -] Creating instance of CountableResource for resource:rbac_policy
2026-06-16 12:16:43.920 7 INFO neutron.api.extensions [None req-e0ad3901-7033-4d71-baef-a6c222baa214 - - - - - -] Extension rbac-subnetpool not supported by any of loaded plugins
2026-06-16 12:16:43.920 8 INFO neutron.quota.resource_registry [None req-9142750f-bf85-4892-bd0a-dd5fccff1f57 - - - - - -] Creating instance of TrackedResource for resource:security_group
2026-06-16 12:16:43.920 7 INFO neutron.api.extensions [None req-e0ad3901-7033-4d71-baef-a6c222baa214 - - - - - -] Loaded extension: revision-if-match
2026-06-16 12:16:43.920 8 INFO neutron.quota.resource_registry [None req-9142750f-bf85-4892-bd0a-dd5fccff1f57 - - - - - -] Creating instance of TrackedResource for resource:security_group_rule
2026-06-16 12:16:43.921 7 INFO neutron.api.extensions [None req-e0ad3901-7033-4d71-baef-a6c222baa214 - - - - - -] Loaded extension: standard-attr-revisions
2026-06-16 12:16:43.921 8 INFO neutron.quota.resource_registry [None req-9142750f-bf85-4892-bd0a-dd5fccff1f57 - - - - - -] Creating instance of TrackedResource for resource:subnetpool
2026-06-16 12:16:43.921 7 INFO neutron.api.extensions [None req-e0ad3901-7033-4d71-baef-a6c222baa214 - - - - - -] Loaded extension: router_availability_zone
2026-06-16 12:16:43.921 8 WARNING neutron.quota.resource_registry [None req-9142750f-bf85-4892-bd0a-dd5fccff1f57 - - - - - -] subnetpool is already registered
2026-06-16 12:16:43.922 8 INFO neutron.quota.resource_registry [None req-9142750f-bf85-4892-bd0a-dd5fccff1f57 - - - - - -] Creating instance of CountableResource for resource:trunk
2026-06-16 12:16:43.922 7 INFO neutron.api.extensions [None req-e0ad3901-7033-4d71-baef-a6c222baa214 - - - - - -] Extension router-service-type not supported by any of loaded plugins
2026-06-16 12:16:43.922 8 INFO neutron.quota.resource_registry [None req-9142750f-bf85-4892-bd0a-dd5fccff1f57 - - - - - -] Creating instance of CountableResource for resource:ikepolicy
2026-06-16 12:16:43.923 8 INFO neutron.quota.resource_registry [None req-9142750f-bf85-4892-bd0a-dd5fccff1f57 - - - - - -] Creating instance of CountableResource for resource:ipsecpolicy
2026-06-16 12:16:43.923 8 INFO neutron.quota.resource_registry [None req-9142750f-bf85-4892-bd0a-dd5fccff1f57 - - - - - -] Creating instance of CountableResource for resource:endpoint_group
2026-06-16 12:16:43.923 8 INFO neutron.quota.resource_registry [None req-9142750f-bf85-4892-bd0a-dd5fccff1f57 - - - - - -] Creating instance of CountableResource for resource:vpnservice
2026-06-16 12:16:43.924 8 INFO neutron.quota.resource_registry [None req-9142750f-bf85-4892-bd0a-dd5fccff1f57 - - - - - -] Creating instance of CountableResource for resource:ipsec_site_connection
2026-06-16 12:16:43.924 8 INFO neutron.quota.resource_registry [None req-9142750f-bf85-4892-bd0a-dd5fccff1f57 - - - - - -] Creating instance of CountableResource for resource:ipsecpolicy
2026-06-16 12:16:43.924 8 WARNING neutron.quota.resource_registry [None req-9142750f-bf85-4892-bd0a-dd5fccff1f57 - - - - - -] ipsecpolicy is already registered
2026-06-16 12:16:43.925 7 INFO neutron.api.extensions [None req-e0ad3901-7033-4d71-baef-a6c222baa214 - - - - - -] Loaded extension: security-groups-default-rules
2026-06-16 12:16:43.925 8 INFO neutron.quota.resource_registry [None req-9142750f-bf85-4892-bd0a-dd5fccff1f57 - - - - - -] Creating instance of CountableResource for resource:ikepolicy
2026-06-16 12:16:43.925 8 WARNING neutron.quota.resource_registry [None req-9142750f-bf85-4892-bd0a-dd5fccff1f57 - - - - - -] ikepolicy is already registered
2026-06-16 12:16:43.925 7 INFO neutron.api.extensions [None req-e0ad3901-7033-4d71-baef-a6c222baa214 - - - - - -] Loaded extension: security-groups-normalized-cidr
2026-06-16 12:16:43.926 7 INFO neutron.api.extensions [None req-e0ad3901-7033-4d71-baef-a6c222baa214 - - - - - -] Extension port-security-groups-filtering not supported by any of loaded plugins
2026-06-16 12:16:43.927 7 INFO neutron.api.extensions [None req-e0ad3901-7033-4d71-baef-a6c222baa214 - - - - - -] Loaded extension: security-groups-remote-address-group
2026-06-16 12:16:43.928 7 INFO neutron.api.extensions [None req-e0ad3901-7033-4d71-baef-a6c222baa214 - - - - - -] Loaded extension: security-groups-rules-belongs-to-default-sg
2026-06-16 12:16:43.928 7 INFO neutron.api.extensions [None req-e0ad3901-7033-4d71-baef-a6c222baa214 - - - - - -] Loaded extension: security-groups-shared-filtering
2026-06-16 12:16:43.929 8 INFO neutron.quota.resource_registry [None req-9142750f-bf85-4892-bd0a-dd5fccff1f57 - - - - - -] Creating instance of TrackedResource for resource:router
2026-06-16 12:16:43.929 8 WARNING neutron.quota.resource_registry [None req-9142750f-bf85-4892-bd0a-dd5fccff1f57 - - - - - -] router is already registered
2026-06-16 12:16:43.930 8 INFO neutron.quota.resource_registry [None req-9142750f-bf85-4892-bd0a-dd5fccff1f57 - - - - - -] Creating instance of TrackedResource for resource:floatingip
2026-06-16 12:16:43.930 8 WARNING neutron.quota.resource_registry [None req-9142750f-bf85-4892-bd0a-dd5fccff1f57 - - - - - -] floatingip is already registered
2026-06-16 12:16:43.932 7 INFO neutron.api.extensions [None req-e0ad3901-7033-4d71-baef-a6c222baa214 - - - - - -] Loaded extension: security-group
2026-06-16 12:16:43.934 7 INFO neutron.api.extensions [None req-e0ad3901-7033-4d71-baef-a6c222baa214 - - - - - -] Loaded extension: segment
2026-06-16 12:16:43.934 8 INFO neutron.quota.resource_registry [None req-9142750f-bf85-4892-bd0a-dd5fccff1f57 - - - - - -] Creating instance of CountableResource for resource:rbac_policy
2026-06-16 12:16:43.934 7 INFO neutron.api.extensions [None req-e0ad3901-7033-4d71-baef-a6c222baa214 - - - - - -] Loaded extension: segments-peer-subnet-host-routes
2026-06-16 12:16:43.934 8 WARNING neutron.quota.resource_registry [None req-9142750f-bf85-4892-bd0a-dd5fccff1f57 - - - - - -] rbac_policy is already registered
2026-06-16 12:16:43.935 7 INFO neutron.api.extensions [None req-e0ad3901-7033-4d71-baef-a6c222baa214 - - - - - -] Loaded extension: service-type
2026-06-16 12:16:43.935 8 INFO neutron.quota.resource_registry [None req-9142750f-bf85-4892-bd0a-dd5fccff1f57 - - - - - -] Creating instance of TrackedResource for resource:security_group
2026-06-16 12:16:43.935 8 WARNING neutron.quota.resource_registry [None req-9142750f-bf85-4892-bd0a-dd5fccff1f57 - - - - - -] security_group is already registered
2026-06-16 12:16:43.935 7 INFO neutron.api.extensions [None req-e0ad3901-7033-4d71-baef-a6c222baa214 - - - - - -] Loaded extension: sorting
2026-06-16 12:16:43.935 8 INFO neutron.quota.resource_registry [None req-9142750f-bf85-4892-bd0a-dd5fccff1f57 - - - - - -] Creating instance of TrackedResource for resource:security_group_rule
2026-06-16 12:16:43.936 8 WARNING neutron.quota.resource_registry [None req-9142750f-bf85-4892-bd0a-dd5fccff1f57 - - - - - -] security_group_rule is already registered
2026-06-16 12:16:43.936 7 INFO neutron.api.extensions [None req-e0ad3901-7033-4d71-baef-a6c222baa214 - - - - - -] Loaded extension: standard-attr-segment
2026-06-16 12:16:43.936 8 INFO neutron.quota.resource_registry [None req-9142750f-bf85-4892-bd0a-dd5fccff1f57 - - - - - -] Creating instance of TrackedResource for resource:subnetpool
2026-06-16 12:16:43.937 8 WARNING neutron.quota.resource_registry [None req-9142750f-bf85-4892-bd0a-dd5fccff1f57 - - - - - -] subnetpool is already registered
2026-06-16 12:16:43.937 7 INFO neutron.api.extensions [None req-e0ad3901-7033-4d71-baef-a6c222baa214 - - - - - -] Loaded extension: standard-attr-description
2026-06-16 12:16:43.937 8 INFO neutron.quota.resource_registry [None req-9142750f-bf85-4892-bd0a-dd5fccff1f57 - - - - - -] Creating instance of CountableResource for resource:trunk
2026-06-16 12:16:43.937 8 WARNING neutron.quota.resource_registry [None req-9142750f-bf85-4892-bd0a-dd5fccff1f57 - - - - - -] trunk is already registered
2026-06-16 12:16:43.937 7 INFO neutron.api.extensions [None req-e0ad3901-7033-4d71-baef-a6c222baa214 - - - - - -] Loaded extension: stateful-security-group
2026-06-16 12:16:43.937 8 INFO neutron.quota.resource_registry [None req-9142750f-bf85-4892-bd0a-dd5fccff1f57 - - - - - -] Creating instance of CountableResource for resource:ikepolicy
2026-06-16 12:16:43.938 8 WARNING neutron.quota.resource_registry [None req-9142750f-bf85-4892-bd0a-dd5fccff1f57 - - - - - -] ikepolicy is already registered
2026-06-16 12:16:43.938 7 WARNING neutron.api.extensions [None req-e0ad3901-7033-4d71-baef-a6c222baa214 - - - - - -] Did not find expected name "Stdattrs_common" in /var/lib/openstack/lib/python3.12/site-packages/neutron/extensions/stdattrs_common.py
2026-06-16 12:16:43.938 8 INFO neutron.quota.resource_registry [None req-9142750f-bf85-4892-bd0a-dd5fccff1f57 - - - - - -] Creating instance of CountableResource for resource:ipsecpolicy
2026-06-16 12:16:43.938 7 INFO neutron.api.extensions [None req-e0ad3901-7033-4d71-baef-a6c222baa214 - - - - - -] Loaded extension: subnet-dns-publish-fixed-ip
2026-06-16 12:16:43.938 8 WARNING neutron.quota.resource_registry [None req-9142750f-bf85-4892-bd0a-dd5fccff1f57 - - - - - -] ipsecpolicy is already registered
2026-06-16 12:16:43.938 8 INFO neutron.quota.resource_registry [None req-9142750f-bf85-4892-bd0a-dd5fccff1f57 - - - - - -] Creating instance of CountableResource for resource:endpoint_group
2026-06-16 12:16:43.939 7 INFO neutron.api.extensions [None req-e0ad3901-7033-4d71-baef-a6c222baa214 - - - - - -] Loaded extension: subnet-external-network
2026-06-16 12:16:43.939 8 WARNING neutron.quota.resource_registry [None req-9142750f-bf85-4892-bd0a-dd5fccff1f57 - - - - - -] endpoint_group is already registered
2026-06-16 12:16:43.939 8 INFO neutron.quota.resource_registry [None req-9142750f-bf85-4892-bd0a-dd5fccff1f57 - - - - - -] Creating instance of CountableResource for resource:vpnservice
2026-06-16 12:16:43.939 8 WARNING neutron.quota.resource_registry [None req-9142750f-bf85-4892-bd0a-dd5fccff1f57 - - - - - -] vpnservice is already registered
2026-06-16 12:16:43.939 7 INFO neutron.api.extensions [None req-e0ad3901-7033-4d71-baef-a6c222baa214 - - - - - -] Extension subnet_onboard not supported by any of loaded plugins
2026-06-16 12:16:43.939 8 INFO neutron.quota.resource_registry [None req-9142750f-bf85-4892-bd0a-dd5fccff1f57 - - - - - -] Creating instance of CountableResource for resource:ipsec_site_connection
2026-06-16 12:16:43.940 8 WARNING neutron.quota.resource_registry [None req-9142750f-bf85-4892-bd0a-dd5fccff1f57 - - - - - -] ipsec_site_connection is already registered
2026-06-16 12:16:43.940 7 INFO neutron.api.extensions [None req-e0ad3901-7033-4d71-baef-a6c222baa214 - - - - - -] Loaded extension: subnet-segmentid-writable
2026-06-16 12:16:43.940 8 INFO neutron.quota.resource_registry [None req-9142750f-bf85-4892-bd0a-dd5fccff1f57 - - - - - -] Creating instance of CountableResource for resource:ipsecpolicy
2026-06-16 12:16:43.940 8 WARNING neutron.quota.resource_registry [None req-9142750f-bf85-4892-bd0a-dd5fccff1f57 - - - - - -] ipsecpolicy is already registered
2026-06-16 12:16:43.940 7 INFO neutron.api.extensions [None req-e0ad3901-7033-4d71-baef-a6c222baa214 - - - - - -] Loaded extension: subnet-service-types
2026-06-16 12:16:43.940 8 INFO neutron.quota.resource_registry [None req-9142750f-bf85-4892-bd0a-dd5fccff1f57 - - - - - -] Creating instance of CountableResource for resource:ikepolicy
2026-06-16 12:16:43.941 8 WARNING neutron.quota.resource_registry [None req-9142750f-bf85-4892-bd0a-dd5fccff1f57 - - - - - -] ikepolicy is already registered
2026-06-16 12:16:43.941 7 INFO neutron.api.extensions [None req-e0ad3901-7033-4d71-baef-a6c222baa214 - - - - - -] Loaded extension: subnet_allocation
2026-06-16 12:16:43.941 7 INFO neutron.api.extensions [None req-e0ad3901-7033-4d71-baef-a6c222baa214 - - - - - -] Loaded extension: subnetpool-prefix-ops
2026-06-16 12:16:43.942 7 INFO neutron.api.extensions [None req-e0ad3901-7033-4d71-baef-a6c222baa214 - - - - - -] Loaded extension: tag-creation
2026-06-16 12:16:43.942 7 INFO neutron.api.extensions [None req-e0ad3901-7033-4d71-baef-a6c222baa214 - - - - - -] Extension tag-ports-during-bulk-creation not supported by any of loaded plugins
2026-06-16 12:16:43.946 7 INFO neutron.api.extensions [None req-e0ad3901-7033-4d71-baef-a6c222baa214 - - - - - -] Loaded extension: standard-attr-tag
2026-06-16 12:16:43.947 7 INFO neutron.api.extensions [None req-e0ad3901-7033-4d71-baef-a6c222baa214 - - - - - -] Loaded extension: standard-attr-timestamp
2026-06-16 12:16:43.948 7 INFO neutron.api.extensions [None req-e0ad3901-7033-4d71-baef-a6c222baa214 - - - - - -] Loaded extension: trunk
2026-06-16 12:16:43.949 7 INFO neutron.api.extensions [None req-e0ad3901-7033-4d71-baef-a6c222baa214 - - - - - -] Loaded extension: trunk-details
2026-06-16 12:16:43.949 7 INFO neutron.api.extensions [None req-e0ad3901-7033-4d71-baef-a6c222baa214 - - - - - -] Extension uplink-status-propagation not supported by any of loaded plugins
2026-06-16 12:16:43.950 7 INFO neutron.api.extensions [None req-e0ad3901-7033-4d71-baef-a6c222baa214 - - - - - -] Extension uplink-status-propagation-updatable not supported by any of loaded plugins
2026-06-16 12:16:43.951 7 INFO neutron.api.extensions [None req-e0ad3901-7033-4d71-baef-a6c222baa214 - - - - - -] Loaded extension: vlan-transparent
2026-06-16 12:16:43.951 7 INFO neutron.api.extensions [None req-e0ad3901-7033-4d71-baef-a6c222baa214 - - - - - -] Loaded extension: vpn-aes-ctr
2026-06-16 12:16:43.953 7 INFO neutron.api.extensions [None req-e0ad3901-7033-4d71-baef-a6c222baa214 - - - - - -] Loaded extension: vpn-agent-scheduler
2026-06-16 12:16:43.954 7 INFO neutron.api.extensions [None req-e0ad3901-7033-4d71-baef-a6c222baa214 - - - - - -] Loaded extension: vpn-endpoint-groups
2026-06-16 12:16:43.955 7 INFO neutron.api.extensions [None req-e0ad3901-7033-4d71-baef-a6c222baa214 - - - - - -] Loaded extension: vpn-flavors
2026-06-16 12:16:43.958 7 INFO neutron.api.extensions [None req-e0ad3901-7033-4d71-baef-a6c222baa214 - - - - - -] Loaded extension: vpnaas
2026-06-16 12:16:43.963 7 INFO neutron.api.extensions [None req-e0ad3901-7033-4d71-baef-a6c222baa214 - - - - - -] Loaded extension: taas
2026-06-16 12:16:43.965 7 INFO neutron.api.extensions [None req-e0ad3901-7033-4d71-baef-a6c222baa214 - - - - - -] Loaded extension: tap-mirror
2026-06-16 12:16:43.966 7 INFO neutron.api.extensions [None req-e0ad3901-7033-4d71-baef-a6c222baa214 - - - - - -] Loaded extension: taas-vlan-filter
2026-06-16 12:16:43.970 7 INFO neutron.quota.resource_registry [None req-e0ad3901-7033-4d71-baef-a6c222baa214 - - - - - -] Creating instance of TrackedResource for resource:network
2026-06-16 12:16:43.970 7 INFO neutron.quota.resource_registry [None req-e0ad3901-7033-4d71-baef-a6c222baa214 - - - - - -] Creating instance of TrackedResource for resource:subnet
2026-06-16 12:16:43.970 7 INFO neutron.quota.resource_registry [None req-e0ad3901-7033-4d71-baef-a6c222baa214 - - - - - -] Creating instance of TrackedResource for resource:subnetpool
2026-06-16 12:16:43.971 7 INFO neutron.quota.resource_registry [None req-e0ad3901-7033-4d71-baef-a6c222baa214 - - - - - -] Creating instance of TrackedResource for resource:port
2026-06-16 12:16:43.975 7 INFO neutron.quota.resource_registry [None req-e0ad3901-7033-4d71-baef-a6c222baa214 - - - - - -] Creating instance of TrackedResource for resource:router
2026-06-16 12:16:43.976 7 INFO neutron.quota.resource_registry [None req-e0ad3901-7033-4d71-baef-a6c222baa214 - - - - - -] Creating instance of TrackedResource for resource:floatingip
2026-06-16 12:16:43.976 8 WARNING keystonemiddleware._common.config [None req-9142750f-bf85-4892-bd0a-dd5fccff1f57 - - - - - -] The option "audit_map_file" is not known to keystonemiddleware
2026-06-16 12:16:43.981 7 INFO neutron.quota.resource_registry [None req-e0ad3901-7033-4d71-baef-a6c222baa214 - - - - - -] Creating instance of CountableResource for resource:rbac_policy
2026-06-16 12:16:43.982 7 INFO neutron.quota.resource_registry [None req-e0ad3901-7033-4d71-baef-a6c222baa214 - - - - - -] Creating instance of TrackedResource for resource:security_group
2026-06-16 12:16:43.982 7 INFO neutron.quota.resource_registry [None req-e0ad3901-7033-4d71-baef-a6c222baa214 - - - - - -] Creating instance of TrackedResource for resource:security_group_rule
2026-06-16 12:16:43.983 8 WARNING oslo_config.cfg [None req-9142750f-bf85-4892-bd0a-dd5fccff1f57 - - - - - -] Deprecated: Option "auth_uri" from group "keystone_authtoken" is deprecated. Use option "www_authenticate_uri" from group "keystone_authtoken".
2026-06-16 12:16:43.983 7 INFO neutron.quota.resource_registry [None req-e0ad3901-7033-4d71-baef-a6c222baa214 - - - - - -] Creating instance of TrackedResource for resource:subnetpool
2026-06-16 12:16:43.983 7 WARNING neutron.quota.resource_registry [None req-e0ad3901-7033-4d71-baef-a6c222baa214 - - - - - -] subnetpool is already registered
2026-06-16 12:16:43.984 7 INFO neutron.quota.resource_registry [None req-e0ad3901-7033-4d71-baef-a6c222baa214 - - - - - -] Creating instance of CountableResource for resource:trunk
2026-06-16 12:16:43.984 7 INFO neutron.quota.resource_registry [None req-e0ad3901-7033-4d71-baef-a6c222baa214 - - - - - -] Creating instance of CountableResource for resource:ikepolicy
2026-06-16 12:16:43.985 7 INFO neutron.quota.resource_registry [None req-e0ad3901-7033-4d71-baef-a6c222baa214 - - - - - -] Creating instance of CountableResource for resource:ipsecpolicy
2026-06-16 12:16:43.985 7 INFO neutron.quota.resource_registry [None req-e0ad3901-7033-4d71-baef-a6c222baa214 - - - - - -] Creating instance of CountableResource for resource:endpoint_group
2026-06-16 12:16:43.986 7 INFO neutron.quota.resource_registry [None req-e0ad3901-7033-4d71-baef-a6c222baa214 - - - - - -] Creating instance of CountableResource for resource:vpnservice
2026-06-16 12:16:43.986 7 INFO neutron.quota.resource_registry [None req-e0ad3901-7033-4d71-baef-a6c222baa214 - - - - - -] Creating instance of CountableResource for resource:ipsec_site_connection
2026-06-16 12:16:43.986 7 INFO neutron.quota.resource_registry [None req-e0ad3901-7033-4d71-baef-a6c222baa214 - - - - - -] Creating instance of CountableResource for resource:ipsecpolicy
2026-06-16 12:16:43.986 7 WARNING neutron.quota.resource_registry [None req-e0ad3901-7033-4d71-baef-a6c222baa214 - - - - - -] ipsecpolicy is already registered
2026-06-16 12:16:43.987 7 INFO neutron.quota.resource_registry [None req-e0ad3901-7033-4d71-baef-a6c222baa214 - - - - - -] Creating instance of CountableResource for resource:ikepolicy
2026-06-16 12:16:43.987 7 WARNING neutron.quota.resource_registry [None req-e0ad3901-7033-4d71-baef-a6c222baa214 - - - - - -] ikepolicy is already registered
2026-06-16 12:16:43.992 7 INFO neutron.quota.resource_registry [None req-e0ad3901-7033-4d71-baef-a6c222baa214 - - - - - -] Creating instance of TrackedResource for resource:router
2026-06-16 12:16:43.992 7 WARNING neutron.quota.resource_registry [None req-e0ad3901-7033-4d71-baef-a6c222baa214 - - - - - -] router is already registered
2026-06-16 12:16:43.992 7 INFO neutron.quota.resource_registry [None req-e0ad3901-7033-4d71-baef-a6c222baa214 - - - - - -] Creating instance of TrackedResource for resource:floatingip
2026-06-16 12:16:43.992 7 WARNING neutron.quota.resource_registry [None req-e0ad3901-7033-4d71-baef-a6c222baa214 - - - - - -] floatingip is already registered
2026-06-16 12:16:43.998 7 INFO neutron.quota.resource_registry [None req-e0ad3901-7033-4d71-baef-a6c222baa214 - - - - - -] Creating instance of CountableResource for resource:rbac_policy
2026-06-16 12:16:43.998 7 WARNING neutron.quota.resource_registry [None req-e0ad3901-7033-4d71-baef-a6c222baa214 - - - - - -] rbac_policy is already registered
2026-06-16 12:16:43.998 7 INFO neutron.quota.resource_registry [None req-e0ad3901-7033-4d71-baef-a6c222baa214 - - - - - -] Creating instance of TrackedResource for resource:security_group
2026-06-16 12:16:43.998 7 WARNING neutron.quota.resource_registry [None req-e0ad3901-7033-4d71-baef-a6c222baa214 - - - - - -] security_group is already registered
2026-06-16 12:16:43.999 7 INFO neutron.quota.resource_registry [None req-e0ad3901-7033-4d71-baef-a6c222baa214 - - - - - -] Creating instance of TrackedResource for resource:security_group_rule
2026-06-16 12:16:43.999 7 WARNING neutron.quota.resource_registry [None req-e0ad3901-7033-4d71-baef-a6c222baa214 - - - - - -] security_group_rule is already registered
2026-06-16 12:16:44.000 7 INFO neutron.quota.resource_registry [None req-e0ad3901-7033-4d71-baef-a6c222baa214 - - - - - -] Creating instance of TrackedResource for resource:subnetpool
2026-06-16 12:16:44.000 7 WARNING neutron.quota.resource_registry [None req-e0ad3901-7033-4d71-baef-a6c222baa214 - - - - - -] subnetpool is already registered
2026-06-16 12:16:44.000 7 INFO neutron.quota.resource_registry [None req-e0ad3901-7033-4d71-baef-a6c222baa214 - - - - - -] Creating instance of CountableResource for resource:trunk
2026-06-16 12:16:44.000 7 WARNING neutron.quota.resource_registry [None req-e0ad3901-7033-4d71-baef-a6c222baa214 - - - - - -] trunk is already registered
2026-06-16 12:16:44.001 7 INFO neutron.quota.resource_registry [None req-e0ad3901-7033-4d71-baef-a6c222baa214 - - - - - -] Creating instance of CountableResource for resource:ikepolicy
2026-06-16 12:16:44.001 7 WARNING neutron.quota.resource_registry [None req-e0ad3901-7033-4d71-baef-a6c222baa214 - - - - - -] ikepolicy is already registered
2026-06-16 12:16:44.001 7 INFO neutron.quota.resource_registry [None req-e0ad3901-7033-4d71-baef-a6c222baa214 - - - - - -] Creating instance of CountableResource for resource:ipsecpolicy
2026-06-16 12:16:44.002 7 WARNING neutron.quota.resource_registry [None req-e0ad3901-7033-4d71-baef-a6c222baa214 - - - - - -] ipsecpolicy is already registered
2026-06-16 12:16:44.002 7 INFO neutron.quota.resource_registry [None req-e0ad3901-7033-4d71-baef-a6c222baa214 - - - - - -] Creating instance of CountableResource for resource:endpoint_group
2026-06-16 12:16:44.002 7 WARNING neutron.quota.resource_registry [None req-e0ad3901-7033-4d71-baef-a6c222baa214 - - - - - -] endpoint_group is already registered
2026-06-16 12:16:44.003 7 INFO neutron.quota.resource_registry [None req-e0ad3901-7033-4d71-baef-a6c222baa214 - - - - - -] Creating instance of CountableResource for resource:vpnservice
2026-06-16 12:16:44.003 7 WARNING neutron.quota.resource_registry [None req-e0ad3901-7033-4d71-baef-a6c222baa214 - - - - - -] vpnservice is already registered
2026-06-16 12:16:44.003 7 INFO neutron.quota.resource_registry [None req-e0ad3901-7033-4d71-baef-a6c222baa214 - - - - - -] Creating instance of CountableResource for resource:ipsec_site_connection
2026-06-16 12:16:44.003 7 WARNING neutron.quota.resource_registry [None req-e0ad3901-7033-4d71-baef-a6c222baa214 - - - - - -] ipsec_site_connection is already registered
2026-06-16 12:16:44.004 7 INFO neutron.quota.resource_registry [None req-e0ad3901-7033-4d71-baef-a6c222baa214 - - - - - -] Creating instance of CountableResource for resource:ipsecpolicy
2026-06-16 12:16:44.004 7 WARNING neutron.quota.resource_registry [None req-e0ad3901-7033-4d71-baef-a6c222baa214 - - - - - -] ipsecpolicy is already registered
2026-06-16 12:16:44.003 8 WARNING neutron.plugins.ml2.drivers.ovn.mech_driver.mech_driver [None req-9142750f-bf85-4892-bd0a-dd5fccff1f57 - - - - - -] uWSGI must provide a start time using the configuration parameter "start-time %t" in the configuration file
2026-06-16 12:16:44.004 7 INFO neutron.quota.resource_registry [None req-e0ad3901-7033-4d71-baef-a6c222baa214 - - - - - -] Creating instance of CountableResource for resource:ikepolicy
2026-06-16 12:16:44.004 7 WARNING neutron.quota.resource_registry [None req-e0ad3901-7033-4d71-baef-a6c222baa214 - - - - - -] ikepolicy is already registered
2026-06-16 12:16:44.025 8 INFO neutron.db.ovn_hash_ring_db [None req-9142750f-bf85-4892-bd0a-dd5fccff1f57 - - - - - -] Nodes from host "neutron-server-64cbbf577d-glssz" and group "mechanism_driver" removed from the Hash Ring created at
2026-06-16 12:16:44+00:00
2026-06-16 12:16:44.028 8 INFO neutron.db.ovn_hash_ring_db [None req-9142750f-bf85-4892-bd0a-dd5fccff1f57 - - - - - -] Node 66013509637353a8bc58faf79bb26249 from host "neutron-server-64cbbf577d-glssz" and group "mechanism_driver" added to the Hash Ring
2026-06-16 12:16:44.041 7 WARNING keystonemiddleware._common.config [None req-e0ad3901-7033-4d71-baef-a6c222baa214 - - - - - -] The option "audit_map_file" is not known to keystonemiddleware
2026-06-16 12:16:44.048 7 WARNING oslo_config.cfg [None req-e0ad3901-7033-4d71-baef-a6c222baa214 - - - - - -] Deprecated: Option "auth_uri" from group "keystone_authtoken" is deprecated. Use option "www_authenticate_uri" from group "keystone_authtoken".
2026-06-16 12:16:44.072 7 WARNING neutron.plugins.ml2.drivers.ovn.mech_driver.mech_driver [None req-e0ad3901-7033-4d71-baef-a6c222baa214 - - - - - -] uWSGI must provide a start time using the configuration parameter "start-time %t" in the configuration file
2026-06-16 12:16:44.148 7 INFO neutron.db.ovn_hash_ring_db [None req-e0ad3901-7033-4d71-baef-a6c222baa214 - - - - - -] Nodes from host "neutron-server-64cbbf577d-glssz" and group "mechanism_driver" removed from the Hash Ring created at
2026-06-16 12:16:44+00:00
2026-06-16 12:16:44.151 8 INFO neutron.plugins.ml2.drivers.ovn.mech_driver.mech_driver [None req-9142750f-bf85-4892-bd0a-dd5fccff1f57 - - - - - -] Hash Ring probing thread for node 66013509637353a8bc58faf79bb26249 has started
2026-06-16 12:16:44.152 8 INFO neutron.plugins.ml2.drivers.ovn.mech_driver.ovsdb.impl_idl_ovn [None req-9142750f-bf85-4892-bd0a-dd5fccff1f57 - - - - - -] Getting OvsdbNbOvnIdl for WorkerService with retry
2026-06-16 12:16:44.156 7 INFO neutron.db.ovn_hash_ring_db [None req-e0ad3901-7033-4d71-baef-a6c222baa214 - - - - - -] Node c84362065e8254b4ae6029c4b5d2e738 from host "neutron-server-64cbbf577d-glssz" and group "mechanism_driver" added to the Hash Ring
2026-06-16 12:16:44.168 7 INFO neutron.plugins.ml2.drivers.ovn.mech_driver.mech_driver [None req-e0ad3901-7033-4d71-baef-a6c222baa214 - - - - - -] Hash Ring probing thread for node c84362065e8254b4ae6029c4b5d2e738 has started
2026-06-16 12:16:44.169 7 INFO neutron.plugins.ml2.drivers.ovn.mech_driver.ovsdb.impl_idl_ovn [None req-e0ad3901-7033-4d71-baef-a6c222baa214 - - - - - -] Getting OvsdbNbOvnIdl for WorkerService with retry
2026-06-16 12:16:44.184 8 INFO ovsdbapp.backend.ovs_idl.vlog [None req-9142750f-bf85-4892-bd0a-dd5fccff1f57 - - - - - -] tcp:10.105.12.39:6641: connecting...
2026-06-16 12:16:44.184 8 INFO ovsdbapp.backend.ovs_idl.vlog [None req-9142750f-bf85-4892-bd0a-dd5fccff1f57 - - - - - -] tcp:10.105.12.39:6641: connected
2026-06-16 12:16:44.201 7 INFO ovsdbapp.backend.ovs_idl.vlog [None req-e0ad3901-7033-4d71-baef-a6c222baa214 - - - - - -] tcp:10.105.12.39:6641: connecting...
2026-06-16 12:16:44.201 7 INFO ovsdbapp.backend.ovs_idl.vlog [None req-e0ad3901-7033-4d71-baef-a6c222baa214 - - - - - -] tcp:10.105.12.39:6641: connected
2026-06-16 12:16:44.223 8 INFO neutron.plugins.ml2.drivers.ovn.mech_driver.ovsdb.impl_idl_ovn [None req-9142750f-bf85-4892-bd0a-dd5fccff1f57 - - - - - -] Getting OvsdbSbOvnIdl for WorkerService with retry
2026-06-16 12:16:44.239 7 INFO neutron.plugins.ml2.drivers.ovn.mech_driver.ovsdb.impl_idl_ovn [None req-e0ad3901-7033-4d71-baef-a6c222baa214 - - - - - -] Getting OvsdbSbOvnIdl for WorkerService with retry
2026-06-16 12:16:44.245 8 INFO ovsdbapp.backend.ovs_idl.vlog [None req-9142750f-bf85-4892-bd0a-dd5fccff1f57 - - - - - -] tcp:10.103.22.178:6642: connecting...
2026-06-16 12:16:44.245 8 INFO ovsdbapp.backend.ovs_idl.vlog [None req-9142750f-bf85-4892-bd0a-dd5fccff1f57 - - - - - -] tcp:10.103.22.178:6642: connected
2026-06-16 12:16:44.261 7 INFO ovsdbapp.backend.ovs_idl.vlog [None req-e0ad3901-7033-4d71-baef-a6c222baa214 - - - - - -] tcp:10.103.22.178:6642: connecting...
2026-06-16 12:16:44.261 7 INFO ovsdbapp.backend.ovs_idl.vlog [None req-e0ad3901-7033-4d71-baef-a6c222baa214 - - - - - -] tcp:10.103.22.178:6642: connected
2026-06-16 12:16:44.275 8 INFO neutron.plugins.ml2.drivers.ovn.mech_driver.mech_driver [None req-9142750f-bf85-4892-bd0a-dd5fccff1f57 - - - - - -] WorkerService process has finished the post initialization
2026-06-16 12:16:44.297 7 INFO neutron.plugins.ml2.drivers.ovn.mech_driver.mech_driver [None req-e0ad3901-7033-4d71-baef-a6c222baa214 - - - - - -] WorkerService process has finished the post initialization
2026-06-16 12:16:44.299 7 INFO neutron.plugins.ml2.drivers.ovn.mech_driver.ovsdb.extensions.qos [-] Starting OVNClientQosExtension
2026-06-16 12:16:44.299 8 INFO ovsdbapp.backend.ovs_idl.vlog [None req-9142750f-bf85-4892-bd0a-dd5fccff1f57 - - - - - -] tcp:10.105.12.39:6641: connecting...
2026-06-16 12:16:44.300 8 INFO ovsdbapp.backend.ovs_idl.vlog [None req-9142750f-bf85-4892-bd0a-dd5fccff1f57 - - - - - -] tcp:10.105.12.39:6641: connected
2026-06-16 12:16:44.300 7 INFO neutron.plugins.ml2.drivers.ovn.mech_driver.ovsdb.extensions.placement [-] Starting OVNClientPlacementExtension
2026-06-16 12:16:44.322 7 INFO ovsdbapp.backend.ovs_idl.vlog [None req-e0ad3901-7033-4d71-baef-a6c222baa214 - - - - - -] tcp:10.105.12.39:6641: connecting...
2026-06-16 12:16:44.323 7 INFO ovsdbapp.backend.ovs_idl.vlog [None req-e0ad3901-7033-4d71-baef-a6c222baa214 - - - - - -] tcp:10.105.12.39:6641: connected
2026-06-16 12:16:44.336 8 INFO ovsdbapp.backend.ovs_idl.vlog [None req-9142750f-bf85-4892-bd0a-dd5fccff1f57 - - - - - -] tcp:10.105.12.39:6641: connecting...
2026-06-16 12:16:44.336 8 INFO ovsdbapp.backend.ovs_idl.vlog [None req-9142750f-bf85-4892-bd0a-dd5fccff1f57 - - - - - -] tcp:10.105.12.39:6641: connected WSGI app 0 (mountpoint='') ready in 10 seconds on interpreter 0x7f41e4ca7668 pid: 8 (default app)
2026-06-16 12:16:44.362 7 INFO ovsdbapp.backend.ovs_idl.vlog [None req-e0ad3901-7033-4d71-baef-a6c222baa214 - - - - - -] tcp:10.105.12.39:6641: connecting...
2026-06-16 12:16:44.363 7 INFO ovsdbapp.backend.ovs_idl.vlog [None req-e0ad3901-7033-4d71-baef-a6c222baa214 - - - - - -] tcp:10.105.12.39:6641: connected WSGI app 0 (mountpoint='') ready in 10 seconds on interpreter 0x7f41e4ca7668 pid: 7 (default app) /var/lib/openstack/lib/python3.12/site-packages/pycadf/identifier.py:70: UserWarning: Invalid uuid: unknown. To ensure interoperability, identifiers should be a valid uuid. warnings.warn(('Invalid uuid: %s. To ensure interoperability, ' [pid: 8|app: 0|req: 3/3] 199.204.45.53 () {44 vars in 942 bytes} [Tue Jun 16 12:16:45 2026] GET /v2.0/availability_zones => generated 86 bytes in 1070 msecs (HTTP/1.1 200) 4 headers in 156 bytes (1 switches on core 0) /var/lib/openstack/lib/python3.12/site-packages/pycadf/identifier.py:70: UserWarning: Invalid uuid: unknown. To ensure interoperability, identifiers should be a valid uuid. warnings.warn(('Invalid uuid: %s. To ensure interoperability, '
2026-06-16 12:16:48.566 7 INFO neutron.pecan_wsgi.hooks.translation [None req-449351f0-507b-4393-a1bc-ea6b7f4b43b1 80ac3f33aab54e149d19e3b69e7f5390 dca28c02e1e74653ae3fc216103007ca - - default default] GET failed (client error): The resource could not be found. [pid: 7|app: 0|req: 1/4] 199.204.45.53 () {44 vars in 924 bytes} [Tue Jun 16 12:16:47 2026] GET /v2.0/networks/public => generated 108 bytes in 794 msecs (HTTP/1.1 404) 4 headers in 164 bytes (1 switches on core 0) [pid: 8|app: 0|req: 4/5] 199.204.45.53 () {44 vars in 946 bytes} [Tue Jun 16 12:16:48 2026] GET /v2.0/networks?name=public => generated 15 bytes in 29 msecs (HTTP/1.1 200) 4 headers in 156 bytes (1 switches on core 0)
2026-06-16 12:16:49.210 7 INFO neutron.db.ovn_revision_numbers_db [None req-d7cd6bc4-afdd-44e4-bc8d-4fb1b51465c6 80ac3f33aab54e149d19e3b69e7f5390 dca28c02e1e74653ae3fc216103007ca - - default default] Successfully bumped revision number for resource 4cb9ac2c-5a7b-4957-b27d-ed6e6558ea58 (type: security_groups) to 1
2026-06-16 12:16:49.583 7 INFO neutron.db.ovn_revision_numbers_db [None req-d7cd6bc4-afdd-44e4-bc8d-4fb1b51465c6 80ac3f33aab54e149d19e3b69e7f5390 dca28c02e1e74653ae3fc216103007ca - - default default] Successfully bumped revision number for resource 1d99c787-62e1-45fc-bc93-b372128e18cd (type: security_group_rules) to 0
2026-06-16 12:16:49.938 7 INFO neutron.db.ovn_revision_numbers_db [None req-d7cd6bc4-afdd-44e4-bc8d-4fb1b51465c6 80ac3f33aab54e149d19e3b69e7f5390 dca28c02e1e74653ae3fc216103007ca - - default default] Successfully bumped revision number for resource 760f753a-8b60-4afb-b2ef-d70d38d5138f (type: security_group_rules) to 0
2026-06-16 12:16:49.988 7 INFO neutron.db.ovn_revision_numbers_db [None req-d7cd6bc4-afdd-44e4-bc8d-4fb1b51465c6 80ac3f33aab54e149d19e3b69e7f5390 dca28c02e1e74653ae3fc216103007ca - - default default] Successfully bumped revision number for resource b2a1ac0d-05a1-49fc-8e34-40e1967cde0c (type: security_group_rules) to 0
2026-06-16 12:16:50.081 7 INFO neutron.db.ovn_revision_numbers_db [None req-d7cd6bc4-afdd-44e4-bc8d-4fb1b51465c6 80ac3f33aab54e149d19e3b69e7f5390 dca28c02e1e74653ae3fc216103007ca - - default default] Successfully bumped revision number for resource f360e920-5e47-40f4-bda0-446bf6fe810a (type: security_group_rules) to 0
2026-06-16 12:16:50.205 7 WARNING neutron.services.revisions.revision_plugin [None req-d7cd6bc4-afdd-44e4-bc8d-4fb1b51465c6 80ac3f33aab54e149d19e3b69e7f5390 dca28c02e1e74653ae3fc216103007ca - - default default] Could not find related network for resource to bump revision.
2026-06-16 12:16:50.243 7 INFO neutron.db.segments_db [None req-d7cd6bc4-afdd-44e4-bc8d-4fb1b51465c6 80ac3f33aab54e149d19e3b69e7f5390 dca28c02e1e74653ae3fc216103007ca - - default default] Added segment b6a8fd8f-e136-4cdd-8c21-0c828d4cc005 of type flat for network acde96ef-e323-4d7c-a77e-c999b61a0815
2026-06-16 12:16:50.369 7 INFO neutron.plugins.ml2.drivers.ovn.mech_driver.mech_driver [-] OVN reports status down for port: provnet-b6a8fd8f-e136-4cdd-8c21-0c828d4cc005
2026-06-16 12:16:50.452 7 INFO neutron.db.ovn_revision_numbers_db [None req-d7cd6bc4-afdd-44e4-bc8d-4fb1b51465c6 80ac3f33aab54e149d19e3b69e7f5390 dca28c02e1e74653ae3fc216103007ca - - default default] Successfully bumped revision number for resource acde96ef-e323-4d7c-a77e-c999b61a0815 (type: networks) to 1
2026-06-16 12:16:50.730 7 WARNING neutron.scheduler.dhcp_agent_scheduler [None req-d7cd6bc4-afdd-44e4-bc8d-4fb1b51465c6 80ac3f33aab54e149d19e3b69e7f5390 dca28c02e1e74653ae3fc216103007ca - - default default] No more DHCP agents
2026-06-16 12:16:50.732 7 WARNING neutron.api.rpc.agentnotifiers.dhcp_rpc_agent_api [None req-d7cd6bc4-afdd-44e4-bc8d-4fb1b51465c6 80ac3f33aab54e149d19e3b69e7f5390 dca28c02e1e74653ae3fc216103007ca - - default default] Unable to schedule network acde96ef-e323-4d7c-a77e-c999b61a0815: no agents available; will retry on subsequent port and subnet creation events.
2026-06-16 12:16:51.117 7 INFO neutron.plugins.ml2.drivers.ovn.mech_driver.mech_driver [None req-485b28b8-d908-401c-8320-b0b0526ba8c7 - - - - - -] OVN reports status down for port: 1369692d-18a6-438a-bbea-7282443865ce
2026-06-16 12:16:51.246 7 INFO neutron.db.ovn_revision_numbers_db [None req-d7cd6bc4-afdd-44e4-bc8d-4fb1b51465c6 80ac3f33aab54e149d19e3b69e7f5390 dca28c02e1e74653ae3fc216103007ca - - default default] Successfully bumped revision number for resource 1369692d-18a6-438a-bbea-7282443865ce (type: ports) to 1 [pid: 7|app: 0|req: 2/6] 199.204.45.53 () {48 vars in 964 bytes} [Tue Jun 16 12:16:48 2026] POST /v2.0/networks => generated 744 bytes in 2727 msecs (HTTP/1.1 201) 4 headers in 162 bytes (1 switches on core 0)
2026-06-16 12:16:52.631 7 INFO neutron.pecan_wsgi.hooks.translation [None req-eb7d91ae-1462-4d4f-94a1-2f04f0b8e15a 80ac3f33aab54e149d19e3b69e7f5390 dca28c02e1e74653ae3fc216103007ca - - default default] GET failed (client error): The resource could not be found. [pid: 7|app: 0|req: 3/8] 199.204.45.53 () {44 vars in 924 bytes} [Tue Jun 16 12:16:52 2026] GET /v2.0/networks/public => generated 108 bytes in 45 msecs (HTTP/1.1 404) 4 headers in 164 bytes (1 switches on core 0) [pid: 8|app: 0|req: 6/9] 199.204.45.53 () {44 vars in 946 bytes} [Tue Jun 16 12:16:52 2026] GET /v2.0/networks?name=public => generated 753 bytes in 60 msecs (HTTP/1.1 200) 4 headers in 157 bytes (1 switches on core 0)
2026-06-16 12:16:52.738 7 INFO neutron.pecan_wsgi.hooks.translation [None req-19205f0f-9ea6-4175-adac-a12ccfa5e766 80ac3f33aab54e149d19e3b69e7f5390 dca28c02e1e74653ae3fc216103007ca - - default default] GET failed (client error): The resource could not be found. [pid: 7|app: 0|req: 4/10] 199.204.45.53 () {44 vars in 1031 bytes} [Tue Jun 16 12:16:52 2026] GET /v2.0/subnets/public-subnet?network_id=acde96ef-e323-4d7c-a77e-c999b61a0815 => generated 113 bytes in 31 msecs (HTTP/1.1 404) 4 headers in 164 bytes (1 switches on core 0) [pid: 8|app: 0|req: 7/11] 199.204.45.53 () {44 vars in 1054 bytes} [Tue Jun 16 12:16:52 2026] GET /v2.0/subnets?name=public-subnet&network_id=acde96ef-e323-4d7c-a77e-c999b61a0815 => generated 14 bytes in 30 msecs (HTTP/1.1 200) 4 headers in 156 bytes (1 switches on core 0)
2026-06-16 12:16:53.024 7 WARNING neutron.scheduler.dhcp_agent_scheduler [None req-ccc16432-8455-442f-8dd2-0cbf1f83789e 80ac3f33aab54e149d19e3b69e7f5390 dca28c02e1e74653ae3fc216103007ca - - default default] No more DHCP agents
2026-06-16 12:16:53.026 7 WARNING neutron.api.rpc.agentnotifiers.dhcp_rpc_agent_api [None req-ccc16432-8455-442f-8dd2-0cbf1f83789e 80ac3f33aab54e149d19e3b69e7f5390 dca28c02e1e74653ae3fc216103007ca - - default default] Unable to schedule network acde96ef-e323-4d7c-a77e-c999b61a0815: no agents available; will retry on subsequent port and subnet creation events.
2026-06-16 12:16:53.533 7 INFO neutron.db.ovn_revision_numbers_db [None req-c47e4232-d0cb-46a4-94ff-ef0a24a906c7 - - - - - -] Successfully bumped revision number for resource 1369692d-18a6-438a-bbea-7282443865ce (type: ports) to 2
2026-06-16 12:16:53.575 7 INFO neutron.db.ovn_revision_numbers_db [None req-c47e4232-d0cb-46a4-94ff-ef0a24a906c7 - - - - - -] Successfully bumped revision number for resource 5b28bbf8-7884-4412-89ec-04101cdd1e1d (type: subnets) to 0 [pid: 7|app: 0|req: 5/12] 199.204.45.53 () {48 vars in 962 bytes} [Tue Jun 16 12:16:52 2026] POST /v2.0/subnets => generated 664 bytes in 808 msecs (HTTP/1.1 201) 4 headers in 162 bytes (1 switches on core 0)
2026-06-16 12:21:54.951 8 INFO neutron.pecan_wsgi.hooks.translation [None req-c345c2b0-982b-4d54-a8e7-c9a94db20a5a 80ac3f33aab54e149d19e3b69e7f5390 dca28c02e1e74653ae3fc216103007ca - - default default] GET failed (client error): The resource could not be found. [pid: 8|app: 0|req: 27/51] 199.204.45.53 () {44 vars in 934 bytes} [Tue Jun 16 12:21:54 2026] GET /v2.0/networks/lb-mgmt-net => generated 113 bytes in 151 msecs (HTTP/1.1 404) 4 headers in 164 bytes (1 switches on core 0) [pid: 7|app: 0|req: 25/52] 199.204.45.53 () {44 vars in 956 bytes} [Tue Jun 16 12:21:54 2026] GET /v2.0/networks?name=lb-mgmt-net => generated 15 bytes in 26 msecs (HTTP/1.1 200) 4 headers in 156 bytes (1 switches on core 0)
2026-06-16 12:21:55.125 8 INFO neutron.db.segments_db [None req-e0cbaa96-9811-4ab4-a267-74981e08c3fc 80ac3f33aab54e149d19e3b69e7f5390 dca28c02e1e74653ae3fc216103007ca - - default default] Added segment c03b3133-a471-4b43-9051-0861a2876159 of type geneve for network 3441259c-47d7-43c4-81aa-b8ad4a617666
2026-06-16 12:21:55.284 8 INFO neutron.plugins.ml2.drivers.ovn.mech_driver.ovsdb.extensions.qos [None req-e0cbaa96-9811-4ab4-a267-74981e08c3fc 80ac3f33aab54e149d19e3b69e7f5390 dca28c02e1e74653ae3fc216103007ca - - default default] Starting OVNClientQosExtension
2026-06-16 12:21:55.284 8 INFO neutron.plugins.ml2.drivers.ovn.mech_driver.ovsdb.extensions.placement [None req-e0cbaa96-9811-4ab4-a267-74981e08c3fc 80ac3f33aab54e149d19e3b69e7f5390 dca28c02e1e74653ae3fc216103007ca - - default default] Starting OVNClientPlacementExtension
2026-06-16 12:21:55.326 8 INFO neutron.db.ovn_revision_numbers_db [None req-e0cbaa96-9811-4ab4-a267-74981e08c3fc 80ac3f33aab54e149d19e3b69e7f5390 dca28c02e1e74653ae3fc216103007ca - - default default] Successfully bumped revision number for resource 3441259c-47d7-43c4-81aa-b8ad4a617666 (type: networks) to 1
