Jun 29 06:01:55.323633 np0000183456 devstack@neutron-api.service[103013]: DEBUG neutron.plugins.ml2.drivers.ovn.mech_driver.ovsdb.ovsdb_monitor [None req-c212ec7a-8996-4221-b036-2aad7974e4bd None None] Hash Ring: Node 9f1097995ac3590db0b5660c8aa87e4e (host: np0000183456) handling event "update" for row ece40509-d84a-4a21-81f5-bb4def0e564a (table: Port_Binding) {{(pid=103013) notify /opt/stack/neutron/neutron/plugins/ml2/drivers/ovn/mech_driver/ovsdb/ovsdb_monitor.py:1015}}
Jun 29 06:01:55.325594 np0000183456 devstack@neutron-api.service[103012]: DEBUG neutron.plugins.ml2.drivers.ovn.mech_driver.ovsdb.ovsdb_monitor [None req-def979b7-bcbf-42f0-97cf-93ec29e5499e None None] Touching Hash Ring node "a78dff8b5ee05793b0662b0ee5e8137e" from IDL notify handler {{(pid=103012) notify /opt/stack/neutron/neutron/plugins/ml2/drivers/ovn/mech_driver/ovsdb/ovsdb_monitor.py:1007}}
Jun 29 06:01:55.328490 np0000183456 devstack@neutron-api.service[103012]: DEBUG neutron.plugins.ml2.drivers.ovn.mech_driver.ovsdb.ovsdb_monitor [None req-8b7b38de-1702-4073-b168-e43842b6a1ad None None] Hash Ring: Node a78dff8b5ee05793b0662b0ee5e8137e (host: np0000183456) handling event "update" for row 0d6c1d5d-8273-47ea-b141-6b74d5fcc697 (table: Logical_Switch_Port) {{(pid=103012) notify /opt/stack/neutron/neutron/plugins/ml2/drivers/ovn/mech_driver/ovsdb/ovsdb_monitor.py:1015}}
Jun 29 06:01:55.329963 np0000183456 devstack@neutron-api.service[103012]: DEBUG neutron.plugins.ml2.drivers.ovn.mech_driver.ovsdb.ovsdb_monitor [None req-def979b7-bcbf-42f0-97cf-93ec29e5499e None None] Hash Ring: Node a78dff8b5ee05793b0662b0ee5e8137e (host: np0000183456) handling event "update" for row ece40509-d84a-4a21-81f5-bb4def0e564a (table: Port_Binding) {{(pid=103012) notify /opt/stack/neutron/neutron/plugins/ml2/drivers/ovn/mech_driver/ovsdb/ovsdb_monitor.py:1015}}
Jun 29 06:01:55.359856 np0000183456 devstack@neutron-api.service[103011]: DEBUG neutron.plugins.ml2.plugin [None req-dfc3f985-f8ff-4aab-b260-a483142fb46e None None] Current status of the port 24e909e8-7b13-4b1f-8c18-b49af0ccdd6c is: DOWN; New status is: ACTIVE {{(pid=103011) _update_individual_port_db_status /opt/stack/neutron/neutron/plugins/ml2/plugin.py:2473}}
Jun 29 06:01:55.359976 np0000183456 devstack@neutron-api.service[103011]: DEBUG neutron_lib.callbacks.manager [None req-dfc3f985-f8ff-4aab-b260-a483142fb46e None None] Publish callbacks ['neutron.plugins.ml2.plugin.SecurityGroupDbMixin._ensure_default_security_group_handler-197860', 'neutron.services.ovn_l3.plugin.OVNL3RouterPlugin._port_update-8529952380952', 'neutron.db.l3_db.L3_NAT_dbonly_mixin._prevent_internal_ip_change_for_fip-8529954860306'] for port (24e909e8-7b13-4b1f-8c18-b49af0ccdd6c), before_update {{(pid=103011) _notify_loop /opt/stack/data/venv/lib/python3.12/site-packages/neutron_lib/callbacks/manager.py:184}}
Jun 29 06:01:55.376413 np0000183456 devstack@neutron-api.service[103011]: DEBUG neutron.plugins.ml2.db [None req-dfc3f985-f8ff-4aab-b260-a483142fb46e None None] For port 24e909e8-7b13-4b1f-8c18-b49af0ccdd6c, host np0000183456, got binding levels [PortBindingLevel(driver='ovn',host='np0000183456',level=0,port_id=24e909e8-7b13-4b1f-8c18-b49af0ccdd6c,segment=NetworkSegment(d12cef40-46cf-4572-9e92-9806a7e1b2b1),segment_id=d12cef40-46cf-4572-9e92-9806a7e1b2b1)] {{(pid=103011) get_binding_level_objs /opt/stack/neutron/neutron/plugins/ml2/db.py:74}}
Jun 29 06:01:55.376587 np0000183456 devstack@neutron-api.service[103013]: DEBUG neutron_lib.callbacks.manager [None req-a75d4a09-628d-4bf6-be52-69919eaf1c8e None None] Publish callbacks ['neutron.plugins.ml2.plugin.SecurityGroupDbMixin._ensure_default_security_group_handler-33458418', 'neutron.services.ovn_l3.plugin.OVNL3RouterPlugin._port_update-8529953356834', 'neutron.db.l3_db.L3_NAT_dbonly_mixin._prevent_internal_ip_change_for_fip-8529954860116'] for port (24e909e8-7b13-4b1f-8c18-b49af0ccdd6c), before_update {{(pid=103013) _notify_loop /opt/stack/data/venv/lib/python3.12/site-packages/neutron_lib/callbacks/manager.py:184}}
Jun 29 06:01:55.376684 np0000183456 devstack@neutron-api.service[103011]: DEBUG neutron.plugins.ml2.drivers.ovn.mech_driver.mech_driver [None req-dfc3f985-f8ff-4aab-b260-a483142fb46e None None] No provisioning block for port 24e909e8-7b13-4b1f-8c18-b49af0ccdd6c since it is active {{(pid=103011) _is_port_provisioning_required /opt/stack/neutron/neutron/plugins/ml2/drivers/ovn/mech_driver/mech_driver.py:894}}
Jun 29 06:01:55.471902 np0000183456 devstack@neutron-api.service[103013]: [pid: 103013|app: 0|req: 8/26] 199.204.45.177 () {64 vars in 1527 bytes} [Mon Jun 29 06:01:55 2026] GET /networking/v2.0/ports?device_owner=network%3Arouter_gateway&fields=id&fields=name&fields=mac_address&fields=fixed_ips&fields=status => generated 212 bytes in 84 msecs (HTTP/1.1 200) 4 headers in 157 bytes (1 switches on core 0)
Jun 29 06:01:55.491761 np0000183456 devstack@neutron-api.service[103013]: DEBUG neutron.plugins.ml2.db [None req-a75d4a09-628d-4bf6-be52-69919eaf1c8e None None] For port 24e909e8-7b13-4b1f-8c18-b49af0ccdd6c, host np0000183456, got binding levels [PortBindingLevel(driver='ovn',host='np0000183456',level=0,port_id=24e909e8-7b13-4b1f-8c18-b49af0ccdd6c,segment=NetworkSegment(d12cef40-46cf-4572-9e92-9806a7e1b2b1),segment_id=d12cef40-46cf-4572-9e92-9806a7e1b2b1)] {{(pid=103013) get_binding_level_objs /opt/stack/neutron/neutron/plugins/ml2/db.py:74}}
Jun 29 06:01:55.506104 np0000183456 devstack@neutron-api.service[103013]: DEBUG neutron_lib.callbacks.manager [None req-a75d4a09-628d-4bf6-be52-69919eaf1c8e None None] Publish callbacks [] for port (24e909e8-7b13-4b1f-8c18-b49af0ccdd6c), precommit_update {{(pid=103013) _notify_loop /opt/stack/data/venv/lib/python3.12/site-packages/neutron_lib/callbacks/manager.py:184}}
Jun 29 06:01:55.506300 np0000183456 devstack@neutron-api.service[103013]: DEBUG neutron.plugins.ml2.drivers.ovn.mech_driver.mech_driver [None req-a75d4a09-628d-4bf6-be52-69919eaf1c8e None None] No provisioning block for port 24e909e8-7b13-4b1f-8c18-b49af0ccdd6c since host unchanged {{(pid=103013) _is_port_provisioning_required /opt/stack/neutron/neutron/plugins/ml2/drivers/ovn/mech_driver/mech_driver.py:904}}
Jun 29 06:01:55.533890 np0000183456 devstack@neutron-api.service[103011]: DEBUG neutron.plugins.ml2.drivers.ovn.mech_driver.ovsdb.commands [None req-dfc3f985-f8ff-4aab-b260-a483142fb46e None None] Converting tag [] to a tag_request {{(pid=103011) _tag_column_to_tag_request /opt/stack/neutron/neutron/plugins/ml2/drivers/ovn/mech_driver/ovsdb/commands.py:205}}
Jun 29 06:01:55.534948 np0000183456 devstack@neutron-api.service[103011]: DEBUG ovsdbapp.backend.ovs_idl.transaction [None req-f89efd74-d633-4686-b41b-d878fcc10df3 None None] Running txn n=1 command(idx=0): CheckRevisionNumberCommand(_result=None, name=24e909e8-7b13-4b1f-8c18-b49af0ccdd6c, resource={'id': '24e909e8-7b13-4b1f-8c18-b49af0ccdd6c', 'name': '', 'network_id': 'dfeb9aaf-3a59-4715-b24b-c13ed357b675', 'project_id': '', 'mac_address': 'fa:16:3e:93:b4:4e', 'admin_state_up': True, 'status': 'ACTIVE', 'device_id': '9a7ce38d-a051-4a70-aae8-113326b35188', 'device_owner': 'network:router_gateway', 'standard_attr_id': 23, 'fixed_ips': [{'subnet_id': '99a164d5-2789-42ca-926c-414c5af9d273', 'ip_address': '172.24.5.179'}], 'allowed_address_pairs': [], 'extra_dhcp_opts': [], 'security_groups': [], 'description': '', 'binding:vnic_type': 'normal', 'binding:profile': {}, 'binding:host_id': 'np0000183456', 'binding:vif_type': 'ovs', 'binding:vif_details': {'port_filter': True, 'connectivity': 'l2', 'ovs_create_tap': False, 'bridge_name': 'br-int', 'datapath_type': 'system', 'bound_drivers': {'0': 'ovn'}}, 'port_security_enabled': False, 'tags': [], 'created_at': '2026-06-29T06:01:53Z', 'updated_at': '2026-06-29T06:01:55Z', 'revision_number': 5, 'tenant_id': '', 'network': {'id': 'dfeb9aaf-3a59-4715-b24b-c13ed357b675', 'name': 'public', 'tenant_id': 'dd89742391a1424eb91a93c7c67976f8', 'project_id': 'dd89742391a1424eb91a93c7c67976f8', 'admin_state_up': True, 'mtu': 1430, 'status': 'ACTIVE', 'subnets': ['99a164d5-2789-42ca-926c-414c5af9d273'], 'standard_attr_id': 18, 'shared': False, 'availability_zone_hints': [], 'availability_zones': [], 'ipv4_address_scope': None, 'ipv6_address_scope': None, 'router:external': True, 'qinq': False, 'vlan_transparent': False, 'description': '', 'port_security_enabled': True, 'is_default': True, 'tags': [], 'created_at': '2026-06-29T06:01:49Z', 'updated_at': '2026-06-29T06:01:52Z', 'revision_number': 2, 'provider:network_type': 'flat', 'provider:physical_network': 'public', 'provider:segmentation_id': None}}, resource_type=ports, if_exists=True) {{(pid=103011) do_commit /opt/stack/data/venv/lib/python3.12/site-packages/ovsdbapp/backend/ovs_idl/transaction.py:89}}
Jun 29 06:01:55.535465 np0000183456 devstack@neutron-api.service[103011]: DEBUG ovsdbapp.backend.ovs_idl.transaction [None req-f89efd74-d633-4686-b41b-d878fcc10df3 None None] Running txn n=1 command(idx=1): SetLSwitchPortCommand(_result=None, lport=24e909e8-7b13-4b1f-8c18-b49af0ccdd6c, external_ids_update=None, columns={'external_ids': {'neutron:port_name': '', 'neutron:device_id': '9a7ce38d-a051-4a70-aae8-113326b35188', 'neutron:project_id': '', 'neutron:cidrs': '172.24.5.179/24', 'neutron:device_owner': 'network:router_gateway', 'neutron:subnet_pool_addr_scope4': '', 'neutron:subnet_pool_addr_scope6': '', 'neutron:network_name': 'neutron-dfeb9aaf-3a59-4715-b24b-c13ed357b675', 'neutron:security_group_ids': '', 'neutron:revision_number': '5', 'neutron:vnic_type': 'normal', 'neutron:port_capabilities': '', 'neutron:mtu': '', 'neutron:host_id': 'np0000183456'}, 'parent_name': [], 'options': {'requested-chassis': 'np0000183456', 'exclude-lb-vips-from-garp': 'true', 'nat-addresses': 'router', 'router-port': 'lrp-24e909e8-7b13-4b1f-8c18-b49af0ccdd6c'}, 'enabled': True, 'port_security': [], 'dhcpv4_options': [], 'dhcpv6_options': [], 'type': 'router', 'ha_chassis_group': [], 'tag_request': []}, if_exists=False) {{(pid=103011) do_commit /opt/stack/data/venv/lib/python3.12/site-packages/ovsdbapp/backend/ovs_idl/transaction.py:89}}
Jun 29 06:01:55.536384 np0000183456 devstack@neutron-api.service[103011]: DEBUG ovsdbapp.backend.ovs_idl.transaction [None req-f89efd74-d633-4686-b41b-d878fcc10df3 None None] Running txn n=1 command(idx=2): PgDelPortCommand(_result=None, port_group=neutron_pg_drop, lsp=['24e909e8-7b13-4b1f-8c18-b49af0ccdd6c'], if_exists=False) {{(pid=103011) do_commit /opt/stack/data/venv/lib/python3.12/site-packages/ovsdbapp/backend/ovs_idl/transaction.py:89}}
Jun 29 06:01:55.543564 np0000183456 devstack@neutron-api.service[103012]: DEBUG neutron.plugins.ml2.drivers.ovn.mech_driver.ovsdb.ovsdb_monitor [None req-8b7b38de-1702-4073-b168-e43842b6a1ad None None] Touching Hash Ring node "a78dff8b5ee05793b0662b0ee5e8137e" from IDL notify handler {{(pid=103012) notify /opt/stack/neutron/neutron/plugins/ml2/drivers/ovn/mech_driver/ovsdb/ovsdb_monitor.py:1007}}
Jun 29 06:01:55.546231 np0000183456 devstack@neutron-api.service[103013]: DEBUG neutron.plugins.ml2.drivers.ovn.mech_driver.ovsdb.ovsdb_monitor [None req-c212ec7a-8996-4221-b036-2aad7974e4bd None None] Touching Hash Ring node "9f1097995ac3590db0b5660c8aa87e4e" from IDL notify handler {{(pid=103013) notify /opt/stack/neutron/neutron/plugins/ml2/drivers/ovn/mech_driver/ovsdb/ovsdb_monitor.py:1007}}
Jun 29 06:01:55.548353 np0000183456 devstack@neutron-api.service[103012]: DEBUG neutron.plugins.ml2.drivers.ovn.mech_driver.ovsdb.ovsdb_monitor [None req-def979b7-bcbf-42f0-97cf-93ec29e5499e None None] Touching Hash Ring node "a78dff8b5ee05793b0662b0ee5e8137e" from IDL notify handler {{(pid=103012) notify /opt/stack/neutron/neutron/plugins/ml2/drivers/ovn/mech_driver/ovsdb/ovsdb_monitor.py:1007}}
Jun 29 06:01:55.553419 np0000183456 devstack@neutron-api.service[103012]: DEBUG neutron.plugins.ml2.drivers.ovn.mech_driver.ovsdb.ovsdb_monitor [None req-def979b7-bcbf-42f0-97cf-93ec29e5499e None None] Hash Ring: Node a78dff8b5ee05793b0662b0ee5e8137e (host: np0000183456) handling event "update" for row ece40509-d84a-4a21-81f5-bb4def0e564a (table: Port_Binding) {{(pid=103012) notify /opt/stack/neutron/neutron/plugins/ml2/drivers/ovn/mech_driver/ovsdb/ovsdb_monitor.py:1015}}
Jun 29 06:01:55.553900 np0000183456 devstack@neutron-api.service[103012]: DEBUG neutron.plugins.ml2.drivers.ovn.mech_driver.ovsdb.ovsdb_monitor [None req-8b7b38de-1702-4073-b168-e43842b6a1ad None None] Hash Ring: Node a78dff8b5ee05793b0662b0ee5e8137e (host: np0000183456) handling event "update" for row 0d6c1d5d-8273-47ea-b141-6b74d5fcc697 (table: Logical_Switch_Port) {{(pid=103012) notify /opt/stack/neutron/neutron/plugins/ml2/drivers/ovn/mech_driver/ovsdb/ovsdb_monitor.py:1015}}
Jun 29 06:01:55.566555 np0000183456 devstack@neutron-api.service[103013]: DEBUG neutron.plugins.ml2.drivers.ovn.mech_driver.ovsdb.ovsdb_monitor [None req-c212ec7a-8996-4221-b036-2aad7974e4bd None None] Hash Ring: Node 9f1097995ac3590db0b5660c8aa87e4e (host: np0000183456) handling event "update" for row ece40509-d84a-4a21-81f5-bb4def0e564a (table: Port_Binding) {{(pid=103013) notify /opt/stack/neutron/neutron/plugins/ml2/drivers/ovn/mech_driver/ovsdb/ovsdb_monitor.py:1015}}
Jun 29 06:01:55.567236 np0000183456 devstack@neutron-api.service[103011]: INFO neutron.db.ovn_revision_numbers_db [None req-dfc3f985-f8ff-4aab-b260-a483142fb46e None None] Successfully bumped revision number for resource 24e909e8-7b13-4b1f-8c18-b49af0ccdd6c (type: ports) to 5
Jun 29 06:01:55.575723 np0000183456 devstack@neutron-api.service[103011]: DEBUG neutron_lib.callbacks.manager [None req-dfc3f985-f8ff-4aab-b260-a483142fb46e None None] Publish callbacks ['neutron.plugins.ml2.ovo_rpc._ObjectChangeHandler.handle_event-4035927', 'neutron.services.ovn_l3.plugin.OVNL3RouterPlugin._port_update-8529952380952'] for port (24e909e8-7b13-4b1f-8c18-b49af0ccdd6c), after_update {{(pid=103011) _notify_loop /opt/stack/data/venv/lib/python3.12/site-packages/neutron_lib/callbacks/manager.py:184}}
Jun 29 06:01:55.595501 np0000183456 devstack@neutron-api.service[103013]: DEBUG neutron_lib.callbacks.manager [None req-a75d4a09-628d-4bf6-be52-69919eaf1c8e None None] Publish callbacks ['neutron.plugins.ml2.ovo_rpc._ObjectChangeHandler.handle_event-3208649', 'neutron.services.ovn_l3.plugin.OVNL3RouterPlugin._port_update-8529953356834'] for port (24e909e8-7b13-4b1f-8c18-b49af0ccdd6c), after_update {{(pid=103013) _notify_loop /opt/stack/data/venv/lib/python3.12/site-packages/neutron_lib/callbacks/manager.py:184}}
Jun 29 06:01:55.602102 np0000183456 devstack@neutron-api.service[103011]: DEBUG neutron.api.rpc.handlers.resources_rpc [None req-dfc3f985-f8ff-4aab-b260-a483142fb46e None None] Pushing event updated for resources: {'Port': ['ID=24e909e8-7b13-4b1f-8c18-b49af0ccdd6c,revision_number=5']} {{(pid=103011) push /opt/stack/neutron/neutron/api/rpc/handlers/resources_rpc.py:237}}
Jun 29 06:01:55.641035 np0000183456 devstack@neutron-api.service[103013]: DEBUG neutron.api.rpc.handlers.resources_rpc [None req-a75d4a09-628d-4bf6-be52-69919eaf1c8e None None] Pushing event updated for resources: {'Port': ['ID=24e909e8-7b13-4b1f-8c18-b49af0ccdd6c,revision_number=5']} {{(pid=103013) push /opt/stack/neutron/neutron/api/rpc/handlers/resources_rpc.py:237}}
Jun 29 06:01:55.646223 np0000183456 devstack@neutron-api.service[103013]: DEBUG neutron.api.rpc.callbacks.version_manager [None req-a75d4a09-628d-4bf6-be52-69919eaf1c8e None None] Tracked resource versions report:
Jun 29 06:01:55.646223 np0000183456 devstack@neutron-api.service[103013]: pushed versions:
Jun 29 06:01:55.646223 np0000183456 devstack@neutron-api.service[103013]: { 'AddressGroup': {'1.2'},
Jun 29 06:01:55.646223 np0000183456 devstack@neutron-api.service[103013]: 'Agent': {'1.1'},
Jun 29 06:01:55.646223 np0000183456 devstack@neutron-api.service[103013]: 'ConntrackHelper': {'1.0'},
Jun 29 06:01:55.646223 np0000183456 devstack@neutron-api.service[103013]: 'LocalIPAssociation': {'1.0'},
Jun 29 06:01:55.646223 np0000183456 devstack@neutron-api.service[103013]: 'Log': {'1.0'},
Jun 29 06:01:55.646223 np0000183456 devstack@neutron-api.service[103013]: 'NDPProxy': {'1.0'},
Jun 29 06:01:55.646223 np0000183456 devstack@neutron-api.service[103013]: 'Network': {'1.3'},
Jun 29 06:01:55.646223 np0000183456 devstack@neutron-api.service[103013]: 'Port': {'1.11'},
Jun 29 06:01:55.646223 np0000183456 devstack@neutron-api.service[103013]: 'PortForwarding': {'1.3'},
Jun 29 06:01:55.646223 np0000183456 devstack@neutron-api.service[103013]: 'QosPolicy': {'1.10'},
Jun 29 06:01:55.646223 np0000183456 devstack@neutron-api.service[103013]: 'SecurityGroup': {'1.6'},
Jun 29 06:01:55.646223 np0000183456 devstack@neutron-api.service[103013]: 'SecurityGroupRule': {'1.3'},
Jun 29 06:01:55.646223 np0000183456 devstack@neutron-api.service[103013]: 'SubPort': {'1.0'},
Jun 29 06:01:55.646223 np0000183456 devstack@neutron-api.service[103013]: 'Subnet': {'1.2'},
Jun 29 06:01:55.646223 np0000183456 devstack@neutron-api.service[103013]: 'Trunk': {'1.1'}}
Jun 29 06:01:55.646223 np0000183456 devstack@neutron-api.service[103013]: consumer versions:
Jun 29 06:01:55.646223 np0000183456 devstack@neutron-api.service[103013]: { OVN Neutron agent@np0000183456: {},
Jun 29 06:01:55.646223 np0000183456 devstack@neutron-api.service[103013]: OVN Controller Gateway agent@np0000183456: {}}
Jun 29 06:01:55.646223 np0000183456 devstack@neutron-api.service[103013]: {{(pid=103013) report /opt/stack/neutron/neutron/api/rpc/callbacks/version_manager.py:183}}
Jun 29 06:01:55.676537 np0000183456 devstack@neutron-api.service[103012]: DEBUG neutron.plugins.ml2.managers [None req-fb5e556a-c0a5-400e-8aa0-1c75964c932f None None] Attempting to bind port 24e909e8-7b13-4b1f-8c18-b49af0ccdd6c on host np0000183456 for vnic_type normal with profile {{(pid=103012) bind_port /opt/stack/neutron/neutron/plugins/ml2/managers.py:865}}
Jun 29 06:01:55.676746 np0000183456 devstack@neutron-api.service[103012]: DEBUG neutron.plugins.ml2.managers [None req-fb5e556a-c0a5-400e-8aa0-1c75964c932f None None] Attempting to bind port 24e909e8-7b13-4b1f-8c18-b49af0ccdd6c by drivers ovn on host np0000183456 at level 0 using segments [{'id': 'd12cef40-46cf-4572-9e92-9806a7e1b2b1', 'network_type': 'flat', 'physical_network': 'public', 'segmentation_id': None, 'network_id': 'dfeb9aaf-3a59-4715-b24b-c13ed357b675'}] {{(pid=103012) _bind_port_level /opt/stack/neutron/neutron/plugins/ml2/managers.py:890}}
Jun 29 06:01:55.678446 np0000183456 devstack@neutron-api.service[103012]: DEBUG neutron.plugins.ml2.drivers.ovn.mech_driver.mech_driver [None req-fb5e556a-c0a5-400e-8aa0-1c75964c932f None None] Attempting to bind port 24e909e8-7b13-4b1f-8c18-b49af0ccdd6c on host np0000183456 for network segment with type flat, segmentation ID None, physical network public {{(pid=103012) bind_port /opt/stack/neutron/neutron/plugins/ml2/drivers/ovn/mech_driver/mech_driver.py:1209}}
Jun 29 06:01:55.679229 np0000183456 devstack@neutron-api.service[103012]: DEBUG neutron.plugins.ml2.managers [None req-fb5e556a-c0a5-400e-8aa0-1c75964c932f None None] Bound port: 24e909e8-7b13-4b1f-8c18-b49af0ccdd6c, host: np0000183456, vif_type: ovs, vif_details: {"port_filter": true, "connectivity": "l2", "ovs_create_tap": false, "bridge_name": "br-int", "datapath_type": "system"}, binding_levels: [{'bound_driver': 'ovn', 'bound_segment': {'id': 'd12cef40-46cf-4572-9e92-9806a7e1b2b1', 'network_type': 'flat', 'physical_network': 'public', 'segmentation_id': None, 'network_id': 'dfeb9aaf-3a59-4715-b24b-c13ed357b675'}}] {{(pid=103012) _bind_port_level /opt/stack/neutron/neutron/plugins/ml2/managers.py:1001}}
Jun 29 06:01:55.679512 np0000183456 devstack@neutron-api.service[103012]: DEBUG neutron_lib.callbacks.manager [None req-fb5e556a-c0a5-400e-8aa0-1c75964c932f None None] Publish callbacks ['neutron.plugins.ml2.plugin.SecurityGroupDbMixin._ensure_default_security_group_handler-89316', 'neutron.services.ovn_l3.plugin.OVNL3RouterPlugin._port_update-8529953817624', 'neutron.db.l3_db.L3_NAT_dbonly_mixin._prevent_internal_ip_change_for_fip-8529954861300'] for port (24e909e8-7b13-4b1f-8c18-b49af0ccdd6c), before_update {{(pid=103012) _notify_loop /opt/stack/data/venv/lib/python3.12/site-packages/neutron_lib/callbacks/manager.py:184}}
Jun 29 06:01:55.702165 np0000183456 devstack@neutron-api.service[103012]: WARNING neutron.plugins.ml2.plugin [None req-fb5e556a-c0a5-400e-8aa0-1c75964c932f None None] Concurrent port binding operations failed on port 24e909e8-7b13-4b1f-8c18-b49af0ccdd6c
Jun 29 06:01:55.704608 np0000183456 devstack@neutron-api.service[103012]: DEBUG neutron.plugins.ml2.db [None req-fb5e556a-c0a5-400e-8aa0-1c75964c932f None None] For port 24e909e8-7b13-4b1f-8c18-b49af0ccdd6c, host np0000183456, got binding levels [PortBindingLevel(driver='ovn',host='np0000183456',level=0,port_id=24e909e8-7b13-4b1f-8c18-b49af0ccdd6c,segment=NetworkSegment(d12cef40-46cf-4572-9e92-9806a7e1b2b1),segment_id=d12cef40-46cf-4572-9e92-9806a7e1b2b1)] {{(pid=103012) get_binding_level_objs /opt/stack/neutron/neutron/plugins/ml2/db.py:74}}
Jun 29 06:01:55.705355 np0000183456 devstack@neutron-api.service[103012]: INFO neutron.plugins.ml2.plugin [None req-fb5e556a-c0a5-400e-8aa0-1c75964c932f None None] Attempt 2 to bind port 24e909e8-7b13-4b1f-8c18-b49af0ccdd6c
Jun 29 06:01:55.707869 np0000183456 devstack@neutron-api.service[103012]: DEBUG ovsdbapp.backend.ovs_idl.transaction [None req-8b7b38de-1702-4073-b168-e43842b6a1ad None None] Running txn n=1 command(idx=0): DbSetCommand(_result=None, table=Logical_Switch_Port, record=24e909e8-7b13-4b1f-8c18-b49af0ccdd6c, col_values=(('external_ids', {'neutron:host_id': 'np0000183456'}),), if_exists=True) {{(pid=103012) do_commit /opt/stack/data/venv/lib/python3.12/site-packages/ovsdbapp/backend/ovs_idl/transaction.py:89}}
Jun 29 06:01:55.708431 np0000183456 devstack@neutron-api.service[103012]: DEBUG ovsdbapp.backend.ovs_idl.transaction [None req-8b7b38de-1702-4073-b168-e43842b6a1ad None None] Transaction caused no change {{(pid=103012) do_commit /opt/stack/data/venv/lib/python3.12/site-packages/ovsdbapp/backend/ovs_idl/transaction.py:129}}
Jun 29 06:01:55.713334 np0000183456 devstack@neutron-api.service[103014]: DEBUG neutron.pecan_wsgi.hooks.policy_enforcement [None req-28bbd7cb-7c96-4d9e-8ab4-6ff31e930594 admin admin] Attributes excluded by policy engine: ['standard_attr_id', 'shared'] {{(pid=103014) _exclude_attributes_by_policy /opt/stack/neutron/neutron/pecan_wsgi/hooks/policy_enforcement.py:259}}
Jun 29 06:01:55.714418 np0000183456 devstack@neutron-api.service[103014]: [pid: 103014|app: 0|req: 7/27] 199.204.45.177 () {64 vars in 1412 bytes} [Mon Jun 29 06:01:55 2026] GET /networking/v2.0/subnets/7b12cb8f-9fdb-429f-a73f-6a808c6d73fc => generated 730 bytes in 20 msecs (HTTP/1.1 200) 4 headers in 157 bytes (1 switches on core 0)
Jun 29 06:01:55.729191 np0000183456 devstack@neutron-api.service[103012]: DEBUG neutron.api.wsgi [None req-35b8be54-e2c7-48c6-877e-878e36333864 admin admin] Missing Content-Type {{(pid=103012) get_content_type /opt/stack/neutron/neutron/api/wsgi.py:80}}
Jun 29 06:01:55.810755 np0000183456 devstack@neutron-api.service[103012]: [pid: 103012|app: 0|req: 7/28] 199.204.45.177 () {64 vars in 1412 bytes} [Mon Jun 29 06:01:55 2026] GET /networking/v2.0/routers/9a7ce38d-a051-4a70-aae8-113326b35188 => generated 942 bytes in 84 msecs (HTTP/1.1 200) 4 headers in 157 bytes (2 switches on core 0)
Jun 29 06:01:55.845222 np0000183456 devstack@neutron-api.service[103013]: DEBUG neutron.plugins.ml2.drivers.ovn.mech_driver.ovsdb.commands [None req-a75d4a09-628d-4bf6-be52-69919eaf1c8e None None] Converting tag [] to a tag_request {{(pid=103013) _tag_column_to_tag_request /opt/stack/neutron/neutron/plugins/ml2/drivers/ovn/mech_driver/ovsdb/commands.py:205}}
Jun 29 06:01:55.846701 np0000183456 devstack@neutron-api.service[103013]: DEBUG ovsdbapp.backend.ovs_idl.transaction [None req-4b9615c0-6f06-46c7-9cd1-bb9a30212a29 None None] Running txn n=1 command(idx=0): CheckRevisionNumberCommand(_result=None, name=24e909e8-7b13-4b1f-8c18-b49af0ccdd6c, resource={'id': '24e909e8-7b13-4b1f-8c18-b49af0ccdd6c', 'name': '', 'network_id': 'dfeb9aaf-3a59-4715-b24b-c13ed357b675', 'project_id': '', 'mac_address': 'fa:16:3e:93:b4:4e', 'admin_state_up': True, 'status': 'DOWN', 'device_id': '9a7ce38d-a051-4a70-aae8-113326b35188', 'device_owner': 'network:router_gateway', 'standard_attr_id': 23, 'fixed_ips': [{'subnet_id': '99a164d5-2789-42ca-926c-414c5af9d273', 'ip_address': '172.24.5.179'}], 'allowed_address_pairs': [], 'extra_dhcp_opts': [], 'security_groups': [], 'description': '', 'binding:vnic_type': 'normal', 'binding:profile': {}, 'binding:host_id': 'np0000183456', 'binding:vif_type': 'ovs', 'binding:vif_details': {'port_filter': True, 'connectivity': 'l2', 'ovs_create_tap': False, 'bridge_name': 'br-int', 'datapath_type': 'system'}, 'port_security_enabled': False, 'tags': [], 'created_at': '2026-06-29T06:01:53Z', 'updated_at': '2026-06-29T06:01:55Z', 'revision_number': 4, 'tenant_id': '', 'network': {'id': 'dfeb9aaf-3a59-4715-b24b-c13ed357b675', 'name': 'public', 'tenant_id': 'dd89742391a1424eb91a93c7c67976f8', 'project_id': 'dd89742391a1424eb91a93c7c67976f8', 'admin_state_up': True, 'mtu': 1430, 'status': 'ACTIVE', 'subnets': ['99a164d5-2789-42ca-926c-414c5af9d273'], 'standard_attr_id': 18, 'shared': False, 'availability_zone_hints': [], 'availability_zones': [], 'ipv4_address_scope': None, 'ipv6_address_scope': None, 'router:external': True, 'qinq': False, 'vlan_transparent': False, 'description': '', 'port_security_enabled': True, 'is_default': True, 'tags': [], 'created_at': '2026-06-29T06:01:49Z', 'updated_at': '2026-06-29T06:01:52Z', 'revision_number': 2, 'provider:network_type': 'flat', 'provider:physical_network': 'public', 'provider:segmentation_id': None}}, resource_type=ports, if_exists=True) {{(pid=103013) do_commit /opt/stack/data/venv/lib/python3.12/site-packages/ovsdbapp/backend/ovs_idl/transaction.py:89}}
Jun 29 06:01:55.849453 np0000183456 devstack@neutron-api.service[103013]: ERROR ovsdbapp.backend.ovs_idl.transaction [None req-a75d4a09-628d-4bf6-be52-69919eaf1c8e None None]
Traceback (most recent call last):
Jun 29 06:01:55.849453 np0000183456 devstack@neutron-api.service[103013]: File "/opt/stack/data/venv/lib/python3.12/site-packages/ovsdbapp/backend/ovs_idl/connection.py", line 127, in run
Jun 29 06:01:55.849453 np0000183456 devstack@neutron-api.service[103013]: txn.results.put(txn.do_commit())
Jun 29 06:01:55.849453 np0000183456 devstack@neutron-api.service[103013]: ^^^^^^^^^^^^^^^
Jun 29 06:01:55.849453 np0000183456 devstack@neutron-api.service[103013]: File "/opt/stack/data/venv/lib/python3.12/site-packages/ovsdbapp/backend/ovs_idl/transaction.py", line 92, in do_commit
Jun 29 06:01:55.849453 np0000183456 devstack@neutron-api.service[103013]: command.run_idl(txn)
Jun 29 06:01:55.849453 np0000183456 devstack@neutron-api.service[103013]: File "/opt/stack/neutron/neutron/plugins/ml2/drivers/ovn/mech_driver/ovsdb/commands.py", line 1139, in run_idl
Jun 29 06:01:55.849453 np0000183456 devstack@neutron-api.service[103013]: raise ovn_exc.RevisionConflict(
Jun 29 06:01:55.849453 np0000183456 devstack@neutron-api.service[103013]: neutron.common.ovn.exceptions.RevisionConflict: OVN revision number for 24e909e8-7b13-4b1f-8c18-b49af0ccdd6c (type: ports) is higher than the given resource. Skipping update
Jun 29 06:01:55.849453 np0000183456 devstack@neutron-api.service[103013]:
Jun 29 06:01:55.849988 np0000183456 devstack@neutron-api.service[103013]: INFO neutron.plugins.ml2.drivers.ovn.mech_driver.ovsdb.impl_idl_ovn [None req-a75d4a09-628d-4bf6-be52-69919eaf1c8e None None] Transaction aborted. Reason: OVN revision number for 24e909e8-7b13-4b1f-8c18-b49af0ccdd6c (type: ports) is higher than the given resource. Skipping update
Jun 29 06:01:55.863061 np0000183456 devstack@neutron-api.service[103013]: DEBUG ovsdbapp.backend.ovs_idl.transaction [None req-4b9615c0-6f06-46c7-9cd1-bb9a30212a29 None None] Running txn n=1 command(idx=0): DbSetCommand(_result=None, table=Logical_Switch_Port, record=24e909e8-7b13-4b1f-8c18-b49af0ccdd6c, col_values=(('external_ids', {'neutron:host_id': 'np0000183456'}),), if_exists=True) {{(pid=103013) do_commit /opt/stack/data/venv/lib/python3.12/site-packages/ovsdbapp/backend/ovs_idl/transaction.py:89}}
Jun 29 06:01:55.864143 np0000183456 devstack@neutron-api.service[103013]: DEBUG ovsdbapp.backend.ovs_idl.transaction [None req-4b9615c0-6f06-46c7-9cd1-bb9a30212a29 None None] Transaction caused no change {{(pid=103013) do_commit /opt/stack/data/venv/lib/python3.12/site-packages/ovsdbapp/backend/ovs_idl/transaction.py:129}}
Jun 29 06:01:55.902386 np0000183456 devstack@neutron-api.service[103013]: DEBUG neutron.plugins.ml2.plugin [None req-a75d4a09-628d-4bf6-be52-69919eaf1c8e None None] Current status of the port 24e909e8-7b13-4b1f-8c18-b49af0ccdd6c is: ACTIVE; New status is: ACTIVE {{(pid=103013) _update_individual_port_db_status /opt/stack/neutron/neutron/plugins/ml2/plugin.py:2473}}
Jun 29 06:01:55.984449 np0000183456 devstack@neutron-api.service[103011]: DEBUG neutron_lib.callbacks.manager [None req-e6a8d579-a7de-41b4-8a12-8b43c60c3480 admin admin] Publish callbacks ['neutron.plugins.ml2.plugin.SecurityGroupDbMixin._ensure_default_security_group_handler-197860'] for port (None), before_create {{(pid=103011) _notify_loop /opt/stack/data/venv/lib/python3.12/site-packages/neutron_lib/callbacks/manager.py:184}}
Jun 29 06:01:56.076286 np0000183456 devstack@neutron-api.service[103011]: DEBUG neutron.db.db_base_plugin_common [None req-e6a8d579-a7de-41b4-8a12-8b43c60c3480 admin admin] Allocated IP fddd:4288:9fda::1 (94b24e20-fd9a-4257-8aa8-92b8192b1b81/7b12cb8f-9fdb-429f-a73f-6a808c6d73fc/4c38ff65-8e7d-4dbd-b650-3d3d7f04f2f7) {{(pid=103011) _store_ip_allocation /opt/stack/neutron/neutron/db/db_base_plugin_common.py:131}}
Jun 29 06:01:56.101048 np0000183456 devstack@neutron-api.service[103012]: WARNING neutron.plugins.ml2.drivers.ovn.mech_driver.ovsdb.ovn_client [None req-c7569181-4d8e-4858-b891-95b4bcf94905 None None] No hosting information found for port f84a729d-8e6e-414c-b3e5-f7a7261a7dcc: RuntimeError: No hosting information found for port f84a729d-8e6e-414c-b3e5-f7a7261a7dcc
Jun 29 06:01:56.101307 np0000183456 devstack@neutron-api.service[103012]: INFO neutron.plugins.ml2.drivers.ovn.mech_driver.ovsdb.extensions.qos [None req-c7569181-4d8e-4858-b891-95b4bcf94905 None None] Starting OVNClientQosExtension
Jun 29 06:01:56.126693 np0000183456 devstack@neutron-api.service[103011]: DEBUG neutron_lib.callbacks.manager [None req-e6a8d579-a7de-41b4-8a12-8b43c60c3480 admin admin] Publish callbacks ['neutron.plugins.ml2.drivers.ovn.mech_driver.mech_driver.OVNMechanismDriver._validate_allowed_address_pairs-331539'] for allowed_address_pair (4c38ff65-8e7d-4dbd-b650-3d3d7f04f2f7), before_create {{(pid=103011) _notify_loop /opt/stack/data/venv/lib/python3.12/site-packages/neutron_lib/callbacks/manager.py:184}}
Jun 29 06:01:56.127157 np0000183456 devstack@neutron-api.service[103011]: DEBUG neutron_lib.callbacks.manager [None req-e6a8d579-a7de-41b4-8a12-8b43c60c3480 admin admin] Publish callbacks [] for port (4c38ff65-8e7d-4dbd-b650-3d3d7f04f2f7), precommit_create {{(pid=103011) _notify_loop /opt/stack/data/venv/lib/python3.12/site-packages/neutron_lib/callbacks/manager.py:184}}
Jun 29 06:01:56.127291 np0000183456 devstack@neutron-api.service[103011]: DEBUG neutron.plugins.ml2.drivers.ovn.mech_driver.mech_driver [None req-e6a8d579-a7de-41b4-8a12-8b43c60c3480 admin admin] No provisioning block for port 4c38ff65-8e7d-4dbd-b650-3d3d7f04f2f7 since it does not have a host {{(pid=103011) _is_port_provisioning_required /opt/stack/neutron/neutron/plugins/ml2/drivers/ovn/mech_driver/mech_driver.py:899}}
Jun 29 06:01:56.127418 np0000183456 devstack@neutron-api.service[103011]: DEBUG neutron.db.ovn_revision_numbers_db [None req-e6a8d579-a7de-41b4-8a12-8b43c60c3480 admin admin] create_initial_revision uuid=4c38ff65-8e7d-4dbd-b650-3d3d7f04f2f7, type=ports, rev=-1 {{(pid=103011) create_initial_revision /opt/stack/neutron/neutron/db/ovn_revision_numbers_db.py:98}}
Jun 29 06:01:56.136852 np0000183456 devstack@neutron-api.service[103012]: INFO neutron.common.ovn.utils [None req-c7569181-4d8e-4858-b891-95b4bcf94905 None None] HA Chassis Group neutron-94b24e20-fd9a-4257-8aa8-92b8192b1b81 synchronized; highest priority chassis 8bc1ed17-2e07-4ec8-9526-0c3d42f77f03
Jun 29 06:01:56.137919 np0000183456 devstack@neutron-api.service[103012]: DEBUG ovsdbapp.backend.ovs_idl.transaction [None req-8b7b38de-1702-4073-b168-e43842b6a1ad None None] Running txn n=1 command(idx=0): HAChassisGroupAddCommand(_result=None, name=neutron-94b24e20-fd9a-4257-8aa8-92b8192b1b81, may_exist=True, columns={'external_ids': {'neutron:availability_zone_hints': '', 'neutron:network_id': '94b24e20-fd9a-4257-8aa8-92b8192b1b81', 'neutron:router_id': '9a7ce38d-a051-4a70-aae8-113326b35188'}}) {{(pid=103012) do_commit /opt/stack/data/venv/lib/python3.12/site-packages/ovsdbapp/backend/ovs_idl/transaction.py:89}}
Jun 29 06:01:56.138621 np0000183456 devstack@neutron-api.service[103012]: DEBUG ovsdbapp.backend.ovs_idl.transaction [None req-8b7b38de-1702-4073-b168-e43842b6a1ad None None] Running txn n=1 command(idx=1): HAChassisGroupAddChassisCommand(_result=None, hcg=neutron-94b24e20-fd9a-4257-8aa8-92b8192b1b81, chassis=8bc1ed17-2e07-4ec8-9526-0c3d42f77f03, priority=1, columns={}) {{(pid=103012) do_commit /opt/stack/data/venv/lib/python3.12/site-packages/ovsdbapp/backend/ovs_idl/transaction.py:89}}
Jun 29 06:01:56.145125 np0000183456 devstack@neutron-api.service[103012]: DEBUG neutron.plugins.ml2.drivers.ovn.mech_driver.ovsdb.ovsdb_monitor [None req-8b7b38de-1702-4073-b168-e43842b6a1ad None None] Touching Hash Ring node "a78dff8b5ee05793b0662b0ee5e8137e" from IDL notify handler {{(pid=103012) notify /opt/stack/neutron/neutron/plugins/ml2/drivers/ovn/mech_driver/ovsdb/ovsdb_monitor.py:1007}}
Jun 29 06:01:56.149898 np0000183456 devstack@neutron-api.service[103012]: DEBUG neutron.plugins.ml2.drivers.ovn.mech_driver.ovsdb.ovsdb_monitor [None req-8b7b38de-1702-4073-b168-e43842b6a1ad None None] Hash Ring: Node a78dff8b5ee05793b0662b0ee5e8137e (host: np0000183456) handling event "create" for row 0e40f600-b102-4008-9b45-d66f741cb87b (table: HA_Chassis) {{(pid=103012) notify /opt/stack/neutron/neutron/plugins/ml2/drivers/ovn/mech_driver/ovsdb/ovsdb_monitor.py:1015}}
Jun 29 06:01:56.149898 np0000183456 devstack@neutron-api.service[103012]: DEBUG neutron.plugins.ml2.drivers.ovn.mech_driver.ovsdb.ovsdb_monitor [None req-8b7b38de-1702-4073-b168-e43842b6a1ad None None] Touching Hash Ring node "a78dff8b5ee05793b0662b0ee5e8137e" from IDL notify handler {{(pid=103012) notify /opt/stack/neutron/neutron/plugins/ml2/drivers/ovn/mech_driver/ovsdb/ovsdb_monitor.py:1007}}
Jun 29 06:01:56.152182 np0000183456 devstack@neutron-api.service[103012]: DEBUG neutron.plugins.ml2.drivers.ovn.mech_driver.ovsdb.ovsdb_monitor [None req-8b7b38de-1702-4073-b168-e43842b6a1ad None None] Hash Ring: Node a78dff8b5ee05793b0662b0ee5e8137e (host: np0000183456) handling event "create" for row 5dc51426-f4dc-4418-bb2a-f095b27b6c0b (table: HA_Chassis_Group) {{(pid=103012) notify /opt/stack/neutron/neutron/plugins/ml2/drivers/ovn/mech_driver/ovsdb/ovsdb_monitor.py:1015}}
Jun 29 06:01:56.198616 np0000183456 devstack@neutron-api.service[103011]: DEBUG neutron.db.ovn_revision_numbers_db [None req-e6a8d579-a7de-41b4-8a12-8b43c60c3480 admin admin] create_initial_revision uuid=4c38ff65-8e7d-4dbd-b650-3d3d7f04f2f7, type=router_ports, rev=-1 {{(pid=103011) create_initial_revision /opt/stack/neutron/neutron/db/ovn_revision_numbers_db.py:98}}
Jun 29 06:01:56.211161 np0000183456 devstack@neutron-api.service[103012]: DEBUG ovsdbapp.backend.ovs_idl.transaction [None req-8b7b38de-1702-4073-b168-e43842b6a1ad None None] Running txn n=1 command(idx=0): CheckRevisionNumberCommand(_result=None, name=lrp-f84a729d-8e6e-414c-b3e5-f7a7261a7dcc, resource={'id': 'f84a729d-8e6e-414c-b3e5-f7a7261a7dcc', 'name': '', 'network_id': '94b24e20-fd9a-4257-8aa8-92b8192b1b81', 'project_id': 'dd89742391a1424eb91a93c7c67976f8', 'mac_address': 'fa:16:3e:13:72:e4', 'admin_state_up': True, 'status': 'ACTIVE', 'device_id': '9a7ce38d-a051-4a70-aae8-113326b35188', 'device_owner': 'network:router_interface', 'standard_attr_id': 21, 'fixed_ips': [{'subnet_id': '7f501ff0-f70c-4089-bcfa-2e6eab3cbe02', 'ip_address': '10.1.0.1'}], 'allowed_address_pairs': [], 'extra_dhcp_opts': [], 'security_groups': [], 'description': '', 'binding:vnic_type': 'normal', 'binding:profile': {}, 'binding:host_id': '', 'binding:vif_type': 'unbound', 'binding:vif_details': {}, 'port_security_enabled': False, 'tags': [], 'created_at': '2026-06-29T06:01:50Z', 'updated_at': '2026-06-29T06:01:51Z', 'revision_number': 2, 'tenant_id': 'dd89742391a1424eb91a93c7c67976f8'}, resource_type=router_ports, if_exists=True) {{(pid=103012) do_commit /opt/stack/data/venv/lib/python3.12/site-packages/ovsdbapp/backend/ovs_idl/transaction.py:89}}
Jun 29 06:01:56.211715 np0000183456 devstack@neutron-api.service[103012]: DEBUG ovsdbapp.backend.ovs_idl.transaction [None req-8b7b38de-1702-4073-b168-e43842b6a1ad None None] Running txn n=1 command(idx=1): UpdateLRouterPortCommand(_result=None, name=lrp-f84a729d-8e6e-414c-b3e5-f7a7261a7dcc, columns={'external_ids': {'neutron:revision_number': '2', 'neutron:subnet_ids': '7f501ff0-f70c-4089-bcfa-2e6eab3cbe02', 'neutron:network_name': 'neutron-94b24e20-fd9a-4257-8aa8-92b8192b1b81', 'neutron:is_ext_gw': 'False', 'neutron:router_name': 'neutron-9a7ce38d-a051-4a70-aae8-113326b35188'}, 'options': {}, 'networks': ['10.1.0.1/26'], 'ipv6_ra_configs': {}}, if_exists=False) {{(pid=103012) do_commit /opt/stack/data/venv/lib/python3.12/site-packages/ovsdbapp/backend/ovs_idl/transaction.py:89}}
Jun 29 06:01:56.212278 np0000183456 devstack@neutron-api.service[103012]: DEBUG ovsdbapp.backend.ovs_idl.transaction [None req-8b7b38de-1702-4073-b168-e43842b6a1ad None None] Running txn n=1 command(idx=2): SetLRouterPortInLSwitchPortCommand(_result=None, lswitch_port=f84a729d-8e6e-414c-b3e5-f7a7261a7dcc, lrouter_port=lrp-f84a729d-8e6e-414c-b3e5-f7a7261a7dcc, is_gw_port=False, if_exists=True, lsp_address=router) {{(pid=103012) do_commit /opt/stack/data/venv/lib/python3.12/site-packages/ovsdbapp/backend/ovs_idl/transaction.py:89}}
Jun 29 06:01:56.216599 np0000183456 devstack@neutron-api.service[103012]: DEBUG neutron.plugins.ml2.drivers.ovn.mech_driver.ovsdb.ovsdb_monitor [None req-8b7b38de-1702-4073-b168-e43842b6a1ad None None] Touching Hash Ring node "a78dff8b5ee05793b0662b0ee5e8137e" from IDL notify handler {{(pid=103012) notify /opt/stack/neutron/neutron/plugins/ml2/drivers/ovn/mech_driver/ovsdb/ovsdb_monitor.py:1007}}
Jun 29 06:01:56.218905 np0000183456 devstack@neutron-api.service[103013]: DEBUG neutron.plugins.ml2.drivers.ovn.mech_driver.ovsdb.ovsdb_monitor [None req-c212ec7a-8996-4221-b036-2aad7974e4bd None None] Touching Hash Ring node "9f1097995ac3590db0b5660c8aa87e4e" from IDL notify handler {{(pid=103013) notify /opt/stack/neutron/neutron/plugins/ml2/drivers/ovn/mech_driver/ovsdb/ovsdb_monitor.py:1007}}
Jun 29 06:01:56.220468 np0000183456 devstack@neutron-api.service[103012]: DEBUG neutron.plugins.ml2.drivers.ovn.mech_driver.ovsdb.ovsdb_monitor [None req-def979b7-bcbf-42f0-97cf-93ec29e5499e None None] Touching Hash Ring node "a78dff8b5ee05793b0662b0ee5e8137e" from IDL notify handler {{(pid=103012) notify /opt/stack/neutron/neutron/plugins/ml2/drivers/ovn/mech_driver/ovsdb/ovsdb_monitor.py:1007}}
Jun 29 06:01:56.221459 np0000183456 devstack@neutron-api.service[103011]: DEBUG neutron.plugins.ml2.drivers.ovn.mech_driver.ovsdb.ovsdb_monitor [None req-f89efd74-d633-4686-b41b-d878fcc10df3 None None] Touching Hash Ring node "d4479fc4bbd35615b1a2d1086f7d86f8" from IDL notify handler {{(pid=103011) notify /opt/stack/neutron/neutron/plugins/ml2/drivers/ovn/mech_driver/ovsdb/ovsdb_monitor.py:1007}}
Jun 29 06:01:56.223311 np0000183456 devstack@neutron-api.service[103013]: DEBUG neutron.plugins.ml2.drivers.ovn.mech_driver.ovsdb.ovsdb_monitor [None req-c212ec7a-8996-4221-b036-2aad7974e4bd None None] Hash Ring: Node 9f1097995ac3590db0b5660c8aa87e4e (host: np0000183456) handling event "update" for row b5eeb99f-49e9-46d9-a4e9-5cebc2a2cace (table: Port_Binding) {{(pid=103013) notify /opt/stack/neutron/neutron/plugins/ml2/drivers/ovn/mech_driver/ovsdb/ovsdb_monitor.py:1015}}
Jun 29 06:01:56.225010 np0000183456 devstack@neutron-api.service[103012]: DEBUG neutron.plugins.ml2.drivers.ovn.mech_driver.ovsdb.ovsdb_monitor [None req-8b7b38de-1702-4073-b168-e43842b6a1ad None None] Hash Ring: Node a78dff8b5ee05793b0662b0ee5e8137e (host: np0000183456) handling event "update" for row 13d155b6-a5cb-41e9-b3a7-645c2bf14d78 (table: Logical_Router_Port) {{(pid=103012) notify /opt/stack/neutron/neutron/plugins/ml2/drivers/ovn/mech_driver/ovsdb/ovsdb_monitor.py:1015}}
Jun 29 06:01:56.225907 np0000183456 devstack@neutron-api.service[103012]: DEBUG neutron.plugins.ml2.drivers.ovn.mech_driver.ovsdb.ovsdb_monitor [None req-def979b7-bcbf-42f0-97cf-93ec29e5499e None None] Hash Ring: Node a78dff8b5ee05793b0662b0ee5e8137e (host: np0000183456) handling event "update" for row b5eeb99f-49e9-46d9-a4e9-5cebc2a2cace (table: Port_Binding) {{(pid=103012) notify /opt/stack/neutron/neutron/plugins/ml2/drivers/ovn/mech_driver/ovsdb/ovsdb_monitor.py:1015}}
Jun 29 06:01:56.234861 np0000183456 devstack@neutron-api.service[103011]: DEBUG neutron.plugins.ml2.drivers.ovn.mech_driver.ovsdb.ovsdb_monitor [None req-f89efd74-d633-4686-b41b-d878fcc10df3 None None] Hash Ring: Node d4479fc4bbd35615b1a2d1086f7d86f8 (host: np0000183456) handling event "update" for row 13d155b6-a5cb-41e9-b3a7-645c2bf14d78 (table: Logical_Router_Port) {{(pid=103011) notify /opt/stack/neutron/neutron/plugins/ml2/drivers/ovn/mech_driver/ovsdb/ovsdb_monitor.py:1015}}
Jun 29 06:01:56.240862 np0000183456 devstack@neutron-api.service[103011]: DEBUG neutron_lib.callbacks.manager [None req-e6a8d579-a7de-41b4-8a12-8b43c60c3480 admin admin] Publish callbacks ['neutron.plugins.ml2.ovo_rpc._ObjectChangeHandler.handle_event-4035927'] for port (4c38ff65-8e7d-4dbd-b650-3d3d7f04f2f7), after_create {{(pid=103011) _notify_loop /opt/stack/data/venv/lib/python3.12/site-packages/neutron_lib/callbacks/manager.py:184}}
Jun 29 06:01:56.250164 np0000183456 devstack@neutron-api.service[103012]: INFO neutron.db.ovn_revision_numbers_db [None req-c7569181-4d8e-4858-b891-95b4bcf94905 None None] Successfully bumped revision number for resource f84a729d-8e6e-414c-b3e5-f7a7261a7dcc (type: router_ports) to 2
Jun 29 06:01:56.274681 np0000183456 devstack@neutron-api.service[103011]: DEBUG neutron.api.rpc.handlers.resources_rpc [None req-e6a8d579-a7de-41b4-8a12-8b43c60c3480 admin admin] Pushing event updated for resources: {'Port': ['ID=4c38ff65-8e7d-4dbd-b650-3d3d7f04f2f7,revision_number=1']} {{(pid=103011) push /opt/stack/neutron/neutron/api/rpc/handlers/resources_rpc.py:237}}
Jun 29 06:01:56.283635 np0000183456 devstack@neutron-api.service[103012]: DEBUG ovsdbapp.backend.ovs_idl.transaction [None req-8b7b38de-1702-4073-b168-e43842b6a1ad None None] Running txn n=1 command(idx=0): CheckRevisionNumberCommand(_result=None, name=lrp-f84a729d-8e6e-414c-b3e5-f7a7261a7dcc, resource={'id': 'f84a729d-8e6e-414c-b3e5-f7a7261a7dcc', 'name': '', 'network_id': '94b24e20-fd9a-4257-8aa8-92b8192b1b81', 'project_id': 'dd89742391a1424eb91a93c7c67976f8', 'mac_address': 'fa:16:3e:13:72:e4', 'admin_state_up': True, 'status': 'ACTIVE', 'device_id': '9a7ce38d-a051-4a70-aae8-113326b35188', 'device_owner': 'network:router_interface', 'standard_attr_id': 21, 'fixed_ips': [{'subnet_id': '7f501ff0-f70c-4089-bcfa-2e6eab3cbe02', 'ip_address': '10.1.0.1'}], 'allowed_address_pairs': [], 'extra_dhcp_opts': [], 'security_groups': [], 'description': '', 'binding:vnic_type': 'normal', 'binding:profile': {}, 'binding:host_id': '', 'binding:vif_type': 'unbound', 'binding:vif_details': {}, 'port_security_enabled': False, 'tags': [], 'created_at': '2026-06-29T06:01:50Z', 'updated_at': '2026-06-29T06:01:51Z', 'revision_number': 2, 'tenant_id': 'dd89742391a1424eb91a93c7c67976f8'}, resource_type=router_ports, if_exists=True) {{(pid=103012) do_commit /opt/stack/data/venv/lib/python3.12/site-packages/ovsdbapp/backend/ovs_idl/transaction.py:89}}
Jun 29 06:01:56.284134 np0000183456 devstack@neutron-api.service[103012]: DEBUG ovsdbapp.backend.ovs_idl.transaction [None req-8b7b38de-1702-4073-b168-e43842b6a1ad None None] Running txn n=1 command(idx=1): UpdateLRouterPortCommand(_result=None, name=lrp-f84a729d-8e6e-414c-b3e5-f7a7261a7dcc, columns={'external_ids': {'neutron:revision_number': '2', 'neutron:subnet_ids': '7f501ff0-f70c-4089-bcfa-2e6eab3cbe02', 'neutron:network_name': 'neutron-94b24e20-fd9a-4257-8aa8-92b8192b1b81', 'neutron:is_ext_gw': 'False', 'neutron:router_name': 'neutron-9a7ce38d-a051-4a70-aae8-113326b35188'}, 'options': {}, 'networks': ['10.1.0.1/26'], 'ipv6_ra_configs': {}}, if_exists=False) {{(pid=103012) do_commit /opt/stack/data/venv/lib/python3.12/site-packages/ovsdbapp/backend/ovs_idl/transaction.py:89}}
Jun 29 06:01:56.284741 np0000183456 devstack@neutron-api.service[103012]: DEBUG ovsdbapp.backend.ovs_idl.transaction [None req-8b7b38de-1702-4073-b168-e43842b6a1ad None None] Running txn n=1 command(idx=2): SetLRouterPortInLSwitchPortCommand(_result=None, lswitch_port=f84a729d-8e6e-414c-b3e5-f7a7261a7dcc, lrouter_port=lrp-f84a729d-8e6e-414c-b3e5-f7a7261a7dcc, is_gw_port=False, if_exists=True, lsp_address=router) {{(pid=103012) do_commit /opt/stack/data/venv/lib/python3.12/site-packages/ovsdbapp/backend/ovs_idl/transaction.py:89}}
Jun 29 06:01:56.285351 np0000183456 devstack@neutron-api.service[103012]: DEBUG ovsdbapp.backend.ovs_idl.transaction [None req-8b7b38de-1702-4073-b168-e43842b6a1ad None None] Transaction caused no change {{(pid=103012) do_commit /opt/stack/data/venv/lib/python3.12/site-packages/ovsdbapp/backend/ovs_idl/transaction.py:129}}
Jun 29 06:01:56.285804 np0000183456 devstack@neutron-api.service[103012]: INFO neutron.plugins.ml2.drivers.ovn.mech_driver.mech_driver [None req-c7569181-4d8e-4858-b891-95b4bcf94905 None None] OVN reports status down for port: 24e909e8-7b13-4b1f-8c18-b49af0ccdd6c
Jun 29 06:01:56.308040 np0000183456 devstack@neutron-api.service[103012]: DEBUG neutron.db.provisioning_blocks [None req-c7569181-4d8e-4858-b891-95b4bcf94905 None None] Ignored duplicate provisioning block setup for port 24e909e8-7b13-4b1f-8c18-b49af0ccdd6c by entity L2. {{(pid=103012) add_provisioning_component /opt/stack/neutron/neutron/db/provisioning_blocks.py:69}}
Jun 29 06:01:56.314678 np0000183456 devstack@neutron-api.service[103011]: DEBUG neutron.plugins.ml2.drivers.ovn.mech_driver.ovsdb.commands [None req-e6a8d579-a7de-41b4-8a12-8b43c60c3480 admin admin] Converting tag [] to a tag_request {{(pid=103011) _tag_column_to_tag_request /opt/stack/neutron/neutron/plugins/ml2/drivers/ovn/mech_driver/ovsdb/commands.py:205}}
Jun 29 06:01:56.315520 np0000183456 devstack@neutron-api.service[103011]: DEBUG ovsdbapp.backend.ovs_idl.transaction [None req-f89efd74-d633-4686-b41b-d878fcc10df3 None None] Running txn n=1 command(idx=0): AddLSwitchPortCommand(_result=None, lport=4c38ff65-8e7d-4dbd-b650-3d3d7f04f2f7, lswitch=neutron-94b24e20-fd9a-4257-8aa8-92b8192b1b81, may_exist=True, network_uuid=94b24e20-fd9a-4257-8aa8-92b8192b1b81, columns={'addresses': ['unknown'], 'external_ids': {'neutron:port_name': '', 'neutron:device_id': '9a7ce38d-a051-4a70-aae8-113326b35188', 'neutron:project_id': 'dd89742391a1424eb91a93c7c67976f8', 'neutron:cidrs': 'fddd:4288:9fda::1/64', 'neutron:device_owner': 'network:router_interface', 'neutron:subnet_pool_addr_scope4': '', 'neutron:subnet_pool_addr_scope6': '', 'neutron:network_name': 'neutron-94b24e20-fd9a-4257-8aa8-92b8192b1b81', 'neutron:security_group_ids': '', 'neutron:revision_number': '1', 'neutron:vnic_type': 'normal', 'neutron:port_capabilities': '', 'neutron:mtu': ''}, 'parent_name': [], 'enabled': True, 'options': {}, 'type': '', 'port_security': [], 'dhcpv4_options': [], 'dhcpv6_options': [], 'tag_request': []}) {{(pid=103011) do_commit /opt/stack/data/venv/lib/python3.12/site-packages/ovsdbapp/backend/ovs_idl/transaction.py:89}}
Jun 29 06:01:56.316597 np0000183456 devstack@neutron-api.service[103011]: DEBUG ovsdbapp.backend.ovs_idl.transaction [None req-f89efd74-d633-4686-b41b-d878fcc10df3 None None] Running txn n=1 command(idx=1): QoSDelCommand(_result=None, switch=neutron-94b24e20-fd9a-4257-8aa8-92b8192b1b81, conditions=[('direction', '=', 'to-lport'), ('priority', '=', 2002), ('match', '=', 'outport == "4c38ff65-8e7d-4dbd-b650-3d3d7f04f2f7"')], if_exists=True) {{(pid=103011) do_commit /opt/stack/data/venv/lib/python3.12/site-packages/ovsdbapp/backend/ovs_idl/transaction.py:89}}
Jun 29 06:01:56.316974 np0000183456 devstack@neutron-api.service[103011]: DEBUG ovsdbapp.backend.ovs_idl.transaction [None req-f89efd74-d633-4686-b41b-d878fcc10df3 None None] Running txn n=1 command(idx=2): QoSDelCommand(_result=None, switch=neutron-94b24e20-fd9a-4257-8aa8-92b8192b1b81, conditions=[('direction', '=', 'from-lport'), ('priority', '=', 2002), ('match', '=', 'inport == "4c38ff65-8e7d-4dbd-b650-3d3d7f04f2f7"')], if_exists=True) {{(pid=103011) do_commit /opt/stack/data/venv/lib/python3.12/site-packages/ovsdbapp/backend/ovs_idl/transaction.py:89}}
Jun 29 06:01:56.325202 np0000183456 devstack@neutron-api.service[103014]: DEBUG neutron.plugins.ml2.drivers.ovn.mech_driver.ovsdb.ovsdb_monitor [None req-b1c570d9-7930-4e24-ba70-fb3389bea98d None None] Touching Hash Ring node "7996b83609a758d0a7a873b50849abd4" from IDL notify handler {{(pid=103014) notify /opt/stack/neutron/neutron/plugins/ml2/drivers/ovn/mech_driver/ovsdb/ovsdb_monitor.py:1007}}
