2026-07-02 06:27:37.301 8 INFO neutron.notifiers.nova [-] Nova event matching ['req-b8a27287-c225-42f2-9642-b54e90e5074e'] response: {'name': 'network-changed', 'server_uuid': '1f44072e-6777-4612-b8d3-1aa66d248e15', 'tag': '6496f7e9-0cf5-4319-b388-27f459781185', 'status': 'completed', 'code': 200} [pid: 8|app: 0|req: 1728/3273] 10.0.0.132 () {34 vars in 990 bytes} [Thu Jul 2 06:27:37 2026] GET /v2.0/ports?device_id=1f44072e-6777-4612-b8d3-1aa66d248e15 => generated 1192 bytes in 70 msecs (HTTP/1.1 200) 4 headers in 158 bytes (1 switches on core 0) [pid: 7|app: 0|req: 1546/3274] 10.0.0.132 () {34 vars in 1040 bytes} [Thu Jul 2 06:27:37 2026] GET /v2.0/security-groups?id=05ae9b74-d86a-40b8-82bf-3c4a721ef79a&fields=id&fields=name => generated 112 bytes in 37 msecs (HTTP/1.1 200) 4 headers in 157 bytes (1 switches on core 0) [pid: 8|app: 0|req: 1729/3275] 199.204.45.216 () {34 vars in 1080 bytes} [Thu Jul 2 06:27:37 2026] GET /v2.0/ports?tenant_id=c5d905c5d482431e8533942857c1147a&device_id=1f44072e-6777-4612-b8d3-1aa66d248e15 => generated 1430 bytes in 56 msecs (HTTP/1.1 200) 4 headers in 158 bytes (1 switches on core 0) [pid: 7|app: 0|req: 1547/3276] 199.204.45.216 () {34 vars in 986 bytes} [Thu Jul 2 06:27:37 2026] GET /v2.0/networks?id=c64623eb-f590-487a-9d6f-0c2a3a04ea74 => generated 804 bytes in 50 msecs (HTTP/1.1 200) 4 headers in 157 bytes (1 switches on core 0) [pid: 8|app: 0|req: 1730/3277] 199.204.45.216 () {34 vars in 1056 bytes} [Thu Jul 2 06:27:37 2026] GET /v2.0/floatingips?fixed_ip_address=10.2.1.47&port_id=6496f7e9-0cf5-4319-b388-27f459781185 => generated 19 bytes in 33 msecs (HTTP/1.1 200) 4 headers in 156 bytes (1 switches on core 0) [pid: 7|app: 0|req: 1548/3278] 199.204.45.216 () {34 vars in 1102 bytes} [Thu Jul 2 06:27:37 2026] GET /v2.0/floatingips?fixed_ip_address=fd7b%3Af9f7%3Afff%3A4eca%3A%3A8f&port_id=6496f7e9-0cf5-4319-b388-27f459781185 => generated 19 bytes in 20 msecs (HTTP/1.1 200) 4 headers in 156 bytes (1 switches on core 0) [pid: 8|app: 0|req: 1731/3279] 199.204.45.216 () {34 vars in 1064 bytes} [Thu Jul 2 06:27:38 2026] GET /v2.0/subnets?id=0371bc7c-8878-4c64-a53a-a2079d0eea00&id=47bd56a9-8653-4698-b95b-6b9532bd972c => generated 1410 bytes in 42 msecs (HTTP/1.1 200) 4 headers in 158 bytes (1 switches on core 0) [pid: 7|app: 0|req: 1549/3280] 199.204.45.216 () {34 vars in 1052 bytes} [Thu Jul 2 06:27:38 2026] GET /v2.0/ports?network_id=c64623eb-f590-487a-9d6f-0c2a3a04ea74&device_owner=network%3Adhcp => generated 12 bytes in 25 msecs (HTTP/1.1 200) 4 headers in 156 bytes (1 switches on core 0) [pid: 8|app: 0|req: 1732/3281] 199.204.45.216 () {34 vars in 1052 bytes} [Thu Jul 2 06:27:38 2026] GET /v2.0/ports?network_id=c64623eb-f590-487a-9d6f-0c2a3a04ea74&device_owner=network%3Adhcp => generated 12 bytes in 24 msecs (HTTP/1.1 200) 4 headers in 156 bytes (1 switches on core 0) [pid: 7|app: 0|req: 1550/3282] 199.204.45.216 () {34 vars in 1012 bytes} [Thu Jul 2 06:27:38 2026] GET /v2.0/networks/c64623eb-f590-487a-9d6f-0c2a3a04ea74?fields=segments => generated 14 bytes in 45 msecs (HTTP/1.1 200) 4 headers in 156 bytes (1 switches on core 0) [pid: 8|app: 0|req: 1733/3283] 199.204.45.216 () {34 vars in 1112 bytes} [Thu Jul 2 06:27:38 2026] GET /v2.0/networks/c64623eb-f590-487a-9d6f-0c2a3a04ea74?fields=provider%3Aphysical_network&fields=provider%3Anetwork_type => generated 79 bytes in 57 msecs (HTTP/1.1 200) 4 headers in 156 bytes (1 switches on core 0)
2026-07-02 06:27:38.532 7 INFO neutron.plugins.ml2.drivers.ovn.mech_driver.mech_driver [None req-2d4142ac-db26-4c71-9f24-8a740b929f7c - - - - - -] OVN reports status down for port: 6496f7e9-0cf5-4319-b388-27f459781185
2026-07-02 06:27:38.661 7 INFO neutron.notifiers.nova [-] Nova event matching ['req-ac36887f-9edb-4d78-9df8-7c06fcf60f34'] response: {'server_uuid': '1f44072e-6777-4612-b8d3-1aa66d248e15', 'name': 'network-vif-unplugged', 'status': 'completed', 'tag': '6496f7e9-0cf5-4319-b388-27f459781185', 'code': 200}
2026-07-02 06:27:38.808 7 INFO neutron.db.ovn_revision_numbers_db [None req-2d4142ac-db26-4c71-9f24-8a740b929f7c - - - - - -] Successfully bumped revision number for resource 6496f7e9-0cf5-4319-b388-27f459781185 (type: ports) to 6 /var/lib/openstack/lib/python3.12/site-packages/pycadf/identifier.py:70: UserWarning: Invalid uuid: neutron. To ensure interoperability, identifiers should be a valid uuid. warnings.warn(('Invalid uuid: %s. To ensure interoperability, ' [pid: 7|app: 0|req: 1551/3284] 199.204.45.216 () {34 vars in 994 bytes} [Thu Jul 2 06:27:39 2026] GET /v2.0/ports?device_id=1f44072e-6777-4612-b8d3-1aa66d248e15 => generated 1190 bytes in 101 msecs (HTTP/1.1 200) 4 headers in 158 bytes (1 switches on core 0)
2026-07-02 06:27:39.934 8 INFO neutron_taas.services.taas.taas_plugin [req-1dafcc88-1087-4556-84c1-adbdb7926c73 req-00f84ad4-3e44-42ec-87e6-5aa37bbf69c6 627731449cb3446c8108bd4d006e08e7 c5d905c5d482431e8533942857c1147a - - default default] TaaS: Handle Delete Port: 6496f7e9-0cf5-4319-b388-27f459781185
2026-07-02 06:27:39.937 8 INFO neutron_taas.services.taas.tap_mirror_plugin [req-1dafcc88-1087-4556-84c1-adbdb7926c73 req-00f84ad4-3e44-42ec-87e6-5aa37bbf69c6 627731449cb3446c8108bd4d006e08e7 c5d905c5d482431e8533942857c1147a - - default default] Tap Mirror: Handle Delete Port: 6496f7e9-0cf5-4319-b388-27f459781185 [pid: 8|app: 0|req: 1734/3285] 199.204.45.216 () {36 vars in 997 bytes} [Thu Jul 2 06:27:39 2026] DELETE /v2.0/ports/6496f7e9-0cf5-4319-b388-27f459781185 => generated 0 bytes in 360 msecs (HTTP/1.1 204) 3 headers in 131 bytes (1 switches on core 0)
2026-07-02 06:27:40.182 8 INFO neutron.notifiers.nova [-] Nova event matching ['req-7d849abd-5239-4a64-8336-8fe289deefb0'] response: {'server_uuid': '1f44072e-6777-4612-b8d3-1aa66d248e15', 'name': 'network-vif-deleted', 'tag': '6496f7e9-0cf5-4319-b388-27f459781185', 'status': 'completed', 'code': 200}
2026-07-02 06:27:40.692 7 INFO neutron.notifiers.nova [-] Nova event matching ['req-853f2c00-27e3-4944-b3f9-53c4fa1c15af'] response: {'server_uuid': '1f44072e-6777-4612-b8d3-1aa66d248e15', 'name': 'network-vif-unplugged', 'status': 'completed', 'tag': '6496f7e9-0cf5-4319-b388-27f459781185', 'code': 200} [pid: 7|app: 0|req: 1552/3286] 10.0.0.132 () {34 vars in 990 bytes} [Thu Jul 2 06:27:42 2026] GET /v2.0/ports?device_id=1f44072e-6777-4612-b8d3-1aa66d248e15 => generated 12 bytes in 25 msecs (HTTP/1.1 200) 4 headers in 156 bytes (1 switches on core 0) [pid: 8|app: 0|req: 1735/3287] 10.0.0.64 () {32 vars in 749 bytes} [Thu Jul 2 06:27:47 2026] DELETE /v2.0/security-group-rules/ce10a8b9-7297-4c90-b0d9-f6bb9172559d => generated 0 bytes in 209 msecs (HTTP/1.1 204) 2 headers in 112 bytes (1 switches on core 0)
2026-07-02 06:27:47.938 7 INFO neutron.api.v2.resource [None req-a27f08ca-56c3-416f-97c6-f92b2e1a827e 627731449cb3446c8108bd4d006e08e7 c5d905c5d482431e8533942857c1147a - - default default] show failed (client error): The resource could not be found. [pid: 7|app: 0|req: 1553/3288] 10.0.0.64 () {32 vars in 746 bytes} [Thu Jul 2 06:27:47 2026] GET /v2.0/security-group-rules/ce10a8b9-7297-4c90-b0d9-f6bb9172559d => generated 155 bytes in 14 msecs (HTTP/1.1 404) 4 headers in 164 bytes (1 switches on core 0) [pid: 8|app: 0|req: 1736/3289] 10.0.0.64 () {32 vars in 749 bytes} [Thu Jul 2 06:27:47 2026] DELETE /v2.0/security-group-rules/b5814fbf-5d7e-4fa0-92f8-2926d2d9c990 => generated 0 bytes in 172 msecs (HTTP/1.1 204) 2 headers in 112 bytes (1 switches on core 0)
2026-07-02 06:27:48.132 7 INFO neutron.api.v2.resource [None req-dfafaa62-366f-4cb4-bd8f-10fc691729b5 627731449cb3446c8108bd4d006e08e7 c5d905c5d482431e8533942857c1147a - - default default] show failed (client error): The resource could not be found. [pid: 7|app: 0|req: 1554/3290] 10.0.0.64 () {32 vars in 746 bytes} [Thu Jul 2 06:27:48 2026] GET /v2.0/security-group-rules/b5814fbf-5d7e-4fa0-92f8-2926d2d9c990 => generated 155 bytes in 12 msecs (HTTP/1.1 404) 4 headers in 164 bytes (1 switches on core 0) [pid: 8|app: 0|req: 1737/3291] 10.0.0.64 () {32 vars in 749 bytes} [Thu Jul 2 06:27:48 2026] DELETE /v2.0/security-group-rules/70aa55c2-c4d7-40c2-950e-151353a65e5b => generated 0 bytes in 137 msecs (HTTP/1.1 204) 2 headers in 112 bytes (1 switches on core 0)
2026-07-02 06:27:48.293 7 INFO neutron.api.v2.resource [None req-2857f07a-58f1-43a7-a3dd-6be366069026 627731449cb3446c8108bd4d006e08e7 c5d905c5d482431e8533942857c1147a - - default default] show failed (client error): The resource could not be found. [pid: 7|app: 0|req: 1555/3292] 10.0.0.64 () {32 vars in 746 bytes} [Thu Jul 2 06:27:48 2026] GET /v2.0/security-group-rules/70aa55c2-c4d7-40c2-950e-151353a65e5b => generated 155 bytes in 14 msecs (HTTP/1.1 404) 4 headers in 164 bytes (1 switches on core 0) [pid: 8|app: 0|req: 1738/3293] 10.0.0.64 () {32 vars in 749 bytes} [Thu Jul 2 06:27:48 2026] DELETE /v2.0/security-group-rules/7e60e8f1-5a24-46db-bed0-942aada38969 => generated 0 bytes in 162 msecs (HTTP/1.1 204) 2 headers in 112 bytes (1 switches on core 0)
2026-07-02 06:27:48.477 7 INFO neutron.api.v2.resource [None req-0adcfac2-a97d-46ba-acec-03f3650da6a8 627731449cb3446c8108bd4d006e08e7 c5d905c5d482431e8533942857c1147a - - default default] show failed (client error): The resource could not be found. [pid: 7|app: 0|req: 1556/3294] 10.0.0.64 () {32 vars in 746 bytes} [Thu Jul 2 06:27:48 2026] GET /v2.0/security-group-rules/7e60e8f1-5a24-46db-bed0-942aada38969 => generated 155 bytes in 11 msecs (HTTP/1.1 404) 4 headers in 164 bytes (1 switches on core 0) [pid: 8|app: 0|req: 1739/3295] 10.0.0.64 () {32 vars in 749 bytes} [Thu Jul 2 06:27:48 2026] DELETE /v2.0/security-group-rules/8a301884-b719-407b-bb67-4236bf1dd284 => generated 0 bytes in 162 msecs (HTTP/1.1 204) 2 headers in 112 bytes (1 switches on core 0)
2026-07-02 06:27:48.661 7 INFO neutron.api.v2.resource [None req-1076e7bc-d3c0-48dd-9480-8a62a68a8fc1 627731449cb3446c8108bd4d006e08e7 c5d905c5d482431e8533942857c1147a - - default default] show failed (client error): The resource could not be found. [pid: 7|app: 0|req: 1557/3296] 10.0.0.64 () {32 vars in 746 bytes} [Thu Jul 2 06:27:48 2026] GET /v2.0/security-group-rules/8a301884-b719-407b-bb67-4236bf1dd284 => generated 155 bytes in 13 msecs (HTTP/1.1 404) 4 headers in 164 bytes (1 switches on core 0) [pid: 8|app: 0|req: 1740/3297] 10.0.0.64 () {32 vars in 749 bytes} [Thu Jul 2 06:27:48 2026] DELETE /v2.0/security-group-rules/dbd78e99-8e96-442b-8103-a993c2c9e516 => generated 0 bytes in 178 msecs (HTTP/1.1 204) 2 headers in 112 bytes (1 switches on core 0)
2026-07-02 06:27:48.862 7 INFO neutron.api.v2.resource [None req-1cfbfbc9-b108-4834-8d52-eb24a91d9601 627731449cb3446c8108bd4d006e08e7 c5d905c5d482431e8533942857c1147a - - default default] show failed (client error): The resource could not be found. [pid: 7|app: 0|req: 1558/3298] 10.0.0.64 () {32 vars in 746 bytes} [Thu Jul 2 06:27:48 2026] GET /v2.0/security-group-rules/dbd78e99-8e96-442b-8103-a993c2c9e516 => generated 155 bytes in 12 msecs (HTTP/1.1 404) 4 headers in 164 bytes (1 switches on core 0) [pid: 8|app: 0|req: 1741/3299] 10.0.0.64 () {32 vars in 749 bytes} [Thu Jul 2 06:27:48 2026] DELETE /v2.0/security-group-rules/96c9b7aa-a7bf-4c56-8833-ad5be0a66160 => generated 0 bytes in 181 msecs (HTTP/1.1 204) 2 headers in 112 bytes (1 switches on core 0)
2026-07-02 06:27:49.066 7 INFO neutron.api.v2.resource [None req-be3fceb6-b21c-45c9-95dd-be0f94fa7c96 627731449cb3446c8108bd4d006e08e7 c5d905c5d482431e8533942857c1147a - - default default] show failed (client error): The resource could not be found. [pid: 7|app: 0|req: 1559/3300] 10.0.0.64 () {32 vars in 746 bytes} [Thu Jul 2 06:27:49 2026] GET /v2.0/security-group-rules/96c9b7aa-a7bf-4c56-8833-ad5be0a66160 => generated 155 bytes in 12 msecs (HTTP/1.1 404) 4 headers in 164 bytes (1 switches on core 0) [pid: 8|app: 0|req: 1742/3301] 10.0.0.64 () {32 vars in 749 bytes} [Thu Jul 2 06:27:49 2026] DELETE /v2.0/security-group-rules/7d9996e8-743b-4c63-a4a3-c155e90a0937 => generated 0 bytes in 146 msecs (HTTP/1.1 204) 2 headers in 112 bytes (1 switches on core 0)
2026-07-02 06:27:49.237 7 INFO neutron.api.v2.resource [None req-f8813c71-fb96-4df2-89e0-ad7bb9b7a5a4 627731449cb3446c8108bd4d006e08e7 c5d905c5d482431e8533942857c1147a - - default default] show failed (client error): The resource could not be found. [pid: 7|app: 0|req: 1560/3302] 10.0.0.64 () {32 vars in 746 bytes} [Thu Jul 2 06:27:49 2026] GET /v2.0/security-group-rules/7d9996e8-743b-4c63-a4a3-c155e90a0937 => generated 155 bytes in 16 msecs (HTTP/1.1 404) 4 headers in 164 bytes (1 switches on core 0) [pid: 8|app: 0|req: 1743/3303] 10.0.0.64 () {32 vars in 749 bytes} [Thu Jul 2 06:27:49 2026] DELETE /v2.0/security-group-rules/c2e084dc-6afa-4f54-b877-2c6cc74f11d4 => generated 0 bytes in 124 msecs (HTTP/1.1 204) 2 headers in 112 bytes (1 switches on core 0)
2026-07-02 06:27:49.382 7 INFO neutron.api.v2.resource [None req-fbf7feb9-2f5d-4b4b-9dd9-d6255f9ab0cd 627731449cb3446c8108bd4d006e08e7 c5d905c5d482431e8533942857c1147a - - default default] show failed (client error): The resource could not be found. [pid: 7|app: 0|req: 1561/3304] 10.0.0.64 () {32 vars in 746 bytes} [Thu Jul 2 06:27:49 2026] GET /v2.0/security-group-rules/c2e084dc-6afa-4f54-b877-2c6cc74f11d4 => generated 155 bytes in 12 msecs (HTTP/1.1 404) 4 headers in 164 bytes (1 switches on core 0) [pid: 8|app: 0|req: 1744/3305] 10.0.0.64 () {32 vars in 749 bytes} [Thu Jul 2 06:27:49 2026] DELETE /v2.0/security-group-rules/808f76a2-e80e-4162-8262-4a3d1fa60e33 => generated 0 bytes in 126 msecs (HTTP/1.1 204) 2 headers in 112 bytes (1 switches on core 0)
2026-07-02 06:27:49.527 7 INFO neutron.api.v2.resource [None req-df75f32a-a143-4a62-92f6-817072331947 627731449cb3446c8108bd4d006e08e7 c5d905c5d482431e8533942857c1147a - - default default] show failed (client error): The resource could not be found. [pid: 7|app: 0|req: 1562/3306] 10.0.0.64 () {32 vars in 746 bytes} [Thu Jul 2 06:27:49 2026] GET /v2.0/security-group-rules/808f76a2-e80e-4162-8262-4a3d1fa60e33 => generated 155 bytes in 10 msecs (HTTP/1.1 404) 4 headers in 164 bytes (1 switches on core 0) [pid: 8|app: 0|req: 1745/3307] 10.0.0.64 () {32 vars in 749 bytes} [Thu Jul 2 06:27:49 2026] DELETE /v2.0/security-group-rules/c4eabb6f-5fec-469b-8418-0a65dccd9400 => generated 0 bytes in 136 msecs (HTTP/1.1 204) 2 headers in 112 bytes (1 switches on core 0)
2026-07-02 06:27:49.689 7 INFO neutron.api.v2.resource [None req-dd6a1711-62c2-4b3a-ba6e-a476c6d9eafb 627731449cb3446c8108bd4d006e08e7 c5d905c5d482431e8533942857c1147a - - default default] show failed (client error): The resource could not be found. [pid: 7|app: 0|req: 1563/3308] 10.0.0.64 () {32 vars in 746 bytes} [Thu Jul 2 06:27:49 2026] GET /v2.0/security-group-rules/c4eabb6f-5fec-469b-8418-0a65dccd9400 => generated 155 bytes in 17 msecs (HTTP/1.1 404) 4 headers in 164 bytes (1 switches on core 0) [pid: 8|app: 0|req: 1746/3309] 10.0.0.64 () {32 vars in 739 bytes} [Thu Jul 2 06:27:49 2026] DELETE /v2.0/security-groups/05ae9b74-d86a-40b8-82bf-3c4a721ef79a => generated 0 bytes in 147 msecs (HTTP/1.1 204) 2 headers in 112 bytes (1 switches on core 0)
2026-07-02 06:27:49.860 7 INFO neutron.api.v2.resource [None req-aae8297b-3a7d-43c0-a7c2-22451c2365cb 627731449cb3446c8108bd4d006e08e7 c5d905c5d482431e8533942857c1147a - - default default] show failed (client error): The resource could not be found. [pid: 7|app: 0|req: 1564/3310] 10.0.0.64 () {32 vars in 736 bytes} [Thu Jul 2 06:27:49 2026] GET /v2.0/security-groups/05ae9b74-d86a-40b8-82bf-3c4a721ef79a => generated 146 bytes in 16 msecs (HTTP/1.1 404) 4 headers in 164 bytes (1 switches on core 0)
2026-07-02 06:27:50.191 8 INFO neutron_taas.services.taas.taas_plugin [None req-703fe0d7-868e-4098-b53d-a830ca8f4ce4 627731449cb3446c8108bd4d006e08e7 c5d905c5d482431e8533942857c1147a - - default default] TaaS: Handle Delete Port: b3c82c52-f726-42a4-b208-1d4255bed487
2026-07-02 06:27:50.194 8 INFO neutron_taas.services.taas.tap_mirror_plugin [None req-703fe0d7-868e-4098-b53d-a830ca8f4ce4 627731449cb3446c8108bd4d006e08e7 c5d905c5d482431e8533942857c1147a - - default default] Tap Mirror: Handle Delete Port: b3c82c52-f726-42a4-b208-1d4255bed487 [pid: 8|app: 0|req: 1747/3311] 10.0.0.64 () {34 vars in 788 bytes} [Thu Jul 2 06:27:49 2026] PUT /v2.0/routers/e69404f1-de7b-4a7b-9ca3-2ddf622e86a6/remove_router_interface => generated 309 bytes in 838 msecs (HTTP/1.1 200) 4 headers in 157 bytes (1 switches on core 0)
2026-07-02 06:27:50.891 7 INFO neutron.api.v2.resource [None req-d5627ec5-d303-4fe0-b043-12d420236641 627731449cb3446c8108bd4d006e08e7 c5d905c5d482431e8533942857c1147a - - default default] remove_router_interface failed (client error): The resource could not be found. [pid: 7|app: 0|req: 1565/3314] 10.0.0.64 () {34 vars in 788 bytes} [Thu Jul 2 06:27:50 2026] PUT /v2.0/routers/e69404f1-de7b-4a7b-9ca3-2ddf622e86a6/remove_router_interface => generated 198 bytes in 141 msecs (HTTP/1.1 404) 4 headers in 164 bytes (1 switches on core 0) /var/lib/openstack/lib/python3.12/site-packages/pycadf/identifier.py:70: UserWarning: Invalid uuid: neutron. To ensure interoperability, identifiers should be a valid uuid. warnings.warn(('Invalid uuid: %s. To ensure interoperability, '
2026-07-02 06:27:51.169 8 INFO neutron_taas.services.taas.taas_plugin [None req-47c212d4-b985-45f8-bf27-06577c0923a2 627731449cb3446c8108bd4d006e08e7 c5d905c5d482431e8533942857c1147a - - default default] TaaS: Handle Delete Port: f7ec9397-0141-4559-a281-02124081a7a3
2026-07-02 06:27:51.172 8 INFO neutron_taas.services.taas.tap_mirror_plugin [None req-47c212d4-b985-45f8-bf27-06577c0923a2 627731449cb3446c8108bd4d006e08e7 c5d905c5d482431e8533942857c1147a - - default default] Tap Mirror: Handle Delete Port: f7ec9397-0141-4559-a281-02124081a7a3 [pid: 8|app: 0|req: 1750/3315] 10.0.0.64 () {34 vars in 788 bytes} [Thu Jul 2 06:27:50 2026] PUT /v2.0/routers/e69404f1-de7b-4a7b-9ca3-2ddf622e86a6/remove_router_interface => generated 309 bytes in 837 msecs (HTTP/1.1 200) 4 headers in 157 bytes (1 switches on core 0)
2026-07-02 06:27:51.848 7 INFO neutron.api.v2.resource [None req-96603f56-5e12-47a2-b850-0055a4b342d5 627731449cb3446c8108bd4d006e08e7 c5d905c5d482431e8533942857c1147a - - default default] remove_router_interface failed (client error): The resource could not be found. [pid: 7|app: 0|req: 1566/3316] 10.0.0.64 () {34 vars in 788 bytes} [Thu Jul 2 06:27:51 2026] PUT /v2.0/routers/e69404f1-de7b-4a7b-9ca3-2ddf622e86a6/remove_router_interface => generated 198 bytes in 107 msecs (HTTP/1.1 404) 4 headers in 164 bytes (1 switches on core 0) /var/lib/openstack/lib/python3.12/site-packages/pycadf/identifier.py:70: UserWarning: Invalid uuid: neutron. To ensure interoperability, identifiers should be a valid uuid. warnings.warn(('Invalid uuid: %s. To ensure interoperability, '
2026-07-02 06:27:52.172 8 INFO neutron_taas.services.taas.taas_plugin [None req-7ba9902e-c130-4ca2-a630-994051832847 627731449cb3446c8108bd4d006e08e7 c5d905c5d482431e8533942857c1147a - - default default] TaaS: Handle Delete Port: 337c1819-e43c-4e11-a0e3-bbe3510a4743
2026-07-02 06:27:52.176 8 INFO neutron_taas.services.taas.tap_mirror_plugin [None req-7ba9902e-c130-4ca2-a630-994051832847 627731449cb3446c8108bd4d006e08e7 c5d905c5d482431e8533942857c1147a - - default default] Tap Mirror: Handle Delete Port: 337c1819-e43c-4e11-a0e3-bbe3510a4743 [pid: 8|app: 0|req: 1751/3317] 10.0.0.64 () {34 vars in 788 bytes} [Thu Jul 2 06:27:51 2026] PUT /v2.0/routers/e69404f1-de7b-4a7b-9ca3-2ddf622e86a6/remove_router_interface => generated 309 bytes in 860 msecs (HTTP/1.1 200) 4 headers in 157 bytes (1 switches on core 0)
2026-07-02 06:27:52.814 7 INFO neutron.api.v2.resource [None req-fb598573-c3b8-4e24-8e0d-ec7ac19c6ab2 627731449cb3446c8108bd4d006e08e7 c5d905c5d482431e8533942857c1147a - - default default] remove_router_interface failed (client error): The resource could not be found. [pid: 7|app: 0|req: 1567/3318] 10.0.0.64 () {34 vars in 788 bytes} [Thu Jul 2 06:27:52 2026] PUT /v2.0/routers/e69404f1-de7b-4a7b-9ca3-2ddf622e86a6/remove_router_interface => generated 198 bytes in 96 msecs (HTTP/1.1 404) 4 headers in 164 bytes (1 switches on core 0) /var/lib/openstack/lib/python3.12/site-packages/pycadf/identifier.py:70: UserWarning: Invalid uuid: neutron. To ensure interoperability, identifiers should be a valid uuid. warnings.warn(('Invalid uuid: %s. To ensure interoperability, '
2026-07-02 06:27:53.141 8 INFO neutron_taas.services.taas.taas_plugin [None req-6bb84df1-b12d-4201-83d0-c9e1ae6aa54b 627731449cb3446c8108bd4d006e08e7 c5d905c5d482431e8533942857c1147a - - default default] TaaS: Handle Delete Port: 9a3a8f1e-209e-48bc-88fb-c1616a5c8218
2026-07-02 06:27:53.145 8 INFO neutron_taas.services.taas.tap_mirror_plugin [None req-6bb84df1-b12d-4201-83d0-c9e1ae6aa54b 627731449cb3446c8108bd4d006e08e7 c5d905c5d482431e8533942857c1147a - - default default] Tap Mirror: Handle Delete Port: 9a3a8f1e-209e-48bc-88fb-c1616a5c8218 [pid: 8|app: 0|req: 1752/3319] 10.0.0.64 () {32 vars in 723 bytes} [Thu Jul 2 06:27:52 2026] DELETE /v2.0/routers/e69404f1-de7b-4a7b-9ca3-2ddf622e86a6 => generated 0 bytes in 783 msecs (HTTP/1.1 204) 2 headers in 112 bytes (1 switches on core 0)
2026-07-02 06:27:53.622 7 INFO neutron.api.v2.resource [None req-5a50c72a-ac96-49ac-85ff-0a44edf3ad6b 627731449cb3446c8108bd4d006e08e7 c5d905c5d482431e8533942857c1147a - - default default] show failed (client error): The resource could not be found. [pid: 7|app: 0|req: 1568/3320] 10.0.0.64 () {32 vars in 720 bytes} [Thu Jul 2 06:27:53 2026] GET /v2.0/routers/e69404f1-de7b-4a7b-9ca3-2ddf622e86a6 => generated 135 bytes in 14 msecs (HTTP/1.1 404) 4 headers in 164 bytes (1 switches on core 0) [pid: 8|app: 0|req: 1753/3321] 10.0.0.64 () {32 vars in 723 bytes} [Thu Jul 2 06:27:53 2026] DELETE /v2.0/subnets/71cce61d-c6a1-4c45-9a67-99d122b3653c => generated 0 bytes in 156 msecs (HTTP/1.1 204) 3 headers in 131 bytes (1 switches on core 0)
2026-07-02 06:27:53.811 7 INFO neutron.pecan_wsgi.hooks.translation [None req-fd46a340-5388-4468-87e8-fd8bf99d36d2 627731449cb3446c8108bd4d006e08e7 c5d905c5d482431e8533942857c1147a - - default default] GET failed (client error): The resource could not be found. [pid: 7|app: 0|req: 1569/3322] 10.0.0.64 () {32 vars in 720 bytes} [Thu Jul 2 06:27:53 2026] GET /v2.0/subnets/71cce61d-c6a1-4c45-9a67-99d122b3653c => generated 136 bytes in 24 msecs (HTTP/1.1 404) 4 headers in 164 bytes (1 switches on core 0) [pid: 8|app: 0|req: 1754/3323] 10.0.0.64 () {32 vars in 723 bytes} [Thu Jul 2 06:27:53 2026] DELETE /v2.0/subnets/341c989b-7dda-4b4e-a057-b5ee161bd079 => generated 0 bytes in 182 msecs (HTTP/1.1 204) 3 headers in 131 bytes (1 switches on core 0)
2026-07-02 06:27:54.022 7 INFO neutron.pecan_wsgi.hooks.translation [None req-c04dbb02-057d-46d4-a904-240f2c8245b1 627731449cb3446c8108bd4d006e08e7 c5d905c5d482431e8533942857c1147a - - default default] GET failed (client error): The resource could not be found. [pid: 7|app: 0|req: 1570/3324] 10.0.0.64 () {32 vars in 720 bytes} [Thu Jul 2 06:27:54 2026] GET /v2.0/subnets/341c989b-7dda-4b4e-a057-b5ee161bd079 => generated 136 bytes in 17 msecs (HTTP/1.1 404) 4 headers in 164 bytes (1 switches on core 0)
2026-07-02 06:27:54.149 8 INFO neutron_taas.services.taas.taas_plugin [None req-11443327-14f2-4b2a-92b8-02410c398056 627731449cb3446c8108bd4d006e08e7 c5d905c5d482431e8533942857c1147a - - default default] TaaS: Handle Delete Port: b0dfa135-c5e3-4728-b640-a65a4e2d7b42
2026-07-02 06:27:54.154 8 INFO neutron_taas.services.taas.tap_mirror_plugin [None req-11443327-14f2-4b2a-92b8-02410c398056 627731449cb3446c8108bd4d006e08e7 c5d905c5d482431e8533942857c1147a - - default default] Tap Mirror: Handle Delete Port: b0dfa135-c5e3-4728-b640-a65a4e2d7b42
2026-07-02 06:27:54.392 8 INFO neutron.services.segments.plugin [-] Segment 7b5342d6-a1cb-46b6-b751-a99918785ee7 resource provider aggregate not found
2026-07-02 06:27:54.398 8 INFO neutron.services.segments.plugin [-] Segment 7b5342d6-a1cb-46b6-b751-a99918785ee7 resource provider aggregate not found
2026-07-02 06:27:54.409 8 INFO neutron.services.segments.plugin [-] Segment 7b5342d6-a1cb-46b6-b751-a99918785ee7 resource provider not found; error: Placement Client Error (4xx): {"errors": [{"status": 404, "title": "Not Found", "detail": "The resource could not be found.\n\n No resource provider with uuid 7b5342d6-a1cb-46b6-b751-a99918785ee7 found for delete ", "request_id": "req-48c32d41-079b-43dd-8b6b-e92722632d59"}]}
2026-07-02 06:27:54.421 8 INFO neutron.services.segments.plugin [-] Segment 7b5342d6-a1cb-46b6-b751-a99918785ee7 resource provider not found; error: Placement Client Error (4xx): {"errors": [{"status": 404, "title": "Not Found", "detail": "The resource could not be found.\n\n No resource provider with uuid 7b5342d6-a1cb-46b6-b751-a99918785ee7 found for delete ", "request_id": "req-968ee92d-ea5b-4a4c-9966-0194f9548c2d"}]} [pid: 8|app: 0|req: 1755/3325] 10.0.0.64 () {32 vars in 725 bytes} [Thu Jul 2 06:27:54 2026] DELETE /v2.0/networks/d142e320-f19b-4211-a0ab-b3dccc970957 => generated 0 bytes in 430 msecs (HTTP/1.1 204) 3 headers in 131 bytes (1 switches on core 0)
2026-07-02 06:27:54.474 7 INFO neutron.pecan_wsgi.hooks.translation [None req-6eb6471d-80cd-456c-b721-d91d8ceb6d76 627731449cb3446c8108bd4d006e08e7 c5d905c5d482431e8533942857c1147a - - default default] GET failed (client error): The resource could not be found. [pid: 7|app: 0|req: 1571/3326] 10.0.0.64 () {32 vars in 722 bytes} [Thu Jul 2 06:27:54 2026] GET /v2.0/networks/d142e320-f19b-4211-a0ab-b3dccc970957 => generated 138 bytes in 13 msecs (HTTP/1.1 404) 4 headers in 164 bytes (1 switches on core 0) [pid: 8|app: 0|req: 1756/3327] 10.0.0.64 () {32 vars in 723 bytes} [Thu Jul 2 06:27:54 2026] DELETE /v2.0/subnets/47bd56a9-8653-4698-b95b-6b9532bd972c => generated 0 bytes in 141 msecs (HTTP/1.1 204) 3 headers in 131 bytes (1 switches on core 0)
2026-07-02 06:27:54.640 7 INFO neutron.pecan_wsgi.hooks.translation [None req-12ab3cf0-2d82-4fc6-aaea-f6359067489a 627731449cb3446c8108bd4d006e08e7 c5d905c5d482431e8533942857c1147a - - default default] GET failed (client error): The resource could not be found. [pid: 7|app: 0|req: 1572/3328] 10.0.0.64 () {32 vars in 720 bytes} [Thu Jul 2 06:27:54 2026] GET /v2.0/subnets/47bd56a9-8653-4698-b95b-6b9532bd972c => generated 136 bytes in 14 msecs (HTTP/1.1 404) 4 headers in 164 bytes (1 switches on core 0) [pid: 8|app: 0|req: 1757/3329] 10.0.0.64 () {32 vars in 723 bytes} [Thu Jul 2 06:27:54 2026] DELETE /v2.0/subnets/0371bc7c-8878-4c64-a53a-a2079d0eea00 => generated 0 bytes in 182 msecs (HTTP/1.1 204) 3 headers in 131 bytes (1 switches on core 0)
2026-07-02 06:27:54.847 7 INFO neutron.pecan_wsgi.hooks.translation [None req-1ed7cee3-ba6e-413b-a0e5-47a77e33be12 627731449cb3446c8108bd4d006e08e7 c5d905c5d482431e8533942857c1147a - - default default] GET failed (client error): The resource could not be found. [pid: 7|app: 0|req: 1573/3330] 10.0.0.64 () {32 vars in 720 bytes} [Thu Jul 2 06:27:54 2026] GET /v2.0/subnets/0371bc7c-8878-4c64-a53a-a2079d0eea00 => generated 136 bytes in 16 msecs (HTTP/1.1 404) 4 headers in 164 bytes (1 switches on core 0)
2026-07-02 06:27:54.978 8 INFO neutron_taas.services.taas.taas_plugin [None req-985781d7-89ae-4caa-87a5-6a08c34cebf0 627731449cb3446c8108bd4d006e08e7 c5d905c5d482431e8533942857c1147a - - default default] TaaS: Handle Delete Port: bc3507ec-4035-40f8-8742-23d5af1c8957
2026-07-02 06:27:54.981 8 INFO neutron_taas.services.taas.tap_mirror_plugin [None req-985781d7-89ae-4caa-87a5-6a08c34cebf0 627731449cb3446c8108bd4d006e08e7 c5d905c5d482431e8533942857c1147a - - default default] Tap Mirror: Handle Delete Port: bc3507ec-4035-40f8-8742-23d5af1c8957 [pid: 8|app: 0|req: 1758/3331] 10.0.0.64 () {32 vars in 725 bytes} [Thu Jul 2 06:27:54 2026] DELETE /v2.0/networks/c64623eb-f590-487a-9d6f-0c2a3a04ea74 => generated 0 bytes in 357 msecs (HTTP/1.1 204) 3 headers in 131 bytes (1 switches on core 0)
2026-07-02 06:27:55.237 7 INFO neutron.pecan_wsgi.hooks.translation [None req-fb70f6e2-20f5-4b72-b3f6-3f99223cf076 627731449cb3446c8108bd4d006e08e7 c5d905c5d482431e8533942857c1147a - - default default] GET failed (client error): The resource could not be found. [pid: 7|app: 0|req: 1574/3332] 10.0.0.64 () {32 vars in 722 bytes} [Thu Jul 2 06:27:55 2026] GET /v2.0/networks/c64623eb-f590-487a-9d6f-0c2a3a04ea74 => generated 138 bytes in 23 msecs (HTTP/1.1 404) 4 headers in 164 bytes (1 switches on core 0) [pid: 8|app: 0|req: 1759/3333] 10.0.0.64 () {32 vars in 723 bytes} [Thu Jul 2 06:27:55 2026] DELETE /v2.0/subnets/34e2660d-8041-4bc9-bf73-292c45d7d038 => generated 0 bytes in 140 msecs (HTTP/1.1 204) 3 headers in 131 bytes (1 switches on core 0)
2026-07-02 06:27:55.409 7 INFO neutron.pecan_wsgi.hooks.translation [None req-90271dd4-0465-4a23-b8a5-10e5d1fc9df3 627731449cb3446c8108bd4d006e08e7 c5d905c5d482431e8533942857c1147a - - default default] GET failed (client error): The resource could not be found. [pid: 7|app: 0|req: 1575/3334] 10.0.0.64 () {32 vars in 720 bytes} [Thu Jul 2 06:27:55 2026] GET /v2.0/subnets/34e2660d-8041-4bc9-bf73-292c45d7d038 => generated 136 bytes in 20 msecs (HTTP/1.1 404) 4 headers in 164 bytes (1 switches on core 0) [pid: 8|app: 0|req: 1760/3335] 10.0.0.64 () {32 vars in 723 bytes} [Thu Jul 2 06:27:55 2026] DELETE /v2.0/subnets/e326abcb-081b-4dc0-bc67-42b03ddc9df2 => generated 0 bytes in 140 msecs (HTTP/1.1 204) 3 headers in 131 bytes (1 switches on core 0)
2026-07-02 06:27:55.578 7 INFO neutron.pecan_wsgi.hooks.translation [None req-8e526c15-aee0-42fa-893e-4ca5a219c651 627731449cb3446c8108bd4d006e08e7 c5d905c5d482431e8533942857c1147a - - default default] GET failed (client error): The resource could not be found. [pid: 7|app: 0|req: 1576/3336] 10.0.0.64 () {32 vars in 720 bytes} [Thu Jul 2 06:27:55 2026] GET /v2.0/subnets/e326abcb-081b-4dc0-bc67-42b03ddc9df2 => generated 136 bytes in 18 msecs (HTTP/1.1 404) 4 headers in 164 bytes (1 switches on core 0)
2026-07-02 06:27:55.694 8 INFO neutron_taas.services.taas.taas_plugin [None req-bc1a0e1a-dc81-449c-b296-7f075a15da8a 627731449cb3446c8108bd4d006e08e7 c5d905c5d482431e8533942857c1147a - - default default] TaaS: Handle Delete Port: 96100300-2697-4da5-a476-df600420c3b5
2026-07-02 06:27:55.697 8 INFO neutron_taas.services.taas.tap_mirror_plugin [None req-bc1a0e1a-dc81-449c-b296-7f075a15da8a 627731449cb3446c8108bd4d006e08e7 c5d905c5d482431e8533942857c1147a - - default default] Tap Mirror: Handle Delete Port: 96100300-2697-4da5-a476-df600420c3b5 [pid: 8|app: 0|req: 1761/3337] 10.0.0.64 () {32 vars in 725 bytes} [Thu Jul 2 06:27:55 2026] DELETE /v2.0/networks/2831f4f7-62da-413a-b083-c46b73920c08 => generated 0 bytes in 395 msecs (HTTP/1.1 204) 3 headers in 131 bytes (1 switches on core 0)
2026-07-02 06:27:56.000 7 INFO neutron.pecan_wsgi.hooks.translation [None req-8d632013-9afa-45a5-860d-b946cb28a044 627731449cb3446c8108bd4d006e08e7 c5d905c5d482431e8533942857c1147a - - default default] GET failed (client error): The resource could not be found. [pid: 7|app: 0|req: 1577/3338] 10.0.0.64 () {32 vars in 722 bytes} [Thu Jul 2 06:27:55 2026] GET /v2.0/networks/2831f4f7-62da-413a-b083-c46b73920c08 => generated 138 bytes in 17 msecs (HTTP/1.1 404) 4 headers in 164 bytes (1 switches on core 0)
2026-07-02 06:27:56.430 8 INFO neutron.services.segments.plugin [-] Segment 583454e6-ca16-473b-b045-ebffe2c939af resource provider aggregate not found
2026-07-02 06:27:56.440 8 INFO neutron.services.segments.plugin [-] Segment 583454e6-ca16-473b-b045-ebffe2c939af resource provider aggregate not found
2026-07-02 06:27:56.447 8 INFO neutron.services.segments.plugin [-] Segment 583454e6-ca16-473b-b045-ebffe2c939af resource provider not found; error: Placement Client Error (4xx): {"errors": [{"status": 404, "title": "Not Found", "detail": "The resource could not be found.\n\n No resource provider with uuid 583454e6-ca16-473b-b045-ebffe2c939af found for delete ", "request_id": "req-96c8cc94-8ebd-4219-a567-b63756428878"}]}
2026-07-02 06:27:56.456 8 INFO neutron.services.segments.plugin [-] Segment 583454e6-ca16-473b-b045-ebffe2c939af resource provider not found; error: Placement Client Error (4xx): {"errors": [{"status": 404, "title": "Not Found", "detail": "The resource could not be found.\n\n No resource provider with uuid 583454e6-ca16-473b-b045-ebffe2c939af found for delete ", "request_id": "req-4e8dda0a-98de-431d-a831-707cfa2f88b0"}]}
2026-07-02 06:27:56.460 8 INFO neutron.services.segments.plugin [-] Segment 81483a57-103b-4001-a9b5-215ad23c6642 resource provider aggregate not found
2026-07-02 06:27:56.474 8 INFO neutron.services.segments.plugin [-] Segment 81483a57-103b-4001-a9b5-215ad23c6642 resource provider aggregate not found
2026-07-02 06:27:56.480 8 INFO neutron.services.segments.plugin [-] Segment 81483a57-103b-4001-a9b5-215ad23c6642 resource provider not found; error: Placement Client Error (4xx): {"errors": [{"status": 404, "title": "Not Found", "detail": "The resource could not be found.\n\n No resource provider with uuid 81483a57-103b-4001-a9b5-215ad23c6642 found for delete ", "request_id": "req-b3454ab0-f13f-4ada-915a-536c373d6cd9"}]}
2026-07-02 06:27:56.492 8 INFO neutron.services.segments.plugin [-] Segment 81483a57-103b-4001-a9b5-215ad23c6642 resource provider not found; error: Placement Client Error (4xx): {"errors": [{"status": 404, "title": "Not Found", "detail": "The resource could not be found.\n\n No resource provider with uuid 81483a57-103b-4001-a9b5-215ad23c6642 found for delete ", "request_id": "req-a794b87d-8bbc-41ea-8201-9cd645a56bdd"}]} [pid: 8|app: 0|req: 1762/3339] 10.0.0.64 () {32 vars in 773 bytes} [Thu Jul 2 06:27:57 2026] GET /v2.0/security-groups?tenant_id=c5d905c5d482431e8533942857c1147a&name=default => generated 2925 bytes in 234 msecs (HTTP/1.1 200) 4 headers in 158 bytes (1 switches on core 0) [pid: 7|app: 0|req: 1578/3340] 10.0.0.64 () {32 vars in 739 bytes} [Thu Jul 2 06:27:58 2026] DELETE /v2.0/security-groups/2b3dbe53-5226-4e52-be73-43089821417d => generated 0 bytes in 278 msecs (HTTP/1.1 204) 2 headers in 112 bytes (1 switches on core 0)
2026-07-02 06:27:58.650 8 INFO neutron.db.ovn_revision_numbers_db [None req-53b60052-c119-410f-bd65-a12801e6ef07 faabfcfb50ed4b27a3e34cc47eaeab6a 5456127b3676413a9584f0b92522d358 - - default default] Successfully bumped revision number for resource 882b8728-bd45-40f0-823c-665a8c803054 (type: security_groups) to 1
2026-07-02 06:27:58.665 8 INFO neutron.db.ovn_revision_numbers_db [None req-53b60052-c119-410f-bd65-a12801e6ef07 faabfcfb50ed4b27a3e34cc47eaeab6a 5456127b3676413a9584f0b92522d358 - - default default] Successfully bumped revision number for resource 2a8cb328-e9bb-4204-911f-3e3a1ea4d558 (type: security_group_rules) to 0
2026-07-02 06:27:58.676 8 INFO neutron.db.ovn_revision_numbers_db [None req-53b60052-c119-410f-bd65-a12801e6ef07 faabfcfb50ed4b27a3e34cc47eaeab6a 5456127b3676413a9584f0b92522d358 - - default default] Successfully bumped revision number for resource 56214d34-ac1a-432e-89b6-f99181b1f443 (type: security_group_rules) to 0
2026-07-02 06:27:58.688 8 INFO neutron.db.ovn_revision_numbers_db [None req-53b60052-c119-410f-bd65-a12801e6ef07 faabfcfb50ed4b27a3e34cc47eaeab6a 5456127b3676413a9584f0b92522d358 - - default default] Successfully bumped revision number for resource d9cec9d2-8cbc-4a5d-b34b-6841c923f7c1 (type: security_group_rules) to 0
2026-07-02 06:27:58.701 8 INFO neutron.db.ovn_revision_numbers_db [None req-53b60052-c119-410f-bd65-a12801e6ef07 faabfcfb50ed4b27a3e34cc47eaeab6a 5456127b3676413a9584f0b92522d358 - - default default] Successfully bumped revision number for resource f0b21a16-eea1-414b-8ac8-552c529887dd (type: security_group_rules) to 0 [pid: 8|app: 0|req: 1763/3341] 10.0.0.64 () {32 vars in 773 bytes} [Thu Jul 2 06:27:58 2026] GET /v2.0/security-groups?tenant_id=1c1335606d674c8d9292b17903c88340&name=default => generated 2929 bytes in 256 msecs (HTTP/1.1 200) 4 headers in 158 bytes (1 switches on core 0) [pid: 7|app: 0|req: 1579/3342] 10.0.0.64 () {32 vars in 739 bytes} [Thu Jul 2 06:27:58 2026] DELETE /v2.0/security-groups/882b8728-bd45-40f0-823c-665a8c803054 => generated 0 bytes in 352 msecs (HTTP/1.1 204) 2 headers in 112 bytes (1 switches on core 0)
2026-07-02 06:27:59.403 8 INFO neutron.db.ovn_revision_numbers_db [None req-ebdd89f9-4ee9-4f77-a994-8323c9c8de02 faabfcfb50ed4b27a3e34cc47eaeab6a 5456127b3676413a9584f0b92522d358 - - default default] Successfully bumped revision number for resource 210bcaae-00b7-4a78-9f6a-8b64a802d4d0 (type: security_groups) to 1
2026-07-02 06:27:59.417 8 INFO neutron.db.ovn_revision_numbers_db [None req-ebdd89f9-4ee9-4f77-a994-8323c9c8de02 faabfcfb50ed4b27a3e34cc47eaeab6a 5456127b3676413a9584f0b92522d358 - - default default] Successfully bumped revision number for resource 04bc7793-03fc-4da9-8d93-7daa15e19e7f (type: security_group_rules) to 0
2026-07-02 06:27:59.427 8 INFO neutron.db.ovn_revision_numbers_db [None req-ebdd89f9-4ee9-4f77-a994-8323c9c8de02 faabfcfb50ed4b27a3e34cc47eaeab6a 5456127b3676413a9584f0b92522d358 - - default default] Successfully bumped revision number for resource 2adca857-5789-4de7-842d-f7790f772530 (type: security_group_rules) to 0
2026-07-02 06:27:59.438 8 INFO neutron.db.ovn_revision_numbers_db [None req-ebdd89f9-4ee9-4f77-a994-8323c9c8de02 faabfcfb50ed4b27a3e34cc47eaeab6a 5456127b3676413a9584f0b92522d358 - - default default] Successfully bumped revision number for resource 5a467d2c-3da3-402d-9ad5-ea697d9fd389 (type: security_group_rules) to 0
2026-07-02 06:27:59.450 8 INFO neutron.db.ovn_revision_numbers_db [None req-ebdd89f9-4ee9-4f77-a994-8323c9c8de02 faabfcfb50ed4b27a3e34cc47eaeab6a 5456127b3676413a9584f0b92522d358 - - default default] Successfully bumped revision number for resource ecdfb9c4-450f-465b-9339-60f574828754 (type: security_group_rules) to 0 [pid: 8|app: 0|req: 1764/3343] 10.0.0.64 () {32 vars in 773 bytes} [Thu Jul 2 06:27:59 2026] GET /v2.0/security-groups?tenant_id=93ddf381e7444a40bc2d42b90a4eec6f&name=default => generated 2929 bytes in 248 msecs (HTTP/1.1 200) 4 headers in 158 bytes (1 switches on core 0) [pid: 7|app: 0|req: 1580/3344] 10.0.0.64 () {32 vars in 739 bytes} [Thu Jul 2 06:27:59 2026] DELETE /v2.0/security-groups/210bcaae-00b7-4a78-9f6a-8b64a802d4d0 => generated 0 bytes in 294 msecs (HTTP/1.1 204) 2 headers in 112 bytes (1 switches on core 0)
2026-07-02 06:28:00.114 8 INFO neutron.db.ovn_revision_numbers_db [None req-db118539-f37f-4a2b-8a2d-696a8fcee7e6 faabfcfb50ed4b27a3e34cc47eaeab6a 5456127b3676413a9584f0b92522d358 - - default default] Successfully bumped revision number for resource 1fe01567-98ee-479a-a8d2-e1a7f1944cde (type: security_groups) to 1
2026-07-02 06:28:00.125 8 INFO neutron.db.ovn_revision_numbers_db [None req-db118539-f37f-4a2b-8a2d-696a8fcee7e6 faabfcfb50ed4b27a3e34cc47eaeab6a 5456127b3676413a9584f0b92522d358 - - default default] Successfully bumped revision number for resource 19b6dbab-d570-4e22-b654-d8fe19374553 (type: security_group_rules) to 0
2026-07-02 06:28:00.137 8 INFO neutron.db.ovn_revision_numbers_db [None req-db118539-f37f-4a2b-8a2d-696a8fcee7e6 faabfcfb50ed4b27a3e34cc47eaeab6a 5456127b3676413a9584f0b92522d358 - - default default] Successfully bumped revision number for resource 4f1ab95a-f4b4-4804-9dbe-823d0c0046ab (type: security_group_rules) to 0
2026-07-02 06:28:00.148 8 INFO neutron.db.ovn_revision_numbers_db [None req-db118539-f37f-4a2b-8a2d-696a8fcee7e6 faabfcfb50ed4b27a3e34cc47eaeab6a 5456127b3676413a9584f0b92522d358 - - default default] Successfully bumped revision number for resource a6d6cc9b-1f14-459f-8ac0-98d4745c2db0 (type: security_group_rules) to 0
2026-07-02 06:28:00.158 8 INFO neutron.db.ovn_revision_numbers_db [None req-db118539-f37f-4a2b-8a2d-696a8fcee7e6 faabfcfb50ed4b27a3e34cc47eaeab6a 5456127b3676413a9584f0b92522d358 - - default default] Successfully bumped revision number for resource e042ab3c-d96c-4de3-8b63-75b311393a48 (type: security_group_rules) to 0 [pid: 8|app: 0|req: 1765/3345] 10.0.0.64 () {32 vars in 773 bytes} [Thu Jul 2 06:27:59 2026] GET /v2.0/security-groups?tenant_id=908e34841a494bcbb0058bdcac1e6bda&name=default => generated 2929 bytes in 263 msecs (HTTP/1.1 200) 4 headers in 158 bytes (1 switches on core 0) [pid: 7|app: 0|req: 1581/3346] 10.0.0.64 () {32 vars in 739 bytes} [Thu Jul 2 06:28:00 2026] DELETE /v2.0/security-groups/1fe01567-98ee-479a-a8d2-e1a7f1944cde => generated 0 bytes in 281 msecs (HTTP/1.1 204) 2 headers in 112 bytes (1 switches on core 0)
2026-07-02 06:28:00.781 8 INFO neutron.db.ovn_revision_numbers_db [None req-abd18dba-aabc-446d-ac0f-6633fa0ab3be faabfcfb50ed4b27a3e34cc47eaeab6a 5456127b3676413a9584f0b92522d358 - - default default] Successfully bumped revision number for resource c019a393-1564-4660-9255-63545c640bcf (type: security_groups) to 1
2026-07-02 06:28:00.798 8 INFO neutron.db.ovn_revision_numbers_db [None req-abd18dba-aabc-446d-ac0f-6633fa0ab3be faabfcfb50ed4b27a3e34cc47eaeab6a 5456127b3676413a9584f0b92522d358 - - default default] Successfully bumped revision number for resource 07dcaa57-8b7b-461d-a8f6-f1790bf63534 (type: security_group_rules) to 0
2026-07-02 06:28:00.812 8 INFO neutron.db.ovn_revision_numbers_db [None req-abd18dba-aabc-446d-ac0f-6633fa0ab3be faabfcfb50ed4b27a3e34cc47eaeab6a 5456127b3676413a9584f0b92522d358 - - default default] Successfully bumped revision number for resource 56fdcbea-1b02-4755-ab53-e07bd3a15202 (type: security_group_rules) to 0
2026-07-02 06:28:00.831 8 INFO neutron.db.ovn_revision_numbers_db [None req-abd18dba-aabc-446d-ac0f-6633fa0ab3be faabfcfb50ed4b27a3e34cc47eaeab6a 5456127b3676413a9584f0b92522d358 - - default default] Successfully bumped revision number for resource 91d1bb01-506b-401d-83b6-74d7fa3f33d1 (type: security_group_rules) to 0
2026-07-02 06:28:00.843 8 INFO neutron.db.ovn_revision_numbers_db [None req-abd18dba-aabc-446d-ac0f-6633fa0ab3be faabfcfb50ed4b27a3e34cc47eaeab6a 5456127b3676413a9584f0b92522d358 - - default default] Successfully bumped revision number for resource c9e0d5d7-263b-4557-9330-374c48a26011 (type: security_group_rules) to 0 [pid: 8|app: 0|req: 1766/3347] 10.0.0.64 () {32 vars in 773 bytes} [Thu Jul 2 06:28:00 2026] GET /v2.0/security-groups?tenant_id=4ee2c67794524477a8748dde38d8c4ac&name=default => generated 2929 bytes in 267 msecs (HTTP/1.1 200) 4 headers in 158 bytes (1 switches on core 0) [pid: 7|app: 0|req: 1582/3348] 10.0.0.64 () {32 vars in 739 bytes} [Thu Jul 2 06:28:00 2026] DELETE /v2.0/security-groups/c019a393-1564-4660-9255-63545c640bcf => generated 0 bytes in 316 msecs (HTTP/1.1 204) 2 headers in 112 bytes (1 switches on core 0)
2026-07-02 06:28:01.553 8 INFO neutron.db.ovn_revision_numbers_db [None req-25dd21d4-2696-4c61-a746-19a5c21cbd74 faabfcfb50ed4b27a3e34cc47eaeab6a 5456127b3676413a9584f0b92522d358 - - default default] Successfully bumped revision number for resource 7e246860-208b-42c5-9a0b-dcd81ef8d86a (type: security_groups) to 1
2026-07-02 06:28:01.564 8 INFO neutron.db.ovn_revision_numbers_db [None req-25dd21d4-2696-4c61-a746-19a5c21cbd74 faabfcfb50ed4b27a3e34cc47eaeab6a 5456127b3676413a9584f0b92522d358 - - default default] Successfully bumped revision number for resource 04605856-0c53-47eb-803c-8561b6834dab (type: security_group_rules) to 0
2026-07-02 06:28:01.574 8 INFO neutron.db.ovn_revision_numbers_db [None req-25dd21d4-2696-4c61-a746-19a5c21cbd74 faabfcfb50ed4b27a3e34cc47eaeab6a 5456127b3676413a9584f0b92522d358 - - default default] Successfully bumped revision number for resource 641db5cd-9e6c-4a60-be67-3430e3a07b29 (type: security_group_rules) to 0
2026-07-02 06:28:01.586 8 INFO neutron.db.ovn_revision_numbers_db [None req-25dd21d4-2696-4c61-a746-19a5c21cbd74 faabfcfb50ed4b27a3e34cc47eaeab6a 5456127b3676413a9584f0b92522d358 - - default default] Successfully bumped revision number for resource db76642b-aa45-44ad-a27a-16185e922241 (type: security_group_rules) to 0
2026-07-02 06:28:01.596 8 INFO neutron.db.ovn_revision_numbers_db [None req-25dd21d4-2696-4c61-a746-19a5c21cbd74 faabfcfb50ed4b27a3e34cc47eaeab6a 5456127b3676413a9584f0b92522d358 - - default default] Successfully bumped revision number for resource e9eb4a31-5500-49d9-aabc-bd709d2a3f61 (type: security_group_rules) to 0 [pid: 8|app: 0|req: 1767/3349] 10.0.0.64 () {32 vars in 773 bytes} [Thu Jul 2 06:28:01 2026] GET /v2.0/security-groups?tenant_id=e2914e71a9e34b878792333d95ff38cb&name=default => generated 2929 bytes in 276 msecs (HTTP/1.1 200) 4 headers in 158 bytes (1 switches on core 0) [pid: 7|app: 0|req: 1583/3350] 10.0.0.64 () {32 vars in 739 bytes} [Thu Jul 2 06:28:01 2026] DELETE /v2.0/security-groups/7e246860-208b-42c5-9a0b-dcd81ef8d86a => generated 0 bytes in 343 msecs (HTTP/1.1 204) 2 headers in 112 bytes (1 switches on core 0)
2026-07-02 06:28:02.551 8 INFO neutron.db.ovn_revision_numbers_db [None req-56d8b2c4-4ba5-417b-837e-0b3c1909f2b3 faabfcfb50ed4b27a3e34cc47eaeab6a 5456127b3676413a9584f0b92522d358 - - default default] Successfully bumped revision number for resource e7606044-a517-4d54-98db-134115f8dd1c (type: security_groups) to 1
2026-07-02 06:28:02.571 8 INFO neutron.db.ovn_revision_numbers_db [None req-56d8b2c4-4ba5-417b-837e-0b3c1909f2b3 faabfcfb50ed4b27a3e34cc47eaeab6a 5456127b3676413a9584f0b92522d358 - - default default] Successfully bumped revision number for resource 18723795-9410-45fd-8885-588a6b19013c (type: security_group_rules) to 0
2026-07-02 06:28:02.587 8 INFO neutron.db.ovn_revision_numbers_db [None req-56d8b2c4-4ba5-417b-837e-0b3c1909f2b3 faabfcfb50ed4b27a3e34cc47eaeab6a 5456127b3676413a9584f0b92522d358 - - default default] Successfully bumped revision number for resource 304e0673-cb2a-4c6a-8ef3-36bb1f66109b (type: security_group_rules) to 0
2026-07-02 06:28:02.601 8 INFO neutron.db.ovn_revision_numbers_db [None req-56d8b2c4-4ba5-417b-837e-0b3c1909f2b3 faabfcfb50ed4b27a3e34cc47eaeab6a 5456127b3676413a9584f0b92522d358 - - default default] Successfully bumped revision number for resource ada69929-33ec-4631-891a-f6e7b2866bac (type: security_group_rules) to 0
2026-07-02 06:28:02.612 8 INFO neutron.db.ovn_revision_numbers_db [None req-56d8b2c4-4ba5-417b-837e-0b3c1909f2b3 faabfcfb50ed4b27a3e34cc47eaeab6a 5456127b3676413a9584f0b92522d358 - - default default] Successfully bumped revision number for resource c9055ccc-0c49-47a8-a77e-f59b5b2b0da1 (type: security_group_rules) to 0 [pid: 8|app: 0|req: 1768/3351] 10.0.0.64 () {32 vars in 773 bytes} [Thu Jul 2 06:28:02 2026] GET /v2.0/security-groups?tenant_id=e2881105a8c4480089bb3c9bcbfbbb01&name=default => generated 2929 bytes in 323 msecs (HTTP/1.1 200) 4 headers in 158 bytes (1 switches on core 0) [pid: 7|app: 0|req: 1584/3352] 10.0.0.64 () {32 vars in 739 bytes} [Thu Jul 2 06:28:02 2026] DELETE /v2.0/security-groups/e7606044-a517-4d54-98db-134115f8dd1c => generated 0 bytes in 323 msecs (HTTP/1.1 204) 2 headers in 112 bytes (1 switches on core 0)
2026-07-02 06:28:07.376 8 INFO neutron.db.ovn_revision_numbers_db [None req-135a79d3-4e31-4103-ab26-63ae514d91cc 834e212ed37446d4b7663501519cfb17 976d66cb7a7148abb5f6d4f9ef8e7f6a - - default default] Successfully bumped revision number for resource 4bb9dfe3-8774-4080-99f9-b24523f90151 (type: security_groups) to 1
2026-07-02 06:28:07.386 8 INFO neutron.db.ovn_revision_numbers_db [None req-135a79d3-4e31-4103-ab26-63ae514d91cc 834e212ed37446d4b7663501519cfb17 976d66cb7a7148abb5f6d4f9ef8e7f6a - - default default] Successfully bumped revision number for resource 387580e0-4f69-48eb-8228-ebcb2e79bdb5 (type: security_group_rules) to 0
2026-07-02 06:28:07.410 8 INFO neutron.db.ovn_revision_numbers_db [None req-135a79d3-4e31-4103-ab26-63ae514d91cc 834e212ed37446d4b7663501519cfb17 976d66cb7a7148abb5f6d4f9ef8e7f6a - - default default] Successfully bumped revision number for resource 8278e267-f662-4164-9ce3-9520454cd56b (type: security_group_rules) to 0
2026-07-02 06:28:07.423 8 INFO neutron.db.ovn_revision_numbers_db [None req-135a79d3-4e31-4103-ab26-63ae514d91cc 834e212ed37446d4b7663501519cfb17 976d66cb7a7148abb5f6d4f9ef8e7f6a - - default default] Successfully bumped revision number for resource 8906b8b4-8195-4cfd-a140-390def0d4021 (type: security_group_rules) to 0
2026-07-02 06:28:07.433 8 INFO neutron.db.ovn_revision_numbers_db [None req-135a79d3-4e31-4103-ab26-63ae514d91cc 834e212ed37446d4b7663501519cfb17 976d66cb7a7148abb5f6d4f9ef8e7f6a - - default default] Successfully bumped revision number for resource 9bd70603-2994-4523-919c-aab975a969c9 (type: security_group_rules) to 0
2026-07-02 06:28:07.506 8 INFO neutron.db.segments_db [None req-135a79d3-4e31-4103-ab26-63ae514d91cc 834e212ed37446d4b7663501519cfb17 976d66cb7a7148abb5f6d4f9ef8e7f6a - - default default] Added segment c81ce836-1737-4e9e-8a61-1ea222c4ba71 of type geneve for network 33d8e241-e836-449e-b2f2-9c5235b8d0d0
2026-07-02 06:28:07.637 8 INFO neutron.db.ovn_revision_numbers_db [None req-135a79d3-4e31-4103-ab26-63ae514d91cc 834e212ed37446d4b7663501519cfb17 976d66cb7a7148abb5f6d4f9ef8e7f6a - - default default] Successfully bumped revision number for resource 33d8e241-e836-449e-b2f2-9c5235b8d0d0 (type: networks) to 1
2026-07-02 06:28:07.809 8 WARNING neutron.scheduler.dhcp_agent_scheduler [None req-135a79d3-4e31-4103-ab26-63ae514d91cc 834e212ed37446d4b7663501519cfb17 976d66cb7a7148abb5f6d4f9ef8e7f6a - - default default] No more DHCP agents
2026-07-02 06:28:07.811 8 WARNING neutron.api.rpc.agentnotifiers.dhcp_rpc_agent_api [None req-135a79d3-4e31-4103-ab26-63ae514d91cc 834e212ed37446d4b7663501519cfb17 976d66cb7a7148abb5f6d4f9ef8e7f6a - - default default] Unable to schedule network 33d8e241-e836-449e-b2f2-9c5235b8d0d0: no agents available; will retry on subsequent port and subnet creation events.
2026-07-02 06:28:07.891 7 INFO neutron.plugins.ml2.drivers.ovn.mech_driver.mech_driver [None req-ca0331cd-3e70-4817-8cbb-e0bc17b237ba - - - - - -] OVN reports status down for port: 406e1be4-e0d1-4913-a5a6-66ec49a46ad1
