2026-07-02 06:21:46.344 7 INFO neutron.db.ovn_revision_numbers_db [None req-4f7daba2-f75c-4041-b675-4c722ddf30c3 - - - - - -] Successfully bumped revision number for resource c58fb982-0fff-40b8-9270-f8fec0b5ba58 (type: ports) to 5 [pid: 8|app: 0|req: 935/1734] 10.0.0.132 () {34 vars in 990 bytes} [Thu Jul 2 06:21:46 2026] GET /v2.0/ports?device_id=fcd22832-1179-4f98-89a1-e8278656bcda => generated 971 bytes in 87 msecs (HTTP/1.1 200) 4 headers in 157 bytes (1 switches on core 0) [pid: 8|app: 0|req: 936/1735] 10.0.0.132 () {34 vars in 1040 bytes} [Thu Jul 2 06:21:46 2026] GET /v2.0/security-groups?id=6da25694-7f67-409c-b6bc-23fcfd6a062d&fields=id&fields=name => generated 88 bytes in 32 msecs (HTTP/1.1 200) 4 headers in 156 bytes (1 switches on core 0) /var/lib/openstack/lib/python3.12/site-packages/pycadf/identifier.py:70: UserWarning: Invalid uuid: neutron. To ensure interoperability, identifiers should be a valid uuid. warnings.warn(('Invalid uuid: %s. To ensure interoperability, '
2026-07-02 06:21:47.178 7 INFO neutron.db.ovn_revision_numbers_db [None req-bbb16693-7da3-42fa-bf99-26757c49f15f faabfcfb50ed4b27a3e34cc47eaeab6a 5456127b3676413a9584f0b92522d358 - - default default] Successfully bumped revision number for resource c561eafb-4913-48ed-b700-c0564f5c8474 (type: security_groups) to 1
2026-07-02 06:21:47.189 7 INFO neutron.db.ovn_revision_numbers_db [None req-bbb16693-7da3-42fa-bf99-26757c49f15f faabfcfb50ed4b27a3e34cc47eaeab6a 5456127b3676413a9584f0b92522d358 - - default default] Successfully bumped revision number for resource 274ccc00-dab7-4a06-9d8f-aeacef577d6e (type: security_group_rules) to 0
2026-07-02 06:21:47.203 7 INFO neutron.db.ovn_revision_numbers_db [None req-bbb16693-7da3-42fa-bf99-26757c49f15f faabfcfb50ed4b27a3e34cc47eaeab6a 5456127b3676413a9584f0b92522d358 - - default default] Successfully bumped revision number for resource 9f3c8a77-656d-48ac-bdf5-c83111b61eff (type: security_group_rules) to 0
2026-07-02 06:21:47.216 7 INFO neutron.db.ovn_revision_numbers_db [None req-bbb16693-7da3-42fa-bf99-26757c49f15f faabfcfb50ed4b27a3e34cc47eaeab6a 5456127b3676413a9584f0b92522d358 - - default default] Successfully bumped revision number for resource d52f0a14-a2ce-4a0c-8dda-6e9d78613c4e (type: security_group_rules) to 0
2026-07-02 06:21:47.225 7 INFO neutron.db.ovn_revision_numbers_db [None req-bbb16693-7da3-42fa-bf99-26757c49f15f faabfcfb50ed4b27a3e34cc47eaeab6a 5456127b3676413a9584f0b92522d358 - - default default] Successfully bumped revision number for resource da24b46f-53b1-4751-932b-656294426afe (type: security_group_rules) to 0 [pid: 7|app: 0|req: 800/1736] 10.0.0.64 () {32 vars in 773 bytes} [Thu Jul 2 06:21:46 2026] GET /v2.0/security-groups?tenant_id=e1e8e4fde930469885c3d5382921fc2b&name=default => generated 2925 bytes in 539 msecs (HTTP/1.1 200) 4 headers in 158 bytes (1 switches on core 0)
2026-07-02 06:21:47.368 8 INFO neutron.db.ovn_revision_numbers_db [None req-0e632d2a-bb6b-4a8a-9773-dc7a001877e6 faabfcfb50ed4b27a3e34cc47eaeab6a 5456127b3676413a9584f0b92522d358 - - default default] Successfully bumped revision number for resource 9be827f8-d06d-48b7-a824-55ad406bf7ed (type: security_groups) to 1
2026-07-02 06:21:47.382 8 INFO neutron.db.ovn_revision_numbers_db [None req-0e632d2a-bb6b-4a8a-9773-dc7a001877e6 faabfcfb50ed4b27a3e34cc47eaeab6a 5456127b3676413a9584f0b92522d358 - - default default] Successfully bumped revision number for resource 04d115e6-abe4-42fa-bdd7-37a0cfddfa06 (type: security_group_rules) to 0
2026-07-02 06:21:47.393 8 INFO neutron.db.ovn_revision_numbers_db [None req-0e632d2a-bb6b-4a8a-9773-dc7a001877e6 faabfcfb50ed4b27a3e34cc47eaeab6a 5456127b3676413a9584f0b92522d358 - - default default] Successfully bumped revision number for resource 2b31b4ea-88d8-451e-8b56-5461d8fc3c44 (type: security_group_rules) to 0
2026-07-02 06:21:47.405 8 INFO neutron.db.ovn_revision_numbers_db [None req-0e632d2a-bb6b-4a8a-9773-dc7a001877e6 faabfcfb50ed4b27a3e34cc47eaeab6a 5456127b3676413a9584f0b92522d358 - - default default] Successfully bumped revision number for resource 8e12c15b-db0d-4349-b892-d046d439b130 (type: security_group_rules) to 0
2026-07-02 06:21:47.419 8 INFO neutron.db.ovn_revision_numbers_db [None req-0e632d2a-bb6b-4a8a-9773-dc7a001877e6 faabfcfb50ed4b27a3e34cc47eaeab6a 5456127b3676413a9584f0b92522d358 - - default default] Successfully bumped revision number for resource 9e63b76f-9fd1-46e1-b433-f06e69b90f04 (type: security_group_rules) to 0 [pid: 8|app: 0|req: 937/1737] 10.0.0.64 () {32 vars in 773 bytes} [Thu Jul 2 06:21:47 2026] GET /v2.0/security-groups?tenant_id=aeec4488ef1e42aaa2e8300686af5684&name=default => generated 2925 bytes in 394 msecs (HTTP/1.1 200) 4 headers in 158 bytes (1 switches on core 0) [pid: 7|app: 0|req: 801/1738] 10.0.0.64 () {32 vars in 739 bytes} [Thu Jul 2 06:21:47 2026] DELETE /v2.0/security-groups/c561eafb-4913-48ed-b700-c0564f5c8474 => generated 0 bytes in 362 msecs (HTTP/1.1 204) 2 headers in 112 bytes (1 switches on core 0) [pid: 8|app: 0|req: 938/1739] 10.0.0.64 () {32 vars in 739 bytes} [Thu Jul 2 06:21:47 2026] DELETE /v2.0/security-groups/9be827f8-d06d-48b7-a824-55ad406bf7ed => generated 0 bytes in 338 msecs (HTTP/1.1 204) 2 headers in 112 bytes (1 switches on core 0) [pid: 8|app: 0|req: 939/1740] 10.0.0.132 () {34 vars in 990 bytes} [Thu Jul 2 06:21:48 2026] GET /v2.0/ports?device_id=fcd22832-1179-4f98-89a1-e8278656bcda => generated 971 bytes in 64 msecs (HTTP/1.1 200) 4 headers in 157 bytes (1 switches on core 0)
2026-07-02 06:21:48.144 7 INFO neutron.db.ovn_revision_numbers_db [None req-5e08d3db-ffc6-48d1-ace0-18d99ad26069 faabfcfb50ed4b27a3e34cc47eaeab6a 5456127b3676413a9584f0b92522d358 - - default default] Successfully bumped revision number for resource 2deec7f1-3f7b-46d6-8fc1-8d7eee5ab83c (type: security_groups) to 1 [pid: 8|app: 0|req: 940/1741] 10.0.0.132 () {34 vars in 1040 bytes} [Thu Jul 2 06:21:48 2026] GET /v2.0/security-groups?id=6da25694-7f67-409c-b6bc-23fcfd6a062d&fields=id&fields=name => generated 88 bytes in 65 msecs (HTTP/1.1 200) 4 headers in 156 bytes (1 switches on core 0)
2026-07-02 06:21:48.167 7 INFO neutron.db.ovn_revision_numbers_db [None req-5e08d3db-ffc6-48d1-ace0-18d99ad26069 faabfcfb50ed4b27a3e34cc47eaeab6a 5456127b3676413a9584f0b92522d358 - - default default] Successfully bumped revision number for resource 1d3a19f2-02c0-4b08-8b63-548147d5f96d (type: security_group_rules) to 0
2026-07-02 06:21:48.201 7 INFO neutron.db.ovn_revision_numbers_db [None req-5e08d3db-ffc6-48d1-ace0-18d99ad26069 faabfcfb50ed4b27a3e34cc47eaeab6a 5456127b3676413a9584f0b92522d358 - - default default] Successfully bumped revision number for resource 76dd26e7-64c2-4e6a-8a53-e0167e41f27b (type: security_group_rules) to 0
2026-07-02 06:21:48.214 7 INFO neutron.db.ovn_revision_numbers_db [None req-5e08d3db-ffc6-48d1-ace0-18d99ad26069 faabfcfb50ed4b27a3e34cc47eaeab6a 5456127b3676413a9584f0b92522d358 - - default default] Successfully bumped revision number for resource afa42b68-dc50-4d52-ad81-aeeefde62a8b (type: security_group_rules) to 0
2026-07-02 06:21:48.226 7 INFO neutron.db.ovn_revision_numbers_db [None req-5e08d3db-ffc6-48d1-ace0-18d99ad26069 faabfcfb50ed4b27a3e34cc47eaeab6a 5456127b3676413a9584f0b92522d358 - - default default] Successfully bumped revision number for resource c877c9e1-ebc8-48b7-917e-1fc5757c4f9e (type: security_group_rules) to 0
2026-07-02 06:21:48.230 7 INFO neutron.notifiers.nova [-] Nova event matching ['req-a0b457c1-480c-45d3-bb84-3fc1b228946e'] response: {'server_uuid': 'fcd22832-1179-4f98-89a1-e8278656bcda', 'name': 'network-vif-plugged', 'status': 'completed', 'tag': 'c58fb982-0fff-40b8-9270-f8fec0b5ba58', 'code': 200} [pid: 7|app: 0|req: 802/1742] 10.0.0.64 () {32 vars in 773 bytes} [Thu Jul 2 06:21:47 2026] GET /v2.0/security-groups?tenant_id=f425e6d22c4c483b837f65b2d7e781d1&name=default => generated 2925 bytes in 293 msecs (HTTP/1.1 200) 4 headers in 158 bytes (1 switches on core 0) [pid: 8|app: 0|req: 941/1743] 10.0.0.64 () {32 vars in 739 bytes} [Thu Jul 2 06:21:48 2026] DELETE /v2.0/security-groups/2deec7f1-3f7b-46d6-8fc1-8d7eee5ab83c => generated 0 bytes in 315 msecs (HTTP/1.1 204) 2 headers in 112 bytes (1 switches on core 0) [pid: 7|app: 0|req: 803/1744] 10.0.0.64 () {32 vars in 773 bytes} [Thu Jul 2 06:21:48 2026] GET /v2.0/security-groups?tenant_id=1fcad65d17644008a250c222340b0644&name=default => generated 2925 bytes in 26 msecs (HTTP/1.1 200) 4 headers in 158 bytes (1 switches on core 0) [pid: 8|app: 0|req: 942/1745] 10.0.0.64 () {32 vars in 739 bytes} [Thu Jul 2 06:21:48 2026] DELETE /v2.0/security-groups/7d573254-00eb-4e82-a7d3-46e5598ac019 => generated 0 bytes in 375 msecs (HTTP/1.1 204) 2 headers in 112 bytes (1 switches on core 0) [pid: 7|app: 0|req: 804/1746] 10.0.0.132 () {34 vars in 990 bytes} [Thu Jul 2 06:21:49 2026] GET /v2.0/ports?device_id=fcd22832-1179-4f98-89a1-e8278656bcda => generated 971 bytes in 67 msecs (HTTP/1.1 200) 4 headers in 157 bytes (1 switches on core 0) [pid: 8|app: 0|req: 943/1747] 10.0.0.132 () {34 vars in 1040 bytes} [Thu Jul 2 06:21:49 2026] GET /v2.0/security-groups?id=6da25694-7f67-409c-b6bc-23fcfd6a062d&fields=id&fields=name => generated 88 bytes in 38 msecs (HTTP/1.1 200) 4 headers in 156 bytes (1 switches on core 0)
2026-07-02 06:21:49.892 7 INFO neutron.db.ovn_revision_numbers_db [None req-251637c6-f2ba-4dc4-b8c9-0d54a04777be faabfcfb50ed4b27a3e34cc47eaeab6a 5456127b3676413a9584f0b92522d358 - - default default] Successfully bumped revision number for resource b837c95e-cfce-401e-8107-129bb858752d (type: security_groups) to 1
2026-07-02 06:21:49.907 7 INFO neutron.db.ovn_revision_numbers_db [None req-251637c6-f2ba-4dc4-b8c9-0d54a04777be faabfcfb50ed4b27a3e34cc47eaeab6a 5456127b3676413a9584f0b92522d358 - - default default] Successfully bumped revision number for resource 09d39137-0a36-461c-9865-6c7079432ef1 (type: security_group_rules) to 0
2026-07-02 06:21:49.925 7 INFO neutron.db.ovn_revision_numbers_db [None req-251637c6-f2ba-4dc4-b8c9-0d54a04777be faabfcfb50ed4b27a3e34cc47eaeab6a 5456127b3676413a9584f0b92522d358 - - default default] Successfully bumped revision number for resource 4602887d-76a8-4650-b208-3bd9661d3d07 (type: security_group_rules) to 0
2026-07-02 06:21:49.938 7 INFO neutron.db.ovn_revision_numbers_db [None req-251637c6-f2ba-4dc4-b8c9-0d54a04777be faabfcfb50ed4b27a3e34cc47eaeab6a 5456127b3676413a9584f0b92522d358 - - default default] Successfully bumped revision number for resource 69957d7c-f521-4e93-bcc5-bae706ac1f64 (type: security_group_rules) to 0
2026-07-02 06:21:49.955 7 INFO neutron.db.ovn_revision_numbers_db [None req-251637c6-f2ba-4dc4-b8c9-0d54a04777be faabfcfb50ed4b27a3e34cc47eaeab6a 5456127b3676413a9584f0b92522d358 - - default default] Successfully bumped revision number for resource b33fffa9-7228-4489-a00c-a080dab85f46 (type: security_group_rules) to 0
2026-07-02 06:21:50.034 7 INFO neutron.db.segments_db [None req-251637c6-f2ba-4dc4-b8c9-0d54a04777be faabfcfb50ed4b27a3e34cc47eaeab6a 5456127b3676413a9584f0b92522d358 - - default default] Added segment 0a682d7a-c938-4ca8-a3d5-3a1e07435eea of type geneve for network a42ef6a4-d556-4099-8572-56c69b40c18f
2026-07-02 06:21:50.173 7 INFO neutron.db.ovn_revision_numbers_db [None req-251637c6-f2ba-4dc4-b8c9-0d54a04777be faabfcfb50ed4b27a3e34cc47eaeab6a 5456127b3676413a9584f0b92522d358 - - default default] Successfully bumped revision number for resource a42ef6a4-d556-4099-8572-56c69b40c18f (type: networks) to 1
2026-07-02 06:21:50.336 7 WARNING neutron.scheduler.dhcp_agent_scheduler [None req-251637c6-f2ba-4dc4-b8c9-0d54a04777be faabfcfb50ed4b27a3e34cc47eaeab6a 5456127b3676413a9584f0b92522d358 - - default default] No more DHCP agents
2026-07-02 06:21:50.338 7 WARNING neutron.api.rpc.agentnotifiers.dhcp_rpc_agent_api [None req-251637c6-f2ba-4dc4-b8c9-0d54a04777be faabfcfb50ed4b27a3e34cc47eaeab6a 5456127b3676413a9584f0b92522d358 - - default default] Unable to schedule network a42ef6a4-d556-4099-8572-56c69b40c18f: no agents available; will retry on subsequent port and subnet creation events.
2026-07-02 06:21:50.409 7 INFO neutron.plugins.ml2.drivers.ovn.mech_driver.mech_driver [None req-18073079-91b1-4b7e-a996-00b7165c7bfd - - - - - -] OVN reports status down for port: 40beeee2-cd97-41c7-83ba-fcd70dbbb09c
2026-07-02 06:21:50.475 7 INFO neutron.db.ovn_revision_numbers_db [None req-251637c6-f2ba-4dc4-b8c9-0d54a04777be faabfcfb50ed4b27a3e34cc47eaeab6a 5456127b3676413a9584f0b92522d358 - - default default] Successfully bumped revision number for resource 40beeee2-cd97-41c7-83ba-fcd70dbbb09c (type: ports) to 1 [pid: 7|app: 0|req: 805/1748] 10.0.0.64 () {34 vars in 670 bytes} [Thu Jul 2 06:21:49 2026] POST /v2.0/networks => generated 744 bytes in 1048 msecs (HTTP/1.1 201) 4 headers in 162 bytes (1 switches on core 0)
2026-07-02 06:21:50.668 8 WARNING neutron.scheduler.dhcp_agent_scheduler [None req-e645bb93-f6f6-4d9e-9b19-40cc264b9733 faabfcfb50ed4b27a3e34cc47eaeab6a 5456127b3676413a9584f0b92522d358 - - default default] No more DHCP agents
2026-07-02 06:21:50.672 8 WARNING neutron.api.rpc.agentnotifiers.dhcp_rpc_agent_api [None req-e645bb93-f6f6-4d9e-9b19-40cc264b9733 faabfcfb50ed4b27a3e34cc47eaeab6a 5456127b3676413a9584f0b92522d358 - - default default] Unable to schedule network a42ef6a4-d556-4099-8572-56c69b40c18f: no agents available; will retry on subsequent port and subnet creation events. [pid: 7|app: 0|req: 808/1751] 10.0.0.132 () {34 vars in 990 bytes} [Thu Jul 2 06:21:50 2026] GET /v2.0/ports?device_id=fcd22832-1179-4f98-89a1-e8278656bcda => generated 971 bytes in 53 msecs (HTTP/1.1 200) 4 headers in 157 bytes (1 switches on core 0) [pid: 7|app: 0|req: 809/1752] 10.0.0.132 () {34 vars in 1040 bytes} [Thu Jul 2 06:21:50 2026] GET /v2.0/security-groups?id=6da25694-7f67-409c-b6bc-23fcfd6a062d&fields=id&fields=name => generated 88 bytes in 32 msecs (HTTP/1.1 200) 4 headers in 156 bytes (1 switches on core 0)
2026-07-02 06:21:51.585 8 INFO neutron.db.ovn_revision_numbers_db [None req-84941954-080c-4e8f-a125-168d58c86844 - - - - - -] Successfully bumped revision number for resource 40beeee2-cd97-41c7-83ba-fcd70dbbb09c (type: ports) to 2
2026-07-02 06:21:51.620 8 INFO neutron.db.ovn_revision_numbers_db [None req-84941954-080c-4e8f-a125-168d58c86844 - - - - - -] Successfully bumped revision number for resource 9f37300e-853b-47eb-ada7-9dcdfbb6f679 (type: subnets) to 0 [pid: 8|app: 0|req: 944/1753] 10.0.0.64 () {34 vars in 668 bytes} [Thu Jul 2 06:21:50 2026] POST /v2.0/subnets => generated 688 bytes in 1120 msecs (HTTP/1.1 201) 4 headers in 162 bytes (1 switches on core 0)
2026-07-02 06:21:51.950 7 INFO neutron.plugins.ml2.drivers.ovn.mech_driver.mech_driver [None req-18073079-91b1-4b7e-a996-00b7165c7bfd - - - - - -] OVN reports status down for port: c58fb982-0fff-40b8-9270-f8fec0b5ba58 [pid: 8|app: 0|req: 945/1754] 10.0.0.242 () {34 vars in 990 bytes} [Thu Jul 2 06:21:52 2026] GET /v2.0/ports?device_id=3f67f46e-4981-4296-8e53-9492b405a77e => generated 1209 bytes in 87 msecs (HTTP/1.1 200) 4 headers in 158 bytes (1 switches on core 0)
2026-07-02 06:21:52.239 7 INFO neutron.notifiers.nova [-] Nova event matching ['req-ad34f134-2f1f-4f1c-b3f3-172e37c4cb33'] response: {'server_uuid': 'fcd22832-1179-4f98-89a1-e8278656bcda', 'name': 'network-vif-unplugged', 'status': 'completed', 'tag': 'c58fb982-0fff-40b8-9270-f8fec0b5ba58', 'code': 200} [pid: 8|app: 0|req: 946/1755] 10.0.0.132 () {34 vars in 990 bytes} [Thu Jul 2 06:21:52 2026] GET /v2.0/ports?device_id=fcd22832-1179-4f98-89a1-e8278656bcda => generated 971 bytes in 71 msecs (HTTP/1.1 200) 4 headers in 157 bytes (1 switches on core 0) [pid: 8|app: 0|req: 947/1756] 10.0.0.242 () {34 vars in 1040 bytes} [Thu Jul 2 06:21:52 2026] GET /v2.0/security-groups?id=82b22f52-7d7e-42f9-85d3-3606d12687a4&fields=id&fields=name => generated 113 bytes in 29 msecs (HTTP/1.1 200) 4 headers in 157 bytes (1 switches on core 0)
2026-07-02 06:21:52.290 7 WARNING neutron.scheduler.dhcp_agent_scheduler [None req-98bb381b-dcd8-4e62-991c-918718f01ebf faabfcfb50ed4b27a3e34cc47eaeab6a 5456127b3676413a9584f0b92522d358 - - default default] No more DHCP agents
2026-07-02 06:21:52.294 7 WARNING neutron.api.rpc.agentnotifiers.dhcp_rpc_agent_api [None req-98bb381b-dcd8-4e62-991c-918718f01ebf faabfcfb50ed4b27a3e34cc47eaeab6a 5456127b3676413a9584f0b92522d358 - - default default] Unable to schedule network 19c28fac-b6a0-449f-b9d7-d00d004ad760: no agents available; will retry on subsequent port and subnet creation events. [pid: 8|app: 0|req: 948/1757] 10.0.0.132 () {34 vars in 1040 bytes} [Thu Jul 2 06:21:52 2026] GET /v2.0/security-groups?id=6da25694-7f67-409c-b6bc-23fcfd6a062d&fields=id&fields=name => generated 88 bytes in 30 msecs (HTTP/1.1 200) 4 headers in 156 bytes (1 switches on core 0)
2026-07-02 06:21:52.507 7 INFO neutron.db.ovn_revision_numbers_db [None req-18073079-91b1-4b7e-a996-00b7165c7bfd - - - - - -] Successfully bumped revision number for resource c58fb982-0fff-40b8-9270-f8fec0b5ba58 (type: ports) to 6
2026-07-02 06:21:52.585 7 INFO neutron.db.ovn_revision_numbers_db [None req-98bb381b-dcd8-4e62-991c-918718f01ebf faabfcfb50ed4b27a3e34cc47eaeab6a 5456127b3676413a9584f0b92522d358 - - default default] Successfully bumped revision number for resource f38a5806-d4ad-4307-8969-892fef758d1c (type: ports) to 1
2026-07-02 06:21:52.703 7 INFO neutron.plugins.ml2.drivers.ovn.mech_driver.mech_driver [None req-b38bf6a8-0c8b-4fdb-8c2e-3d13175a776a - - - - - -] OVN reports status down for port: f38a5806-d4ad-4307-8969-892fef758d1c [pid: 8|app: 0|req: 949/1758] 199.204.45.216 () {34 vars in 994 bytes} [Thu Jul 2 06:21:53 2026] GET /v2.0/ports?device_id=fcd22832-1179-4f98-89a1-e8278656bcda => generated 969 bytes in 41 msecs (HTTP/1.1 200) 4 headers in 157 bytes (1 switches on core 0)
2026-07-02 06:21:53.325 8 INFO neutron_taas.services.taas.taas_plugin [req-bec0f423-15a5-4cd1-bdce-3e1e9034f99a req-b4867229-4dd7-4c3d-b5e3-5a793087abc8 25d9809f2edd44f78d69267cb86d2390 884ddb1a0d1249e4b2ae02d054e55e15 - - default default] TaaS: Handle Delete Port: c58fb982-0fff-40b8-9270-f8fec0b5ba58
2026-07-02 06:21:53.329 8 INFO neutron_taas.services.taas.tap_mirror_plugin [req-bec0f423-15a5-4cd1-bdce-3e1e9034f99a req-b4867229-4dd7-4c3d-b5e3-5a793087abc8 25d9809f2edd44f78d69267cb86d2390 884ddb1a0d1249e4b2ae02d054e55e15 - - default default] Tap Mirror: Handle Delete Port: c58fb982-0fff-40b8-9270-f8fec0b5ba58
2026-07-02 06:21:53.332 7 INFO neutron.plugins.ml2.drivers.ovn.mech_driver.ovsdb.commands [None req-5dfc7355-bd36-4956-9c80-3008b4dd428c - - - - - -] Schedule LRP lrp-f38a5806-d4ad-4307-8969-892fef758d1c on gateway 8f274738-1701-439f-8150-9bc9580801b1 with priority 1
2026-07-02 06:21:53.409 7 INFO neutron.plugins.ml2.drivers.ovn.mech_driver.ovsdb.ovsdb_monitor [None req-5acfd980-8e8d-48ff-b1cd-15c8c87c8445 - - - - - -] Router dc3f7775-3352-4c79-b981-57856032bd9c is bound to host instance
2026-07-02 06:21:53.434 7 INFO neutron.plugins.ml2.drivers.ovn.mech_driver.mech_driver [None req-b38bf6a8-0c8b-4fdb-8c2e-3d13175a776a - - - - - -] OVN reports status up for port: f38a5806-d4ad-4307-8969-892fef758d1c
2026-07-02 06:21:53.491 7 INFO neutron.plugins.ml2.plugin [None req-b38bf6a8-0c8b-4fdb-8c2e-3d13175a776a - - - - - -] Attempt 1 to provision port f38a5806-d4ad-4307-8969-892fef758d1c
2026-07-02 06:21:53.549 7 INFO neutron.db.ovn_revision_numbers_db [None req-98bb381b-dcd8-4e62-991c-918718f01ebf faabfcfb50ed4b27a3e34cc47eaeab6a 5456127b3676413a9584f0b92522d358 - - default default] Successfully bumped revision number for resource f38a5806-d4ad-4307-8969-892fef758d1c (type: router_ports) to 1 [pid: 8|app: 0|req: 950/1759] 199.204.45.216 () {36 vars in 997 bytes} [Thu Jul 2 06:21:53 2026] DELETE /v2.0/ports/c58fb982-0fff-40b8-9270-f8fec0b5ba58 => generated 0 bytes in 402 msecs (HTTP/1.1 204) 3 headers in 131 bytes (1 switches on core 0)
2026-07-02 06:21:53.637 8 INFO neutron.notifiers.nova [-] Nova event matching ['req-98df9f23-927e-4ee7-a7a0-8e37a0c03082'] response: {'server_uuid': 'fcd22832-1179-4f98-89a1-e8278656bcda', 'name': 'network-vif-deleted', 'tag': 'c58fb982-0fff-40b8-9270-f8fec0b5ba58', 'status': 'completed', 'code': 200}
2026-07-02 06:21:53.847 7 INFO neutron.db.ovn_revision_numbers_db [None req-98bb381b-dcd8-4e62-991c-918718f01ebf faabfcfb50ed4b27a3e34cc47eaeab6a 5456127b3676413a9584f0b92522d358 - - default default] Successfully bumped revision number for resource dc3f7775-3352-4c79-b981-57856032bd9c (type: routers) to 2 [pid: 7|app: 0|req: 810/1760] 10.0.0.64 () {34 vars in 668 bytes} [Thu Jul 2 06:21:51 2026] POST /v2.0/routers => generated 966 bytes in 2266 msecs (HTTP/1.1 201) 4 headers in 162 bytes (1 switches on core 0) /var/lib/openstack/lib/python3.12/site-packages/pycadf/identifier.py:70: UserWarning: Invalid uuid: neutron. To ensure interoperability, identifiers should be a valid uuid. warnings.warn(('Invalid uuid: %s. To ensure interoperability, ' [pid: 7|app: 0|req: 811/1761] 10.0.0.132 () {34 vars in 990 bytes} [Thu Jul 2 06:21:53 2026] GET /v2.0/ports?device_id=fcd22832-1179-4f98-89a1-e8278656bcda => generated 12 bytes in 53 msecs (HTTP/1.1 200) 4 headers in 156 bytes (1 switches on core 0)
2026-07-02 06:21:53.987 8 INFO neutron.db.ovn_revision_numbers_db [None req-f2b0b5a7-2768-4006-9c24-de39290ab750 383b4d42b05d4ead976a8997acc9e42e be9e27f1f15147d6b79f62a169289b6f - - default default] Successfully bumped revision number for resource 4298342d-3fa0-436c-bdc4-a306fdd83cd5 (type: security_groups) to 1
2026-07-02 06:21:53.998 8 INFO neutron.db.ovn_revision_numbers_db [None req-f2b0b5a7-2768-4006-9c24-de39290ab750 383b4d42b05d4ead976a8997acc9e42e be9e27f1f15147d6b79f62a169289b6f - - default default] Successfully bumped revision number for resource 354abc92-3a92-4bea-9025-1cc29ec41d3c (type: security_group_rules) to 0
2026-07-02 06:21:54.009 8 INFO neutron.db.ovn_revision_numbers_db [None req-f2b0b5a7-2768-4006-9c24-de39290ab750 383b4d42b05d4ead976a8997acc9e42e be9e27f1f15147d6b79f62a169289b6f - - default default] Successfully bumped revision number for resource 548890ac-84ba-4ca2-ba7f-459e579be64e (type: security_group_rules) to 0
2026-07-02 06:21:54.020 8 INFO neutron.db.ovn_revision_numbers_db [None req-f2b0b5a7-2768-4006-9c24-de39290ab750 383b4d42b05d4ead976a8997acc9e42e be9e27f1f15147d6b79f62a169289b6f - - default default] Successfully bumped revision number for resource a904f787-75a0-4bcb-adf9-48308dc9631b (type: security_group_rules) to 0
2026-07-02 06:21:54.031 8 INFO neutron.db.ovn_revision_numbers_db [None req-f2b0b5a7-2768-4006-9c24-de39290ab750 383b4d42b05d4ead976a8997acc9e42e be9e27f1f15147d6b79f62a169289b6f - - default default] Successfully bumped revision number for resource e0cf1373-b654-4b67-882a-ee3a2808ef55 (type: security_group_rules) to 0
2026-07-02 06:21:54.112 8 INFO neutron.db.segments_db [None req-f2b0b5a7-2768-4006-9c24-de39290ab750 383b4d42b05d4ead976a8997acc9e42e be9e27f1f15147d6b79f62a169289b6f - - default default] Added segment bd320a6c-a712-4db5-9cb0-144e73afe69f of type geneve for network d5403c6a-2b50-4e9c-9619-c22d16141875
2026-07-02 06:21:54.229 8 INFO neutron.db.ovn_revision_numbers_db [None req-f2b0b5a7-2768-4006-9c24-de39290ab750 383b4d42b05d4ead976a8997acc9e42e be9e27f1f15147d6b79f62a169289b6f - - default default] Successfully bumped revision number for resource d5403c6a-2b50-4e9c-9619-c22d16141875 (type: networks) to 1
2026-07-02 06:21:54.294 7 INFO neutron.notifiers.nova [-] Nova event matching ['req-5cc6e62c-74f8-4c04-874a-2ba46dd6e15f'] response: {'server_uuid': 'fcd22832-1179-4f98-89a1-e8278656bcda', 'name': 'network-vif-unplugged', 'status': 'completed', 'tag': 'c58fb982-0fff-40b8-9270-f8fec0b5ba58', 'code': 200}
2026-07-02 06:21:54.403 8 WARNING neutron.scheduler.dhcp_agent_scheduler [None req-f2b0b5a7-2768-4006-9c24-de39290ab750 383b4d42b05d4ead976a8997acc9e42e be9e27f1f15147d6b79f62a169289b6f - - default default] No more DHCP agents
2026-07-02 06:21:54.404 8 WARNING neutron.api.rpc.agentnotifiers.dhcp_rpc_agent_api [None req-f2b0b5a7-2768-4006-9c24-de39290ab750 383b4d42b05d4ead976a8997acc9e42e be9e27f1f15147d6b79f62a169289b6f - - default default] Unable to schedule network d5403c6a-2b50-4e9c-9619-c22d16141875: no agents available; will retry on subsequent port and subnet creation events.
2026-07-02 06:21:54.518 8 INFO neutron.db.ovn_revision_numbers_db [None req-f2b0b5a7-2768-4006-9c24-de39290ab750 383b4d42b05d4ead976a8997acc9e42e be9e27f1f15147d6b79f62a169289b6f - - default default] Successfully bumped revision number for resource 97c87350-3f56-4adf-8ee5-c41ea471678c (type: ports) to 1 [pid: 8|app: 0|req: 951/1762] 10.0.0.64 () {34 vars in 669 bytes} [Thu Jul 2 06:21:53 2026] POST /v2.0/networks => generated 631 bytes in 933 msecs (HTTP/1.1 201) 4 headers in 162 bytes (1 switches on core 0)
2026-07-02 06:21:54.748 8 WARNING neutron.scheduler.dhcp_agent_scheduler [None req-4db482d4-4377-46fd-bc04-096057f74e77 383b4d42b05d4ead976a8997acc9e42e be9e27f1f15147d6b79f62a169289b6f - - default default] No more DHCP agents
2026-07-02 06:21:54.749 8 WARNING neutron.api.rpc.agentnotifiers.dhcp_rpc_agent_api [None req-4db482d4-4377-46fd-bc04-096057f74e77 383b4d42b05d4ead976a8997acc9e42e be9e27f1f15147d6b79f62a169289b6f - - default default] Unable to schedule network d5403c6a-2b50-4e9c-9619-c22d16141875: no agents available; will retry on subsequent port and subnet creation events.
2026-07-02 06:21:54.917 7 WARNING neutron.scheduler.dhcp_agent_scheduler [None req-39460879-c664-429c-917d-ac32853c0fb0 faabfcfb50ed4b27a3e34cc47eaeab6a 5456127b3676413a9584f0b92522d358 - - default default] No more DHCP agents
2026-07-02 06:21:54.928 7 WARNING neutron.api.rpc.agentnotifiers.dhcp_rpc_agent_api [None req-39460879-c664-429c-917d-ac32853c0fb0 faabfcfb50ed4b27a3e34cc47eaeab6a 5456127b3676413a9584f0b92522d358 - - default default] Unable to schedule network a42ef6a4-d556-4099-8572-56c69b40c18f: no agents available; will retry on subsequent port and subnet creation events.
2026-07-02 06:21:55.267 7 INFO neutron.db.ovn_revision_numbers_db [None req-39460879-c664-429c-917d-ac32853c0fb0 faabfcfb50ed4b27a3e34cc47eaeab6a 5456127b3676413a9584f0b92522d358 - - default default] Successfully bumped revision number for resource 1adbf420-9443-4ad9-8452-46d514a2a7ef (type: ports) to 1
2026-07-02 06:21:55.292 8 INFO neutron.db.ovn_revision_numbers_db [None req-86164fb1-d7ff-4dbd-b38b-8c4d91a19fc8 - - - - - -] Successfully bumped revision number for resource 97c87350-3f56-4adf-8ee5-c41ea471678c (type: ports) to 2
2026-07-02 06:21:55.320 8 INFO neutron.db.ovn_revision_numbers_db [None req-86164fb1-d7ff-4dbd-b38b-8c4d91a19fc8 - - - - - -] Successfully bumped revision number for resource c1f486b0-15ce-4d29-b5af-e2dc37085585 (type: subnets) to 0 [pid: 8|app: 0|req: 952/1763] 10.0.0.64 () {34 vars in 668 bytes} [Thu Jul 2 06:21:54 2026] POST /v2.0/subnets => generated 626 bytes in 810 msecs (HTTP/1.1 201) 4 headers in 162 bytes (1 switches on core 0) [pid: 8|app: 0|req: 953/1764] 10.0.0.132 () {34 vars in 990 bytes} [Thu Jul 2 06:21:55 2026] GET /v2.0/ports?device_id=fcd22832-1179-4f98-89a1-e8278656bcda => generated 12 bytes in 24 msecs (HTTP/1.1 200) 4 headers in 156 bytes (1 switches on core 0)
2026-07-02 06:21:55.409 7 INFO neutron.db.ovn_revision_numbers_db [None req-6848d82a-d49a-43f0-a04a-044bb11e3b5f - - - - - -] Successfully bumped revision number for resource f38a5806-d4ad-4307-8969-892fef758d1c (type: ports) to 4
2026-07-02 06:21:55.474 8 INFO neutron.db.segments_db [None req-d3b2ec92-0662-4e98-a670-a54e1b42c01f 383b4d42b05d4ead976a8997acc9e42e be9e27f1f15147d6b79f62a169289b6f - - default default] Added segment a8ca98d5-fe78-43cf-a11d-29c8105c0176 of type geneve for network cba527e4-f5ed-4179-9c66-4e3e488ecb03
2026-07-02 06:21:55.647 8 INFO neutron.db.ovn_revision_numbers_db [None req-d3b2ec92-0662-4e98-a670-a54e1b42c01f 383b4d42b05d4ead976a8997acc9e42e be9e27f1f15147d6b79f62a169289b6f - - default default] Successfully bumped revision number for resource cba527e4-f5ed-4179-9c66-4e3e488ecb03 (type: networks) to 1
2026-07-02 06:21:55.865 8 WARNING neutron.scheduler.dhcp_agent_scheduler [None req-d3b2ec92-0662-4e98-a670-a54e1b42c01f 383b4d42b05d4ead976a8997acc9e42e be9e27f1f15147d6b79f62a169289b6f - - default default] No more DHCP agents
2026-07-02 06:21:55.870 8 WARNING neutron.api.rpc.agentnotifiers.dhcp_rpc_agent_api [None req-d3b2ec92-0662-4e98-a670-a54e1b42c01f 383b4d42b05d4ead976a8997acc9e42e be9e27f1f15147d6b79f62a169289b6f - - default default] Unable to schedule network cba527e4-f5ed-4179-9c66-4e3e488ecb03: no agents available; will retry on subsequent port and subnet creation events.
2026-07-02 06:21:56.002 8 INFO neutron.db.ovn_revision_numbers_db [None req-d3b2ec92-0662-4e98-a670-a54e1b42c01f 383b4d42b05d4ead976a8997acc9e42e be9e27f1f15147d6b79f62a169289b6f - - default default] Successfully bumped revision number for resource 254a03e6-bb2a-458d-b86a-ff524a5b9eb4 (type: ports) to 1 [pid: 8|app: 0|req: 954/1765] 10.0.0.64 () {34 vars in 669 bytes} [Thu Jul 2 06:21:55 2026] POST /v2.0/networks => generated 631 bytes in 639 msecs (HTTP/1.1 201) 4 headers in 162 bytes (1 switches on core 0)
2026-07-02 06:21:56.209 8 WARNING neutron.scheduler.dhcp_agent_scheduler [None req-daf7da99-5d4c-451d-8a11-c4e254a27ba2 383b4d42b05d4ead976a8997acc9e42e be9e27f1f15147d6b79f62a169289b6f - - default default] No more DHCP agents
2026-07-02 06:21:56.210 8 WARNING neutron.api.rpc.agentnotifiers.dhcp_rpc_agent_api [None req-daf7da99-5d4c-451d-8a11-c4e254a27ba2 383b4d42b05d4ead976a8997acc9e42e be9e27f1f15147d6b79f62a169289b6f - - default default] Unable to schedule network cba527e4-f5ed-4179-9c66-4e3e488ecb03: no agents available; will retry on subsequent port and subnet creation events.
2026-07-02 06:21:56.696 8 INFO neutron.db.ovn_revision_numbers_db [None req-3ac62af5-fd90-40d9-98a9-2a20bc8eb5c3 - - - - - -] Successfully bumped revision number for resource 254a03e6-bb2a-458d-b86a-ff524a5b9eb4 (type: ports) to 2
2026-07-02 06:21:56.726 8 INFO neutron.db.ovn_revision_numbers_db [None req-3ac62af5-fd90-40d9-98a9-2a20bc8eb5c3 - - - - - -] Successfully bumped revision number for resource 440ed85c-3618-4146-b9f0-224ad416a889 (type: subnets) to 0 [pid: 8|app: 0|req: 955/1766] 10.0.0.64 () {34 vars in 668 bytes} [Thu Jul 2 06:21:56 2026] POST /v2.0/subnets => generated 629 bytes in 715 msecs (HTTP/1.1 201) 4 headers in 162 bytes (1 switches on core 0)
2026-07-02 06:21:56.753 7 INFO neutron.db.ovn_revision_numbers_db [None req-6848d82a-d49a-43f0-a04a-044bb11e3b5f - - - - - -] Successfully bumped revision number for resource f38a5806-d4ad-4307-8969-892fef758d1c (type: ports) to 5 [pid: 8|app: 0|req: 956/1767] 10.0.0.132 () {34 vars in 990 bytes} [Thu Jul 2 06:21:56 2026] GET /v2.0/ports?device_id=fcd22832-1179-4f98-89a1-e8278656bcda => generated 12 bytes in 17 msecs (HTTP/1.1 200) 4 headers in 156 bytes (1 switches on core 0)
2026-07-02 06:21:56.808 7 INFO neutron.plugins.ml2.drivers.ovn.mech_driver.mech_driver [None req-b38bf6a8-0c8b-4fdb-8c2e-3d13175a776a - - - - - -] OVN reports status down for port: 97c87350-3f56-4adf-8ee5-c41ea471678c
2026-07-02 06:21:56.848 8 INFO neutron.db.segments_db [None req-ed6d7adb-4b7c-4662-a478-d923f92b1d5f 383b4d42b05d4ead976a8997acc9e42e be9e27f1f15147d6b79f62a169289b6f - - default default] Added segment 6b8818e4-5d51-422c-9bdd-a4814b0ea6d4 of type geneve for network 4526e1a6-ce36-4b3c-aaf9-27bd60686829
2026-07-02 06:21:57.017 8 INFO neutron.db.ovn_revision_numbers_db [None req-ed6d7adb-4b7c-4662-a478-d923f92b1d5f 383b4d42b05d4ead976a8997acc9e42e be9e27f1f15147d6b79f62a169289b6f - - default default] Successfully bumped revision number for resource 4526e1a6-ce36-4b3c-aaf9-27bd60686829 (type: networks) to 1
2026-07-02 06:21:57.043 7 INFO neutron.plugins.ml2.drivers.ovn.mech_driver.mech_driver [None req-b38bf6a8-0c8b-4fdb-8c2e-3d13175a776a - - - - - -] OVN reports status down for port: 1adbf420-9443-4ad9-8452-46d514a2a7ef
2026-07-02 06:21:57.152 7 WARNING neutron.plugins.ml2.drivers.ovn.mech_driver.ovsdb.ovn_client [None req-b38bf6a8-0c8b-4fdb-8c2e-3d13175a776a - - - - - -] Logical_Switch_Port 1adbf420-9443-4ad9-8452-46d514a2a7ef host information not removed, the port state is up
2026-07-02 06:21:57.152 7 INFO neutron.plugins.ml2.drivers.ovn.mech_driver.mech_driver [None req-b38bf6a8-0c8b-4fdb-8c2e-3d13175a776a - - - - - -] OVN reports status down for port: 254a03e6-bb2a-458d-b86a-ff524a5b9eb4
2026-07-02 06:21:57.189 7 WARNING neutron.scheduler.dhcp_agent_scheduler [None req-39460879-c664-429c-917d-ac32853c0fb0 faabfcfb50ed4b27a3e34cc47eaeab6a 5456127b3676413a9584f0b92522d358 - - default default] No more DHCP agents
2026-07-02 06:21:57.192 7 WARNING neutron.api.rpc.agentnotifiers.dhcp_rpc_agent_api [None req-39460879-c664-429c-917d-ac32853c0fb0 faabfcfb50ed4b27a3e34cc47eaeab6a 5456127b3676413a9584f0b92522d358 - - default default] Unable to schedule network a42ef6a4-d556-4099-8572-56c69b40c18f: no agents available; will retry on subsequent port and subnet creation events.
2026-07-02 06:21:57.201 8 WARNING neutron.scheduler.dhcp_agent_scheduler [None req-ed6d7adb-4b7c-4662-a478-d923f92b1d5f 383b4d42b05d4ead976a8997acc9e42e be9e27f1f15147d6b79f62a169289b6f - - default default] No more DHCP agents
2026-07-02 06:21:57.203 8 WARNING neutron.api.rpc.agentnotifiers.dhcp_rpc_agent_api [None req-ed6d7adb-4b7c-4662-a478-d923f92b1d5f 383b4d42b05d4ead976a8997acc9e42e be9e27f1f15147d6b79f62a169289b6f - - default default] Unable to schedule network 4526e1a6-ce36-4b3c-aaf9-27bd60686829: no agents available; will retry on subsequent port and subnet creation events.
2026-07-02 06:21:57.321 8 INFO neutron.db.ovn_revision_numbers_db [None req-ed6d7adb-4b7c-4662-a478-d923f92b1d5f 383b4d42b05d4ead976a8997acc9e42e be9e27f1f15147d6b79f62a169289b6f - - default default] Successfully bumped revision number for resource 787e6a34-6928-4b7f-9248-dd463f84426f (type: ports) to 1 [pid: 8|app: 0|req: 957/1768] 10.0.0.64 () {34 vars in 669 bytes} [Thu Jul 2 06:21:56 2026] POST /v2.0/networks => generated 630 bytes in 583 msecs (HTTP/1.1 201) 4 headers in 162 bytes (1 switches on core 0)
2026-07-02 06:21:57.358 7 INFO neutron.plugins.ml2.drivers.ovn.mech_driver.mech_driver [None req-b38bf6a8-0c8b-4fdb-8c2e-3d13175a776a - - - - - -] OVN reports status up for port: 1adbf420-9443-4ad9-8452-46d514a2a7ef
2026-07-02 06:21:57.380 7 INFO neutron.plugins.ml2.plugin [None req-b38bf6a8-0c8b-4fdb-8c2e-3d13175a776a - - - - - -] Attempt 1 to provision port 1adbf420-9443-4ad9-8452-46d514a2a7ef
2026-07-02 06:21:57.537 8 WARNING neutron.scheduler.dhcp_agent_scheduler [None req-848898a7-706d-41aa-b8ca-f749b2bff1b2 383b4d42b05d4ead976a8997acc9e42e be9e27f1f15147d6b79f62a169289b6f - - default default] No more DHCP agents
2026-07-02 06:21:57.538 8 WARNING neutron.api.rpc.agentnotifiers.dhcp_rpc_agent_api [None req-848898a7-706d-41aa-b8ca-f749b2bff1b2 383b4d42b05d4ead976a8997acc9e42e be9e27f1f15147d6b79f62a169289b6f - - default default] Unable to schedule network 4526e1a6-ce36-4b3c-aaf9-27bd60686829: no agents available; will retry on subsequent port and subnet creation events.
2026-07-02 06:21:58.163 8 INFO neutron.db.ovn_revision_numbers_db [None req-7fa9aa82-b201-417f-8166-4785eafd90c1 - - - - - -] Successfully bumped revision number for resource 787e6a34-6928-4b7f-9248-dd463f84426f (type: ports) to 2
2026-07-02 06:21:58.191 8 INFO neutron.db.ovn_revision_numbers_db [None req-7fa9aa82-b201-417f-8166-4785eafd90c1 - - - - - -] Successfully bumped revision number for resource 6c2f1c3f-c19b-449f-93ef-3bee307b17b7 (type: subnets) to 0
2026-07-02 06:21:58.197 7 INFO neutron.db.ovn_revision_numbers_db [None req-39460879-c664-429c-917d-ac32853c0fb0 faabfcfb50ed4b27a3e34cc47eaeab6a 5456127b3676413a9584f0b92522d358 - - default default] Successfully bumped revision number for resource 1adbf420-9443-4ad9-8452-46d514a2a7ef (type: router_ports) to 1 [pid: 8|app: 0|req: 958/1769] 10.0.0.64 () {34 vars in 668 bytes} [Thu Jul 2 06:21:57 2026] POST /v2.0/subnets => generated 629 bytes in 857 msecs (HTTP/1.1 201) 4 headers in 162 bytes (1 switches on core 0) [pid: 7|app: 0|req: 812/1770] 10.0.0.64 () {34 vars in 782 bytes} [Thu Jul 2 06:21:53 2026] PUT /v2.0/routers/dc3f7775-3352-4c79-b981-57856032bd9c/add_router_interface => generated 309 bytes in 4254 msecs (HTTP/1.1 200) 4 headers in 157 bytes (1 switches on core 0)
2026-07-02 06:21:58.278 7 INFO neutron.db.ovn_revision_numbers_db [None req-b38bf6a8-0c8b-4fdb-8c2e-3d13175a776a - - - - - -] Successfully bumped revision number for resource 1adbf420-9443-4ad9-8452-46d514a2a7ef (type: ports) to 2
2026-07-02 06:21:58.301 8 INFO neutron.db.segments_db [None req-bdf60a5c-f836-4ac5-a5b5-06d195ee4097 383b4d42b05d4ead976a8997acc9e42e be9e27f1f15147d6b79f62a169289b6f - - default default] Added segment c0b08ebb-ae76-4334-b8c4-7647d8f6c8f3 of type geneve for network 3ffc6cf3-1c32-45ab-8871-0cf980c684c9
2026-07-02 06:21:58.424 8 INFO neutron.db.ovn_revision_numbers_db [None req-bdf60a5c-f836-4ac5-a5b5-06d195ee4097 383b4d42b05d4ead976a8997acc9e42e be9e27f1f15147d6b79f62a169289b6f - - default default] Successfully bumped revision number for resource 3ffc6cf3-1c32-45ab-8871-0cf980c684c9 (type: networks) to 1 [pid: 7|app: 0|req: 813/1771] 10.0.0.132 () {34 vars in 990 bytes} [Thu Jul 2 06:21:58 2026] GET /v2.0/ports?device_id=3f67f46e-4981-4296-8e53-9492b405a77e => generated 971 bytes in 87 msecs (HTTP/1.1 200) 4 headers in 157 bytes (1 switches on core 0)
2026-07-02 06:21:58.590 8 WARNING neutron.scheduler.dhcp_agent_scheduler [None req-bdf60a5c-f836-4ac5-a5b5-06d195ee4097 383b4d42b05d4ead976a8997acc9e42e be9e27f1f15147d6b79f62a169289b6f - - default default] No more DHCP agents
2026-07-02 06:21:58.591 8 WARNING neutron.api.rpc.agentnotifiers.dhcp_rpc_agent_api [None req-bdf60a5c-f836-4ac5-a5b5-06d195ee4097 383b4d42b05d4ead976a8997acc9e42e be9e27f1f15147d6b79f62a169289b6f - - default default] Unable to schedule network 3ffc6cf3-1c32-45ab-8871-0cf980c684c9: no agents available; will retry on subsequent port and subnet creation events. [pid: 7|app: 0|req: 814/1772] 10.0.0.132 () {34 vars in 1040 bytes} [Thu Jul 2 06:21:58 2026] GET /v2.0/security-groups?id=82b22f52-7d7e-42f9-85d3-3606d12687a4&fields=id&fields=name => generated 113 bytes in 34 msecs (HTTP/1.1 200) 4 headers in 157 bytes (1 switches on core 0)
2026-07-02 06:21:58.692 8 INFO neutron.db.ovn_revision_numbers_db [None req-bdf60a5c-f836-4ac5-a5b5-06d195ee4097 383b4d42b05d4ead976a8997acc9e42e be9e27f1f15147d6b79f62a169289b6f - - default default] Successfully bumped revision number for resource 79813953-0907-4f6a-9d97-43ef4d90f343 (type: ports) to 1 [pid: 7|app: 0|req: 815/1773] 10.0.0.132 () {34 vars in 990 bytes} [Thu Jul 2 06:21:58 2026] GET /v2.0/ports?device_id=3f67f46e-4981-4296-8e53-9492b405a77e => generated 971 bytes in 37 msecs (HTTP/1.1 200) 4 headers in 157 bytes (1 switches on core 0) [pid: 8|app: 0|req: 959/1774] 10.0.0.64 () {34 vars in 669 bytes} [Thu Jul 2 06:21:58 2026] POST /v2.0/networks => generated 631 bytes in 508 msecs (HTTP/1.1 201) 4 headers in 162 bytes (1 switches on core 0) [pid: 8|app: 0|req: 960/1775] 10.0.0.132 () {34 vars in 1040 bytes} [Thu Jul 2 06:21:58 2026] GET /v2.0/security-groups?id=82b22f52-7d7e-42f9-85d3-3606d12687a4&fields=id&fields=name => generated 113 bytes in 28 msecs (HTTP/1.1 200) 4 headers in 157 bytes (1 switches on core 0)
2026-07-02 06:21:58.942 7 WARNING neutron.scheduler.dhcp_agent_scheduler [None req-0b843118-6428-499e-b497-efda202da7a5 383b4d42b05d4ead976a8997acc9e42e be9e27f1f15147d6b79f62a169289b6f - - default default] No more DHCP agents
2026-07-02 06:21:58.944 7 WARNING neutron.api.rpc.agentnotifiers.dhcp_rpc_agent_api [None req-0b843118-6428-499e-b497-efda202da7a5 383b4d42b05d4ead976a8997acc9e42e be9e27f1f15147d6b79f62a169289b6f - - default default] Unable to schedule network 3ffc6cf3-1c32-45ab-8871-0cf980c684c9: no agents available; will retry on subsequent port and subnet creation events.
2026-07-02 06:21:59.315 8 INFO neutron_taas.services.taas.taas_plugin [None req-2afe3610-cf6a-4020-b0fd-88fd441a2fcc faabfcfb50ed4b27a3e34cc47eaeab6a 5456127b3676413a9584f0b92522d358 - - default default] TaaS: Handle Delete Port: d1a5c941-9581-44e3-bacd-8d06387bd8af
2026-07-02 06:21:59.318 8 INFO neutron_taas.services.taas.tap_mirror_plugin [None req-2afe3610-cf6a-4020-b0fd-88fd441a2fcc faabfcfb50ed4b27a3e34cc47eaeab6a 5456127b3676413a9584f0b92522d358 - - default default] Tap Mirror: Handle Delete Port: d1a5c941-9581-44e3-bacd-8d06387bd8af
2026-07-02 06:21:59.458 7 INFO neutron.db.ovn_revision_numbers_db [None req-b7d9dc98-82e6-466c-b676-d01b57ebd6fa - - - - - -] Successfully bumped revision number for resource 79813953-0907-4f6a-9d97-43ef4d90f343 (type: ports) to 2
2026-07-02 06:21:59.484 7 INFO neutron.db.ovn_revision_numbers_db [None req-b7d9dc98-82e6-466c-b676-d01b57ebd6fa - - - - - -] Successfully bumped revision number for resource ad1ce663-41da-4a9e-bf09-ee921860747e (type: subnets) to 0 [pid: 7|app: 0|req: 816/1776] 10.0.0.64 () {34 vars in 668 bytes} [Thu Jul 2 06:21:58 2026] POST /v2.0/subnets => generated 629 bytes in 783 msecs (HTTP/1.1 201) 4 headers in 162 bytes (1 switches on core 0) [pid: 7|app: 0|req: 817/1777] 10.0.0.132 () {34 vars in 990 bytes} [Thu Jul 2 06:21:59 2026] GET /v2.0/ports?device_id=3f67f46e-4981-4296-8e53-9492b405a77e => generated 971 bytes in 72 msecs (HTTP/1.1 200) 4 headers in 157 bytes (1 switches on core 0)
2026-07-02 06:21:59.806 7 INFO neutron.db.ovn_revision_numbers_db [None req-4e13dfb7-22e4-4df9-bfe3-252ece285eec faabfcfb50ed4b27a3e34cc47eaeab6a 5456127b3676413a9584f0b92522d358 - - default default] Successfully bumped revision number for resource 2854b862-23da-4f16-9f37-01058b7cb638 (type: security_groups) to 1
2026-07-02 06:21:59.817 7 INFO neutron.db.ovn_revision_numbers_db [None req-4e13dfb7-22e4-4df9-bfe3-252ece285eec faabfcfb50ed4b27a3e34cc47eaeab6a 5456127b3676413a9584f0b92522d358 - - default default] Successfully bumped revision number for resource cf2f200a-96bf-405d-a3cd-597bbb3f51e8 (type: security_group_rules) to 0
2026-07-02 06:21:59.829 7 INFO neutron.db.ovn_revision_numbers_db [None req-4e13dfb7-22e4-4df9-bfe3-252ece285eec faabfcfb50ed4b27a3e34cc47eaeab6a 5456127b3676413a9584f0b92522d358 - - default default] Successfully bumped revision number for resource d4787fa0-53ae-4041-93cc-9925487527f3 (type: security_group_rules) to 0
2026-07-02 06:21:59.850 7 INFO neutron.db.ovn_revision_numbers_db [None req-4e13dfb7-22e4-4df9-bfe3-252ece285eec faabfcfb50ed4b27a3e34cc47eaeab6a 5456127b3676413a9584f0b92522d358 - - default default] Successfully bumped revision number for resource dcfb9a9c-1928-4d1d-9fd3-8c5f87f8edbe (type: security_group_rules) to 0
2026-07-02 06:21:59.861 7 INFO neutron.db.ovn_revision_numbers_db [None req-4e13dfb7-22e4-4df9-bfe3-252ece285eec faabfcfb50ed4b27a3e34cc47eaeab6a 5456127b3676413a9584f0b92522d358 - - default default] Successfully bumped revision number for resource e4eb7ff8-205b-498e-8598-e485ffd1e791 (type: security_group_rules) to 0
2026-07-02 06:21:59.951 7 INFO neutron.db.segments_db [None req-4e13dfb7-22e4-4df9-bfe3-252ece285eec faabfcfb50ed4b27a3e34cc47eaeab6a 5456127b3676413a9584f0b92522d358 - - default default] Added segment 18f78164-aadb-460d-95a7-fcc3db42c08c of type geneve for network f2588f68-70af-443e-bd5d-547441d8efcd
2026-07-02 06:22:00.083 7 INFO neutron.db.ovn_revision_numbers_db [None req-4e13dfb7-22e4-4df9-bfe3-252ece285eec faabfcfb50ed4b27a3e34cc47eaeab6a 5456127b3676413a9584f0b92522d358 - - default default] Successfully bumped revision number for resource f2588f68-70af-443e-bd5d-547441d8efcd (type: networks) to 1 [pid: 8|app: 0|req: 961/1778] 10.0.0.64 () {34 vars in 788 bytes} [Thu Jul 2 06:21:59 2026] PUT /v2.0/routers/3a47a4b0-60e4-4bc7-b553-198a1f9ce8f6/remove_router_interface => generated 309 bytes in 1142 msecs (HTTP/1.1 200) 4 headers in 157 bytes (1 switches on core 0) /var/lib/openstack/lib/python3.12/site-packages/pycadf/identifier.py:70: UserWarning: Invalid uuid: neutron. To ensure interoperability, identifiers should be a valid uuid. warnings.warn(('Invalid uuid: %s. To ensure interoperability, '
2026-07-02 06:22:00.259 8 INFO neutron.db.segments_db [None req-e292e594-3518-448b-ae66-dbca22e46b14 383b4d42b05d4ead976a8997acc9e42e be9e27f1f15147d6b79f62a169289b6f - - default default] Added segment 4241c14d-1eaa-4d74-a30f-28e9da1ff7f9 of type geneve for network 0e1a78db-1452-4312-bfe8-7bfe1559cd94
2026-07-02 06:22:00.292 7 WARNING neutron.scheduler.dhcp_agent_scheduler [None req-4e13dfb7-22e4-4df9-bfe3-252ece285eec faabfcfb50ed4b27a3e34cc47eaeab6a 5456127b3676413a9584f0b92522d358 - - default default] No more DHCP agents
2026-07-02 06:22:00.293 7 WARNING neutron.api.rpc.agentnotifiers.dhcp_rpc_agent_api [None req-4e13dfb7-22e4-4df9-bfe3-252ece285eec faabfcfb50ed4b27a3e34cc47eaeab6a 5456127b3676413a9584f0b92522d358 - - default default] Unable to schedule network f2588f68-70af-443e-bd5d-547441d8efcd: no agents available; will retry on subsequent port and subnet creation events.
2026-07-02 06:22:00.428 7 INFO neutron.db.ovn_revision_numbers_db [None req-4e13dfb7-22e4-4df9-bfe3-252ece285eec faabfcfb50ed4b27a3e34cc47eaeab6a 5456127b3676413a9584f0b92522d358 - - default default] Successfully bumped revision number for resource bebb95dd-95dc-4fb0-9156-1143bae31675 (type: ports) to 1 [pid: 7|app: 0|req: 818/1779] 10.0.0.64 () {34 vars in 670 bytes} [Thu Jul 2 06:21:59 2026] POST /v2.0/networks => generated 743 bytes in 885 msecs (HTTP/1.1 201) 4 headers in 162 bytes (1 switches on core 0)
2026-07-02 06:22:00.490 8 INFO neutron.db.ovn_revision_numbers_db [None req-e292e594-3518-448b-ae66-dbca22e46b14 383b4d42b05d4ead976a8997acc9e42e be9e27f1f15147d6b79f62a169289b6f - - default default] Successfully bumped revision number for resource 0e1a78db-1452-4312-bfe8-7bfe1559cd94 (type: networks) to 1 [pid: 7|app: 0|req: 819/1780] 10.0.0.132 () {34 vars in 1040 bytes} [Thu Jul 2 06:22:00 2026] GET /v2.0/security-groups?id=82b22f52-7d7e-42f9-85d3-3606d12687a4&fields=id&fields=name => generated 113 bytes in 53 msecs (HTTP/1.1 200) 4 headers in 157 bytes (1 switches on core 0)
2026-07-02 06:22:00.659 8 WARNING neutron.scheduler.dhcp_agent_scheduler [None req-e292e594-3518-448b-ae66-dbca22e46b14 383b4d42b05d4ead976a8997acc9e42e be9e27f1f15147d6b79f62a169289b6f - - default default] No more DHCP agents
2026-07-02 06:22:00.662 8 WARNING neutron.api.rpc.agentnotifiers.dhcp_rpc_agent_api [None req-e292e594-3518-448b-ae66-dbca22e46b14 383b4d42b05d4ead976a8997acc9e42e be9e27f1f15147d6b79f62a169289b6f - - default default] Unable to schedule network 0e1a78db-1452-4312-bfe8-7bfe1559cd94: no agents available; will retry on subsequent port and subnet creation events.
2026-07-02 06:22:00.780 8 INFO neutron.db.ovn_revision_numbers_db [None req-e292e594-3518-448b-ae66-dbca22e46b14 383b4d42b05d4ead976a8997acc9e42e be9e27f1f15147d6b79f62a169289b6f - - default default] Successfully bumped revision number for resource a8f7ed41-6aa0-4c9a-baff-e5fea76c7051 (type: ports) to 1 [pid: 8|app: 0|req: 962/1781] 10.0.0.64 () {34 vars in 669 bytes} [Thu Jul 2 06:22:00 2026] POST /v2.0/networks => generated 631 bytes in 631 msecs (HTTP/1.1 201) 4 headers in 162 bytes (1 switches on core 0)
2026-07-02 06:22:00.932 7 INFO neutron_taas.services.taas.taas_plugin [None req-72ffb546-4389-4718-81c3-ae2fc16d33ac faabfcfb50ed4b27a3e34cc47eaeab6a 5456127b3676413a9584f0b92522d358 - - default default] TaaS: Handle Delete Port: 072cfa7d-5399-48cc-a4a5-80bff4646be5
2026-07-02 06:22:00.935 7 INFO neutron_taas.services.taas.tap_mirror_plugin [None req-72ffb546-4389-4718-81c3-ae2fc16d33ac faabfcfb50ed4b27a3e34cc47eaeab6a 5456127b3676413a9584f0b92522d358 - - default default] Tap Mirror: Handle Delete Port: 072cfa7d-5399-48cc-a4a5-80bff4646be5
2026-07-02 06:22:00.956 8 WARNING neutron.scheduler.dhcp_agent_scheduler [None req-a63f42ef-d533-49e9-a1d7-84c06ad8acbc faabfcfb50ed4b27a3e34cc47eaeab6a 5456127b3676413a9584f0b92522d358 - - default default] No more DHCP agents
2026-07-02 06:22:00.957 8 WARNING neutron.api.rpc.agentnotifiers.dhcp_rpc_agent_api [None req-a63f42ef-d533-49e9-a1d7-84c06ad8acbc faabfcfb50ed4b27a3e34cc47eaeab6a 5456127b3676413a9584f0b92522d358 - - default default] Unable to schedule network f2588f68-70af-443e-bd5d-547441d8efcd: no agents available; will retry on subsequent port and subnet creation events. [pid: 7|app: 0|req: 820/1782] 10.0.0.64 () {32 vars in 723 bytes} [Thu Jul 2 06:22:00 2026] DELETE /v2.0/routers/3a47a4b0-60e4-4bc7-b553-198a1f9ce8f6 => generated 0 bytes in 917 msecs (HTTP/1.1 204) 2 headers in 112 bytes (1 switches on core 0) [pid: 7|app: 0|req: 821/1783] 199.204.45.216 () {34 vars in 1080 bytes} [Thu Jul 2 06:22:01 2026] GET /v2.0/ports?tenant_id=ed49be388c7b4ed2953a874963be305d&device_id=3f67f46e-4981-4296-8e53-9492b405a77e => generated 1209 bytes in 30 msecs (HTTP/1.1 200) 4 headers in 158 bytes (1 switches on core 0)
2026-07-02 06:22:01.549 8 INFO neutron.db.ovn_revision_numbers_db [None req-5afa9f13-2cd1-4a26-83a7-76c84af5e8d8 - - - - - -] Successfully bumped revision number for resource bebb95dd-95dc-4fb0-9156-1143bae31675 (type: ports) to 2
2026-07-02 06:22:01.595 8 INFO neutron.db.ovn_revision_numbers_db [None req-5afa9f13-2cd1-4a26-83a7-76c84af5e8d8 - - - - - -] Successfully bumped revision number for resource 3a8e81eb-14b0-451f-a637-0c0d79e699f0 (type: subnets) to 0 [pid: 8|app: 0|req: 963/1784] 10.0.0.64 () {34 vars in 668 bytes} [Thu Jul 2 06:22:00 2026] POST /v2.0/subnets => generated 687 bytes in 806 msecs (HTTP/1.1 201) 4 headers in 162 bytes (1 switches on core 0)
2026-07-02 06:22:01.675 7 WARNING neutron.scheduler.dhcp_agent_scheduler [None req-2d21f1fb-ca10-45c5-ace6-d5d873908908 383b4d42b05d4ead976a8997acc9e42e be9e27f1f15147d6b79f62a169289b6f - - default default] No more DHCP agents
