2026-07-02 06:21:09.905 7 INFO neutron.db.segments_db [None req-0be70212-c70c-446f-9f1f-bdd5b6b55a45 97800a3ac3df427bac88bf222681984f 5e98eabff16a4e429adfe99e8269b964 - - default default] Added segment f37b9b47-674d-46dd-87b8-b4795436ff34 of type geneve for network 4a71bd37-d871-4a54-a95c-3b05916aee3f
2026-07-02 06:21:10.036 7 INFO neutron.db.ovn_revision_numbers_db [None req-0be70212-c70c-446f-9f1f-bdd5b6b55a45 97800a3ac3df427bac88bf222681984f 5e98eabff16a4e429adfe99e8269b964 - - default default] Successfully bumped revision number for resource 4a71bd37-d871-4a54-a95c-3b05916aee3f (type: networks) to 1 [pid: 8|app: 0|req: 793/1475] 10.0.0.64 () {32 vars in 723 bytes} [Thu Jul 2 06:21:09 2026] DELETE /v2.0/subnets/6e92260e-dbd2-43b5-954a-6f6e5ed47c75 => generated 0 bytes in 164 msecs (HTTP/1.1 204) 3 headers in 131 bytes (1 switches on core 0)
2026-07-02 06:21:10.193 8 INFO neutron.db.ovn_revision_numbers_db [None req-a0bc0465-bcaa-428b-a76d-26e9fd021a7f b132e4308a8e44b1a8576507bd1d6bf9 2d857adeca4f43288328f33cfee048bc - - default default] Successfully bumped revision number for resource 103ac9a0-deef-413d-a293-1e8a2698cfa5 (type: security_groups) to 1
2026-07-02 06:21:10.206 8 INFO neutron.db.ovn_revision_numbers_db [None req-a0bc0465-bcaa-428b-a76d-26e9fd021a7f b132e4308a8e44b1a8576507bd1d6bf9 2d857adeca4f43288328f33cfee048bc - - default default] Successfully bumped revision number for resource 64109e50-8dda-44f8-9c06-3c812c5af4ac (type: security_group_rules) to 0
2026-07-02 06:21:10.210 7 WARNING neutron.scheduler.dhcp_agent_scheduler [None req-0be70212-c70c-446f-9f1f-bdd5b6b55a45 97800a3ac3df427bac88bf222681984f 5e98eabff16a4e429adfe99e8269b964 - - default default] No more DHCP agents
2026-07-02 06:21:10.211 7 WARNING neutron.api.rpc.agentnotifiers.dhcp_rpc_agent_api [None req-0be70212-c70c-446f-9f1f-bdd5b6b55a45 97800a3ac3df427bac88bf222681984f 5e98eabff16a4e429adfe99e8269b964 - - default default] Unable to schedule network 4a71bd37-d871-4a54-a95c-3b05916aee3f: no agents available; will retry on subsequent port and subnet creation events.
2026-07-02 06:21:10.217 8 INFO neutron.db.ovn_revision_numbers_db [None req-a0bc0465-bcaa-428b-a76d-26e9fd021a7f b132e4308a8e44b1a8576507bd1d6bf9 2d857adeca4f43288328f33cfee048bc - - default default] Successfully bumped revision number for resource 88216e6f-2875-4677-855f-a758d98c21f1 (type: security_group_rules) to 0 [pid: 8|app: 0|req: 794/1476] 10.0.0.64 () {34 vars in 683 bytes} [Thu Jul 2 06:21:10 2026] POST /v2.0/security-groups => generated 1624 bytes in 210 msecs (HTTP/1.1 201) 4 headers in 163 bytes (1 switches on core 0)
2026-07-02 06:21:10.280 7 INFO neutron.plugins.ml2.drivers.ovn.mech_driver.mech_driver [None req-4d820e62-b8b9-44a1-87aa-a937417cec43 - - - - - -] OVN reports status down for port: 22f65259-87b5-4daa-8fe8-5032e512b58c
2026-07-02 06:21:10.348 7 INFO neutron.db.ovn_revision_numbers_db [None req-0be70212-c70c-446f-9f1f-bdd5b6b55a45 97800a3ac3df427bac88bf222681984f 5e98eabff16a4e429adfe99e8269b964 - - default default] Successfully bumped revision number for resource 22f65259-87b5-4daa-8fe8-5032e512b58c (type: ports) to 1 [pid: 7|app: 0|req: 683/1477] 10.0.0.64 () {34 vars in 669 bytes} [Thu Jul 2 06:21:09 2026] POST /v2.0/networks => generated 632 bytes in 591 msecs (HTTP/1.1 201) 4 headers in 162 bytes (1 switches on core 0)
2026-07-02 06:21:10.517 7 INFO neutron_taas.services.taas.taas_plugin [None req-67a13e34-e671-441a-9f8a-6b82eac2b030 3c436c54165e4efe9015356fcad4c46d 1784eddd24c34383b4199f4261212d30 - - default default] TaaS: Handle Delete Port: 83c3d688-9fc5-4195-aae1-7217d9c1517a
2026-07-02 06:21:10.520 7 INFO neutron_taas.services.taas.tap_mirror_plugin [None req-67a13e34-e671-441a-9f8a-6b82eac2b030 3c436c54165e4efe9015356fcad4c46d 1784eddd24c34383b4199f4261212d30 - - default default] Tap Mirror: Handle Delete Port: 83c3d688-9fc5-4195-aae1-7217d9c1517a
2026-07-02 06:21:10.622 8 INFO neutron.db.ovn_revision_numbers_db [None req-aa2673dc-e5dc-47c6-a159-fd2474fb2250 faabfcfb50ed4b27a3e34cc47eaeab6a 5456127b3676413a9584f0b92522d358 - - default default] Successfully bumped revision number for resource f7dc3844-c64f-41db-a8c2-ad924be7b150 (type: security_groups) to 1
2026-07-02 06:21:10.637 8 INFO neutron.db.ovn_revision_numbers_db [None req-aa2673dc-e5dc-47c6-a159-fd2474fb2250 faabfcfb50ed4b27a3e34cc47eaeab6a 5456127b3676413a9584f0b92522d358 - - default default] Successfully bumped revision number for resource 16d736b8-027a-4ec1-82d6-b8993f0e4c68 (type: security_group_rules) to 0
2026-07-02 06:21:10.649 8 INFO neutron.db.ovn_revision_numbers_db [None req-aa2673dc-e5dc-47c6-a159-fd2474fb2250 faabfcfb50ed4b27a3e34cc47eaeab6a 5456127b3676413a9584f0b92522d358 - - default default] Successfully bumped revision number for resource 4cdb92bb-d31c-42e9-9a5f-485f8dfd9411 (type: security_group_rules) to 0
2026-07-02 06:21:10.683 8 INFO neutron.db.ovn_revision_numbers_db [None req-aa2673dc-e5dc-47c6-a159-fd2474fb2250 faabfcfb50ed4b27a3e34cc47eaeab6a 5456127b3676413a9584f0b92522d358 - - default default] Successfully bumped revision number for resource 4e1aba3c-e3af-4a9d-a940-3d56c286410d (type: security_group_rules) to 0
2026-07-02 06:21:10.698 8 INFO neutron.db.ovn_revision_numbers_db [None req-aa2673dc-e5dc-47c6-a159-fd2474fb2250 faabfcfb50ed4b27a3e34cc47eaeab6a 5456127b3676413a9584f0b92522d358 - - default default] Successfully bumped revision number for resource d47f8459-6868-49ca-8101-ec7730c485ed (type: security_group_rules) to 0
2026-07-02 06:21:10.765 7 INFO neutron.services.segments.plugin [-] Segment df66dab4-520a-4fce-9c42-354dc32337d3 resource provider aggregate not found
2026-07-02 06:21:10.769 7 INFO neutron.services.segments.plugin [-] Segment df66dab4-520a-4fce-9c42-354dc32337d3 resource provider aggregate not found
2026-07-02 06:21:10.772 8 INFO neutron.db.segments_db [None req-aa2673dc-e5dc-47c6-a159-fd2474fb2250 faabfcfb50ed4b27a3e34cc47eaeab6a 5456127b3676413a9584f0b92522d358 - - default default] Added segment 41a9a7fc-3291-46dc-ae08-eed1a9bbc6f7 of type geneve for network 7f7b201b-6ee9-45fc-8c34-b6d556bcfdf9
2026-07-02 06:21:10.792 7 INFO neutron.services.segments.plugin [-] Segment df66dab4-520a-4fce-9c42-354dc32337d3 resource provider not found; error: Placement Client Error (4xx): {"errors": [{"status": 404, "title": "Not Found", "detail": "The resource could not be found.\n\n No resource provider with uuid df66dab4-520a-4fce-9c42-354dc32337d3 found for delete ", "request_id": "req-dee634ef-3b66-465c-ab5a-892859608b3f"}]}
2026-07-02 06:21:10.797 7 INFO neutron.services.segments.plugin [-] Segment df66dab4-520a-4fce-9c42-354dc32337d3 resource provider not found; error: Placement Client Error (4xx): {"errors": [{"status": 404, "title": "Not Found", "detail": "The resource could not be found.\n\n No resource provider with uuid df66dab4-520a-4fce-9c42-354dc32337d3 found for delete ", "request_id": "req-baf02b8f-232a-49f9-99a0-09ff4c2b7acb"}]} [pid: 7|app: 0|req: 684/1478] 10.0.0.64 () {32 vars in 725 bytes} [Thu Jul 2 06:21:10 2026] DELETE /v2.0/networks/88ef1618-0c1e-4e60-b550-8066fcbe5f2f => generated 0 bytes in 434 msecs (HTTP/1.1 204) 3 headers in 131 bytes (1 switches on core 0)
2026-07-02 06:21:10.948 8 INFO neutron.db.ovn_revision_numbers_db [None req-aa2673dc-e5dc-47c6-a159-fd2474fb2250 faabfcfb50ed4b27a3e34cc47eaeab6a 5456127b3676413a9584f0b92522d358 - - default default] Successfully bumped revision number for resource 7f7b201b-6ee9-45fc-8c34-b6d556bcfdf9 (type: networks) to 1
2026-07-02 06:21:10.994 7 INFO neutron.db.ovn_revision_numbers_db [None req-f4b1cf11-428d-4c30-8132-433002508940 b132e4308a8e44b1a8576507bd1d6bf9 2d857adeca4f43288328f33cfee048bc - - default default] Successfully bumped revision number for resource c29efc9b-7503-45bb-baad-b4a99bcd34af (type: security_group_rules) to 0 [pid: 7|app: 0|req: 685/1479] 10.0.0.64 () {34 vars in 694 bytes} [Thu Jul 2 06:21:10 2026] POST /v2.0/security-group-rules => generated 601 bytes in 206 msecs (HTTP/1.1 201) 4 headers in 162 bytes (1 switches on core 0)
2026-07-02 06:21:11.112 7 INFO neutron.db.segments_db [None req-76f7d54e-bbd6-4963-9814-db63b54b6182 97800a3ac3df427bac88bf222681984f 5e98eabff16a4e429adfe99e8269b964 - - default default] Added segment 1aaa4530-b67c-4b5b-995e-2c15f03aaee6 of type geneve for network a74e5fa9-ded9-4f1b-a1c1-fa339b791a50
2026-07-02 06:21:11.122 8 WARNING neutron.scheduler.dhcp_agent_scheduler [None req-aa2673dc-e5dc-47c6-a159-fd2474fb2250 faabfcfb50ed4b27a3e34cc47eaeab6a 5456127b3676413a9584f0b92522d358 - - default default] No more DHCP agents
2026-07-02 06:21:11.124 8 WARNING neutron.api.rpc.agentnotifiers.dhcp_rpc_agent_api [None req-aa2673dc-e5dc-47c6-a159-fd2474fb2250 faabfcfb50ed4b27a3e34cc47eaeab6a 5456127b3676413a9584f0b92522d358 - - default default] Unable to schedule network 7f7b201b-6ee9-45fc-8c34-b6d556bcfdf9: no agents available; will retry on subsequent port and subnet creation events.
2026-07-02 06:21:11.231 7 INFO neutron.plugins.ml2.drivers.ovn.mech_driver.mech_driver [None req-4d820e62-b8b9-44a1-87aa-a937417cec43 - - - - - -] OVN reports status down for port: 7be95ddd-12b1-46e7-8611-0b3568ab23c9
2026-07-02 06:21:11.240 8 INFO neutron.db.ovn_revision_numbers_db [None req-aa2673dc-e5dc-47c6-a159-fd2474fb2250 faabfcfb50ed4b27a3e34cc47eaeab6a 5456127b3676413a9584f0b92522d358 - - default default] Successfully bumped revision number for resource 7be95ddd-12b1-46e7-8611-0b3568ab23c9 (type: ports) to 1 [pid: 8|app: 0|req: 795/1480] 10.0.0.64 () {34 vars in 670 bytes} [Thu Jul 2 06:21:10 2026] POST /v2.0/networks => generated 746 bytes in 1007 msecs (HTTP/1.1 201) 4 headers in 162 bytes (1 switches on core 0)
2026-07-02 06:21:11.313 7 INFO neutron.db.ovn_revision_numbers_db [None req-76f7d54e-bbd6-4963-9814-db63b54b6182 97800a3ac3df427bac88bf222681984f 5e98eabff16a4e429adfe99e8269b964 - - default default] Successfully bumped revision number for resource a74e5fa9-ded9-4f1b-a1c1-fa339b791a50 (type: networks) to 1
2026-07-02 06:21:11.366 8 INFO neutron.db.segments_db [None req-7adf1ea9-40d1-469b-acb6-9b3b22142409 3c436c54165e4efe9015356fcad4c46d 1784eddd24c34383b4199f4261212d30 - - default default] Added segment 9ba6b726-1626-4337-9158-a3d2261f6267 of type geneve for network f2c64492-fd43-446e-83e6-9003f84b1caf
2026-07-02 06:21:11.481 8 INFO neutron.db.ovn_revision_numbers_db [None req-7adf1ea9-40d1-469b-acb6-9b3b22142409 3c436c54165e4efe9015356fcad4c46d 1784eddd24c34383b4199f4261212d30 - - default default] Successfully bumped revision number for resource f2c64492-fd43-446e-83e6-9003f84b1caf (type: networks) to 1
2026-07-02 06:21:11.514 7 WARNING neutron.scheduler.dhcp_agent_scheduler [None req-76f7d54e-bbd6-4963-9814-db63b54b6182 97800a3ac3df427bac88bf222681984f 5e98eabff16a4e429adfe99e8269b964 - - default default] No more DHCP agents
2026-07-02 06:21:11.516 7 WARNING neutron.api.rpc.agentnotifiers.dhcp_rpc_agent_api [None req-76f7d54e-bbd6-4963-9814-db63b54b6182 97800a3ac3df427bac88bf222681984f 5e98eabff16a4e429adfe99e8269b964 - - default default] Unable to schedule network a74e5fa9-ded9-4f1b-a1c1-fa339b791a50: no agents available; will retry on subsequent port and subnet creation events.
2026-07-02 06:21:11.584 7 INFO neutron.plugins.ml2.drivers.ovn.mech_driver.mech_driver [None req-4d820e62-b8b9-44a1-87aa-a937417cec43 - - - - - -] OVN reports status down for port: 87ca616b-9dfe-4f46-a993-0daa7c913165
2026-07-02 06:21:11.640 7 INFO neutron.db.ovn_revision_numbers_db [None req-76f7d54e-bbd6-4963-9814-db63b54b6182 97800a3ac3df427bac88bf222681984f 5e98eabff16a4e429adfe99e8269b964 - - default default] Successfully bumped revision number for resource 87ca616b-9dfe-4f46-a993-0daa7c913165 (type: ports) to 1 [pid: 7|app: 0|req: 686/1481] 10.0.0.64 () {34 vars in 669 bytes} [Thu Jul 2 06:21:11 2026] POST /v2.0/networks => generated 631 bytes in 658 msecs (HTTP/1.1 201) 4 headers in 162 bytes (1 switches on core 0) [pid: 7|app: 0|req: 687/1482] 10.0.0.64 () {32 vars in 746 bytes} [Thu Jul 2 06:21:11 2026] GET /v2.0/security-group-rules/c29efc9b-7503-45bb-baad-b4a99bcd34af => generated 601 bytes in 14 msecs (HTTP/1.1 200) 4 headers in 157 bytes (1 switches on core 0)
2026-07-02 06:21:11.718 8 WARNING neutron.scheduler.dhcp_agent_scheduler [None req-7adf1ea9-40d1-469b-acb6-9b3b22142409 3c436c54165e4efe9015356fcad4c46d 1784eddd24c34383b4199f4261212d30 - - default default] No more DHCP agents
2026-07-02 06:21:11.720 8 WARNING neutron.api.rpc.agentnotifiers.dhcp_rpc_agent_api [None req-7adf1ea9-40d1-469b-acb6-9b3b22142409 3c436c54165e4efe9015356fcad4c46d 1784eddd24c34383b4199f4261212d30 - - default default] Unable to schedule network f2c64492-fd43-446e-83e6-9003f84b1caf: no agents available; will retry on subsequent port and subnet creation events.
2026-07-02 06:21:11.847 8 INFO neutron.db.ovn_revision_numbers_db [None req-7adf1ea9-40d1-469b-acb6-9b3b22142409 3c436c54165e4efe9015356fcad4c46d 1784eddd24c34383b4199f4261212d30 - - default default] Successfully bumped revision number for resource 73ed72ac-ec2f-43c5-8857-92f73c31697e (type: ports) to 1
2026-07-02 06:21:11.850 7 INFO neutron.plugins.ml2.drivers.ovn.mech_driver.mech_driver [None req-4d820e62-b8b9-44a1-87aa-a937417cec43 - - - - - -] OVN reports status down for port: 73ed72ac-ec2f-43c5-8857-92f73c31697e [pid: 8|app: 0|req: 796/1483] 10.0.0.64 () {34 vars in 669 bytes} [Thu Jul 2 06:21:11 2026] POST /v2.0/networks => generated 634 bytes in 595 msecs (HTTP/1.1 201) 4 headers in 162 bytes (1 switches on core 0)
2026-07-02 06:21:11.948 7 WARNING neutron.scheduler.dhcp_agent_scheduler [None req-dd05f514-b8cf-42fc-8c45-5bef3f259023 faabfcfb50ed4b27a3e34cc47eaeab6a 5456127b3676413a9584f0b92522d358 - - default default] No more DHCP agents
2026-07-02 06:21:11.951 7 WARNING neutron.api.rpc.agentnotifiers.dhcp_rpc_agent_api [None req-dd05f514-b8cf-42fc-8c45-5bef3f259023 faabfcfb50ed4b27a3e34cc47eaeab6a 5456127b3676413a9584f0b92522d358 - - default default] Unable to schedule network 7f7b201b-6ee9-45fc-8c34-b6d556bcfdf9: no agents available; will retry on subsequent port and subnet creation events.
2026-07-02 06:21:11.966 8 INFO neutron.db.segments_db [None req-d9f629bd-0911-4149-9d42-17ed973949fc 97800a3ac3df427bac88bf222681984f 5e98eabff16a4e429adfe99e8269b964 - - default default] Added segment ccef9164-5f90-46b1-bf7d-ac7f8ebeefc8 of type geneve for network 1b3368de-063a-4fd9-aea7-e807b781acf6
2026-07-02 06:21:12.078 8 INFO neutron.db.ovn_revision_numbers_db [None req-d9f629bd-0911-4149-9d42-17ed973949fc 97800a3ac3df427bac88bf222681984f 5e98eabff16a4e429adfe99e8269b964 - - default default] Successfully bumped revision number for resource 1b3368de-063a-4fd9-aea7-e807b781acf6 (type: networks) to 1
2026-07-02 06:21:12.231 8 WARNING neutron.scheduler.dhcp_agent_scheduler [None req-d9f629bd-0911-4149-9d42-17ed973949fc 97800a3ac3df427bac88bf222681984f 5e98eabff16a4e429adfe99e8269b964 - - default default] No more DHCP agents
2026-07-02 06:21:12.233 8 WARNING neutron.api.rpc.agentnotifiers.dhcp_rpc_agent_api [None req-d9f629bd-0911-4149-9d42-17ed973949fc 97800a3ac3df427bac88bf222681984f 5e98eabff16a4e429adfe99e8269b964 - - default default] Unable to schedule network 1b3368de-063a-4fd9-aea7-e807b781acf6: no agents available; will retry on subsequent port and subnet creation events.
2026-07-02 06:21:12.311 7 INFO neutron.plugins.ml2.drivers.ovn.mech_driver.mech_driver [None req-4d820e62-b8b9-44a1-87aa-a937417cec43 - - - - - -] OVN reports status down for port: 7f18760f-0f50-4e01-8a94-09e75c8a7a67
2026-07-02 06:21:12.336 8 INFO neutron.db.ovn_revision_numbers_db [None req-d9f629bd-0911-4149-9d42-17ed973949fc 97800a3ac3df427bac88bf222681984f 5e98eabff16a4e429adfe99e8269b964 - - default default] Successfully bumped revision number for resource 7f18760f-0f50-4e01-8a94-09e75c8a7a67 (type: ports) to 1 [pid: 8|app: 0|req: 797/1484] 10.0.0.64 () {34 vars in 669 bytes} [Thu Jul 2 06:21:11 2026] POST /v2.0/networks => generated 631 bytes in 479 msecs (HTTP/1.1 201) 4 headers in 162 bytes (1 switches on core 0) [pid: 8|app: 0|req: 798/1485] 10.0.0.64 () {32 vars in 672 bytes} [Thu Jul 2 06:21:12 2026] GET /v2.0/security-group-rules => generated 4138 bytes in 70 msecs (HTTP/1.1 200) 4 headers in 158 bytes (1 switches on core 0)
2026-07-02 06:21:12.531 7 INFO neutron.db.ovn_revision_numbers_db [None req-06244430-250c-464c-bbfe-97139c39378e - - - - - -] Successfully bumped revision number for resource 7be95ddd-12b1-46e7-8611-0b3568ab23c9 (type: ports) to 2
2026-07-02 06:21:12.560 7 INFO neutron.db.ovn_revision_numbers_db [None req-06244430-250c-464c-bbfe-97139c39378e - - - - - -] Successfully bumped revision number for resource 05df125f-da96-4962-bcd0-d35efb516905 (type: subnets) to 0 [pid: 7|app: 0|req: 688/1486] 10.0.0.64 () {34 vars in 668 bytes} [Thu Jul 2 06:21:11 2026] POST /v2.0/subnets => generated 691 bytes in 872 msecs (HTTP/1.1 201) 4 headers in 162 bytes (1 switches on core 0) [pid: 7|app: 0|req: 689/1487] 10.0.0.64 () {34 vars in 752 bytes} [Thu Jul 2 06:21:12 2026] PUT /v2.0/networks/6208c89c-0c3c-442f-a596-ea3c709bcc30/tags => generated 17 bytes in 49 msecs (HTTP/1.1 200) 4 headers in 156 bytes (1 switches on core 0)
2026-07-02 06:21:12.647 8 WARNING neutron.scheduler.dhcp_agent_scheduler [None req-47dafbf2-5bd2-4f1c-8843-78c7c04f5f6a 3c436c54165e4efe9015356fcad4c46d 1784eddd24c34383b4199f4261212d30 - - default default] No more DHCP agents
2026-07-02 06:21:12.649 8 WARNING neutron.api.rpc.agentnotifiers.dhcp_rpc_agent_api [None req-47dafbf2-5bd2-4f1c-8843-78c7c04f5f6a 3c436c54165e4efe9015356fcad4c46d 1784eddd24c34383b4199f4261212d30 - - default default] Unable to schedule network f2c64492-fd43-446e-83e6-9003f84b1caf: no agents available; will retry on subsequent port and subnet creation events.
2026-07-02 06:21:12.685 8 INFO neutron.db.ovn_revision_numbers_db [None req-47dafbf2-5bd2-4f1c-8843-78c7c04f5f6a 3c436c54165e4efe9015356fcad4c46d 1784eddd24c34383b4199f4261212d30 - - default default] Successfully bumped revision number for resource a083b027-2fe9-425c-b0f8-8852d8b225d6 (type: subnets) to 0 [pid: 8|app: 0|req: 799/1488] 10.0.0.64 () {34 vars in 668 bytes} [Thu Jul 2 06:21:12 2026] POST /v2.0/subnets => generated 646 bytes in 274 msecs (HTTP/1.1 201) 4 headers in 162 bytes (1 switches on core 0) [pid: 7|app: 0|req: 690/1489] 10.0.0.64 () {32 vars in 749 bytes} [Thu Jul 2 06:21:12 2026] DELETE /v2.0/security-group-rules/c29efc9b-7503-45bb-baad-b4a99bcd34af => generated 0 bytes in 128 msecs (HTTP/1.1 204) 2 headers in 112 bytes (1 switches on core 0) [pid: 7|app: 0|req: 691/1490] 10.0.0.64 () {34 vars in 752 bytes} [Thu Jul 2 06:21:12 2026] PUT /v2.0/networks/06edc4cf-d50c-42c7-98cc-ba354afda36d/tags => generated 25 bytes in 62 msecs (HTTP/1.1 200) 4 headers in 156 bytes (1 switches on core 0)
2026-07-02 06:21:13.105 7 WARNING neutron.scheduler.dhcp_agent_scheduler [None req-6f7ea1a9-042f-40df-b0c9-719aabc0fffe 3c436c54165e4efe9015356fcad4c46d 1784eddd24c34383b4199f4261212d30 - - default default] No more DHCP agents
2026-07-02 06:21:13.106 7 WARNING neutron.api.rpc.agentnotifiers.dhcp_rpc_agent_api [None req-6f7ea1a9-042f-40df-b0c9-719aabc0fffe 3c436c54165e4efe9015356fcad4c46d 1784eddd24c34383b4199f4261212d30 - - default default] Unable to schedule network f2c64492-fd43-446e-83e6-9003f84b1caf: no agents available; will retry on subsequent port and subnet creation events.
2026-07-02 06:21:13.202 7 INFO neutron.plugins.ml2.drivers.ovn.mech_driver.mech_driver [None req-4d820e62-b8b9-44a1-87aa-a937417cec43 - - - - - -] OVN reports status down for port: 7aed6e6c-dd9c-4f4e-9df4-6278917c7e94
2026-07-02 06:21:13.293 7 INFO neutron.db.ovn_revision_numbers_db [None req-6f7ea1a9-042f-40df-b0c9-719aabc0fffe 3c436c54165e4efe9015356fcad4c46d 1784eddd24c34383b4199f4261212d30 - - default default] Successfully bumped revision number for resource 7aed6e6c-dd9c-4f4e-9df4-6278917c7e94 (type: ports) to 1 [pid: 7|app: 0|req: 692/1491] 10.0.0.64 () {34 vars in 664 bytes} [Thu Jul 2 06:21:12 2026] POST /v2.0/ports => generated 928 bytes in 543 msecs (HTTP/1.1 201) 4 headers in 162 bytes (1 switches on core 0) [pid: 7|app: 0|req: 693/1492] 10.0.0.64 () {32 vars in 672 bytes} [Thu Jul 2 06:21:13 2026] GET /v2.0/security-group-rules => generated 3560 bytes in 73 msecs (HTTP/1.1 200) 4 headers in 158 bytes (1 switches on core 0) [pid: 7|app: 0|req: 694/1493] 10.0.0.64 () {34 vars in 752 bytes} [Thu Jul 2 06:21:13 2026] PUT /v2.0/networks/4a71bd37-d871-4a54-a95c-3b05916aee3f/tags => generated 34 bytes in 55 msecs (HTTP/1.1 200) 4 headers in 156 bytes (1 switches on core 0)
2026-07-02 06:21:13.629 8 WARNING neutron.scheduler.dhcp_agent_scheduler [None req-359ad1f5-cbf3-4cad-95aa-bf07e08f682b faabfcfb50ed4b27a3e34cc47eaeab6a 5456127b3676413a9584f0b92522d358 - - default default] No more DHCP agents
2026-07-02 06:21:13.631 8 WARNING neutron.api.rpc.agentnotifiers.dhcp_rpc_agent_api [None req-359ad1f5-cbf3-4cad-95aa-bf07e08f682b faabfcfb50ed4b27a3e34cc47eaeab6a 5456127b3676413a9584f0b92522d358 - - default default] Unable to schedule network 19c28fac-b6a0-449f-b9d7-d00d004ad760: no agents available; will retry on subsequent port and subnet creation events.
2026-07-02 06:21:13.636 7 INFO neutron_taas.services.taas.taas_plugin [None req-1e124103-d236-44be-911e-947002a01579 3c436c54165e4efe9015356fcad4c46d 1784eddd24c34383b4199f4261212d30 - - default default] TaaS: Handle Delete Port: 7aed6e6c-dd9c-4f4e-9df4-6278917c7e94
2026-07-02 06:21:13.640 7 INFO neutron_taas.services.taas.tap_mirror_plugin [None req-1e124103-d236-44be-911e-947002a01579 3c436c54165e4efe9015356fcad4c46d 1784eddd24c34383b4199f4261212d30 - - default default] Tap Mirror: Handle Delete Port: 7aed6e6c-dd9c-4f4e-9df4-6278917c7e94
2026-07-02 06:21:13.772 7 INFO neutron.plugins.ml2.drivers.ovn.mech_driver.mech_driver [None req-4d820e62-b8b9-44a1-87aa-a937417cec43 - - - - - -] OVN reports status down for port: d85ad71e-0df4-40ca-9168-98f94cfbdfc5
2026-07-02 06:21:13.786 8 INFO neutron.db.ovn_revision_numbers_db [None req-359ad1f5-cbf3-4cad-95aa-bf07e08f682b faabfcfb50ed4b27a3e34cc47eaeab6a 5456127b3676413a9584f0b92522d358 - - default default] Successfully bumped revision number for resource d85ad71e-0df4-40ca-9168-98f94cfbdfc5 (type: ports) to 1 [pid: 7|app: 0|req: 695/1494] 10.0.0.64 () {32 vars in 719 bytes} [Thu Jul 2 06:21:13 2026] DELETE /v2.0/ports/7aed6e6c-dd9c-4f4e-9df4-6278917c7e94 => generated 0 bytes in 410 msecs (HTTP/1.1 204) 3 headers in 131 bytes (1 switches on core 0)
2026-07-02 06:21:14.035 7 INFO neutron.db.ovn_revision_numbers_db [None req-901b12be-74b2-4c5d-b5d7-a3226bbf8a60 b132e4308a8e44b1a8576507bd1d6bf9 2d857adeca4f43288328f33cfee048bc - - default default] Successfully bumped revision number for resource 7b699e91-577b-4a47-bcfd-13f66b95ef1d (type: security_group_rules) to 0 [pid: 7|app: 0|req: 696/1495] 10.0.0.64 () {34 vars in 694 bytes} [Thu Jul 2 06:21:13 2026] POST /v2.0/security-group-rules => generated 601 bytes in 163 msecs (HTTP/1.1 201) 4 headers in 162 bytes (1 switches on core 0) [pid: 7|app: 0|req: 697/1496] 10.0.0.64 () {34 vars in 752 bytes} [Thu Jul 2 06:21:14 2026] PUT /v2.0/networks/a74e5fa9-ded9-4f1b-a1c1-fa339b791a50/tags => generated 19 bytes in 56 msecs (HTTP/1.1 200) 4 headers in 156 bytes (1 switches on core 0) [pid: 7|app: 0|req: 698/1497] 10.0.0.130 () {28 vars in 583 bytes} [Thu Jul 2 06:21:14 2026] GET /v2.0/subnets => generated 2643 bytes in 83 msecs (HTTP/1.1 200) 4 headers in 158 bytes (1 switches on core 0)
2026-07-02 06:21:14.221 7 INFO neutron.pecan_wsgi.hooks.translation [None req-62fef7db-5622-4131-8c53-a131e3d55120 3c436c54165e4efe9015356fcad4c46d 1784eddd24c34383b4199f4261212d30 - - default default] GET failed (client error): The resource could not be found. [pid: 7|app: 0|req: 699/1498] 10.0.0.64 () {32 vars in 716 bytes} [Thu Jul 2 06:21:14 2026] GET /v2.0/ports/7aed6e6c-dd9c-4f4e-9df4-6278917c7e94 => generated 132 bytes in 17 msecs (HTTP/1.1 404) 4 headers in 164 bytes (1 switches on core 0) [pid: 7|app: 0|req: 700/1499] 10.0.0.64 () {32 vars in 746 bytes} [Thu Jul 2 06:21:14 2026] GET /v2.0/security-group-rules/7b699e91-577b-4a47-bcfd-13f66b95ef1d => generated 601 bytes in 13 msecs (HTTP/1.1 200) 4 headers in 157 bytes (1 switches on core 0) [pid: 7|app: 0|req: 701/1500] 10.0.0.64 () {32 vars in 665 bytes} [Thu Jul 2 06:21:14 2026] GET /v2.0/networks?tags=red => generated 1874 bytes in 60 msecs (HTTP/1.1 200) 4 headers in 158 bytes (1 switches on core 0) [pid: 7|app: 0|req: 702/1501] 10.0.0.130 () {28 vars in 579 bytes} [Thu Jul 2 06:21:14 2026] GET /v2.0/ports => generated 14243 bytes in 84 msecs (HTTP/1.1 200) 4 headers in 159 bytes (1 switches on core 0)
2026-07-02 06:21:14.440 8 INFO neutron.plugins.ml2.drivers.ovn.mech_driver.ovsdb.commands [-] Schedule LRP lrp-d85ad71e-0df4-40ca-9168-98f94cfbdfc5 on gateway 8f274738-1701-439f-8150-9bc9580801b1 with priority 1
2026-07-02 06:21:14.593 7 INFO neutron.plugins.ml2.drivers.ovn.mech_driver.ovsdb.ovsdb_monitor [None req-476fe2c7-1751-48e7-b51a-c7d3948adbda - - - - - -] Router 4dfd48b6-ddc0-4e04-9a3f-ed7b7974096e is bound to host instance
2026-07-02 06:21:14.609 8 INFO neutron.db.ovn_revision_numbers_db [None req-359ad1f5-cbf3-4cad-95aa-bf07e08f682b faabfcfb50ed4b27a3e34cc47eaeab6a 5456127b3676413a9584f0b92522d358 - - default default] Successfully bumped revision number for resource d85ad71e-0df4-40ca-9168-98f94cfbdfc5 (type: router_ports) to 1
2026-07-02 06:21:14.611 7 INFO neutron.plugins.ml2.drivers.ovn.mech_driver.mech_driver [None req-4d820e62-b8b9-44a1-87aa-a937417cec43 - - - - - -] OVN reports status up for port: d85ad71e-0df4-40ca-9168-98f94cfbdfc5
2026-07-02 06:21:14.668 7 INFO neutron.plugins.ml2.plugin [None req-4d820e62-b8b9-44a1-87aa-a937417cec43 - - - - - -] Attempt 1 to provision port d85ad71e-0df4-40ca-9168-98f94cfbdfc5
2026-07-02 06:21:14.695 8 INFO neutron.db.ovn_revision_numbers_db [None req-359ad1f5-cbf3-4cad-95aa-bf07e08f682b faabfcfb50ed4b27a3e34cc47eaeab6a 5456127b3676413a9584f0b92522d358 - - default default] Successfully bumped revision number for resource 4dfd48b6-ddc0-4e04-9a3f-ed7b7974096e (type: routers) to 2 [pid: 8|app: 0|req: 800/1502] 10.0.0.64 () {34 vars in 668 bytes} [Thu Jul 2 06:21:12 2026] POST /v2.0/routers => generated 969 bytes in 2014 msecs (HTTP/1.1 201) 4 headers in 162 bytes (1 switches on core 0) [pid: 7|app: 0|req: 703/1503] 10.0.0.64 () {32 vars in 723 bytes} [Thu Jul 2 06:21:14 2026] DELETE /v2.0/subnets/a083b027-2fe9-425c-b0f8-8852d8b225d6 => generated 0 bytes in 387 msecs (HTTP/1.1 204) 3 headers in 131 bytes (1 switches on core 0) [pid: 8|app: 0|req: 801/1504] 10.0.0.64 () {32 vars in 672 bytes} [Thu Jul 2 06:21:14 2026] GET /v2.0/security-group-rules => generated 4138 bytes in 65 msecs (HTTP/1.1 200) 4 headers in 158 bytes (1 switches on core 0) [pid: 8|app: 0|req: 802/1505] 10.0.0.130 () {28 vars in 591 bytes} [Thu Jul 2 06:21:14 2026] GET /v2.0/floatingips => generated 19 bytes in 18 msecs (HTTP/1.1 200) 4 headers in 156 bytes (1 switches on core 0) [pid: 7|app: 0|req: 704/1506] 10.0.0.64 () {32 vars in 679 bytes} [Thu Jul 2 06:21:14 2026] GET /v2.0/networks?tags=red%2Cblue => generated 1262 bytes in 198 msecs (HTTP/1.1 200) 4 headers in 158 bytes (1 switches on core 0)
2026-07-02 06:21:15.214 7 INFO neutron_taas.services.taas.taas_plugin [None req-815d5ea4-6355-43c8-9019-ef63f338f380 3c436c54165e4efe9015356fcad4c46d 1784eddd24c34383b4199f4261212d30 - - default default] TaaS: Handle Delete Port: 73ed72ac-ec2f-43c5-8857-92f73c31697e
2026-07-02 06:21:15.219 7 INFO neutron_taas.services.taas.tap_mirror_plugin [None req-815d5ea4-6355-43c8-9019-ef63f338f380 3c436c54165e4efe9015356fcad4c46d 1784eddd24c34383b4199f4261212d30 - - default default] Tap Mirror: Handle Delete Port: 73ed72ac-ec2f-43c5-8857-92f73c31697e
2026-07-02 06:21:15.249 8 WARNING neutron.scheduler.dhcp_agent_scheduler [None req-371dbdac-1114-4d02-9eaa-be1cd75e9dfb faabfcfb50ed4b27a3e34cc47eaeab6a 5456127b3676413a9584f0b92522d358 - - default default] No more DHCP agents
2026-07-02 06:21:15.250 8 WARNING neutron.api.rpc.agentnotifiers.dhcp_rpc_agent_api [None req-371dbdac-1114-4d02-9eaa-be1cd75e9dfb faabfcfb50ed4b27a3e34cc47eaeab6a 5456127b3676413a9584f0b92522d358 - - default default] Unable to schedule network 7f7b201b-6ee9-45fc-8c34-b6d556bcfdf9: no agents available; will retry on subsequent port and subnet creation events.
2026-07-02 06:21:15.400 8 INFO neutron.db.ovn_revision_numbers_db [None req-371dbdac-1114-4d02-9eaa-be1cd75e9dfb faabfcfb50ed4b27a3e34cc47eaeab6a 5456127b3676413a9584f0b92522d358 - - default default] Successfully bumped revision number for resource 1f9309c5-5098-4c35-95cb-d572a7a6442f (type: ports) to 1
2026-07-02 06:21:15.619 7 INFO neutron.services.segments.plugin [-] Segment 9ba6b726-1626-4337-9158-a3d2261f6267 resource provider aggregate not found
2026-07-02 06:21:15.619 7 INFO neutron.services.segments.plugin [-] Segment 9ba6b726-1626-4337-9158-a3d2261f6267 resource provider aggregate not found
2026-07-02 06:21:15.645 7 INFO neutron.services.segments.plugin [-] Segment 9ba6b726-1626-4337-9158-a3d2261f6267 resource provider not found; error: Placement Client Error (4xx): {"errors": [{"status": 404, "title": "Not Found", "detail": "The resource could not be found.\n\n No resource provider with uuid 9ba6b726-1626-4337-9158-a3d2261f6267 found for delete ", "request_id": "req-a11d775b-d6e4-4156-9cfd-1b02dcd5f931"}]}
2026-07-02 06:21:15.646 7 INFO neutron.services.segments.plugin [-] Segment 9ba6b726-1626-4337-9158-a3d2261f6267 resource provider not found; error: Placement Client Error (4xx): {"errors": [{"status": 404, "title": "Not Found", "detail": "The resource could not be found.\n\n No resource provider with uuid 9ba6b726-1626-4337-9158-a3d2261f6267 found for delete ", "request_id": "req-30757faf-f01a-47e1-a56d-289bc3e6d6be"}]} [pid: 7|app: 0|req: 705/1507] 10.0.0.64 () {32 vars in 725 bytes} [Thu Jul 2 06:21:14 2026] DELETE /v2.0/networks/f2c64492-fd43-446e-83e6-9003f84b1caf => generated 0 bytes in 772 msecs (HTTP/1.1 204) 3 headers in 131 bytes (1 switches on core 0) [pid: 7|app: 0|req: 706/1508] 10.0.0.64 () {32 vars in 749 bytes} [Thu Jul 2 06:21:15 2026] DELETE /v2.0/security-group-rules/7b699e91-577b-4a47-bcfd-13f66b95ef1d => generated 0 bytes in 265 msecs (HTTP/1.1 204) 2 headers in 112 bytes (1 switches on core 0)
2026-07-02 06:21:16.162 8 WARNING neutron.scheduler.dhcp_agent_scheduler [None req-371dbdac-1114-4d02-9eaa-be1cd75e9dfb faabfcfb50ed4b27a3e34cc47eaeab6a 5456127b3676413a9584f0b92522d358 - - default default] No more DHCP agents
2026-07-02 06:21:16.165 8 WARNING neutron.api.rpc.agentnotifiers.dhcp_rpc_agent_api [None req-371dbdac-1114-4d02-9eaa-be1cd75e9dfb faabfcfb50ed4b27a3e34cc47eaeab6a 5456127b3676413a9584f0b92522d358 - - default default] Unable to schedule network 7f7b201b-6ee9-45fc-8c34-b6d556bcfdf9: no agents available; will retry on subsequent port and subnet creation events. [pid: 7|app: 0|req: 707/1509] 10.0.0.130 () {28 vars in 583 bytes} [Thu Jul 2 06:21:16 2026] GET /v2.0/routers => generated 978 bytes in 163 msecs (HTTP/1.1 200) 4 headers in 157 bytes (1 switches on core 0) [pid: 7|app: 0|req: 708/1510] 10.0.0.64 () {32 vars in 675 bytes} [Thu Jul 2 06:21:16 2026] GET /v2.0/networks?tags-any=blue => generated 1262 bytes in 90 msecs (HTTP/1.1 200) 4 headers in 158 bytes (1 switches on core 0)
2026-07-02 06:21:16.427 7 INFO neutron.db.ovn_revision_numbers_db [None req-385802d6-7319-467a-9643-b4a759069466 - - - - - -] Successfully bumped revision number for resource d85ad71e-0df4-40ca-9168-98f94cfbdfc5 (type: ports) to 4
2026-07-02 06:21:16.732 8 INFO neutron.db.ovn_revision_numbers_db [None req-371dbdac-1114-4d02-9eaa-be1cd75e9dfb faabfcfb50ed4b27a3e34cc47eaeab6a 5456127b3676413a9584f0b92522d358 - - default default] Successfully bumped revision number for resource 1f9309c5-5098-4c35-95cb-d572a7a6442f (type: router_ports) to 1 [pid: 8|app: 0|req: 803/1511] 10.0.0.64 () {34 vars in 782 bytes} [Thu Jul 2 06:21:14 2026] PUT /v2.0/routers/4dfd48b6-ddc0-4e04-9a3f-ed7b7974096e/add_router_interface => generated 309 bytes in 1937 msecs (HTTP/1.1 200) 4 headers in 157 bytes (1 switches on core 0)
2026-07-02 06:21:16.763 7 WARNING neutron.scheduler.dhcp_agent_scheduler [None req-eca19fb6-ffe1-4668-a988-5a193e484c79 3c436c54165e4efe9015356fcad4c46d 1784eddd24c34383b4199f4261212d30 - - default default] No more DHCP agents
2026-07-02 06:21:16.765 7 WARNING neutron.api.rpc.agentnotifiers.dhcp_rpc_agent_api [None req-eca19fb6-ffe1-4668-a988-5a193e484c79 3c436c54165e4efe9015356fcad4c46d 1784eddd24c34383b4199f4261212d30 - - default default] Unable to schedule network 2c26a31e-0208-494f-9b1f-147ce440b840: no agents available; will retry on subsequent port and subnet creation events. [pid: 8|app: 0|req: 804/1512] 10.0.0.64 () {32 vars in 672 bytes} [Thu Jul 2 06:21:16 2026] GET /v2.0/security-group-rules => generated 3560 bytes in 56 msecs (HTTP/1.1 200) 4 headers in 158 bytes (1 switches on core 0) [pid: 8|app: 0|req: 805/1513] 10.0.0.130 () {28 vars in 624 bytes} [Thu Jul 2 06:21:16 2026] GET /v2.0/agents?binary=ovn-controller => generated 416 bytes in 9 msecs (HTTP/1.1 200) 4 headers in 157 bytes (1 switches on core 0) [pid: 8|app: 0|req: 806/1514] 10.0.0.64 () {32 vars in 687 bytes} [Thu Jul 2 06:21:16 2026] GET /v2.0/networks?tags-any=red%2Cblue => generated 1874 bytes in 69 msecs (HTTP/1.1 200) 4 headers in 158 bytes (1 switches on core 0)
2026-07-02 06:21:17.087 8 INFO neutron.db.ovn_revision_numbers_db [None req-11535b61-5c3d-4029-a06c-dfcbc6b40532 b132e4308a8e44b1a8576507bd1d6bf9 2d857adeca4f43288328f33cfee048bc - - default default] Successfully bumped revision number for resource 6be49090-ba63-42cf-887e-04ee36502b1c (type: security_group_rules) to 0
2026-07-02 06:21:17.101 7 INFO neutron.plugins.ml2.drivers.ovn.mech_driver.mech_driver [None req-4d820e62-b8b9-44a1-87aa-a937417cec43 - - - - - -] OVN reports status down for port: 1f9309c5-5098-4c35-95cb-d572a7a6442f [pid: 8|app: 0|req: 807/1515] 10.0.0.64 () {34 vars in 694 bytes} [Thu Jul 2 06:21:16 2026] POST /v2.0/security-group-rules => generated 602 bytes in 247 msecs (HTTP/1.1 201) 4 headers in 162 bytes (1 switches on core 0) [pid: 8|app: 0|req: 808/1516] 10.0.0.130 () {28 vars in 583 bytes} [Thu Jul 2 06:21:17 2026] GET /v2.0/subnets => generated 1989 bytes in 30 msecs (HTTP/1.1 200) 4 headers in 158 bytes (1 switches on core 0)
2026-07-02 06:21:17.175 7 INFO neutron.db.ovn_revision_numbers_db [None req-eca19fb6-ffe1-4668-a988-5a193e484c79 3c436c54165e4efe9015356fcad4c46d 1784eddd24c34383b4199f4261212d30 - - default default] Successfully bumped revision number for resource 2a200b56-2907-4635-b48a-968e46bb94f1 (type: ports) to 1 [pid: 8|app: 0|req: 809/1517] 10.0.0.64 () {32 vars in 673 bytes} [Thu Jul 2 06:21:17 2026] GET /v2.0/networks?not-tags=red => generated 1872 bytes in 60 msecs (HTTP/1.1 200) 4 headers in 158 bytes (1 switches on core 0) [pid: 8|app: 0|req: 810/1518] 10.0.0.64 () {32 vars in 746 bytes} [Thu Jul 2 06:21:17 2026] GET /v2.0/security-group-rules/6be49090-ba63-42cf-887e-04ee36502b1c => generated 602 bytes in 11 msecs (HTTP/1.1 200) 4 headers in 157 bytes (1 switches on core 0) [pid: 8|app: 0|req: 811/1519] 10.0.0.130 () {28 vars in 591 bytes} [Thu Jul 2 06:21:17 2026] GET /v2.0/subnetpools => generated 19 bytes in 8 msecs (HTTP/1.1 200) 4 headers in 156 bytes (1 switches on core 0)
2026-07-02 06:21:17.281 7 WARNING neutron.plugins.ml2.drivers.ovn.mech_driver.ovsdb.ovn_client [None req-4d820e62-b8b9-44a1-87aa-a937417cec43 - - - - - -] Logical_Switch_Port 1f9309c5-5098-4c35-95cb-d572a7a6442f host information not removed, the port state is up
2026-07-02 06:21:17.284 7 INFO neutron.plugins.ml2.drivers.ovn.mech_driver.mech_driver [None req-4d820e62-b8b9-44a1-87aa-a937417cec43 - - - - - -] OVN reports status up for port: 1f9309c5-5098-4c35-95cb-d572a7a6442f [pid: 8|app: 0|req: 812/1520] 10.0.0.64 () {32 vars in 687 bytes} [Thu Jul 2 06:21:17 2026] GET /v2.0/networks?not-tags=red%2Cblue => generated 2484 bytes in 63 msecs (HTTP/1.1 200) 4 headers in 158 bytes (1 switches on core 0)
2026-07-02 06:21:17.328 7 INFO neutron.plugins.ml2.plugin [None req-4d820e62-b8b9-44a1-87aa-a937417cec43 - - - - - -] Attempt 1 to provision port 1f9309c5-5098-4c35-95cb-d572a7a6442f [pid: 7|app: 0|req: 709/1521] 10.0.0.64 () {34 vars in 664 bytes} [Thu Jul 2 06:21:16 2026] POST /v2.0/ports => generated 779 bytes in 1073 msecs (HTTP/1.1 201) 4 headers in 162 bytes (1 switches on core 0) /var/lib/openstack/lib/python3.12/site-packages/pycadf/identifier.py:70: UserWarning: Invalid uuid: neutron. To ensure interoperability, identifiers should be a valid uuid. warnings.warn(('Invalid uuid: %s. To ensure interoperability, ' [pid: 8|app: 0|req: 813/1522] 10.0.0.64 () {32 vars in 672 bytes} [Thu Jul 2 06:21:17 2026] GET /v2.0/security-group-rules => generated 4139 bytes in 60 msecs (HTTP/1.1 200) 4 headers in 158 bytes (1 switches on core 0) [pid: 7|app: 0|req: 710/1523] 10.0.0.130 () {28 vars in 599 bytes} [Thu Jul 2 06:21:17 2026] GET /v2.0/security-groups => generated 31232 bytes in 117 msecs (HTTP/1.1 200) 4 headers in 159 bytes (1 switches on core 0)
2026-07-02 06:21:17.509 8 INFO neutron.db.ovn_revision_numbers_db [None req-bb23348b-5641-4e7f-ad98-3f3ae4485aa3 51457f5ae9244aad8a9540a832e23fcf ed49be388c7b4ed2953a874963be305d - - default default] Successfully bumped revision number for resource 82b22f52-7d7e-42f9-85d3-3606d12687a4 (type: security_groups) to 1
2026-07-02 06:21:17.522 8 INFO neutron.db.ovn_revision_numbers_db [None req-bb23348b-5641-4e7f-ad98-3f3ae4485aa3 51457f5ae9244aad8a9540a832e23fcf ed49be388c7b4ed2953a874963be305d - - default default] Successfully bumped revision number for resource 84645270-9f9e-4b2d-8e80-85f6763a6528 (type: security_group_rules) to 0
2026-07-02 06:21:17.534 8 INFO neutron.db.ovn_revision_numbers_db [None req-bb23348b-5641-4e7f-ad98-3f3ae4485aa3 51457f5ae9244aad8a9540a832e23fcf ed49be388c7b4ed2953a874963be305d - - default default] Successfully bumped revision number for resource d7726bca-b15d-4e50-8d7a-92b824d9a8ee (type: security_group_rules) to 0 [pid: 8|app: 0|req: 814/1524] 10.0.0.64 () {34 vars in 684 bytes} [Thu Jul 2 06:21:17 2026] POST /v2.0/security-groups => generated 1660 bytes in 211 msecs (HTTP/1.1 201) 4 headers in 163 bytes (1 switches on core 0)
2026-07-02 06:21:17.597 7 INFO neutron.db.ovn_revision_numbers_db [None req-385802d6-7319-467a-9643-b4a759069466 - - - - - -] Successfully bumped revision number for resource d85ad71e-0df4-40ca-9168-98f94cfbdfc5 (type: ports) to 5 [pid: 7|app: 0|req: 711/1525] 10.0.0.64 () {32 vars in 683 bytes} [Thu Jul 2 06:21:17 2026] GET /v2.0/networks?not-tags-any=blue => generated 2484 bytes in 298 msecs (HTTP/1.1 200) 4 headers in 158 bytes (1 switches on core 0)
2026-07-02 06:21:17.825 8 INFO neutron.db.ovn_revision_numbers_db [None req-3de527fb-ee17-4531-951f-d73ead2b8f66 3c436c54165e4efe9015356fcad4c46d 1784eddd24c34383b4199f4261212d30 - - default default] Successfully bumped revision number for resource 2a200b56-2907-4635-b48a-968e46bb94f1 (type: ports) to 2 [pid: 8|app: 0|req: 815/1526] 10.0.0.64 () {34 vars in 736 bytes} [Thu Jul 2 06:21:17 2026] PUT /v2.0/ports/2a200b56-2907-4635-b48a-968e46bb94f1 => generated 752 bytes in 302 msecs (HTTP/1.1 200) 4 headers in 157 bytes (1 switches on core 0) /var/lib/openstack/lib/python3.12/site-packages/pycadf/identifier.py:70: UserWarning: Invalid uuid: neutron. To ensure interoperability, identifiers should be a valid uuid. warnings.warn(('Invalid uuid: %s. To ensure interoperability, ' [pid: 8|app: 0|req: 816/1527] 10.0.0.130 () {28 vars in 581 bytes} [Thu Jul 2 06:21:17 2026] GET /v2.0/agents => generated 1214 bytes in 18 msecs (HTTP/1.1 200) 4 headers in 158 bytes (1 switches on core 0)
2026-07-02 06:21:18.048 8 INFO neutron.db.ovn_revision_numbers_db [None req-acd26c49-e9b5-44fd-aac0-f371d449840f 51457f5ae9244aad8a9540a832e23fcf ed49be388c7b4ed2953a874963be305d - - default default] Successfully bumped revision number for resource 5c977bc1-0cc2-4fe4-8d14-84cfa0f8e3aa (type: security_group_rules) to 0 [pid: 8|app: 0|req: 817/1528] 10.0.0.64 () {34 vars in 694 bytes} [Thu Jul 2 06:21:17 2026] POST /v2.0/security-group-rules => generated 597 bytes in 197 msecs (HTTP/1.1 201) 4 headers in 162 bytes (1 switches on core 0) [pid: 8|app: 0|req: 818/1529] 10.0.0.64 () {32 vars in 695 bytes} [Thu Jul 2 06:21:18 2026] GET /v2.0/networks?not-tags-any=red%2Cblue => generated 1872 bytes in 70 msecs (HTTP/1.1 200) 4 headers in 158 bytes (1 switches on core 0) [pid: 7|app: 0|req: 712/1530] 10.0.0.64 () {32 vars in 749 bytes} [Thu Jul 2 06:21:17 2026] DELETE /v2.0/security-group-rules/6be49090-ba63-42cf-887e-04ee36502b1c => generated 0 bytes in 426 msecs (HTTP/1.1 204) 2 headers in 112 bytes (1 switches on core 0) [pid: 7|app: 0|req: 713/1531] 10.0.0.130 () {28 vars in 619 bytes} [Thu Jul 2 06:21:18 2026] GET /v2.0/network-ip-availabilities => generated 3203 bytes in 44 msecs (HTTP/1.1 200) 4 headers in 158 bytes (1 switches on core 0)
2026-07-02 06:21:18.293 8 INFO neutron_taas.services.taas.taas_plugin [None req-7c5bcde7-11e4-4719-9b89-9faa9e7063af 3c436c54165e4efe9015356fcad4c46d 1784eddd24c34383b4199f4261212d30 - - default default] TaaS: Handle Delete Port: 2a200b56-2907-4635-b48a-968e46bb94f1
2026-07-02 06:21:18.296 8 INFO neutron_taas.services.taas.tap_mirror_plugin [None req-7c5bcde7-11e4-4719-9b89-9faa9e7063af 3c436c54165e4efe9015356fcad4c46d 1784eddd24c34383b4199f4261212d30 - - default default] Tap Mirror: Handle Delete Port: 2a200b56-2907-4635-b48a-968e46bb94f1
2026-07-02 06:21:18.371 7 INFO neutron.db.ovn_revision_numbers_db [None req-4d820e62-b8b9-44a1-87aa-a937417cec43 - - - - - -] Successfully bumped revision number for resource 1f9309c5-5098-4c35-95cb-d572a7a6442f (type: ports) to 2 [pid: 8|app: 0|req: 819/1532] 10.0.0.64 () {32 vars in 719 bytes} [Thu Jul 2 06:21:18 2026] DELETE /v2.0/ports/2a200b56-2907-4635-b48a-968e46bb94f1 => generated 0 bytes in 282 msecs (HTTP/1.1 204) 3 headers in 131 bytes (1 switches on core 0)
2026-07-02 06:21:18.543 7 INFO neutron.db.ovn_revision_numbers_db [None req-62bd774a-1250-49cb-aacd-60aa1bddeca9 51457f5ae9244aad8a9540a832e23fcf ed49be388c7b4ed2953a874963be305d - - default default] Successfully bumped revision number for resource 3f4ffc10-87d5-458f-9290-7c3eb5cb337e (type: security_group_rules) to 0 [pid: 7|app: 0|req: 714/1533] 10.0.0.64 () {34 vars in 694 bytes} [Thu Jul 2 06:21:18 2026] POST /v2.0/security-group-rules => generated 602 bytes in 358 msecs (HTTP/1.1 201) 4 headers in 162 bytes (1 switches on core 0)
2026-07-02 06:21:18.582 8 INFO neutron_taas.services.taas.taas_plugin [None req-8961eaf2-4c4c-437a-ba93-9d3d840c80b5 97800a3ac3df427bac88bf222681984f 5e98eabff16a4e429adfe99e8269b964 - - default default] TaaS: Handle Delete Port: 37adfc4d-a827-4dbd-b68c-d2fc214e6bc5
2026-07-02 06:21:18.585 8 INFO neutron_taas.services.taas.tap_mirror_plugin [None req-8961eaf2-4c4c-437a-ba93-9d3d840c80b5 97800a3ac3df427bac88bf222681984f 5e98eabff16a4e429adfe99e8269b964 - - default default] Tap Mirror: Handle Delete Port: 37adfc4d-a827-4dbd-b68c-d2fc214e6bc5 [pid: 7|app: 0|req: 715/1534] 10.0.0.64 () {32 vars in 672 bytes} [Thu Jul 2 06:21:18 2026] GET /v2.0/security-group-rules => generated 3560 bytes in 68 msecs (HTTP/1.1 200) 4 headers in 158 bytes (1 switches on core 0) [pid: 7|app: 0|req: 716/1535] 10.0.0.130 () {28 vars in 585 bytes} [Thu Jul 2 06:21:18 2026] GET /v2.0/networks => generated 7233 bytes in 113 msecs (HTTP/1.1 200) 4 headers in 158 bytes (1 switches on core 0)
2026-07-02 06:21:18.781 8 INFO neutron.services.segments.plugin [-] Segment be336993-8133-4113-8868-b3f2fa75eaf9 resource provider aggregate not found
2026-07-02 06:21:18.785 8 INFO neutron.services.segments.plugin [-] Segment be336993-8133-4113-8868-b3f2fa75eaf9 resource provider aggregate not found
2026-07-02 06:21:18.809 8 INFO neutron.services.segments.plugin [-] Segment be336993-8133-4113-8868-b3f2fa75eaf9 resource provider not found; error: Placement Client Error (4xx): {"errors": [{"status": 404, "title": "Not Found", "detail": "The resource could not be found.\n\n No resource provider with uuid be336993-8133-4113-8868-b3f2fa75eaf9 found for delete ", "request_id": "req-eabd1256-1941-421e-b4a9-e11dc2eb0069"}]}
2026-07-02 06:21:18.814 8 INFO neutron.services.segments.plugin [-] Segment be336993-8133-4113-8868-b3f2fa75eaf9 resource provider not found; error: Placement Client Error (4xx): {"errors": [{"status": 404, "title": "Not Found", "detail": "The resource could not be found.\n\n No resource provider with uuid be336993-8133-4113-8868-b3f2fa75eaf9 found for delete ", "request_id": "req-0c98851d-ac0b-47e5-ba57-1c87c8cc0182"}]} [pid: 7|app: 0|req: 717/1536] 10.0.0.64 () {32 vars in 642 bytes} [Thu Jul 2 06:21:18 2026] GET /v2.0/ports => generated 1537 bytes in 62 msecs (HTTP/1.1 200) 4 headers in 158 bytes (1 switches on core 0) [pid: 8|app: 0|req: 820/1537] 10.0.0.64 () {32 vars in 725 bytes} [Thu Jul 2 06:21:18 2026] DELETE /v2.0/networks/6208c89c-0c3c-442f-a596-ea3c709bcc30 => generated 0 bytes in 416 msecs (HTTP/1.1 204) 3 headers in 131 bytes (1 switches on core 0) [pid: 8|app: 0|req: 821/1538] 10.0.0.64 () {32 vars in 739 bytes} [Thu Jul 2 06:21:18 2026] DELETE /v2.0/security-groups/103ac9a0-deef-413d-a293-1e8a2698cfa5 => generated 0 bytes in 162 msecs (HTTP/1.1 204) 2 headers in 112 bytes (1 switches on core 0)
2026-07-02 06:21:19.039 8 INFO neutron.pecan_wsgi.hooks.translation [None req-a7ba2361-1162-4e3c-b257-ebb0b569d36e 3c436c54165e4efe9015356fcad4c46d 1784eddd24c34383b4199f4261212d30 - - default default] GET failed (client error): The resource could not be found. [pid: 8|app: 0|req: 822/1539] 10.0.0.64 () {32 vars in 716 bytes} [Thu Jul 2 06:21:19 2026] GET /v2.0/ports/2a200b56-2907-4635-b48a-968e46bb94f1 => generated 132 bytes in 19 msecs (HTTP/1.1 404) 4 headers in 164 bytes (1 switches on core 0)
2026-07-02 06:21:19.097 7 WARNING neutron.scheduler.dhcp_agent_scheduler [None req-dcd00917-eb90-406e-8c0e-9965edde446a 51457f5ae9244aad8a9540a832e23fcf ed49be388c7b4ed2953a874963be305d - - default default] No more DHCP agents
2026-07-02 06:21:19.098 7 WARNING neutron.api.rpc.agentnotifiers.dhcp_rpc_agent_api [None req-dcd00917-eb90-406e-8c0e-9965edde446a 51457f5ae9244aad8a9540a832e23fcf ed49be388c7b4ed2953a874963be305d - - default default] Unable to schedule network 19c28fac-b6a0-449f-b9d7-d00d004ad760: no agents available; will retry on subsequent port and subnet creation events.
2026-07-02 06:21:19.157 8 INFO neutron_taas.services.taas.taas_plugin [None req-3f7f3621-fee5-4c34-8ce3-80e1012d0878 97800a3ac3df427bac88bf222681984f 5e98eabff16a4e429adfe99e8269b964 - - default default] TaaS: Handle Delete Port: cc3c4bac-0f72-41ec-9197-f721e264b94a
2026-07-02 06:21:19.160 8 INFO neutron_taas.services.taas.tap_mirror_plugin [None req-3f7f3621-fee5-4c34-8ce3-80e1012d0878 97800a3ac3df427bac88bf222681984f 5e98eabff16a4e429adfe99e8269b964 - - default default] Tap Mirror: Handle Delete Port: cc3c4bac-0f72-41ec-9197-f721e264b94a [pid: 8|app: 0|req: 823/1540] 10.0.0.64 () {32 vars in 725 bytes} [Thu Jul 2 06:21:19 2026] DELETE /v2.0/networks/06edc4cf-d50c-42c7-98cc-ba354afda36d => generated 0 bytes in 359 msecs (HTTP/1.1 204) 3 headers in 131 bytes (1 switches on core 0) [pid: 8|app: 0|req: 824/1541] 10.0.0.64 () {32 vars in 662 bytes} [Thu Jul 2 06:21:19 2026] GET /v2.0/security-groups => generated 2925 bytes in 26 msecs (HTTP/1.1 200) 4 headers in 158 bytes (1 switches on core 0) [pid: 7|app: 0|req: 718/1542] 10.0.0.64 () {34 vars in 675 bytes} [Thu Jul 2 06:21:18 2026] POST /v2.0/floatingips => generated 552 bytes in 613 msecs (HTTP/1.1 201) 4 headers in 162 bytes (1 switches on core 0) [pid: 8|app: 0|req: 825/1543] 10.0.0.64 () {32 vars in 642 bytes} [Thu Jul 2 06:21:19 2026] GET /v2.0/ports => generated 1537 bytes in 33 msecs (HTTP/1.1 200) 4 headers in 158 bytes (1 switches on core 0) [pid: 8|app: 0|req: 826/1544] 10.0.0.64 () {32 vars in 662 bytes} [Thu Jul 2 06:21:19 2026] GET /v2.0/security-groups => generated 2925 bytes in 24 msecs (HTTP/1.1 200) 4 headers in 158 bytes (1 switches on core 0) [pid: 8|app: 0|req: 827/1545] 10.0.0.64 () {32 vars in 716 bytes} [Thu Jul 2 06:21:19 2026] GET /v2.0/ports/f99bcbc8-2df6-42e1-a5f9-60509cd5e8ad => generated 778 bytes in 41 msecs (HTTP/1.1 200) 4 headers in 157 bytes (1 switches on core 0)
2026-07-02 06:21:19.549 8 INFO neutron.pecan_wsgi.hooks.translation [None req-499df9c3-4526-40cc-a57c-4f0d3acf47c3 3c436c54165e4efe9015356fcad4c46d 1784eddd24c34383b4199f4261212d30 - - default default] DELETE failed (client error): The resource could not be found. [pid: 8|app: 0|req: 828/1546] 10.0.0.64 () {32 vars in 719 bytes} [Thu Jul 2 06:21:19 2026] DELETE /v2.0/ports/7aed6e6c-dd9c-4f4e-9df4-6278917c7e94 => generated 132 bytes in 17 msecs (HTTP/1.1 404) 4 headers in 164 bytes (1 switches on core 0)
2026-07-02 06:21:19.551 7 INFO neutron_taas.services.taas.taas_plugin [None req-b4598c7c-a092-4ce9-af84-5750d2c5e7cd 97800a3ac3df427bac88bf222681984f 5e98eabff16a4e429adfe99e8269b964 - - default default] TaaS: Handle Delete Port: 22f65259-87b5-4daa-8fe8-5032e512b58c
2026-07-02 06:21:19.555 7 INFO neutron_taas.services.taas.tap_mirror_plugin [None req-b4598c7c-a092-4ce9-af84-5750d2c5e7cd 97800a3ac3df427bac88bf222681984f 5e98eabff16a4e429adfe99e8269b964 - - default default] Tap Mirror: Handle Delete Port: 22f65259-87b5-4daa-8fe8-5032e512b58c
2026-07-02 06:21:19.568 8 INFO neutron.pecan_wsgi.hooks.translation [None req-49a701d4-3d24-4d26-88cf-f5fd68ac39a7 3c436c54165e4efe9015356fcad4c46d 1784eddd24c34383b4199f4261212d30 - - default default] DELETE failed (client error): The resource could not be found. [pid: 8|app: 0|req: 829/1547] 10.0.0.64 () {32 vars in 723 bytes} [Thu Jul 2 06:21:19 2026] DELETE /v2.0/subnets/a083b027-2fe9-425c-b0f8-8852d8b225d6 => generated 136 bytes in 15 msecs (HTTP/1.1 404) 4 headers in 164 bytes (1 switches on core 0)
