2026-07-02 06:21:00.635 8 INFO neutron.pecan_wsgi.hooks.translation [None req-b0344a4d-4a96-4a68-83f0-a2d1880c29e9 7697a1449a574fd996f76f2dbace0910 3d29f7428c7e4fba8152ce54fedd0cd9 - - default default] DELETE failed (client error): The resource could not be found. [pid: 8|app: 0|req: 751/1412] 10.0.0.64 () {32 vars in 723 bytes} [Thu Jul 2 06:21:00 2026] DELETE /v2.0/subnets/a41fa623-ae08-471c-9b22-8157fdf24588 => generated 136 bytes in 22 msecs (HTTP/1.1 404) 4 headers in 164 bytes (1 switches on core 0)
2026-07-02 06:21:00.826 7 WARNING neutron.scheduler.dhcp_agent_scheduler [None req-6fe76b98-5726-413c-901e-ce3ac91cbf9a 2d19c679da964c5185799537193b5832 e243421741494ca7aa3a76ff0997af96 - - default default] No more DHCP agents
2026-07-02 06:21:00.827 7 WARNING neutron.api.rpc.agentnotifiers.dhcp_rpc_agent_api [None req-6fe76b98-5726-413c-901e-ce3ac91cbf9a 2d19c679da964c5185799537193b5832 e243421741494ca7aa3a76ff0997af96 - - default default] Unable to schedule network 19c28fac-b6a0-449f-b9d7-d00d004ad760: no agents available; will retry on subsequent port and subnet creation events.
2026-07-02 06:21:00.963 7 INFO neutron.services.segments.plugin [-] Segment 5ede91c5-41a3-4668-9e1c-8a3dd4e1808d resource provider aggregate not found
2026-07-02 06:21:00.970 7 INFO neutron.services.segments.plugin [-] Segment 5ede91c5-41a3-4668-9e1c-8a3dd4e1808d resource provider aggregate not found
2026-07-02 06:21:00.979 8 INFO neutron.db.ovn_revision_numbers_db [None req-7a17d97a-f1a5-472b-8801-481d49316d4e faabfcfb50ed4b27a3e34cc47eaeab6a 5456127b3676413a9584f0b92522d358 - - default default] Successfully bumped revision number for resource e1f52b60-d107-4107-9457-7bac6ec009df (type: security_groups) to 1
2026-07-02 06:21:00.987 7 INFO neutron.services.segments.plugin [-] Segment 5ede91c5-41a3-4668-9e1c-8a3dd4e1808d resource provider not found; error: Placement Client Error (4xx): {"errors": [{"status": 404, "title": "Not Found", "detail": "The resource could not be found.\n\n No resource provider with uuid 5ede91c5-41a3-4668-9e1c-8a3dd4e1808d found for delete ", "request_id": "req-0d5e5321-2754-41a8-8a7f-e64682ef433b"}]}
2026-07-02 06:21:00.988 7 INFO neutron.services.segments.plugin [-] Segment 5ede91c5-41a3-4668-9e1c-8a3dd4e1808d resource provider not found; error: Placement Client Error (4xx): {"errors": [{"status": 404, "title": "Not Found", "detail": "The resource could not be found.\n\n No resource provider with uuid 5ede91c5-41a3-4668-9e1c-8a3dd4e1808d found for delete ", "request_id": "req-0a6ffdac-c237-4a9a-89a9-c99d4f6a0899"}]}
2026-07-02 06:21:00.993 8 INFO neutron.db.ovn_revision_numbers_db [None req-7a17d97a-f1a5-472b-8801-481d49316d4e faabfcfb50ed4b27a3e34cc47eaeab6a 5456127b3676413a9584f0b92522d358 - - default default] Successfully bumped revision number for resource 0928b80f-df00-4c9c-b520-f0a9e2749b20 (type: security_group_rules) to 0
2026-07-02 06:21:01.009 8 INFO neutron.db.ovn_revision_numbers_db [None req-7a17d97a-f1a5-472b-8801-481d49316d4e faabfcfb50ed4b27a3e34cc47eaeab6a 5456127b3676413a9584f0b92522d358 - - default default] Successfully bumped revision number for resource 3208e205-ecf6-4ee8-94ad-a159651a6687 (type: security_group_rules) to 0
2026-07-02 06:21:01.038 8 INFO neutron.db.ovn_revision_numbers_db [None req-7a17d97a-f1a5-472b-8801-481d49316d4e faabfcfb50ed4b27a3e34cc47eaeab6a 5456127b3676413a9584f0b92522d358 - - default default] Successfully bumped revision number for resource a0d2782e-27a3-41d7-907c-46ba23c39653 (type: security_group_rules) to 0
2026-07-02 06:21:01.056 8 INFO neutron.db.ovn_revision_numbers_db [None req-7a17d97a-f1a5-472b-8801-481d49316d4e faabfcfb50ed4b27a3e34cc47eaeab6a 5456127b3676413a9584f0b92522d358 - - default default] Successfully bumped revision number for resource ebdf610f-3e3a-4ef9-8cb2-5ec02cd31662 (type: security_group_rules) to 0
2026-07-02 06:21:01.083 7 INFO neutron.db.ovn_revision_numbers_db [None req-6fe76b98-5726-413c-901e-ce3ac91cbf9a 2d19c679da964c5185799537193b5832 e243421741494ca7aa3a76ff0997af96 - - default default] Successfully bumped revision number for resource e62dd90d-5d66-4c46-ab9f-dff8124b0608 (type: ports) to 1 [pid: 8|app: 0|req: 752/1413] 10.0.0.64 () {32 vars in 773 bytes} [Thu Jul 2 06:21:00 2026] GET /v2.0/security-groups?tenant_id=c3e26bdf62284789aa30c0d5ca309252&name=default => generated 2925 bytes in 460 msecs (HTTP/1.1 200) 4 headers in 158 bytes (1 switches on core 0)
2026-07-02 06:21:01.109 8 INFO neutron.pecan_wsgi.hooks.translation [None req-f8951448-0996-4505-b0a1-1459f29cc821 7697a1449a574fd996f76f2dbace0910 3d29f7428c7e4fba8152ce54fedd0cd9 - - default default] DELETE failed (client error): The resource could not be found. [pid: 8|app: 0|req: 753/1414] 10.0.0.64 () {32 vars in 725 bytes} [Thu Jul 2 06:21:01 2026] DELETE /v2.0/networks/7082e65c-9e7c-4e57-928f-293cbe5ed42a => generated 138 bytes in 12 msecs (HTTP/1.1 404) 4 headers in 164 bytes (1 switches on core 0) [pid: 8|app: 0|req: 754/1415] 10.0.0.64 () {32 vars in 739 bytes} [Thu Jul 2 06:21:01 2026] DELETE /v2.0/security-groups/e1f52b60-d107-4107-9457-7bac6ec009df => generated 0 bytes in 291 msecs (HTTP/1.1 204) 2 headers in 112 bytes (1 switches on core 0) [pid: 8|app: 0|req: 755/1416] 10.0.0.64 () {32 vars in 723 bytes} [Thu Jul 2 06:21:01 2026] DELETE /v2.0/subnets/caa6bae0-3a8c-4b10-99c9-552048eae911 => generated 0 bytes in 160 msecs (HTTP/1.1 204) 3 headers in 131 bytes (1 switches on core 0) [pid: 8|app: 0|req: 756/1417] 10.0.0.132 () {34 vars in 990 bytes} [Thu Jul 2 06:21:01 2026] GET /v2.0/ports?device_id=fb6fe7db-b072-4e79-a25e-a842c576b260 => generated 12 bytes in 18 msecs (HTTP/1.1 200) 4 headers in 156 bytes (1 switches on core 0) [pid: 8|app: 0|req: 757/1418] 10.0.0.64 () {32 vars in 773 bytes} [Thu Jul 2 06:21:01 2026] GET /v2.0/security-groups?tenant_id=91c47c873adf4a49a77011c9bfa5b284&name=default => generated 2925 bytes in 28 msecs (HTTP/1.1 200) 4 headers in 158 bytes (1 switches on core 0)
2026-07-02 06:21:01.725 8 INFO neutron_taas.services.taas.taas_plugin [None req-30486b2f-bbf8-45da-ad21-c318d9427815 7697a1449a574fd996f76f2dbace0910 3d29f7428c7e4fba8152ce54fedd0cd9 - - default default] TaaS: Handle Delete Port: 5be39837-a38f-4353-b5e9-4a7678674264
2026-07-02 06:21:01.728 8 INFO neutron_taas.services.taas.tap_mirror_plugin [None req-30486b2f-bbf8-45da-ad21-c318d9427815 7697a1449a574fd996f76f2dbace0910 3d29f7428c7e4fba8152ce54fedd0cd9 - - default default] Tap Mirror: Handle Delete Port: 5be39837-a38f-4353-b5e9-4a7678674264
2026-07-02 06:21:01.755 7 INFO neutron.plugins.ml2.drivers.ovn.mech_driver.ovsdb.commands [None req-5dfc7355-bd36-4956-9c80-3008b4dd428c - - - - - -] Schedule LRP lrp-e62dd90d-5d66-4c46-ab9f-dff8124b0608 on gateway 8f274738-1701-439f-8150-9bc9580801b1 with priority 1
2026-07-02 06:21:01.962 7 INFO neutron.db.ovn_revision_numbers_db [None req-6fe76b98-5726-413c-901e-ce3ac91cbf9a 2d19c679da964c5185799537193b5832 e243421741494ca7aa3a76ff0997af96 - - default default] Successfully bumped revision number for resource e62dd90d-5d66-4c46-ab9f-dff8124b0608 (type: router_ports) to 1
2026-07-02 06:21:02.063 7 INFO neutron.db.ovn_revision_numbers_db [None req-6fe76b98-5726-413c-901e-ce3ac91cbf9a 2d19c679da964c5185799537193b5832 e243421741494ca7aa3a76ff0997af96 - - default default] Successfully bumped revision number for resource 55de7e61-9dba-4f3e-ae15-f1bc3c88cf02 (type: routers) to 2 [pid: 7|app: 0|req: 662/1419] 10.0.0.64 () {34 vars in 668 bytes} [Thu Jul 2 06:21:00 2026] POST /v2.0/routers => generated 952 bytes in 1812 msecs (HTTP/1.1 201) 4 headers in 162 bytes (1 switches on core 0) [pid: 8|app: 0|req: 758/1420] 10.0.0.64 () {32 vars in 725 bytes} [Thu Jul 2 06:21:01 2026] DELETE /v2.0/networks/c0434949-6f7a-40e0-aa7c-1f24be7b055e => generated 0 bytes in 521 msecs (HTTP/1.1 204) 3 headers in 131 bytes (1 switches on core 0) [pid: 8|app: 0|req: 759/1421] 10.0.0.64 () {32 vars in 720 bytes} [Thu Jul 2 06:21:02 2026] GET /v2.0/routers/55de7e61-9dba-4f3e-ae15-f1bc3c88cf02 => generated 958 bytes in 50 msecs (HTTP/1.1 200) 4 headers in 157 bytes (1 switches on core 0)
2026-07-02 06:21:02.257 8 INFO neutron.services.segments.plugin [-] Segment be055794-33fd-41fc-93ae-a82ce61052fb resource provider aggregate not found
2026-07-02 06:21:02.262 8 INFO neutron.services.segments.plugin [-] Segment be055794-33fd-41fc-93ae-a82ce61052fb resource provider aggregate not found
2026-07-02 06:21:02.294 8 INFO neutron.services.segments.plugin [-] Segment be055794-33fd-41fc-93ae-a82ce61052fb resource provider not found; error: Placement Client Error (4xx): {"errors": [{"status": 404, "title": "Not Found", "detail": "The resource could not be found.\n\n No resource provider with uuid be055794-33fd-41fc-93ae-a82ce61052fb found for delete ", "request_id": "req-fc0c2371-7145-4c89-9d61-f167f2e5015b"}]}
2026-07-02 06:21:02.296 8 INFO neutron.services.segments.plugin [-] Segment be055794-33fd-41fc-93ae-a82ce61052fb resource provider not found; error: Placement Client Error (4xx): {"errors": [{"status": 404, "title": "Not Found", "detail": "The resource could not be found.\n\n No resource provider with uuid be055794-33fd-41fc-93ae-a82ce61052fb found for delete ", "request_id": "req-66bd7b04-1af1-45ab-9977-4dba7739d5cb"}]} [pid: 8|app: 0|req: 760/1422] 10.0.0.64 () {32 vars in 646 bytes} [Thu Jul 2 06:21:02 2026] GET /v2.0/routers => generated 961 bytes in 145 msecs (HTTP/1.1 200) 4 headers in 157 bytes (1 switches on core 0) [pid: 7|app: 0|req: 663/1423] 10.0.0.64 () {32 vars in 739 bytes} [Thu Jul 2 06:21:02 2026] DELETE /v2.0/security-groups/a39d1d4e-2e50-4081-8b96-e7071c582a2a => generated 0 bytes in 358 msecs (HTTP/1.1 204) 2 headers in 112 bytes (1 switches on core 0)
2026-07-02 06:21:02.830 7 INFO neutron.db.ovn_revision_numbers_db [None req-285544e0-465e-4e02-82e1-cd4e1079ce09 faabfcfb50ed4b27a3e34cc47eaeab6a 5456127b3676413a9584f0b92522d358 - - default default] Successfully bumped revision number for resource 544c8b95-a57a-42e9-9719-71eaab095054 (type: security_groups) to 1
2026-07-02 06:21:02.842 8 INFO neutron.db.ovn_revision_numbers_db [None req-03bd7b02-a2af-4af3-9ca2-dcbc122df6ae 2d19c679da964c5185799537193b5832 e243421741494ca7aa3a76ff0997af96 - - default default] Successfully bumped revision number for resource 55de7e61-9dba-4f3e-ae15-f1bc3c88cf02 (type: routers) to 3
2026-07-02 06:21:02.844 7 INFO neutron.db.ovn_revision_numbers_db [None req-285544e0-465e-4e02-82e1-cd4e1079ce09 faabfcfb50ed4b27a3e34cc47eaeab6a 5456127b3676413a9584f0b92522d358 - - default default] Successfully bumped revision number for resource 49bb5ead-ea9f-42f8-807e-f0caa6e4367b (type: security_group_rules) to 0 [pid: 8|app: 0|req: 761/1424] 10.0.0.64 () {34 vars in 740 bytes} [Thu Jul 2 06:21:02 2026] PUT /v2.0/routers/55de7e61-9dba-4f3e-ae15-f1bc3c88cf02 => generated 965 bytes in 512 msecs (HTTP/1.1 200) 4 headers in 157 bytes (1 switches on core 0)
2026-07-02 06:21:02.860 7 INFO neutron.db.ovn_revision_numbers_db [None req-285544e0-465e-4e02-82e1-cd4e1079ce09 faabfcfb50ed4b27a3e34cc47eaeab6a 5456127b3676413a9584f0b92522d358 - - default default] Successfully bumped revision number for resource 6991ecd3-c369-48c6-80e9-f1a5a2900d42 (type: security_group_rules) to 0
2026-07-02 06:21:02.876 7 INFO neutron.db.ovn_revision_numbers_db [None req-285544e0-465e-4e02-82e1-cd4e1079ce09 faabfcfb50ed4b27a3e34cc47eaeab6a 5456127b3676413a9584f0b92522d358 - - default default] Successfully bumped revision number for resource 84d526bc-5cc7-4c1f-a72c-88b97937dcb5 (type: security_group_rules) to 0 [pid: 8|app: 0|req: 762/1425] 10.0.0.132 () {34 vars in 990 bytes} [Thu Jul 2 06:21:02 2026] GET /v2.0/ports?device_id=fb6fe7db-b072-4e79-a25e-a842c576b260 => generated 12 bytes in 38 msecs (HTTP/1.1 200) 4 headers in 156 bytes (1 switches on core 0)
2026-07-02 06:21:02.894 7 INFO neutron.db.ovn_revision_numbers_db [None req-285544e0-465e-4e02-82e1-cd4e1079ce09 faabfcfb50ed4b27a3e34cc47eaeab6a 5456127b3676413a9584f0b92522d358 - - default default] Successfully bumped revision number for resource c9e200e2-c779-4eb2-b5ee-f85f9d414f67 (type: security_group_rules) to 0
2026-07-02 06:21:02.906 7 WARNING neutron.plugins.ml2.drivers.ovn.mech_driver.ovsdb.ovn_client [None req-4d820e62-b8b9-44a1-87aa-a937417cec43 - - - - - -] No port found with ID 480f3a28-bc59-4d0b-a670-7a53f359bf64: RuntimeError: No port found with ID 480f3a28-bc59-4d0b-a670-7a53f359bf64
2026-07-02 06:21:02.907 7 INFO neutron.plugins.ml2.drivers.ovn.mech_driver.mech_driver [None req-4d820e62-b8b9-44a1-87aa-a937417cec43 - - - - - -] OVN reports status down for port: df197542-b29a-4e26-ac8d-5ab564a0a6d6
2026-07-02 06:21:02.996 7 INFO neutron.plugins.ml2.drivers.ovn.mech_driver.mech_driver [None req-4d820e62-b8b9-44a1-87aa-a937417cec43 - - - - - -] OVN reports status down for port: e62dd90d-5d66-4c46-ab9f-dff8124b0608 [pid: 7|app: 0|req: 664/1426] 10.0.0.64 () {32 vars in 773 bytes} [Thu Jul 2 06:21:02 2026] GET /v2.0/security-groups?tenant_id=b7db32f3fdce48878910b95d0b54ec76&name=default => generated 2925 bytes in 398 msecs (HTTP/1.1 200) 4 headers in 158 bytes (1 switches on core 0) /var/lib/openstack/lib/python3.12/site-packages/pycadf/identifier.py:70: UserWarning: Invalid uuid: neutron. To ensure interoperability, identifiers should be a valid uuid. warnings.warn(('Invalid uuid: %s. To ensure interoperability, ' [pid: 8|app: 0|req: 763/1427] 10.0.0.64 () {32 vars in 773 bytes} [Thu Jul 2 06:21:02 2026] GET /v2.0/security-groups?tenant_id=3d29f7428c7e4fba8152ce54fedd0cd9&name=default => generated 2925 bytes in 187 msecs (HTTP/1.1 200) 4 headers in 158 bytes (1 switches on core 0)
2026-07-02 06:21:03.115 7 WARNING neutron.plugins.ml2.drivers.ovn.mech_driver.ovsdb.ovn_client [None req-4d820e62-b8b9-44a1-87aa-a937417cec43 - - - - - -] Logical_Switch_Port e62dd90d-5d66-4c46-ab9f-dff8124b0608 host information not removed, the port state is up
2026-07-02 06:21:03.116 7 INFO neutron.plugins.ml2.drivers.ovn.mech_driver.mech_driver [None req-4d820e62-b8b9-44a1-87aa-a937417cec43 - - - - - -] OVN reports status up for port: e62dd90d-5d66-4c46-ab9f-dff8124b0608 [pid: 7|app: 0|req: 665/1428] 10.0.0.64 () {32 vars in 720 bytes} [Thu Jul 2 06:21:03 2026] GET /v2.0/routers/55de7e61-9dba-4f3e-ae15-f1bc3c88cf02 => generated 965 bytes in 119 msecs (HTTP/1.1 200) 4 headers in 157 bytes (1 switches on core 0)
2026-07-02 06:21:03.137 7 INFO neutron.plugins.ml2.plugin [None req-4d820e62-b8b9-44a1-87aa-a937417cec43 - - - - - -] Attempt 1 to provision port e62dd90d-5d66-4c46-ab9f-dff8124b0608 [pid: 8|app: 0|req: 764/1429] 10.0.0.64 () {32 vars in 739 bytes} [Thu Jul 2 06:21:03 2026] DELETE /v2.0/security-groups/544c8b95-a57a-42e9-9719-71eaab095054 => generated 0 bytes in 263 msecs (HTTP/1.1 204) 2 headers in 112 bytes (1 switches on core 0) [pid: 8|app: 0|req: 765/1430] 10.0.0.64 () {32 vars in 735 bytes} [Thu Jul 2 06:21:03 2026] GET /v2.0/ports?device_id=55de7e61-9dba-4f3e-ae15-f1bc3c88cf02 => generated 12 bytes in 18 msecs (HTTP/1.1 200) 4 headers in 156 bytes (1 switches on core 0) [pid: 7|app: 0|req: 666/1431] 10.0.0.64 () {32 vars in 739 bytes} [Thu Jul 2 06:21:03 2026] DELETE /v2.0/security-groups/e13f4577-b48c-490f-8de4-f48fbbb38aa5 => generated 0 bytes in 403 msecs (HTTP/1.1 204) 2 headers in 112 bytes (1 switches on core 0)
2026-07-02 06:21:03.698 8 INFO neutron_taas.services.taas.taas_plugin [None req-732c9d34-6a6a-434d-b909-4d10ba5caebe 2d19c679da964c5185799537193b5832 e243421741494ca7aa3a76ff0997af96 - - default default] TaaS: Handle Delete Port: e62dd90d-5d66-4c46-ab9f-dff8124b0608
2026-07-02 06:21:03.701 8 INFO neutron_taas.services.taas.tap_mirror_plugin [None req-732c9d34-6a6a-434d-b909-4d10ba5caebe 2d19c679da964c5185799537193b5832 e243421741494ca7aa3a76ff0997af96 - - default default] Tap Mirror: Handle Delete Port: e62dd90d-5d66-4c46-ab9f-dff8124b0608 [pid: 7|app: 0|req: 667/1432] 10.0.0.64 () {32 vars in 739 bytes} [Thu Jul 2 06:21:03 2026] DELETE /v2.0/security-groups/f4542d58-9d15-470e-afb0-91157febd04f => generated 0 bytes in 187 msecs (HTTP/1.1 204) 2 headers in 112 bytes (1 switches on core 0)
2026-07-02 06:21:04.182 7 INFO neutron.api.v2.resource [None req-34922318-4be9-4222-a339-377e26f66851 0dac2d67549a4436a600a27f166878d9 1ad73d06c378465aa325dc85870b4ff3 - - default default] show failed (client error): The resource could not be found. [pid: 7|app: 0|req: 668/1433] 10.0.0.64 () {32 vars in 736 bytes} [Thu Jul 2 06:21:04 2026] GET /v2.0/security-groups/f4542d58-9d15-470e-afb0-91157febd04f => generated 146 bytes in 28 msecs (HTTP/1.1 404) 4 headers in 164 bytes (1 switches on core 0) [pid: 8|app: 0|req: 766/1434] 10.0.0.64 () {32 vars in 723 bytes} [Thu Jul 2 06:21:03 2026] DELETE /v2.0/routers/55de7e61-9dba-4f3e-ae15-f1bc3c88cf02 => generated 0 bytes in 856 msecs (HTTP/1.1 204) 2 headers in 112 bytes (1 switches on core 0) [pid: 8|app: 0|req: 767/1435] 10.0.0.64 () {32 vars in 735 bytes} [Thu Jul 2 06:21:04 2026] GET /v2.0/ports?device_id=55de7e61-9dba-4f3e-ae15-f1bc3c88cf02 => generated 12 bytes in 17 msecs (HTTP/1.1 200) 4 headers in 156 bytes (1 switches on core 0)
2026-07-02 06:21:04.269 8 INFO neutron.api.v2.resource [None req-d22a0344-c01d-4015-a799-4661705b2cf9 2d19c679da964c5185799537193b5832 e243421741494ca7aa3a76ff0997af96 - - default default] delete failed (client error): The resource could not be found. [pid: 8|app: 0|req: 768/1436] 10.0.0.64 () {32 vars in 723 bytes} [Thu Jul 2 06:21:04 2026] DELETE /v2.0/routers/55de7e61-9dba-4f3e-ae15-f1bc3c88cf02 => generated 135 bytes in 18 msecs (HTTP/1.1 404) 4 headers in 164 bytes (1 switches on core 0) [pid: 8|app: 0|req: 769/1437] 10.0.0.64 () {32 vars in 735 bytes} [Thu Jul 2 06:21:04 2026] GET /v2.0/ports?device_id=9c5603b5-0cf1-4079-8d41-19d08e57ec2e => generated 12 bytes in 20 msecs (HTTP/1.1 200) 4 headers in 156 bytes (1 switches on core 0)
2026-07-02 06:21:04.317 8 INFO neutron.api.v2.resource [None req-9887f2d2-b9e4-4f44-be5d-dc1a5a1b9075 2d19c679da964c5185799537193b5832 e243421741494ca7aa3a76ff0997af96 - - default default] delete failed (client error): The resource could not be found. [pid: 8|app: 0|req: 770/1438] 10.0.0.64 () {32 vars in 723 bytes} [Thu Jul 2 06:21:04 2026] DELETE /v2.0/routers/9c5603b5-0cf1-4079-8d41-19d08e57ec2e => generated 135 bytes in 18 msecs (HTTP/1.1 404) 4 headers in 164 bytes (1 switches on core 0)
2026-07-02 06:21:04.335 8 INFO neutron.pecan_wsgi.hooks.translation [None req-f06de39f-b9d2-4a09-8b01-f616a4f42c5d 2d19c679da964c5185799537193b5832 e243421741494ca7aa3a76ff0997af96 - - default default] DELETE failed (client error): The resource could not be found. [pid: 8|app: 0|req: 771/1439] 10.0.0.64 () {32 vars in 723 bytes} [Thu Jul 2 06:21:04 2026] DELETE /v2.0/subnets/4e909a0f-fb26-48a0-9f44-d903a707676c => generated 136 bytes in 15 msecs (HTTP/1.1 404) 4 headers in 164 bytes (1 switches on core 0) [pid: 8|app: 0|req: 772/1440] 10.0.0.64 () {32 vars in 735 bytes} [Thu Jul 2 06:21:04 2026] GET /v2.0/ports?device_id=4d6b07dd-f24e-4624-a9d6-a8baf743fb5e => generated 12 bytes in 22 msecs (HTTP/1.1 200) 4 headers in 156 bytes (1 switches on core 0)
2026-07-02 06:21:04.370 7 INFO neutron_taas.services.taas.taas_plugin [None req-74b1ccad-9500-482d-acc5-1dc7b641120e 0dac2d67549a4436a600a27f166878d9 1ad73d06c378465aa325dc85870b4ff3 - - default default] TaaS: Handle Delete Port: 56205dcf-f717-4563-a4da-33e6b4757f93
2026-07-02 06:21:04.373 7 INFO neutron_taas.services.taas.tap_mirror_plugin [None req-74b1ccad-9500-482d-acc5-1dc7b641120e 0dac2d67549a4436a600a27f166878d9 1ad73d06c378465aa325dc85870b4ff3 - - default default] Tap Mirror: Handle Delete Port: 56205dcf-f717-4563-a4da-33e6b4757f93
2026-07-02 06:21:04.386 8 INFO neutron.api.v2.resource [None req-1909e66b-f425-4bcd-a6da-c86ec64a6f92 2d19c679da964c5185799537193b5832 e243421741494ca7aa3a76ff0997af96 - - default default] delete failed (client error): The resource could not be found. [pid: 8|app: 0|req: 773/1441] 10.0.0.64 () {32 vars in 723 bytes} [Thu Jul 2 06:21:04 2026] DELETE /v2.0/routers/4d6b07dd-f24e-4624-a9d6-a8baf743fb5e => generated 135 bytes in 18 msecs (HTTP/1.1 404) 4 headers in 164 bytes (1 switches on core 0)
2026-07-02 06:21:04.402 8 INFO neutron.pecan_wsgi.hooks.translation [None req-f7830034-82ee-4cad-abf4-c2de9bd21e3f 2d19c679da964c5185799537193b5832 e243421741494ca7aa3a76ff0997af96 - - default default] DELETE failed (client error): The resource could not be found. [pid: 8|app: 0|req: 774/1442] 10.0.0.64 () {32 vars in 723 bytes} [Thu Jul 2 06:21:04 2026] DELETE /v2.0/subnets/e47d9d64-898d-4c46-91d3-3984dbe9d9d0 => generated 136 bytes in 12 msecs (HTTP/1.1 404) 4 headers in 164 bytes (1 switches on core 0) [pid: 8|app: 0|req: 775/1443] 10.0.0.64 () {32 vars in 735 bytes} [Thu Jul 2 06:21:04 2026] GET /v2.0/ports?device_id=a8567158-15bd-41ce-a3f4-c5ccf9a91611 => generated 12 bytes in 17 msecs (HTTP/1.1 200) 4 headers in 156 bytes (1 switches on core 0)
2026-07-02 06:21:04.446 8 INFO neutron.api.v2.resource [None req-695027e9-ce21-4884-97de-428a35a254a8 2d19c679da964c5185799537193b5832 e243421741494ca7aa3a76ff0997af96 - - default default] delete failed (client error): The resource could not be found. [pid: 8|app: 0|req: 776/1444] 10.0.0.64 () {32 vars in 723 bytes} [Thu Jul 2 06:21:04 2026] DELETE /v2.0/routers/a8567158-15bd-41ce-a3f4-c5ccf9a91611 => generated 135 bytes in 15 msecs (HTTP/1.1 404) 4 headers in 164 bytes (1 switches on core 0)
2026-07-02 06:21:04.468 8 INFO neutron.pecan_wsgi.hooks.translation [None req-b478cd0b-2152-49c3-96d3-bd1780d467e5 2d19c679da964c5185799537193b5832 e243421741494ca7aa3a76ff0997af96 - - default default] DELETE failed (client error): The resource could not be found. [pid: 8|app: 0|req: 777/1445] 10.0.0.64 () {32 vars in 723 bytes} [Thu Jul 2 06:21:04 2026] DELETE /v2.0/subnets/a702cc2d-f55b-4d36-8906-27238229c4de => generated 136 bytes in 16 msecs (HTTP/1.1 404) 4 headers in 164 bytes (1 switches on core 0)
2026-07-02 06:21:04.486 8 INFO neutron.pecan_wsgi.hooks.translation [None req-f75897d3-e6e2-49d0-a0fa-554c693f82df 2d19c679da964c5185799537193b5832 e243421741494ca7aa3a76ff0997af96 - - default default] DELETE failed (client error): The resource could not be found. [pid: 8|app: 0|req: 778/1446] 10.0.0.64 () {32 vars in 723 bytes} [Thu Jul 2 06:21:04 2026] DELETE /v2.0/subnets/a030f69c-bfbb-4d0b-897b-b3986b5eaf7e => generated 136 bytes in 16 msecs (HTTP/1.1 404) 4 headers in 164 bytes (1 switches on core 0) [pid: 7|app: 0|req: 669/1447] 10.0.0.64 () {32 vars in 731 bytes} [Thu Jul 2 06:21:04 2026] DELETE /v2.0/floatingips/790efa4e-e81b-48f9-bcbf-d0d6c903237e => generated 0 bytes in 357 msecs (HTTP/1.1 204) 2 headers in 112 bytes (1 switches on core 0)
2026-07-02 06:21:04.882 8 INFO neutron_taas.services.taas.taas_plugin [None req-e9d71c88-bb9f-4c7e-a55a-0b0c2c8bf1eb faabfcfb50ed4b27a3e34cc47eaeab6a 5456127b3676413a9584f0b92522d358 - - default default] TaaS: Handle Delete Port: e8303a24-6b90-4036-b629-791fac7bcd12
2026-07-02 06:21:04.885 8 INFO neutron_taas.services.taas.tap_mirror_plugin [None req-e9d71c88-bb9f-4c7e-a55a-0b0c2c8bf1eb faabfcfb50ed4b27a3e34cc47eaeab6a 5456127b3676413a9584f0b92522d358 - - default default] Tap Mirror: Handle Delete Port: e8303a24-6b90-4036-b629-791fac7bcd12 [pid: 7|app: 0|req: 670/1448] 10.0.0.64 () {32 vars in 773 bytes} [Thu Jul 2 06:21:04 2026] GET /v2.0/security-groups?tenant_id=e243421741494ca7aa3a76ff0997af96&name=default => generated 2925 bytes in 252 msecs (HTTP/1.1 200) 4 headers in 158 bytes (1 switches on core 0) [pid: 7|app: 0|req: 671/1449] 10.0.0.64 () {32 vars in 739 bytes} [Thu Jul 2 06:21:05 2026] DELETE /v2.0/security-groups/0adf0f0e-20e5-4847-ac82-3c242bb79e08 => generated 0 bytes in 292 msecs (HTTP/1.1 204) 2 headers in 112 bytes (1 switches on core 0) [pid: 8|app: 0|req: 779/1450] 10.0.0.64 () {34 vars in 788 bytes} [Thu Jul 2 06:21:04 2026] PUT /v2.0/routers/ba8d1102-e94a-4790-96f4-397aaa7f69ff/remove_router_interface => generated 309 bytes in 1062 msecs (HTTP/1.1 200) 4 headers in 157 bytes (1 switches on core 0) /var/lib/openstack/lib/python3.12/site-packages/pycadf/identifier.py:70: UserWarning: Invalid uuid: neutron. To ensure interoperability, identifiers should be a valid uuid. warnings.warn(('Invalid uuid: %s. To ensure interoperability, '
2026-07-02 06:21:05.869 7 INFO neutron.db.ovn_revision_numbers_db [None req-8d5e3d1c-ba9d-45a4-a8b8-676be9e7a260 3c436c54165e4efe9015356fcad4c46d 1784eddd24c34383b4199f4261212d30 - - default default] Successfully bumped revision number for resource 641acf37-4808-4fcc-9274-288c9244c3a1 (type: security_groups) to 1
2026-07-02 06:21:05.889 7 INFO neutron.db.ovn_revision_numbers_db [None req-8d5e3d1c-ba9d-45a4-a8b8-676be9e7a260 3c436c54165e4efe9015356fcad4c46d 1784eddd24c34383b4199f4261212d30 - - default default] Successfully bumped revision number for resource 3da84dbf-2b1d-4256-b11d-9f1cec471b15 (type: security_group_rules) to 0
2026-07-02 06:21:05.902 7 INFO neutron.db.ovn_revision_numbers_db [None req-8d5e3d1c-ba9d-45a4-a8b8-676be9e7a260 3c436c54165e4efe9015356fcad4c46d 1784eddd24c34383b4199f4261212d30 - - default default] Successfully bumped revision number for resource 4f34100b-d5a0-4f27-bcdd-20882aa1adff (type: security_group_rules) to 0
2026-07-02 06:21:05.916 7 INFO neutron.db.ovn_revision_numbers_db [None req-8d5e3d1c-ba9d-45a4-a8b8-676be9e7a260 3c436c54165e4efe9015356fcad4c46d 1784eddd24c34383b4199f4261212d30 - - default default] Successfully bumped revision number for resource baad0f4c-aac4-46d4-8cff-1f0461508650 (type: security_group_rules) to 0
2026-07-02 06:21:05.930 7 INFO neutron.db.ovn_revision_numbers_db [None req-8d5e3d1c-ba9d-45a4-a8b8-676be9e7a260 3c436c54165e4efe9015356fcad4c46d 1784eddd24c34383b4199f4261212d30 - - default default] Successfully bumped revision number for resource df975ab0-e7de-4c47-97d3-3cca891367f2 (type: security_group_rules) to 0
2026-07-02 06:21:06.012 8 INFO neutron_taas.services.taas.taas_plugin [None req-52ce436f-779a-4ae5-aacd-9f6592462173 faabfcfb50ed4b27a3e34cc47eaeab6a 5456127b3676413a9584f0b92522d358 - - default default] TaaS: Handle Delete Port: b1c82669-5391-47e3-83b9-8db125db3f0b
2026-07-02 06:21:06.015 8 INFO neutron_taas.services.taas.tap_mirror_plugin [None req-52ce436f-779a-4ae5-aacd-9f6592462173 faabfcfb50ed4b27a3e34cc47eaeab6a 5456127b3676413a9584f0b92522d358 - - default default] Tap Mirror: Handle Delete Port: b1c82669-5391-47e3-83b9-8db125db3f0b
2026-07-02 06:21:06.027 7 INFO neutron.db.segments_db [None req-8d5e3d1c-ba9d-45a4-a8b8-676be9e7a260 3c436c54165e4efe9015356fcad4c46d 1784eddd24c34383b4199f4261212d30 - - default default] Added segment 6bab4b98-1850-4b18-ac53-56e5c909b402 of type geneve for network 2c26a31e-0208-494f-9b1f-147ce440b840
2026-07-02 06:21:06.161 7 INFO neutron.db.ovn_revision_numbers_db [None req-8d5e3d1c-ba9d-45a4-a8b8-676be9e7a260 3c436c54165e4efe9015356fcad4c46d 1784eddd24c34383b4199f4261212d30 - - default default] Successfully bumped revision number for resource 2c26a31e-0208-494f-9b1f-147ce440b840 (type: networks) to 1
2026-07-02 06:21:06.374 7 WARNING neutron.scheduler.dhcp_agent_scheduler [None req-8d5e3d1c-ba9d-45a4-a8b8-676be9e7a260 3c436c54165e4efe9015356fcad4c46d 1784eddd24c34383b4199f4261212d30 - - default default] No more DHCP agents
2026-07-02 06:21:06.375 7 WARNING neutron.api.rpc.agentnotifiers.dhcp_rpc_agent_api [None req-8d5e3d1c-ba9d-45a4-a8b8-676be9e7a260 3c436c54165e4efe9015356fcad4c46d 1784eddd24c34383b4199f4261212d30 - - default default] Unable to schedule network 2c26a31e-0208-494f-9b1f-147ce440b840: no agents available; will retry on subsequent port and subnet creation events.
2026-07-02 06:21:06.490 7 INFO neutron.db.ovn_revision_numbers_db [None req-8d5e3d1c-ba9d-45a4-a8b8-676be9e7a260 3c436c54165e4efe9015356fcad4c46d 1784eddd24c34383b4199f4261212d30 - - default default] Successfully bumped revision number for resource f1c34dea-798e-4467-b552-cfa2008996f3 (type: ports) to 1 [pid: 7|app: 0|req: 672/1451] 10.0.0.64 () {34 vars in 669 bytes} [Thu Jul 2 06:21:05 2026] POST /v2.0/networks => generated 648 bytes in 1039 msecs (HTTP/1.1 201) 4 headers in 162 bytes (1 switches on core 0) [pid: 8|app: 0|req: 780/1454] 10.0.0.64 () {32 vars in 723 bytes} [Thu Jul 2 06:21:05 2026] DELETE /v2.0/routers/ba8d1102-e94a-4790-96f4-397aaa7f69ff => generated 0 bytes in 955 msecs (HTTP/1.1 204) 2 headers in 112 bytes (1 switches on core 0) [pid: 8|app: 0|req: 781/1455] 10.0.0.64 () {32 vars in 723 bytes} [Thu Jul 2 06:21:06 2026] DELETE /v2.0/subnets/eb5aec40-8054-4477-96b8-f6d86a2f7588 => generated 0 bytes in 147 msecs (HTTP/1.1 204) 3 headers in 131 bytes (1 switches on core 0)
2026-07-02 06:21:06.847 7 WARNING neutron.scheduler.dhcp_agent_scheduler [None req-5ec31fa0-27aa-4880-a4c7-72a924b79310 3c436c54165e4efe9015356fcad4c46d 1784eddd24c34383b4199f4261212d30 - - default default] No more DHCP agents
2026-07-02 06:21:06.848 7 WARNING neutron.api.rpc.agentnotifiers.dhcp_rpc_agent_api [None req-5ec31fa0-27aa-4880-a4c7-72a924b79310 3c436c54165e4efe9015356fcad4c46d 1784eddd24c34383b4199f4261212d30 - - default default] Unable to schedule network 2c26a31e-0208-494f-9b1f-147ce440b840: no agents available; will retry on subsequent port and subnet creation events.
2026-07-02 06:21:06.857 8 INFO neutron_taas.services.taas.taas_plugin [None req-1ef5858a-6e46-48b6-aa0a-2cc3277bd5f5 faabfcfb50ed4b27a3e34cc47eaeab6a 5456127b3676413a9584f0b92522d358 - - default default] TaaS: Handle Delete Port: eac6ed91-a5ad-451f-a101-76be3e7417e2
2026-07-02 06:21:06.861 8 INFO neutron_taas.services.taas.tap_mirror_plugin [None req-1ef5858a-6e46-48b6-aa0a-2cc3277bd5f5 faabfcfb50ed4b27a3e34cc47eaeab6a 5456127b3676413a9584f0b92522d358 - - default default] Tap Mirror: Handle Delete Port: eac6ed91-a5ad-451f-a101-76be3e7417e2
2026-07-02 06:21:07.067 7 INFO neutron.db.ovn_revision_numbers_db [None req-5ec31fa0-27aa-4880-a4c7-72a924b79310 3c436c54165e4efe9015356fcad4c46d 1784eddd24c34383b4199f4261212d30 - - default default] Successfully bumped revision number for resource f99bcbc8-2df6-42e1-a5f9-60509cd5e8ad (type: ports) to 1 [pid: 7|app: 0|req: 675/1456] 10.0.0.64 () {34 vars in 664 bytes} [Thu Jul 2 06:21:06 2026] POST /v2.0/ports => generated 778 bytes in 579 msecs (HTTP/1.1 201) 4 headers in 162 bytes (1 switches on core 0) /var/lib/openstack/lib/python3.12/site-packages/pycadf/identifier.py:70: UserWarning: Invalid uuid: neutron. To ensure interoperability, identifiers should be a valid uuid. warnings.warn(('Invalid uuid: %s. To ensure interoperability, '
2026-07-02 06:21:07.135 8 INFO neutron.services.segments.plugin [-] Segment 497be966-6fac-4e8f-98a3-db0821e31cd7 resource provider aggregate not found
2026-07-02 06:21:07.139 8 INFO neutron.services.segments.plugin [-] Segment 497be966-6fac-4e8f-98a3-db0821e31cd7 resource provider aggregate not found
2026-07-02 06:21:07.154 8 INFO neutron.services.segments.plugin [-] Segment 497be966-6fac-4e8f-98a3-db0821e31cd7 resource provider not found; error: Placement Client Error (4xx): {"errors": [{"status": 404, "title": "Not Found", "detail": "The resource could not be found.\n\n No resource provider with uuid 497be966-6fac-4e8f-98a3-db0821e31cd7 found for delete ", "request_id": "req-43244570-4ec9-4d22-8ae0-ec52dffb0a03"}]}
2026-07-02 06:21:07.163 8 INFO neutron.services.segments.plugin [-] Segment 497be966-6fac-4e8f-98a3-db0821e31cd7 resource provider not found; error: Placement Client Error (4xx): {"errors": [{"status": 404, "title": "Not Found", "detail": "The resource could not be found.\n\n No resource provider with uuid 497be966-6fac-4e8f-98a3-db0821e31cd7 found for delete ", "request_id": "req-683f6c95-929c-4bdc-9338-8c204e18cc30"}]} [pid: 8|app: 0|req: 782/1457] 10.0.0.64 () {32 vars in 725 bytes} [Thu Jul 2 06:21:06 2026] DELETE /v2.0/networks/9f0289da-8a53-42f5-8d36-aa1fc5180b47 => generated 0 bytes in 472 msecs (HTTP/1.1 204) 3 headers in 131 bytes (1 switches on core 0)
2026-07-02 06:21:07.225 7 INFO neutron.db.segments_db [None req-464fb4cb-5575-4416-938c-d56d3a9fe882 3c436c54165e4efe9015356fcad4c46d 1784eddd24c34383b4199f4261212d30 - - default default] Added segment df66dab4-520a-4fce-9c42-354dc32337d3 of type geneve for network 88ef1618-0c1e-4e60-b550-8066fcbe5f2f
2026-07-02 06:21:07.363 7 INFO neutron.db.ovn_revision_numbers_db [None req-464fb4cb-5575-4416-938c-d56d3a9fe882 3c436c54165e4efe9015356fcad4c46d 1784eddd24c34383b4199f4261212d30 - - default default] Successfully bumped revision number for resource 88ef1618-0c1e-4e60-b550-8066fcbe5f2f (type: networks) to 1 [pid: 8|app: 0|req: 783/1458] 10.0.0.64 () {32 vars in 773 bytes} [Thu Jul 2 06:21:07 2026] GET /v2.0/security-groups?tenant_id=1ad73d06c378465aa325dc85870b4ff3&name=default => generated 2925 bytes in 40 msecs (HTTP/1.1 200) 4 headers in 158 bytes (1 switches on core 0)
2026-07-02 06:21:07.537 7 WARNING neutron.scheduler.dhcp_agent_scheduler [None req-464fb4cb-5575-4416-938c-d56d3a9fe882 3c436c54165e4efe9015356fcad4c46d 1784eddd24c34383b4199f4261212d30 - - default default] No more DHCP agents
2026-07-02 06:21:07.538 7 WARNING neutron.api.rpc.agentnotifiers.dhcp_rpc_agent_api [None req-464fb4cb-5575-4416-938c-d56d3a9fe882 3c436c54165e4efe9015356fcad4c46d 1784eddd24c34383b4199f4261212d30 - - default default] Unable to schedule network 88ef1618-0c1e-4e60-b550-8066fcbe5f2f: no agents available; will retry on subsequent port and subnet creation events.
2026-07-02 06:21:07.661 7 INFO neutron.db.ovn_revision_numbers_db [None req-464fb4cb-5575-4416-938c-d56d3a9fe882 3c436c54165e4efe9015356fcad4c46d 1784eddd24c34383b4199f4261212d30 - - default default] Successfully bumped revision number for resource 83c3d688-9fc5-4195-aae1-7217d9c1517a (type: ports) to 1 [pid: 7|app: 0|req: 676/1459] 10.0.0.64 () {34 vars in 669 bytes} [Thu Jul 2 06:21:07 2026] POST /v2.0/networks => generated 636 bytes in 564 msecs (HTTP/1.1 201) 4 headers in 162 bytes (1 switches on core 0)
2026-07-02 06:21:07.794 8 INFO neutron.db.ovn_revision_numbers_db [None req-74f666a3-1e7d-4457-83dc-a813625a97b7 b132e4308a8e44b1a8576507bd1d6bf9 2d857adeca4f43288328f33cfee048bc - - default default] Successfully bumped revision number for resource 373c1c10-9de9-4cbb-9864-93eba78eb725 (type: security_groups) to 1
2026-07-02 06:21:07.810 8 INFO neutron.db.ovn_revision_numbers_db [None req-74f666a3-1e7d-4457-83dc-a813625a97b7 b132e4308a8e44b1a8576507bd1d6bf9 2d857adeca4f43288328f33cfee048bc - - default default] Successfully bumped revision number for resource 0c7c3915-d1ee-4816-b3bc-787904c22a39 (type: security_group_rules) to 0
2026-07-02 06:21:07.832 8 INFO neutron.db.ovn_revision_numbers_db [None req-74f666a3-1e7d-4457-83dc-a813625a97b7 b132e4308a8e44b1a8576507bd1d6bf9 2d857adeca4f43288328f33cfee048bc - - default default] Successfully bumped revision number for resource 8c45e0ee-9da6-4324-9c54-fa8aa658ff04 (type: security_group_rules) to 0
2026-07-02 06:21:07.852 8 INFO neutron.db.ovn_revision_numbers_db [None req-74f666a3-1e7d-4457-83dc-a813625a97b7 b132e4308a8e44b1a8576507bd1d6bf9 2d857adeca4f43288328f33cfee048bc - - default default] Successfully bumped revision number for resource d4dd6bac-ac42-4de3-9eb1-57fced21248a (type: security_group_rules) to 0
2026-07-02 06:21:07.871 8 INFO neutron.db.ovn_revision_numbers_db [None req-74f666a3-1e7d-4457-83dc-a813625a97b7 b132e4308a8e44b1a8576507bd1d6bf9 2d857adeca4f43288328f33cfee048bc - - default default] Successfully bumped revision number for resource f6768077-5ccd-4e52-8105-457dac3ed134 (type: security_group_rules) to 0
2026-07-02 06:21:08.029 8 INFO neutron.db.ovn_revision_numbers_db [None req-74f666a3-1e7d-4457-83dc-a813625a97b7 b132e4308a8e44b1a8576507bd1d6bf9 2d857adeca4f43288328f33cfee048bc - - default default] Successfully bumped revision number for resource 8c6f63e9-7a45-4911-bb98-71a431e44ea7 (type: security_groups) to 1
2026-07-02 06:21:08.041 8 INFO neutron.db.ovn_revision_numbers_db [None req-74f666a3-1e7d-4457-83dc-a813625a97b7 b132e4308a8e44b1a8576507bd1d6bf9 2d857adeca4f43288328f33cfee048bc - - default default] Successfully bumped revision number for resource 9560358b-c4d5-4162-94f2-8f853a6c6b2b (type: security_group_rules) to 0
2026-07-02 06:21:08.053 8 INFO neutron.db.ovn_revision_numbers_db [None req-74f666a3-1e7d-4457-83dc-a813625a97b7 b132e4308a8e44b1a8576507bd1d6bf9 2d857adeca4f43288328f33cfee048bc - - default default] Successfully bumped revision number for resource f6056b4f-2c45-492a-8ef4-2dbb3381a301 (type: security_group_rules) to 0 [pid: 8|app: 0|req: 784/1460] 10.0.0.64 () {34 vars in 683 bytes} [Thu Jul 2 06:21:07 2026] POST /v2.0/security-groups => generated 1625 bytes in 693 msecs (HTTP/1.1 201) 4 headers in 163 bytes (1 switches on core 0) [pid: 7|app: 0|req: 677/1461] 10.0.0.64 () {32 vars in 739 bytes} [Thu Jul 2 06:21:07 2026] DELETE /v2.0/security-groups/71888b2f-4090-4391-9208-ed10c09f322b => generated 0 bytes in 429 msecs (HTTP/1.1 204) 2 headers in 112 bytes (1 switches on core 0)
2026-07-02 06:21:08.320 7 WARNING neutron.scheduler.dhcp_agent_scheduler [None req-24a72afc-32af-4f6b-ae13-4c8e85e13e9d 3c436c54165e4efe9015356fcad4c46d 1784eddd24c34383b4199f4261212d30 - - default default] No more DHCP agents
2026-07-02 06:21:08.323 7 WARNING neutron.api.rpc.agentnotifiers.dhcp_rpc_agent_api [None req-24a72afc-32af-4f6b-ae13-4c8e85e13e9d 3c436c54165e4efe9015356fcad4c46d 1784eddd24c34383b4199f4261212d30 - - default default] Unable to schedule network 88ef1618-0c1e-4e60-b550-8066fcbe5f2f: no agents available; will retry on subsequent port and subnet creation events.
2026-07-02 06:21:08.324 8 INFO neutron.db.ovn_revision_numbers_db [None req-3fb39f55-a57c-4408-b207-6f3724772854 97800a3ac3df427bac88bf222681984f 5e98eabff16a4e429adfe99e8269b964 - - default default] Successfully bumped revision number for resource 31387ebb-5bed-4fbf-8e27-f17f4a477dca (type: security_groups) to 1
2026-07-02 06:21:08.337 8 INFO neutron.db.ovn_revision_numbers_db [None req-3fb39f55-a57c-4408-b207-6f3724772854 97800a3ac3df427bac88bf222681984f 5e98eabff16a4e429adfe99e8269b964 - - default default] Successfully bumped revision number for resource 25383bd6-17f2-44ed-8254-fcb28d448904 (type: security_group_rules) to 0
2026-07-02 06:21:08.353 8 INFO neutron.db.ovn_revision_numbers_db [None req-3fb39f55-a57c-4408-b207-6f3724772854 97800a3ac3df427bac88bf222681984f 5e98eabff16a4e429adfe99e8269b964 - - default default] Successfully bumped revision number for resource 5efb46dc-941c-49c2-80e2-433544bc1dea (type: security_group_rules) to 0
2026-07-02 06:21:08.368 8 INFO neutron.db.ovn_revision_numbers_db [None req-3fb39f55-a57c-4408-b207-6f3724772854 97800a3ac3df427bac88bf222681984f 5e98eabff16a4e429adfe99e8269b964 - - default default] Successfully bumped revision number for resource d5ed918d-57a0-428c-8394-a6c2a5b79e05 (type: security_group_rules) to 0
2026-07-02 06:21:08.384 7 INFO neutron.db.ovn_revision_numbers_db [None req-24a72afc-32af-4f6b-ae13-4c8e85e13e9d 3c436c54165e4efe9015356fcad4c46d 1784eddd24c34383b4199f4261212d30 - - default default] Successfully bumped revision number for resource 6e92260e-dbd2-43b5-954a-6f6e5ed47c75 (type: subnets) to 0
2026-07-02 06:21:08.385 8 INFO neutron.db.ovn_revision_numbers_db [None req-3fb39f55-a57c-4408-b207-6f3724772854 97800a3ac3df427bac88bf222681984f 5e98eabff16a4e429adfe99e8269b964 - - default default] Successfully bumped revision number for resource f476b9c3-72a7-41ae-9b2f-db62d84aaad6 (type: security_group_rules) to 0 [pid: 7|app: 0|req: 678/1462] 10.0.0.64 () {34 vars in 668 bytes} [Thu Jul 2 06:21:08 2026] POST /v2.0/subnets => generated 646 bytes in 283 msecs (HTTP/1.1 201) 4 headers in 162 bytes (1 switches on core 0) [pid: 7|app: 0|req: 679/1463] 10.0.0.64 () {32 vars in 662 bytes} [Thu Jul 2 06:21:08 2026] GET /v2.0/security-groups => generated 4530 bytes in 28 msecs (HTTP/1.1 200) 4 headers in 158 bytes (1 switches on core 0)
2026-07-02 06:21:08.459 8 INFO neutron.db.segments_db [None req-3fb39f55-a57c-4408-b207-6f3724772854 97800a3ac3df427bac88bf222681984f 5e98eabff16a4e429adfe99e8269b964 - - default default] Added segment be336993-8133-4113-8868-b3f2fa75eaf9 of type geneve for network 6208c89c-0c3c-442f-a596-ea3c709bcc30
2026-07-02 06:21:08.581 8 INFO neutron.db.ovn_revision_numbers_db [None req-3fb39f55-a57c-4408-b207-6f3724772854 97800a3ac3df427bac88bf222681984f 5e98eabff16a4e429adfe99e8269b964 - - default default] Successfully bumped revision number for resource 6208c89c-0c3c-442f-a596-ea3c709bcc30 (type: networks) to 1
2026-07-02 06:21:08.709 7 WARNING neutron.plugins.ml2.drivers.ovn.mech_driver.ovsdb.ovn_client [None req-4d820e62-b8b9-44a1-87aa-a937417cec43 - - - - - -] No port found with ID e62dd90d-5d66-4c46-ab9f-dff8124b0608: RuntimeError: No port found with ID e62dd90d-5d66-4c46-ab9f-dff8124b0608
2026-07-02 06:21:08.709 7 INFO neutron.plugins.ml2.drivers.ovn.mech_driver.mech_driver [None req-4d820e62-b8b9-44a1-87aa-a937417cec43 - - - - - -] OVN reports status down for port: f1c34dea-798e-4467-b552-cfa2008996f3
2026-07-02 06:21:08.726 8 WARNING neutron.scheduler.dhcp_agent_scheduler [None req-3fb39f55-a57c-4408-b207-6f3724772854 97800a3ac3df427bac88bf222681984f 5e98eabff16a4e429adfe99e8269b964 - - default default] No more DHCP agents
2026-07-02 06:21:08.728 8 WARNING neutron.api.rpc.agentnotifiers.dhcp_rpc_agent_api [None req-3fb39f55-a57c-4408-b207-6f3724772854 97800a3ac3df427bac88bf222681984f 5e98eabff16a4e429adfe99e8269b964 - - default default] Unable to schedule network 6208c89c-0c3c-442f-a596-ea3c709bcc30: no agents available; will retry on subsequent port and subnet creation events.
2026-07-02 06:21:08.750 7 WARNING neutron.scheduler.dhcp_agent_scheduler [None req-1cd053bc-c90a-49a4-9ac0-34354ea49d08 3c436c54165e4efe9015356fcad4c46d 1784eddd24c34383b4199f4261212d30 - - default default] No more DHCP agents
2026-07-02 06:21:08.751 7 WARNING neutron.api.rpc.agentnotifiers.dhcp_rpc_agent_api [None req-1cd053bc-c90a-49a4-9ac0-34354ea49d08 3c436c54165e4efe9015356fcad4c46d 1784eddd24c34383b4199f4261212d30 - - default default] Unable to schedule network 88ef1618-0c1e-4e60-b550-8066fcbe5f2f: no agents available; will retry on subsequent port and subnet creation events.
2026-07-02 06:21:08.860 8 INFO neutron.db.ovn_revision_numbers_db [None req-3fb39f55-a57c-4408-b207-6f3724772854 97800a3ac3df427bac88bf222681984f 5e98eabff16a4e429adfe99e8269b964 - - default default] Successfully bumped revision number for resource 37adfc4d-a827-4dbd-b68c-d2fc214e6bc5 (type: ports) to 1 [pid: 8|app: 0|req: 785/1464] 10.0.0.64 () {34 vars in 669 bytes} [Thu Jul 2 06:21:08 2026] POST /v2.0/networks => generated 631 bytes in 785 msecs (HTTP/1.1 201) 4 headers in 162 bytes (1 switches on core 0)
2026-07-02 06:21:08.892 7 INFO neutron.plugins.ml2.drivers.ovn.mech_driver.mech_driver [None req-4d820e62-b8b9-44a1-87aa-a937417cec43 - - - - - -] OVN reports status down for port: f99bcbc8-2df6-42e1-a5f9-60509cd5e8ad
2026-07-02 06:21:08.968 8 INFO neutron.db.ovn_revision_numbers_db [None req-404cf8a6-d61e-45ae-a54b-baac5d0cc297 b132e4308a8e44b1a8576507bd1d6bf9 2d857adeca4f43288328f33cfee048bc - - default default] Successfully bumped revision number for resource 8c6f63e9-7a45-4911-bb98-71a431e44ea7 (type: security_groups) to 2 [pid: 8|app: 0|req: 786/1465] 10.0.0.64 () {34 vars in 757 bytes} [Thu Jul 2 06:21:08 2026] PUT /v2.0/security-groups/8c6f63e9-7a45-4911-bb98-71a431e44ea7 => generated 1663 bytes in 128 msecs (HTTP/1.1 200) 4 headers in 158 bytes (1 switches on core 0)
2026-07-02 06:21:09.092 7 INFO neutron.plugins.ml2.drivers.ovn.mech_driver.mech_driver [None req-4d820e62-b8b9-44a1-87aa-a937417cec43 - - - - - -] OVN reports status down for port: 83c3d688-9fc5-4195-aae1-7217d9c1517a
2026-07-02 06:21:09.127 8 INFO neutron.db.segments_db [None req-54dda962-5892-4648-908a-71c87ece8f75 97800a3ac3df427bac88bf222681984f 5e98eabff16a4e429adfe99e8269b964 - - default default] Added segment c6800520-b755-4127-bb61-4e499345ccc9 of type geneve for network 06edc4cf-d50c-42c7-98cc-ba354afda36d
2026-07-02 06:21:09.143 7 INFO neutron.db.ovn_revision_numbers_db [None req-1cd053bc-c90a-49a4-9ac0-34354ea49d08 3c436c54165e4efe9015356fcad4c46d 1784eddd24c34383b4199f4261212d30 - - default default] Successfully bumped revision number for resource 066fbaf8-a3f8-4159-86f9-f675a7decd73 (type: ports) to 1 [pid: 7|app: 0|req: 680/1466] 10.0.0.64 () {34 vars in 664 bytes} [Thu Jul 2 06:21:08 2026] POST /v2.0/ports => generated 966 bytes in 757 msecs (HTTP/1.1 201) 4 headers in 162 bytes (1 switches on core 0) /var/lib/openstack/lib/python3.12/site-packages/pycadf/identifier.py:70: UserWarning: Invalid uuid: neutron. To ensure interoperability, identifiers should be a valid uuid. warnings.warn(('Invalid uuid: %s. To ensure interoperability, '
2026-07-02 06:21:09.189 7 INFO neutron.plugins.ml2.drivers.ovn.mech_driver.mech_driver [None req-4d820e62-b8b9-44a1-87aa-a937417cec43 - - - - - -] OVN reports status down for port: 37adfc4d-a827-4dbd-b68c-d2fc214e6bc5 [pid: 7|app: 0|req: 681/1467] 10.0.0.64 () {32 vars in 736 bytes} [Thu Jul 2 06:21:09 2026] GET /v2.0/security-groups/8c6f63e9-7a45-4911-bb98-71a431e44ea7 => generated 1663 bytes in 71 msecs (HTTP/1.1 200) 4 headers in 158 bytes (1 switches on core 0)
2026-07-02 06:21:09.259 8 INFO neutron.db.ovn_revision_numbers_db [None req-54dda962-5892-4648-908a-71c87ece8f75 97800a3ac3df427bac88bf222681984f 5e98eabff16a4e429adfe99e8269b964 - - default default] Successfully bumped revision number for resource 06edc4cf-d50c-42c7-98cc-ba354afda36d (type: networks) to 1
2026-07-02 06:21:09.326 7 INFO neutron.plugins.ml2.drivers.ovn.mech_driver.mech_driver [None req-4d820e62-b8b9-44a1-87aa-a937417cec43 - - - - - -] OVN reports status down for port: 066fbaf8-a3f8-4159-86f9-f675a7decd73
2026-07-02 06:21:09.441 8 WARNING neutron.scheduler.dhcp_agent_scheduler [None req-54dda962-5892-4648-908a-71c87ece8f75 97800a3ac3df427bac88bf222681984f 5e98eabff16a4e429adfe99e8269b964 - - default default] No more DHCP agents
2026-07-02 06:21:09.442 8 WARNING neutron.api.rpc.agentnotifiers.dhcp_rpc_agent_api [None req-54dda962-5892-4648-908a-71c87ece8f75 97800a3ac3df427bac88bf222681984f 5e98eabff16a4e429adfe99e8269b964 - - default default] Unable to schedule network 06edc4cf-d50c-42c7-98cc-ba354afda36d: no agents available; will retry on subsequent port and subnet creation events.
2026-07-02 06:21:09.443 7 INFO neutron_taas.services.taas.taas_plugin [None req-ac708265-f2e2-4f25-91d7-91c89a66baa6 3c436c54165e4efe9015356fcad4c46d 1784eddd24c34383b4199f4261212d30 - - default default] TaaS: Handle Delete Port: 066fbaf8-a3f8-4159-86f9-f675a7decd73
2026-07-02 06:21:09.447 7 INFO neutron_taas.services.taas.tap_mirror_plugin [None req-ac708265-f2e2-4f25-91d7-91c89a66baa6 3c436c54165e4efe9015356fcad4c46d 1784eddd24c34383b4199f4261212d30 - - default default] Tap Mirror: Handle Delete Port: 066fbaf8-a3f8-4159-86f9-f675a7decd73
2026-07-02 06:21:09.566 7 INFO neutron.plugins.ml2.drivers.ovn.mech_driver.mech_driver [None req-4d820e62-b8b9-44a1-87aa-a937417cec43 - - - - - -] OVN reports status down for port: cc3c4bac-0f72-41ec-9197-f721e264b94a
2026-07-02 06:21:09.577 8 INFO neutron.db.ovn_revision_numbers_db [None req-54dda962-5892-4648-908a-71c87ece8f75 97800a3ac3df427bac88bf222681984f 5e98eabff16a4e429adfe99e8269b964 - - default default] Successfully bumped revision number for resource cc3c4bac-0f72-41ec-9197-f721e264b94a (type: ports) to 1 [pid: 8|app: 0|req: 787/1468] 10.0.0.64 () {34 vars in 669 bytes} [Thu Jul 2 06:21:09 2026] POST /v2.0/networks => generated 632 bytes in 588 msecs (HTTP/1.1 201) 4 headers in 162 bytes (1 switches on core 0) [pid: 7|app: 0|req: 682/1469] 10.0.0.64 () {32 vars in 719 bytes} [Thu Jul 2 06:21:09 2026] DELETE /v2.0/ports/066fbaf8-a3f8-4159-86f9-f675a7decd73 => generated 0 bytes in 543 msecs (HTTP/1.1 204) 3 headers in 131 bytes (1 switches on core 0) [pid: 8|app: 0|req: 788/1470] 10.0.0.64 () {32 vars in 739 bytes} [Thu Jul 2 06:21:09 2026] DELETE /v2.0/security-groups/8c6f63e9-7a45-4911-bb98-71a431e44ea7 => generated 0 bytes in 220 msecs (HTTP/1.1 204) 2 headers in 112 bytes (1 switches on core 0)
2026-07-02 06:21:09.843 8 INFO neutron.pecan_wsgi.hooks.translation [None req-b6ce2fdd-d022-411e-b348-6b51ba9a1dc1 3c436c54165e4efe9015356fcad4c46d 1784eddd24c34383b4199f4261212d30 - - default default] DELETE failed (client error): The resource could not be found. [pid: 8|app: 0|req: 789/1471] 10.0.0.64 () {32 vars in 719 bytes} [Thu Jul 2 06:21:09 2026] DELETE /v2.0/ports/066fbaf8-a3f8-4159-86f9-f675a7decd73 => generated 132 bytes in 23 msecs (HTTP/1.1 404) 4 headers in 164 bytes (1 switches on core 0) [pid: 8|app: 0|req: 790/1472] 10.0.0.64 () {32 vars in 662 bytes} [Thu Jul 2 06:21:09 2026] GET /v2.0/security-groups => generated 2925 bytes in 28 msecs (HTTP/1.1 200) 4 headers in 158 bytes (1 switches on core 0)
2026-07-02 06:21:09.886 8 INFO neutron.pecan_wsgi.hooks.translation [None req-4e5d8159-7334-46ff-8b34-5ada328afdb3 3c436c54165e4efe9015356fcad4c46d 1784eddd24c34383b4199f4261212d30 - - default default] GET failed (client error): The resource could not be found. [pid: 8|app: 0|req: 791/1473] 10.0.0.64 () {32 vars in 716 bytes} [Thu Jul 2 06:21:09 2026] GET /v2.0/ports/066fbaf8-a3f8-4159-86f9-f675a7decd73 => generated 132 bytes in 11 msecs (HTTP/1.1 404) 4 headers in 164 bytes (1 switches on core 0)
2026-07-02 06:21:09.898 8 INFO neutron.api.v2.resource [None req-410515b1-6eac-4b7c-b661-a42a0cf7dd75 b132e4308a8e44b1a8576507bd1d6bf9 2d857adeca4f43288328f33cfee048bc - - default default] delete failed (client error): The resource could not be found. [pid: 8|app: 0|req: 792/1474] 10.0.0.64 () {32 vars in 739 bytes} [Thu Jul 2 06:21:09 2026] DELETE /v2.0/security-groups/8c6f63e9-7a45-4911-bb98-71a431e44ea7 => generated 146 bytes in 12 msecs (HTTP/1.1 404) 4 headers in 164 bytes (1 switches on core 0)
