2026-05-06 10:38:32.625 8 WARNING neutron.api.rpc.agentnotifiers.dhcp_rpc_agent_api [None req-073d0bcc-7203-4c65-9491-a4ee5d860213 cd1db393a391456cb79b8a18d9814c08 2fba507a4a3846b4bfb5e2d1346e3ab9 - - default default] Unable to schedule network df688dbb-71f6-4907-9151-2e36be4a8dbb: no agents available; will retry on subsequent port and subnet creation events. [pid: 7|app: 0|req: 1142/2203] 10.0.0.145 () {34 vars in 990 bytes} [Wed May 6 10:38:32 2026] GET /v2.0/ports?device_id=a3b89411-b75a-442b-82bb-996f86195176 => generated 975 bytes in 78 msecs (HTTP/1.1 200) 4 headers in 157 bytes (1 switches on core 0) [pid: 7|app: 0|req: 1143/2204] 10.0.0.145 () {34 vars in 1040 bytes} [Wed May 6 10:38:32 2026] GET /v2.0/security-groups?id=3cebb42e-1059-4005-af50-38a4c4d8c585&fields=id&fields=name => generated 114 bytes in 31 msecs (HTTP/1.1 200) 4 headers in 157 bytes (1 switches on core 0) [pid: 8|app: 0|req: 1062/2205] 10.0.0.184 () {34 vars in 676 bytes} [Wed May 6 10:38:32 2026] POST /v2.0/floatingips => generated 552 bytes in 519 msecs (HTTP/1.1 201) 4 headers in 162 bytes (1 switches on core 0)
2026-05-06 10:38:33.138 7 WARNING neutron.scheduler.dhcp_agent_scheduler [None req-7fecd8c1-5b1d-4804-888a-9c0280dc0c30 cd1db393a391456cb79b8a18d9814c08 2fba507a4a3846b4bfb5e2d1346e3ab9 - - default default] No more DHCP agents
2026-05-06 10:38:33.139 7 WARNING neutron.api.rpc.agentnotifiers.dhcp_rpc_agent_api [None req-7fecd8c1-5b1d-4804-888a-9c0280dc0c30 cd1db393a391456cb79b8a18d9814c08 2fba507a4a3846b4bfb5e2d1346e3ab9 - - default default] Unable to schedule network df688dbb-71f6-4907-9151-2e36be4a8dbb: no agents available; will retry on subsequent port and subnet creation events.
2026-05-06 10:38:33.758 7 INFO neutron.plugins.ml2.drivers.ovn.mech_driver.mech_driver [None req-59e91bb2-54c4-480c-9fe3-07eb6f573192 - - - - - -] OVN reports status down for port: 27069f63-bec2-49e3-9c43-f86490a94945 [pid: 8|app: 0|req: 1063/2206] 10.0.0.145 () {34 vars in 990 bytes} [Wed May 6 10:38:33 2026] GET /v2.0/ports?device_id=a3b89411-b75a-442b-82bb-996f86195176 => generated 975 bytes in 97 msecs (HTTP/1.1 200) 4 headers in 157 bytes (1 switches on core 0) [pid: 8|app: 0|req: 1064/2207] 10.0.0.145 () {34 vars in 1040 bytes} [Wed May 6 10:38:33 2026] GET /v2.0/security-groups?id=3cebb42e-1059-4005-af50-38a4c4d8c585&fields=id&fields=name => generated 114 bytes in 42 msecs (HTTP/1.1 200) 4 headers in 157 bytes (1 switches on core 0)
2026-05-06 10:38:34.045 7 INFO neutron.notifiers.nova [-] Nova event matching ['req-af6f8f03-5a98-4b41-93fc-85e03b02bce3'] response: {'server_uuid': 'a3b89411-b75a-442b-82bb-996f86195176', 'name': 'network-vif-unplugged', 'status': 'completed', 'tag': '27069f63-bec2-49e3-9c43-f86490a94945', 'code': 200} [pid: 7|app: 0|req: 1144/2208] 10.0.0.184 () {34 vars in 676 bytes} [Wed May 6 10:38:32 2026] POST /v2.0/floatingips => generated 552 bytes in 1304 msecs (HTTP/1.1 201) 4 headers in 162 bytes (1 switches on core 0)
2026-05-06 10:38:34.254 7 INFO neutron.db.ovn_revision_numbers_db [None req-59e91bb2-54c4-480c-9fe3-07eb6f573192 - - - - - -] Successfully bumped revision number for resource 27069f63-bec2-49e3-9c43-f86490a94945 (type: ports) to 6
2026-05-06 10:38:34.450 8 WARNING neutron.scheduler.dhcp_agent_scheduler [None req-4a6b265c-a89c-4772-95d0-6676ab4fcc14 cd1db393a391456cb79b8a18d9814c08 2fba507a4a3846b4bfb5e2d1346e3ab9 - - default default] No more DHCP agents
2026-05-06 10:38:34.451 8 WARNING neutron.api.rpc.agentnotifiers.dhcp_rpc_agent_api [None req-4a6b265c-a89c-4772-95d0-6676ab4fcc14 cd1db393a391456cb79b8a18d9814c08 2fba507a4a3846b4bfb5e2d1346e3ab9 - - default default] Unable to schedule network df688dbb-71f6-4907-9151-2e36be4a8dbb: no agents available; will retry on subsequent port and subnet creation events. [pid: 8|app: 0|req: 1065/2209] 10.0.0.184 () {34 vars in 676 bytes} [Wed May 6 10:38:34 2026] POST /v2.0/floatingips => generated 552 bytes in 493 msecs (HTTP/1.1 201) 4 headers in 162 bytes (1 switches on core 0) /var/lib/openstack/lib/python3.12/site-packages/pycadf/identifier.py:70: UserWarning: Invalid uuid: neutron. To ensure interoperability, identifiers should be a valid uuid. warnings.warn(('Invalid uuid: %s. To ensure interoperability, ' [pid: 8|app: 0|req: 1066/2210] 199.204.45.162 () {34 vars in 994 bytes} [Wed May 6 10:38:34 2026] GET /v2.0/ports?device_id=a3b89411-b75a-442b-82bb-996f86195176 => generated 973 bytes in 34 msecs (HTTP/1.1 200) 4 headers in 157 bytes (1 switches on core 0)
2026-05-06 10:38:34.962 7 WARNING neutron.scheduler.dhcp_agent_scheduler [None req-cce75ba1-391b-4ecd-a6f5-7a74744f40e4 cd1db393a391456cb79b8a18d9814c08 2fba507a4a3846b4bfb5e2d1346e3ab9 - - default default] No more DHCP agents
2026-05-06 10:38:34.963 7 WARNING neutron.api.rpc.agentnotifiers.dhcp_rpc_agent_api [None req-cce75ba1-391b-4ecd-a6f5-7a74744f40e4 cd1db393a391456cb79b8a18d9814c08 2fba507a4a3846b4bfb5e2d1346e3ab9 - - default default] Unable to schedule network df688dbb-71f6-4907-9151-2e36be4a8dbb: no agents available; will retry on subsequent port and subnet creation events.
2026-05-06 10:38:35.084 8 INFO neutron_taas.services.taas.taas_plugin [req-26f27aad-6fd4-42b9-b0e1-e889d63ad7df req-cdbb06e7-79be-493f-b7a9-bc559a03ad91 f9f3d45ec2e744e3a9179d2880038be7 c7c19a26d03947328ea5f3c76a8bb979 - - default default] TaaS: Handle Delete Port: 27069f63-bec2-49e3-9c43-f86490a94945
2026-05-06 10:38:35.087 8 INFO neutron_taas.services.taas.tap_mirror_plugin [req-26f27aad-6fd4-42b9-b0e1-e889d63ad7df req-cdbb06e7-79be-493f-b7a9-bc559a03ad91 f9f3d45ec2e744e3a9179d2880038be7 c7c19a26d03947328ea5f3c76a8bb979 - - default default] Tap Mirror: Handle Delete Port: 27069f63-bec2-49e3-9c43-f86490a94945 [pid: 8|app: 0|req: 1067/2211] 199.204.45.162 () {36 vars in 997 bytes} [Wed May 6 10:38:34 2026] DELETE /v2.0/ports/27069f63-bec2-49e3-9c43-f86490a94945 => generated 0 bytes in 278 msecs (HTTP/1.1 204) 3 headers in 131 bytes (1 switches on core 0) [pid: 8|app: 0|req: 1068/2212] 10.0.0.145 () {34 vars in 990 bytes} [Wed May 6 10:38:35 2026] GET /v2.0/ports?device_id=a3b89411-b75a-442b-82bb-996f86195176 => generated 12 bytes in 22 msecs (HTTP/1.1 200) 4 headers in 156 bytes (1 switches on core 0)
2026-05-06 10:38:35.272 8 INFO neutron.notifiers.nova [-] Nova event matching ['req-af743ca2-4de1-4820-bd67-fe0fa3cee11a'] response: {'server_uuid': 'a3b89411-b75a-442b-82bb-996f86195176', 'name': 'network-vif-deleted', 'tag': '27069f63-bec2-49e3-9c43-f86490a94945', 'status': 'completed', 'code': 200} [pid: 7|app: 0|req: 1145/2213] 10.0.0.184 () {34 vars in 676 bytes} [Wed May 6 10:38:34 2026] POST /v2.0/floatingips => generated 552 bytes in 597 msecs (HTTP/1.1 201) 4 headers in 162 bytes (1 switches on core 0)
2026-05-06 10:38:35.345 8 WARNING tagging [None req-727a1afb-cc59-4a7d-b94c-7a96b76e0946 cd1db393a391456cb79b8a18d9814c08 2fba507a4a3846b4bfb5e2d1346e3ab9 - - default default] project_id key not found in request, using tenant_id instead. This support has been deprecated and will be removed in a future release. [pid: 8|app: 0|req: 1069/2214] 10.0.0.184 () {34 vars in 759 bytes} [Wed May 6 10:38:35 2026] PUT /v2.0/floatingips/ec1752df-5228-4e3a-8f3d-dcbd31e66281/tags => generated 17 bytes in 66 msecs (HTTP/1.1 200) 4 headers in 156 bytes (1 switches on core 0)
2026-05-06 10:38:35.413 7 WARNING tagging [None req-daa29a8d-d600-4320-96da-0218c166a2b0 cd1db393a391456cb79b8a18d9814c08 2fba507a4a3846b4bfb5e2d1346e3ab9 - - default default] project_id key not found in request, using tenant_id instead. This support has been deprecated and will be removed in a future release. [pid: 7|app: 0|req: 1146/2215] 10.0.0.184 () {34 vars in 759 bytes} [Wed May 6 10:38:35 2026] PUT /v2.0/floatingips/5bfa2fb9-efb2-4a1e-ad88-c3f8e3fc79e4/tags => generated 25 bytes in 61 msecs (HTTP/1.1 200) 4 headers in 156 bytes (1 switches on core 0)
2026-05-06 10:38:35.481 8 WARNING tagging [None req-16620a38-1f9e-43fd-b238-4c1817de3f30 cd1db393a391456cb79b8a18d9814c08 2fba507a4a3846b4bfb5e2d1346e3ab9 - - default default] project_id key not found in request, using tenant_id instead. This support has been deprecated and will be removed in a future release. [pid: 8|app: 0|req: 1070/2216] 10.0.0.184 () {34 vars in 759 bytes} [Wed May 6 10:38:35 2026] PUT /v2.0/floatingips/24b7558f-f71c-4096-a66c-6d93960cfdfe/tags => generated 34 bytes in 45 msecs (HTTP/1.1 200) 4 headers in 156 bytes (1 switches on core 0)
2026-05-06 10:38:35.531 7 WARNING tagging [None req-5573ccf9-9eec-44d4-8101-5878e62d3fc5 cd1db393a391456cb79b8a18d9814c08 2fba507a4a3846b4bfb5e2d1346e3ab9 - - default default] project_id key not found in request, using tenant_id instead. This support has been deprecated and will be removed in a future release. [pid: 7|app: 0|req: 1147/2217] 10.0.0.184 () {34 vars in 759 bytes} [Wed May 6 10:38:35 2026] PUT /v2.0/floatingips/6aa6842d-48c8-4712-933c-2ed48d5864e8/tags => generated 19 bytes in 52 msecs (HTTP/1.1 200) 4 headers in 156 bytes (1 switches on core 0)
2026-05-06 10:38:36.082 7 INFO neutron.notifiers.nova [-] Nova event matching ['req-c4d4a521-ab8c-44e1-a0aa-6a96e26b79c8'] response: {'server_uuid': 'a3b89411-b75a-442b-82bb-996f86195176', 'name': 'network-vif-unplugged', 'status': 'completed', 'tag': '27069f63-bec2-49e3-9c43-f86490a94945', 'code': 200} [pid: 8|app: 0|req: 1071/2218] 10.0.0.184 () {32 vars in 672 bytes} [Wed May 6 10:38:35 2026] GET /v2.0/floatingips?tags=red => generated 1671 bytes in 528 msecs (HTTP/1.1 200) 4 headers in 158 bytes (1 switches on core 0) [pid: 8|app: 0|req: 1072/2219] 10.0.0.184 () {32 vars in 686 bytes} [Wed May 6 10:38:36 2026] GET /v2.0/floatingips?tags=red%2Cblue => generated 1128 bytes in 45 msecs (HTTP/1.1 200) 4 headers in 158 bytes (1 switches on core 0) [pid: 8|app: 0|req: 1073/2220] 10.0.0.184 () {32 vars in 682 bytes} [Wed May 6 10:38:36 2026] GET /v2.0/floatingips?tags-any=blue => generated 1128 bytes in 48 msecs (HTTP/1.1 200) 4 headers in 158 bytes (1 switches on core 0) [pid: 8|app: 0|req: 1074/2221] 10.0.0.184 () {32 vars in 694 bytes} [Wed May 6 10:38:36 2026] GET /v2.0/floatingips?tags-any=red%2Cblue => generated 1671 bytes in 33 msecs (HTTP/1.1 200) 4 headers in 158 bytes (1 switches on core 0)
2026-05-06 10:38:36.245 7 INFO neutron.db.ovn_revision_numbers_db [None req-58bd02ca-d377-4a54-8353-348c785074e4 c7f398a17c254e9396c41eb64354d44f 33a2888a10c84229b6cfcf458f62857b - - default default] Successfully bumped revision number for resource 1fe861e6-ab61-46ed-ab19-1d60512a1465 (type: security_groups) to 1
2026-05-06 10:38:36.261 7 INFO neutron.db.ovn_revision_numbers_db [None req-58bd02ca-d377-4a54-8353-348c785074e4 c7f398a17c254e9396c41eb64354d44f 33a2888a10c84229b6cfcf458f62857b - - default default] Successfully bumped revision number for resource 125df0d9-abf4-4ff8-ba12-de8e73863e00 (type: security_group_rules) to 0
2026-05-06 10:38:36.273 7 INFO neutron.db.ovn_revision_numbers_db [None req-58bd02ca-d377-4a54-8353-348c785074e4 c7f398a17c254e9396c41eb64354d44f 33a2888a10c84229b6cfcf458f62857b - - default default] Successfully bumped revision number for resource 21e9d87b-94f7-4fea-bb18-18b0822d363b (type: security_group_rules) to 0
2026-05-06 10:38:36.283 7 INFO neutron.db.ovn_revision_numbers_db [None req-58bd02ca-d377-4a54-8353-348c785074e4 c7f398a17c254e9396c41eb64354d44f 33a2888a10c84229b6cfcf458f62857b - - default default] Successfully bumped revision number for resource 9b581211-5a4d-4b44-9080-f031df790d44 (type: security_group_rules) to 0
2026-05-06 10:38:36.298 7 INFO neutron.db.ovn_revision_numbers_db [None req-58bd02ca-d377-4a54-8353-348c785074e4 c7f398a17c254e9396c41eb64354d44f 33a2888a10c84229b6cfcf458f62857b - - default default] Successfully bumped revision number for resource dd99c552-7c77-4568-aea3-48339f5de8d0 (type: security_group_rules) to 0 [pid: 8|app: 0|req: 1075/2222] 10.0.0.184 () {32 vars in 680 bytes} [Wed May 6 10:38:36 2026] GET /v2.0/floatingips?not-tags=red => generated 1100 bytes in 59 msecs (HTTP/1.1 200) 4 headers in 158 bytes (1 switches on core 0) [pid: 8|app: 0|req: 1076/2223] 10.0.0.184 () {32 vars in 694 bytes} [Wed May 6 10:38:36 2026] GET /v2.0/floatingips?not-tags=red%2Cblue => generated 1643 bytes in 61 msecs (HTTP/1.1 200) 4 headers in 158 bytes (1 switches on core 0)
2026-05-06 10:38:36.378 7 INFO neutron.db.segments_db [None req-58bd02ca-d377-4a54-8353-348c785074e4 c7f398a17c254e9396c41eb64354d44f 33a2888a10c84229b6cfcf458f62857b - - default default] Added segment df7fdf6e-d9df-4842-9ea1-8af358a3cc26 of type geneve for network 56906e71-ca7c-4119-861d-5b473a567bd7 [pid: 8|app: 0|req: 1077/2224] 10.0.0.145 () {34 vars in 990 bytes} [Wed May 6 10:38:36 2026] GET /v2.0/ports?device_id=a3b89411-b75a-442b-82bb-996f86195176 => generated 12 bytes in 17 msecs (HTTP/1.1 200) 4 headers in 156 bytes (1 switches on core 0) [pid: 8|app: 0|req: 1078/2225] 10.0.0.184 () {32 vars in 690 bytes} [Wed May 6 10:38:36 2026] GET /v2.0/floatingips?not-tags-any=blue => generated 1643 bytes in 44 msecs (HTTP/1.1 200) 4 headers in 158 bytes (1 switches on core 0) [pid: 8|app: 0|req: 1079/2226] 10.0.0.184 () {32 vars in 702 bytes} [Wed May 6 10:38:36 2026] GET /v2.0/floatingips?not-tags-any=red%2Cblue => generated 1100 bytes in 45 msecs (HTTP/1.1 200) 4 headers in 158 bytes (1 switches on core 0)
2026-05-06 10:38:36.487 7 INFO neutron.db.ovn_revision_numbers_db [None req-58bd02ca-d377-4a54-8353-348c785074e4 c7f398a17c254e9396c41eb64354d44f 33a2888a10c84229b6cfcf458f62857b - - default default] Successfully bumped revision number for resource 56906e71-ca7c-4119-861d-5b473a567bd7 (type: networks) to 1
2026-05-06 10:38:36.605 8 INFO neutron_taas.services.taas.taas_plugin [None req-f6154475-8f71-4758-9f61-259f72ae865c cd1db393a391456cb79b8a18d9814c08 2fba507a4a3846b4bfb5e2d1346e3ab9 - - default default] TaaS: Handle Delete Port: 40e9c85b-7fb9-496b-99b8-b54ae198699a
2026-05-06 10:38:36.608 8 INFO neutron_taas.services.taas.tap_mirror_plugin [None req-f6154475-8f71-4758-9f61-259f72ae865c cd1db393a391456cb79b8a18d9814c08 2fba507a4a3846b4bfb5e2d1346e3ab9 - - default default] Tap Mirror: Handle Delete Port: 40e9c85b-7fb9-496b-99b8-b54ae198699a
2026-05-06 10:38:36.640 7 WARNING neutron.scheduler.dhcp_agent_scheduler [None req-58bd02ca-d377-4a54-8353-348c785074e4 c7f398a17c254e9396c41eb64354d44f 33a2888a10c84229b6cfcf458f62857b - - default default] No more DHCP agents
2026-05-06 10:38:36.642 7 WARNING neutron.api.rpc.agentnotifiers.dhcp_rpc_agent_api [None req-58bd02ca-d377-4a54-8353-348c785074e4 c7f398a17c254e9396c41eb64354d44f 33a2888a10c84229b6cfcf458f62857b - - default default] Unable to schedule network 56906e71-ca7c-4119-861d-5b473a567bd7: no agents available; will retry on subsequent port and subnet creation events.
2026-05-06 10:38:36.695 7 INFO neutron.plugins.ml2.drivers.ovn.mech_driver.mech_driver [None req-cb0b0d17-b60d-45b1-893a-ff63d2605196 - - - - - -] OVN reports status down for port: 011807fa-3036-4443-85e2-3e895bf55fb0
2026-05-06 10:38:36.751 7 INFO neutron.db.ovn_revision_numbers_db [None req-58bd02ca-d377-4a54-8353-348c785074e4 c7f398a17c254e9396c41eb64354d44f 33a2888a10c84229b6cfcf458f62857b - - default default] Successfully bumped revision number for resource 011807fa-3036-4443-85e2-3e895bf55fb0 (type: ports) to 1 [pid: 8|app: 0|req: 1080/2227] 10.0.0.184 () {32 vars in 732 bytes} [Wed May 6 10:38:36 2026] DELETE /v2.0/floatingips/ec1752df-5228-4e3a-8f3d-dcbd31e66281 => generated 0 bytes in 278 msecs (HTTP/1.1 204) 2 headers in 112 bytes (1 switches on core 0) [pid: 7|app: 0|req: 1148/2228] 10.0.0.184 () {34 vars in 670 bytes} [Wed May 6 10:38:35 2026] POST /v2.0/networks => generated 768 bytes in 845 msecs (HTTP/1.1 201) 4 headers in 162 bytes (1 switches on core 0)
2026-05-06 10:38:36.868 8 INFO neutron_taas.services.taas.taas_plugin [None req-32e7c8e9-8221-408d-b862-1eec09f71680 cd1db393a391456cb79b8a18d9814c08 2fba507a4a3846b4bfb5e2d1346e3ab9 - - default default] TaaS: Handle Delete Port: de3c2fe2-f256-4e3b-83d7-c2a2f6f88a69
2026-05-06 10:38:36.871 8 INFO neutron_taas.services.taas.tap_mirror_plugin [None req-32e7c8e9-8221-408d-b862-1eec09f71680 cd1db393a391456cb79b8a18d9814c08 2fba507a4a3846b4bfb5e2d1346e3ab9 - - default default] Tap Mirror: Handle Delete Port: de3c2fe2-f256-4e3b-83d7-c2a2f6f88a69
2026-05-06 10:38:36.928 7 WARNING neutron.scheduler.dhcp_agent_scheduler [None req-d35bfd14-e901-449a-b067-7522eb317525 c7f398a17c254e9396c41eb64354d44f 33a2888a10c84229b6cfcf458f62857b - - default default] No more DHCP agents
2026-05-06 10:38:36.930 7 WARNING neutron.api.rpc.agentnotifiers.dhcp_rpc_agent_api [None req-d35bfd14-e901-449a-b067-7522eb317525 c7f398a17c254e9396c41eb64354d44f 33a2888a10c84229b6cfcf458f62857b - - default default] Unable to schedule network 56906e71-ca7c-4119-861d-5b473a567bd7: no agents available; will retry on subsequent port and subnet creation events. [pid: 8|app: 0|req: 1081/2229] 10.0.0.184 () {32 vars in 732 bytes} [Wed May 6 10:38:36 2026] DELETE /v2.0/floatingips/5bfa2fb9-efb2-4a1e-ad88-c3f8e3fc79e4 => generated 0 bytes in 240 msecs (HTTP/1.1 204) 2 headers in 112 bytes (1 switches on core 0)
2026-05-06 10:38:37.123 8 INFO neutron_taas.services.taas.taas_plugin [None req-d1cb6fc9-ca95-4464-b24c-4c182b7ad552 cd1db393a391456cb79b8a18d9814c08 2fba507a4a3846b4bfb5e2d1346e3ab9 - - default default] TaaS: Handle Delete Port: a7084faf-d0b5-4c6d-b261-868986e9d25f
2026-05-06 10:38:37.126 8 INFO neutron_taas.services.taas.tap_mirror_plugin [None req-d1cb6fc9-ca95-4464-b24c-4c182b7ad552 cd1db393a391456cb79b8a18d9814c08 2fba507a4a3846b4bfb5e2d1346e3ab9 - - default default] Tap Mirror: Handle Delete Port: a7084faf-d0b5-4c6d-b261-868986e9d25f [pid: 8|app: 0|req: 1082/2230] 10.0.0.184 () {32 vars in 732 bytes} [Wed May 6 10:38:37 2026] DELETE /v2.0/floatingips/24b7558f-f71c-4096-a66c-6d93960cfdfe => generated 0 bytes in 258 msecs (HTTP/1.1 204) 2 headers in 112 bytes (1 switches on core 0)
2026-05-06 10:38:37.341 7 INFO neutron.db.ovn_revision_numbers_db [None req-d35bfd14-e901-449a-b067-7522eb317525 c7f398a17c254e9396c41eb64354d44f 33a2888a10c84229b6cfcf458f62857b - - default default] Successfully bumped revision number for resource 011807fa-3036-4443-85e2-3e895bf55fb0 (type: ports) to 2
2026-05-06 10:38:37.374 7 INFO neutron.db.ovn_revision_numbers_db [None req-d35bfd14-e901-449a-b067-7522eb317525 c7f398a17c254e9396c41eb64354d44f 33a2888a10c84229b6cfcf458f62857b - - default default] Successfully bumped revision number for resource 3f5e460a-97ee-4b3b-bef9-d2f604c82b8e (type: subnets) to 0 [pid: 7|app: 0|req: 1149/2231] 10.0.0.184 () {34 vars in 669 bytes} [Wed May 6 10:38:36 2026] POST /v2.0/subnets => generated 644 bytes in 601 msecs (HTTP/1.1 201) 4 headers in 162 bytes (1 switches on core 0)
2026-05-06 10:38:37.401 8 INFO neutron_taas.services.taas.taas_plugin [None req-cb9853d4-2ebe-4e76-94dc-eb600e8e509d cd1db393a391456cb79b8a18d9814c08 2fba507a4a3846b4bfb5e2d1346e3ab9 - - default default] TaaS: Handle Delete Port: 5c447163-27d7-473c-9afe-197518799d45
2026-05-06 10:38:37.401 7 WARNING neutron.api.v2.base [None req-b976cc05-0dc1-4e5a-889a-0b50cc8d9b75 c7f398a17c254e9396c41eb64354d44f 33a2888a10c84229b6cfcf458f62857b - - default default] An exception happened while processing the request body. The exception message is [Invalid input for target_tenant. Reason: 'None' is not a valid string.].: webob.exc.HTTPBadRequest: Invalid input for target_tenant. Reason: 'None' is not a valid string.
2026-05-06 10:38:37.402 7 INFO neutron.api.v2.resource [None req-b976cc05-0dc1-4e5a-889a-0b50cc8d9b75 c7f398a17c254e9396c41eb64354d44f 33a2888a10c84229b6cfcf458f62857b - - default default] create failed (client error): Invalid input for target_tenant. Reason: 'None' is not a valid string. [pid: 7|app: 0|req: 1150/2232] 10.0.0.184 () {34 vars in 681 bytes} [Wed May 6 10:38:37 2026] POST /v2.0/rbac-policies => generated 143 bytes in 7 msecs (HTTP/1.1 400) 4 headers in 166 bytes (1 switches on core 0)
2026-05-06 10:38:37.403 8 INFO neutron_taas.services.taas.tap_mirror_plugin [None req-cb9853d4-2ebe-4e76-94dc-eb600e8e509d cd1db393a391456cb79b8a18d9814c08 2fba507a4a3846b4bfb5e2d1346e3ab9 - - default default] Tap Mirror: Handle Delete Port: 5c447163-27d7-473c-9afe-197518799d45
2026-05-06 10:38:37.514 7 INFO neutron_taas.services.taas.taas_plugin [None req-0dab1682-5bf1-4089-920e-f48b383d4c17 c7f398a17c254e9396c41eb64354d44f 33a2888a10c84229b6cfcf458f62857b - - default default] TaaS: Handle Delete Port: 011807fa-3036-4443-85e2-3e895bf55fb0
2026-05-06 10:38:37.516 7 INFO neutron_taas.services.taas.tap_mirror_plugin [None req-0dab1682-5bf1-4089-920e-f48b383d4c17 c7f398a17c254e9396c41eb64354d44f 33a2888a10c84229b6cfcf458f62857b - - default default] Tap Mirror: Handle Delete Port: 011807fa-3036-4443-85e2-3e895bf55fb0 [pid: 8|app: 0|req: 1083/2233] 10.0.0.184 () {32 vars in 732 bytes} [Wed May 6 10:38:37 2026] DELETE /v2.0/floatingips/6aa6842d-48c8-4712-933c-2ed48d5864e8 => generated 0 bytes in 276 msecs (HTTP/1.1 204) 2 headers in 112 bytes (1 switches on core 0) [pid: 8|app: 0|req: 1084/2234] 10.0.0.145 () {34 vars in 990 bytes} [Wed May 6 10:38:37 2026] GET /v2.0/ports?device_id=a3b89411-b75a-442b-82bb-996f86195176 => generated 12 bytes in 15 msecs (HTTP/1.1 200) 4 headers in 156 bytes (1 switches on core 0)
2026-05-06 10:38:37.706 8 INFO neutron_taas.services.taas.taas_plugin [None req-6bd3dc42-f631-4051-8ca9-e65ef677f24c cd1db393a391456cb79b8a18d9814c08 2fba507a4a3846b4bfb5e2d1346e3ab9 - - default default] TaaS: Handle Delete Port: 6baa9092-2c78-475b-a652-0a4a48636504
2026-05-06 10:38:37.708 8 INFO neutron_taas.services.taas.tap_mirror_plugin [None req-6bd3dc42-f631-4051-8ca9-e65ef677f24c cd1db393a391456cb79b8a18d9814c08 2fba507a4a3846b4bfb5e2d1346e3ab9 - - default default] Tap Mirror: Handle Delete Port: 6baa9092-2c78-475b-a652-0a4a48636504
2026-05-06 10:38:37.775 7 INFO neutron.services.segments.plugin [-] Segment df7fdf6e-d9df-4842-9ea1-8af358a3cc26 resource provider aggregate not found
2026-05-06 10:38:37.783 7 INFO neutron.services.segments.plugin [-] Segment df7fdf6e-d9df-4842-9ea1-8af358a3cc26 resource provider aggregate not found
2026-05-06 10:38:37.798 7 INFO neutron.services.segments.plugin [-] Segment df7fdf6e-d9df-4842-9ea1-8af358a3cc26 resource provider not found; error: Placement Client Error (4xx): {"errors": [{"status": 404, "title": "Not Found", "detail": "The resource could not be found.\n\n No resource provider with uuid df7fdf6e-d9df-4842-9ea1-8af358a3cc26 found for delete ", "request_id": "req-c14a4a43-0655-42ac-9a81-fac9046c6c2f"}]}
2026-05-06 10:38:37.806 7 INFO neutron.services.segments.plugin [-] Segment df7fdf6e-d9df-4842-9ea1-8af358a3cc26 resource provider not found; error: Placement Client Error (4xx): {"errors": [{"status": 404, "title": "Not Found", "detail": "The resource could not be found.\n\n No resource provider with uuid df7fdf6e-d9df-4842-9ea1-8af358a3cc26 found for delete ", "request_id": "req-8624c884-316e-460a-9815-ef7cd538dcd1"}]} [pid: 7|app: 0|req: 1151/2235] 10.0.0.184 () {32 vars in 726 bytes} [Wed May 6 10:38:37 2026] DELETE /v2.0/networks/56906e71-ca7c-4119-861d-5b473a567bd7 => generated 0 bytes in 429 msecs (HTTP/1.1 204) 3 headers in 131 bytes (1 switches on core 0) [pid: 8|app: 0|req: 1085/2236] 10.0.0.184 () {32 vars in 732 bytes} [Wed May 6 10:38:37 2026] DELETE /v2.0/floatingips/40d6a067-828c-4df5-ac38-838f09f3225d => generated 0 bytes in 286 msecs (HTTP/1.1 204) 2 headers in 112 bytes (1 switches on core 0)
2026-05-06 10:38:37.921 7 INFO neutron.db.segments_db [None req-f1fbdb1b-349a-4dc7-9e27-72df6ac6a77d c7f398a17c254e9396c41eb64354d44f 33a2888a10c84229b6cfcf458f62857b - - default default] Added segment cda029aa-0c54-43cd-bc2c-b6675d8817e5 of type geneve for network d70fc0cc-80f5-48fc-923e-80669c55e084
2026-05-06 10:38:38.023 7 INFO neutron.db.ovn_revision_numbers_db [None req-f1fbdb1b-349a-4dc7-9e27-72df6ac6a77d c7f398a17c254e9396c41eb64354d44f 33a2888a10c84229b6cfcf458f62857b - - default default] Successfully bumped revision number for resource d70fc0cc-80f5-48fc-923e-80669c55e084 (type: networks) to 1
2026-05-06 10:38:38.162 7 WARNING neutron.scheduler.dhcp_agent_scheduler [None req-f1fbdb1b-349a-4dc7-9e27-72df6ac6a77d c7f398a17c254e9396c41eb64354d44f 33a2888a10c84229b6cfcf458f62857b - - default default] No more DHCP agents
2026-05-06 10:38:38.163 7 WARNING neutron.api.rpc.agentnotifiers.dhcp_rpc_agent_api [None req-f1fbdb1b-349a-4dc7-9e27-72df6ac6a77d c7f398a17c254e9396c41eb64354d44f 33a2888a10c84229b6cfcf458f62857b - - default default] Unable to schedule network d70fc0cc-80f5-48fc-923e-80669c55e084: no agents available; will retry on subsequent port and subnet creation events.
2026-05-06 10:38:38.207 7 INFO neutron.plugins.ml2.drivers.ovn.mech_driver.mech_driver [None req-cb0b0d17-b60d-45b1-893a-ff63d2605196 - - - - - -] OVN reports status down for port: af29ebf8-24f4-410b-a803-f5e76b3c7905
2026-05-06 10:38:38.263 7 INFO neutron.db.ovn_revision_numbers_db [None req-f1fbdb1b-349a-4dc7-9e27-72df6ac6a77d c7f398a17c254e9396c41eb64354d44f 33a2888a10c84229b6cfcf458f62857b - - default default] Successfully bumped revision number for resource af29ebf8-24f4-410b-a803-f5e76b3c7905 (type: ports) to 1 [pid: 7|app: 0|req: 1152/2237] 10.0.0.184 () {34 vars in 670 bytes} [Wed May 6 10:38:37 2026] POST /v2.0/networks => generated 767 bytes in 459 msecs (HTTP/1.1 201) 4 headers in 162 bytes (1 switches on core 0)
2026-05-06 10:38:38.448 8 WARNING neutron.scheduler.dhcp_agent_scheduler [None req-5d51356f-ed66-4552-a6fd-bad5b78e6f3c c7f398a17c254e9396c41eb64354d44f 33a2888a10c84229b6cfcf458f62857b - - default default] No more DHCP agents
2026-05-06 10:38:38.449 8 WARNING neutron.api.rpc.agentnotifiers.dhcp_rpc_agent_api [None req-5d51356f-ed66-4552-a6fd-bad5b78e6f3c c7f398a17c254e9396c41eb64354d44f 33a2888a10c84229b6cfcf458f62857b - - default default] Unable to schedule network d70fc0cc-80f5-48fc-923e-80669c55e084: no agents available; will retry on subsequent port and subnet creation events.
2026-05-06 10:38:38.742 7 WARNING neutron.db.securitygroups_db [None req-f12475b1-4fbe-493c-a890-1e94b190100d a7093a4e0cd94679af256d8eba8bcdcf 2cf9a58929234db9aa980cde56c37a23 - - default default] project_id key not found in filters, using tenant_id instead. This support has been deprecated and will be removed in a future release.
2026-05-06 10:38:38.869 7 INFO neutron.db.ovn_revision_numbers_db [None req-f12475b1-4fbe-493c-a890-1e94b190100d a7093a4e0cd94679af256d8eba8bcdcf 2cf9a58929234db9aa980cde56c37a23 - - default default] Successfully bumped revision number for resource 682e07ca-0726-4e1b-8521-80dca8503dd0 (type: security_groups) to 1
2026-05-06 10:38:38.880 8 INFO neutron.db.ovn_revision_numbers_db [None req-5d51356f-ed66-4552-a6fd-bad5b78e6f3c c7f398a17c254e9396c41eb64354d44f 33a2888a10c84229b6cfcf458f62857b - - default default] Successfully bumped revision number for resource af29ebf8-24f4-410b-a803-f5e76b3c7905 (type: ports) to 2
2026-05-06 10:38:38.882 7 INFO neutron.db.ovn_revision_numbers_db [None req-f12475b1-4fbe-493c-a890-1e94b190100d a7093a4e0cd94679af256d8eba8bcdcf 2cf9a58929234db9aa980cde56c37a23 - - default default] Successfully bumped revision number for resource 0b2f18e8-77d3-4a4d-805b-895742746b41 (type: security_group_rules) to 0
2026-05-06 10:38:38.893 7 INFO neutron.db.ovn_revision_numbers_db [None req-f12475b1-4fbe-493c-a890-1e94b190100d a7093a4e0cd94679af256d8eba8bcdcf 2cf9a58929234db9aa980cde56c37a23 - - default default] Successfully bumped revision number for resource 2246eaff-4a03-4dd7-903b-75c8a8923940 (type: security_group_rules) to 0
2026-05-06 10:38:38.904 7 INFO neutron.db.ovn_revision_numbers_db [None req-f12475b1-4fbe-493c-a890-1e94b190100d a7093a4e0cd94679af256d8eba8bcdcf 2cf9a58929234db9aa980cde56c37a23 - - default default] Successfully bumped revision number for resource 246d9b13-1f57-4111-be99-828f8ec08451 (type: security_group_rules) to 0
2026-05-06 10:38:38.915 7 INFO neutron.db.ovn_revision_numbers_db [None req-f12475b1-4fbe-493c-a890-1e94b190100d a7093a4e0cd94679af256d8eba8bcdcf 2cf9a58929234db9aa980cde56c37a23 - - default default] Successfully bumped revision number for resource d7cc4699-cc42-4129-a3d4-df49abb62916 (type: security_group_rules) to 0
2026-05-06 10:38:38.919 8 INFO neutron.db.ovn_revision_numbers_db [None req-5d51356f-ed66-4552-a6fd-bad5b78e6f3c c7f398a17c254e9396c41eb64354d44f 33a2888a10c84229b6cfcf458f62857b - - default default] Successfully bumped revision number for resource 1533b01f-c6b1-4659-93b4-88f11fa21f58 (type: subnets) to 0 [pid: 8|app: 0|req: 1086/2238] 10.0.0.184 () {34 vars in 669 bytes} [Wed May 6 10:38:38 2026] POST /v2.0/subnets => generated 647 bytes in 632 msecs (HTTP/1.1 201) 4 headers in 162 bytes (1 switches on core 0) [pid: 7|app: 0|req: 1153/2239] 10.0.0.184 () {32 vars in 774 bytes} [Wed May 6 10:38:38 2026] GET /v2.0/security-groups?tenant_id=93420c588e904c5297af715915be9ae5&name=default => generated 2925 bytes in 355 msecs (HTTP/1.1 200) 4 headers in 158 bytes (1 switches on core 0)
2026-05-06 10:38:38.961 7 WARNING neutron.api.v2.base [None req-72f75a82-b35d-4d69-9044-b44f13cd5cad c7f398a17c254e9396c41eb64354d44f 33a2888a10c84229b6cfcf458f62857b - - default default] An exception happened while processing the request body. The exception message is [Invalid input for target_tenant. Reason: '1234123412341234123412341234123412341234123412341234123412341234123412341234123412341234123412341234123412341234123412341234123412341234123412341234123412341234123412341234123412341234123412341234123412341234123412341234123412341234123412341234123412341234123412341234123412341234123412341234123412341234123412341234123412341234123412341234123412341234123412341234123412341234123412341234123412341234' exceeds maximum length of 255.].: webob.exc.HTTPBadRequest: Invalid input for target_tenant. Reason: '1234123412341234123412341234123412341234123412341234123412341234123412341234123412341234123412341234123412341234123412341234123412341234123412341234123412341234123412341234123412341234123412341234123412341234123412341234123412341234123412341234123412341234123412341234123412341234123412341234123412341234123412341234123412341234123412341234123412341234123412341234123412341234123412341234123412341234' exceeds maximum length of 255.
2026-05-06 10:38:38.961 7 INFO neutron.api.v2.resource [None req-72f75a82-b35d-4d69-9044-b44f13cd5cad c7f398a17c254e9396c41eb64354d44f 33a2888a10c84229b6cfcf458f62857b - - default default] create failed (client error): Invalid input for target_tenant. Reason: '1234123412341234123412341234123412341234123412341234123412341234123412341234123412341234123412341234123412341234123412341234123412341234123412341234123412341234123412341234123412341234123412341234123412341234123412341234123412341234123412341234123412341234123412341234123412341234123412341234123412341234123412341234123412341234123412341234123412341234123412341234123412341234123412341234123412341234' exceeds maximum length of 255. [pid: 7|app: 0|req: 1154/2240] 10.0.0.184 () {34 vars in 681 bytes} [Wed May 6 10:38:38 2026] POST /v2.0/rbac-policies => generated 547 bytes in 5 msecs (HTTP/1.1 400) 4 headers in 166 bytes (1 switches on core 0) [pid: 7|app: 0|req: 1155/2241] 10.0.0.184 () {32 vars in 740 bytes} [Wed May 6 10:38:38 2026] DELETE /v2.0/security-groups/682e07ca-0726-4e1b-8521-80dca8503dd0 => generated 0 bytes in 149 msecs (HTTP/1.1 204) 2 headers in 112 bytes (1 switches on core 0) [pid: 8|app: 0|req: 1087/2242] 10.0.0.184 () {32 vars in 740 bytes} [Wed May 6 10:38:38 2026] DELETE /v2.0/security-groups/3cebb42e-1059-4005-af50-38a4c4d8c585 => generated 0 bytes in 198 msecs (HTTP/1.1 204) 2 headers in 112 bytes (1 switches on core 0)
2026-05-06 10:38:39.233 7 INFO neutron_taas.services.taas.taas_plugin [None req-cf42b1c5-8936-4ee5-a087-56baa6c79e8d c7f398a17c254e9396c41eb64354d44f 33a2888a10c84229b6cfcf458f62857b - - default default] TaaS: Handle Delete Port: af29ebf8-24f4-410b-a803-f5e76b3c7905
2026-05-06 10:38:39.236 7 INFO neutron_taas.services.taas.tap_mirror_plugin [None req-cf42b1c5-8936-4ee5-a087-56baa6c79e8d c7f398a17c254e9396c41eb64354d44f 33a2888a10c84229b6cfcf458f62857b - - default default] Tap Mirror: Handle Delete Port: af29ebf8-24f4-410b-a803-f5e76b3c7905
2026-05-06 10:38:39.458 8 INFO neutron_taas.services.taas.taas_plugin [None req-13cbd97a-9016-433a-9401-6dc4d63682ea f9f3d45ec2e744e3a9179d2880038be7 c7c19a26d03947328ea5f3c76a8bb979 - - default default] TaaS: Handle Delete Port: 1921748e-e0fd-4419-b9ec-fc6853600354
2026-05-06 10:38:39.461 8 INFO neutron_taas.services.taas.tap_mirror_plugin [None req-13cbd97a-9016-433a-9401-6dc4d63682ea f9f3d45ec2e744e3a9179d2880038be7 c7c19a26d03947328ea5f3c76a8bb979 - - default default] Tap Mirror: Handle Delete Port: 1921748e-e0fd-4419-b9ec-fc6853600354 [pid: 7|app: 0|req: 1156/2243] 10.0.0.184 () {32 vars in 726 bytes} [Wed May 6 10:38:39 2026] DELETE /v2.0/networks/d70fc0cc-80f5-48fc-923e-80669c55e084 => generated 0 bytes in 466 msecs (HTTP/1.1 204) 3 headers in 131 bytes (1 switches on core 0)
2026-05-06 10:38:39.583 7 WARNING neutron.db.securitygroups_db [None req-fe1c5dd2-cde7-4083-bb5e-87a0254a64b4 a7093a4e0cd94679af256d8eba8bcdcf 2cf9a58929234db9aa980cde56c37a23 - - default default] project_id key not found in filters, using tenant_id instead. This support has been deprecated and will be removed in a future release.
2026-05-06 10:38:39.732 7 INFO neutron.db.ovn_revision_numbers_db [None req-fe1c5dd2-cde7-4083-bb5e-87a0254a64b4 a7093a4e0cd94679af256d8eba8bcdcf 2cf9a58929234db9aa980cde56c37a23 - - default default] Successfully bumped revision number for resource 622318d7-21c6-4b14-bee7-734e95af5316 (type: security_groups) to 1
2026-05-06 10:38:39.743 7 INFO neutron.db.ovn_revision_numbers_db [None req-fe1c5dd2-cde7-4083-bb5e-87a0254a64b4 a7093a4e0cd94679af256d8eba8bcdcf 2cf9a58929234db9aa980cde56c37a23 - - default default] Successfully bumped revision number for resource 4c2c6c95-be4f-425c-b2ee-5038aa0a4625 (type: security_group_rules) to 0
2026-05-06 10:38:39.753 7 INFO neutron.db.ovn_revision_numbers_db [None req-fe1c5dd2-cde7-4083-bb5e-87a0254a64b4 a7093a4e0cd94679af256d8eba8bcdcf 2cf9a58929234db9aa980cde56c37a23 - - default default] Successfully bumped revision number for resource 8046d490-4763-479d-b274-31d1028db403 (type: security_group_rules) to 0
2026-05-06 10:38:39.765 7 INFO neutron.db.ovn_revision_numbers_db [None req-fe1c5dd2-cde7-4083-bb5e-87a0254a64b4 a7093a4e0cd94679af256d8eba8bcdcf 2cf9a58929234db9aa980cde56c37a23 - - default default] Successfully bumped revision number for resource cb5bf175-99f1-4c64-9ba3-05bedf69561f (type: security_group_rules) to 0
2026-05-06 10:38:39.776 7 INFO neutron.db.ovn_revision_numbers_db [None req-fe1c5dd2-cde7-4083-bb5e-87a0254a64b4 a7093a4e0cd94679af256d8eba8bcdcf 2cf9a58929234db9aa980cde56c37a23 - - default default] Successfully bumped revision number for resource d79eaea3-21ba-4039-a7a5-85395003a281 (type: security_group_rules) to 0
2026-05-06 10:38:39.815 7 INFO neutron.services.segments.plugin [-] Segment cda029aa-0c54-43cd-bc2c-b6675d8817e5 resource provider aggregate not found
2026-05-06 10:38:39.827 7 INFO neutron.services.segments.plugin [-] Segment cda029aa-0c54-43cd-bc2c-b6675d8817e5 resource provider aggregate not found [pid: 7|app: 0|req: 1157/2244] 10.0.0.184 () {32 vars in 774 bytes} [Wed May 6 10:38:39 2026] GET /v2.0/security-groups?tenant_id=2fba507a4a3846b4bfb5e2d1346e3ab9&name=default => generated 2925 bytes in 251 msecs (HTTP/1.1 200) 4 headers in 158 bytes (1 switches on core 0)
2026-05-06 10:38:39.840 7 INFO neutron.services.segments.plugin [-] Segment cda029aa-0c54-43cd-bc2c-b6675d8817e5 resource provider not found; error: Placement Client Error (4xx): {"errors": [{"status": 404, "title": "Not Found", "detail": "The resource could not be found.\n\n No resource provider with uuid cda029aa-0c54-43cd-bc2c-b6675d8817e5 found for delete ", "request_id": "req-a7018368-e939-426e-8ab7-90461c1ac935"}]}
2026-05-06 10:38:39.846 7 INFO neutron.services.segments.plugin [-] Segment cda029aa-0c54-43cd-bc2c-b6675d8817e5 resource provider not found; error: Placement Client Error (4xx): {"errors": [{"status": 404, "title": "Not Found", "detail": "The resource could not be found.\n\n No resource provider with uuid cda029aa-0c54-43cd-bc2c-b6675d8817e5 found for delete ", "request_id": "req-b54c59fc-d9d8-4ef6-b5e9-3700e5d1aaae"}]}
2026-05-06 10:38:39.903 7 INFO neutron.db.segments_db [None req-e4330d3a-7827-413b-9ae4-9f81f9d100a4 c7f398a17c254e9396c41eb64354d44f 33a2888a10c84229b6cfcf458f62857b - - default default] Added segment 1f95b702-fc48-4e9b-8a5b-20679a5774c3 of type geneve for network 5bf1e7ee-3365-44a6-955d-0ed0886f49ab [pid: 8|app: 0|req: 1088/2245] 10.0.0.184 () {34 vars in 789 bytes} [Wed May 6 10:38:39 2026] PUT /v2.0/routers/9ab5db93-1afb-4b70-bd72-21362d36d25d/remove_router_interface => generated 310 bytes in 799 msecs (HTTP/1.1 200) 4 headers in 157 bytes (1 switches on core 0) /var/lib/openstack/lib/python3.12/site-packages/pycadf/identifier.py:70: UserWarning: Invalid uuid: neutron. To ensure interoperability, identifiers should be a valid uuid. warnings.warn(('Invalid uuid: %s. To ensure interoperability, '
2026-05-06 10:38:40.016 7 INFO neutron.db.ovn_revision_numbers_db [None req-e4330d3a-7827-413b-9ae4-9f81f9d100a4 c7f398a17c254e9396c41eb64354d44f 33a2888a10c84229b6cfcf458f62857b - - default default] Successfully bumped revision number for resource 5bf1e7ee-3365-44a6-955d-0ed0886f49ab (type: networks) to 1 [pid: 8|app: 0|req: 1089/2246] 10.0.0.184 () {32 vars in 740 bytes} [Wed May 6 10:38:39 2026] DELETE /v2.0/security-groups/622318d7-21c6-4b14-bee7-734e95af5316 => generated 0 bytes in 177 msecs (HTTP/1.1 204) 2 headers in 112 bytes (1 switches on core 0)
2026-05-06 10:38:40.163 7 WARNING neutron.scheduler.dhcp_agent_scheduler [None req-e4330d3a-7827-413b-9ae4-9f81f9d100a4 c7f398a17c254e9396c41eb64354d44f 33a2888a10c84229b6cfcf458f62857b - - default default] No more DHCP agents
2026-05-06 10:38:40.164 7 WARNING neutron.api.rpc.agentnotifiers.dhcp_rpc_agent_api [None req-e4330d3a-7827-413b-9ae4-9f81f9d100a4 c7f398a17c254e9396c41eb64354d44f 33a2888a10c84229b6cfcf458f62857b - - default default] Unable to schedule network 5bf1e7ee-3365-44a6-955d-0ed0886f49ab: no agents available; will retry on subsequent port and subnet creation events.
2026-05-06 10:38:40.232 8 INFO neutron.plugins.ml2.drivers.ovn.mech_driver.mech_driver [None req-3c9bc185-2280-4f5b-b7b2-6b04ae1bfa73 - - - - - -] OVN reports status down for port: df954445-e1ee-429b-a039-159294e1ace1
2026-05-06 10:38:40.237 7 INFO neutron.db.ovn_revision_numbers_db [None req-e4330d3a-7827-413b-9ae4-9f81f9d100a4 c7f398a17c254e9396c41eb64354d44f 33a2888a10c84229b6cfcf458f62857b - - default default] Successfully bumped revision number for resource df954445-e1ee-429b-a039-159294e1ace1 (type: ports) to 1 [pid: 7|app: 0|req: 1158/2247] 10.0.0.184 () {34 vars in 670 bytes} [Wed May 6 10:38:39 2026] POST /v2.0/networks => generated 767 bytes in 426 msecs (HTTP/1.1 201) 4 headers in 162 bytes (1 switches on core 0) [pid: 8|app: 0|req: 1090/2248] 10.0.0.184 () {32 vars in 724 bytes} [Wed May 6 10:38:40 2026] DELETE /v2.0/subnets/97784a63-2472-408f-8dd3-dd8ce0d0e439 => generated 0 bytes in 223 msecs (HTTP/1.1 204) 3 headers in 131 bytes (1 switches on core 0)
2026-05-06 10:38:40.371 8 WARNING neutron.db.securitygroups_db [None req-50529e5c-102d-407a-a76c-7f66b590cd31 a7093a4e0cd94679af256d8eba8bcdcf 2cf9a58929234db9aa980cde56c37a23 - - default default] project_id key not found in filters, using tenant_id instead. This support has been deprecated and will be removed in a future release.
2026-05-06 10:38:40.408 7 WARNING neutron.scheduler.dhcp_agent_scheduler [None req-34811995-356d-4e74-9b7d-5b1286fb1783 c7f398a17c254e9396c41eb64354d44f 33a2888a10c84229b6cfcf458f62857b - - default default] No more DHCP agents
2026-05-06 10:38:40.410 7 WARNING neutron.api.rpc.agentnotifiers.dhcp_rpc_agent_api [None req-34811995-356d-4e74-9b7d-5b1286fb1783 c7f398a17c254e9396c41eb64354d44f 33a2888a10c84229b6cfcf458f62857b - - default default] Unable to schedule network 5bf1e7ee-3365-44a6-955d-0ed0886f49ab: no agents available; will retry on subsequent port and subnet creation events.
2026-05-06 10:38:40.490 8 INFO neutron.db.ovn_revision_numbers_db [None req-50529e5c-102d-407a-a76c-7f66b590cd31 a7093a4e0cd94679af256d8eba8bcdcf 2cf9a58929234db9aa980cde56c37a23 - - default default] Successfully bumped revision number for resource e60600b2-9f99-4197-a90b-e305d613d7d0 (type: security_groups) to 1
2026-05-06 10:38:40.504 8 INFO neutron.db.ovn_revision_numbers_db [None req-50529e5c-102d-407a-a76c-7f66b590cd31 a7093a4e0cd94679af256d8eba8bcdcf 2cf9a58929234db9aa980cde56c37a23 - - default default] Successfully bumped revision number for resource 4ff6291e-fe07-4284-9cee-2da15946bf41 (type: security_group_rules) to 0
2026-05-06 10:38:40.516 8 INFO neutron.db.ovn_revision_numbers_db [None req-50529e5c-102d-407a-a76c-7f66b590cd31 a7093a4e0cd94679af256d8eba8bcdcf 2cf9a58929234db9aa980cde56c37a23 - - default default] Successfully bumped revision number for resource 6f4444e9-88e3-457e-b818-0cb879e8e776 (type: security_group_rules) to 0
2026-05-06 10:38:40.526 8 INFO neutron.db.ovn_revision_numbers_db [None req-50529e5c-102d-407a-a76c-7f66b590cd31 a7093a4e0cd94679af256d8eba8bcdcf 2cf9a58929234db9aa980cde56c37a23 - - default default] Successfully bumped revision number for resource 9e0944d9-3484-4d8c-80c7-08faf800f38e (type: security_group_rules) to 0
2026-05-06 10:38:40.537 8 INFO neutron.db.ovn_revision_numbers_db [None req-50529e5c-102d-407a-a76c-7f66b590cd31 a7093a4e0cd94679af256d8eba8bcdcf 2cf9a58929234db9aa980cde56c37a23 - - default default] Successfully bumped revision number for resource c7004d4f-bb9a-430c-b165-0a6baca0fa89 (type: security_group_rules) to 0 [pid: 8|app: 0|req: 1091/2249] 10.0.0.184 () {32 vars in 774 bytes} [Wed May 6 10:38:40 2026] GET /v2.0/security-groups?tenant_id=c3d40b3b42f44ac49484f370327e994f&name=default => generated 2925 bytes in 217 msecs (HTTP/1.1 200) 4 headers in 158 bytes (1 switches on core 0)
2026-05-06 10:38:40.872 7 INFO neutron.db.ovn_revision_numbers_db [None req-34811995-356d-4e74-9b7d-5b1286fb1783 c7f398a17c254e9396c41eb64354d44f 33a2888a10c84229b6cfcf458f62857b - - default default] Successfully bumped revision number for resource df954445-e1ee-429b-a039-159294e1ace1 (type: ports) to 2
2026-05-06 10:38:40.909 7 INFO neutron.db.ovn_revision_numbers_db [None req-34811995-356d-4e74-9b7d-5b1286fb1783 c7f398a17c254e9396c41eb64354d44f 33a2888a10c84229b6cfcf458f62857b - - default default] Successfully bumped revision number for resource f6455a9a-bac0-4011-9b11-b664263b58bd (type: subnets) to 0 [pid: 7|app: 0|req: 1159/2250] 10.0.0.184 () {34 vars in 669 bytes} [Wed May 6 10:38:40 2026] POST /v2.0/subnets => generated 647 bytes in 666 msecs (HTTP/1.1 201) 4 headers in 162 bytes (1 switches on core 0)
2026-05-06 10:38:40.943 8 INFO neutron_taas.services.taas.taas_plugin [None req-42325fe3-5c92-44ee-9350-361ed4dafb65 f9f3d45ec2e744e3a9179d2880038be7 c7c19a26d03947328ea5f3c76a8bb979 - - default default] TaaS: Handle Delete Port: cc28e797-cd96-4d08-82be-45e798d1813d
2026-05-06 10:38:40.946 8 INFO neutron_taas.services.taas.tap_mirror_plugin [None req-42325fe3-5c92-44ee-9350-361ed4dafb65 f9f3d45ec2e744e3a9179d2880038be7 c7c19a26d03947328ea5f3c76a8bb979 - - default default] Tap Mirror: Handle Delete Port: cc28e797-cd96-4d08-82be-45e798d1813d [pid: 7|app: 0|req: 1160/2251] 10.0.0.184 () {32 vars in 740 bytes} [Wed May 6 10:38:40 2026] DELETE /v2.0/security-groups/e60600b2-9f99-4197-a90b-e305d613d7d0 => generated 0 bytes in 166 msecs (HTTP/1.1 204) 2 headers in 112 bytes (1 switches on core 0) [pid: 7|app: 0|req: 1161/2252] 10.0.0.184 () {34 vars in 681 bytes} [Wed May 6 10:38:41 2026] POST /v2.0/rbac-policies => generated 324 bytes in 181 msecs (HTTP/1.1 201) 4 headers in 162 bytes (1 switches on core 0) [pid: 8|app: 0|req: 1092/2253] 10.0.0.184 () {32 vars in 724 bytes} [Wed May 6 10:38:40 2026] DELETE /v2.0/routers/9ab5db93-1afb-4b70-bd72-21362d36d25d => generated 0 bytes in 747 msecs (HTTP/1.1 204) 2 headers in 112 bytes (1 switches on core 0)
2026-05-06 10:38:41.448 7 INFO neutron_taas.services.taas.taas_plugin [None req-fd4b6a3a-5bff-4dc7-b60f-f3a4aef6812f f9f3d45ec2e744e3a9179d2880038be7 c7c19a26d03947328ea5f3c76a8bb979 - - default default] TaaS: Handle Delete Port: 49b05a63-ff52-4029-b1e3-4e3398688657
2026-05-06 10:38:41.451 7 INFO neutron_taas.services.taas.tap_mirror_plugin [None req-fd4b6a3a-5bff-4dc7-b60f-f3a4aef6812f f9f3d45ec2e744e3a9179d2880038be7 c7c19a26d03947328ea5f3c76a8bb979 - - default default] Tap Mirror: Handle Delete Port: 49b05a63-ff52-4029-b1e3-4e3398688657 [pid: 7|app: 0|req: 1162/2254] 10.0.0.184 () {32 vars in 726 bytes} [Wed May 6 10:38:41 2026] DELETE /v2.0/networks/3fa0fe83-ba98-482c-8210-a3e0911f1237 => generated 0 bytes in 309 msecs (HTTP/1.1 204) 3 headers in 131 bytes (1 switches on core 0) [pid: 8|app: 0|req: 1093/2255] 10.0.0.184 () {32 vars in 723 bytes} [Wed May 6 10:38:41 2026] GET /v2.0/networks/5bf1e7ee-3365-44a6-955d-0ed0886f49ab => generated 692 bytes in 128 msecs (HTTP/1.1 200) 4 headers in 157 bytes (1 switches on core 0)
2026-05-06 10:38:41.863 7 INFO neutron.services.segments.plugin [-] Segment af6d3f70-f4cc-44a1-aa46-ec115b3d3cf1 resource provider aggregate not found
2026-05-06 10:38:41.870 7 INFO neutron.services.segments.plugin [-] Segment af6d3f70-f4cc-44a1-aa46-ec115b3d3cf1 resource provider aggregate not found
2026-05-06 10:38:41.876 7 INFO neutron.services.segments.plugin [-] Segment af6d3f70-f4cc-44a1-aa46-ec115b3d3cf1 resource provider not found; error: Placement Client Error (4xx): {"errors": [{"status": 404, "title": "Not Found", "detail": "The resource could not be found.\n\n No resource provider with uuid af6d3f70-f4cc-44a1-aa46-ec115b3d3cf1 found for delete ", "request_id": "req-4200f827-c1db-4122-83e5-c7de033afe69"}]}
2026-05-06 10:38:41.887 7 INFO neutron.services.segments.plugin [-] Segment af6d3f70-f4cc-44a1-aa46-ec115b3d3cf1 resource provider not found; error: Placement Client Error (4xx): {"errors": [{"status": 404, "title": "Not Found", "detail": "The resource could not be found.\n\n No resource provider with uuid af6d3f70-f4cc-44a1-aa46-ec115b3d3cf1 found for delete ", "request_id": "req-6fb9503c-24af-4378-9127-5837363d0ac2"}]}
2026-05-06 10:38:42.231 7 INFO neutron.pecan_wsgi.hooks.translation [None req-4b8e85fa-10e1-4ba3-904d-6dc32d2a339d 75e3bcbad79240d89ee568a9070e0cdc 8e23e440e15e44a2901fc11f49970c97 - - default default] GET failed (client error): The resource could not be found. [pid: 7|app: 0|req: 1163/2256] 10.0.0.184 () {32 vars in 723 bytes} [Wed May 6 10:38:42 2026] GET /v2.0/networks/5bf1e7ee-3365-44a6-955d-0ed0886f49ab => generated 138 bytes in 100 msecs (HTTP/1.1 404) 4 headers in 164 bytes (1 switches on core 0)
2026-05-06 10:38:42.264 8 WARNING neutron.db.securitygroups_db [None req-3d652bfe-1a9e-4715-ba8c-27de75b7ce5e a7093a4e0cd94679af256d8eba8bcdcf 2cf9a58929234db9aa980cde56c37a23 - - default default] project_id key not found in filters, using tenant_id instead. This support has been deprecated and will be removed in a future release.
2026-05-06 10:38:42.399 7 INFO neutron_taas.services.taas.taas_plugin [None req-4d8632c0-9a3a-4a97-93af-cc8baae74593 c7f398a17c254e9396c41eb64354d44f 33a2888a10c84229b6cfcf458f62857b - - default default] TaaS: Handle Delete Port: df954445-e1ee-429b-a039-159294e1ace1
2026-05-06 10:38:42.402 7 INFO neutron_taas.services.taas.tap_mirror_plugin [None req-4d8632c0-9a3a-4a97-93af-cc8baae74593 c7f398a17c254e9396c41eb64354d44f 33a2888a10c84229b6cfcf458f62857b - - default default] Tap Mirror: Handle Delete Port: df954445-e1ee-429b-a039-159294e1ace1
2026-05-06 10:38:42.403 8 INFO neutron.db.ovn_revision_numbers_db [None req-3d652bfe-1a9e-4715-ba8c-27de75b7ce5e a7093a4e0cd94679af256d8eba8bcdcf 2cf9a58929234db9aa980cde56c37a23 - - default default] Successfully bumped revision number for resource 83a0de3b-330a-49d4-a764-a414393213e7 (type: security_groups) to 1
2026-05-06 10:38:42.415 8 INFO neutron.db.ovn_revision_numbers_db [None req-3d652bfe-1a9e-4715-ba8c-27de75b7ce5e a7093a4e0cd94679af256d8eba8bcdcf 2cf9a58929234db9aa980cde56c37a23 - - default default] Successfully bumped revision number for resource 41e120d0-40bc-4f71-a9b4-86903fe114df (type: security_group_rules) to 0
2026-05-06 10:38:42.428 8 INFO neutron.db.ovn_revision_numbers_db [None req-3d652bfe-1a9e-4715-ba8c-27de75b7ce5e a7093a4e0cd94679af256d8eba8bcdcf 2cf9a58929234db9aa980cde56c37a23 - - default default] Successfully bumped revision number for resource 44628a34-448a-40db-9c06-f7dd94ffa5fd (type: security_group_rules) to 0
2026-05-06 10:38:42.440 8 INFO neutron.db.ovn_revision_numbers_db [None req-3d652bfe-1a9e-4715-ba8c-27de75b7ce5e a7093a4e0cd94679af256d8eba8bcdcf 2cf9a58929234db9aa980cde56c37a23 - - default default] Successfully bumped revision number for resource b2d10a68-2b5c-4bcf-b5d2-ce7068a2df7f (type: security_group_rules) to 0
