2026-05-06 10:43:19.032 8 INFO neutron.api.v2.resource [None req-89faf1fd-6966-4053-ad40-c02824be4860 79de10bfa24f4a68aa861db9a66e31c5 153e77f70e2a4fe0b9f0a6418d3fbc50 - - default default] show failed (client error): The resource could not be found. [pid: 8|app: 0|req: 1633/3256] 10.0.0.184 () {32 vars in 747 bytes} [Wed May 6 10:43:19 2026] GET /v2.0/security-group-rules/d1c84b32-c84f-4e38-b0af-228e074ae5f0 => generated 155 bytes in 12 msecs (HTTP/1.1 404) 4 headers in 164 bytes (1 switches on core 0) [pid: 7|app: 0|req: 1624/3257] 10.0.0.184 () {32 vars in 750 bytes} [Wed May 6 10:43:19 2026] DELETE /v2.0/security-group-rules/c60830af-60aa-4ecf-8159-2520e10a78ee => generated 0 bytes in 86 msecs (HTTP/1.1 204) 2 headers in 112 bytes (1 switches on core 0)
2026-05-06 10:43:19.138 8 INFO neutron.api.v2.resource [None req-ff252e77-b7e0-4016-aa5c-ebddc6481561 79de10bfa24f4a68aa861db9a66e31c5 153e77f70e2a4fe0b9f0a6418d3fbc50 - - default default] show failed (client error): The resource could not be found. [pid: 8|app: 0|req: 1634/3258] 10.0.0.184 () {32 vars in 747 bytes} [Wed May 6 10:43:19 2026] GET /v2.0/security-group-rules/c60830af-60aa-4ecf-8159-2520e10a78ee => generated 155 bytes in 12 msecs (HTTP/1.1 404) 4 headers in 164 bytes (1 switches on core 0) [pid: 7|app: 0|req: 1625/3259] 10.0.0.184 () {32 vars in 750 bytes} [Wed May 6 10:43:19 2026] DELETE /v2.0/security-group-rules/ed111a70-1364-4bd5-8ad9-a46ecd12e959 => generated 0 bytes in 76 msecs (HTTP/1.1 204) 2 headers in 112 bytes (1 switches on core 0)
2026-05-06 10:43:19.241 8 INFO neutron.api.v2.resource [None req-8e7ab66f-acd7-4084-a7c0-a240ff5fe91c 79de10bfa24f4a68aa861db9a66e31c5 153e77f70e2a4fe0b9f0a6418d3fbc50 - - default default] show failed (client error): The resource could not be found. [pid: 8|app: 0|req: 1635/3260] 10.0.0.184 () {32 vars in 747 bytes} [Wed May 6 10:43:19 2026] GET /v2.0/security-group-rules/ed111a70-1364-4bd5-8ad9-a46ecd12e959 => generated 155 bytes in 12 msecs (HTTP/1.1 404) 4 headers in 164 bytes (1 switches on core 0) [pid: 7|app: 0|req: 1626/3261] 10.0.0.184 () {32 vars in 750 bytes} [Wed May 6 10:43:19 2026] DELETE /v2.0/security-group-rules/9d8ce501-3678-421d-a19b-58b411046529 => generated 0 bytes in 84 msecs (HTTP/1.1 204) 2 headers in 112 bytes (1 switches on core 0)
2026-05-06 10:43:19.349 8 INFO neutron.api.v2.resource [None req-e56addff-91fd-430c-8eac-449576cebdce 79de10bfa24f4a68aa861db9a66e31c5 153e77f70e2a4fe0b9f0a6418d3fbc50 - - default default] show failed (client error): The resource could not be found. [pid: 8|app: 0|req: 1636/3262] 10.0.0.184 () {32 vars in 747 bytes} [Wed May 6 10:43:19 2026] GET /v2.0/security-group-rules/9d8ce501-3678-421d-a19b-58b411046529 => generated 155 bytes in 15 msecs (HTTP/1.1 404) 4 headers in 164 bytes (1 switches on core 0) [pid: 7|app: 0|req: 1627/3263] 10.0.0.184 () {32 vars in 750 bytes} [Wed May 6 10:43:19 2026] DELETE /v2.0/security-group-rules/e4aaad25-d8ba-4251-8c76-f5ed89a58a20 => generated 0 bytes in 90 msecs (HTTP/1.1 204) 2 headers in 112 bytes (1 switches on core 0)
2026-05-06 10:43:19.461 8 INFO neutron.api.v2.resource [None req-d4563060-d26c-4cd9-8009-bbbc7dad0d2e 79de10bfa24f4a68aa861db9a66e31c5 153e77f70e2a4fe0b9f0a6418d3fbc50 - - default default] show failed (client error): The resource could not be found. [pid: 8|app: 0|req: 1637/3264] 10.0.0.184 () {32 vars in 747 bytes} [Wed May 6 10:43:19 2026] GET /v2.0/security-group-rules/e4aaad25-d8ba-4251-8c76-f5ed89a58a20 => generated 155 bytes in 13 msecs (HTTP/1.1 404) 4 headers in 164 bytes (1 switches on core 0) [pid: 7|app: 0|req: 1628/3265] 10.0.0.184 () {32 vars in 750 bytes} [Wed May 6 10:43:19 2026] DELETE /v2.0/security-group-rules/6631781a-9dab-4b29-9c2c-5d5dc86f1320 => generated 0 bytes in 86 msecs (HTTP/1.1 204) 2 headers in 112 bytes (1 switches on core 0)
2026-05-06 10:43:19.569 8 INFO neutron.api.v2.resource [None req-b62dcc3b-b4a4-4199-a365-3a63932e11f2 79de10bfa24f4a68aa861db9a66e31c5 153e77f70e2a4fe0b9f0a6418d3fbc50 - - default default] show failed (client error): The resource could not be found. [pid: 8|app: 0|req: 1638/3266] 10.0.0.184 () {32 vars in 747 bytes} [Wed May 6 10:43:19 2026] GET /v2.0/security-group-rules/6631781a-9dab-4b29-9c2c-5d5dc86f1320 => generated 155 bytes in 13 msecs (HTTP/1.1 404) 4 headers in 164 bytes (1 switches on core 0) [pid: 7|app: 0|req: 1629/3267] 10.0.0.184 () {32 vars in 750 bytes} [Wed May 6 10:43:19 2026] DELETE /v2.0/security-group-rules/7336cdfc-65fd-4022-b0fa-7ca2bf9f7284 => generated 0 bytes in 98 msecs (HTTP/1.1 204) 2 headers in 112 bytes (1 switches on core 0)
2026-05-06 10:43:19.688 8 INFO neutron.api.v2.resource [None req-568fc762-9e03-4041-9aca-68cf3df166fd 79de10bfa24f4a68aa861db9a66e31c5 153e77f70e2a4fe0b9f0a6418d3fbc50 - - default default] show failed (client error): The resource could not be found. [pid: 8|app: 0|req: 1639/3268] 10.0.0.184 () {32 vars in 747 bytes} [Wed May 6 10:43:19 2026] GET /v2.0/security-group-rules/7336cdfc-65fd-4022-b0fa-7ca2bf9f7284 => generated 155 bytes in 11 msecs (HTTP/1.1 404) 4 headers in 164 bytes (1 switches on core 0) [pid: 7|app: 0|req: 1630/3269] 10.0.0.184 () {32 vars in 750 bytes} [Wed May 6 10:43:19 2026] DELETE /v2.0/security-group-rules/b66e8871-080a-4c7e-beea-59cb4861efd3 => generated 0 bytes in 96 msecs (HTTP/1.1 204) 2 headers in 112 bytes (1 switches on core 0)
2026-05-06 10:43:19.805 8 INFO neutron.api.v2.resource [None req-e48d1ff4-2794-495e-b11b-96931342c6a9 79de10bfa24f4a68aa861db9a66e31c5 153e77f70e2a4fe0b9f0a6418d3fbc50 - - default default] show failed (client error): The resource could not be found. [pid: 8|app: 0|req: 1640/3270] 10.0.0.184 () {32 vars in 747 bytes} [Wed May 6 10:43:19 2026] GET /v2.0/security-group-rules/b66e8871-080a-4c7e-beea-59cb4861efd3 => generated 155 bytes in 13 msecs (HTTP/1.1 404) 4 headers in 164 bytes (1 switches on core 0) [pid: 7|app: 0|req: 1631/3271] 10.0.0.184 () {32 vars in 750 bytes} [Wed May 6 10:43:19 2026] DELETE /v2.0/security-group-rules/641bd7f2-6d49-430c-a8ec-6e7df92443fa => generated 0 bytes in 93 msecs (HTTP/1.1 204) 2 headers in 112 bytes (1 switches on core 0)
2026-05-06 10:43:19.919 8 INFO neutron.api.v2.resource [None req-c8ce3cbb-776d-4dfb-a0c8-57acc148e927 79de10bfa24f4a68aa861db9a66e31c5 153e77f70e2a4fe0b9f0a6418d3fbc50 - - default default] show failed (client error): The resource could not be found. [pid: 8|app: 0|req: 1641/3272] 10.0.0.184 () {32 vars in 747 bytes} [Wed May 6 10:43:19 2026] GET /v2.0/security-group-rules/641bd7f2-6d49-430c-a8ec-6e7df92443fa => generated 155 bytes in 13 msecs (HTTP/1.1 404) 4 headers in 164 bytes (1 switches on core 0) [pid: 7|app: 0|req: 1632/3273] 10.0.0.184 () {32 vars in 750 bytes} [Wed May 6 10:43:19 2026] DELETE /v2.0/security-group-rules/ce31b017-b277-4cf5-acc9-963d1a6df497 => generated 0 bytes in 102 msecs (HTTP/1.1 204) 2 headers in 112 bytes (1 switches on core 0)
2026-05-06 10:43:20.043 8 INFO neutron.api.v2.resource [None req-32dd5721-8f5f-494a-afdd-311b8a2a31da 79de10bfa24f4a68aa861db9a66e31c5 153e77f70e2a4fe0b9f0a6418d3fbc50 - - default default] show failed (client error): The resource could not be found. [pid: 8|app: 0|req: 1642/3274] 10.0.0.184 () {32 vars in 747 bytes} [Wed May 6 10:43:20 2026] GET /v2.0/security-group-rules/ce31b017-b277-4cf5-acc9-963d1a6df497 => generated 155 bytes in 11 msecs (HTTP/1.1 404) 4 headers in 164 bytes (1 switches on core 0) [pid: 7|app: 0|req: 1633/3275] 10.0.0.184 () {32 vars in 750 bytes} [Wed May 6 10:43:20 2026] DELETE /v2.0/security-group-rules/08d32ac3-b00c-4756-bda7-3d0ddf882169 => generated 0 bytes in 98 msecs (HTTP/1.1 204) 2 headers in 112 bytes (1 switches on core 0)
2026-05-06 10:43:20.163 8 INFO neutron.api.v2.resource [None req-75340c57-1c08-492f-8c9e-cb066b12ddc5 79de10bfa24f4a68aa861db9a66e31c5 153e77f70e2a4fe0b9f0a6418d3fbc50 - - default default] show failed (client error): The resource could not be found. [pid: 8|app: 0|req: 1643/3276] 10.0.0.184 () {32 vars in 747 bytes} [Wed May 6 10:43:20 2026] GET /v2.0/security-group-rules/08d32ac3-b00c-4756-bda7-3d0ddf882169 => generated 155 bytes in 12 msecs (HTTP/1.1 404) 4 headers in 164 bytes (1 switches on core 0) [pid: 7|app: 0|req: 1634/3277] 10.0.0.184 () {32 vars in 740 bytes} [Wed May 6 10:43:20 2026] DELETE /v2.0/security-groups/f607df4e-f597-443e-a7f8-d822428a2bf7 => generated 0 bytes in 115 msecs (HTTP/1.1 204) 2 headers in 112 bytes (1 switches on core 0)
2026-05-06 10:43:20.314 8 INFO neutron.api.v2.resource [None req-cad489e0-fb7e-4509-964b-02ea2bd386d2 79de10bfa24f4a68aa861db9a66e31c5 153e77f70e2a4fe0b9f0a6418d3fbc50 - - default default] show failed (client error): The resource could not be found. [pid: 8|app: 0|req: 1644/3278] 10.0.0.184 () {32 vars in 737 bytes} [Wed May 6 10:43:20 2026] GET /v2.0/security-groups/f607df4e-f597-443e-a7f8-d822428a2bf7 => generated 146 bytes in 23 msecs (HTTP/1.1 404) 4 headers in 164 bytes (1 switches on core 0)
2026-05-06 10:43:20.615 7 INFO neutron_taas.services.taas.taas_plugin [None req-6af28507-06b5-40bd-a58e-b61a9bd079ab 79de10bfa24f4a68aa861db9a66e31c5 153e77f70e2a4fe0b9f0a6418d3fbc50 - - default default] TaaS: Handle Delete Port: 62452d33-1299-40e7-adea-f2fb085d0683
2026-05-06 10:43:20.618 7 INFO neutron_taas.services.taas.tap_mirror_plugin [None req-6af28507-06b5-40bd-a58e-b61a9bd079ab 79de10bfa24f4a68aa861db9a66e31c5 153e77f70e2a4fe0b9f0a6418d3fbc50 - - default default] Tap Mirror: Handle Delete Port: 62452d33-1299-40e7-adea-f2fb085d0683 [pid: 7|app: 0|req: 1635/3279] 10.0.0.184 () {34 vars in 789 bytes} [Wed May 6 10:43:20 2026] PUT /v2.0/routers/a3227e6b-7b93-46b9-9b57-339c5e786ac4/remove_router_interface => generated 310 bytes in 712 msecs (HTTP/1.1 200) 4 headers in 157 bytes (1 switches on core 0)
2026-05-06 10:43:21.234 8 INFO neutron.api.v2.resource [None req-7d2c9a47-f847-4abe-a93f-a93d4e9988be 79de10bfa24f4a68aa861db9a66e31c5 153e77f70e2a4fe0b9f0a6418d3fbc50 - - default default] remove_router_interface failed (client error): The resource could not be found. [pid: 8|app: 0|req: 1645/3280] 10.0.0.184 () {34 vars in 789 bytes} [Wed May 6 10:43:21 2026] PUT /v2.0/routers/a3227e6b-7b93-46b9-9b57-339c5e786ac4/remove_router_interface => generated 198 bytes in 144 msecs (HTTP/1.1 404) 4 headers in 164 bytes (1 switches on core 0) /var/lib/openstack/lib/python3.12/site-packages/pycadf/identifier.py:70: UserWarning: Invalid uuid: neutron. To ensure interoperability, identifiers should be a valid uuid. warnings.warn(('Invalid uuid: %s. To ensure interoperability, '
2026-05-06 10:43:21.527 7 INFO neutron_taas.services.taas.taas_plugin [None req-c3ee6d62-7fc0-432a-854c-d7068c41a347 79de10bfa24f4a68aa861db9a66e31c5 153e77f70e2a4fe0b9f0a6418d3fbc50 - - default default] TaaS: Handle Delete Port: 11078272-0974-48a7-9932-0ec5e5a595f0
2026-05-06 10:43:21.530 7 INFO neutron_taas.services.taas.tap_mirror_plugin [None req-c3ee6d62-7fc0-432a-854c-d7068c41a347 79de10bfa24f4a68aa861db9a66e31c5 153e77f70e2a4fe0b9f0a6418d3fbc50 - - default default] Tap Mirror: Handle Delete Port: 11078272-0974-48a7-9932-0ec5e5a595f0 [pid: 7|app: 0|req: 1636/3281] 10.0.0.184 () {34 vars in 789 bytes} [Wed May 6 10:43:21 2026] PUT /v2.0/routers/a3227e6b-7b93-46b9-9b57-339c5e786ac4/remove_router_interface => generated 310 bytes in 783 msecs (HTTP/1.1 200) 4 headers in 157 bytes (1 switches on core 0)
2026-05-06 10:43:22.122 8 INFO neutron.api.v2.resource [None req-a062aca3-1633-4c30-90cb-7a8a771fd810 79de10bfa24f4a68aa861db9a66e31c5 153e77f70e2a4fe0b9f0a6418d3fbc50 - - default default] remove_router_interface failed (client error): The resource could not be found. [pid: 8|app: 0|req: 1646/3282] 10.0.0.184 () {34 vars in 789 bytes} [Wed May 6 10:43:22 2026] PUT /v2.0/routers/a3227e6b-7b93-46b9-9b57-339c5e786ac4/remove_router_interface => generated 198 bytes in 95 msecs (HTTP/1.1 404) 4 headers in 164 bytes (1 switches on core 0) /var/lib/openstack/lib/python3.12/site-packages/pycadf/identifier.py:70: UserWarning: Invalid uuid: neutron. To ensure interoperability, identifiers should be a valid uuid. warnings.warn(('Invalid uuid: %s. To ensure interoperability, '
2026-05-06 10:43:22.419 7 INFO neutron_taas.services.taas.taas_plugin [None req-a7e27a89-a035-4531-be46-017ca3f3ad39 79de10bfa24f4a68aa861db9a66e31c5 153e77f70e2a4fe0b9f0a6418d3fbc50 - - default default] TaaS: Handle Delete Port: 5abc5fc2-af98-423b-ab76-8baffa6cf53a
2026-05-06 10:43:22.423 7 INFO neutron_taas.services.taas.tap_mirror_plugin [None req-a7e27a89-a035-4531-be46-017ca3f3ad39 79de10bfa24f4a68aa861db9a66e31c5 153e77f70e2a4fe0b9f0a6418d3fbc50 - - default default] Tap Mirror: Handle Delete Port: 5abc5fc2-af98-423b-ab76-8baffa6cf53a [pid: 7|app: 0|req: 1637/3283] 10.0.0.184 () {34 vars in 789 bytes} [Wed May 6 10:43:22 2026] PUT /v2.0/routers/a3227e6b-7b93-46b9-9b57-339c5e786ac4/remove_router_interface => generated 310 bytes in 767 msecs (HTTP/1.1 200) 4 headers in 157 bytes (1 switches on core 0)
2026-05-06 10:43:22.989 8 INFO neutron.api.v2.resource [None req-ce532052-6104-4046-b8fb-503d4bcdd308 79de10bfa24f4a68aa861db9a66e31c5 153e77f70e2a4fe0b9f0a6418d3fbc50 - - default default] remove_router_interface failed (client error): The resource could not be found. [pid: 8|app: 0|req: 1647/3284] 10.0.0.184 () {34 vars in 789 bytes} [Wed May 6 10:43:22 2026] PUT /v2.0/routers/a3227e6b-7b93-46b9-9b57-339c5e786ac4/remove_router_interface => generated 198 bytes in 91 msecs (HTTP/1.1 404) 4 headers in 164 bytes (1 switches on core 0) /var/lib/openstack/lib/python3.12/site-packages/pycadf/identifier.py:70: UserWarning: Invalid uuid: neutron. To ensure interoperability, identifiers should be a valid uuid. warnings.warn(('Invalid uuid: %s. To ensure interoperability, '
2026-05-06 10:43:23.345 7 INFO neutron_taas.services.taas.taas_plugin [None req-e2412a10-35e3-48ea-9955-b49301f68adc 79de10bfa24f4a68aa861db9a66e31c5 153e77f70e2a4fe0b9f0a6418d3fbc50 - - default default] TaaS: Handle Delete Port: f815ba8a-e990-48db-b7fa-2d0561e0f73c
2026-05-06 10:43:23.348 7 INFO neutron_taas.services.taas.tap_mirror_plugin [None req-e2412a10-35e3-48ea-9955-b49301f68adc 79de10bfa24f4a68aa861db9a66e31c5 153e77f70e2a4fe0b9f0a6418d3fbc50 - - default default] Tap Mirror: Handle Delete Port: f815ba8a-e990-48db-b7fa-2d0561e0f73c [pid: 7|app: 0|req: 1638/3285] 10.0.0.184 () {32 vars in 724 bytes} [Wed May 6 10:43:22 2026] DELETE /v2.0/routers/a3227e6b-7b93-46b9-9b57-339c5e786ac4 => generated 0 bytes in 751 msecs (HTTP/1.1 204) 2 headers in 112 bytes (1 switches on core 0)
2026-05-06 10:43:23.770 8 INFO neutron.api.v2.resource [None req-8a0cbf29-d884-4af1-9b4b-079b753ff281 79de10bfa24f4a68aa861db9a66e31c5 153e77f70e2a4fe0b9f0a6418d3fbc50 - - default default] show failed (client error): The resource could not be found. [pid: 8|app: 0|req: 1648/3286] 10.0.0.184 () {32 vars in 721 bytes} [Wed May 6 10:43:23 2026] GET /v2.0/routers/a3227e6b-7b93-46b9-9b57-339c5e786ac4 => generated 135 bytes in 20 msecs (HTTP/1.1 404) 4 headers in 164 bytes (1 switches on core 0) [pid: 7|app: 0|req: 1639/3287] 10.0.0.184 () {32 vars in 724 bytes} [Wed May 6 10:43:23 2026] DELETE /v2.0/subnets/d3c0f8f2-1760-4cff-8c16-13c72f0f0275 => generated 0 bytes in 134 msecs (HTTP/1.1 204) 3 headers in 131 bytes (1 switches on core 0)
2026-05-06 10:43:23.927 8 INFO neutron.pecan_wsgi.hooks.translation [None req-a6bb208e-c685-4eda-9f2c-9e91dc87b215 79de10bfa24f4a68aa861db9a66e31c5 153e77f70e2a4fe0b9f0a6418d3fbc50 - - default default] GET failed (client error): The resource could not be found. [pid: 8|app: 0|req: 1649/3288] 10.0.0.184 () {32 vars in 721 bytes} [Wed May 6 10:43:23 2026] GET /v2.0/subnets/d3c0f8f2-1760-4cff-8c16-13c72f0f0275 => generated 136 bytes in 14 msecs (HTTP/1.1 404) 4 headers in 164 bytes (1 switches on core 0) [pid: 7|app: 0|req: 1640/3289] 10.0.0.184 () {32 vars in 724 bytes} [Wed May 6 10:43:23 2026] DELETE /v2.0/subnets/2561b972-03ce-4a3d-a6a1-095b85db40f2 => generated 0 bytes in 168 msecs (HTTP/1.1 204) 3 headers in 131 bytes (1 switches on core 0)
2026-05-06 10:43:24.116 8 INFO neutron.pecan_wsgi.hooks.translation [None req-d962e0eb-08b5-4d5f-a20f-06f1a4d50a95 79de10bfa24f4a68aa861db9a66e31c5 153e77f70e2a4fe0b9f0a6418d3fbc50 - - default default] GET failed (client error): The resource could not be found. [pid: 8|app: 0|req: 1650/3290] 10.0.0.184 () {32 vars in 721 bytes} [Wed May 6 10:43:24 2026] GET /v2.0/subnets/2561b972-03ce-4a3d-a6a1-095b85db40f2 => generated 136 bytes in 13 msecs (HTTP/1.1 404) 4 headers in 164 bytes (1 switches on core 0)
2026-05-06 10:43:24.249 7 INFO neutron_taas.services.taas.taas_plugin [None req-f15c7909-996b-4d50-9426-42511a05b930 79de10bfa24f4a68aa861db9a66e31c5 153e77f70e2a4fe0b9f0a6418d3fbc50 - - default default] TaaS: Handle Delete Port: 5e42d97a-4afb-4f37-81e7-4509edba20df
2026-05-06 10:43:24.251 7 INFO neutron_taas.services.taas.tap_mirror_plugin [None req-f15c7909-996b-4d50-9426-42511a05b930 79de10bfa24f4a68aa861db9a66e31c5 153e77f70e2a4fe0b9f0a6418d3fbc50 - - default default] Tap Mirror: Handle Delete Port: 5e42d97a-4afb-4f37-81e7-4509edba20df
2026-05-06 10:43:24.477 7 INFO neutron.services.segments.plugin [-] Segment 06b27b4c-86cd-4562-96a2-7adbb0a7b75a resource provider aggregate not found
2026-05-06 10:43:24.492 7 INFO neutron.services.segments.plugin [-] Segment 06b27b4c-86cd-4562-96a2-7adbb0a7b75a resource provider aggregate not found
2026-05-06 10:43:24.492 7 INFO neutron.services.segments.plugin [-] Segment 06b27b4c-86cd-4562-96a2-7adbb0a7b75a resource provider not found; error: Placement Client Error (4xx): {"errors": [{"status": 404, "title": "Not Found", "detail": "The resource could not be found.\n\n No resource provider with uuid 06b27b4c-86cd-4562-96a2-7adbb0a7b75a found for delete ", "request_id": "req-577f74f7-c8c6-4337-b8a8-da82a9c3ee73"}]}
2026-05-06 10:43:24.512 7 INFO neutron.services.segments.plugin [-] Segment 06b27b4c-86cd-4562-96a2-7adbb0a7b75a resource provider not found; error: Placement Client Error (4xx): {"errors": [{"status": 404, "title": "Not Found", "detail": "The resource could not be found.\n\n No resource provider with uuid 06b27b4c-86cd-4562-96a2-7adbb0a7b75a found for delete ", "request_id": "req-f9d3b18c-82cf-4424-a4aa-afa8756c4ec1"}]} [pid: 7|app: 0|req: 1641/3291] 10.0.0.184 () {32 vars in 726 bytes} [Wed May 6 10:43:24 2026] DELETE /v2.0/networks/c5380fb5-f0f5-4269-9ac2-8ae17848f047 => generated 0 bytes in 390 msecs (HTTP/1.1 204) 3 headers in 131 bytes (1 switches on core 0)
2026-05-06 10:43:24.535 8 INFO neutron.pecan_wsgi.hooks.translation [None req-a612986c-0601-464b-b6f3-a0392d4687d6 79de10bfa24f4a68aa861db9a66e31c5 153e77f70e2a4fe0b9f0a6418d3fbc50 - - default default] GET failed (client error): The resource could not be found. [pid: 8|app: 0|req: 1651/3292] 10.0.0.184 () {32 vars in 723 bytes} [Wed May 6 10:43:24 2026] GET /v2.0/networks/c5380fb5-f0f5-4269-9ac2-8ae17848f047 => generated 138 bytes in 21 msecs (HTTP/1.1 404) 4 headers in 164 bytes (1 switches on core 0) [pid: 7|app: 0|req: 1642/3293] 10.0.0.184 () {32 vars in 724 bytes} [Wed May 6 10:43:24 2026] DELETE /v2.0/subnets/24bf0f96-9413-4354-a743-862da29407ce => generated 0 bytes in 123 msecs (HTTP/1.1 204) 3 headers in 131 bytes (1 switches on core 0)
2026-05-06 10:43:24.683 8 INFO neutron.pecan_wsgi.hooks.translation [None req-d654626f-e900-47d5-9c82-dd689060db8f 79de10bfa24f4a68aa861db9a66e31c5 153e77f70e2a4fe0b9f0a6418d3fbc50 - - default default] GET failed (client error): The resource could not be found. [pid: 8|app: 0|req: 1652/3294] 10.0.0.184 () {32 vars in 721 bytes} [Wed May 6 10:43:24 2026] GET /v2.0/subnets/24bf0f96-9413-4354-a743-862da29407ce => generated 136 bytes in 16 msecs (HTTP/1.1 404) 4 headers in 164 bytes (1 switches on core 0) [pid: 7|app: 0|req: 1643/3295] 10.0.0.184 () {32 vars in 724 bytes} [Wed May 6 10:43:24 2026] DELETE /v2.0/subnets/0329b344-7ba3-4374-b7c8-3e79f9c8ed05 => generated 0 bytes in 156 msecs (HTTP/1.1 204) 3 headers in 131 bytes (1 switches on core 0)
2026-05-06 10:43:24.866 8 INFO neutron.pecan_wsgi.hooks.translation [None req-ac2b52ec-f3ab-4e8d-978c-47ddbb8443ab 79de10bfa24f4a68aa861db9a66e31c5 153e77f70e2a4fe0b9f0a6418d3fbc50 - - default default] GET failed (client error): The resource could not be found. [pid: 8|app: 0|req: 1653/3296] 10.0.0.184 () {32 vars in 721 bytes} [Wed May 6 10:43:24 2026] GET /v2.0/subnets/0329b344-7ba3-4374-b7c8-3e79f9c8ed05 => generated 136 bytes in 16 msecs (HTTP/1.1 404) 4 headers in 164 bytes (1 switches on core 0)
2026-05-06 10:43:24.987 7 INFO neutron_taas.services.taas.taas_plugin [None req-08ac9225-688f-4dbc-b543-af092ee4b2e1 79de10bfa24f4a68aa861db9a66e31c5 153e77f70e2a4fe0b9f0a6418d3fbc50 - - default default] TaaS: Handle Delete Port: 83227252-a655-42b9-af49-0fc197551e51
2026-05-06 10:43:24.991 7 INFO neutron_taas.services.taas.tap_mirror_plugin [None req-08ac9225-688f-4dbc-b543-af092ee4b2e1 79de10bfa24f4a68aa861db9a66e31c5 153e77f70e2a4fe0b9f0a6418d3fbc50 - - default default] Tap Mirror: Handle Delete Port: 83227252-a655-42b9-af49-0fc197551e51 [pid: 7|app: 0|req: 1644/3297] 10.0.0.184 () {32 vars in 726 bytes} [Wed May 6 10:43:24 2026] DELETE /v2.0/networks/65e1e3d7-04a6-4b59-9b39-683a742490e8 => generated 0 bytes in 381 msecs (HTTP/1.1 204) 3 headers in 131 bytes (1 switches on core 0)
2026-05-06 10:43:25.269 8 INFO neutron.pecan_wsgi.hooks.translation [None req-846e1193-68a7-4639-a1bb-56a25661514a 79de10bfa24f4a68aa861db9a66e31c5 153e77f70e2a4fe0b9f0a6418d3fbc50 - - default default] GET failed (client error): The resource could not be found. [pid: 8|app: 0|req: 1654/3298] 10.0.0.184 () {32 vars in 723 bytes} [Wed May 6 10:43:25 2026] GET /v2.0/networks/65e1e3d7-04a6-4b59-9b39-683a742490e8 => generated 138 bytes in 14 msecs (HTTP/1.1 404) 4 headers in 164 bytes (1 switches on core 0) [pid: 7|app: 0|req: 1645/3299] 10.0.0.184 () {32 vars in 724 bytes} [Wed May 6 10:43:25 2026] DELETE /v2.0/subnets/aa6692b1-0e60-4a7f-b5b6-68f25ea5eb4f => generated 0 bytes in 154 msecs (HTTP/1.1 204) 3 headers in 131 bytes (1 switches on core 0)
2026-05-06 10:43:25.444 8 INFO neutron.pecan_wsgi.hooks.translation [None req-52c99afc-b9f5-46cf-aff3-cf0d8c7b1330 79de10bfa24f4a68aa861db9a66e31c5 153e77f70e2a4fe0b9f0a6418d3fbc50 - - default default] GET failed (client error): The resource could not be found. [pid: 8|app: 0|req: 1655/3300] 10.0.0.184 () {32 vars in 721 bytes} [Wed May 6 10:43:25 2026] GET /v2.0/subnets/aa6692b1-0e60-4a7f-b5b6-68f25ea5eb4f => generated 136 bytes in 14 msecs (HTTP/1.1 404) 4 headers in 164 bytes (1 switches on core 0) [pid: 7|app: 0|req: 1646/3301] 10.0.0.184 () {32 vars in 724 bytes} [Wed May 6 10:43:25 2026] DELETE /v2.0/subnets/62bfeee2-ebb4-4073-b80a-b54d85781223 => generated 0 bytes in 138 msecs (HTTP/1.1 204) 3 headers in 131 bytes (1 switches on core 0)
2026-05-06 10:43:25.610 8 INFO neutron.pecan_wsgi.hooks.translation [None req-53a83c0a-5d9a-4713-ba16-1362a4c5fad4 79de10bfa24f4a68aa861db9a66e31c5 153e77f70e2a4fe0b9f0a6418d3fbc50 - - default default] GET failed (client error): The resource could not be found. [pid: 8|app: 0|req: 1656/3302] 10.0.0.184 () {32 vars in 721 bytes} [Wed May 6 10:43:25 2026] GET /v2.0/subnets/62bfeee2-ebb4-4073-b80a-b54d85781223 => generated 136 bytes in 20 msecs (HTTP/1.1 404) 4 headers in 164 bytes (1 switches on core 0)
2026-05-06 10:43:25.728 7 INFO neutron_taas.services.taas.taas_plugin [None req-57b3442c-7888-4370-afe4-5a27f092ac51 79de10bfa24f4a68aa861db9a66e31c5 153e77f70e2a4fe0b9f0a6418d3fbc50 - - default default] TaaS: Handle Delete Port: 901f19c3-b7ae-4376-80ef-2cd09467630a
2026-05-06 10:43:25.731 7 INFO neutron_taas.services.taas.tap_mirror_plugin [None req-57b3442c-7888-4370-afe4-5a27f092ac51 79de10bfa24f4a68aa861db9a66e31c5 153e77f70e2a4fe0b9f0a6418d3fbc50 - - default default] Tap Mirror: Handle Delete Port: 901f19c3-b7ae-4376-80ef-2cd09467630a [pid: 7|app: 0|req: 1647/3303] 10.0.0.184 () {32 vars in 726 bytes} [Wed May 6 10:43:25 2026] DELETE /v2.0/networks/5e70ecd5-fb0a-4adc-9f84-2fba41fb3088 => generated 0 bytes in 344 msecs (HTTP/1.1 204) 3 headers in 131 bytes (1 switches on core 0)
2026-05-06 10:43:25.977 8 INFO neutron.pecan_wsgi.hooks.translation [None req-45ca37a9-2b54-4568-8d50-93e4c6b21864 79de10bfa24f4a68aa861db9a66e31c5 153e77f70e2a4fe0b9f0a6418d3fbc50 - - default default] GET failed (client error): The resource could not be found. [pid: 8|app: 0|req: 1657/3304] 10.0.0.184 () {32 vars in 723 bytes} [Wed May 6 10:43:25 2026] GET /v2.0/networks/5e70ecd5-fb0a-4adc-9f84-2fba41fb3088 => generated 138 bytes in 14 msecs (HTTP/1.1 404) 4 headers in 164 bytes (1 switches on core 0)
2026-05-06 10:43:26.520 7 INFO neutron.services.segments.plugin [-] Segment eb219757-7dec-4f40-bf8c-77e290d5ca06 resource provider aggregate not found
2026-05-06 10:43:26.535 7 INFO neutron.services.segments.plugin [-] Segment eb219757-7dec-4f40-bf8c-77e290d5ca06 resource provider aggregate not found
2026-05-06 10:43:26.540 7 INFO neutron.services.segments.plugin [-] Segment eb219757-7dec-4f40-bf8c-77e290d5ca06 resource provider not found; error: Placement Client Error (4xx): {"errors": [{"status": 404, "title": "Not Found", "detail": "The resource could not be found.\n\n No resource provider with uuid eb219757-7dec-4f40-bf8c-77e290d5ca06 found for delete ", "request_id": "req-3f2997ca-fb36-44a6-960c-7fc4f215171f"}]}
2026-05-06 10:43:26.557 7 INFO neutron.services.segments.plugin [-] Segment eb219757-7dec-4f40-bf8c-77e290d5ca06 resource provider not found; error: Placement Client Error (4xx): {"errors": [{"status": 404, "title": "Not Found", "detail": "The resource could not be found.\n\n No resource provider with uuid eb219757-7dec-4f40-bf8c-77e290d5ca06 found for delete ", "request_id": "req-69639424-81ca-46ea-ad4e-cfbcb9fe2328"}]}
2026-05-06 10:43:26.558 7 INFO neutron.services.segments.plugin [-] Segment 2566346f-ab48-4a3d-a9ae-2d503b5bf7aa resource provider aggregate not found
2026-05-06 10:43:26.587 7 INFO neutron.services.segments.plugin [-] Segment 2566346f-ab48-4a3d-a9ae-2d503b5bf7aa resource provider aggregate not found
2026-05-06 10:43:26.593 7 INFO neutron.services.segments.plugin [-] Segment 2566346f-ab48-4a3d-a9ae-2d503b5bf7aa resource provider not found; error: Placement Client Error (4xx): {"errors": [{"status": 404, "title": "Not Found", "detail": "The resource could not be found.\n\n No resource provider with uuid 2566346f-ab48-4a3d-a9ae-2d503b5bf7aa found for delete ", "request_id": "req-29ce628d-5c07-4a76-9d63-9f05d63f240e"}]}
2026-05-06 10:43:26.616 7 INFO neutron.services.segments.plugin [-] Segment 2566346f-ab48-4a3d-a9ae-2d503b5bf7aa resource provider not found; error: Placement Client Error (4xx): {"errors": [{"status": 404, "title": "Not Found", "detail": "The resource could not be found.\n\n No resource provider with uuid 2566346f-ab48-4a3d-a9ae-2d503b5bf7aa found for delete ", "request_id": "req-ee19375b-caf7-4870-8947-5892fb833247"}]}
2026-05-06 10:43:27.880 7 WARNING neutron.db.securitygroups_db [None req-7306fd15-bbd8-4b63-a256-130e21e228d7 a7093a4e0cd94679af256d8eba8bcdcf 2cf9a58929234db9aa980cde56c37a23 - - default default] project_id key not found in filters, using tenant_id instead. This support has been deprecated and will be removed in a future release.
2026-05-06 10:43:28.012 7 INFO neutron.db.ovn_revision_numbers_db [None req-7306fd15-bbd8-4b63-a256-130e21e228d7 a7093a4e0cd94679af256d8eba8bcdcf 2cf9a58929234db9aa980cde56c37a23 - - default default] Successfully bumped revision number for resource 6f6d48e0-6599-4855-bb2c-08ef6ecc8b6e (type: security_groups) to 1
2026-05-06 10:43:28.022 7 INFO neutron.db.ovn_revision_numbers_db [None req-7306fd15-bbd8-4b63-a256-130e21e228d7 a7093a4e0cd94679af256d8eba8bcdcf 2cf9a58929234db9aa980cde56c37a23 - - default default] Successfully bumped revision number for resource 317eeeb3-8180-4590-9e30-e4c8f81d106a (type: security_group_rules) to 0
2026-05-06 10:43:28.034 7 INFO neutron.db.ovn_revision_numbers_db [None req-7306fd15-bbd8-4b63-a256-130e21e228d7 a7093a4e0cd94679af256d8eba8bcdcf 2cf9a58929234db9aa980cde56c37a23 - - default default] Successfully bumped revision number for resource 38afc471-419e-4c86-8d6e-0aab668b7236 (type: security_group_rules) to 0
2026-05-06 10:43:28.045 7 INFO neutron.db.ovn_revision_numbers_db [None req-7306fd15-bbd8-4b63-a256-130e21e228d7 a7093a4e0cd94679af256d8eba8bcdcf 2cf9a58929234db9aa980cde56c37a23 - - default default] Successfully bumped revision number for resource e58e5804-19bf-4581-8466-0007fd37deca (type: security_group_rules) to 0
2026-05-06 10:43:28.056 7 INFO neutron.db.ovn_revision_numbers_db [None req-7306fd15-bbd8-4b63-a256-130e21e228d7 a7093a4e0cd94679af256d8eba8bcdcf 2cf9a58929234db9aa980cde56c37a23 - - default default] Successfully bumped revision number for resource eedf3758-7447-4ff3-8d51-881aa05a1ea9 (type: security_group_rules) to 0 [pid: 7|app: 0|req: 1648/3307] 10.0.0.184 () {32 vars in 774 bytes} [Wed May 6 10:43:27 2026] GET /v2.0/security-groups?tenant_id=8151af65156641b09d1da8fc224a6e8b&name=default => generated 2929 bytes in 362 msecs (HTTP/1.1 200) 4 headers in 158 bytes (1 switches on core 0) [pid: 8|app: 0|req: 1660/3308] 10.0.0.184 () {32 vars in 740 bytes} [Wed May 6 10:43:28 2026] DELETE /v2.0/security-groups/6f6d48e0-6599-4855-bb2c-08ef6ecc8b6e => generated 0 bytes in 184 msecs (HTTP/1.1 204) 2 headers in 112 bytes (1 switches on core 0)
2026-05-06 10:43:28.377 7 WARNING neutron.db.securitygroups_db [None req-726c3105-8700-4177-ab91-3b7b2cfaafb1 a7093a4e0cd94679af256d8eba8bcdcf 2cf9a58929234db9aa980cde56c37a23 - - default default] project_id key not found in filters, using tenant_id instead. This support has been deprecated and will be removed in a future release.
2026-05-06 10:43:28.512 7 INFO neutron.db.ovn_revision_numbers_db [None req-726c3105-8700-4177-ab91-3b7b2cfaafb1 a7093a4e0cd94679af256d8eba8bcdcf 2cf9a58929234db9aa980cde56c37a23 - - default default] Successfully bumped revision number for resource 86c2181e-ca06-48f1-a48f-07acc1efa4dd (type: security_groups) to 1
2026-05-06 10:43:28.524 7 INFO neutron.db.ovn_revision_numbers_db [None req-726c3105-8700-4177-ab91-3b7b2cfaafb1 a7093a4e0cd94679af256d8eba8bcdcf 2cf9a58929234db9aa980cde56c37a23 - - default default] Successfully bumped revision number for resource 31ef5344-933a-4735-af41-8b4bd662ed16 (type: security_group_rules) to 0
2026-05-06 10:43:28.536 7 INFO neutron.db.ovn_revision_numbers_db [None req-726c3105-8700-4177-ab91-3b7b2cfaafb1 a7093a4e0cd94679af256d8eba8bcdcf 2cf9a58929234db9aa980cde56c37a23 - - default default] Successfully bumped revision number for resource 4c4c3388-935a-4805-b328-d7f5fa00e049 (type: security_group_rules) to 0
2026-05-06 10:43:28.547 7 INFO neutron.db.ovn_revision_numbers_db [None req-726c3105-8700-4177-ab91-3b7b2cfaafb1 a7093a4e0cd94679af256d8eba8bcdcf 2cf9a58929234db9aa980cde56c37a23 - - default default] Successfully bumped revision number for resource 86611204-5501-49cc-a11a-c0b59f8b7711 (type: security_group_rules) to 0
2026-05-06 10:43:28.561 7 INFO neutron.db.ovn_revision_numbers_db [None req-726c3105-8700-4177-ab91-3b7b2cfaafb1 a7093a4e0cd94679af256d8eba8bcdcf 2cf9a58929234db9aa980cde56c37a23 - - default default] Successfully bumped revision number for resource b4e65bd4-927e-4669-81be-1eb2c56037e8 (type: security_group_rules) to 0 [pid: 7|app: 0|req: 1649/3309] 10.0.0.184 () {32 vars in 774 bytes} [Wed May 6 10:43:28 2026] GET /v2.0/security-groups?tenant_id=54b4c14bb20b4fd9b18508eaaadbdbcc&name=default => generated 2929 bytes in 225 msecs (HTTP/1.1 200) 4 headers in 158 bytes (1 switches on core 0) [pid: 8|app: 0|req: 1661/3310] 10.0.0.184 () {32 vars in 740 bytes} [Wed May 6 10:43:28 2026] DELETE /v2.0/security-groups/86c2181e-ca06-48f1-a48f-07acc1efa4dd => generated 0 bytes in 163 msecs (HTTP/1.1 204) 2 headers in 112 bytes (1 switches on core 0)
2026-05-06 10:43:28.904 7 WARNING neutron.db.securitygroups_db [None req-b6cdf62d-307d-4e17-8c92-01e537ac6e58 a7093a4e0cd94679af256d8eba8bcdcf 2cf9a58929234db9aa980cde56c37a23 - - default default] project_id key not found in filters, using tenant_id instead. This support has been deprecated and will be removed in a future release.
2026-05-06 10:43:29.018 7 INFO neutron.db.ovn_revision_numbers_db [None req-b6cdf62d-307d-4e17-8c92-01e537ac6e58 a7093a4e0cd94679af256d8eba8bcdcf 2cf9a58929234db9aa980cde56c37a23 - - default default] Successfully bumped revision number for resource 0f6ccf18-046e-49ac-8e6e-18de7799649b (type: security_groups) to 1
2026-05-06 10:43:29.030 7 INFO neutron.db.ovn_revision_numbers_db [None req-b6cdf62d-307d-4e17-8c92-01e537ac6e58 a7093a4e0cd94679af256d8eba8bcdcf 2cf9a58929234db9aa980cde56c37a23 - - default default] Successfully bumped revision number for resource 7b4a85c0-0d3d-47fd-ad2b-22f38332d21e (type: security_group_rules) to 0
2026-05-06 10:43:29.042 7 INFO neutron.db.ovn_revision_numbers_db [None req-b6cdf62d-307d-4e17-8c92-01e537ac6e58 a7093a4e0cd94679af256d8eba8bcdcf 2cf9a58929234db9aa980cde56c37a23 - - default default] Successfully bumped revision number for resource 8ef9c530-8627-46d4-8a30-2b323c2b8125 (type: security_group_rules) to 0
2026-05-06 10:43:29.054 7 INFO neutron.db.ovn_revision_numbers_db [None req-b6cdf62d-307d-4e17-8c92-01e537ac6e58 a7093a4e0cd94679af256d8eba8bcdcf 2cf9a58929234db9aa980cde56c37a23 - - default default] Successfully bumped revision number for resource ca3eebfc-6410-446b-8116-b057bb9d9eec (type: security_group_rules) to 0
2026-05-06 10:43:29.064 7 INFO neutron.db.ovn_revision_numbers_db [None req-b6cdf62d-307d-4e17-8c92-01e537ac6e58 a7093a4e0cd94679af256d8eba8bcdcf 2cf9a58929234db9aa980cde56c37a23 - - default default] Successfully bumped revision number for resource ed92a8d5-0ba4-4bc9-8c53-6145421343c4 (type: security_group_rules) to 0 [pid: 7|app: 0|req: 1650/3311] 10.0.0.184 () {32 vars in 774 bytes} [Wed May 6 10:43:28 2026] GET /v2.0/security-groups?tenant_id=946760dec30b44d5a20558f6cb988282&name=default => generated 2929 bytes in 202 msecs (HTTP/1.1 200) 4 headers in 158 bytes (1 switches on core 0) [pid: 8|app: 0|req: 1662/3312] 10.0.0.184 () {32 vars in 740 bytes} [Wed May 6 10:43:29 2026] DELETE /v2.0/security-groups/0f6ccf18-046e-49ac-8e6e-18de7799649b => generated 0 bytes in 156 msecs (HTTP/1.1 204) 2 headers in 112 bytes (1 switches on core 0)
2026-05-06 10:43:29.390 7 WARNING neutron.db.securitygroups_db [None req-0bcd091f-583d-4d53-9a21-9f45af15f6c8 a7093a4e0cd94679af256d8eba8bcdcf 2cf9a58929234db9aa980cde56c37a23 - - default default] project_id key not found in filters, using tenant_id instead. This support has been deprecated and will be removed in a future release. [pid: 7|app: 0|req: 1651/3313] 10.0.0.184 () {32 vars in 774 bytes} [Wed May 6 10:43:29 2026] GET /v2.0/security-groups?tenant_id=153e77f70e2a4fe0b9f0a6418d3fbc50&name=default => generated 2925 bytes in 26 msecs (HTTP/1.1 200) 4 headers in 158 bytes (1 switches on core 0) [pid: 8|app: 0|req: 1663/3314] 10.0.0.184 () {32 vars in 740 bytes} [Wed May 6 10:43:29 2026] DELETE /v2.0/security-groups/24795e79-fca2-46bb-9eba-ee8ecadc0fe6 => generated 0 bytes in 172 msecs (HTTP/1.1 204) 2 headers in 112 bytes (1 switches on core 0)
2026-05-06 10:43:29.720 7 WARNING neutron.db.securitygroups_db [None req-b1415a7f-9d68-46ce-b88e-4b162190d3d0 a7093a4e0cd94679af256d8eba8bcdcf 2cf9a58929234db9aa980cde56c37a23 - - default default] project_id key not found in filters, using tenant_id instead. This support has been deprecated and will be removed in a future release.
2026-05-06 10:43:29.837 7 INFO neutron.db.ovn_revision_numbers_db [None req-b1415a7f-9d68-46ce-b88e-4b162190d3d0 a7093a4e0cd94679af256d8eba8bcdcf 2cf9a58929234db9aa980cde56c37a23 - - default default] Successfully bumped revision number for resource 8a43253d-88fc-41b3-a9f2-284c651a1bd9 (type: security_groups) to 1
2026-05-06 10:43:29.849 7 INFO neutron.db.ovn_revision_numbers_db [None req-b1415a7f-9d68-46ce-b88e-4b162190d3d0 a7093a4e0cd94679af256d8eba8bcdcf 2cf9a58929234db9aa980cde56c37a23 - - default default] Successfully bumped revision number for resource 01daf92b-1bc6-455d-8303-a73b3683c092 (type: security_group_rules) to 0
2026-05-06 10:43:29.860 7 INFO neutron.db.ovn_revision_numbers_db [None req-b1415a7f-9d68-46ce-b88e-4b162190d3d0 a7093a4e0cd94679af256d8eba8bcdcf 2cf9a58929234db9aa980cde56c37a23 - - default default] Successfully bumped revision number for resource 5f05ad19-11c2-416d-9ad3-ae033891b5e3 (type: security_group_rules) to 0
2026-05-06 10:43:29.872 7 INFO neutron.db.ovn_revision_numbers_db [None req-b1415a7f-9d68-46ce-b88e-4b162190d3d0 a7093a4e0cd94679af256d8eba8bcdcf 2cf9a58929234db9aa980cde56c37a23 - - default default] Successfully bumped revision number for resource 64ef2179-41a0-4468-a497-ca76e3fed142 (type: security_group_rules) to 0
2026-05-06 10:43:29.881 7 INFO neutron.db.ovn_revision_numbers_db [None req-b1415a7f-9d68-46ce-b88e-4b162190d3d0 a7093a4e0cd94679af256d8eba8bcdcf 2cf9a58929234db9aa980cde56c37a23 - - default default] Successfully bumped revision number for resource cb855b8a-8119-4e3c-ab56-4a9f6ee450be (type: security_group_rules) to 0 [pid: 7|app: 0|req: 1652/3315] 10.0.0.184 () {32 vars in 774 bytes} [Wed May 6 10:43:29 2026] GET /v2.0/security-groups?tenant_id=feed8da8e6454a79887a53cbb8c5b8f8&name=default => generated 2929 bytes in 206 msecs (HTTP/1.1 200) 4 headers in 158 bytes (1 switches on core 0) [pid: 8|app: 0|req: 1664/3316] 10.0.0.184 () {32 vars in 740 bytes} [Wed May 6 10:43:29 2026] DELETE /v2.0/security-groups/8a43253d-88fc-41b3-a9f2-284c651a1bd9 => generated 0 bytes in 181 msecs (HTTP/1.1 204) 2 headers in 112 bytes (1 switches on core 0)
2026-05-06 10:43:30.265 7 WARNING neutron.db.securitygroups_db [None req-998124d4-f437-43cf-b537-54927b68deda a7093a4e0cd94679af256d8eba8bcdcf 2cf9a58929234db9aa980cde56c37a23 - - default default] project_id key not found in filters, using tenant_id instead. This support has been deprecated and will be removed in a future release.
2026-05-06 10:43:30.394 7 INFO neutron.db.ovn_revision_numbers_db [None req-998124d4-f437-43cf-b537-54927b68deda a7093a4e0cd94679af256d8eba8bcdcf 2cf9a58929234db9aa980cde56c37a23 - - default default] Successfully bumped revision number for resource c214b2d0-2ebd-434d-99d4-c8429258b5ca (type: security_groups) to 1
2026-05-06 10:43:30.405 7 INFO neutron.db.ovn_revision_numbers_db [None req-998124d4-f437-43cf-b537-54927b68deda a7093a4e0cd94679af256d8eba8bcdcf 2cf9a58929234db9aa980cde56c37a23 - - default default] Successfully bumped revision number for resource 19f84c3a-51f3-407c-b9bf-2c4fe1d3f3b5 (type: security_group_rules) to 0
2026-05-06 10:43:30.420 7 INFO neutron.db.ovn_revision_numbers_db [None req-998124d4-f437-43cf-b537-54927b68deda a7093a4e0cd94679af256d8eba8bcdcf 2cf9a58929234db9aa980cde56c37a23 - - default default] Successfully bumped revision number for resource 5d3d2fa7-fc45-4e04-9b4a-b70b772fdd45 (type: security_group_rules) to 0
2026-05-06 10:43:30.430 7 INFO neutron.db.ovn_revision_numbers_db [None req-998124d4-f437-43cf-b537-54927b68deda a7093a4e0cd94679af256d8eba8bcdcf 2cf9a58929234db9aa980cde56c37a23 - - default default] Successfully bumped revision number for resource 78e7c74e-7b86-409d-a295-013da5b906e4 (type: security_group_rules) to 0
2026-05-06 10:43:30.441 7 INFO neutron.db.ovn_revision_numbers_db [None req-998124d4-f437-43cf-b537-54927b68deda a7093a4e0cd94679af256d8eba8bcdcf 2cf9a58929234db9aa980cde56c37a23 - - default default] Successfully bumped revision number for resource a8deeecf-cb7b-4785-af9d-c54ac807bda5 (type: security_group_rules) to 0 [pid: 7|app: 0|req: 1653/3317] 10.0.0.184 () {32 vars in 774 bytes} [Wed May 6 10:43:30 2026] GET /v2.0/security-groups?tenant_id=3aeb284615864be2a32099297cdff550&name=default => generated 2929 bytes in 226 msecs (HTTP/1.1 200) 4 headers in 158 bytes (1 switches on core 0) [pid: 8|app: 0|req: 1665/3318] 10.0.0.184 () {32 vars in 740 bytes} [Wed May 6 10:43:30 2026] DELETE /v2.0/security-groups/c214b2d0-2ebd-434d-99d4-c8429258b5ca => generated 0 bytes in 213 msecs (HTTP/1.1 204) 2 headers in 112 bytes (1 switches on core 0)
2026-05-06 10:43:30.830 7 WARNING neutron.db.securitygroups_db [None req-de610b02-c2e0-4476-a6b2-2b483af5822a a7093a4e0cd94679af256d8eba8bcdcf 2cf9a58929234db9aa980cde56c37a23 - - default default] project_id key not found in filters, using tenant_id instead. This support has been deprecated and will be removed in a future release.
2026-05-06 10:43:30.962 7 INFO neutron.db.ovn_revision_numbers_db [None req-de610b02-c2e0-4476-a6b2-2b483af5822a a7093a4e0cd94679af256d8eba8bcdcf 2cf9a58929234db9aa980cde56c37a23 - - default default] Successfully bumped revision number for resource 8c08ffec-c721-4a6d-b01f-2775129e4622 (type: security_groups) to 1
2026-05-06 10:43:30.974 7 INFO neutron.db.ovn_revision_numbers_db [None req-de610b02-c2e0-4476-a6b2-2b483af5822a a7093a4e0cd94679af256d8eba8bcdcf 2cf9a58929234db9aa980cde56c37a23 - - default default] Successfully bumped revision number for resource 32f7d4f9-d39a-40fc-b0a7-13d7fee91c9a (type: security_group_rules) to 0
2026-05-06 10:43:30.985 7 INFO neutron.db.ovn_revision_numbers_db [None req-de610b02-c2e0-4476-a6b2-2b483af5822a a7093a4e0cd94679af256d8eba8bcdcf 2cf9a58929234db9aa980cde56c37a23 - - default default] Successfully bumped revision number for resource 4de9c869-741f-4148-bdd3-670d88912946 (type: security_group_rules) to 0
2026-05-06 10:43:30.996 7 INFO neutron.db.ovn_revision_numbers_db [None req-de610b02-c2e0-4476-a6b2-2b483af5822a a7093a4e0cd94679af256d8eba8bcdcf 2cf9a58929234db9aa980cde56c37a23 - - default default] Successfully bumped revision number for resource 685fb46b-8398-47e7-b8d6-74581bbc4fc9 (type: security_group_rules) to 0
2026-05-06 10:43:31.006 7 INFO neutron.db.ovn_revision_numbers_db [None req-de610b02-c2e0-4476-a6b2-2b483af5822a a7093a4e0cd94679af256d8eba8bcdcf 2cf9a58929234db9aa980cde56c37a23 - - default default] Successfully bumped revision number for resource 78fa568e-4648-4fe2-a023-99f763a4931c (type: security_group_rules) to 0 [pid: 7|app: 0|req: 1654/3319] 10.0.0.184 () {32 vars in 774 bytes} [Wed May 6 10:43:30 2026] GET /v2.0/security-groups?tenant_id=489b02f9de2741d0957324cf5b76a9d4&name=default => generated 2929 bytes in 221 msecs (HTTP/1.1 200) 4 headers in 158 bytes (1 switches on core 0) [pid: 8|app: 0|req: 1666/3320] 10.0.0.184 () {32 vars in 740 bytes} [Wed May 6 10:43:31 2026] DELETE /v2.0/security-groups/8c08ffec-c721-4a6d-b01f-2775129e4622 => generated 0 bytes in 166 msecs (HTTP/1.1 204) 2 headers in 112 bytes (1 switches on core 0)
2026-05-06 10:43:35.383 7 INFO neutron.db.ovn_revision_numbers_db [None req-f29cbf2b-967e-449c-9d4f-efa1ec492445 234187f60e30434a929d560b1ab5f049 1332bfa6692742a5a0359325e212bcc4 - - default default] Successfully bumped revision number for resource 099121a3-17ea-4362-9f18-182865b4da2a (type: security_groups) to 1
2026-05-06 10:43:35.392 7 INFO neutron.db.ovn_revision_numbers_db [None req-f29cbf2b-967e-449c-9d4f-efa1ec492445 234187f60e30434a929d560b1ab5f049 1332bfa6692742a5a0359325e212bcc4 - - default default] Successfully bumped revision number for resource 12a10e9b-ff81-46d6-966c-beac50653f89 (type: security_group_rules) to 0
2026-05-06 10:43:35.402 7 INFO neutron.db.ovn_revision_numbers_db [None req-f29cbf2b-967e-449c-9d4f-efa1ec492445 234187f60e30434a929d560b1ab5f049 1332bfa6692742a5a0359325e212bcc4 - - default default] Successfully bumped revision number for resource 64c11df9-11c5-4ca5-835e-655a63c68460 (type: security_group_rules) to 0
2026-05-06 10:43:35.412 7 INFO neutron.db.ovn_revision_numbers_db [None req-f29cbf2b-967e-449c-9d4f-efa1ec492445 234187f60e30434a929d560b1ab5f049 1332bfa6692742a5a0359325e212bcc4 - - default default] Successfully bumped revision number for resource b2859b36-49de-48bf-bf99-a90b1b641cc1 (type: security_group_rules) to 0
2026-05-06 10:43:35.422 7 INFO neutron.db.ovn_revision_numbers_db [None req-f29cbf2b-967e-449c-9d4f-efa1ec492445 234187f60e30434a929d560b1ab5f049 1332bfa6692742a5a0359325e212bcc4 - - default default] Successfully bumped revision number for resource f67358a0-b47e-4e0c-bc37-bcecdde4e3b4 (type: security_group_rules) to 0
2026-05-06 10:43:35.490 7 INFO neutron.db.segments_db [None req-f29cbf2b-967e-449c-9d4f-efa1ec492445 234187f60e30434a929d560b1ab5f049 1332bfa6692742a5a0359325e212bcc4 - - default default] Added segment adf6e6a9-fb98-46aa-9d27-fbf682759910 of type geneve for network f04fbe94-e9ad-497b-9167-d2cfe518a443
2026-05-06 10:43:35.590 7 INFO neutron.db.ovn_revision_numbers_db [None req-f29cbf2b-967e-449c-9d4f-efa1ec492445 234187f60e30434a929d560b1ab5f049 1332bfa6692742a5a0359325e212bcc4 - - default default] Successfully bumped revision number for resource f04fbe94-e9ad-497b-9167-d2cfe518a443 (type: networks) to 1
2026-05-06 10:43:35.749 7 WARNING neutron.scheduler.dhcp_agent_scheduler [None req-f29cbf2b-967e-449c-9d4f-efa1ec492445 234187f60e30434a929d560b1ab5f049 1332bfa6692742a5a0359325e212bcc4 - - default default] No more DHCP agents
2026-05-06 10:43:35.751 7 WARNING neutron.api.rpc.agentnotifiers.dhcp_rpc_agent_api [None req-f29cbf2b-967e-449c-9d4f-efa1ec492445 234187f60e30434a929d560b1ab5f049 1332bfa6692742a5a0359325e212bcc4 - - default default] Unable to schedule network f04fbe94-e9ad-497b-9167-d2cfe518a443: no agents available; will retry on subsequent port and subnet creation events.
2026-05-06 10:43:35.800 8 INFO neutron.plugins.ml2.drivers.ovn.mech_driver.mech_driver [None req-490d3341-fa71-4242-85a7-a78b37823804 - - - - - -] OVN reports status down for port: 6b70a5c9-6531-4bb1-9410-32a371e0be2e
2026-05-06 10:43:35.817 7 INFO neutron.db.ovn_revision_numbers_db [None req-f29cbf2b-967e-449c-9d4f-efa1ec492445 234187f60e30434a929d560b1ab5f049 1332bfa6692742a5a0359325e212bcc4 - - default default] Successfully bumped revision number for resource 6b70a5c9-6531-4bb1-9410-32a371e0be2e (type: ports) to 1 [pid: 7|app: 0|req: 1655/3321] 10.0.0.184 () {34 vars in 670 bytes} [Wed May 6 10:43:35 2026] POST /v2.0/networks => generated 670 bytes in 750 msecs (HTTP/1.1 201) 4 headers in 162 bytes (1 switches on core 0)
2026-05-06 10:43:35.944 8 INFO neutron.db.segments_db [None req-ad4555b2-1cc4-44f9-8029-499adf844ee9 234187f60e30434a929d560b1ab5f049 1332bfa6692742a5a0359325e212bcc4 - - default default] Added segment b512a683-32a8-423d-b86d-8658b44d26bc of type geneve for network d31f0316-2392-4000-a1ea-9d30d14ffd5a
2026-05-06 10:43:36.069 8 INFO neutron.db.ovn_revision_numbers_db [None req-ad4555b2-1cc4-44f9-8029-499adf844ee9 234187f60e30434a929d560b1ab5f049 1332bfa6692742a5a0359325e212bcc4 - - default default] Successfully bumped revision number for resource d31f0316-2392-4000-a1ea-9d30d14ffd5a (type: networks) to 1
2026-05-06 10:43:36.246 8 WARNING neutron.scheduler.dhcp_agent_scheduler [None req-ad4555b2-1cc4-44f9-8029-499adf844ee9 234187f60e30434a929d560b1ab5f049 1332bfa6692742a5a0359325e212bcc4 - - default default] No more DHCP agents
2026-05-06 10:43:36.247 8 WARNING neutron.api.rpc.agentnotifiers.dhcp_rpc_agent_api [None req-ad4555b2-1cc4-44f9-8029-499adf844ee9 234187f60e30434a929d560b1ab5f049 1332bfa6692742a5a0359325e212bcc4 - - default default] Unable to schedule network d31f0316-2392-4000-a1ea-9d30d14ffd5a: no agents available; will retry on subsequent port and subnet creation events.
2026-05-06 10:43:36.302 7 INFO neutron.plugins.ml2.drivers.ovn.mech_driver.mech_driver [None req-fb3bb604-cc93-4fd2-a10c-6a992ab68e58 - - - - - -] OVN reports status down for port: 0e7e5662-0087-42c0-8d36-bebb2fa72961
2026-05-06 10:43:36.326 8 INFO neutron.db.ovn_revision_numbers_db [None req-ad4555b2-1cc4-44f9-8029-499adf844ee9 234187f60e30434a929d560b1ab5f049 1332bfa6692742a5a0359325e212bcc4 - - default default] Successfully bumped revision number for resource 0e7e5662-0087-42c0-8d36-bebb2fa72961 (type: ports) to 1 [pid: 8|app: 0|req: 1667/3322] 10.0.0.184 () {34 vars in 670 bytes} [Wed May 6 10:43:35 2026] POST /v2.0/networks => generated 669 bytes in 509 msecs (HTTP/1.1 201) 4 headers in 162 bytes (1 switches on core 0)
2026-05-06 10:43:36.455 7 INFO neutron.db.segments_db [None req-366126ce-168a-4ce2-893c-6755672cec7b 234187f60e30434a929d560b1ab5f049 1332bfa6692742a5a0359325e212bcc4 - - default default] Added segment 239f3eb5-0760-43dd-8521-044ffe98dff3 of type geneve for network 26eac5ef-8dd2-44eb-9ec9-0647c369d851
2026-05-06 10:43:36.574 7 INFO neutron.db.ovn_revision_numbers_db [None req-366126ce-168a-4ce2-893c-6755672cec7b 234187f60e30434a929d560b1ab5f049 1332bfa6692742a5a0359325e212bcc4 - - default default] Successfully bumped revision number for resource 26eac5ef-8dd2-44eb-9ec9-0647c369d851 (type: networks) to 1
2026-05-06 10:43:36.723 7 WARNING neutron.scheduler.dhcp_agent_scheduler [None req-366126ce-168a-4ce2-893c-6755672cec7b 234187f60e30434a929d560b1ab5f049 1332bfa6692742a5a0359325e212bcc4 - - default default] No more DHCP agents
2026-05-06 10:43:36.724 7 WARNING neutron.api.rpc.agentnotifiers.dhcp_rpc_agent_api [None req-366126ce-168a-4ce2-893c-6755672cec7b 234187f60e30434a929d560b1ab5f049 1332bfa6692742a5a0359325e212bcc4 - - default default] Unable to schedule network 26eac5ef-8dd2-44eb-9ec9-0647c369d851: no agents available; will retry on subsequent port and subnet creation events.
2026-05-06 10:43:36.772 7 INFO neutron.plugins.ml2.drivers.ovn.mech_driver.mech_driver [None req-fb3bb604-cc93-4fd2-a10c-6a992ab68e58 - - - - - -] OVN reports status down for port: b3691c91-d99b-4742-a7b5-97d60d2a3d5f
2026-05-06 10:43:36.827 7 INFO neutron.db.ovn_revision_numbers_db [None req-366126ce-168a-4ce2-893c-6755672cec7b 234187f60e30434a929d560b1ab5f049 1332bfa6692742a5a0359325e212bcc4 - - default default] Successfully bumped revision number for resource b3691c91-d99b-4742-a7b5-97d60d2a3d5f (type: ports) to 1 [pid: 7|app: 0|req: 1656/3323] 10.0.0.184 () {34 vars in 670 bytes} [Wed May 6 10:43:36 2026] POST /v2.0/networks => generated 670 bytes in 514 msecs (HTTP/1.1 201) 4 headers in 162 bytes (1 switches on core 0)
