2026-05-06 10:37:00.970 7 WARNING neutron.db.securitygroups_db [None req-7f1b40bd-0b86-4c01-a938-53ed922b6fa7 a7093a4e0cd94679af256d8eba8bcdcf 2cf9a58929234db9aa980cde56c37a23 - - default default] project_id key not found in filters, using tenant_id instead. This support has been deprecated and will be removed in a future release.
2026-05-06 10:37:01.082 7 INFO neutron.db.ovn_revision_numbers_db [None req-7f1b40bd-0b86-4c01-a938-53ed922b6fa7 a7093a4e0cd94679af256d8eba8bcdcf 2cf9a58929234db9aa980cde56c37a23 - - default default] Successfully bumped revision number for resource 555b5041-6a79-4271-ace7-4fb95df9dbda (type: security_groups) to 1
2026-05-06 10:37:01.095 7 INFO neutron.db.ovn_revision_numbers_db [None req-7f1b40bd-0b86-4c01-a938-53ed922b6fa7 a7093a4e0cd94679af256d8eba8bcdcf 2cf9a58929234db9aa980cde56c37a23 - - default default] Successfully bumped revision number for resource 312b2356-ebe1-4664-abbe-391d0d72f6b4 (type: security_group_rules) to 0
2026-05-06 10:37:01.107 7 INFO neutron.db.ovn_revision_numbers_db [None req-7f1b40bd-0b86-4c01-a938-53ed922b6fa7 a7093a4e0cd94679af256d8eba8bcdcf 2cf9a58929234db9aa980cde56c37a23 - - default default] Successfully bumped revision number for resource 6247ddcc-998d-48ae-be6a-e55ffec528f8 (type: security_group_rules) to 0
2026-05-06 10:37:01.117 7 INFO neutron.db.ovn_revision_numbers_db [None req-7f1b40bd-0b86-4c01-a938-53ed922b6fa7 a7093a4e0cd94679af256d8eba8bcdcf 2cf9a58929234db9aa980cde56c37a23 - - default default] Successfully bumped revision number for resource bd9c7c9d-a157-4e3f-92c7-cf5bbba10c76 (type: security_group_rules) to 0
2026-05-06 10:37:01.128 7 INFO neutron.db.ovn_revision_numbers_db [None req-7f1b40bd-0b86-4c01-a938-53ed922b6fa7 a7093a4e0cd94679af256d8eba8bcdcf 2cf9a58929234db9aa980cde56c37a23 - - default default] Successfully bumped revision number for resource e8e1516e-7966-408a-ac53-b33b13a6f38d (type: security_group_rules) to 0 [pid: 7|app: 0|req: 761/1507] 10.0.0.184 () {32 vars in 774 bytes} [Wed May 6 10:37:00 2026] GET /v2.0/security-groups?tenant_id=d6f2be6266ed4b0fb69d2511d4af7bee&name=default => generated 2925 bytes in 364 msecs (HTTP/1.1 200) 4 headers in 158 bytes (1 switches on core 0) [pid: 8|app: 0|req: 747/1508] 10.0.0.145 () {34 vars in 1002 bytes} [Wed May 6 10:37:00 2026] GET /v2.0/ports?tenant_id=f7cd76e2dc3d435fb2abfcf8b16765b5&fields=id => generated 103 bytes in 584 msecs (HTTP/1.1 200) 4 headers in 157 bytes (1 switches on core 0) [pid: 7|app: 0|req: 762/1509] 10.0.0.184 () {32 vars in 740 bytes} [Wed May 6 10:37:01 2026] DELETE /v2.0/security-groups/555b5041-6a79-4271-ace7-4fb95df9dbda => generated 0 bytes in 144 msecs (HTTP/1.1 204) 2 headers in 112 bytes (1 switches on core 0) [pid: 7|app: 0|req: 763/1510] 10.0.0.145 () {34 vars in 1008 bytes} [Wed May 6 10:37:01 2026] GET /v2.0/networks/8a64da88-7147-4908-9d87-cea78f41e334?fields=segments => generated 14 bytes in 38 msecs (HTTP/1.1 200) 4 headers in 156 bytes (1 switches on core 0)
2026-05-06 10:37:01.403 8 INFO neutron.db.ovn_revision_numbers_db [None req-5a9fe699-7430-419b-b229-68c27b3db035 eab71f4c9d994c559878a31312175414 c1e31be76c6b43adbea91d2fce15b636 - - default default] Successfully bumped revision number for resource a89ff190-1c92-4b4e-844d-63e8940bcdf2 (type: security_groups) to 1 [pid: 7|app: 0|req: 764/1511] 10.0.0.145 () {34 vars in 1108 bytes} [Wed May 6 10:37:01 2026] GET /v2.0/networks/8a64da88-7147-4908-9d87-cea78f41e334?fields=provider%3Aphysical_network&fields=provider%3Anetwork_type => generated 79 bytes in 48 msecs (HTTP/1.1 200) 4 headers in 156 bytes (1 switches on core 0)
2026-05-06 10:37:01.407 7 WARNING neutron.db.securitygroups_db [None req-8404d9d2-cb49-47e5-ab0b-7c8996a2225d a7093a4e0cd94679af256d8eba8bcdcf 2cf9a58929234db9aa980cde56c37a23 - - default default] project_id key not found in filters, using tenant_id instead. This support has been deprecated and will be removed in a future release.
2026-05-06 10:37:01.415 8 INFO neutron.db.ovn_revision_numbers_db [None req-5a9fe699-7430-419b-b229-68c27b3db035 eab71f4c9d994c559878a31312175414 c1e31be76c6b43adbea91d2fce15b636 - - default default] Successfully bumped revision number for resource 2827389a-6cfb-4ed5-8ff6-72b7ca9c52ae (type: security_group_rules) to 0
2026-05-06 10:37:01.427 8 INFO neutron.db.ovn_revision_numbers_db [None req-5a9fe699-7430-419b-b229-68c27b3db035 eab71f4c9d994c559878a31312175414 c1e31be76c6b43adbea91d2fce15b636 - - default default] Successfully bumped revision number for resource 85b206a6-10fc-4283-a3d5-d27880e26076 (type: security_group_rules) to 0
2026-05-06 10:37:01.439 8 INFO neutron.db.ovn_revision_numbers_db [None req-5a9fe699-7430-419b-b229-68c27b3db035 eab71f4c9d994c559878a31312175414 c1e31be76c6b43adbea91d2fce15b636 - - default default] Successfully bumped revision number for resource 9224352d-8715-42a2-83f7-a406487bb870 (type: security_group_rules) to 0
2026-05-06 10:37:01.454 8 INFO neutron.db.ovn_revision_numbers_db [None req-5a9fe699-7430-419b-b229-68c27b3db035 eab71f4c9d994c559878a31312175414 c1e31be76c6b43adbea91d2fce15b636 - - default default] Successfully bumped revision number for resource cc111a55-1065-4f0c-9a6e-63d5e8460ca5 (type: security_group_rules) to 0
2026-05-06 10:37:01.513 7 INFO neutron.db.ovn_revision_numbers_db [None req-8404d9d2-cb49-47e5-ab0b-7c8996a2225d a7093a4e0cd94679af256d8eba8bcdcf 2cf9a58929234db9aa980cde56c37a23 - - default default] Successfully bumped revision number for resource ee4c0ac3-d40f-4c12-ac64-5371dbe671bc (type: security_groups) to 1
2026-05-06 10:37:01.524 7 INFO neutron.db.ovn_revision_numbers_db [None req-8404d9d2-cb49-47e5-ab0b-7c8996a2225d a7093a4e0cd94679af256d8eba8bcdcf 2cf9a58929234db9aa980cde56c37a23 - - default default] Successfully bumped revision number for resource 28e05860-272d-4e52-bc20-9c65aa837395 (type: security_group_rules) to 0
2026-05-06 10:37:01.530 8 INFO neutron.db.segments_db [None req-5a9fe699-7430-419b-b229-68c27b3db035 eab71f4c9d994c559878a31312175414 c1e31be76c6b43adbea91d2fce15b636 - - default default] Added segment 19e729ed-b38b-43b7-9609-492559ad0e24 of type geneve for network f300f011-d463-4757-90ec-5399ef8cdfd5
2026-05-06 10:37:01.535 7 INFO neutron.db.ovn_revision_numbers_db [None req-8404d9d2-cb49-47e5-ab0b-7c8996a2225d a7093a4e0cd94679af256d8eba8bcdcf 2cf9a58929234db9aa980cde56c37a23 - - default default] Successfully bumped revision number for resource 3e601212-8572-44e1-ab83-16d117d86db4 (type: security_group_rules) to 0
2026-05-06 10:37:01.545 7 INFO neutron.db.ovn_revision_numbers_db [None req-8404d9d2-cb49-47e5-ab0b-7c8996a2225d a7093a4e0cd94679af256d8eba8bcdcf 2cf9a58929234db9aa980cde56c37a23 - - default default] Successfully bumped revision number for resource 866bbb9a-659a-41bc-b16c-1e7d3632831d (type: security_group_rules) to 0
2026-05-06 10:37:01.556 7 INFO neutron.db.ovn_revision_numbers_db [None req-8404d9d2-cb49-47e5-ab0b-7c8996a2225d a7093a4e0cd94679af256d8eba8bcdcf 2cf9a58929234db9aa980cde56c37a23 - - default default] Successfully bumped revision number for resource ad23e61c-75a2-4cfa-83b0-86e6cf4ef1a4 (type: security_group_rules) to 0 [pid: 7|app: 0|req: 765/1512] 10.0.0.184 () {32 vars in 774 bytes} [Wed May 6 10:37:01 2026] GET /v2.0/security-groups?tenant_id=e9c209fe1ece406dae26b73ff778b012&name=default => generated 2925 bytes in 189 msecs (HTTP/1.1 200) 4 headers in 158 bytes (1 switches on core 0) [pid: 7|app: 0|req: 766/1513] 10.0.0.145 () {34 vars in 990 bytes} [Wed May 6 10:37:01 2026] GET /v2.0/ports?device_id=119e4f4f-a8e9-4a50-80bd-e1df61734ef0 => generated 12 bytes in 15 msecs (HTTP/1.1 200) 4 headers in 156 bytes (1 switches on core 0)
2026-05-06 10:37:01.637 8 INFO neutron.db.ovn_revision_numbers_db [None req-5a9fe699-7430-419b-b229-68c27b3db035 eab71f4c9d994c559878a31312175414 c1e31be76c6b43adbea91d2fce15b636 - - default default] Successfully bumped revision number for resource f300f011-d463-4757-90ec-5399ef8cdfd5 (type: networks) to 1 [pid: 7|app: 0|req: 767/1514] 10.0.0.184 () {32 vars in 740 bytes} [Wed May 6 10:37:01 2026] DELETE /v2.0/security-groups/ee4c0ac3-d40f-4c12-ac64-5371dbe671bc => generated 0 bytes in 161 msecs (HTTP/1.1 204) 2 headers in 112 bytes (1 switches on core 0)
2026-05-06 10:37:01.802 8 WARNING neutron.scheduler.dhcp_agent_scheduler [None req-5a9fe699-7430-419b-b229-68c27b3db035 eab71f4c9d994c559878a31312175414 c1e31be76c6b43adbea91d2fce15b636 - - default default] No more DHCP agents
2026-05-06 10:37:01.803 8 WARNING neutron.api.rpc.agentnotifiers.dhcp_rpc_agent_api [None req-5a9fe699-7430-419b-b229-68c27b3db035 eab71f4c9d994c559878a31312175414 c1e31be76c6b43adbea91d2fce15b636 - - default default] Unable to schedule network f300f011-d463-4757-90ec-5399ef8cdfd5: no agents available; will retry on subsequent port and subnet creation events.
2026-05-06 10:37:01.837 8 INFO neutron.plugins.ml2.drivers.ovn.mech_driver.mech_driver [None req-128a6255-6d90-4604-a5cf-815902a439e8 - - - - - -] OVN reports status down for port: f767a856-cac3-479b-a95c-87254ca2902c
2026-05-06 10:37:01.880 8 INFO neutron.db.ovn_revision_numbers_db [None req-5a9fe699-7430-419b-b229-68c27b3db035 eab71f4c9d994c559878a31312175414 c1e31be76c6b43adbea91d2fce15b636 - - default default] Successfully bumped revision number for resource f767a856-cac3-479b-a95c-87254ca2902c (type: ports) to 1 [pid: 8|app: 0|req: 748/1515] 10.0.0.184 () {34 vars in 670 bytes} [Wed May 6 10:37:01 2026] POST /v2.0/networks => generated 683 bytes in 718 msecs (HTTP/1.1 201) 4 headers in 162 bytes (1 switches on core 0)
2026-05-06 10:37:02.127 7 WARNING neutron.scheduler.dhcp_agent_scheduler [None req-5591bbb8-6bca-41a5-8da4-971cd1b7ba2f eab71f4c9d994c559878a31312175414 c1e31be76c6b43adbea91d2fce15b636 - - default default] No more DHCP agents
2026-05-06 10:37:02.128 7 WARNING neutron.api.rpc.agentnotifiers.dhcp_rpc_agent_api [None req-5591bbb8-6bca-41a5-8da4-971cd1b7ba2f eab71f4c9d994c559878a31312175414 c1e31be76c6b43adbea91d2fce15b636 - - default default] Unable to schedule network f300f011-d463-4757-90ec-5399ef8cdfd5: no agents available; will retry on subsequent port and subnet creation events.
2026-05-06 10:37:02.203 7 INFO neutron.db.ovn_revision_numbers_db [None req-5591bbb8-6bca-41a5-8da4-971cd1b7ba2f eab71f4c9d994c559878a31312175414 c1e31be76c6b43adbea91d2fce15b636 - - default default] Successfully bumped revision number for resource 73692847-51b0-4a22-8a16-96af94d1c208 (type: ports) to 1 [pid: 7|app: 0|req: 768/1516] 10.0.0.184 () {34 vars in 665 bytes} [Wed May 6 10:37:01 2026] POST /v2.0/ports => generated 775 bytes in 330 msecs (HTTP/1.1 201) 4 headers in 162 bytes (1 switches on core 0)
2026-05-06 10:37:02.346 8 INFO neutron.db.segments_db [None req-7e2a4f10-590c-4cb3-91c4-a255328590fb eab71f4c9d994c559878a31312175414 c1e31be76c6b43adbea91d2fce15b636 - - default default] Added segment c9a4f139-ea74-4f19-ad70-99feebb27664 of type geneve for network 1783f680-4f12-46f2-bcbf-eca7701e3325
2026-05-06 10:37:02.454 8 INFO neutron.db.ovn_revision_numbers_db [None req-7e2a4f10-590c-4cb3-91c4-a255328590fb eab71f4c9d994c559878a31312175414 c1e31be76c6b43adbea91d2fce15b636 - - default default] Successfully bumped revision number for resource 1783f680-4f12-46f2-bcbf-eca7701e3325 (type: networks) to 1
2026-05-06 10:37:02.590 8 WARNING neutron.scheduler.dhcp_agent_scheduler [None req-7e2a4f10-590c-4cb3-91c4-a255328590fb eab71f4c9d994c559878a31312175414 c1e31be76c6b43adbea91d2fce15b636 - - default default] No more DHCP agents
2026-05-06 10:37:02.591 8 WARNING neutron.api.rpc.agentnotifiers.dhcp_rpc_agent_api [None req-7e2a4f10-590c-4cb3-91c4-a255328590fb eab71f4c9d994c559878a31312175414 c1e31be76c6b43adbea91d2fce15b636 - - default default] Unable to schedule network 1783f680-4f12-46f2-bcbf-eca7701e3325: no agents available; will retry on subsequent port and subnet creation events.
2026-05-06 10:37:02.659 8 INFO neutron.db.ovn_revision_numbers_db [None req-7e2a4f10-590c-4cb3-91c4-a255328590fb eab71f4c9d994c559878a31312175414 c1e31be76c6b43adbea91d2fce15b636 - - default default] Successfully bumped revision number for resource 5721a6af-8260-4bec-b0ed-f269acaa5367 (type: ports) to 1 [pid: 8|app: 0|req: 749/1517] 10.0.0.184 () {34 vars in 670 bytes} [Wed May 6 10:37:02 2026] POST /v2.0/networks => generated 669 bytes in 423 msecs (HTTP/1.1 201) 4 headers in 162 bytes (1 switches on core 0) /var/lib/openstack/lib/python3.12/site-packages/pycadf/identifier.py:70: UserWarning: Invalid uuid: neutron. To ensure interoperability, identifiers should be a valid uuid. warnings.warn(('Invalid uuid: %s. To ensure interoperability, ' [pid: 7|app: 0|req: 769/1518] 10.0.0.145 () {34 vars in 990 bytes} [Wed May 6 10:37:02 2026] GET /v2.0/ports?device_id=119e4f4f-a8e9-4a50-80bd-e1df61734ef0 => generated 12 bytes in 22 msecs (HTTP/1.1 200) 4 headers in 156 bytes (1 switches on core 0)
2026-05-06 10:37:02.867 8 WARNING neutron.scheduler.dhcp_agent_scheduler [None req-f6441ffd-acb3-4c75-9beb-ac3d68509a4c eab71f4c9d994c559878a31312175414 c1e31be76c6b43adbea91d2fce15b636 - - default default] No more DHCP agents
2026-05-06 10:37:02.868 8 WARNING neutron.api.rpc.agentnotifiers.dhcp_rpc_agent_api [None req-f6441ffd-acb3-4c75-9beb-ac3d68509a4c eab71f4c9d994c559878a31312175414 c1e31be76c6b43adbea91d2fce15b636 - - default default] Unable to schedule network 1783f680-4f12-46f2-bcbf-eca7701e3325: no agents available; will retry on subsequent port and subnet creation events.
2026-05-06 10:37:02.925 7 WARNING neutron.plugins.ml2.drivers.ovn.mech_driver.ovsdb.ovn_client [None req-b8cbf9e2-3a67-4237-bdaa-1b5ec695fd8a - - - - - -] No hosting information found for port bfc7fdf8-227a-4560-80bb-9fb57d05eec6: RuntimeError: No hosting information found for port bfc7fdf8-227a-4560-80bb-9fb57d05eec6
2026-05-06 10:37:02.958 7 INFO neutron.common.ovn.utils [None req-b8cbf9e2-3a67-4237-bdaa-1b5ec695fd8a - - - - - -] HA Chassis Group neutron-8a64da88-7147-4908-9d87-cea78f41e334 synchronized; highest priority chassis 38338bd4-e986-4d76-b177-8ece51acf10c
2026-05-06 10:37:03.039 7 INFO neutron.db.ovn_revision_numbers_db [None req-b8cbf9e2-3a67-4237-bdaa-1b5ec695fd8a - - - - - -] Successfully bumped revision number for resource bfc7fdf8-227a-4560-80bb-9fb57d05eec6 (type: router_ports) to 2
2026-05-06 10:37:03.039 7 INFO neutron.plugins.ml2.drivers.ovn.mech_driver.mech_driver [None req-b8cbf9e2-3a67-4237-bdaa-1b5ec695fd8a - - - - - -] OVN reports status down for port: 73692847-51b0-4a22-8a16-96af94d1c208
2026-05-06 10:37:03.096 7 INFO neutron.plugins.ml2.drivers.ovn.mech_driver.mech_driver [None req-b8cbf9e2-3a67-4237-bdaa-1b5ec695fd8a - - - - - -] OVN reports status down for port: 5721a6af-8260-4bec-b0ed-f269acaa5367
2026-05-06 10:37:03.313 8 INFO neutron.db.ovn_revision_numbers_db [None req-f6441ffd-acb3-4c75-9beb-ac3d68509a4c eab71f4c9d994c559878a31312175414 c1e31be76c6b43adbea91d2fce15b636 - - default default] Successfully bumped revision number for resource 5721a6af-8260-4bec-b0ed-f269acaa5367 (type: ports) to 2
2026-05-06 10:37:03.366 8 INFO neutron.db.ovn_revision_numbers_db [None req-f6441ffd-acb3-4c75-9beb-ac3d68509a4c eab71f4c9d994c559878a31312175414 c1e31be76c6b43adbea91d2fce15b636 - - default default] Successfully bumped revision number for resource a21e6b7a-f33f-4b1e-a2a8-4bfb79d6829b (type: subnets) to 0 [pid: 8|app: 0|req: 750/1519] 10.0.0.184 () {34 vars in 669 bytes} [Wed May 6 10:37:02 2026] POST /v2.0/subnets => generated 626 bytes in 698 msecs (HTTP/1.1 201) 4 headers in 162 bytes (1 switches on core 0)
2026-05-06 10:37:03.665 7 WARNING neutron.scheduler.dhcp_agent_scheduler [None req-e16ff762-ed0f-4828-a491-41b560e17463 eab71f4c9d994c559878a31312175414 c1e31be76c6b43adbea91d2fce15b636 - - default default] No more DHCP agents
2026-05-06 10:37:03.666 7 WARNING neutron.api.rpc.agentnotifiers.dhcp_rpc_agent_api [None req-e16ff762-ed0f-4828-a491-41b560e17463 eab71f4c9d994c559878a31312175414 c1e31be76c6b43adbea91d2fce15b636 - - default default] Unable to schedule network 1783f680-4f12-46f2-bcbf-eca7701e3325: no agents available; will retry on subsequent port and subnet creation events.
2026-05-06 10:37:03.751 8 INFO neutron.db.ovn_revision_numbers_db [None req-1bb9d73d-e4ae-47b0-8652-eb537d5d83b9 29538ed1b6304960bdadbaff5c7f44fd 32852b104b614765ab7053eeee310536 - - default default] Successfully bumped revision number for resource d370de4f-a093-435d-86fe-fa2f26a92eb6 (type: security_groups) to 1
2026-05-06 10:37:03.762 8 INFO neutron.db.ovn_revision_numbers_db [None req-1bb9d73d-e4ae-47b0-8652-eb537d5d83b9 29538ed1b6304960bdadbaff5c7f44fd 32852b104b614765ab7053eeee310536 - - default default] Successfully bumped revision number for resource 2f091c4b-9f42-4f94-ae3d-d35113f3c22e (type: security_group_rules) to 0
2026-05-06 10:37:03.774 8 INFO neutron.db.ovn_revision_numbers_db [None req-1bb9d73d-e4ae-47b0-8652-eb537d5d83b9 29538ed1b6304960bdadbaff5c7f44fd 32852b104b614765ab7053eeee310536 - - default default] Successfully bumped revision number for resource 3bba3bc4-5ff5-4ff7-9146-71acae4b048b (type: security_group_rules) to 0
2026-05-06 10:37:03.792 7 INFO neutron.plugins.ml2.drivers.ovn.mech_driver.mech_driver [None req-b8cbf9e2-3a67-4237-bdaa-1b5ec695fd8a - - - - - -] OVN reports status down for port: 6227a73e-0c84-487f-b34b-916ba40727f2
2026-05-06 10:37:03.797 8 INFO neutron.db.ovn_revision_numbers_db [None req-1bb9d73d-e4ae-47b0-8652-eb537d5d83b9 29538ed1b6304960bdadbaff5c7f44fd 32852b104b614765ab7053eeee310536 - - default default] Successfully bumped revision number for resource c72d3a9b-50a0-4b10-a0dd-a6635e517324 (type: security_group_rules) to 0
2026-05-06 10:37:03.808 8 INFO neutron.db.ovn_revision_numbers_db [None req-1bb9d73d-e4ae-47b0-8652-eb537d5d83b9 29538ed1b6304960bdadbaff5c7f44fd 32852b104b614765ab7053eeee310536 - - default default] Successfully bumped revision number for resource ed1382c8-e6a2-4809-9afc-423dd44a25cb (type: security_group_rules) to 0
2026-05-06 10:37:03.854 7 INFO neutron.db.ovn_revision_numbers_db [None req-e16ff762-ed0f-4828-a491-41b560e17463 eab71f4c9d994c559878a31312175414 c1e31be76c6b43adbea91d2fce15b636 - - default default] Successfully bumped revision number for resource 6227a73e-0c84-487f-b34b-916ba40727f2 (type: ports) to 1
2026-05-06 10:37:03.913 8 INFO neutron.db.segments_db [None req-1bb9d73d-e4ae-47b0-8652-eb537d5d83b9 29538ed1b6304960bdadbaff5c7f44fd 32852b104b614765ab7053eeee310536 - - default default] Added segment a5929431-9d19-4702-866b-ded66a777810 of type geneve for network 07d7cd02-da8d-4918-abc1-706d3d9c4d1f [pid: 7|app: 0|req: 770/1520] 10.0.0.184 () {34 vars in 665 bytes} [Wed May 6 10:37:03 2026] POST /v2.0/ports => generated 953 bytes in 557 msecs (HTTP/1.1 201) 4 headers in 162 bytes (1 switches on core 0) /var/lib/openstack/lib/python3.12/site-packages/pycadf/identifier.py:70: UserWarning: Invalid uuid: neutron. To ensure interoperability, identifiers should be a valid uuid. warnings.warn(('Invalid uuid: %s. To ensure interoperability, ' [pid: 7|app: 0|req: 771/1521] 10.0.0.145 () {34 vars in 990 bytes} [Wed May 6 10:37:03 2026] GET /v2.0/ports?device_id=119e4f4f-a8e9-4a50-80bd-e1df61734ef0 => generated 12 bytes in 20 msecs (HTTP/1.1 200) 4 headers in 156 bytes (1 switches on core 0)
2026-05-06 10:37:04.007 8 INFO neutron.db.segments_db [None req-1bb9d73d-e4ae-47b0-8652-eb537d5d83b9 29538ed1b6304960bdadbaff5c7f44fd 32852b104b614765ab7053eeee310536 - - default default] Added segment 6b2f3b47-9424-4b9c-9a85-ced7a27c2b88 of type geneve for network 5691e5be-24c5-4ead-8d1a-de1e2be79161
2026-05-06 10:37:04.081 7 INFO neutron_taas.services.taas.taas_plugin [None req-575f3014-6f33-47b5-a2e8-386f9f160879 eab71f4c9d994c559878a31312175414 c1e31be76c6b43adbea91d2fce15b636 - - default default] TaaS: Handle Delete Port: 6227a73e-0c84-487f-b34b-916ba40727f2
2026-05-06 10:37:04.087 7 INFO neutron_taas.services.taas.tap_mirror_plugin [None req-575f3014-6f33-47b5-a2e8-386f9f160879 eab71f4c9d994c559878a31312175414 c1e31be76c6b43adbea91d2fce15b636 - - default default] Tap Mirror: Handle Delete Port: 6227a73e-0c84-487f-b34b-916ba40727f2
2026-05-06 10:37:04.110 8 INFO neutron.db.ovn_revision_numbers_db [None req-1bb9d73d-e4ae-47b0-8652-eb537d5d83b9 29538ed1b6304960bdadbaff5c7f44fd 32852b104b614765ab7053eeee310536 - - default default] Successfully bumped revision number for resource 07d7cd02-da8d-4918-abc1-706d3d9c4d1f (type: networks) to 1 [pid: 7|app: 0|req: 772/1522] 10.0.0.184 () {32 vars in 720 bytes} [Wed May 6 10:37:03 2026] DELETE /v2.0/ports/6227a73e-0c84-487f-b34b-916ba40727f2 => generated 0 bytes in 296 msecs (HTTP/1.1 204) 3 headers in 131 bytes (1 switches on core 0)
2026-05-06 10:37:04.273 8 WARNING neutron.scheduler.dhcp_agent_scheduler [None req-1bb9d73d-e4ae-47b0-8652-eb537d5d83b9 29538ed1b6304960bdadbaff5c7f44fd 32852b104b614765ab7053eeee310536 - - default default] No more DHCP agents
2026-05-06 10:37:04.275 8 WARNING neutron.api.rpc.agentnotifiers.dhcp_rpc_agent_api [None req-1bb9d73d-e4ae-47b0-8652-eb537d5d83b9 29538ed1b6304960bdadbaff5c7f44fd 32852b104b614765ab7053eeee310536 - - default default] Unable to schedule network 07d7cd02-da8d-4918-abc1-706d3d9c4d1f: no agents available; will retry on subsequent port and subnet creation events.
2026-05-06 10:37:04.280 7 INFO neutron.pecan_wsgi.hooks.translation [None req-1410c5f9-ab7d-4f90-8af8-ed5563a30f4c eab71f4c9d994c559878a31312175414 c1e31be76c6b43adbea91d2fce15b636 - - default default] DELETE failed (client error): The resource could not be found. [pid: 7|app: 0|req: 773/1523] 10.0.0.184 () {32 vars in 720 bytes} [Wed May 6 10:37:04 2026] DELETE /v2.0/ports/6227a73e-0c84-487f-b34b-916ba40727f2 => generated 132 bytes in 19 msecs (HTTP/1.1 404) 4 headers in 164 bytes (1 switches on core 0)
2026-05-06 10:37:04.305 7 INFO neutron.pecan_wsgi.hooks.translation [None req-68ae4c7a-0a5a-48ef-89f2-1dea1d938c08 eab71f4c9d994c559878a31312175414 c1e31be76c6b43adbea91d2fce15b636 - - default default] GET failed (client error): The resource could not be found. [pid: 7|app: 0|req: 774/1524] 10.0.0.184 () {32 vars in 717 bytes} [Wed May 6 10:37:04 2026] GET /v2.0/ports/6227a73e-0c84-487f-b34b-916ba40727f2 => generated 132 bytes in 20 msecs (HTTP/1.1 404) 4 headers in 164 bytes (1 switches on core 0)
2026-05-06 10:37:04.317 8 INFO neutron.plugins.ml2.drivers.ovn.mech_driver.mech_driver [None req-128a6255-6d90-4604-a5cf-815902a439e8 - - - - - -] OVN reports status down for port: 4529dc65-1154-482d-868f-7b60a7ccc752
2026-05-06 10:37:04.369 8 INFO neutron.db.ovn_revision_numbers_db [None req-1bb9d73d-e4ae-47b0-8652-eb537d5d83b9 29538ed1b6304960bdadbaff5c7f44fd 32852b104b614765ab7053eeee310536 - - default default] Successfully bumped revision number for resource 4529dc65-1154-482d-868f-7b60a7ccc752 (type: ports) to 1
2026-05-06 10:37:04.467 8 INFO neutron.db.ovn_revision_numbers_db [None req-1bb9d73d-e4ae-47b0-8652-eb537d5d83b9 29538ed1b6304960bdadbaff5c7f44fd 32852b104b614765ab7053eeee310536 - - default default] Successfully bumped revision number for resource 5691e5be-24c5-4ead-8d1a-de1e2be79161 (type: networks) to 1 [pid: 7|app: 0|req: 775/1525] 10.0.0.184 () {32 vars in 724 bytes} [Wed May 6 10:37:04 2026] DELETE /v2.0/subnets/a21e6b7a-f33f-4b1e-a2a8-4bfb79d6829b => generated 0 bytes in 178 msecs (HTTP/1.1 204) 3 headers in 131 bytes (1 switches on core 0)
2026-05-06 10:37:04.609 7 INFO neutron_taas.services.taas.taas_plugin [None req-138a8abc-f715-4f9a-b241-3662899519c0 eab71f4c9d994c559878a31312175414 c1e31be76c6b43adbea91d2fce15b636 - - default default] TaaS: Handle Delete Port: 5721a6af-8260-4bec-b0ed-f269acaa5367
2026-05-06 10:37:04.612 7 INFO neutron_taas.services.taas.tap_mirror_plugin [None req-138a8abc-f715-4f9a-b241-3662899519c0 eab71f4c9d994c559878a31312175414 c1e31be76c6b43adbea91d2fce15b636 - - default default] Tap Mirror: Handle Delete Port: 5721a6af-8260-4bec-b0ed-f269acaa5367
2026-05-06 10:37:04.622 8 WARNING neutron.scheduler.dhcp_agent_scheduler [None req-1bb9d73d-e4ae-47b0-8652-eb537d5d83b9 29538ed1b6304960bdadbaff5c7f44fd 32852b104b614765ab7053eeee310536 - - default default] No more DHCP agents
2026-05-06 10:37:04.623 8 WARNING neutron.api.rpc.agentnotifiers.dhcp_rpc_agent_api [None req-1bb9d73d-e4ae-47b0-8652-eb537d5d83b9 29538ed1b6304960bdadbaff5c7f44fd 32852b104b614765ab7053eeee310536 - - default default] Unable to schedule network 5691e5be-24c5-4ead-8d1a-de1e2be79161: no agents available; will retry on subsequent port and subnet creation events.
2026-05-06 10:37:04.660 7 INFO neutron.plugins.ml2.drivers.ovn.mech_driver.mech_driver [None req-b8cbf9e2-3a67-4237-bdaa-1b5ec695fd8a - - - - - -] OVN reports status down for port: 8ae643bb-1e63-40e4-935a-c797e5b5623d
2026-05-06 10:37:04.704 8 INFO neutron.db.ovn_revision_numbers_db [None req-1bb9d73d-e4ae-47b0-8652-eb537d5d83b9 29538ed1b6304960bdadbaff5c7f44fd 32852b104b614765ab7053eeee310536 - - default default] Successfully bumped revision number for resource 8ae643bb-1e63-40e4-935a-c797e5b5623d (type: ports) to 1 [pid: 8|app: 0|req: 751/1526] 10.0.0.184 () {34 vars in 670 bytes} [Wed May 6 10:37:03 2026] POST /v2.0/networks => generated 1321 bytes in 1279 msecs (HTTP/1.1 201) 4 headers in 163 bytes (1 switches on core 0) [pid: 8|app: 0|req: 752/1527] 10.0.0.184 () {32 vars in 649 bytes} [Wed May 6 10:37:04 2026] GET /v2.0/networks => generated 1970 bytes in 64 msecs (HTTP/1.1 200) 4 headers in 158 bytes (1 switches on core 0)
2026-05-06 10:37:04.843 7 INFO neutron.services.segments.plugin [-] Segment c9a4f139-ea74-4f19-ad70-99feebb27664 resource provider aggregate not found
2026-05-06 10:37:04.848 7 INFO neutron.services.segments.plugin [-] Segment c9a4f139-ea74-4f19-ad70-99feebb27664 resource provider aggregate not found
2026-05-06 10:37:04.866 7 INFO neutron.services.segments.plugin [-] Segment c9a4f139-ea74-4f19-ad70-99feebb27664 resource provider not found; error: Placement Client Error (4xx): {"errors": [{"status": 404, "title": "Not Found", "detail": "The resource could not be found.\n\n No resource provider with uuid c9a4f139-ea74-4f19-ad70-99feebb27664 found for delete ", "request_id": "req-f21a9da6-4a43-4c7b-a4e1-c87e9ce6a1de"}]}
2026-05-06 10:37:04.867 7 INFO neutron.services.segments.plugin [-] Segment c9a4f139-ea74-4f19-ad70-99feebb27664 resource provider not found; error: Placement Client Error (4xx): {"errors": [{"status": 404, "title": "Not Found", "detail": "The resource could not be found.\n\n No resource provider with uuid c9a4f139-ea74-4f19-ad70-99feebb27664 found for delete ", "request_id": "req-30c5d16f-bae8-4bb0-9c93-3d1d814f8ab8"}]} [pid: 7|app: 0|req: 776/1528] 10.0.0.184 () {32 vars in 726 bytes} [Wed May 6 10:37:04 2026] DELETE /v2.0/networks/1783f680-4f12-46f2-bcbf-eca7701e3325 => generated 0 bytes in 406 msecs (HTTP/1.1 204) 3 headers in 131 bytes (1 switches on core 0)
2026-05-06 10:37:04.923 8 INFO neutron_taas.services.taas.taas_plugin [None req-f298715a-3687-48f0-9aea-93719265aec4 29538ed1b6304960bdadbaff5c7f44fd 32852b104b614765ab7053eeee310536 - - default default] TaaS: Handle Delete Port: 4529dc65-1154-482d-868f-7b60a7ccc752
2026-05-06 10:37:04.926 8 INFO neutron_taas.services.taas.tap_mirror_plugin [None req-f298715a-3687-48f0-9aea-93719265aec4 29538ed1b6304960bdadbaff5c7f44fd 32852b104b614765ab7053eeee310536 - - default default] Tap Mirror: Handle Delete Port: 4529dc65-1154-482d-868f-7b60a7ccc752
2026-05-06 10:37:04.989 7 INFO neutron.db.segments_db [None req-94c25842-20ac-43a1-9d1f-9d5ee08ea85a eab71f4c9d994c559878a31312175414 c1e31be76c6b43adbea91d2fce15b636 - - default default] Added segment a1a9b9be-3d33-4179-be8d-f16ee831a5ea of type geneve for network 539b85b1-d303-441f-be19-c57ad9b30573
2026-05-06 10:37:05.100 8 INFO neutron.services.segments.plugin [-] Segment a5929431-9d19-4702-866b-ded66a777810 resource provider aggregate not found
2026-05-06 10:37:05.101 7 INFO neutron.db.ovn_revision_numbers_db [None req-94c25842-20ac-43a1-9d1f-9d5ee08ea85a eab71f4c9d994c559878a31312175414 c1e31be76c6b43adbea91d2fce15b636 - - default default] Successfully bumped revision number for resource 539b85b1-d303-441f-be19-c57ad9b30573 (type: networks) to 1
2026-05-06 10:37:05.103 8 INFO neutron.services.segments.plugin [-] Segment a5929431-9d19-4702-866b-ded66a777810 resource provider aggregate not found
2026-05-06 10:37:05.123 8 INFO neutron.services.segments.plugin [-] Segment a5929431-9d19-4702-866b-ded66a777810 resource provider not found; error: Placement Client Error (4xx): {"errors": [{"status": 404, "title": "Not Found", "detail": "The resource could not be found.\n\n No resource provider with uuid a5929431-9d19-4702-866b-ded66a777810 found for delete ", "request_id": "req-78bc7801-32ad-4efe-bd4d-8b16adc10c39"}]}
2026-05-06 10:37:05.127 8 INFO neutron.services.segments.plugin [-] Segment a5929431-9d19-4702-866b-ded66a777810 resource provider not found; error: Placement Client Error (4xx): {"errors": [{"status": 404, "title": "Not Found", "detail": "The resource could not be found.\n\n No resource provider with uuid a5929431-9d19-4702-866b-ded66a777810 found for delete ", "request_id": "req-dedce732-0586-480f-87a0-3218ffdb4d41"}]} [pid: 8|app: 0|req: 753/1529] 10.0.0.184 () {32 vars in 726 bytes} [Wed May 6 10:37:04 2026] DELETE /v2.0/networks/07d7cd02-da8d-4918-abc1-706d3d9c4d1f => generated 0 bytes in 347 msecs (HTTP/1.1 204) 3 headers in 131 bytes (1 switches on core 0) [pid: 8|app: 0|req: 754/1530] 10.0.0.145 () {34 vars in 990 bytes} [Wed May 6 10:37:05 2026] GET /v2.0/ports?device_id=119e4f4f-a8e9-4a50-80bd-e1df61734ef0 => generated 12 bytes in 21 msecs (HTTP/1.1 200) 4 headers in 156 bytes (1 switches on core 0)
2026-05-06 10:37:05.276 7 WARNING neutron.scheduler.dhcp_agent_scheduler [None req-94c25842-20ac-43a1-9d1f-9d5ee08ea85a eab71f4c9d994c559878a31312175414 c1e31be76c6b43adbea91d2fce15b636 - - default default] No more DHCP agents
2026-05-06 10:37:05.277 7 WARNING neutron.api.rpc.agentnotifiers.dhcp_rpc_agent_api [None req-94c25842-20ac-43a1-9d1f-9d5ee08ea85a eab71f4c9d994c559878a31312175414 c1e31be76c6b43adbea91d2fce15b636 - - default default] Unable to schedule network 539b85b1-d303-441f-be19-c57ad9b30573: no agents available; will retry on subsequent port and subnet creation events.
2026-05-06 10:37:05.283 8 INFO neutron_taas.services.taas.taas_plugin [None req-86ac546f-41d1-46ea-b5ad-3661a3cceaa4 29538ed1b6304960bdadbaff5c7f44fd 32852b104b614765ab7053eeee310536 - - default default] TaaS: Handle Delete Port: 8ae643bb-1e63-40e4-935a-c797e5b5623d
2026-05-06 10:37:05.285 8 INFO neutron_taas.services.taas.tap_mirror_plugin [None req-86ac546f-41d1-46ea-b5ad-3661a3cceaa4 29538ed1b6304960bdadbaff5c7f44fd 32852b104b614765ab7053eeee310536 - - default default] Tap Mirror: Handle Delete Port: 8ae643bb-1e63-40e4-935a-c797e5b5623d
2026-05-06 10:37:05.320 7 INFO neutron.plugins.ml2.drivers.ovn.mech_driver.mech_driver [None req-b8cbf9e2-3a67-4237-bdaa-1b5ec695fd8a - - - - - -] OVN reports status down for port: 9017fedf-c6c8-4451-8c46-fdfdb3d178f9
2026-05-06 10:37:05.373 7 INFO neutron.db.ovn_revision_numbers_db [None req-94c25842-20ac-43a1-9d1f-9d5ee08ea85a eab71f4c9d994c559878a31312175414 c1e31be76c6b43adbea91d2fce15b636 - - default default] Successfully bumped revision number for resource 9017fedf-c6c8-4451-8c46-fdfdb3d178f9 (type: ports) to 1 [pid: 7|app: 0|req: 777/1531] 10.0.0.184 () {34 vars in 670 bytes} [Wed May 6 10:37:04 2026] POST /v2.0/networks => generated 669 bytes in 509 msecs (HTTP/1.1 201) 4 headers in 162 bytes (1 switches on core 0) [pid: 8|app: 0|req: 755/1532] 10.0.0.184 () {32 vars in 726 bytes} [Wed May 6 10:37:05 2026] DELETE /v2.0/networks/5691e5be-24c5-4ead-8d1a-de1e2be79161 => generated 0 bytes in 318 msecs (HTTP/1.1 204) 3 headers in 131 bytes (1 switches on core 0) [pid: 8|app: 0|req: 756/1533] 10.0.0.184 () {32 vars in 649 bytes} [Wed May 6 10:37:05 2026] GET /v2.0/networks => generated 689 bytes in 47 msecs (HTTP/1.1 200) 4 headers in 157 bytes (1 switches on core 0)
2026-05-06 10:37:05.573 7 WARNING neutron.scheduler.dhcp_agent_scheduler [None req-7dd4bb20-529a-4124-bf44-bd601e36fa87 eab71f4c9d994c559878a31312175414 c1e31be76c6b43adbea91d2fce15b636 - - default default] No more DHCP agents
2026-05-06 10:37:05.574 7 WARNING neutron.api.rpc.agentnotifiers.dhcp_rpc_agent_api [None req-7dd4bb20-529a-4124-bf44-bd601e36fa87 eab71f4c9d994c559878a31312175414 c1e31be76c6b43adbea91d2fce15b636 - - default default] Unable to schedule network 539b85b1-d303-441f-be19-c57ad9b30573: no agents available; will retry on subsequent port and subnet creation events.
2026-05-06 10:37:05.632 8 INFO neutron.db.segments_db [None req-3aee3ef6-41d0-4217-b85c-d2c0e1f3b701 29538ed1b6304960bdadbaff5c7f44fd 32852b104b614765ab7053eeee310536 - - default default] Added segment 41433ebc-5bd5-407a-81d0-cacca0e959b9 of type geneve for network 765d9507-635d-432f-9534-045b53b72602
2026-05-06 10:37:05.753 8 INFO neutron.db.ovn_revision_numbers_db [None req-3aee3ef6-41d0-4217-b85c-d2c0e1f3b701 29538ed1b6304960bdadbaff5c7f44fd 32852b104b614765ab7053eeee310536 - - default default] Successfully bumped revision number for resource 765d9507-635d-432f-9534-045b53b72602 (type: networks) to 1
2026-05-06 10:37:05.915 8 WARNING neutron.scheduler.dhcp_agent_scheduler [None req-3aee3ef6-41d0-4217-b85c-d2c0e1f3b701 29538ed1b6304960bdadbaff5c7f44fd 32852b104b614765ab7053eeee310536 - - default default] No more DHCP agents
2026-05-06 10:37:05.917 8 WARNING neutron.api.rpc.agentnotifiers.dhcp_rpc_agent_api [None req-3aee3ef6-41d0-4217-b85c-d2c0e1f3b701 29538ed1b6304960bdadbaff5c7f44fd 32852b104b614765ab7053eeee310536 - - default default] Unable to schedule network 765d9507-635d-432f-9534-045b53b72602: no agents available; will retry on subsequent port and subnet creation events.
2026-05-06 10:37:05.959 8 INFO neutron.plugins.ml2.drivers.ovn.mech_driver.mech_driver [None req-128a6255-6d90-4604-a5cf-815902a439e8 - - - - - -] OVN reports status down for port: 6b4e7ab3-31fd-4313-afd0-82e13a65d888
2026-05-06 10:37:05.987 7 INFO neutron.db.ovn_revision_numbers_db [None req-7dd4bb20-529a-4124-bf44-bd601e36fa87 eab71f4c9d994c559878a31312175414 c1e31be76c6b43adbea91d2fce15b636 - - default default] Successfully bumped revision number for resource 9017fedf-c6c8-4451-8c46-fdfdb3d178f9 (type: ports) to 2
2026-05-06 10:37:06.015 8 INFO neutron.db.ovn_revision_numbers_db [None req-3aee3ef6-41d0-4217-b85c-d2c0e1f3b701 29538ed1b6304960bdadbaff5c7f44fd 32852b104b614765ab7053eeee310536 - - default default] Successfully bumped revision number for resource 6b4e7ab3-31fd-4313-afd0-82e13a65d888 (type: ports) to 1
2026-05-06 10:37:06.019 7 INFO neutron.db.ovn_revision_numbers_db [None req-7dd4bb20-529a-4124-bf44-bd601e36fa87 eab71f4c9d994c559878a31312175414 c1e31be76c6b43adbea91d2fce15b636 - - default default] Successfully bumped revision number for resource 43997b64-69cc-4ccb-aa56-4cd2f9ed65b0 (type: subnets) to 0 [pid: 7|app: 0|req: 778/1534] 10.0.0.184 () {34 vars in 669 bytes} [Wed May 6 10:37:05 2026] POST /v2.0/subnets => generated 626 bytes in 617 msecs (HTTP/1.1 201) 4 headers in 162 bytes (1 switches on core 0) [pid: 8|app: 0|req: 757/1535] 10.0.0.184 () {34 vars in 670 bytes} [Wed May 6 10:37:05 2026] POST /v2.0/networks => generated 692 bytes in 508 msecs (HTTP/1.1 201) 4 headers in 162 bytes (1 switches on core 0) [pid: 7|app: 0|req: 779/1536] 199.204.45.162 () {34 vars in 986 bytes} [Wed May 6 10:37:06 2026] GET /v2.0/networks?id=8a64da88-7147-4908-9d87-cea78f41e334 => generated 711 bytes in 49 msecs (HTTP/1.1 200) 4 headers in 157 bytes (1 switches on core 0)
2026-05-06 10:37:06.182 7 INFO neutron.db.segments_db [None req-5ff06d30-ab4a-4268-9f9e-604315bbc938 29538ed1b6304960bdadbaff5c7f44fd 32852b104b614765ab7053eeee310536 - - default default] Added segment 6fb3abc4-7565-482a-841c-1bf6f8974b9e of type geneve for network 4bc284a6-fe09-4aab-8624-ec31ff358ec3
2026-05-06 10:37:06.276 7 INFO neutron.db.ovn_revision_numbers_db [None req-5ff06d30-ab4a-4268-9f9e-604315bbc938 29538ed1b6304960bdadbaff5c7f44fd 32852b104b614765ab7053eeee310536 - - default default] Successfully bumped revision number for resource 4bc284a6-fe09-4aab-8624-ec31ff358ec3 (type: networks) to 1
2026-05-06 10:37:06.300 8 WARNING neutron.scheduler.dhcp_agent_scheduler [None req-a8adc310-c423-498d-9473-bc3de0792c85 eab71f4c9d994c559878a31312175414 c1e31be76c6b43adbea91d2fce15b636 - - default default] No more DHCP agents
2026-05-06 10:37:06.301 8 WARNING neutron.api.rpc.agentnotifiers.dhcp_rpc_agent_api [None req-a8adc310-c423-498d-9473-bc3de0792c85 eab71f4c9d994c559878a31312175414 c1e31be76c6b43adbea91d2fce15b636 - - default default] Unable to schedule network 539b85b1-d303-441f-be19-c57ad9b30573: no agents available; will retry on subsequent port and subnet creation events.
2026-05-06 10:37:06.414 7 INFO neutron.plugins.ml2.drivers.ovn.mech_driver.mech_driver [None req-b8cbf9e2-3a67-4237-bdaa-1b5ec695fd8a - - - - - -] OVN reports status down for port: fbbe3c1a-4905-40fe-b610-11653af7e775
2026-05-06 10:37:06.439 8 INFO neutron.db.ovn_revision_numbers_db [None req-a8adc310-c423-498d-9473-bc3de0792c85 eab71f4c9d994c559878a31312175414 c1e31be76c6b43adbea91d2fce15b636 - - default default] Successfully bumped revision number for resource fbbe3c1a-4905-40fe-b610-11653af7e775 (type: ports) to 1
2026-05-06 10:37:06.481 7 WARNING neutron.scheduler.dhcp_agent_scheduler [None req-5ff06d30-ab4a-4268-9f9e-604315bbc938 29538ed1b6304960bdadbaff5c7f44fd 32852b104b614765ab7053eeee310536 - - default default] No more DHCP agents
2026-05-06 10:37:06.483 7 WARNING neutron.api.rpc.agentnotifiers.dhcp_rpc_agent_api [None req-5ff06d30-ab4a-4268-9f9e-604315bbc938 29538ed1b6304960bdadbaff5c7f44fd 32852b104b614765ab7053eeee310536 - - default default] Unable to schedule network 4bc284a6-fe09-4aab-8624-ec31ff358ec3: no agents available; will retry on subsequent port and subnet creation events. [pid: 8|app: 0|req: 758/1537] 10.0.0.184 () {34 vars in 665 bytes} [Wed May 6 10:37:06 2026] POST /v2.0/ports => generated 911 bytes in 442 msecs (HTTP/1.1 201) 4 headers in 162 bytes (1 switches on core 0)
2026-05-06 10:37:06.552 7 INFO neutron.plugins.ml2.drivers.ovn.mech_driver.mech_driver [None req-b8cbf9e2-3a67-4237-bdaa-1b5ec695fd8a - - - - - -] OVN reports status down for port: ae9cc5f8-f44f-466e-831b-42032a8275b5
2026-05-06 10:37:06.605 7 INFO neutron.db.ovn_revision_numbers_db [None req-5ff06d30-ab4a-4268-9f9e-604315bbc938 29538ed1b6304960bdadbaff5c7f44fd 32852b104b614765ab7053eeee310536 - - default default] Successfully bumped revision number for resource ae9cc5f8-f44f-466e-831b-42032a8275b5 (type: ports) to 1 [pid: 7|app: 0|req: 780/1538] 10.0.0.184 () {34 vars in 670 bytes} [Wed May 6 10:37:06 2026] POST /v2.0/networks => generated 692 bytes in 548 msecs (HTTP/1.1 201) 4 headers in 162 bytes (1 switches on core 0) [pid: 7|app: 0|req: 781/1539] 10.0.0.145 () {34 vars in 990 bytes} [Wed May 6 10:37:06 2026] GET /v2.0/ports?device_id=119e4f4f-a8e9-4a50-80bd-e1df61734ef0 => generated 12 bytes in 24 msecs (HTTP/1.1 200) 4 headers in 156 bytes (1 switches on core 0)
2026-05-06 10:37:06.782 8 WARNING neutron.scheduler.dhcp_agent_scheduler [req-8070f2b8-9193-4acf-a80d-f55157587dd1 req-7245ad99-1d8d-4f46-bbbb-0ee117451d9b 9efa7b256102432a9475b71e3a9e0308 f7cd76e2dc3d435fb2abfcf8b16765b5 - - default default] No more DHCP agents
2026-05-06 10:37:06.783 8 WARNING neutron.api.rpc.agentnotifiers.dhcp_rpc_agent_api [req-8070f2b8-9193-4acf-a80d-f55157587dd1 req-7245ad99-1d8d-4f46-bbbb-0ee117451d9b 9efa7b256102432a9475b71e3a9e0308 f7cd76e2dc3d435fb2abfcf8b16765b5 - - default default] Unable to schedule network 8a64da88-7147-4908-9d87-cea78f41e334: no agents available; will retry on subsequent port and subnet creation events.
2026-05-06 10:37:06.783 7 INFO neutron_taas.services.taas.taas_plugin [None req-366e837b-003b-4762-857c-f2ee9c9cc3af eab71f4c9d994c559878a31312175414 c1e31be76c6b43adbea91d2fce15b636 - - default default] TaaS: Handle Delete Port: fbbe3c1a-4905-40fe-b610-11653af7e775
2026-05-06 10:37:06.786 7 INFO neutron_taas.services.taas.tap_mirror_plugin [None req-366e837b-003b-4762-857c-f2ee9c9cc3af eab71f4c9d994c559878a31312175414 c1e31be76c6b43adbea91d2fce15b636 - - default default] Tap Mirror: Handle Delete Port: fbbe3c1a-4905-40fe-b610-11653af7e775
2026-05-06 10:37:06.888 7 INFO neutron.plugins.ml2.drivers.ovn.mech_driver.mech_driver [None req-b8cbf9e2-3a67-4237-bdaa-1b5ec695fd8a - - - - - -] OVN reports status down for port: 9587f7c9-ae6e-4ffc-8bcc-6cc35581a025
2026-05-06 10:37:06.901 8 INFO neutron.db.ovn_revision_numbers_db [req-8070f2b8-9193-4acf-a80d-f55157587dd1 req-7245ad99-1d8d-4f46-bbbb-0ee117451d9b 9efa7b256102432a9475b71e3a9e0308 f7cd76e2dc3d435fb2abfcf8b16765b5 - - default default] Successfully bumped revision number for resource 9587f7c9-ae6e-4ffc-8bcc-6cc35581a025 (type: ports) to 1 [pid: 8|app: 0|req: 759/1540] 199.204.45.162 () {38 vars in 955 bytes} [Wed May 6 10:37:06 2026] POST /v2.0/ports => generated 954 bytes in 445 msecs (HTTP/1.1 201) 4 headers in 162 bytes (1 switches on core 0) /var/lib/openstack/lib/python3.12/site-packages/pycadf/identifier.py:70: UserWarning: Invalid uuid: neutron. To ensure interoperability, identifiers should be a valid uuid. warnings.warn(('Invalid uuid: %s. To ensure interoperability, ' [pid: 7|app: 0|req: 782/1541] 10.0.0.184 () {32 vars in 720 bytes} [Wed May 6 10:37:06 2026] DELETE /v2.0/ports/fbbe3c1a-4905-40fe-b610-11653af7e775 => generated 0 bytes in 350 msecs (HTTP/1.1 204) 3 headers in 131 bytes (1 switches on core 0)
2026-05-06 10:37:07.151 8 INFO neutron.services.segments.plugin [-] Segment 6b2f3b47-9424-4b9c-9a85-ced7a27c2b88 resource provider aggregate not found
2026-05-06 10:37:07.159 8 INFO neutron.services.segments.plugin [-] Segment 6b2f3b47-9424-4b9c-9a85-ced7a27c2b88 resource provider aggregate not found
2026-05-06 10:37:07.165 8 INFO neutron.services.segments.plugin [-] Segment 6b2f3b47-9424-4b9c-9a85-ced7a27c2b88 resource provider not found; error: Placement Client Error (4xx): {"errors": [{"status": 404, "title": "Not Found", "detail": "The resource could not be found.\n\n No resource provider with uuid 6b2f3b47-9424-4b9c-9a85-ced7a27c2b88 found for delete ", "request_id": "req-773e1339-1355-4776-b83d-78845dfb58fe"}]}
2026-05-06 10:37:07.184 8 INFO neutron.services.segments.plugin [-] Segment 6b2f3b47-9424-4b9c-9a85-ced7a27c2b88 resource provider not found; error: Placement Client Error (4xx): {"errors": [{"status": 404, "title": "Not Found", "detail": "The resource could not be found.\n\n No resource provider with uuid 6b2f3b47-9424-4b9c-9a85-ced7a27c2b88 found for delete ", "request_id": "req-97109afe-5088-4fc3-a6a3-508dc3f64121"}]}
2026-05-06 10:37:07.297 8 WARNING neutron.scheduler.dhcp_agent_scheduler [None req-eae224a0-4662-45d3-a89c-5259f0ba554e 29538ed1b6304960bdadbaff5c7f44fd 32852b104b614765ab7053eeee310536 - - default default] No more DHCP agents
2026-05-06 10:37:07.298 8 WARNING neutron.api.rpc.agentnotifiers.dhcp_rpc_agent_api [None req-eae224a0-4662-45d3-a89c-5259f0ba554e 29538ed1b6304960bdadbaff5c7f44fd 32852b104b614765ab7053eeee310536 - - default default] Unable to schedule network 765d9507-635d-432f-9534-045b53b72602: no agents available; will retry on subsequent port and subnet creation events.
2026-05-06 10:37:07.349 7 INFO neutron.plugins.ml2.drivers.ovn.mech_driver.mech_driver [None req-b8cbf9e2-3a67-4237-bdaa-1b5ec695fd8a - - - - - -] OVN reports status down for port: 9d00dd2e-7a13-4d1a-a039-a3511e96453c
2026-05-06 10:37:07.382 8 INFO neutron.db.ovn_revision_numbers_db [None req-eae224a0-4662-45d3-a89c-5259f0ba554e 29538ed1b6304960bdadbaff5c7f44fd 32852b104b614765ab7053eeee310536 - - default default] Successfully bumped revision number for resource 9d00dd2e-7a13-4d1a-a039-a3511e96453c (type: ports) to 1
2026-05-06 10:37:07.409 7 INFO neutron.db.ovn_revision_numbers_db [req-8070f2b8-9193-4acf-a80d-f55157587dd1 req-8f0ae54f-eb81-4c95-8982-2126709efabc 79b95987ba464160ba107922151850c0 919fc29a1fb446fe96c516020475efe7 - - 51c84bc4c92f4e8c99b98f50e0f93b3a 51c84bc4c92f4e8c99b98f50e0f93b3a] Successfully bumped revision number for resource 9587f7c9-ae6e-4ffc-8bcc-6cc35581a025 (type: ports) to 2
2026-05-06 10:37:07.419 8 WARNING neutron.scheduler.dhcp_agent_scheduler [None req-eae224a0-4662-45d3-a89c-5259f0ba554e 29538ed1b6304960bdadbaff5c7f44fd 32852b104b614765ab7053eeee310536 - - default default] No more DHCP agents
2026-05-06 10:37:07.420 8 WARNING neutron.api.rpc.agentnotifiers.dhcp_rpc_agent_api [None req-eae224a0-4662-45d3-a89c-5259f0ba554e 29538ed1b6304960bdadbaff5c7f44fd 32852b104b614765ab7053eeee310536 - - default default] Unable to schedule network 4bc284a6-fe09-4aab-8624-ec31ff358ec3: no agents available; will retry on subsequent port and subnet creation events.
2026-05-06 10:37:07.475 7 INFO neutron.plugins.ml2.drivers.ovn.mech_driver.mech_driver [None req-b8cbf9e2-3a67-4237-bdaa-1b5ec695fd8a - - - - - -] OVN reports status down for port: a699f5fd-14d6-4d90-9ce2-bdbd800f264e
2026-05-06 10:37:07.497 8 INFO neutron.db.ovn_revision_numbers_db [None req-eae224a0-4662-45d3-a89c-5259f0ba554e 29538ed1b6304960bdadbaff5c7f44fd 32852b104b614765ab7053eeee310536 - - default default] Successfully bumped revision number for resource a699f5fd-14d6-4d90-9ce2-bdbd800f264e (type: ports) to 1 [pid: 8|app: 0|req: 760/1542] 10.0.0.184 () {34 vars in 665 bytes} [Wed May 6 10:37:06 2026] POST /v2.0/ports => generated 1506 bytes in 631 msecs (HTTP/1.1 201) 4 headers in 163 bytes (1 switches on core 0) /var/lib/openstack/lib/python3.12/site-packages/pycadf/identifier.py:70: UserWarning: Invalid uuid: neutron. To ensure interoperability, identifiers should be a valid uuid. warnings.warn(('Invalid uuid: %s. To ensure interoperability, '
2026-05-06 10:37:07.592 8 INFO neutron.pecan_wsgi.hooks.translation [None req-8808de90-f940-46ff-a913-4568e33484d2 eab71f4c9d994c559878a31312175414 c1e31be76c6b43adbea91d2fce15b636 - - default default] GET failed (client error): The resource could not be found. [pid: 8|app: 0|req: 761/1543] 10.0.0.184 () {32 vars in 717 bytes} [Wed May 6 10:37:07 2026] GET /v2.0/ports/fbbe3c1a-4905-40fe-b610-11653af7e775 => generated 132 bytes in 18 msecs (HTTP/1.1 404) 4 headers in 164 bytes (1 switches on core 0) [pid: 8|app: 0|req: 762/1544] 10.0.0.184 () {32 vars in 643 bytes} [Wed May 6 10:37:07 2026] GET /v2.0/ports => generated 3018 bytes in 89 msecs (HTTP/1.1 200) 4 headers in 158 bytes (1 switches on core 0)
2026-05-06 10:37:07.691 7 INFO neutron.db.ovn_revision_numbers_db [req-8070f2b8-9193-4acf-a80d-f55157587dd1 req-8f0ae54f-eb81-4c95-8982-2126709efabc 79b95987ba464160ba107922151850c0 919fc29a1fb446fe96c516020475efe7 - - 51c84bc4c92f4e8c99b98f50e0f93b3a 51c84bc4c92f4e8c99b98f50e0f93b3a] Successfully bumped revision number for resource 9587f7c9-ae6e-4ffc-8bcc-6cc35581a025 (type: ports) to 4 [pid: 7|app: 0|req: 783/1545] 199.204.45.162 () {38 vars in 1028 bytes} [Wed May 6 10:37:07 2026] PUT /v2.0/ports/9587f7c9-ae6e-4ffc-8bcc-6cc35581a025 => generated 1227 bytes in 700 msecs (HTTP/1.1 200) 4 headers in 158 bytes (1 switches on core 0) /var/lib/openstack/lib/python3.12/site-packages/pycadf/identifier.py:70: UserWarning: Invalid uuid: neutron. To ensure interoperability, identifiers should be a valid uuid. warnings.warn(('Invalid uuid: %s. To ensure interoperability, '
2026-05-06 10:37:07.752 7 INFO neutron.notifiers.nova [-] Nova event matching ['req-e2680365-2442-4135-a543-229114d4a558'] response: {'name': 'network-changed', 'server_uuid': '119e4f4f-a8e9-4a50-80bd-e1df61734ef0', 'tag': '9587f7c9-ae6e-4ffc-8bcc-6cc35581a025', 'status': 'completed', 'code': 200}
2026-05-06 10:37:07.879 7 INFO neutron_taas.services.taas.taas_plugin [None req-134680dc-2411-43a1-b452-758f444185e8 29538ed1b6304960bdadbaff5c7f44fd 32852b104b614765ab7053eeee310536 - - default default] TaaS: Handle Delete Port: 9d00dd2e-7a13-4d1a-a039-a3511e96453c
2026-05-06 10:37:07.883 7 INFO neutron_taas.services.taas.tap_mirror_plugin [None req-134680dc-2411-43a1-b452-758f444185e8 29538ed1b6304960bdadbaff5c7f44fd 32852b104b614765ab7053eeee310536 - - default default] Tap Mirror: Handle Delete Port: 9d00dd2e-7a13-4d1a-a039-a3511e96453c [pid: 8|app: 0|req: 763/1546] 10.0.0.184 () {32 vars in 724 bytes} [Wed May 6 10:37:07 2026] DELETE /v2.0/subnets/43997b64-69cc-4ccb-aa56-4cd2f9ed65b0 => generated 0 bytes in 244 msecs (HTTP/1.1 204) 3 headers in 131 bytes (1 switches on core 0) [pid: 8|app: 0|req: 764/1547] 10.0.0.145 () {34 vars in 990 bytes} [Wed May 6 10:37:07 2026] GET /v2.0/ports?device_id=119e4f4f-a8e9-4a50-80bd-e1df61734ef0 => generated 969 bytes in 36 msecs (HTTP/1.1 200) 4 headers in 157 bytes (1 switches on core 0) [pid: 7|app: 0|req: 784/1548] 10.0.0.184 () {32 vars in 720 bytes} [Wed May 6 10:37:07 2026] DELETE /v2.0/ports/9d00dd2e-7a13-4d1a-a039-a3511e96453c => generated 0 bytes in 283 msecs (HTTP/1.1 204) 3 headers in 131 bytes (1 switches on core 0) [pid: 7|app: 0|req: 785/1549] 10.0.0.145 () {34 vars in 1040 bytes} [Wed May 6 10:37:07 2026] GET /v2.0/security-groups?id=7090cc58-30f9-4da6-bc01-1ba3b6ee3a3a&fields=id&fields=name => generated 88 bytes in 24 msecs (HTTP/1.1 200) 4 headers in 156 bytes (1 switches on core 0)
2026-05-06 10:37:08.106 8 INFO neutron_taas.services.taas.taas_plugin [None req-d3518f92-611a-4b02-992a-8c804eaabcec eab71f4c9d994c559878a31312175414 c1e31be76c6b43adbea91d2fce15b636 - - default default] TaaS: Handle Delete Port: 9017fedf-c6c8-4451-8c46-fdfdb3d178f9
2026-05-06 10:37:08.109 8 INFO neutron_taas.services.taas.tap_mirror_plugin [None req-d3518f92-611a-4b02-992a-8c804eaabcec eab71f4c9d994c559878a31312175414 c1e31be76c6b43adbea91d2fce15b636 - - default default] Tap Mirror: Handle Delete Port: 9017fedf-c6c8-4451-8c46-fdfdb3d178f9
2026-05-06 10:37:08.177 7 INFO neutron_taas.services.taas.taas_plugin [None req-97f768b6-669b-4f2b-acf9-bf6c87f4e8f2 29538ed1b6304960bdadbaff5c7f44fd 32852b104b614765ab7053eeee310536 - - default default] TaaS: Handle Delete Port: a699f5fd-14d6-4d90-9ce2-bdbd800f264e
