2026-05-06 10:43:36.964 8 INFO neutron.db.segments_db [None req-1aea283b-19bc-403b-af48-f409e77015fb 234187f60e30434a929d560b1ab5f049 1332bfa6692742a5a0359325e212bcc4 - - default default] Added segment 07c61731-01a8-46c2-a5a5-f36eb0c4cb69 of type geneve for network cb3bff56-bfe4-49b2-93e4-3ad62acd2f0c
2026-05-06 10:43:37.079 8 INFO neutron.db.ovn_revision_numbers_db [None req-1aea283b-19bc-403b-af48-f409e77015fb 234187f60e30434a929d560b1ab5f049 1332bfa6692742a5a0359325e212bcc4 - - default default] Successfully bumped revision number for resource cb3bff56-bfe4-49b2-93e4-3ad62acd2f0c (type: networks) to 1
2026-05-06 10:43:37.233 8 WARNING neutron.scheduler.dhcp_agent_scheduler [None req-1aea283b-19bc-403b-af48-f409e77015fb 234187f60e30434a929d560b1ab5f049 1332bfa6692742a5a0359325e212bcc4 - - default default] No more DHCP agents
2026-05-06 10:43:37.234 8 WARNING neutron.api.rpc.agentnotifiers.dhcp_rpc_agent_api [None req-1aea283b-19bc-403b-af48-f409e77015fb 234187f60e30434a929d560b1ab5f049 1332bfa6692742a5a0359325e212bcc4 - - default default] Unable to schedule network cb3bff56-bfe4-49b2-93e4-3ad62acd2f0c: no agents available; will retry on subsequent port and subnet creation events.
2026-05-06 10:43:37.290 7 INFO neutron.plugins.ml2.drivers.ovn.mech_driver.mech_driver [None req-fb3bb604-cc93-4fd2-a10c-6a992ab68e58 - - - - - -] OVN reports status down for port: a565ad89-82ba-4c57-9fa5-0cafa8ff828c
2026-05-06 10:43:37.317 8 INFO neutron.db.ovn_revision_numbers_db [None req-1aea283b-19bc-403b-af48-f409e77015fb 234187f60e30434a929d560b1ab5f049 1332bfa6692742a5a0359325e212bcc4 - - default default] Successfully bumped revision number for resource a565ad89-82ba-4c57-9fa5-0cafa8ff828c (type: ports) to 1 [pid: 8|app: 0|req: 1668/3324] 10.0.0.184 () {34 vars in 670 bytes} [Wed May 6 10:43:36 2026] POST /v2.0/networks => generated 670 bytes in 462 msecs (HTTP/1.1 201) 4 headers in 162 bytes (1 switches on core 0)
2026-05-06 10:43:37.442 7 INFO neutron.db.segments_db [None req-33ada14d-0beb-4e0e-b8d8-c22fcfb26d45 234187f60e30434a929d560b1ab5f049 1332bfa6692742a5a0359325e212bcc4 - - default default] Added segment 06b7d4d6-d35b-4d9c-9aa2-da23b3d5315f of type geneve for network d92c6bfe-26ec-42cd-9038-ee8edb4be0f2
2026-05-06 10:43:37.557 7 INFO neutron.db.ovn_revision_numbers_db [None req-33ada14d-0beb-4e0e-b8d8-c22fcfb26d45 234187f60e30434a929d560b1ab5f049 1332bfa6692742a5a0359325e212bcc4 - - default default] Successfully bumped revision number for resource d92c6bfe-26ec-42cd-9038-ee8edb4be0f2 (type: networks) to 1
2026-05-06 10:43:37.724 7 WARNING neutron.scheduler.dhcp_agent_scheduler [None req-33ada14d-0beb-4e0e-b8d8-c22fcfb26d45 234187f60e30434a929d560b1ab5f049 1332bfa6692742a5a0359325e212bcc4 - - default default] No more DHCP agents
2026-05-06 10:43:37.726 7 WARNING neutron.api.rpc.agentnotifiers.dhcp_rpc_agent_api [None req-33ada14d-0beb-4e0e-b8d8-c22fcfb26d45 234187f60e30434a929d560b1ab5f049 1332bfa6692742a5a0359325e212bcc4 - - default default] Unable to schedule network d92c6bfe-26ec-42cd-9038-ee8edb4be0f2: no agents available; will retry on subsequent port and subnet creation events.
2026-05-06 10:43:37.774 7 INFO neutron.plugins.ml2.drivers.ovn.mech_driver.mech_driver [None req-fb3bb604-cc93-4fd2-a10c-6a992ab68e58 - - - - - -] OVN reports status down for port: 65a44145-ea5b-428d-9099-9f64d70e1113
2026-05-06 10:43:37.835 7 INFO neutron.db.ovn_revision_numbers_db [None req-33ada14d-0beb-4e0e-b8d8-c22fcfb26d45 234187f60e30434a929d560b1ab5f049 1332bfa6692742a5a0359325e212bcc4 - - default default] Successfully bumped revision number for resource 65a44145-ea5b-428d-9099-9f64d70e1113 (type: ports) to 1 [pid: 7|app: 0|req: 1657/3325] 10.0.0.184 () {34 vars in 670 bytes} [Wed May 6 10:43:37 2026] POST /v2.0/networks => generated 669 bytes in 540 msecs (HTTP/1.1 201) 4 headers in 162 bytes (1 switches on core 0) [pid: 8|app: 0|req: 1669/3326] 10.0.0.184 () {34 vars in 753 bytes} [Wed May 6 10:43:37 2026] PUT /v2.0/networks/f04fbe94-e9ad-497b-9167-d2cfe518a443/tags => generated 17 bytes in 62 msecs (HTTP/1.1 200) 4 headers in 156 bytes (1 switches on core 0) [pid: 7|app: 0|req: 1658/3327] 10.0.0.184 () {34 vars in 753 bytes} [Wed May 6 10:43:37 2026] PUT /v2.0/networks/d31f0316-2392-4000-a1ea-9d30d14ffd5a/tags => generated 25 bytes in 54 msecs (HTTP/1.1 200) 4 headers in 156 bytes (1 switches on core 0) [pid: 8|app: 0|req: 1670/3328] 10.0.0.184 () {34 vars in 753 bytes} [Wed May 6 10:43:38 2026] PUT /v2.0/networks/26eac5ef-8dd2-44eb-9ec9-0647c369d851/tags => generated 34 bytes in 59 msecs (HTTP/1.1 200) 4 headers in 156 bytes (1 switches on core 0) [pid: 7|app: 0|req: 1659/3329] 10.0.0.184 () {34 vars in 753 bytes} [Wed May 6 10:43:38 2026] PUT /v2.0/networks/cb3bff56-bfe4-49b2-93e4-3ad62acd2f0c/tags => generated 19 bytes in 55 msecs (HTTP/1.1 200) 4 headers in 156 bytes (1 switches on core 0) [pid: 8|app: 0|req: 1671/3330] 10.0.0.184 () {32 vars in 666 bytes} [Wed May 6 10:43:38 2026] GET /v2.0/networks?tags=red => generated 1988 bytes in 52 msecs (HTTP/1.1 200) 4 headers in 158 bytes (1 switches on core 0) [pid: 7|app: 0|req: 1660/3331] 10.0.0.184 () {32 vars in 680 bytes} [Wed May 6 10:43:38 2026] GET /v2.0/networks?tags=red%2Cblue => generated 1337 bytes in 45 msecs (HTTP/1.1 200) 4 headers in 158 bytes (1 switches on core 0) [pid: 8|app: 0|req: 1672/3332] 10.0.0.184 () {32 vars in 676 bytes} [Wed May 6 10:43:38 2026] GET /v2.0/networks?tags-any=blue => generated 1337 bytes in 50 msecs (HTTP/1.1 200) 4 headers in 158 bytes (1 switches on core 0) [pid: 7|app: 0|req: 1661/3333] 10.0.0.184 () {32 vars in 688 bytes} [Wed May 6 10:43:38 2026] GET /v2.0/networks?tags-any=red%2Cblue => generated 1988 bytes in 59 msecs (HTTP/1.1 200) 4 headers in 158 bytes (1 switches on core 0) [pid: 8|app: 0|req: 1673/3334] 10.0.0.184 () {32 vars in 674 bytes} [Wed May 6 10:43:38 2026] GET /v2.0/networks?not-tags=red => generated 1987 bytes in 49 msecs (HTTP/1.1 200) 4 headers in 158 bytes (1 switches on core 0) [pid: 7|app: 0|req: 1662/3335] 10.0.0.184 () {32 vars in 688 bytes} [Wed May 6 10:43:38 2026] GET /v2.0/networks?not-tags=red%2Cblue => generated 2638 bytes in 62 msecs (HTTP/1.1 200) 4 headers in 158 bytes (1 switches on core 0) [pid: 8|app: 0|req: 1674/3336] 10.0.0.184 () {32 vars in 684 bytes} [Wed May 6 10:43:38 2026] GET /v2.0/networks?not-tags-any=blue => generated 2638 bytes in 60 msecs (HTTP/1.1 200) 4 headers in 158 bytes (1 switches on core 0) [pid: 7|app: 0|req: 1663/3337] 10.0.0.184 () {32 vars in 696 bytes} [Wed May 6 10:43:38 2026] GET /v2.0/networks?not-tags-any=red%2Cblue => generated 1987 bytes in 69 msecs (HTTP/1.1 200) 4 headers in 158 bytes (1 switches on core 0)
2026-05-06 10:43:38.728 8 INFO neutron_taas.services.taas.taas_plugin [None req-e5da9e53-a34c-4825-bdbd-262b5349eb14 234187f60e30434a929d560b1ab5f049 1332bfa6692742a5a0359325e212bcc4 - - default default] TaaS: Handle Delete Port: 6b70a5c9-6531-4bb1-9410-32a371e0be2e
2026-05-06 10:43:38.731 8 INFO neutron_taas.services.taas.tap_mirror_plugin [None req-e5da9e53-a34c-4825-bdbd-262b5349eb14 234187f60e30434a929d560b1ab5f049 1332bfa6692742a5a0359325e212bcc4 - - default default] Tap Mirror: Handle Delete Port: 6b70a5c9-6531-4bb1-9410-32a371e0be2e [pid: 8|app: 0|req: 1675/3338] 10.0.0.184 () {32 vars in 726 bytes} [Wed May 6 10:43:38 2026] DELETE /v2.0/networks/f04fbe94-e9ad-497b-9167-d2cfe518a443 => generated 0 bytes in 314 msecs (HTTP/1.1 204) 3 headers in 131 bytes (1 switches on core 0)
2026-05-06 10:43:38.987 8 INFO neutron.services.segments.plugin [-] Segment adf6e6a9-fb98-46aa-9d27-fbf682759910 resource provider aggregate not found
2026-05-06 10:43:38.993 8 INFO neutron.services.segments.plugin [-] Segment adf6e6a9-fb98-46aa-9d27-fbf682759910 resource provider aggregate not found
2026-05-06 10:43:39.006 8 INFO neutron.services.segments.plugin [-] Segment adf6e6a9-fb98-46aa-9d27-fbf682759910 resource provider not found; error: Placement Client Error (4xx): {"errors": [{"status": 404, "title": "Not Found", "detail": "The resource could not be found.\n\n No resource provider with uuid adf6e6a9-fb98-46aa-9d27-fbf682759910 found for delete ", "request_id": "req-f2dba397-1c6e-464b-94b2-056628eefca7"}]}
2026-05-06 10:43:39.008 8 INFO neutron.services.segments.plugin [-] Segment adf6e6a9-fb98-46aa-9d27-fbf682759910 resource provider not found; error: Placement Client Error (4xx): {"errors": [{"status": 404, "title": "Not Found", "detail": "The resource could not be found.\n\n No resource provider with uuid adf6e6a9-fb98-46aa-9d27-fbf682759910 found for delete ", "request_id": "req-697c0a69-fde5-4d1b-b896-d6d31f310cf6"}]}
2026-05-06 10:43:39.058 7 INFO neutron_taas.services.taas.taas_plugin [None req-7a4a4c8c-8f3f-4149-afc0-fc7b4cf0a995 234187f60e30434a929d560b1ab5f049 1332bfa6692742a5a0359325e212bcc4 - - default default] TaaS: Handle Delete Port: 0e7e5662-0087-42c0-8d36-bebb2fa72961
2026-05-06 10:43:39.060 7 INFO neutron_taas.services.taas.tap_mirror_plugin [None req-7a4a4c8c-8f3f-4149-afc0-fc7b4cf0a995 234187f60e30434a929d560b1ab5f049 1332bfa6692742a5a0359325e212bcc4 - - default default] Tap Mirror: Handle Delete Port: 0e7e5662-0087-42c0-8d36-bebb2fa72961
2026-05-06 10:43:39.230 7 INFO neutron.services.segments.plugin [-] Segment b512a683-32a8-423d-b86d-8658b44d26bc resource provider aggregate not found
2026-05-06 10:43:39.238 7 INFO neutron.services.segments.plugin [-] Segment b512a683-32a8-423d-b86d-8658b44d26bc resource provider aggregate not found
2026-05-06 10:43:39.250 7 INFO neutron.services.segments.plugin [-] Segment b512a683-32a8-423d-b86d-8658b44d26bc resource provider not found; error: Placement Client Error (4xx): {"errors": [{"status": 404, "title": "Not Found", "detail": "The resource could not be found.\n\n No resource provider with uuid b512a683-32a8-423d-b86d-8658b44d26bc found for delete ", "request_id": "req-78994a67-a411-430b-b021-f688831b0a0b"}]}
2026-05-06 10:43:39.261 7 INFO neutron.services.segments.plugin [-] Segment b512a683-32a8-423d-b86d-8658b44d26bc resource provider not found; error: Placement Client Error (4xx): {"errors": [{"status": 404, "title": "Not Found", "detail": "The resource could not be found.\n\n No resource provider with uuid b512a683-32a8-423d-b86d-8658b44d26bc found for delete ", "request_id": "req-a2d8f9a6-7191-4357-a143-958033c98ca3"}]} [pid: 7|app: 0|req: 1664/3339] 10.0.0.184 () {32 vars in 726 bytes} [Wed May 6 10:43:38 2026] DELETE /v2.0/networks/d31f0316-2392-4000-a1ea-9d30d14ffd5a => generated 0 bytes in 340 msecs (HTTP/1.1 204) 3 headers in 131 bytes (1 switches on core 0)
2026-05-06 10:43:39.394 8 INFO neutron_taas.services.taas.taas_plugin [None req-909e53fa-b399-487a-bf42-76b6871cf20f 234187f60e30434a929d560b1ab5f049 1332bfa6692742a5a0359325e212bcc4 - - default default] TaaS: Handle Delete Port: b3691c91-d99b-4742-a7b5-97d60d2a3d5f
2026-05-06 10:43:39.396 8 INFO neutron_taas.services.taas.tap_mirror_plugin [None req-909e53fa-b399-487a-bf42-76b6871cf20f 234187f60e30434a929d560b1ab5f049 1332bfa6692742a5a0359325e212bcc4 - - default default] Tap Mirror: Handle Delete Port: b3691c91-d99b-4742-a7b5-97d60d2a3d5f [pid: 8|app: 0|req: 1676/3340] 10.0.0.184 () {32 vars in 726 bytes} [Wed May 6 10:43:39 2026] DELETE /v2.0/networks/26eac5ef-8dd2-44eb-9ec9-0647c369d851 => generated 0 bytes in 301 msecs (HTTP/1.1 204) 3 headers in 131 bytes (1 switches on core 0)
2026-05-06 10:43:39.708 7 INFO neutron_taas.services.taas.taas_plugin [None req-cae01ed2-0a15-4b5c-85b0-acfee07e6c72 234187f60e30434a929d560b1ab5f049 1332bfa6692742a5a0359325e212bcc4 - - default default] TaaS: Handle Delete Port: a565ad89-82ba-4c57-9fa5-0cafa8ff828c
2026-05-06 10:43:39.711 7 INFO neutron_taas.services.taas.tap_mirror_plugin [None req-cae01ed2-0a15-4b5c-85b0-acfee07e6c72 234187f60e30434a929d560b1ab5f049 1332bfa6692742a5a0359325e212bcc4 - - default default] Tap Mirror: Handle Delete Port: a565ad89-82ba-4c57-9fa5-0cafa8ff828c [pid: 7|app: 0|req: 1665/3341] 10.0.0.184 () {32 vars in 726 bytes} [Wed May 6 10:43:39 2026] DELETE /v2.0/networks/cb3bff56-bfe4-49b2-93e4-3ad62acd2f0c => generated 0 bytes in 300 msecs (HTTP/1.1 204) 3 headers in 131 bytes (1 switches on core 0)
2026-05-06 10:43:40.004 8 INFO neutron_taas.services.taas.taas_plugin [None req-004b1827-5739-4698-986f-b4031aaa845a 234187f60e30434a929d560b1ab5f049 1332bfa6692742a5a0359325e212bcc4 - - default default] TaaS: Handle Delete Port: 65a44145-ea5b-428d-9099-9f64d70e1113
2026-05-06 10:43:40.007 8 INFO neutron_taas.services.taas.tap_mirror_plugin [None req-004b1827-5739-4698-986f-b4031aaa845a 234187f60e30434a929d560b1ab5f049 1332bfa6692742a5a0359325e212bcc4 - - default default] Tap Mirror: Handle Delete Port: 65a44145-ea5b-428d-9099-9f64d70e1113 [pid: 8|app: 0|req: 1677/3342] 10.0.0.184 () {32 vars in 726 bytes} [Wed May 6 10:43:39 2026] DELETE /v2.0/networks/d92c6bfe-26ec-42cd-9038-ee8edb4be0f2 => generated 0 bytes in 320 msecs (HTTP/1.1 204) 3 headers in 131 bytes (1 switches on core 0)
2026-05-06 10:43:41.026 8 INFO neutron.services.segments.plugin [-] Segment 239f3eb5-0760-43dd-8521-044ffe98dff3 resource provider aggregate not found
2026-05-06 10:43:41.030 8 INFO neutron.services.segments.plugin [-] Segment 239f3eb5-0760-43dd-8521-044ffe98dff3 resource provider aggregate not found
2026-05-06 10:43:41.043 8 INFO neutron.services.segments.plugin [-] Segment 239f3eb5-0760-43dd-8521-044ffe98dff3 resource provider not found; error: Placement Client Error (4xx): {"errors": [{"status": 404, "title": "Not Found", "detail": "The resource could not be found.\n\n No resource provider with uuid 239f3eb5-0760-43dd-8521-044ffe98dff3 found for delete ", "request_id": "req-eef4f373-8b79-46b1-9af4-6c16b49bf2b9"}]}
2026-05-06 10:43:41.049 8 INFO neutron.services.segments.plugin [-] Segment 239f3eb5-0760-43dd-8521-044ffe98dff3 resource provider not found; error: Placement Client Error (4xx): {"errors": [{"status": 404, "title": "Not Found", "detail": "The resource could not be found.\n\n No resource provider with uuid 239f3eb5-0760-43dd-8521-044ffe98dff3 found for delete ", "request_id": "req-8cd4acfb-800b-4119-bba3-62a804a85a5d"}]}
2026-05-06 10:43:41.063 8 INFO neutron.services.segments.plugin [-] Segment 06b7d4d6-d35b-4d9c-9aa2-da23b3d5315f resource provider aggregate not found
2026-05-06 10:43:41.068 8 INFO neutron.services.segments.plugin [-] Segment 06b7d4d6-d35b-4d9c-9aa2-da23b3d5315f resource provider aggregate not found
2026-05-06 10:43:41.081 8 INFO neutron.services.segments.plugin [-] Segment 06b7d4d6-d35b-4d9c-9aa2-da23b3d5315f resource provider not found; error: Placement Client Error (4xx): {"errors": [{"status": 404, "title": "Not Found", "detail": "The resource could not be found.\n\n No resource provider with uuid 06b7d4d6-d35b-4d9c-9aa2-da23b3d5315f found for delete ", "request_id": "req-3a7e7da0-e4ad-4a5d-8f63-4c64c0c44d0d"}]}
2026-05-06 10:43:41.081 8 INFO neutron.services.segments.plugin [-] Segment 06b7d4d6-d35b-4d9c-9aa2-da23b3d5315f resource provider not found; error: Placement Client Error (4xx): {"errors": [{"status": 404, "title": "Not Found", "detail": "The resource could not be found.\n\n No resource provider with uuid 06b7d4d6-d35b-4d9c-9aa2-da23b3d5315f found for delete ", "request_id": "req-2f732241-48bb-46f1-9509-57b8ec0330fe"}]}
2026-05-06 10:43:41.097 7 WARNING neutron.db.securitygroups_db [None req-2adb2974-1474-4a2e-bbd1-f9358c7fe8e3 a7093a4e0cd94679af256d8eba8bcdcf 2cf9a58929234db9aa980cde56c37a23 - - default default] project_id key not found in filters, using tenant_id instead. This support has been deprecated and will be removed in a future release.
2026-05-06 10:43:41.228 7 INFO neutron.db.ovn_revision_numbers_db [None req-2adb2974-1474-4a2e-bbd1-f9358c7fe8e3 a7093a4e0cd94679af256d8eba8bcdcf 2cf9a58929234db9aa980cde56c37a23 - - default default] Successfully bumped revision number for resource cf1cb73b-fcdd-4b54-8de6-d643c774e473 (type: security_groups) to 1
2026-05-06 10:43:41.242 7 INFO neutron.db.ovn_revision_numbers_db [None req-2adb2974-1474-4a2e-bbd1-f9358c7fe8e3 a7093a4e0cd94679af256d8eba8bcdcf 2cf9a58929234db9aa980cde56c37a23 - - default default] Successfully bumped revision number for resource 936b68a7-5f01-4f16-916d-fb01c70dc9b6 (type: security_group_rules) to 0
2026-05-06 10:43:41.255 7 INFO neutron.db.ovn_revision_numbers_db [None req-2adb2974-1474-4a2e-bbd1-f9358c7fe8e3 a7093a4e0cd94679af256d8eba8bcdcf 2cf9a58929234db9aa980cde56c37a23 - - default default] Successfully bumped revision number for resource 9ef51c71-f1d9-4c45-a4a2-af6df4a8baae (type: security_group_rules) to 0
2026-05-06 10:43:41.270 7 INFO neutron.db.ovn_revision_numbers_db [None req-2adb2974-1474-4a2e-bbd1-f9358c7fe8e3 a7093a4e0cd94679af256d8eba8bcdcf 2cf9a58929234db9aa980cde56c37a23 - - default default] Successfully bumped revision number for resource c12aac18-05cc-4b2d-b677-35960fdb575e (type: security_group_rules) to 0
2026-05-06 10:43:41.273 7 INFO neutron.services.segments.plugin [-] Segment 07c61731-01a8-46c2-a5a5-f36eb0c4cb69 resource provider aggregate not found
2026-05-06 10:43:41.285 7 INFO neutron.services.segments.plugin [-] Segment 07c61731-01a8-46c2-a5a5-f36eb0c4cb69 resource provider aggregate not found
2026-05-06 10:43:41.289 7 INFO neutron.services.segments.plugin [-] Segment 07c61731-01a8-46c2-a5a5-f36eb0c4cb69 resource provider not found; error: Placement Client Error (4xx): {"errors": [{"status": 404, "title": "Not Found", "detail": "The resource could not be found.\n\n No resource provider with uuid 07c61731-01a8-46c2-a5a5-f36eb0c4cb69 found for delete ", "request_id": "req-44b86330-2c50-4ade-842e-f1cedd7f49cc"}]}
2026-05-06 10:43:41.289 7 INFO neutron.db.ovn_revision_numbers_db [None req-2adb2974-1474-4a2e-bbd1-f9358c7fe8e3 a7093a4e0cd94679af256d8eba8bcdcf 2cf9a58929234db9aa980cde56c37a23 - - default default] Successfully bumped revision number for resource f1f14c90-659b-4148-8589-9ba4ed8466e5 (type: security_group_rules) to 0
2026-05-06 10:43:41.301 7 INFO neutron.services.segments.plugin [-] Segment 07c61731-01a8-46c2-a5a5-f36eb0c4cb69 resource provider not found; error: Placement Client Error (4xx): {"errors": [{"status": 404, "title": "Not Found", "detail": "The resource could not be found.\n\n No resource provider with uuid 07c61731-01a8-46c2-a5a5-f36eb0c4cb69 found for delete ", "request_id": "req-6b40e0e4-d76e-4077-9d4f-6d846156efd5"}]} [pid: 7|app: 0|req: 1666/3343] 10.0.0.184 () {32 vars in 774 bytes} [Wed May 6 10:43:40 2026] GET /v2.0/security-groups?tenant_id=1b2435ea72784273a3ca89c5fdda83f5&name=default => generated 2929 bytes in 398 msecs (HTTP/1.1 200) 4 headers in 158 bytes (1 switches on core 0) [pid: 8|app: 0|req: 1678/3344] 10.0.0.184 () {32 vars in 740 bytes} [Wed May 6 10:43:41 2026] DELETE /v2.0/security-groups/cf1cb73b-fcdd-4b54-8de6-d643c774e473 => generated 0 bytes in 158 msecs (HTTP/1.1 204) 2 headers in 112 bytes (1 switches on core 0)
2026-05-06 10:43:41.573 7 WARNING neutron.db.securitygroups_db [None req-69c4ab97-cd4b-474e-ab64-7d8e72088cbd a7093a4e0cd94679af256d8eba8bcdcf 2cf9a58929234db9aa980cde56c37a23 - - default default] project_id key not found in filters, using tenant_id instead. This support has been deprecated and will be removed in a future release.
2026-05-06 10:43:41.704 7 INFO neutron.db.ovn_revision_numbers_db [None req-69c4ab97-cd4b-474e-ab64-7d8e72088cbd a7093a4e0cd94679af256d8eba8bcdcf 2cf9a58929234db9aa980cde56c37a23 - - default default] Successfully bumped revision number for resource dd5ed9f0-d457-4fdc-be57-4d603b7f78b8 (type: security_groups) to 1
2026-05-06 10:43:41.713 7 INFO neutron.db.ovn_revision_numbers_db [None req-69c4ab97-cd4b-474e-ab64-7d8e72088cbd a7093a4e0cd94679af256d8eba8bcdcf 2cf9a58929234db9aa980cde56c37a23 - - default default] Successfully bumped revision number for resource 1fcd3e53-5f99-4bd8-b904-48eb1de6f48f (type: security_group_rules) to 0
2026-05-06 10:43:41.722 7 INFO neutron.db.ovn_revision_numbers_db [None req-69c4ab97-cd4b-474e-ab64-7d8e72088cbd a7093a4e0cd94679af256d8eba8bcdcf 2cf9a58929234db9aa980cde56c37a23 - - default default] Successfully bumped revision number for resource 4998c1f5-881d-4525-a003-18754a58552d (type: security_group_rules) to 0
2026-05-06 10:43:41.732 7 INFO neutron.db.ovn_revision_numbers_db [None req-69c4ab97-cd4b-474e-ab64-7d8e72088cbd a7093a4e0cd94679af256d8eba8bcdcf 2cf9a58929234db9aa980cde56c37a23 - - default default] Successfully bumped revision number for resource 76fdd48a-fc81-4563-bccf-ae632f8b3208 (type: security_group_rules) to 0
2026-05-06 10:43:41.744 7 INFO neutron.db.ovn_revision_numbers_db [None req-69c4ab97-cd4b-474e-ab64-7d8e72088cbd a7093a4e0cd94679af256d8eba8bcdcf 2cf9a58929234db9aa980cde56c37a23 - - default default] Successfully bumped revision number for resource f1356602-9b9c-4c25-8589-5cbeaa024ad7 (type: security_group_rules) to 0 [pid: 7|app: 0|req: 1667/3345] 10.0.0.184 () {32 vars in 774 bytes} [Wed May 6 10:43:41 2026] GET /v2.0/security-groups?tenant_id=99c96c2b350f41f2b987e944c847a0de&name=default => generated 2929 bytes in 205 msecs (HTTP/1.1 200) 4 headers in 158 bytes (1 switches on core 0) [pid: 8|app: 0|req: 1679/3346] 10.0.0.184 () {32 vars in 740 bytes} [Wed May 6 10:43:41 2026] DELETE /v2.0/security-groups/dd5ed9f0-d457-4fdc-be57-4d603b7f78b8 => generated 0 bytes in 175 msecs (HTTP/1.1 204) 2 headers in 112 bytes (1 switches on core 0)
2026-05-06 10:43:42.081 7 WARNING neutron.db.securitygroups_db [None req-b14e792e-5ef1-43de-b39d-81639f6a6d4a a7093a4e0cd94679af256d8eba8bcdcf 2cf9a58929234db9aa980cde56c37a23 - - default default] project_id key not found in filters, using tenant_id instead. This support has been deprecated and will be removed in a future release. [pid: 7|app: 0|req: 1668/3347] 10.0.0.184 () {32 vars in 774 bytes} [Wed May 6 10:43:42 2026] GET /v2.0/security-groups?tenant_id=1332bfa6692742a5a0359325e212bcc4&name=default => generated 2929 bytes in 25 msecs (HTTP/1.1 200) 4 headers in 158 bytes (1 switches on core 0) [pid: 8|app: 0|req: 1680/3348] 10.0.0.184 () {32 vars in 740 bytes} [Wed May 6 10:43:42 2026] DELETE /v2.0/security-groups/099121a3-17ea-4362-9f18-182865b4da2a => generated 0 bytes in 178 msecs (HTTP/1.1 204) 2 headers in 112 bytes (1 switches on core 0)
2026-05-06 10:43:46.383 8 INFO neutron.db.ovn_revision_numbers_db [None req-75295792-14fe-4253-83bc-c5fecb877419 dd363a634e524374a08b2a82ab0d0130 3ecc1969e5974607936a2a9209991b86 - - default default] Successfully bumped revision number for resource 1d337765-6bc1-4057-a584-cbbe4a55ce32 (type: security_groups) to 1
2026-05-06 10:43:46.393 8 INFO neutron.db.ovn_revision_numbers_db [None req-75295792-14fe-4253-83bc-c5fecb877419 dd363a634e524374a08b2a82ab0d0130 3ecc1969e5974607936a2a9209991b86 - - default default] Successfully bumped revision number for resource 545857d8-54ed-4ca1-b202-f4db7145da70 (type: security_group_rules) to 0
2026-05-06 10:43:46.403 8 INFO neutron.db.ovn_revision_numbers_db [None req-75295792-14fe-4253-83bc-c5fecb877419 dd363a634e524374a08b2a82ab0d0130 3ecc1969e5974607936a2a9209991b86 - - default default] Successfully bumped revision number for resource 96e9e704-1d3e-4ba1-b28d-3d2596404e71 (type: security_group_rules) to 0
2026-05-06 10:43:46.414 8 INFO neutron.db.ovn_revision_numbers_db [None req-75295792-14fe-4253-83bc-c5fecb877419 dd363a634e524374a08b2a82ab0d0130 3ecc1969e5974607936a2a9209991b86 - - default default] Successfully bumped revision number for resource c3a0e7e3-a401-483e-9622-2e00d0489f03 (type: security_group_rules) to 0
2026-05-06 10:43:46.428 8 INFO neutron.db.ovn_revision_numbers_db [None req-75295792-14fe-4253-83bc-c5fecb877419 dd363a634e524374a08b2a82ab0d0130 3ecc1969e5974607936a2a9209991b86 - - default default] Successfully bumped revision number for resource dabdb09b-19b2-4ce7-b0a7-4fac5d67c385 (type: security_group_rules) to 0
2026-05-06 10:43:46.502 8 INFO neutron.db.segments_db [None req-75295792-14fe-4253-83bc-c5fecb877419 dd363a634e524374a08b2a82ab0d0130 3ecc1969e5974607936a2a9209991b86 - - default default] Added segment 719eabc9-6ec8-400e-afcd-0ceb49e9a9a3 of type geneve for network 8b1e51ef-6b50-49c2-9fe3-f2bfab17d49c
2026-05-06 10:43:46.605 8 INFO neutron.db.ovn_revision_numbers_db [None req-75295792-14fe-4253-83bc-c5fecb877419 dd363a634e524374a08b2a82ab0d0130 3ecc1969e5974607936a2a9209991b86 - - default default] Successfully bumped revision number for resource 8b1e51ef-6b50-49c2-9fe3-f2bfab17d49c (type: networks) to 1
2026-05-06 10:43:46.774 8 WARNING neutron.scheduler.dhcp_agent_scheduler [None req-75295792-14fe-4253-83bc-c5fecb877419 dd363a634e524374a08b2a82ab0d0130 3ecc1969e5974607936a2a9209991b86 - - default default] No more DHCP agents
2026-05-06 10:43:46.775 8 WARNING neutron.api.rpc.agentnotifiers.dhcp_rpc_agent_api [None req-75295792-14fe-4253-83bc-c5fecb877419 dd363a634e524374a08b2a82ab0d0130 3ecc1969e5974607936a2a9209991b86 - - default default] Unable to schedule network 8b1e51ef-6b50-49c2-9fe3-f2bfab17d49c: no agents available; will retry on subsequent port and subnet creation events.
2026-05-06 10:43:46.825 7 INFO neutron.plugins.ml2.drivers.ovn.mech_driver.mech_driver [None req-fb3bb604-cc93-4fd2-a10c-6a992ab68e58 - - - - - -] OVN reports status down for port: a9864205-2df9-43f2-bbf6-d7514476668b
2026-05-06 10:43:46.840 8 INFO neutron.db.ovn_revision_numbers_db [None req-75295792-14fe-4253-83bc-c5fecb877419 dd363a634e524374a08b2a82ab0d0130 3ecc1969e5974607936a2a9209991b86 - - default default] Successfully bumped revision number for resource a9864205-2df9-43f2-bbf6-d7514476668b (type: ports) to 1 [pid: 8|app: 0|req: 1682/3351] 10.0.0.184 () {34 vars in 670 bytes} [Wed May 6 10:43:46 2026] POST /v2.0/networks => generated 670 bytes in 766 msecs (HTTP/1.1 201) 4 headers in 162 bytes (1 switches on core 0)
2026-05-06 10:43:47.101 7 WARNING neutron.scheduler.dhcp_agent_scheduler [None req-f68f5ede-b164-420e-9e28-e1657c5c895a dd363a634e524374a08b2a82ab0d0130 3ecc1969e5974607936a2a9209991b86 - - default default] No more DHCP agents
2026-05-06 10:43:47.102 7 WARNING neutron.api.rpc.agentnotifiers.dhcp_rpc_agent_api [None req-f68f5ede-b164-420e-9e28-e1657c5c895a dd363a634e524374a08b2a82ab0d0130 3ecc1969e5974607936a2a9209991b86 - - default default] Unable to schedule network 8b1e51ef-6b50-49c2-9fe3-f2bfab17d49c: no agents available; will retry on subsequent port and subnet creation events.
2026-05-06 10:43:47.152 7 INFO neutron.plugins.ml2.drivers.ovn.mech_driver.mech_driver [None req-fb3bb604-cc93-4fd2-a10c-6a992ab68e58 - - - - - -] OVN reports status down for port: 94a58177-3037-4c0a-9a43-cb569b25d64f
2026-05-06 10:43:47.207 7 INFO neutron.db.ovn_revision_numbers_db [None req-f68f5ede-b164-420e-9e28-e1657c5c895a dd363a634e524374a08b2a82ab0d0130 3ecc1969e5974607936a2a9209991b86 - - default default] Successfully bumped revision number for resource 94a58177-3037-4c0a-9a43-cb569b25d64f (type: ports) to 1 [pid: 7|app: 0|req: 1670/3352] 10.0.0.184 () {34 vars in 664 bytes} [Wed May 6 10:43:46 2026] POST /v2.0/ports => generated 743 bytes in 416 msecs (HTTP/1.1 201) 4 headers in 162 bytes (1 switches on core 0) [pid: 8|app: 0|req: 1683/3353] 10.0.0.184 () {34 vars in 666 bytes} [Wed May 6 10:43:47 2026] POST /v2.0/trunks => generated 409 bytes in 925 msecs (HTTP/1.1 201) 4 headers in 162 bytes (1 switches on core 0) /var/lib/openstack/lib/python3.12/site-packages/pycadf/identifier.py:70: UserWarning: Invalid uuid: neutron. To ensure interoperability, identifiers should be a valid uuid. warnings.warn(('Invalid uuid: %s. To ensure interoperability, '
2026-05-06 10:43:48.316 7 INFO neutron.db.segments_db [None req-1fa37330-053d-44bc-961b-1fe6212e4505 dd363a634e524374a08b2a82ab0d0130 3ecc1969e5974607936a2a9209991b86 - - default default] Added segment 1d5f15e6-5269-42df-a47c-d81e0755dbaa of type geneve for network 55984f1d-e5b8-41fa-a9e7-97f69534932b
2026-05-06 10:43:48.429 7 INFO neutron.db.ovn_revision_numbers_db [None req-1fa37330-053d-44bc-961b-1fe6212e4505 dd363a634e524374a08b2a82ab0d0130 3ecc1969e5974607936a2a9209991b86 - - default default] Successfully bumped revision number for resource 55984f1d-e5b8-41fa-a9e7-97f69534932b (type: networks) to 1
2026-05-06 10:43:48.589 7 WARNING neutron.scheduler.dhcp_agent_scheduler [None req-1fa37330-053d-44bc-961b-1fe6212e4505 dd363a634e524374a08b2a82ab0d0130 3ecc1969e5974607936a2a9209991b86 - - default default] No more DHCP agents
2026-05-06 10:43:48.590 7 WARNING neutron.api.rpc.agentnotifiers.dhcp_rpc_agent_api [None req-1fa37330-053d-44bc-961b-1fe6212e4505 dd363a634e524374a08b2a82ab0d0130 3ecc1969e5974607936a2a9209991b86 - - default default] Unable to schedule network 55984f1d-e5b8-41fa-a9e7-97f69534932b: no agents available; will retry on subsequent port and subnet creation events.
2026-05-06 10:43:48.643 8 INFO neutron.plugins.ml2.drivers.ovn.mech_driver.mech_driver [None req-490d3341-fa71-4242-85a7-a78b37823804 - - - - - -] OVN reports status down for port: ab798efc-17d3-4f43-af5a-761c40242e1f
2026-05-06 10:43:48.678 7 INFO neutron.db.ovn_revision_numbers_db [None req-1fa37330-053d-44bc-961b-1fe6212e4505 dd363a634e524374a08b2a82ab0d0130 3ecc1969e5974607936a2a9209991b86 - - default default] Successfully bumped revision number for resource ab798efc-17d3-4f43-af5a-761c40242e1f (type: ports) to 1 [pid: 7|app: 0|req: 1671/3354] 10.0.0.184 () {34 vars in 670 bytes} [Wed May 6 10:43:48 2026] POST /v2.0/networks => generated 670 bytes in 488 msecs (HTTP/1.1 201) 4 headers in 162 bytes (1 switches on core 0)
2026-05-06 10:43:48.896 8 WARNING neutron.scheduler.dhcp_agent_scheduler [None req-f7096873-e5f6-4162-af77-83a266bc4e71 dd363a634e524374a08b2a82ab0d0130 3ecc1969e5974607936a2a9209991b86 - - default default] No more DHCP agents
2026-05-06 10:43:48.897 8 WARNING neutron.api.rpc.agentnotifiers.dhcp_rpc_agent_api [None req-f7096873-e5f6-4162-af77-83a266bc4e71 dd363a634e524374a08b2a82ab0d0130 3ecc1969e5974607936a2a9209991b86 - - default default] Unable to schedule network 55984f1d-e5b8-41fa-a9e7-97f69534932b: no agents available; will retry on subsequent port and subnet creation events.
2026-05-06 10:43:48.948 8 INFO neutron.plugins.ml2.drivers.ovn.mech_driver.mech_driver [None req-490d3341-fa71-4242-85a7-a78b37823804 - - - - - -] OVN reports status down for port: 2e64d288-75dc-49d8-bab9-e4c58c0b9ba2
2026-05-06 10:43:49.007 8 INFO neutron.db.ovn_revision_numbers_db [None req-f7096873-e5f6-4162-af77-83a266bc4e71 dd363a634e524374a08b2a82ab0d0130 3ecc1969e5974607936a2a9209991b86 - - default default] Successfully bumped revision number for resource 2e64d288-75dc-49d8-bab9-e4c58c0b9ba2 (type: ports) to 1 [pid: 8|app: 0|req: 1684/3355] 10.0.0.184 () {34 vars in 664 bytes} [Wed May 6 10:43:48 2026] POST /v2.0/ports => generated 743 bytes in 362 msecs (HTTP/1.1 201) 4 headers in 162 bytes (1 switches on core 0) [pid: 7|app: 0|req: 1672/3356] 10.0.0.184 () {34 vars in 666 bytes} [Wed May 6 10:43:49 2026] POST /v2.0/trunks => generated 409 bytes in 211 msecs (HTTP/1.1 201) 4 headers in 162 bytes (1 switches on core 0) /var/lib/openstack/lib/python3.12/site-packages/pycadf/identifier.py:70: UserWarning: Invalid uuid: neutron. To ensure interoperability, identifiers should be a valid uuid. warnings.warn(('Invalid uuid: %s. To ensure interoperability, '
2026-05-06 10:43:49.381 8 INFO neutron.db.segments_db [None req-45e4f205-dbcb-46e6-b7b4-2a90dad38ec4 dd363a634e524374a08b2a82ab0d0130 3ecc1969e5974607936a2a9209991b86 - - default default] Added segment 35bfb76e-3a3a-4d66-b31c-37a2779373ba of type geneve for network faad3ec1-aa11-4b05-a043-1dfdf67d7c83
2026-05-06 10:43:49.487 8 INFO neutron.db.ovn_revision_numbers_db [None req-45e4f205-dbcb-46e6-b7b4-2a90dad38ec4 dd363a634e524374a08b2a82ab0d0130 3ecc1969e5974607936a2a9209991b86 - - default default] Successfully bumped revision number for resource faad3ec1-aa11-4b05-a043-1dfdf67d7c83 (type: networks) to 1
2026-05-06 10:43:49.630 8 WARNING neutron.scheduler.dhcp_agent_scheduler [None req-45e4f205-dbcb-46e6-b7b4-2a90dad38ec4 dd363a634e524374a08b2a82ab0d0130 3ecc1969e5974607936a2a9209991b86 - - default default] No more DHCP agents
2026-05-06 10:43:49.632 8 WARNING neutron.api.rpc.agentnotifiers.dhcp_rpc_agent_api [None req-45e4f205-dbcb-46e6-b7b4-2a90dad38ec4 dd363a634e524374a08b2a82ab0d0130 3ecc1969e5974607936a2a9209991b86 - - default default] Unable to schedule network faad3ec1-aa11-4b05-a043-1dfdf67d7c83: no agents available; will retry on subsequent port and subnet creation events.
2026-05-06 10:43:49.686 8 INFO neutron.plugins.ml2.drivers.ovn.mech_driver.mech_driver [None req-490d3341-fa71-4242-85a7-a78b37823804 - - - - - -] OVN reports status down for port: 069c2653-2de2-46d8-96ff-daa8560e42c2
2026-05-06 10:43:49.743 8 INFO neutron.db.ovn_revision_numbers_db [None req-45e4f205-dbcb-46e6-b7b4-2a90dad38ec4 dd363a634e524374a08b2a82ab0d0130 3ecc1969e5974607936a2a9209991b86 - - default default] Successfully bumped revision number for resource 069c2653-2de2-46d8-96ff-daa8560e42c2 (type: ports) to 1 [pid: 8|app: 0|req: 1685/3357] 10.0.0.184 () {34 vars in 670 bytes} [Wed May 6 10:43:49 2026] POST /v2.0/networks => generated 669 bytes in 486 msecs (HTTP/1.1 201) 4 headers in 162 bytes (1 switches on core 0)
2026-05-06 10:43:49.956 7 WARNING neutron.scheduler.dhcp_agent_scheduler [None req-6697cf28-c93f-4510-9e2c-2363e31ffd8d dd363a634e524374a08b2a82ab0d0130 3ecc1969e5974607936a2a9209991b86 - - default default] No more DHCP agents
2026-05-06 10:43:49.957 7 WARNING neutron.api.rpc.agentnotifiers.dhcp_rpc_agent_api [None req-6697cf28-c93f-4510-9e2c-2363e31ffd8d dd363a634e524374a08b2a82ab0d0130 3ecc1969e5974607936a2a9209991b86 - - default default] Unable to schedule network faad3ec1-aa11-4b05-a043-1dfdf67d7c83: no agents available; will retry on subsequent port and subnet creation events.
2026-05-06 10:43:50.009 8 INFO neutron.plugins.ml2.drivers.ovn.mech_driver.mech_driver [None req-490d3341-fa71-4242-85a7-a78b37823804 - - - - - -] OVN reports status down for port: b5a29417-5adf-4e26-9606-4920c08996b6
2026-05-06 10:43:50.041 7 INFO neutron.db.ovn_revision_numbers_db [None req-6697cf28-c93f-4510-9e2c-2363e31ffd8d dd363a634e524374a08b2a82ab0d0130 3ecc1969e5974607936a2a9209991b86 - - default default] Successfully bumped revision number for resource b5a29417-5adf-4e26-9606-4920c08996b6 (type: ports) to 1 [pid: 7|app: 0|req: 1673/3358] 10.0.0.184 () {34 vars in 664 bytes} [Wed May 6 10:43:49 2026] POST /v2.0/ports => generated 743 bytes in 308 msecs (HTTP/1.1 201) 4 headers in 162 bytes (1 switches on core 0) [pid: 8|app: 0|req: 1686/3359] 10.0.0.184 () {34 vars in 666 bytes} [Wed May 6 10:43:50 2026] POST /v2.0/trunks => generated 409 bytes in 156 msecs (HTTP/1.1 201) 4 headers in 162 bytes (1 switches on core 0) /var/lib/openstack/lib/python3.12/site-packages/pycadf/identifier.py:70: UserWarning: Invalid uuid: neutron. To ensure interoperability, identifiers should be a valid uuid. warnings.warn(('Invalid uuid: %s. To ensure interoperability, '
2026-05-06 10:43:50.356 7 INFO neutron.db.segments_db [None req-9e5f7657-b2fa-4a1d-bc96-4858d570222d dd363a634e524374a08b2a82ab0d0130 3ecc1969e5974607936a2a9209991b86 - - default default] Added segment 76a1786d-a30f-4055-a107-e1bc6c7c1c8e of type geneve for network 449871f3-11f5-499a-8a77-60254aef33f2
2026-05-06 10:43:50.456 7 INFO neutron.db.ovn_revision_numbers_db [None req-9e5f7657-b2fa-4a1d-bc96-4858d570222d dd363a634e524374a08b2a82ab0d0130 3ecc1969e5974607936a2a9209991b86 - - default default] Successfully bumped revision number for resource 449871f3-11f5-499a-8a77-60254aef33f2 (type: networks) to 1
2026-05-06 10:43:50.583 7 WARNING neutron.scheduler.dhcp_agent_scheduler [None req-9e5f7657-b2fa-4a1d-bc96-4858d570222d dd363a634e524374a08b2a82ab0d0130 3ecc1969e5974607936a2a9209991b86 - - default default] No more DHCP agents
2026-05-06 10:43:50.584 7 WARNING neutron.api.rpc.agentnotifiers.dhcp_rpc_agent_api [None req-9e5f7657-b2fa-4a1d-bc96-4858d570222d dd363a634e524374a08b2a82ab0d0130 3ecc1969e5974607936a2a9209991b86 - - default default] Unable to schedule network 449871f3-11f5-499a-8a77-60254aef33f2: no agents available; will retry on subsequent port and subnet creation events.
2026-05-06 10:43:50.633 7 INFO neutron.plugins.ml2.drivers.ovn.mech_driver.mech_driver [None req-fb3bb604-cc93-4fd2-a10c-6a992ab68e58 - - - - - -] OVN reports status down for port: aa5779d7-831b-46cf-b91e-f14c4fbd3a2b
2026-05-06 10:43:50.682 7 INFO neutron.db.ovn_revision_numbers_db [None req-9e5f7657-b2fa-4a1d-bc96-4858d570222d dd363a634e524374a08b2a82ab0d0130 3ecc1969e5974607936a2a9209991b86 - - default default] Successfully bumped revision number for resource aa5779d7-831b-46cf-b91e-f14c4fbd3a2b (type: ports) to 1 [pid: 7|app: 0|req: 1674/3360] 10.0.0.184 () {34 vars in 670 bytes} [Wed May 6 10:43:50 2026] POST /v2.0/networks => generated 670 bytes in 465 msecs (HTTP/1.1 201) 4 headers in 162 bytes (1 switches on core 0)
2026-05-06 10:43:50.922 8 WARNING neutron.scheduler.dhcp_agent_scheduler [None req-8d2912e0-3af3-41c6-b57e-b49ed3b9d25a dd363a634e524374a08b2a82ab0d0130 3ecc1969e5974607936a2a9209991b86 - - default default] No more DHCP agents
2026-05-06 10:43:50.923 8 WARNING neutron.api.rpc.agentnotifiers.dhcp_rpc_agent_api [None req-8d2912e0-3af3-41c6-b57e-b49ed3b9d25a dd363a634e524374a08b2a82ab0d0130 3ecc1969e5974607936a2a9209991b86 - - default default] Unable to schedule network 449871f3-11f5-499a-8a77-60254aef33f2: no agents available; will retry on subsequent port and subnet creation events.
2026-05-06 10:43:50.972 7 INFO neutron.plugins.ml2.drivers.ovn.mech_driver.mech_driver [None req-fb3bb604-cc93-4fd2-a10c-6a992ab68e58 - - - - - -] OVN reports status down for port: 1931c350-557d-493e-9f94-dd2a785dd526
2026-05-06 10:43:51.011 8 INFO neutron.db.ovn_revision_numbers_db [None req-8d2912e0-3af3-41c6-b57e-b49ed3b9d25a dd363a634e524374a08b2a82ab0d0130 3ecc1969e5974607936a2a9209991b86 - - default default] Successfully bumped revision number for resource 1931c350-557d-493e-9f94-dd2a785dd526 (type: ports) to 1 [pid: 8|app: 0|req: 1687/3361] 10.0.0.184 () {34 vars in 664 bytes} [Wed May 6 10:43:50 2026] POST /v2.0/ports => generated 743 bytes in 331 msecs (HTTP/1.1 201) 4 headers in 162 bytes (1 switches on core 0) [pid: 7|app: 0|req: 1675/3362] 10.0.0.184 () {34 vars in 666 bytes} [Wed May 6 10:43:51 2026] POST /v2.0/trunks => generated 409 bytes in 151 msecs (HTTP/1.1 201) 4 headers in 162 bytes (1 switches on core 0) /var/lib/openstack/lib/python3.12/site-packages/pycadf/identifier.py:70: UserWarning: Invalid uuid: neutron. To ensure interoperability, identifiers should be a valid uuid. warnings.warn(('Invalid uuid: %s. To ensure interoperability, '
2026-05-06 10:43:51.314 8 INFO neutron.db.segments_db [None req-f5b3dac6-915c-4ec5-9744-a8d62e69c013 dd363a634e524374a08b2a82ab0d0130 3ecc1969e5974607936a2a9209991b86 - - default default] Added segment ea6c3afe-5ed0-41e1-bea2-eb6c8bd77429 of type geneve for network c4c47ccc-ad54-40f2-821e-c0033edacfdd
2026-05-06 10:43:51.424 8 INFO neutron.db.ovn_revision_numbers_db [None req-f5b3dac6-915c-4ec5-9744-a8d62e69c013 dd363a634e524374a08b2a82ab0d0130 3ecc1969e5974607936a2a9209991b86 - - default default] Successfully bumped revision number for resource c4c47ccc-ad54-40f2-821e-c0033edacfdd (type: networks) to 1
2026-05-06 10:43:51.573 8 WARNING neutron.scheduler.dhcp_agent_scheduler [None req-f5b3dac6-915c-4ec5-9744-a8d62e69c013 dd363a634e524374a08b2a82ab0d0130 3ecc1969e5974607936a2a9209991b86 - - default default] No more DHCP agents
2026-05-06 10:43:51.575 8 WARNING neutron.api.rpc.agentnotifiers.dhcp_rpc_agent_api [None req-f5b3dac6-915c-4ec5-9744-a8d62e69c013 dd363a634e524374a08b2a82ab0d0130 3ecc1969e5974607936a2a9209991b86 - - default default] Unable to schedule network c4c47ccc-ad54-40f2-821e-c0033edacfdd: no agents available; will retry on subsequent port and subnet creation events.
2026-05-06 10:43:51.636 8 INFO neutron.plugins.ml2.drivers.ovn.mech_driver.mech_driver [None req-490d3341-fa71-4242-85a7-a78b37823804 - - - - - -] OVN reports status down for port: 3071d641-907c-4204-bd86-42167e864a0f
2026-05-06 10:43:51.693 8 INFO neutron.db.ovn_revision_numbers_db [None req-f5b3dac6-915c-4ec5-9744-a8d62e69c013 dd363a634e524374a08b2a82ab0d0130 3ecc1969e5974607936a2a9209991b86 - - default default] Successfully bumped revision number for resource 3071d641-907c-4204-bd86-42167e864a0f (type: ports) to 1 [pid: 8|app: 0|req: 1688/3363] 10.0.0.184 () {34 vars in 670 bytes} [Wed May 6 10:43:51 2026] POST /v2.0/networks => generated 669 bytes in 510 msecs (HTTP/1.1 201) 4 headers in 162 bytes (1 switches on core 0)
2026-05-06 10:43:51.912 7 WARNING neutron.scheduler.dhcp_agent_scheduler [None req-91e3de0e-fce6-47ff-b3c8-b54545552c64 dd363a634e524374a08b2a82ab0d0130 3ecc1969e5974607936a2a9209991b86 - - default default] No more DHCP agents
2026-05-06 10:43:51.913 7 WARNING neutron.api.rpc.agentnotifiers.dhcp_rpc_agent_api [None req-91e3de0e-fce6-47ff-b3c8-b54545552c64 dd363a634e524374a08b2a82ab0d0130 3ecc1969e5974607936a2a9209991b86 - - default default] Unable to schedule network c4c47ccc-ad54-40f2-821e-c0033edacfdd: no agents available; will retry on subsequent port and subnet creation events.
2026-05-06 10:43:51.963 8 INFO neutron.plugins.ml2.drivers.ovn.mech_driver.mech_driver [None req-490d3341-fa71-4242-85a7-a78b37823804 - - - - - -] OVN reports status down for port: a004abf9-2cfe-4f45-959c-0048e3cb2389
2026-05-06 10:43:51.988 7 INFO neutron.db.ovn_revision_numbers_db [None req-91e3de0e-fce6-47ff-b3c8-b54545552c64 dd363a634e524374a08b2a82ab0d0130 3ecc1969e5974607936a2a9209991b86 - - default default] Successfully bumped revision number for resource a004abf9-2cfe-4f45-959c-0048e3cb2389 (type: ports) to 1 [pid: 7|app: 0|req: 1676/3364] 10.0.0.184 () {34 vars in 664 bytes} [Wed May 6 10:43:51 2026] POST /v2.0/ports => generated 743 bytes in 301 msecs (HTTP/1.1 201) 4 headers in 162 bytes (1 switches on core 0) [pid: 8|app: 0|req: 1689/3365] 10.0.0.184 () {34 vars in 666 bytes} [Wed May 6 10:43:52 2026] POST /v2.0/trunks => generated 409 bytes in 163 msecs (HTTP/1.1 201) 4 headers in 162 bytes (1 switches on core 0) /var/lib/openstack/lib/python3.12/site-packages/pycadf/identifier.py:70: UserWarning: Invalid uuid: neutron. To ensure interoperability, identifiers should be a valid uuid. warnings.warn(('Invalid uuid: %s. To ensure interoperability, '
2026-05-06 10:43:52.220 7 WARNING tagging [None req-7b41cae5-82b2-4798-8d21-ccdb03e315e6 dd363a634e524374a08b2a82ab0d0130 3ecc1969e5974607936a2a9209991b86 - - default default] project_id key not found in request, using tenant_id instead. This support has been deprecated and will be removed in a future release. [pid: 7|app: 0|req: 1677/3366] 10.0.0.184 () {34 vars in 749 bytes} [Wed May 6 10:43:52 2026] PUT /v2.0/trunks/3cc781ed-20de-47e1-8f8d-4f39ef7278dc/tags => generated 17 bytes in 32 msecs (HTTP/1.1 200) 4 headers in 156 bytes (1 switches on core 0)
2026-05-06 10:43:52.258 8 WARNING tagging [None req-29a8e377-5382-4d8c-b452-f51d0d023f1f dd363a634e524374a08b2a82ab0d0130 3ecc1969e5974607936a2a9209991b86 - - default default] project_id key not found in request, using tenant_id instead. This support has been deprecated and will be removed in a future release. [pid: 8|app: 0|req: 1690/3367] 10.0.0.184 () {34 vars in 749 bytes} [Wed May 6 10:43:52 2026] PUT /v2.0/trunks/15dd602a-73f6-4865-919c-1e3ca788c838/tags => generated 25 bytes in 37 msecs (HTTP/1.1 200) 4 headers in 156 bytes (1 switches on core 0)
2026-05-06 10:43:52.297 7 WARNING tagging [None req-e9c37a26-95e7-4165-a154-0c051eae7549 dd363a634e524374a08b2a82ab0d0130 3ecc1969e5974607936a2a9209991b86 - - default default] project_id key not found in request, using tenant_id instead. This support has been deprecated and will be removed in a future release. [pid: 7|app: 0|req: 1678/3368] 10.0.0.184 () {34 vars in 749 bytes} [Wed May 6 10:43:52 2026] PUT /v2.0/trunks/3e9a7b96-5a48-44b0-bec8-ab523d5d7b86/tags => generated 34 bytes in 37 msecs (HTTP/1.1 200) 4 headers in 156 bytes (1 switches on core 0)
2026-05-06 10:43:52.336 8 WARNING tagging [None req-6bd08d43-1583-46db-bf0d-3e1718d5d58f dd363a634e524374a08b2a82ab0d0130 3ecc1969e5974607936a2a9209991b86 - - default default] project_id key not found in request, using tenant_id instead. This support has been deprecated and will be removed in a future release. [pid: 8|app: 0|req: 1691/3369] 10.0.0.184 () {34 vars in 749 bytes} [Wed May 6 10:43:52 2026] PUT /v2.0/trunks/0c89f86a-aa01-4fb7-a866-befbe688246d/tags => generated 19 bytes in 28 msecs (HTTP/1.1 200) 4 headers in 156 bytes (1 switches on core 0) [pid: 7|app: 0|req: 1679/3370] 10.0.0.184 () {32 vars in 662 bytes} [Wed May 6 10:43:52 2026] GET /v2.0/trunks?tags=red => generated 1252 bytes in 18 msecs (HTTP/1.1 200) 4 headers in 158 bytes (1 switches on core 0) [pid: 8|app: 0|req: 1692/3371] 10.0.0.184 () {32 vars in 676 bytes} [Wed May 6 10:43:52 2026] GET /v2.0/trunks?tags=red%2Cblue => generated 847 bytes in 21 msecs (HTTP/1.1 200) 4 headers in 157 bytes (1 switches on core 0) [pid: 7|app: 0|req: 1680/3372] 10.0.0.184 () {32 vars in 672 bytes} [Wed May 6 10:43:52 2026] GET /v2.0/trunks?tags-any=blue => generated 847 bytes in 19 msecs (HTTP/1.1 200) 4 headers in 157 bytes (1 switches on core 0) [pid: 8|app: 0|req: 1693/3373] 10.0.0.184 () {32 vars in 684 bytes} [Wed May 6 10:43:52 2026] GET /v2.0/trunks?tags-any=red%2Cblue => generated 1252 bytes in 25 msecs (HTTP/1.1 200) 4 headers in 158 bytes (1 switches on core 0) [pid: 7|app: 0|req: 1681/3374] 10.0.0.184 () {32 vars in 670 bytes} [Wed May 6 10:43:52 2026] GET /v2.0/trunks?not-tags=red => generated 819 bytes in 20 msecs (HTTP/1.1 200) 4 headers in 157 bytes (1 switches on core 0) [pid: 8|app: 0|req: 1694/3375] 10.0.0.184 () {32 vars in 684 bytes} [Wed May 6 10:43:52 2026] GET /v2.0/trunks?not-tags=red%2Cblue => generated 1224 bytes in 24 msecs (HTTP/1.1 200) 4 headers in 158 bytes (1 switches on core 0) [pid: 7|app: 0|req: 1682/3376] 10.0.0.184 () {32 vars in 680 bytes} [Wed May 6 10:43:52 2026] GET /v2.0/trunks?not-tags-any=blue => generated 1224 bytes in 18 msecs (HTTP/1.1 200) 4 headers in 158 bytes (1 switches on core 0) [pid: 8|app: 0|req: 1695/3377] 10.0.0.184 () {32 vars in 692 bytes} [Wed May 6 10:43:52 2026] GET /v2.0/trunks?not-tags-any=red%2Cblue => generated 819 bytes in 20 msecs (HTTP/1.1 200) 4 headers in 157 bytes (1 switches on core 0) [pid: 7|app: 0|req: 1683/3378] 10.0.0.184 () {32 vars in 719 bytes} [Wed May 6 10:43:52 2026] GET /v2.0/trunks/3cc781ed-20de-47e1-8f8d-4f39ef7278dc => generated 414 bytes in 14 msecs (HTTP/1.1 200) 4 headers in 157 bytes (1 switches on core 0) [pid: 8|app: 0|req: 1696/3379] 10.0.0.184 () {32 vars in 717 bytes} [Wed May 6 10:43:52 2026] GET /v2.0/ports/94a58177-3037-4c0a-9a43-cb569b25d64f => generated 826 bytes in 102 msecs (HTTP/1.1 200) 4 headers in 157 bytes (1 switches on core 0) [pid: 7|app: 0|req: 1684/3380] 10.0.0.184 () {32 vars in 722 bytes} [Wed May 6 10:43:52 2026] DELETE /v2.0/trunks/3cc781ed-20de-47e1-8f8d-4f39ef7278dc => generated 0 bytes in 82 msecs (HTTP/1.1 204) 2 headers in 112 bytes (1 switches on core 0) [pid: 8|app: 0|req: 1697/3381] 10.0.0.184 () {32 vars in 719 bytes} [Wed May 6 10:43:52 2026] GET /v2.0/trunks/15dd602a-73f6-4865-919c-1e3ca788c838 => generated 422 bytes in 16 msecs (HTTP/1.1 200) 4 headers in 157 bytes (1 switches on core 0) [pid: 7|app: 0|req: 1685/3382] 10.0.0.184 () {32 vars in 717 bytes} [Wed May 6 10:43:52 2026] GET /v2.0/ports/2e64d288-75dc-49d8-bab9-e4c58c0b9ba2 => generated 826 bytes in 69 msecs (HTTP/1.1 200) 4 headers in 157 bytes (1 switches on core 0) [pid: 8|app: 0|req: 1698/3383] 10.0.0.184 () {32 vars in 722 bytes} [Wed May 6 10:43:52 2026] DELETE /v2.0/trunks/15dd602a-73f6-4865-919c-1e3ca788c838 => generated 0 bytes in 72 msecs (HTTP/1.1 204) 2 headers in 112 bytes (1 switches on core 0) [pid: 7|app: 0|req: 1686/3384] 10.0.0.184 () {32 vars in 719 bytes} [Wed May 6 10:43:52 2026] GET /v2.0/trunks/3e9a7b96-5a48-44b0-bec8-ab523d5d7b86 => generated 431 bytes in 17 msecs (HTTP/1.1 200) 4 headers in 157 bytes (1 switches on core 0) [pid: 8|app: 0|req: 1699/3385] 10.0.0.184 () {32 vars in 717 bytes} [Wed May 6 10:43:52 2026] GET /v2.0/ports/b5a29417-5adf-4e26-9606-4920c08996b6 => generated 826 bytes in 69 msecs (HTTP/1.1 200) 4 headers in 157 bytes (1 switches on core 0) [pid: 7|app: 0|req: 1687/3386] 10.0.0.184 () {32 vars in 722 bytes} [Wed May 6 10:43:53 2026] DELETE /v2.0/trunks/3e9a7b96-5a48-44b0-bec8-ab523d5d7b86 => generated 0 bytes in 64 msecs (HTTP/1.1 204) 2 headers in 112 bytes (1 switches on core 0) [pid: 8|app: 0|req: 1700/3387] 10.0.0.184 () {32 vars in 719 bytes} [Wed May 6 10:43:53 2026] GET /v2.0/trunks/0c89f86a-aa01-4fb7-a866-befbe688246d => generated 416 bytes in 15 msecs (HTTP/1.1 200) 4 headers in 157 bytes (1 switches on core 0) [pid: 7|app: 0|req: 1688/3388] 10.0.0.184 () {32 vars in 717 bytes} [Wed May 6 10:43:53 2026] GET /v2.0/ports/1931c350-557d-493e-9f94-dd2a785dd526 => generated 826 bytes in 77 msecs (HTTP/1.1 200) 4 headers in 157 bytes (1 switches on core 0) [pid: 8|app: 0|req: 1701/3389] 10.0.0.184 () {32 vars in 722 bytes} [Wed May 6 10:43:53 2026] DELETE /v2.0/trunks/0c89f86a-aa01-4fb7-a866-befbe688246d => generated 0 bytes in 60 msecs (HTTP/1.1 204) 2 headers in 112 bytes (1 switches on core 0) [pid: 7|app: 0|req: 1689/3390] 10.0.0.184 () {32 vars in 719 bytes} [Wed May 6 10:43:53 2026] GET /v2.0/trunks/27db0f71-d3f7-4b17-9ece-d03ee02b04a1 => generated 409 bytes in 20 msecs (HTTP/1.1 200) 4 headers in 157 bytes (1 switches on core 0) [pid: 8|app: 0|req: 1702/3391] 10.0.0.184 () {32 vars in 717 bytes} [Wed May 6 10:43:53 2026] GET /v2.0/ports/a004abf9-2cfe-4f45-959c-0048e3cb2389 => generated 826 bytes in 71 msecs (HTTP/1.1 200) 4 headers in 157 bytes (1 switches on core 0) [pid: 7|app: 0|req: 1690/3392] 10.0.0.184 () {32 vars in 722 bytes} [Wed May 6 10:43:53 2026] DELETE /v2.0/trunks/27db0f71-d3f7-4b17-9ece-d03ee02b04a1 => generated 0 bytes in 62 msecs (HTTP/1.1 204) 2 headers in 112 bytes (1 switches on core 0)
