2026-05-06 10:36:23.732 7 WARNING neutron.db.securitygroups_db [None req-d1ae2176-e763-4ff0-a8ca-ebd64825a077 a7093a4e0cd94679af256d8eba8bcdcf 2cf9a58929234db9aa980cde56c37a23 - - default default] project_id key not found in filters, using tenant_id instead. This support has been deprecated and will be removed in a future release.
2026-05-06 10:36:23.754 8 INFO neutron_taas.services.taas.taas_plugin [None req-d41c3bd3-2747-4af0-9fc8-c64849689767 a7093a4e0cd94679af256d8eba8bcdcf 2cf9a58929234db9aa980cde56c37a23 - - default default] TaaS: Handle Delete Port: 17217fa6-7758-47c0-a52b-6fff3f03f2e8
2026-05-06 10:36:23.757 8 INFO neutron_taas.services.taas.tap_mirror_plugin [None req-d41c3bd3-2747-4af0-9fc8-c64849689767 a7093a4e0cd94679af256d8eba8bcdcf 2cf9a58929234db9aa980cde56c37a23 - - default default] Tap Mirror: Handle Delete Port: 17217fa6-7758-47c0-a52b-6fff3f03f2e8
2026-05-06 10:36:23.873 7 INFO neutron.db.ovn_revision_numbers_db [None req-d1ae2176-e763-4ff0-a8ca-ebd64825a077 a7093a4e0cd94679af256d8eba8bcdcf 2cf9a58929234db9aa980cde56c37a23 - - default default] Successfully bumped revision number for resource 5f6adba3-a554-4748-b4a0-2486c7d402cb (type: security_groups) to 1
2026-05-06 10:36:23.889 7 INFO neutron.db.ovn_revision_numbers_db [None req-d1ae2176-e763-4ff0-a8ca-ebd64825a077 a7093a4e0cd94679af256d8eba8bcdcf 2cf9a58929234db9aa980cde56c37a23 - - default default] Successfully bumped revision number for resource 2e7ae96e-e3bd-4dbf-820d-97384237117e (type: security_group_rules) to 0
2026-05-06 10:36:23.901 7 INFO neutron.db.ovn_revision_numbers_db [None req-d1ae2176-e763-4ff0-a8ca-ebd64825a077 a7093a4e0cd94679af256d8eba8bcdcf 2cf9a58929234db9aa980cde56c37a23 - - default default] Successfully bumped revision number for resource af2a609f-561d-493c-b622-f09615f99fb0 (type: security_group_rules) to 0
2026-05-06 10:36:23.912 7 INFO neutron.db.ovn_revision_numbers_db [None req-d1ae2176-e763-4ff0-a8ca-ebd64825a077 a7093a4e0cd94679af256d8eba8bcdcf 2cf9a58929234db9aa980cde56c37a23 - - default default] Successfully bumped revision number for resource b57f8614-3aff-4471-9c4f-7cb7f11d9e66 (type: security_group_rules) to 0
2026-05-06 10:36:23.924 7 INFO neutron.db.ovn_revision_numbers_db [None req-d1ae2176-e763-4ff0-a8ca-ebd64825a077 a7093a4e0cd94679af256d8eba8bcdcf 2cf9a58929234db9aa980cde56c37a23 - - default default] Successfully bumped revision number for resource c288be96-b48b-49c7-b458-9d9467428f26 (type: security_group_rules) to 0
2026-05-06 10:36:23.934 8 INFO neutron.services.segments.plugin [-] Segment 3da1523e-b8ee-4fad-9add-799c441fe955 resource provider aggregate not found
2026-05-06 10:36:23.940 8 INFO neutron.services.segments.plugin [-] Segment 3da1523e-b8ee-4fad-9add-799c441fe955 resource provider aggregate not found
2026-05-06 10:36:23.947 8 INFO neutron.services.segments.plugin [-] Segment 3da1523e-b8ee-4fad-9add-799c441fe955 resource provider not found; error: Placement Client Error (4xx): {"errors": [{"status": 404, "title": "Not Found", "detail": "The resource could not be found.\n\n No resource provider with uuid 3da1523e-b8ee-4fad-9add-799c441fe955 found for delete ", "request_id": "req-77dfed67-6835-4b94-8b11-66b7a4db97bc"}]}
2026-05-06 10:36:23.957 8 INFO neutron.services.segments.plugin [-] Segment 3da1523e-b8ee-4fad-9add-799c441fe955 resource provider not found; error: Placement Client Error (4xx): {"errors": [{"status": 404, "title": "Not Found", "detail": "The resource could not be found.\n\n No resource provider with uuid 3da1523e-b8ee-4fad-9add-799c441fe955 found for delete ", "request_id": "req-0a6ab7be-f316-4cc7-baa4-a985a060d02f"}]} [pid: 8|app: 0|req: 583/1202] 10.0.0.184 () {32 vars in 726 bytes} [Wed May 6 10:36:23 2026] DELETE /v2.0/networks/c39b09cf-4abd-4259-8666-4361f37001bb => generated 0 bytes in 327 msecs (HTTP/1.1 204) 3 headers in 131 bytes (1 switches on core 0) [pid: 7|app: 0|req: 620/1203] 10.0.0.184 () {32 vars in 774 bytes} [Wed May 6 10:36:23 2026] GET /v2.0/security-groups?tenant_id=eca5efc8ccca48588767ec5c6f42d3a3&name=default => generated 2925 bytes in 412 msecs (HTTP/1.1 200) 4 headers in 158 bytes (1 switches on core 0)
2026-05-06 10:36:24.066 7 WARNING neutron.db.securitygroups_db [None req-72665fa2-72dd-4c6c-80c6-5dc3d23c6b08 a7093a4e0cd94679af256d8eba8bcdcf 2cf9a58929234db9aa980cde56c37a23 - - default default] project_id key not found in filters, using tenant_id instead. This support has been deprecated and will be removed in a future release. [pid: 7|app: 0|req: 621/1204] 10.0.0.184 () {32 vars in 774 bytes} [Wed May 6 10:36:24 2026] GET /v2.0/security-groups?tenant_id=b2b261e5d97f4e7da55b262138ab1ec6&name=default => generated 2925 bytes in 43 msecs (HTTP/1.1 200) 4 headers in 158 bytes (1 switches on core 0) [pid: 8|app: 0|req: 584/1205] 10.0.0.184 () {32 vars in 740 bytes} [Wed May 6 10:36:23 2026] DELETE /v2.0/security-groups/5f6adba3-a554-4748-b4a0-2486c7d402cb => generated 0 bytes in 173 msecs (HTTP/1.1 204) 2 headers in 112 bytes (1 switches on core 0) [pid: 8|app: 0|req: 585/1206] 10.0.0.145 () {34 vars in 990 bytes} [Wed May 6 10:36:24 2026] GET /v2.0/ports?device_id=3de39ed0-e1e1-4ca5-9484-97ce69c5038a => generated 975 bytes in 63 msecs (HTTP/1.1 200) 4 headers in 157 bytes (1 switches on core 0) [pid: 8|app: 0|req: 586/1207] 10.0.0.145 () {34 vars in 1040 bytes} [Wed May 6 10:36:24 2026] GET /v2.0/security-groups?id=6a77f2a1-a7b1-490e-886e-b39ff608fd72&fields=id&fields=name => generated 113 bytes in 28 msecs (HTTP/1.1 200) 4 headers in 157 bytes (1 switches on core 0) [pid: 7|app: 0|req: 622/1208] 10.0.0.184 () {32 vars in 740 bytes} [Wed May 6 10:36:24 2026] DELETE /v2.0/security-groups/8d5aa3ae-fe21-4f48-ab1a-1daaf2fe06d1 => generated 0 bytes in 236 msecs (HTTP/1.1 204) 2 headers in 112 bytes (1 switches on core 0)
2026-05-06 10:36:24.364 8 WARNING neutron.db.securitygroups_db [None req-4045b7b9-6a22-4e3e-a6c8-754a7e9fc0a8 a7093a4e0cd94679af256d8eba8bcdcf 2cf9a58929234db9aa980cde56c37a23 - - default default] project_id key not found in filters, using tenant_id instead. This support has been deprecated and will be removed in a future release.
2026-05-06 10:36:24.465 8 INFO neutron.db.ovn_revision_numbers_db [None req-4045b7b9-6a22-4e3e-a6c8-754a7e9fc0a8 a7093a4e0cd94679af256d8eba8bcdcf 2cf9a58929234db9aa980cde56c37a23 - - default default] Successfully bumped revision number for resource 56f6d76b-80b5-425f-9148-c66eb718d2f6 (type: security_groups) to 1
2026-05-06 10:36:24.478 8 INFO neutron.db.ovn_revision_numbers_db [None req-4045b7b9-6a22-4e3e-a6c8-754a7e9fc0a8 a7093a4e0cd94679af256d8eba8bcdcf 2cf9a58929234db9aa980cde56c37a23 - - default default] Successfully bumped revision number for resource 5a3d8405-6354-4110-8038-d743e982672a (type: security_group_rules) to 0
2026-05-06 10:36:24.488 8 INFO neutron.db.ovn_revision_numbers_db [None req-4045b7b9-6a22-4e3e-a6c8-754a7e9fc0a8 a7093a4e0cd94679af256d8eba8bcdcf 2cf9a58929234db9aa980cde56c37a23 - - default default] Successfully bumped revision number for resource 626e5cf1-17eb-48f0-893f-eb8180fe0ce7 (type: security_group_rules) to 0
2026-05-06 10:36:24.501 8 INFO neutron.db.ovn_revision_numbers_db [None req-4045b7b9-6a22-4e3e-a6c8-754a7e9fc0a8 a7093a4e0cd94679af256d8eba8bcdcf 2cf9a58929234db9aa980cde56c37a23 - - default default] Successfully bumped revision number for resource 9ff8b914-9687-4cfd-9ff2-b485d094e0fa (type: security_group_rules) to 0
2026-05-06 10:36:24.511 8 INFO neutron.db.ovn_revision_numbers_db [None req-4045b7b9-6a22-4e3e-a6c8-754a7e9fc0a8 a7093a4e0cd94679af256d8eba8bcdcf 2cf9a58929234db9aa980cde56c37a23 - - default default] Successfully bumped revision number for resource b3ab558b-f685-4f9b-8943-b5fa2244d3f2 (type: security_group_rules) to 0 [pid: 8|app: 0|req: 587/1209] 10.0.0.184 () {32 vars in 774 bytes} [Wed May 6 10:36:24 2026] GET /v2.0/security-groups?tenant_id=6c1af6a1d927401ebb37c51b302fd543&name=default => generated 2925 bytes in 190 msecs (HTTP/1.1 200) 4 headers in 158 bytes (1 switches on core 0) [pid: 7|app: 0|req: 623/1210] 10.0.0.145 () {34 vars in 990 bytes} [Wed May 6 10:36:24 2026] GET /v2.0/ports?device_id=3de39ed0-e1e1-4ca5-9484-97ce69c5038a => generated 975 bytes in 114 msecs (HTTP/1.1 200) 4 headers in 157 bytes (1 switches on core 0) [pid: 7|app: 0|req: 624/1211] 10.0.0.145 () {34 vars in 1040 bytes} [Wed May 6 10:36:24 2026] GET /v2.0/security-groups?id=6a77f2a1-a7b1-490e-886e-b39ff608fd72&fields=id&fields=name => generated 113 bytes in 28 msecs (HTTP/1.1 200) 4 headers in 157 bytes (1 switches on core 0) [pid: 8|app: 0|req: 588/1212] 10.0.0.184 () {32 vars in 740 bytes} [Wed May 6 10:36:24 2026] DELETE /v2.0/security-groups/56f6d76b-80b5-425f-9148-c66eb718d2f6 => generated 0 bytes in 169 msecs (HTTP/1.1 204) 2 headers in 112 bytes (1 switches on core 0)
2026-05-06 10:36:25.467 7 INFO neutron.db.ovn_revision_numbers_db [None req-3475dbb3-ad46-4a27-9a22-98e9cb283636 8edc3e0941014466b81c42fd6a5b503a 6632831217614545867e411186b566d3 - - default default] Successfully bumped revision number for resource b1789efd-16de-4e08-9275-a7dd8efa7633 (type: security_groups) to 1
2026-05-06 10:36:25.480 7 INFO neutron.db.ovn_revision_numbers_db [None req-3475dbb3-ad46-4a27-9a22-98e9cb283636 8edc3e0941014466b81c42fd6a5b503a 6632831217614545867e411186b566d3 - - default default] Successfully bumped revision number for resource 4508dd2b-7a84-416f-9771-349e7f5dc432 (type: security_group_rules) to 0
2026-05-06 10:36:25.496 7 INFO neutron.db.ovn_revision_numbers_db [None req-3475dbb3-ad46-4a27-9a22-98e9cb283636 8edc3e0941014466b81c42fd6a5b503a 6632831217614545867e411186b566d3 - - default default] Successfully bumped revision number for resource 5cf6d63b-6803-4554-a3ce-bce80ec41844 (type: security_group_rules) to 0
2026-05-06 10:36:25.516 7 INFO neutron.db.ovn_revision_numbers_db [None req-3475dbb3-ad46-4a27-9a22-98e9cb283636 8edc3e0941014466b81c42fd6a5b503a 6632831217614545867e411186b566d3 - - default default] Successfully bumped revision number for resource ae35ce8a-725c-4d35-9b0e-3261fbf0135e (type: security_group_rules) to 0
2026-05-06 10:36:25.544 7 INFO neutron.plugins.ml2.drivers.ovn.mech_driver.mech_driver [None req-01b4682a-91a8-47e4-9e3e-c4ec2d5a789d - - - - - -] OVN reports status down for port: 48c594fb-e66f-4c9b-ae57-baa0eaf40ae1
2026-05-06 10:36:25.547 7 INFO neutron.db.ovn_revision_numbers_db [None req-3475dbb3-ad46-4a27-9a22-98e9cb283636 8edc3e0941014466b81c42fd6a5b503a 6632831217614545867e411186b566d3 - - default default] Successfully bumped revision number for resource b5eecd02-5cee-46d6-9306-33b49784b267 (type: security_group_rules) to 0
2026-05-06 10:36:25.680 7 INFO neutron.db.segments_db [None req-3475dbb3-ad46-4a27-9a22-98e9cb283636 8edc3e0941014466b81c42fd6a5b503a 6632831217614545867e411186b566d3 - - default default] Added segment 52c79d2a-1145-43a9-90f3-2ddbeda4aaff of type geneve for network f11a8474-d545-4645-988b-501a45ac4c88 [pid: 8|app: 0|req: 589/1213] 10.0.0.145 () {34 vars in 990 bytes} [Wed May 6 10:36:25 2026] GET /v2.0/ports?device_id=3de39ed0-e1e1-4ca5-9484-97ce69c5038a => generated 975 bytes in 36 msecs (HTTP/1.1 200) 4 headers in 157 bytes (1 switches on core 0) [pid: 8|app: 0|req: 590/1214] 10.0.0.145 () {34 vars in 1040 bytes} [Wed May 6 10:36:25 2026] GET /v2.0/security-groups?id=6a77f2a1-a7b1-490e-886e-b39ff608fd72&fields=id&fields=name => generated 113 bytes in 31 msecs (HTTP/1.1 200) 4 headers in 157 bytes (1 switches on core 0)
2026-05-06 10:36:25.781 7 INFO neutron.notifiers.nova [-] Nova event matching ['req-38a0fcbc-4840-4056-9a49-779bfe305c88'] response: {'server_uuid': '3de39ed0-e1e1-4ca5-9484-97ce69c5038a', 'name': 'network-vif-unplugged', 'status': 'completed', 'tag': '48c594fb-e66f-4c9b-ae57-baa0eaf40ae1', 'code': 200}
2026-05-06 10:36:25.893 7 INFO neutron.db.ovn_revision_numbers_db [None req-3475dbb3-ad46-4a27-9a22-98e9cb283636 8edc3e0941014466b81c42fd6a5b503a 6632831217614545867e411186b566d3 - - default default] Successfully bumped revision number for resource f11a8474-d545-4645-988b-501a45ac4c88 (type: networks) to 1
2026-05-06 10:36:26.023 7 INFO neutron.db.ovn_revision_numbers_db [None req-01b4682a-91a8-47e4-9e3e-c4ec2d5a789d - - - - - -] Successfully bumped revision number for resource 48c594fb-e66f-4c9b-ae57-baa0eaf40ae1 (type: ports) to 8
2026-05-06 10:36:26.162 7 WARNING neutron.scheduler.dhcp_agent_scheduler [None req-3475dbb3-ad46-4a27-9a22-98e9cb283636 8edc3e0941014466b81c42fd6a5b503a 6632831217614545867e411186b566d3 - - default default] No more DHCP agents
2026-05-06 10:36:26.163 7 WARNING neutron.api.rpc.agentnotifiers.dhcp_rpc_agent_api [None req-3475dbb3-ad46-4a27-9a22-98e9cb283636 8edc3e0941014466b81c42fd6a5b503a 6632831217614545867e411186b566d3 - - default default] Unable to schedule network f11a8474-d545-4645-988b-501a45ac4c88: no agents available; will retry on subsequent port and subnet creation events.
2026-05-06 10:36:26.214 8 INFO neutron.plugins.ml2.drivers.ovn.mech_driver.mech_driver [None req-7457550d-ee4e-42ab-8cf5-cf26243e297b - - - - - -] OVN reports status down for port: 826f8f46-2afc-4665-8cd6-95338e100692
2026-05-06 10:36:26.231 7 INFO neutron.db.ovn_revision_numbers_db [None req-3475dbb3-ad46-4a27-9a22-98e9cb283636 8edc3e0941014466b81c42fd6a5b503a 6632831217614545867e411186b566d3 - - default default] Successfully bumped revision number for resource 826f8f46-2afc-4665-8cd6-95338e100692 (type: ports) to 1 [pid: 7|app: 0|req: 625/1215] 10.0.0.184 () {34 vars in 670 bytes} [Wed May 6 10:36:25 2026] POST /v2.0/networks => generated 686 bytes in 1174 msecs (HTTP/1.1 201) 4 headers in 162 bytes (1 switches on core 0) /var/lib/openstack/lib/python3.12/site-packages/pycadf/identifier.py:70: UserWarning: Invalid uuid: neutron. To ensure interoperability, identifiers should be a valid uuid. warnings.warn(('Invalid uuid: %s. To ensure interoperability, ' [pid: 8|app: 0|req: 591/1216] 199.204.45.162 () {34 vars in 994 bytes} [Wed May 6 10:36:26 2026] GET /v2.0/ports?device_id=3de39ed0-e1e1-4ca5-9484-97ce69c5038a => generated 973 bytes in 50 msecs (HTTP/1.1 200) 4 headers in 157 bytes (1 switches on core 0)
2026-05-06 10:36:26.919 8 INFO neutron_taas.services.taas.taas_plugin [req-8a4a12cc-251d-4b55-bb94-49bd2732e184 req-9f9c8ff3-dd8f-4b63-a27e-fc3cb35b0b40 0697eb603df646ec84278cf744f99d6e 59a00dc6f21f49fea2af477537f196d5 - - default default] TaaS: Handle Delete Port: 48c594fb-e66f-4c9b-ae57-baa0eaf40ae1
2026-05-06 10:36:26.923 8 INFO neutron_taas.services.taas.tap_mirror_plugin [req-8a4a12cc-251d-4b55-bb94-49bd2732e184 req-9f9c8ff3-dd8f-4b63-a27e-fc3cb35b0b40 0697eb603df646ec84278cf744f99d6e 59a00dc6f21f49fea2af477537f196d5 - - default default] Tap Mirror: Handle Delete Port: 48c594fb-e66f-4c9b-ae57-baa0eaf40ae1
2026-05-06 10:36:26.943 7 WARNING neutron.scheduler.dhcp_agent_scheduler [None req-9fb25932-d016-4ebf-9b4e-ca591c8f19bb 8edc3e0941014466b81c42fd6a5b503a 6632831217614545867e411186b566d3 - - default default] No more DHCP agents
2026-05-06 10:36:26.948 7 WARNING neutron.api.rpc.agentnotifiers.dhcp_rpc_agent_api [None req-9fb25932-d016-4ebf-9b4e-ca591c8f19bb 8edc3e0941014466b81c42fd6a5b503a 6632831217614545867e411186b566d3 - - default default] Unable to schedule network f11a8474-d545-4645-988b-501a45ac4c88: no agents available; will retry on subsequent port and subnet creation events.
2026-05-06 10:36:26.985 7 INFO neutron.db.ovn_revision_numbers_db [None req-9fb25932-d016-4ebf-9b4e-ca591c8f19bb 8edc3e0941014466b81c42fd6a5b503a 6632831217614545867e411186b566d3 - - default default] Successfully bumped revision number for resource 109e7d7c-0e0a-49f8-8f46-36ada44888a6 (type: subnets) to 0 [pid: 7|app: 0|req: 626/1217] 10.0.0.184 () {34 vars in 669 bytes} [Wed May 6 10:36:26 2026] POST /v2.0/subnets => generated 673 bytes in 267 msecs (HTTP/1.1 201) 4 headers in 162 bytes (1 switches on core 0) [pid: 7|app: 0|req: 627/1218] 10.0.0.145 () {34 vars in 990 bytes} [Wed May 6 10:36:27 2026] GET /v2.0/ports?device_id=3de39ed0-e1e1-4ca5-9484-97ce69c5038a => generated 973 bytes in 42 msecs (HTTP/1.1 200) 4 headers in 157 bytes (1 switches on core 0)
2026-05-06 10:36:27.115 8 INFO neutron.db.l3_db [req-8a4a12cc-251d-4b55-bb94-49bd2732e184 req-9f9c8ff3-dd8f-4b63-a27e-fc3cb35b0b40 0697eb603df646ec84278cf744f99d6e 59a00dc6f21f49fea2af477537f196d5 - - default default] Floating IP 4fc2b90c-1044-4a80-ad87-cbb26bb3fc70 disassociated. External IP: 10.96.250.211, port: 48c594fb-e66f-4c9b-ae57-baa0eaf40ae1.
2026-05-06 10:36:27.140 7 INFO neutron.db.segments_db [None req-2e7b0776-f379-485e-afb0-320873067156 8edc3e0941014466b81c42fd6a5b503a 6632831217614545867e411186b566d3 - - default default] Added segment f715925f-5564-418b-bbf7-2f5c91a6b20d of type geneve for network b909602a-cd3c-4a95-a0a4-c6e75d8cb32b [pid: 8|app: 0|req: 592/1219] 199.204.45.162 () {36 vars in 997 bytes} [Wed May 6 10:36:26 2026] DELETE /v2.0/ports/48c594fb-e66f-4c9b-ae57-baa0eaf40ae1 => generated 0 bytes in 476 msecs (HTTP/1.1 204) 3 headers in 131 bytes (1 switches on core 0) /var/lib/openstack/lib/python3.12/site-packages/pycadf/identifier.py:70: UserWarning: Invalid uuid: neutron. To ensure interoperability, identifiers should be a valid uuid. warnings.warn(('Invalid uuid: %s. To ensure interoperability, '
2026-05-06 10:36:27.260 7 INFO neutron.db.ovn_revision_numbers_db [None req-2e7b0776-f379-485e-afb0-320873067156 8edc3e0941014466b81c42fd6a5b503a 6632831217614545867e411186b566d3 - - default default] Successfully bumped revision number for resource b909602a-cd3c-4a95-a0a4-c6e75d8cb32b (type: networks) to 1 [pid: 8|app: 0|req: 593/1220] 10.0.0.145 () {34 vars in 1040 bytes} [Wed May 6 10:36:27 2026] GET /v2.0/security-groups?id=6a77f2a1-a7b1-490e-886e-b39ff608fd72&fields=id&fields=name => generated 113 bytes in 39 msecs (HTTP/1.1 200) 4 headers in 157 bytes (1 switches on core 0)
2026-05-06 10:36:27.287 8 INFO neutron.notifiers.nova [-] Nova event matching ['req-96a47569-96ad-4286-a7d3-6255749f331f'] response: {'server_uuid': '3de39ed0-e1e1-4ca5-9484-97ce69c5038a', 'name': 'network-vif-deleted', 'tag': '48c594fb-e66f-4c9b-ae57-baa0eaf40ae1', 'status': 'completed', 'code': 200}
2026-05-06 10:36:27.415 7 WARNING neutron.scheduler.dhcp_agent_scheduler [None req-2e7b0776-f379-485e-afb0-320873067156 8edc3e0941014466b81c42fd6a5b503a 6632831217614545867e411186b566d3 - - default default] No more DHCP agents
2026-05-06 10:36:27.416 7 WARNING neutron.api.rpc.agentnotifiers.dhcp_rpc_agent_api [None req-2e7b0776-f379-485e-afb0-320873067156 8edc3e0941014466b81c42fd6a5b503a 6632831217614545867e411186b566d3 - - default default] Unable to schedule network b909602a-cd3c-4a95-a0a4-c6e75d8cb32b: no agents available; will retry on subsequent port and subnet creation events.
2026-05-06 10:36:27.466 7 INFO neutron.plugins.ml2.drivers.ovn.mech_driver.mech_driver [None req-29fc004b-dbc5-4509-b6e5-f690ffa4c98d - - - - - -] OVN reports status down for port: d1b8b28e-2427-4b1d-9bb2-e7ef409c0fbd
2026-05-06 10:36:27.527 7 INFO neutron.db.ovn_revision_numbers_db [None req-2e7b0776-f379-485e-afb0-320873067156 8edc3e0941014466b81c42fd6a5b503a 6632831217614545867e411186b566d3 - - default default] Successfully bumped revision number for resource d1b8b28e-2427-4b1d-9bb2-e7ef409c0fbd (type: ports) to 1 [pid: 7|app: 0|req: 628/1221] 10.0.0.184 () {34 vars in 670 bytes} [Wed May 6 10:36:27 2026] POST /v2.0/networks => generated 686 bytes in 518 msecs (HTTP/1.1 201) 4 headers in 162 bytes (1 switches on core 0)
2026-05-06 10:36:27.586 8 WARNING neutron.db.securitygroups_db [None req-39d572fc-85e6-4153-9d45-25623a742ee6 a7093a4e0cd94679af256d8eba8bcdcf 2cf9a58929234db9aa980cde56c37a23 - - default default] project_id key not found in filters, using tenant_id instead. This support has been deprecated and will be removed in a future release.
2026-05-06 10:36:27.683 7 INFO neutron.db.ovn_revision_numbers_db [None req-cf231098-777c-444b-94fe-b7794f73d510 8edc3e0941014466b81c42fd6a5b503a 6632831217614545867e411186b566d3 - - default default] Successfully bumped revision number for resource b909602a-cd3c-4a95-a0a4-c6e75d8cb32b (type: networks) to 2 [pid: 7|app: 0|req: 629/1222] 10.0.0.184 () {34 vars in 743 bytes} [Wed May 6 10:36:27 2026] PUT /v2.0/networks/b909602a-cd3c-4a95-a0a4-c6e75d8cb32b => generated 636 bytes in 123 msecs (HTTP/1.1 200) 4 headers in 157 bytes (1 switches on core 0)
2026-05-06 10:36:27.696 8 INFO neutron.db.ovn_revision_numbers_db [None req-39d572fc-85e6-4153-9d45-25623a742ee6 a7093a4e0cd94679af256d8eba8bcdcf 2cf9a58929234db9aa980cde56c37a23 - - default default] Successfully bumped revision number for resource b47d3f8f-1257-4568-ae87-367557887543 (type: security_groups) to 1
2026-05-06 10:36:27.707 8 INFO neutron.db.ovn_revision_numbers_db [None req-39d572fc-85e6-4153-9d45-25623a742ee6 a7093a4e0cd94679af256d8eba8bcdcf 2cf9a58929234db9aa980cde56c37a23 - - default default] Successfully bumped revision number for resource 69d76b6a-0985-462e-a352-c6fc5cd0cb2f (type: security_group_rules) to 0
2026-05-06 10:36:27.719 8 INFO neutron.db.ovn_revision_numbers_db [None req-39d572fc-85e6-4153-9d45-25623a742ee6 a7093a4e0cd94679af256d8eba8bcdcf 2cf9a58929234db9aa980cde56c37a23 - - default default] Successfully bumped revision number for resource 88d247e6-13c0-4857-9c3d-6fda3f70daa7 (type: security_group_rules) to 0
2026-05-06 10:36:27.730 8 INFO neutron.db.ovn_revision_numbers_db [None req-39d572fc-85e6-4153-9d45-25623a742ee6 a7093a4e0cd94679af256d8eba8bcdcf 2cf9a58929234db9aa980cde56c37a23 - - default default] Successfully bumped revision number for resource d5555d8c-3dd4-4564-b292-41cd1fb7093a (type: security_group_rules) to 0
2026-05-06 10:36:27.741 8 INFO neutron.db.ovn_revision_numbers_db [None req-39d572fc-85e6-4153-9d45-25623a742ee6 a7093a4e0cd94679af256d8eba8bcdcf 2cf9a58929234db9aa980cde56c37a23 - - default default] Successfully bumped revision number for resource ea637670-4fae-495c-a7ad-7783bb8cb9e3 (type: security_group_rules) to 0 [pid: 8|app: 0|req: 594/1223] 10.0.0.184 () {32 vars in 774 bytes} [Wed May 6 10:36:27 2026] GET /v2.0/security-groups?tenant_id=0bb06cdacc9a400194958ad446eb7df0&name=default => generated 2925 bytes in 334 msecs (HTTP/1.1 200) 4 headers in 158 bytes (1 switches on core 0)
2026-05-06 10:36:27.824 7 INFO neutron.notifiers.nova [-] Nova event matching ['req-c66dbfda-6bfb-4d3c-bf38-c80b6cbcd8c5'] response: {'server_uuid': '3de39ed0-e1e1-4ca5-9484-97ce69c5038a', 'name': 'network-vif-unplugged', 'status': 'completed', 'tag': '48c594fb-e66f-4c9b-ae57-baa0eaf40ae1', 'code': 200}
2026-05-06 10:36:27.923 7 WARNING neutron.scheduler.dhcp_agent_scheduler [None req-730c4a0e-28e8-4681-81aa-f70eea107b2a 8edc3e0941014466b81c42fd6a5b503a 6632831217614545867e411186b566d3 - - default default] No more DHCP agents
2026-05-06 10:36:27.926 7 WARNING neutron.api.rpc.agentnotifiers.dhcp_rpc_agent_api [None req-730c4a0e-28e8-4681-81aa-f70eea107b2a 8edc3e0941014466b81c42fd6a5b503a 6632831217614545867e411186b566d3 - - default default] Unable to schedule network b909602a-cd3c-4a95-a0a4-c6e75d8cb32b: no agents available; will retry on subsequent port and subnet creation events. [pid: 8|app: 0|req: 595/1224] 10.0.0.184 () {32 vars in 740 bytes} [Wed May 6 10:36:27 2026] DELETE /v2.0/security-groups/b47d3f8f-1257-4568-ae87-367557887543 => generated 0 bytes in 160 msecs (HTTP/1.1 204) 2 headers in 112 bytes (1 switches on core 0)
2026-05-06 10:36:27.976 7 INFO neutron.db.ovn_revision_numbers_db [None req-730c4a0e-28e8-4681-81aa-f70eea107b2a 8edc3e0941014466b81c42fd6a5b503a 6632831217614545867e411186b566d3 - - default default] Successfully bumped revision number for resource 191026b0-6739-4bfb-881c-c144e9bdd3c6 (type: subnets) to 0 [pid: 7|app: 0|req: 630/1227] 10.0.0.184 () {34 vars in 669 bytes} [Wed May 6 10:36:27 2026] POST /v2.0/subnets => generated 646 bytes in 299 msecs (HTTP/1.1 201) 4 headers in 162 bytes (1 switches on core 0) [pid: 7|app: 0|req: 631/1228] 10.0.0.145 () {34 vars in 990 bytes} [Wed May 6 10:36:28 2026] GET /v2.0/ports?device_id=3de39ed0-e1e1-4ca5-9484-97ce69c5038a => generated 12 bytes in 20 msecs (HTTP/1.1 200) 4 headers in 156 bytes (1 switches on core 0)
2026-05-06 10:36:28.526 8 INFO neutron.db.ovn_revision_numbers_db [None req-9ea402b9-15d6-4fe1-8646-52db4948315e 8edc3e0941014466b81c42fd6a5b503a 6632831217614545867e411186b566d3 - - default default] Successfully bumped revision number for resource d1b8b28e-2427-4b1d-9bb2-e7ef409c0fbd (type: ports) to 2
2026-05-06 10:36:28.560 8 INFO neutron.db.ovn_revision_numbers_db [None req-9ea402b9-15d6-4fe1-8646-52db4948315e 8edc3e0941014466b81c42fd6a5b503a 6632831217614545867e411186b566d3 - - default default] Successfully bumped revision number for resource 191026b0-6739-4bfb-881c-c144e9bdd3c6 (type: subnets) to 1 [pid: 8|app: 0|req: 598/1229] 10.0.0.184 () {34 vars in 741 bytes} [Wed May 6 10:36:27 2026] PUT /v2.0/subnets/191026b0-6739-4bfb-881c-c144e9bdd3c6 => generated 656 bytes in 565 msecs (HTTP/1.1 200) 4 headers in 157 bytes (1 switches on core 0)
2026-05-06 10:36:28.709 7 INFO neutron_taas.services.taas.taas_plugin [None req-7bf8d910-e382-41cb-8e5d-9ba0192ff608 8edc3e0941014466b81c42fd6a5b503a 6632831217614545867e411186b566d3 - - default default] TaaS: Handle Delete Port: d1b8b28e-2427-4b1d-9bb2-e7ef409c0fbd
2026-05-06 10:36:28.712 7 INFO neutron_taas.services.taas.tap_mirror_plugin [None req-7bf8d910-e382-41cb-8e5d-9ba0192ff608 8edc3e0941014466b81c42fd6a5b503a 6632831217614545867e411186b566d3 - - default default] Tap Mirror: Handle Delete Port: d1b8b28e-2427-4b1d-9bb2-e7ef409c0fbd
2026-05-06 10:36:28.964 7 INFO neutron.services.segments.plugin [-] Segment f715925f-5564-418b-bbf7-2f5c91a6b20d resource provider aggregate not found
2026-05-06 10:36:28.979 7 INFO neutron.services.segments.plugin [-] Segment f715925f-5564-418b-bbf7-2f5c91a6b20d resource provider aggregate not found
2026-05-06 10:36:28.986 7 INFO neutron.services.segments.plugin [-] Segment f715925f-5564-418b-bbf7-2f5c91a6b20d resource provider not found; error: Placement Client Error (4xx): {"errors": [{"status": 404, "title": "Not Found", "detail": "The resource could not be found.\n\n No resource provider with uuid f715925f-5564-418b-bbf7-2f5c91a6b20d found for delete ", "request_id": "req-2bd63d78-26aa-47d9-8c00-bdc1cc285d64"}]}
2026-05-06 10:36:29.000 7 INFO neutron.services.segments.plugin [-] Segment f715925f-5564-418b-bbf7-2f5c91a6b20d resource provider not found; error: Placement Client Error (4xx): {"errors": [{"status": 404, "title": "Not Found", "detail": "The resource could not be found.\n\n No resource provider with uuid f715925f-5564-418b-bbf7-2f5c91a6b20d found for delete ", "request_id": "req-be83339b-fb18-48e0-abe3-6738997f680d"}]} [pid: 7|app: 0|req: 632/1230] 10.0.0.184 () {32 vars in 726 bytes} [Wed May 6 10:36:28 2026] DELETE /v2.0/networks/b909602a-cd3c-4a95-a0a4-c6e75d8cb32b => generated 0 bytes in 445 msecs (HTTP/1.1 204) 3 headers in 131 bytes (1 switches on core 0)
2026-05-06 10:36:29.034 8 INFO neutron.pecan_wsgi.hooks.translation [None req-51b3ebed-686c-46fd-a2f3-206812f70717 8edc3e0941014466b81c42fd6a5b503a 6632831217614545867e411186b566d3 - - default default] DELETE failed (client error): The resource could not be found. [pid: 8|app: 0|req: 599/1231] 10.0.0.184 () {32 vars in 726 bytes} [Wed May 6 10:36:29 2026] DELETE /v2.0/networks/b909602a-cd3c-4a95-a0a4-c6e75d8cb32b => generated 138 bytes in 19 msecs (HTTP/1.1 404) 4 headers in 164 bytes (1 switches on core 0) [pid: 7|app: 0|req: 633/1232] 10.0.0.184 () {32 vars in 694 bytes} [Wed May 6 10:36:29 2026] GET /v2.0/networks?router%3Aexternal=True => generated 689 bytes in 58 msecs (HTTP/1.1 200) 4 headers in 157 bytes (1 switches on core 0) [pid: 8|app: 0|req: 600/1233] 10.0.0.184 () {32 vars in 742 bytes} [Wed May 6 10:36:29 2026] GET /v2.0/subnets?network_id=df688dbb-71f6-4907-9151-2e36be4a8dbb => generated 649 bytes in 32 msecs (HTTP/1.1 200) 4 headers in 157 bytes (1 switches on core 0) [pid: 7|app: 0|req: 634/1234] 10.0.0.184 () {32 vars in 653 bytes} [Wed May 6 10:36:29 2026] GET /v2.0/extensions => generated 21706 bytes in 9 msecs (HTTP/1.1 200) 4 headers in 159 bytes (1 switches on core 0) [pid: 8|app: 0|req: 601/1235] 10.0.0.184 () {32 vars in 649 bytes} [Wed May 6 10:36:29 2026] GET /v2.0/networks => generated 1389 bytes in 39 msecs (HTTP/1.1 200) 4 headers in 158 bytes (1 switches on core 0) [pid: 7|app: 0|req: 635/1236] 10.0.0.184 () {32 vars in 647 bytes} [Wed May 6 10:36:29 2026] GET /v2.0/subnets => generated 1312 bytes in 32 msecs (HTTP/1.1 200) 4 headers in 158 bytes (1 switches on core 0) [pid: 8|app: 0|req: 602/1237] 10.0.0.184 () {32 vars in 723 bytes} [Wed May 6 10:36:29 2026] GET /v2.0/networks/f11a8474-d545-4645-988b-501a45ac4c88 => generated 711 bytes in 37 msecs (HTTP/1.1 200) 4 headers in 157 bytes (1 switches on core 0) [pid: 7|app: 0|req: 636/1238] 10.0.0.184 () {32 vars in 721 bytes} [Wed May 6 10:36:29 2026] GET /v2.0/subnets/109e7d7c-0e0a-49f8-8f46-36ada44888a6 => generated 673 bytes in 25 msecs (HTTP/1.1 200) 4 headers in 157 bytes (1 switches on core 0)
2026-05-06 10:36:29.326 8 INFO neutron.pecan_wsgi.hooks.translation [None req-7bbc2bb1-4dcf-4add-8ac9-a83f392a778a 8edc3e0941014466b81c42fd6a5b503a 6632831217614545867e411186b566d3 - - default default] DELETE failed (client error): The resource could not be found. [pid: 8|app: 0|req: 603/1239] 10.0.0.184 () {32 vars in 724 bytes} [Wed May 6 10:36:29 2026] DELETE /v2.0/subnets/191026b0-6739-4bfb-881c-c144e9bdd3c6 => generated 136 bytes in 16 msecs (HTTP/1.1 404) 4 headers in 164 bytes (1 switches on core 0)
2026-05-06 10:36:29.346 7 INFO neutron.pecan_wsgi.hooks.translation [None req-72d483d0-f947-40dc-8ba5-270bcb947ebe 8edc3e0941014466b81c42fd6a5b503a 6632831217614545867e411186b566d3 - - default default] DELETE failed (client error): The resource could not be found. [pid: 7|app: 0|req: 637/1240] 10.0.0.184 () {32 vars in 726 bytes} [Wed May 6 10:36:29 2026] DELETE /v2.0/networks/b909602a-cd3c-4a95-a0a4-c6e75d8cb32b => generated 138 bytes in 16 msecs (HTTP/1.1 404) 4 headers in 164 bytes (1 switches on core 0) [pid: 7|app: 0|req: 638/1241] 10.0.0.145 () {34 vars in 990 bytes} [Wed May 6 10:36:29 2026] GET /v2.0/ports?device_id=3de39ed0-e1e1-4ca5-9484-97ce69c5038a => generated 12 bytes in 22 msecs (HTTP/1.1 200) 4 headers in 156 bytes (1 switches on core 0) [pid: 8|app: 0|req: 604/1242] 10.0.0.184 () {32 vars in 724 bytes} [Wed May 6 10:36:29 2026] DELETE /v2.0/subnets/109e7d7c-0e0a-49f8-8f46-36ada44888a6 => generated 0 bytes in 168 msecs (HTTP/1.1 204) 3 headers in 131 bytes (1 switches on core 0)
2026-05-06 10:36:29.648 7 INFO neutron_taas.services.taas.taas_plugin [None req-95393388-baa9-48eb-af31-2f682a4ba7ea 8edc3e0941014466b81c42fd6a5b503a 6632831217614545867e411186b566d3 - - default default] TaaS: Handle Delete Port: 826f8f46-2afc-4665-8cd6-95338e100692
2026-05-06 10:36:29.652 7 INFO neutron_taas.services.taas.tap_mirror_plugin [None req-95393388-baa9-48eb-af31-2f682a4ba7ea 8edc3e0941014466b81c42fd6a5b503a 6632831217614545867e411186b566d3 - - default default] Tap Mirror: Handle Delete Port: 826f8f46-2afc-4665-8cd6-95338e100692 [pid: 7|app: 0|req: 639/1243] 10.0.0.184 () {32 vars in 726 bytes} [Wed May 6 10:36:29 2026] DELETE /v2.0/networks/f11a8474-d545-4645-988b-501a45ac4c88 => generated 0 bytes in 315 msecs (HTTP/1.1 204) 3 headers in 131 bytes (1 switches on core 0)
2026-05-06 10:36:30.585 8 WARNING neutron.db.securitygroups_db [None req-15660039-4f26-4d8b-834b-db024524df16 a7093a4e0cd94679af256d8eba8bcdcf 2cf9a58929234db9aa980cde56c37a23 - - default default] project_id key not found in filters, using tenant_id instead. This support has been deprecated and will be removed in a future release. [pid: 8|app: 0|req: 605/1244] 10.0.0.184 () {32 vars in 774 bytes} [Wed May 6 10:36:30 2026] GET /v2.0/security-groups?tenant_id=6632831217614545867e411186b566d3&name=default => generated 2925 bytes in 143 msecs (HTTP/1.1 200) 4 headers in 158 bytes (1 switches on core 0) [pid: 7|app: 0|req: 640/1245] 10.0.0.184 () {32 vars in 740 bytes} [Wed May 6 10:36:30 2026] DELETE /v2.0/security-groups/6a77f2a1-a7b1-490e-886e-b39ff608fd72 => generated 0 bytes in 133 msecs (HTTP/1.1 204) 2 headers in 112 bytes (1 switches on core 0)
2026-05-06 10:36:30.708 7 INFO neutron.api.v2.resource [None req-3189a546-55df-452f-91ce-3ddd603f4843 0697eb603df646ec84278cf744f99d6e 59a00dc6f21f49fea2af477537f196d5 - - default default] show failed (client error): The resource could not be found. [pid: 7|app: 0|req: 641/1246] 10.0.0.184 () {32 vars in 737 bytes} [Wed May 6 10:36:30 2026] GET /v2.0/security-groups/6a77f2a1-a7b1-490e-886e-b39ff608fd72 => generated 146 bytes in 8 msecs (HTTP/1.1 404) 4 headers in 164 bytes (1 switches on core 0) [pid: 8|app: 0|req: 606/1247] 10.0.0.184 () {32 vars in 740 bytes} [Wed May 6 10:36:30 2026] DELETE /v2.0/security-groups/b1789efd-16de-4e08-9275-a7dd8efa7633 => generated 0 bytes in 193 msecs (HTTP/1.1 204) 2 headers in 112 bytes (1 switches on core 0)
2026-05-06 10:36:30.859 7 INFO neutron_taas.services.taas.taas_plugin [None req-6318f804-9e27-4a9f-9f38-82810174b9c9 0697eb603df646ec84278cf744f99d6e 59a00dc6f21f49fea2af477537f196d5 - - default default] TaaS: Handle Delete Port: 87c5f1f2-33c7-4200-b261-5425b2201244
2026-05-06 10:36:30.861 7 INFO neutron_taas.services.taas.tap_mirror_plugin [None req-6318f804-9e27-4a9f-9f38-82810174b9c9 0697eb603df646ec84278cf744f99d6e 59a00dc6f21f49fea2af477537f196d5 - - default default] Tap Mirror: Handle Delete Port: 87c5f1f2-33c7-4200-b261-5425b2201244
2026-05-06 10:36:30.976 8 WARNING neutron.db.securitygroups_db [None req-9b4fa83c-2832-4c62-9792-f4514ada8d24 a7093a4e0cd94679af256d8eba8bcdcf 2cf9a58929234db9aa980cde56c37a23 - - default default] project_id key not found in filters, using tenant_id instead. This support has been deprecated and will be removed in a future release.
2026-05-06 10:36:31.007 7 INFO neutron.services.segments.plugin [-] Segment 52c79d2a-1145-43a9-90f3-2ddbeda4aaff resource provider aggregate not found
2026-05-06 10:36:31.020 7 INFO neutron.services.segments.plugin [-] Segment 52c79d2a-1145-43a9-90f3-2ddbeda4aaff resource provider aggregate not found
2026-05-06 10:36:31.024 7 INFO neutron.services.segments.plugin [-] Segment 52c79d2a-1145-43a9-90f3-2ddbeda4aaff resource provider not found; error: Placement Client Error (4xx): {"errors": [{"status": 404, "title": "Not Found", "detail": "The resource could not be found.\n\n No resource provider with uuid 52c79d2a-1145-43a9-90f3-2ddbeda4aaff found for delete ", "request_id": "req-312c5591-a58b-442d-8ba2-798f6b2377d5"}]} [pid: 7|app: 0|req: 642/1248] 10.0.0.184 () {32 vars in 732 bytes} [Wed May 6 10:36:30 2026] DELETE /v2.0/floatingips/4fc2b90c-1044-4a80-ad87-cbb26bb3fc70 => generated 0 bytes in 314 msecs (HTTP/1.1 204) 2 headers in 112 bytes (1 switches on core 0)
2026-05-06 10:36:31.038 7 INFO neutron.services.segments.plugin [-] Segment 52c79d2a-1145-43a9-90f3-2ddbeda4aaff resource provider not found; error: Placement Client Error (4xx): {"errors": [{"status": 404, "title": "Not Found", "detail": "The resource could not be found.\n\n No resource provider with uuid 52c79d2a-1145-43a9-90f3-2ddbeda4aaff found for delete ", "request_id": "req-f2bf2b69-95f4-4357-8a4f-f38877f0a6fe"}]}
2026-05-06 10:36:31.095 8 INFO neutron.db.ovn_revision_numbers_db [None req-9b4fa83c-2832-4c62-9792-f4514ada8d24 a7093a4e0cd94679af256d8eba8bcdcf 2cf9a58929234db9aa980cde56c37a23 - - default default] Successfully bumped revision number for resource c212b29f-23f0-4734-91ac-07d317a9a1d7 (type: security_groups) to 1
2026-05-06 10:36:31.111 8 INFO neutron.db.ovn_revision_numbers_db [None req-9b4fa83c-2832-4c62-9792-f4514ada8d24 a7093a4e0cd94679af256d8eba8bcdcf 2cf9a58929234db9aa980cde56c37a23 - - default default] Successfully bumped revision number for resource 11c65608-dde2-4f47-9e81-ffe369768f8f (type: security_group_rules) to 0
2026-05-06 10:36:31.128 8 INFO neutron.db.ovn_revision_numbers_db [None req-9b4fa83c-2832-4c62-9792-f4514ada8d24 a7093a4e0cd94679af256d8eba8bcdcf 2cf9a58929234db9aa980cde56c37a23 - - default default] Successfully bumped revision number for resource 7a4ab7b2-ac02-4cf0-a78b-96f2c3a8b57d (type: security_group_rules) to 0
2026-05-06 10:36:31.139 8 INFO neutron.db.ovn_revision_numbers_db [None req-9b4fa83c-2832-4c62-9792-f4514ada8d24 a7093a4e0cd94679af256d8eba8bcdcf 2cf9a58929234db9aa980cde56c37a23 - - default default] Successfully bumped revision number for resource c159b190-1419-46de-9d4d-9c9c0df5fcaa (type: security_group_rules) to 0
2026-05-06 10:36:31.152 8 INFO neutron.db.ovn_revision_numbers_db [None req-9b4fa83c-2832-4c62-9792-f4514ada8d24 a7093a4e0cd94679af256d8eba8bcdcf 2cf9a58929234db9aa980cde56c37a23 - - default default] Successfully bumped revision number for resource d354ca39-4466-4414-832e-2d6fc4da0e4b (type: security_group_rules) to 0 [pid: 8|app: 0|req: 607/1249] 10.0.0.184 () {32 vars in 774 bytes} [Wed May 6 10:36:30 2026] GET /v2.0/security-groups?tenant_id=6e8252d83a0240018c7eab022938847e&name=default => generated 2925 bytes in 382 msecs (HTTP/1.1 200) 4 headers in 158 bytes (1 switches on core 0)
2026-05-06 10:36:31.325 7 INFO neutron_taas.services.taas.taas_plugin [None req-25966e07-f9ba-4431-a5b0-3866f7b3dcf5 a7093a4e0cd94679af256d8eba8bcdcf 2cf9a58929234db9aa980cde56c37a23 - - default default] TaaS: Handle Delete Port: 7a2284bf-d250-4620-ac1d-ff585d96768b
2026-05-06 10:36:31.334 7 INFO neutron_taas.services.taas.tap_mirror_plugin [None req-25966e07-f9ba-4431-a5b0-3866f7b3dcf5 a7093a4e0cd94679af256d8eba8bcdcf 2cf9a58929234db9aa980cde56c37a23 - - default default] Tap Mirror: Handle Delete Port: 7a2284bf-d250-4620-ac1d-ff585d96768b [pid: 8|app: 0|req: 608/1250] 10.0.0.184 () {32 vars in 740 bytes} [Wed May 6 10:36:31 2026] DELETE /v2.0/security-groups/c212b29f-23f0-4734-91ac-07d317a9a1d7 => generated 0 bytes in 169 msecs (HTTP/1.1 204) 2 headers in 112 bytes (1 switches on core 0)
2026-05-06 10:36:31.534 8 WARNING neutron.db.securitygroups_db [None req-64faf939-e273-4ee1-a036-15d484499e11 a7093a4e0cd94679af256d8eba8bcdcf 2cf9a58929234db9aa980cde56c37a23 - - default default] project_id key not found in filters, using tenant_id instead. This support has been deprecated and will be removed in a future release.
2026-05-06 10:36:31.673 8 INFO neutron.db.ovn_revision_numbers_db [None req-64faf939-e273-4ee1-a036-15d484499e11 a7093a4e0cd94679af256d8eba8bcdcf 2cf9a58929234db9aa980cde56c37a23 - - default default] Successfully bumped revision number for resource b58fa9bd-27e4-439b-9a06-a504d9484ab2 (type: security_groups) to 1
2026-05-06 10:36:31.686 8 INFO neutron.db.ovn_revision_numbers_db [None req-64faf939-e273-4ee1-a036-15d484499e11 a7093a4e0cd94679af256d8eba8bcdcf 2cf9a58929234db9aa980cde56c37a23 - - default default] Successfully bumped revision number for resource 42b864b6-f5f5-4f34-aba6-d958246e9a54 (type: security_group_rules) to 0
2026-05-06 10:36:31.697 8 INFO neutron.db.ovn_revision_numbers_db [None req-64faf939-e273-4ee1-a036-15d484499e11 a7093a4e0cd94679af256d8eba8bcdcf 2cf9a58929234db9aa980cde56c37a23 - - default default] Successfully bumped revision number for resource 5acaa0f9-ef87-46d7-8615-ef02e5919a50 (type: security_group_rules) to 0
2026-05-06 10:36:31.708 8 INFO neutron.db.ovn_revision_numbers_db [None req-64faf939-e273-4ee1-a036-15d484499e11 a7093a4e0cd94679af256d8eba8bcdcf 2cf9a58929234db9aa980cde56c37a23 - - default default] Successfully bumped revision number for resource 70af1664-1604-4820-9f59-6d32581f2ba9 (type: security_group_rules) to 0
2026-05-06 10:36:31.718 8 INFO neutron.db.ovn_revision_numbers_db [None req-64faf939-e273-4ee1-a036-15d484499e11 a7093a4e0cd94679af256d8eba8bcdcf 2cf9a58929234db9aa980cde56c37a23 - - default default] Successfully bumped revision number for resource c11ea321-ed1b-4e1b-a399-76dcc736ebbc (type: security_group_rules) to 0 [pid: 8|app: 0|req: 609/1251] 10.0.0.184 () {32 vars in 774 bytes} [Wed May 6 10:36:31 2026] GET /v2.0/security-groups?tenant_id=5a66fb4ddd2348c1b3ea0251bc08520f&name=default => generated 2925 bytes in 240 msecs (HTTP/1.1 200) 4 headers in 158 bytes (1 switches on core 0) [pid: 8|app: 0|req: 610/1252] 10.0.0.184 () {32 vars in 740 bytes} [Wed May 6 10:36:31 2026] DELETE /v2.0/security-groups/b58fa9bd-27e4-439b-9a06-a504d9484ab2 => generated 0 bytes in 177 msecs (HTTP/1.1 204) 2 headers in 112 bytes (1 switches on core 0) [pid: 7|app: 0|req: 643/1253] 10.0.0.184 () {34 vars in 789 bytes} [Wed May 6 10:36:31 2026] PUT /v2.0/routers/b81d9b2e-6b93-4cd4-8afe-61e417a8868a/remove_router_interface => generated 310 bytes in 957 msecs (HTTP/1.1 200) 4 headers in 157 bytes (1 switches on core 0)
2026-05-06 10:36:32.283 8 INFO neutron_taas.services.taas.taas_plugin [None req-7e8fbdcb-11c6-4085-a03f-426b9ead842b a7093a4e0cd94679af256d8eba8bcdcf 2cf9a58929234db9aa980cde56c37a23 - - default default] TaaS: Handle Delete Port: 13dc1d2c-2c48-4a8c-a92e-d047e4a20433
2026-05-06 10:36:32.286 8 INFO neutron_taas.services.taas.tap_mirror_plugin [None req-7e8fbdcb-11c6-4085-a03f-426b9ead842b a7093a4e0cd94679af256d8eba8bcdcf 2cf9a58929234db9aa980cde56c37a23 - - default default] Tap Mirror: Handle Delete Port: 13dc1d2c-2c48-4a8c-a92e-d047e4a20433 [pid: 8|app: 0|req: 611/1254] 10.0.0.184 () {32 vars in 724 bytes} [Wed May 6 10:36:31 2026] DELETE /v2.0/routers/b81d9b2e-6b93-4cd4-8afe-61e417a8868a => generated 0 bytes in 636 msecs (HTTP/1.1 204) 2 headers in 112 bytes (1 switches on core 0) /var/lib/openstack/lib/python3.12/site-packages/pycadf/identifier.py:70: UserWarning: Invalid uuid: neutron. To ensure interoperability, identifiers should be a valid uuid. warnings.warn(('Invalid uuid: %s. To ensure interoperability, '
2026-05-06 10:36:32.720 7 WARNING neutron.db.securitygroups_db [None req-f50da4ac-d9e2-4f46-8933-ff6cf17fceb3 a7093a4e0cd94679af256d8eba8bcdcf 2cf9a58929234db9aa980cde56c37a23 - - default default] project_id key not found in filters, using tenant_id instead. This support has been deprecated and will be removed in a future release.
2026-05-06 10:36:32.846 7 INFO neutron.db.ovn_revision_numbers_db [None req-f50da4ac-d9e2-4f46-8933-ff6cf17fceb3 a7093a4e0cd94679af256d8eba8bcdcf 2cf9a58929234db9aa980cde56c37a23 - - default default] Successfully bumped revision number for resource 425b5e42-76b7-4424-b179-c06297a74c41 (type: security_groups) to 1
2026-05-06 10:36:32.857 7 INFO neutron.db.ovn_revision_numbers_db [None req-f50da4ac-d9e2-4f46-8933-ff6cf17fceb3 a7093a4e0cd94679af256d8eba8bcdcf 2cf9a58929234db9aa980cde56c37a23 - - default default] Successfully bumped revision number for resource 36b626bf-9f5f-4e33-b503-e172d4b9aa39 (type: security_group_rules) to 0
2026-05-06 10:36:32.871 7 INFO neutron.db.ovn_revision_numbers_db [None req-f50da4ac-d9e2-4f46-8933-ff6cf17fceb3 a7093a4e0cd94679af256d8eba8bcdcf 2cf9a58929234db9aa980cde56c37a23 - - default default] Successfully bumped revision number for resource 3f7515fa-db66-4929-89f6-fb7791ac6534 (type: security_group_rules) to 0
2026-05-06 10:36:32.884 7 INFO neutron.db.ovn_revision_numbers_db [None req-f50da4ac-d9e2-4f46-8933-ff6cf17fceb3 a7093a4e0cd94679af256d8eba8bcdcf 2cf9a58929234db9aa980cde56c37a23 - - default default] Successfully bumped revision number for resource bca916c9-ab4c-4b3c-94e7-93ff6fb3d577 (type: security_group_rules) to 0
2026-05-06 10:36:32.888 8 INFO neutron.db.ovn_revision_numbers_db [None req-41b2611d-8e38-4244-b1c4-4607ac3cc8c7 6f646a80eeb54469abab132f6640ace3 f81e187ff97d44378785e44123389e99 - - default default] Successfully bumped revision number for resource fcc2bb1b-9558-44e3-b7a5-44252fa36383 (type: security_groups) to 1
2026-05-06 10:36:32.894 7 INFO neutron.db.ovn_revision_numbers_db [None req-f50da4ac-d9e2-4f46-8933-ff6cf17fceb3 a7093a4e0cd94679af256d8eba8bcdcf 2cf9a58929234db9aa980cde56c37a23 - - default default] Successfully bumped revision number for resource f7b89213-5510-4cf5-8f63-7df2b7c512e2 (type: security_group_rules) to 0
2026-05-06 10:36:32.898 8 INFO neutron.db.ovn_revision_numbers_db [None req-41b2611d-8e38-4244-b1c4-4607ac3cc8c7 6f646a80eeb54469abab132f6640ace3 f81e187ff97d44378785e44123389e99 - - default default] Successfully bumped revision number for resource 7562afe1-f8cc-4e02-8428-9245f7cb4ebc (type: security_group_rules) to 0
2026-05-06 10:36:32.910 8 INFO neutron.db.ovn_revision_numbers_db [None req-41b2611d-8e38-4244-b1c4-4607ac3cc8c7 6f646a80eeb54469abab132f6640ace3 f81e187ff97d44378785e44123389e99 - - default default] Successfully bumped revision number for resource 75af1163-262b-468a-a121-c0aa6d6745ac (type: security_group_rules) to 0
2026-05-06 10:36:32.921 8 INFO neutron.db.ovn_revision_numbers_db [None req-41b2611d-8e38-4244-b1c4-4607ac3cc8c7 6f646a80eeb54469abab132f6640ace3 f81e187ff97d44378785e44123389e99 - - default default] Successfully bumped revision number for resource 914ce3c1-fd97-4ed4-b931-4fa7fe110fe7 (type: security_group_rules) to 0
2026-05-06 10:36:32.932 8 INFO neutron.db.ovn_revision_numbers_db [None req-41b2611d-8e38-4244-b1c4-4607ac3cc8c7 6f646a80eeb54469abab132f6640ace3 f81e187ff97d44378785e44123389e99 - - default default] Successfully bumped revision number for resource dc42fad4-3671-4cb2-8bf3-4070f6cf0943 (type: security_group_rules) to 0 [pid: 7|app: 0|req: 644/1255] 10.0.0.184 () {32 vars in 774 bytes} [Wed May 6 10:36:32 2026] GET /v2.0/security-groups?tenant_id=34348e8e4be5412295af1a5b4a1e5fc3&name=default => generated 2925 bytes in 308 msecs (HTTP/1.1 200) 4 headers in 158 bytes (1 switches on core 0)
2026-05-06 10:36:33.007 8 INFO neutron.db.segments_db [None req-41b2611d-8e38-4244-b1c4-4607ac3cc8c7 6f646a80eeb54469abab132f6640ace3 f81e187ff97d44378785e44123389e99 - - default default] Added segment 6a5b30eb-7001-488e-a4a5-983f40b40e00 of type geneve for network 669a2512-a986-40d6-b3c2-f21603855da6 [pid: 7|app: 0|req: 645/1256] 10.0.0.184 () {32 vars in 724 bytes} [Wed May 6 10:36:32 2026] DELETE /v2.0/subnets/d64f075a-8af0-465b-9884-2550cb266f2b => generated 0 bytes in 130 msecs (HTTP/1.1 204) 3 headers in 131 bytes (1 switches on core 0)
2026-05-06 10:36:33.110 8 INFO neutron.db.ovn_revision_numbers_db [None req-41b2611d-8e38-4244-b1c4-4607ac3cc8c7 6f646a80eeb54469abab132f6640ace3 f81e187ff97d44378785e44123389e99 - - default default] Successfully bumped revision number for resource 669a2512-a986-40d6-b3c2-f21603855da6 (type: networks) to 1 [pid: 7|app: 0|req: 646/1257] 10.0.0.184 () {32 vars in 740 bytes} [Wed May 6 10:36:33 2026] DELETE /v2.0/security-groups/425b5e42-76b7-4424-b179-c06297a74c41 => generated 0 bytes in 152 msecs (HTTP/1.1 204) 2 headers in 112 bytes (1 switches on core 0)
2026-05-06 10:36:33.297 8 WARNING neutron.scheduler.dhcp_agent_scheduler [None req-41b2611d-8e38-4244-b1c4-4607ac3cc8c7 6f646a80eeb54469abab132f6640ace3 f81e187ff97d44378785e44123389e99 - - default default] No more DHCP agents
2026-05-06 10:36:33.299 8 WARNING neutron.api.rpc.agentnotifiers.dhcp_rpc_agent_api [None req-41b2611d-8e38-4244-b1c4-4607ac3cc8c7 6f646a80eeb54469abab132f6640ace3 f81e187ff97d44378785e44123389e99 - - default default] Unable to schedule network 669a2512-a986-40d6-b3c2-f21603855da6: no agents available; will retry on subsequent port and subnet creation events.
2026-05-06 10:36:33.324 7 INFO neutron_taas.services.taas.taas_plugin [None req-07551094-a5ad-4a4e-95f8-590fa3902695 a7093a4e0cd94679af256d8eba8bcdcf 2cf9a58929234db9aa980cde56c37a23 - - default default] TaaS: Handle Delete Port: 6f49c2d7-699c-4780-b4bf-55deaa7f4067
2026-05-06 10:36:33.332 7 INFO neutron_taas.services.taas.tap_mirror_plugin [None req-07551094-a5ad-4a4e-95f8-590fa3902695 a7093a4e0cd94679af256d8eba8bcdcf 2cf9a58929234db9aa980cde56c37a23 - - default default] Tap Mirror: Handle Delete Port: 6f49c2d7-699c-4780-b4bf-55deaa7f4067
2026-05-06 10:36:33.374 8 INFO neutron.plugins.ml2.drivers.ovn.mech_driver.mech_driver [None req-7457550d-ee4e-42ab-8cf5-cf26243e297b - - - - - -] OVN reports status down for port: 6aac736d-0ec0-43d5-a97d-3c47a60775e8
2026-05-06 10:36:33.429 8 INFO neutron.db.ovn_revision_numbers_db [None req-41b2611d-8e38-4244-b1c4-4607ac3cc8c7 6f646a80eeb54469abab132f6640ace3 f81e187ff97d44378785e44123389e99 - - default default] Successfully bumped revision number for resource 6aac736d-0ec0-43d5-a97d-3c47a60775e8 (type: ports) to 1 [pid: 8|app: 0|req: 612/1258] 10.0.0.184 () {34 vars in 670 bytes} [Wed May 6 10:36:32 2026] POST /v2.0/networks => generated 686 bytes in 861 msecs (HTTP/1.1 201) 4 headers in 162 bytes (1 switches on core 0)
2026-05-06 10:36:33.497 8 WARNING neutron.db.securitygroups_db [None req-66328493-dbdf-41bf-8c93-e11fc9cd9548 a7093a4e0cd94679af256d8eba8bcdcf 2cf9a58929234db9aa980cde56c37a23 - - default default] project_id key not found in filters, using tenant_id instead. This support has been deprecated and will be removed in a future release.
2026-05-06 10:36:33.532 7 INFO neutron.services.segments.plugin [-] Segment 1cd1ce88-3d6b-4c4c-8033-a94c91d2d32e resource provider aggregate not found
2026-05-06 10:36:33.539 7 INFO neutron.services.segments.plugin [-] Segment 1cd1ce88-3d6b-4c4c-8033-a94c91d2d32e resource provider aggregate not found
2026-05-06 10:36:33.554 7 INFO neutron.services.segments.plugin [-] Segment 1cd1ce88-3d6b-4c4c-8033-a94c91d2d32e resource provider not found; error: Placement Client Error (4xx): {"errors": [{"status": 404, "title": "Not Found", "detail": "The resource could not be found.\n\n No resource provider with uuid 1cd1ce88-3d6b-4c4c-8033-a94c91d2d32e found for delete ", "request_id": "req-f3700c21-feae-48a4-8c2a-c5670f19cde9"}]}
