2026-05-06 10:36:12.989 8 INFO neutron.notifiers.nova [-] Nova event matching ['req-7a5e8074-8a9f-4355-ac53-714754332400'] response: {'server_uuid': '023ea017-a0e8-4a10-9bc1-c1f2f6d84671', 'name': 'network-vif-plugged', 'status': 'completed', 'tag': 'f0f023b9-0afb-4a73-9ad4-ce5645523c46', 'code': 200}
2026-05-06 10:36:12.989 8 INFO neutron.notifiers.nova [-] Nova event matching ['req-7a5e8074-8a9f-4355-ac53-714754332400'] response: {'server_uuid': 'a2dbb28f-2e5c-4724-b020-fa65747150f7', 'name': 'network-vif-deleted', 'tag': '4a5bb0e5-f78c-4ab0-8c78-bd431b0bf46c', 'status': 'completed', 'code': 200}
2026-05-06 10:36:12.990 8 INFO neutron.notifiers.nova [-] Nova event matching ['req-7a5e8074-8a9f-4355-ac53-714754332400'] response: {'server_uuid': '023ea017-a0e8-4a10-9bc1-c1f2f6d84671', 'name': 'network-vif-plugged', 'status': 'completed', 'tag': 'f0f023b9-0afb-4a73-9ad4-ce5645523c46', 'code': 200}
2026-05-06 10:36:12.992 8 INFO neutron.db.ovn_revision_numbers_db [None req-7dd51ccd-6bcb-46ce-a7f1-ad61c6376148 28cdc5e92a374eb396e702de301734f1 7414f37a645345d4b7b493bb8f8980ce - - default default] Successfully bumped revision number for resource 110e8b22-591b-4ca1-891e-b7d921e9ce63 (type: security_groups) to 1
2026-05-06 10:36:13.007 8 INFO neutron.db.ovn_revision_numbers_db [None req-7dd51ccd-6bcb-46ce-a7f1-ad61c6376148 28cdc5e92a374eb396e702de301734f1 7414f37a645345d4b7b493bb8f8980ce - - default default] Successfully bumped revision number for resource 46fc9963-1195-42f2-8516-7f0a4be4365c (type: security_group_rules) to 0
2026-05-06 10:36:13.019 8 INFO neutron.db.ovn_revision_numbers_db [None req-7dd51ccd-6bcb-46ce-a7f1-ad61c6376148 28cdc5e92a374eb396e702de301734f1 7414f37a645345d4b7b493bb8f8980ce - - default default] Successfully bumped revision number for resource 68a4c620-0258-4fb5-aa0f-923b829a4b24 (type: security_group_rules) to 0
2026-05-06 10:36:13.030 8 INFO neutron.db.ovn_revision_numbers_db [None req-7dd51ccd-6bcb-46ce-a7f1-ad61c6376148 28cdc5e92a374eb396e702de301734f1 7414f37a645345d4b7b493bb8f8980ce - - default default] Successfully bumped revision number for resource 6b2113d7-20d7-4962-845f-5d28f4e49f79 (type: security_group_rules) to 0
2026-05-06 10:36:13.041 8 INFO neutron.db.ovn_revision_numbers_db [None req-7dd51ccd-6bcb-46ce-a7f1-ad61c6376148 28cdc5e92a374eb396e702de301734f1 7414f37a645345d4b7b493bb8f8980ce - - default default] Successfully bumped revision number for resource 9349aab6-d51b-4799-9e56-ed0404611d86 (type: security_group_rules) to 0
2026-05-06 10:36:13.130 8 INFO neutron.db.segments_db [None req-7dd51ccd-6bcb-46ce-a7f1-ad61c6376148 28cdc5e92a374eb396e702de301734f1 7414f37a645345d4b7b493bb8f8980ce - - default default] Added segment 25017362-e75d-476a-83d4-1e54b2ebce4a of type geneve for network c8193ad6-b93e-4a76-8fee-e8cdeeaf9404
2026-05-06 10:36:13.230 8 INFO neutron.db.segments_db [None req-7dd51ccd-6bcb-46ce-a7f1-ad61c6376148 28cdc5e92a374eb396e702de301734f1 7414f37a645345d4b7b493bb8f8980ce - - default default] Added segment f58c4705-0705-4758-977f-44f5d93bf70a of type geneve for network 588d6d58-4810-4728-9fbc-f73f18fcc762 [pid: 7|app: 0|req: 591/1148] 10.0.0.145 () {34 vars in 990 bytes} [Wed May 6 10:36:13 2026] GET /v2.0/ports?device_id=a2dbb28f-2e5c-4724-b020-fa65747150f7 => generated 12 bytes in 23 msecs (HTTP/1.1 200) 4 headers in 156 bytes (1 switches on core 0)
2026-05-06 10:36:13.343 8 INFO neutron.db.ovn_revision_numbers_db [None req-7dd51ccd-6bcb-46ce-a7f1-ad61c6376148 28cdc5e92a374eb396e702de301734f1 7414f37a645345d4b7b493bb8f8980ce - - default default] Successfully bumped revision number for resource c8193ad6-b93e-4a76-8fee-e8cdeeaf9404 (type: networks) to 1
2026-05-06 10:36:13.567 8 WARNING neutron.scheduler.dhcp_agent_scheduler [None req-7dd51ccd-6bcb-46ce-a7f1-ad61c6376148 28cdc5e92a374eb396e702de301734f1 7414f37a645345d4b7b493bb8f8980ce - - default default] No more DHCP agents
2026-05-06 10:36:13.569 8 WARNING neutron.api.rpc.agentnotifiers.dhcp_rpc_agent_api [None req-7dd51ccd-6bcb-46ce-a7f1-ad61c6376148 28cdc5e92a374eb396e702de301734f1 7414f37a645345d4b7b493bb8f8980ce - - default default] Unable to schedule network c8193ad6-b93e-4a76-8fee-e8cdeeaf9404: no agents available; will retry on subsequent port and subnet creation events.
2026-05-06 10:36:13.624 7 INFO neutron.plugins.ml2.drivers.ovn.mech_driver.mech_driver [None req-01b4682a-91a8-47e4-9e3e-c4ec2d5a789d - - - - - -] OVN reports status down for port: 8ddaafca-0dc2-4820-bc86-f9d1bc5fc8da
2026-05-06 10:36:13.663 8 INFO neutron.db.ovn_revision_numbers_db [None req-7dd51ccd-6bcb-46ce-a7f1-ad61c6376148 28cdc5e92a374eb396e702de301734f1 7414f37a645345d4b7b493bb8f8980ce - - default default] Successfully bumped revision number for resource 8ddaafca-0dc2-4820-bc86-f9d1bc5fc8da (type: ports) to 1
2026-05-06 10:36:13.771 8 INFO neutron.db.ovn_revision_numbers_db [None req-7dd51ccd-6bcb-46ce-a7f1-ad61c6376148 28cdc5e92a374eb396e702de301734f1 7414f37a645345d4b7b493bb8f8980ce - - default default] Successfully bumped revision number for resource 588d6d58-4810-4728-9fbc-f73f18fcc762 (type: networks) to 1
2026-05-06 10:36:13.928 8 WARNING neutron.scheduler.dhcp_agent_scheduler [None req-7dd51ccd-6bcb-46ce-a7f1-ad61c6376148 28cdc5e92a374eb396e702de301734f1 7414f37a645345d4b7b493bb8f8980ce - - default default] No more DHCP agents
2026-05-06 10:36:13.929 8 WARNING neutron.api.rpc.agentnotifiers.dhcp_rpc_agent_api [None req-7dd51ccd-6bcb-46ce-a7f1-ad61c6376148 28cdc5e92a374eb396e702de301734f1 7414f37a645345d4b7b493bb8f8980ce - - default default] Unable to schedule network 588d6d58-4810-4728-9fbc-f73f18fcc762: no agents available; will retry on subsequent port and subnet creation events.
2026-05-06 10:36:13.983 7 INFO neutron.plugins.ml2.drivers.ovn.mech_driver.mech_driver [None req-01b4682a-91a8-47e4-9e3e-c4ec2d5a789d - - - - - -] OVN reports status down for port: 921279b7-8917-4721-8849-02a0b5092fa4
2026-05-06 10:36:14.021 8 INFO neutron.db.ovn_revision_numbers_db [None req-7dd51ccd-6bcb-46ce-a7f1-ad61c6376148 28cdc5e92a374eb396e702de301734f1 7414f37a645345d4b7b493bb8f8980ce - - default default] Successfully bumped revision number for resource 921279b7-8917-4721-8849-02a0b5092fa4 (type: ports) to 1 [pid: 7|app: 0|req: 592/1149] 10.0.0.145 () {34 vars in 990 bytes} [Wed May 6 10:36:14 2026] GET /v2.0/ports?device_id=023ea017-a0e8-4a10-9bc1-c1f2f6d84671 => generated 971 bytes in 42 msecs (HTTP/1.1 200) 4 headers in 157 bytes (1 switches on core 0) [pid: 8|app: 0|req: 558/1150] 10.0.0.184 () {34 vars in 670 bytes} [Wed May 6 10:36:12 2026] POST /v2.0/networks => generated 1321 bytes in 1374 msecs (HTTP/1.1 201) 4 headers in 163 bytes (1 switches on core 0) [pid: 8|app: 0|req: 559/1151] 10.0.0.145 () {34 vars in 1040 bytes} [Wed May 6 10:36:14 2026] GET /v2.0/security-groups?id=8d5aa3ae-fe21-4f48-ab1a-1daaf2fe06d1&fields=id&fields=name => generated 88 bytes in 35 msecs (HTTP/1.1 200) 4 headers in 156 bytes (1 switches on core 0) [pid: 7|app: 0|req: 593/1152] 10.0.0.184 () {32 vars in 649 bytes} [Wed May 6 10:36:14 2026] GET /v2.0/networks => generated 1970 bytes in 78 msecs (HTTP/1.1 200) 4 headers in 158 bytes (1 switches on core 0)
2026-05-06 10:36:14.261 8 INFO neutron_taas.services.taas.taas_plugin [None req-7d4e524d-cbb5-4b4c-96db-1fe7282f2d87 28cdc5e92a374eb396e702de301734f1 7414f37a645345d4b7b493bb8f8980ce - - default default] TaaS: Handle Delete Port: 8ddaafca-0dc2-4820-bc86-f9d1bc5fc8da
2026-05-06 10:36:14.264 8 INFO neutron_taas.services.taas.tap_mirror_plugin [None req-7d4e524d-cbb5-4b4c-96db-1fe7282f2d87 28cdc5e92a374eb396e702de301734f1 7414f37a645345d4b7b493bb8f8980ce - - default default] Tap Mirror: Handle Delete Port: 8ddaafca-0dc2-4820-bc86-f9d1bc5fc8da [pid: 7|app: 0|req: 594/1153] 10.0.0.145 () {34 vars in 990 bytes} [Wed May 6 10:36:14 2026] GET /v2.0/ports?device_id=a2dbb28f-2e5c-4724-b020-fa65747150f7 => generated 12 bytes in 22 msecs (HTTP/1.1 200) 4 headers in 156 bytes (1 switches on core 0)
2026-05-06 10:36:14.477 8 INFO neutron.services.segments.plugin [-] Segment 25017362-e75d-476a-83d4-1e54b2ebce4a resource provider aggregate not found
2026-05-06 10:36:14.482 8 INFO neutron.services.segments.plugin [-] Segment 25017362-e75d-476a-83d4-1e54b2ebce4a resource provider aggregate not found
2026-05-06 10:36:14.505 8 INFO neutron.services.segments.plugin [-] Segment 25017362-e75d-476a-83d4-1e54b2ebce4a resource provider not found; error: Placement Client Error (4xx): {"errors": [{"status": 404, "title": "Not Found", "detail": "The resource could not be found.\n\n No resource provider with uuid 25017362-e75d-476a-83d4-1e54b2ebce4a found for delete ", "request_id": "req-23a313ed-3328-456b-a952-cb7e14f4d52a"}]}
2026-05-06 10:36:14.510 8 INFO neutron.services.segments.plugin [-] Segment 25017362-e75d-476a-83d4-1e54b2ebce4a resource provider not found; error: Placement Client Error (4xx): {"errors": [{"status": 404, "title": "Not Found", "detail": "The resource could not be found.\n\n No resource provider with uuid 25017362-e75d-476a-83d4-1e54b2ebce4a found for delete ", "request_id": "req-119d1477-823c-41a1-a167-199850654bb8"}]} [pid: 8|app: 0|req: 560/1154] 10.0.0.184 () {32 vars in 726 bytes} [Wed May 6 10:36:14 2026] DELETE /v2.0/networks/c8193ad6-b93e-4a76-8fee-e8cdeeaf9404 => generated 0 bytes in 376 msecs (HTTP/1.1 204) 3 headers in 131 bytes (1 switches on core 0)
2026-05-06 10:36:14.640 7 INFO neutron_taas.services.taas.taas_plugin [None req-cf6e9d23-e35a-4d72-8e5b-a2f0c52cbe59 28cdc5e92a374eb396e702de301734f1 7414f37a645345d4b7b493bb8f8980ce - - default default] TaaS: Handle Delete Port: 921279b7-8917-4721-8849-02a0b5092fa4
2026-05-06 10:36:14.643 7 INFO neutron_taas.services.taas.tap_mirror_plugin [None req-cf6e9d23-e35a-4d72-8e5b-a2f0c52cbe59 28cdc5e92a374eb396e702de301734f1 7414f37a645345d4b7b493bb8f8980ce - - default default] Tap Mirror: Handle Delete Port: 921279b7-8917-4721-8849-02a0b5092fa4
2026-05-06 10:36:14.835 7 INFO neutron.services.segments.plugin [-] Segment f58c4705-0705-4758-977f-44f5d93bf70a resource provider aggregate not found
2026-05-06 10:36:14.836 7 INFO neutron.services.segments.plugin [-] Segment f58c4705-0705-4758-977f-44f5d93bf70a resource provider aggregate not found
2026-05-06 10:36:14.857 7 INFO neutron.services.segments.plugin [-] Segment f58c4705-0705-4758-977f-44f5d93bf70a resource provider not found; error: Placement Client Error (4xx): {"errors": [{"status": 404, "title": "Not Found", "detail": "The resource could not be found.\n\n No resource provider with uuid f58c4705-0705-4758-977f-44f5d93bf70a found for delete ", "request_id": "req-3e620b82-94f7-41f6-99b3-3250c405f281"}]}
2026-05-06 10:36:14.871 7 INFO neutron.services.segments.plugin [-] Segment f58c4705-0705-4758-977f-44f5d93bf70a resource provider not found; error: Placement Client Error (4xx): {"errors": [{"status": 404, "title": "Not Found", "detail": "The resource could not be found.\n\n No resource provider with uuid f58c4705-0705-4758-977f-44f5d93bf70a found for delete ", "request_id": "req-027b5f0e-78e4-4a1c-974f-2cdf330f3c6a"}]} [pid: 7|app: 0|req: 595/1155] 10.0.0.184 () {32 vars in 726 bytes} [Wed May 6 10:36:14 2026] DELETE /v2.0/networks/588d6d58-4810-4728-9fbc-f73f18fcc762 => generated 0 bytes in 369 msecs (HTTP/1.1 204) 3 headers in 131 bytes (1 switches on core 0) [pid: 8|app: 0|req: 561/1156] 10.0.0.184 () {32 vars in 649 bytes} [Wed May 6 10:36:14 2026] GET /v2.0/networks => generated 689 bytes in 42 msecs (HTTP/1.1 200) 4 headers in 157 bytes (1 switches on core 0)
2026-05-06 10:36:15.045 7 INFO neutron.db.segments_db [None req-4587940f-9740-42b9-a92c-8e8c351b303a 28cdc5e92a374eb396e702de301734f1 7414f37a645345d4b7b493bb8f8980ce - - default default] Added segment cfaf564b-a60b-4da0-a30c-424dc7b4801c of type geneve for network a38e269f-bcd7-49bc-bde6-c5e6e4828f76
2026-05-06 10:36:15.189 7 INFO neutron.db.ovn_revision_numbers_db [None req-4587940f-9740-42b9-a92c-8e8c351b303a 28cdc5e92a374eb396e702de301734f1 7414f37a645345d4b7b493bb8f8980ce - - default default] Successfully bumped revision number for resource a38e269f-bcd7-49bc-bde6-c5e6e4828f76 (type: networks) to 1 [pid: 8|app: 0|req: 562/1157] 10.0.0.145 () {34 vars in 990 bytes} [Wed May 6 10:36:15 2026] GET /v2.0/ports?device_id=023ea017-a0e8-4a10-9bc1-c1f2f6d84671 => generated 971 bytes in 96 msecs (HTTP/1.1 200) 4 headers in 157 bytes (1 switches on core 0) [pid: 8|app: 0|req: 563/1158] 10.0.0.145 () {34 vars in 1040 bytes} [Wed May 6 10:36:15 2026] GET /v2.0/security-groups?id=8d5aa3ae-fe21-4f48-ab1a-1daaf2fe06d1&fields=id&fields=name => generated 88 bytes in 26 msecs (HTTP/1.1 200) 4 headers in 156 bytes (1 switches on core 0)
2026-05-06 10:36:15.392 7 WARNING neutron.scheduler.dhcp_agent_scheduler [None req-4587940f-9740-42b9-a92c-8e8c351b303a 28cdc5e92a374eb396e702de301734f1 7414f37a645345d4b7b493bb8f8980ce - - default default] No more DHCP agents
2026-05-06 10:36:15.393 7 WARNING neutron.api.rpc.agentnotifiers.dhcp_rpc_agent_api [None req-4587940f-9740-42b9-a92c-8e8c351b303a 28cdc5e92a374eb396e702de301734f1 7414f37a645345d4b7b493bb8f8980ce - - default default] Unable to schedule network a38e269f-bcd7-49bc-bde6-c5e6e4828f76: no agents available; will retry on subsequent port and subnet creation events.
2026-05-06 10:36:15.444 8 INFO neutron.plugins.ml2.drivers.ovn.mech_driver.mech_driver [None req-ef7ff1e7-85b0-47e9-883b-018f4cdb0a05 - - - - - -] OVN reports status down for port: 25d45a21-41a7-44f8-be5a-87b55ea42533
2026-05-06 10:36:15.469 7 INFO neutron.db.ovn_revision_numbers_db [None req-4587940f-9740-42b9-a92c-8e8c351b303a 28cdc5e92a374eb396e702de301734f1 7414f37a645345d4b7b493bb8f8980ce - - default default] Successfully bumped revision number for resource 25d45a21-41a7-44f8-be5a-87b55ea42533 (type: ports) to 1 [pid: 7|app: 0|req: 596/1159] 10.0.0.184 () {34 vars in 670 bytes} [Wed May 6 10:36:14 2026] POST /v2.0/networks => generated 688 bytes in 543 msecs (HTTP/1.1 201) 4 headers in 162 bytes (1 switches on core 0)
2026-05-06 10:36:15.586 7 INFO neutron.db.segments_db [None req-0d9e5d45-f124-4477-9df0-23748737b2e1 28cdc5e92a374eb396e702de301734f1 7414f37a645345d4b7b493bb8f8980ce - - default default] Added segment 1b2d94ff-f2f1-44df-a912-38daf549481a of type geneve for network cf925477-a642-44fe-96a8-5b33c780aed9 [pid: 8|app: 0|req: 564/1160] 10.0.0.184 () {32 vars in 740 bytes} [Wed May 6 10:36:15 2026] DELETE /v2.0/security-groups/9dfaf4cd-d4c5-40e1-91ce-05d4356f8587 => generated 0 bytes in 184 msecs (HTTP/1.1 204) 2 headers in 112 bytes (1 switches on core 0)
2026-05-06 10:36:15.702 7 INFO neutron.db.ovn_revision_numbers_db [None req-0d9e5d45-f124-4477-9df0-23748737b2e1 28cdc5e92a374eb396e702de301734f1 7414f37a645345d4b7b493bb8f8980ce - - default default] Successfully bumped revision number for resource cf925477-a642-44fe-96a8-5b33c780aed9 (type: networks) to 1 [pid: 8|app: 0|req: 565/1161] 10.0.0.145 () {34 vars in 990 bytes} [Wed May 6 10:36:15 2026] GET /v2.0/ports?device_id=023ea017-a0e8-4a10-9bc1-c1f2f6d84671 => generated 971 bytes in 49 msecs (HTTP/1.1 200) 4 headers in 157 bytes (1 switches on core 0)
2026-05-06 10:36:15.721 8 INFO neutron.api.v2.resource [None req-8bbfb772-84b4-4b0b-bcbb-b607f6f64520 ad9d80fd7a26480b800fdb573ef5d6e8 8638d727ccf741f6bb21a03b68b08bf5 - - default default] show failed (client error): The resource could not be found. [pid: 8|app: 0|req: 566/1162] 10.0.0.184 () {32 vars in 737 bytes} [Wed May 6 10:36:15 2026] GET /v2.0/security-groups/9dfaf4cd-d4c5-40e1-91ce-05d4356f8587 => generated 146 bytes in 12 msecs (HTTP/1.1 404) 4 headers in 164 bytes (1 switches on core 0) [pid: 8|app: 0|req: 567/1163] 10.0.0.145 () {34 vars in 1040 bytes} [Wed May 6 10:36:15 2026] GET /v2.0/security-groups?id=8d5aa3ae-fe21-4f48-ab1a-1daaf2fe06d1&fields=id&fields=name => generated 88 bytes in 28 msecs (HTTP/1.1 200) 4 headers in 156 bytes (1 switches on core 0)
2026-05-06 10:36:15.869 7 WARNING neutron.scheduler.dhcp_agent_scheduler [None req-0d9e5d45-f124-4477-9df0-23748737b2e1 28cdc5e92a374eb396e702de301734f1 7414f37a645345d4b7b493bb8f8980ce - - default default] No more DHCP agents
2026-05-06 10:36:15.871 7 WARNING neutron.api.rpc.agentnotifiers.dhcp_rpc_agent_api [None req-0d9e5d45-f124-4477-9df0-23748737b2e1 28cdc5e92a374eb396e702de301734f1 7414f37a645345d4b7b493bb8f8980ce - - default default] Unable to schedule network cf925477-a642-44fe-96a8-5b33c780aed9: no agents available; will retry on subsequent port and subnet creation events.
2026-05-06 10:36:15.901 8 INFO neutron_taas.services.taas.taas_plugin [None req-66fe24d2-f282-4c06-967f-37b76c50b41e ad9d80fd7a26480b800fdb573ef5d6e8 8638d727ccf741f6bb21a03b68b08bf5 - - default default] TaaS: Handle Delete Port: 9753183b-8519-4e99-8273-2705a7d30d37
2026-05-06 10:36:15.904 8 INFO neutron_taas.services.taas.tap_mirror_plugin [None req-66fe24d2-f282-4c06-967f-37b76c50b41e ad9d80fd7a26480b800fdb573ef5d6e8 8638d727ccf741f6bb21a03b68b08bf5 - - default default] Tap Mirror: Handle Delete Port: 9753183b-8519-4e99-8273-2705a7d30d37
2026-05-06 10:36:15.945 7 INFO neutron.db.ovn_revision_numbers_db [None req-0d9e5d45-f124-4477-9df0-23748737b2e1 28cdc5e92a374eb396e702de301734f1 7414f37a645345d4b7b493bb8f8980ce - - default default] Successfully bumped revision number for resource c84dad72-df65-45de-b213-81011fa1bce1 (type: ports) to 1
2026-05-06 10:36:15.946 8 INFO neutron.plugins.ml2.drivers.ovn.mech_driver.mech_driver [None req-ef7ff1e7-85b0-47e9-883b-018f4cdb0a05 - - - - - -] OVN reports status down for port: c84dad72-df65-45de-b213-81011fa1bce1 [pid: 7|app: 0|req: 597/1164] 10.0.0.184 () {34 vars in 670 bytes} [Wed May 6 10:36:15 2026] POST /v2.0/networks => generated 688 bytes in 471 msecs (HTTP/1.1 201) 4 headers in 162 bytes (1 switches on core 0) [pid: 8|app: 0|req: 568/1165] 10.0.0.184 () {32 vars in 732 bytes} [Wed May 6 10:36:15 2026] DELETE /v2.0/floatingips/dfef3678-e671-4f50-997e-9b77d59643c1 => generated 0 bytes in 431 msecs (HTTP/1.1 204) 2 headers in 112 bytes (1 switches on core 0)
2026-05-06 10:36:16.384 7 WARNING neutron.scheduler.dhcp_agent_scheduler [None req-0b10afe4-fa83-4c57-afab-fd0d709884a1 28cdc5e92a374eb396e702de301734f1 7414f37a645345d4b7b493bb8f8980ce - - default default] No more DHCP agents
2026-05-06 10:36:16.385 7 WARNING neutron.api.rpc.agentnotifiers.dhcp_rpc_agent_api [None req-0b10afe4-fa83-4c57-afab-fd0d709884a1 28cdc5e92a374eb396e702de301734f1 7414f37a645345d4b7b493bb8f8980ce - - default default] Unable to schedule network a38e269f-bcd7-49bc-bde6-c5e6e4828f76: no agents available; will retry on subsequent port and subnet creation events.
2026-05-06 10:36:16.478 7 INFO neutron.db.ovn_revision_numbers_db [None req-0b10afe4-fa83-4c57-afab-fd0d709884a1 28cdc5e92a374eb396e702de301734f1 7414f37a645345d4b7b493bb8f8980ce - - default default] Successfully bumped revision number for resource 0f3cd83f-2230-48c7-90d6-365b647360c8 (type: ports) to 1
2026-05-06 10:36:16.518 7 WARNING neutron.scheduler.dhcp_agent_scheduler [None req-0b10afe4-fa83-4c57-afab-fd0d709884a1 28cdc5e92a374eb396e702de301734f1 7414f37a645345d4b7b493bb8f8980ce - - default default] No more DHCP agents
2026-05-06 10:36:16.520 7 WARNING neutron.api.rpc.agentnotifiers.dhcp_rpc_agent_api [None req-0b10afe4-fa83-4c57-afab-fd0d709884a1 28cdc5e92a374eb396e702de301734f1 7414f37a645345d4b7b493bb8f8980ce - - default default] Unable to schedule network cf925477-a642-44fe-96a8-5b33c780aed9: no agents available; will retry on subsequent port and subnet creation events.
2026-05-06 10:36:16.607 7 INFO neutron.db.ovn_revision_numbers_db [None req-0b10afe4-fa83-4c57-afab-fd0d709884a1 28cdc5e92a374eb396e702de301734f1 7414f37a645345d4b7b493bb8f8980ce - - default default] Successfully bumped revision number for resource b4dfd494-d90c-4ef1-9520-48284bee3b2e (type: ports) to 1 [pid: 7|app: 0|req: 598/1166] 10.0.0.184 () {34 vars in 665 bytes} [Wed May 6 10:36:15 2026] POST /v2.0/ports => generated 1505 bytes in 710 msecs (HTTP/1.1 201) 4 headers in 163 bytes (1 switches on core 0) /var/lib/openstack/lib/python3.12/site-packages/pycadf/identifier.py:70: UserWarning: Invalid uuid: neutron. To ensure interoperability, identifiers should be a valid uuid. warnings.warn(('Invalid uuid: %s. To ensure interoperability, ' [pid: 7|app: 0|req: 599/1167] 10.0.0.184 () {32 vars in 643 bytes} [Wed May 6 10:36:16 2026] GET /v2.0/ports => generated 3017 bytes in 73 msecs (HTTP/1.1 200) 4 headers in 158 bytes (1 switches on core 0)
2026-05-06 10:36:16.870 8 INFO neutron.plugins.ml2.drivers.ovn.mech_driver.mech_driver [None req-ef7ff1e7-85b0-47e9-883b-018f4cdb0a05 - - - - - -] OVN reports status down for port: 0f3cd83f-2230-48c7-90d6-365b647360c8
2026-05-06 10:36:16.886 7 INFO neutron_taas.services.taas.taas_plugin [None req-061a3dbb-c66f-424d-82d9-43609c584daf 28cdc5e92a374eb396e702de301734f1 7414f37a645345d4b7b493bb8f8980ce - - default default] TaaS: Handle Delete Port: 0f3cd83f-2230-48c7-90d6-365b647360c8
2026-05-06 10:36:16.889 7 INFO neutron_taas.services.taas.tap_mirror_plugin [None req-061a3dbb-c66f-424d-82d9-43609c584daf 28cdc5e92a374eb396e702de301734f1 7414f37a645345d4b7b493bb8f8980ce - - default default] Tap Mirror: Handle Delete Port: 0f3cd83f-2230-48c7-90d6-365b647360c8 [pid: 7|app: 0|req: 600/1168] 10.0.0.184 () {32 vars in 720 bytes} [Wed May 6 10:36:16 2026] DELETE /v2.0/ports/0f3cd83f-2230-48c7-90d6-365b647360c8 => generated 0 bytes in 205 msecs (HTTP/1.1 204) 3 headers in 131 bytes (1 switches on core 0)
2026-05-06 10:36:17.010 8 INFO neutron.plugins.ml2.drivers.ovn.mech_driver.mech_driver [None req-ef7ff1e7-85b0-47e9-883b-018f4cdb0a05 - - - - - -] OVN reports status down for port: b4dfd494-d90c-4ef1-9520-48284bee3b2e
2026-05-06 10:36:17.012 8 INFO neutron_taas.services.taas.taas_plugin [None req-f037301c-7cfb-4125-bec3-ee2e6144ab8e a7093a4e0cd94679af256d8eba8bcdcf 2cf9a58929234db9aa980cde56c37a23 - - default default] TaaS: Handle Delete Port: e57327e2-adc8-4311-905b-27c9db4bcac6
2026-05-06 10:36:17.016 8 INFO neutron_taas.services.taas.tap_mirror_plugin [None req-f037301c-7cfb-4125-bec3-ee2e6144ab8e a7093a4e0cd94679af256d8eba8bcdcf 2cf9a58929234db9aa980cde56c37a23 - - default default] Tap Mirror: Handle Delete Port: e57327e2-adc8-4311-905b-27c9db4bcac6 [pid: 7|app: 0|req: 601/1169] 10.0.0.145 () {34 vars in 990 bytes} [Wed May 6 10:36:16 2026] GET /v2.0/ports?device_id=023ea017-a0e8-4a10-9bc1-c1f2f6d84671 => generated 971 bytes in 72 msecs (HTTP/1.1 200) 4 headers in 157 bytes (1 switches on core 0)
2026-05-06 10:36:17.119 8 INFO neutron.plugins.ml2.drivers.ovn.mech_driver.mech_driver [None req-ef7ff1e7-85b0-47e9-883b-018f4cdb0a05 - - - - - -] OVN reports status down for port: f0f023b9-0afb-4a73-9ad4-ce5645523c46
2026-05-06 10:36:17.145 7 INFO neutron_taas.services.taas.taas_plugin [None req-ccc3c633-0222-44bf-89ed-a4a165a47a80 28cdc5e92a374eb396e702de301734f1 7414f37a645345d4b7b493bb8f8980ce - - default default] TaaS: Handle Delete Port: b4dfd494-d90c-4ef1-9520-48284bee3b2e
2026-05-06 10:36:17.147 7 INFO neutron_taas.services.taas.tap_mirror_plugin [None req-ccc3c633-0222-44bf-89ed-a4a165a47a80 28cdc5e92a374eb396e702de301734f1 7414f37a645345d4b7b493bb8f8980ce - - default default] Tap Mirror: Handle Delete Port: b4dfd494-d90c-4ef1-9520-48284bee3b2e [pid: 7|app: 0|req: 602/1170] 10.0.0.184 () {32 vars in 720 bytes} [Wed May 6 10:36:17 2026] DELETE /v2.0/ports/b4dfd494-d90c-4ef1-9520-48284bee3b2e => generated 0 bytes in 185 msecs (HTTP/1.1 204) 3 headers in 131 bytes (1 switches on core 0) [pid: 7|app: 0|req: 603/1171] 10.0.0.145 () {34 vars in 1040 bytes} [Wed May 6 10:36:17 2026] GET /v2.0/security-groups?id=8d5aa3ae-fe21-4f48-ab1a-1daaf2fe06d1&fields=id&fields=name => generated 88 bytes in 27 msecs (HTTP/1.1 200) 4 headers in 156 bytes (1 switches on core 0) [pid: 7|app: 0|req: 604/1172] 10.0.0.184 () {32 vars in 643 bytes} [Wed May 6 10:36:17 2026] GET /v2.0/ports => generated 1523 bytes in 41 msecs (HTTP/1.1 200) 4 headers in 158 bytes (1 switches on core 0)
2026-05-06 10:36:17.311 8 INFO neutron.notifiers.nova [-] Nova event matching ['req-f993833d-35e9-4aae-a2d5-51471b151157'] response: {'server_uuid': '023ea017-a0e8-4a10-9bc1-c1f2f6d84671', 'name': 'network-vif-unplugged', 'status': 'completed', 'tag': 'f0f023b9-0afb-4a73-9ad4-ce5645523c46', 'code': 200}
2026-05-06 10:36:17.404 7 INFO neutron.db.segments_db [None req-1eaca47f-e3e5-4b79-9ffe-56bc3c0acfb2 28cdc5e92a374eb396e702de301734f1 7414f37a645345d4b7b493bb8f8980ce - - default default] Added segment 9f15f7fd-ef4d-4d28-86e0-20d5f3fa7a33 of type geneve for network 502d7224-345c-4009-ac3f-7330ddb7ce5a
2026-05-06 10:36:17.514 7 INFO neutron.db.ovn_revision_numbers_db [None req-1eaca47f-e3e5-4b79-9ffe-56bc3c0acfb2 28cdc5e92a374eb396e702de301734f1 7414f37a645345d4b7b493bb8f8980ce - - default default] Successfully bumped revision number for resource 502d7224-345c-4009-ac3f-7330ddb7ce5a (type: networks) to 1
2026-05-06 10:36:17.566 8 INFO neutron.db.ovn_revision_numbers_db [None req-ef7ff1e7-85b0-47e9-883b-018f4cdb0a05 - - - - - -] Successfully bumped revision number for resource f0f023b9-0afb-4a73-9ad4-ce5645523c46 (type: ports) to 6
2026-05-06 10:36:17.683 7 WARNING neutron.scheduler.dhcp_agent_scheduler [None req-1eaca47f-e3e5-4b79-9ffe-56bc3c0acfb2 28cdc5e92a374eb396e702de301734f1 7414f37a645345d4b7b493bb8f8980ce - - default default] No more DHCP agents
2026-05-06 10:36:17.684 7 WARNING neutron.api.rpc.agentnotifiers.dhcp_rpc_agent_api [None req-1eaca47f-e3e5-4b79-9ffe-56bc3c0acfb2 28cdc5e92a374eb396e702de301734f1 7414f37a645345d4b7b493bb8f8980ce - - default default] Unable to schedule network 502d7224-345c-4009-ac3f-7330ddb7ce5a: no agents available; will retry on subsequent port and subnet creation events. [pid: 8|app: 0|req: 569/1173] 10.0.0.184 () {34 vars in 789 bytes} [Wed May 6 10:36:16 2026] PUT /v2.0/routers/93fd0ff3-50fb-4b33-a9e2-1c1d54a8e400/remove_router_interface => generated 310 bytes in 1805 msecs (HTTP/1.1 200) 4 headers in 157 bytes (1 switches on core 0) /var/lib/openstack/lib/python3.12/site-packages/pycadf/identifier.py:70: UserWarning: Invalid uuid: neutron. To ensure interoperability, identifiers should be a valid uuid. warnings.warn(('Invalid uuid: %s. To ensure interoperability, ' [pid: 8|app: 0|req: 570/1174] 199.204.45.162 () {34 vars in 994 bytes} [Wed May 6 10:36:17 2026] GET /v2.0/ports?device_id=023ea017-a0e8-4a10-9bc1-c1f2f6d84671 => generated 969 bytes in 46 msecs (HTTP/1.1 200) 4 headers in 157 bytes (1 switches on core 0)
2026-05-06 10:36:18.243 7 INFO neutron.plugins.ml2.drivers.ovn.mech_driver.mech_driver [None req-01b4682a-91a8-47e4-9e3e-c4ec2d5a789d - - - - - -] OVN reports status down for port: ce49fa4a-48e6-457c-b789-9fe6527bcec7
2026-05-06 10:36:18.300 7 INFO neutron.db.ovn_revision_numbers_db [None req-1eaca47f-e3e5-4b79-9ffe-56bc3c0acfb2 28cdc5e92a374eb396e702de301734f1 7414f37a645345d4b7b493bb8f8980ce - - default default] Successfully bumped revision number for resource ce49fa4a-48e6-457c-b789-9fe6527bcec7 (type: ports) to 1 [pid: 7|app: 0|req: 605/1175] 10.0.0.184 () {34 vars in 670 bytes} [Wed May 6 10:36:17 2026] POST /v2.0/networks => generated 687 bytes in 1040 msecs (HTTP/1.1 201) 4 headers in 162 bytes (1 switches on core 0)
2026-05-06 10:36:18.346 8 INFO neutron_taas.services.taas.taas_plugin [None req-1e330a00-86d8-475f-96bc-f2af92ae6b64 a7093a4e0cd94679af256d8eba8bcdcf 2cf9a58929234db9aa980cde56c37a23 - - default default] TaaS: Handle Delete Port: 4ee6241e-bec2-44ab-8f20-fb803e773d41
2026-05-06 10:36:18.349 8 INFO neutron_taas.services.taas.tap_mirror_plugin [None req-1e330a00-86d8-475f-96bc-f2af92ae6b64 a7093a4e0cd94679af256d8eba8bcdcf 2cf9a58929234db9aa980cde56c37a23 - - default default] Tap Mirror: Handle Delete Port: 4ee6241e-bec2-44ab-8f20-fb803e773d41
2026-05-06 10:36:18.449 7 INFO neutron_taas.services.taas.taas_plugin [req-dcfd0566-23c4-4768-a7c8-aeb680111a54 req-bcdeaa59-1c99-4408-abfd-14f226907c7b 3ee51101d23849fc8618202a5a4b029c b2b261e5d97f4e7da55b262138ab1ec6 - - default default] TaaS: Handle Delete Port: f0f023b9-0afb-4a73-9ad4-ce5645523c46
2026-05-06 10:36:18.452 7 INFO neutron_taas.services.taas.tap_mirror_plugin [req-dcfd0566-23c4-4768-a7c8-aeb680111a54 req-bcdeaa59-1c99-4408-abfd-14f226907c7b 3ee51101d23849fc8618202a5a4b029c b2b261e5d97f4e7da55b262138ab1ec6 - - default default] Tap Mirror: Handle Delete Port: f0f023b9-0afb-4a73-9ad4-ce5645523c46 [pid: 7|app: 0|req: 606/1176] 199.204.45.162 () {36 vars in 997 bytes} [Wed May 6 10:36:18 2026] DELETE /v2.0/ports/f0f023b9-0afb-4a73-9ad4-ce5645523c46 => generated 0 bytes in 249 msecs (HTTP/1.1 204) 3 headers in 131 bytes (1 switches on core 0) [pid: 7|app: 0|req: 607/1177] 10.0.0.145 () {34 vars in 990 bytes} [Wed May 6 10:36:18 2026] GET /v2.0/ports?device_id=023ea017-a0e8-4a10-9bc1-c1f2f6d84671 => generated 12 bytes in 22 msecs (HTTP/1.1 200) 4 headers in 156 bytes (1 switches on core 0)
2026-05-06 10:36:18.625 7 INFO neutron.notifiers.nova [-] Nova event matching ['req-57f3d3f3-11bc-43a9-ab67-8b0643ddd5a7'] response: {'server_uuid': '023ea017-a0e8-4a10-9bc1-c1f2f6d84671', 'name': 'network-vif-deleted', 'tag': 'f0f023b9-0afb-4a73-9ad4-ce5645523c46', 'status': 'completed', 'code': 200}
2026-05-06 10:36:18.701 7 INFO neutron.db.segments_db [None req-9b712bd7-4d68-4f97-ba91-27caa50f35aa 28cdc5e92a374eb396e702de301734f1 7414f37a645345d4b7b493bb8f8980ce - - default default] Added segment dc53bfab-6c64-4cd3-913e-3ea6ab0ad5b0 of type geneve for network 2319d3cf-25f3-4bdb-9cbb-cafd00a6f0b0 [pid: 8|app: 0|req: 571/1178] 10.0.0.184 () {32 vars in 724 bytes} [Wed May 6 10:36:18 2026] DELETE /v2.0/routers/93fd0ff3-50fb-4b33-a9e2-1c1d54a8e400 => generated 0 bytes in 685 msecs (HTTP/1.1 204) 2 headers in 112 bytes (1 switches on core 0)
2026-05-06 10:36:18.835 7 INFO neutron.db.ovn_revision_numbers_db [None req-9b712bd7-4d68-4f97-ba91-27caa50f35aa 28cdc5e92a374eb396e702de301734f1 7414f37a645345d4b7b493bb8f8980ce - - default default] Successfully bumped revision number for resource 2319d3cf-25f3-4bdb-9cbb-cafd00a6f0b0 (type: networks) to 1 [pid: 8|app: 0|req: 572/1179] 10.0.0.184 () {32 vars in 724 bytes} [Wed May 6 10:36:18 2026] DELETE /v2.0/subnets/8c8a3e74-da6c-43b4-a543-ee602f98f929 => generated 0 bytes in 171 msecs (HTTP/1.1 204) 3 headers in 131 bytes (1 switches on core 0)
2026-05-06 10:36:19.000 7 WARNING neutron.scheduler.dhcp_agent_scheduler [None req-9b712bd7-4d68-4f97-ba91-27caa50f35aa 28cdc5e92a374eb396e702de301734f1 7414f37a645345d4b7b493bb8f8980ce - - default default] No more DHCP agents
2026-05-06 10:36:19.001 7 WARNING neutron.api.rpc.agentnotifiers.dhcp_rpc_agent_api [None req-9b712bd7-4d68-4f97-ba91-27caa50f35aa 28cdc5e92a374eb396e702de301734f1 7414f37a645345d4b7b493bb8f8980ce - - default default] Unable to schedule network 2319d3cf-25f3-4bdb-9cbb-cafd00a6f0b0: no agents available; will retry on subsequent port and subnet creation events.
2026-05-06 10:36:19.005 8 INFO neutron_taas.services.taas.taas_plugin [None req-3dd8f2d7-d8cc-41ad-baf2-4bc178967677 a7093a4e0cd94679af256d8eba8bcdcf 2cf9a58929234db9aa980cde56c37a23 - - default default] TaaS: Handle Delete Port: 00b62489-e7de-42c9-a942-4ea51cfb0450
2026-05-06 10:36:19.007 8 INFO neutron_taas.services.taas.tap_mirror_plugin [None req-3dd8f2d7-d8cc-41ad-baf2-4bc178967677 a7093a4e0cd94679af256d8eba8bcdcf 2cf9a58929234db9aa980cde56c37a23 - - default default] Tap Mirror: Handle Delete Port: 00b62489-e7de-42c9-a942-4ea51cfb0450
2026-05-06 10:36:19.049 7 INFO neutron.plugins.ml2.drivers.ovn.mech_driver.mech_driver [None req-01b4682a-91a8-47e4-9e3e-c4ec2d5a789d - - - - - -] OVN reports status down for port: 0a8e3ee1-61c6-4849-a3f1-38522c6b69a2
2026-05-06 10:36:19.110 7 INFO neutron.db.ovn_revision_numbers_db [None req-9b712bd7-4d68-4f97-ba91-27caa50f35aa 28cdc5e92a374eb396e702de301734f1 7414f37a645345d4b7b493bb8f8980ce - - default default] Successfully bumped revision number for resource 0a8e3ee1-61c6-4849-a3f1-38522c6b69a2 (type: ports) to 1 [pid: 7|app: 0|req: 608/1180] 10.0.0.184 () {34 vars in 670 bytes} [Wed May 6 10:36:18 2026] POST /v2.0/networks => generated 688 bytes in 548 msecs (HTTP/1.1 201) 4 headers in 162 bytes (1 switches on core 0)
2026-05-06 10:36:19.179 8 INFO neutron.services.segments.plugin [-] Segment e11b7926-07b0-424d-9f7b-40c47996daef resource provider aggregate not found
2026-05-06 10:36:19.184 8 INFO neutron.services.segments.plugin [-] Segment e11b7926-07b0-424d-9f7b-40c47996daef resource provider aggregate not found
2026-05-06 10:36:19.203 8 INFO neutron.services.segments.plugin [-] Segment e11b7926-07b0-424d-9f7b-40c47996daef resource provider not found; error: Placement Client Error (4xx): {"errors": [{"status": 404, "title": "Not Found", "detail": "The resource could not be found.\n\n No resource provider with uuid e11b7926-07b0-424d-9f7b-40c47996daef found for delete ", "request_id": "req-b4df5452-c6bc-4daa-b81e-485a4b1d0590"}]}
2026-05-06 10:36:19.205 8 INFO neutron.services.segments.plugin [-] Segment e11b7926-07b0-424d-9f7b-40c47996daef resource provider not found; error: Placement Client Error (4xx): {"errors": [{"status": 404, "title": "Not Found", "detail": "The resource could not be found.\n\n No resource provider with uuid e11b7926-07b0-424d-9f7b-40c47996daef found for delete ", "request_id": "req-cc6dd52a-8674-44f8-b8f8-1e540b42fd76"}]} [pid: 8|app: 0|req: 573/1181] 10.0.0.184 () {32 vars in 726 bytes} [Wed May 6 10:36:18 2026] DELETE /v2.0/networks/b869cc2b-3d7b-476e-9c31-9a33aca417d5 => generated 0 bytes in 321 msecs (HTTP/1.1 204) 3 headers in 131 bytes (1 switches on core 0) [pid: 7|app: 0|req: 609/1182] 10.0.0.253 () {34 vars in 990 bytes} [Wed May 6 10:36:19 2026] GET /v2.0/ports?device_id=3de39ed0-e1e1-4ca5-9484-97ce69c5038a => generated 1236 bytes in 118 msecs (HTTP/1.1 200) 4 headers in 158 bytes (1 switches on core 0) [pid: 7|app: 0|req: 610/1183] 10.0.0.253 () {34 vars in 1040 bytes} [Wed May 6 10:36:19 2026] GET /v2.0/security-groups?id=6a77f2a1-a7b1-490e-886e-b39ff608fd72&fields=id&fields=name => generated 113 bytes in 26 msecs (HTTP/1.1 200) 4 headers in 157 bytes (1 switches on core 0)
2026-05-06 10:36:19.358 8 INFO neutron.notifiers.nova [-] Nova event matching ['req-9091fffc-d3f8-4a3f-8316-d4c65f881204'] response: {'server_uuid': '023ea017-a0e8-4a10-9bc1-c1f2f6d84671', 'name': 'network-vif-unplugged', 'status': 'completed', 'tag': 'f0f023b9-0afb-4a73-9ad4-ce5645523c46', 'code': 200}
2026-05-06 10:36:19.377 7 WARNING neutron.db.securitygroups_db [None req-8143f6c6-d6db-4f02-a577-692c435bfa56 a7093a4e0cd94679af256d8eba8bcdcf 2cf9a58929234db9aa980cde56c37a23 - - default default] project_id key not found in filters, using tenant_id instead. This support has been deprecated and will be removed in a future release. [pid: 7|app: 0|req: 611/1184] 10.0.0.184 () {32 vars in 774 bytes} [Wed May 6 10:36:19 2026] GET /v2.0/security-groups?tenant_id=8638d727ccf741f6bb21a03b68b08bf5&name=default => generated 2925 bytes in 29 msecs (HTTP/1.1 200) 4 headers in 158 bytes (1 switches on core 0)
2026-05-06 10:36:19.529 8 WARNING neutron.scheduler.dhcp_agent_scheduler [None req-de752ed6-97de-4612-8c66-7288d8f9a3ae 28cdc5e92a374eb396e702de301734f1 7414f37a645345d4b7b493bb8f8980ce - - default default] No more DHCP agents
2026-05-06 10:36:19.530 8 WARNING neutron.api.rpc.agentnotifiers.dhcp_rpc_agent_api [None req-de752ed6-97de-4612-8c66-7288d8f9a3ae 28cdc5e92a374eb396e702de301734f1 7414f37a645345d4b7b493bb8f8980ce - - default default] Unable to schedule network 502d7224-345c-4009-ac3f-7330ddb7ce5a: no agents available; will retry on subsequent port and subnet creation events. [pid: 7|app: 0|req: 612/1185] 10.0.0.184 () {32 vars in 740 bytes} [Wed May 6 10:36:19 2026] DELETE /v2.0/security-groups/0373ff84-5527-4a9a-85d2-aa4ad7a7d055 => generated 0 bytes in 184 msecs (HTTP/1.1 204) 2 headers in 112 bytes (1 switches on core 0) [pid: 7|app: 0|req: 613/1186] 10.0.0.145 () {34 vars in 990 bytes} [Wed May 6 10:36:19 2026] GET /v2.0/ports?device_id=023ea017-a0e8-4a10-9bc1-c1f2f6d84671 => generated 12 bytes in 28 msecs (HTTP/1.1 200) 4 headers in 156 bytes (1 switches on core 0)
2026-05-06 10:36:19.968 8 INFO neutron.db.ovn_revision_numbers_db [None req-de752ed6-97de-4612-8c66-7288d8f9a3ae 28cdc5e92a374eb396e702de301734f1 7414f37a645345d4b7b493bb8f8980ce - - default default] Successfully bumped revision number for resource ce49fa4a-48e6-457c-b789-9fe6527bcec7 (type: ports) to 2
2026-05-06 10:36:20.006 8 INFO neutron.db.ovn_revision_numbers_db [None req-de752ed6-97de-4612-8c66-7288d8f9a3ae 28cdc5e92a374eb396e702de301734f1 7414f37a645345d4b7b493bb8f8980ce - - default default] Successfully bumped revision number for resource 81010b81-6dfb-4b96-9e08-704d4e810233 (type: subnets) to 0
2026-05-06 10:36:20.032 8 WARNING neutron.scheduler.dhcp_agent_scheduler [None req-de752ed6-97de-4612-8c66-7288d8f9a3ae 28cdc5e92a374eb396e702de301734f1 7414f37a645345d4b7b493bb8f8980ce - - default default] No more DHCP agents
2026-05-06 10:36:20.033 8 WARNING neutron.api.rpc.agentnotifiers.dhcp_rpc_agent_api [None req-de752ed6-97de-4612-8c66-7288d8f9a3ae 28cdc5e92a374eb396e702de301734f1 7414f37a645345d4b7b493bb8f8980ce - - default default] Unable to schedule network 2319d3cf-25f3-4bdb-9cbb-cafd00a6f0b0: no agents available; will retry on subsequent port and subnet creation events.
2026-05-06 10:36:20.489 8 INFO neutron.db.ovn_revision_numbers_db [None req-de752ed6-97de-4612-8c66-7288d8f9a3ae 28cdc5e92a374eb396e702de301734f1 7414f37a645345d4b7b493bb8f8980ce - - default default] Successfully bumped revision number for resource 0a8e3ee1-61c6-4849-a3f1-38522c6b69a2 (type: ports) to 2
2026-05-06 10:36:20.531 8 INFO neutron.db.ovn_revision_numbers_db [None req-de752ed6-97de-4612-8c66-7288d8f9a3ae 28cdc5e92a374eb396e702de301734f1 7414f37a645345d4b7b493bb8f8980ce - - default default] Successfully bumped revision number for resource 6e883058-296a-4a28-846b-4dfae2968bf2 (type: subnets) to 0 [pid: 8|app: 0|req: 574/1187] 10.0.0.184 () {34 vars in 669 bytes} [Wed May 6 10:36:19 2026] POST /v2.0/subnets => generated 1274 bytes in 1322 msecs (HTTP/1.1 201) 4 headers in 163 bytes (1 switches on core 0) [pid: 7|app: 0|req: 614/1188] 10.0.0.184 () {32 vars in 647 bytes} [Wed May 6 10:36:20 2026] GET /v2.0/subnets => generated 1910 bytes in 45 msecs (HTTP/1.1 200) 4 headers in 158 bytes (1 switches on core 0) [pid: 8|app: 0|req: 575/1189] 10.0.0.184 () {32 vars in 724 bytes} [Wed May 6 10:36:20 2026] DELETE /v2.0/subnets/81010b81-6dfb-4b96-9e08-704d4e810233 => generated 0 bytes in 180 msecs (HTTP/1.1 204) 3 headers in 131 bytes (1 switches on core 0) [pid: 8|app: 0|req: 576/1190] 10.0.0.145 () {34 vars in 990 bytes} [Wed May 6 10:36:20 2026] GET /v2.0/ports?device_id=023ea017-a0e8-4a10-9bc1-c1f2f6d84671 => generated 12 bytes in 23 msecs (HTTP/1.1 200) 4 headers in 156 bytes (1 switches on core 0) [pid: 7|app: 0|req: 615/1191] 10.0.0.184 () {32 vars in 724 bytes} [Wed May 6 10:36:20 2026] DELETE /v2.0/subnets/6e883058-296a-4a28-846b-4dfae2968bf2 => generated 0 bytes in 154 msecs (HTTP/1.1 204) 3 headers in 131 bytes (1 switches on core 0) [pid: 8|app: 0|req: 577/1192] 10.0.0.184 () {32 vars in 647 bytes} [Wed May 6 10:36:20 2026] GET /v2.0/subnets => generated 649 bytes in 40 msecs (HTTP/1.1 200) 4 headers in 157 bytes (1 switches on core 0)
2026-05-06 10:36:21.116 7 INFO neutron_taas.services.taas.taas_plugin [None req-f6d8f2d2-2d57-4398-8972-ab9e49b5993f 28cdc5e92a374eb396e702de301734f1 7414f37a645345d4b7b493bb8f8980ce - - default default] TaaS: Handle Delete Port: 0a8e3ee1-61c6-4849-a3f1-38522c6b69a2
2026-05-06 10:36:21.118 7 INFO neutron_taas.services.taas.tap_mirror_plugin [None req-f6d8f2d2-2d57-4398-8972-ab9e49b5993f 28cdc5e92a374eb396e702de301734f1 7414f37a645345d4b7b493bb8f8980ce - - default default] Tap Mirror: Handle Delete Port: 0a8e3ee1-61c6-4849-a3f1-38522c6b69a2
2026-05-06 10:36:21.283 7 INFO neutron.services.segments.plugin [-] Segment dc53bfab-6c64-4cd3-913e-3ea6ab0ad5b0 resource provider aggregate not found
2026-05-06 10:36:21.291 7 INFO neutron.services.segments.plugin [-] Segment dc53bfab-6c64-4cd3-913e-3ea6ab0ad5b0 resource provider aggregate not found
2026-05-06 10:36:21.302 7 INFO neutron.services.segments.plugin [-] Segment dc53bfab-6c64-4cd3-913e-3ea6ab0ad5b0 resource provider not found; error: Placement Client Error (4xx): {"errors": [{"status": 404, "title": "Not Found", "detail": "The resource could not be found.\n\n No resource provider with uuid dc53bfab-6c64-4cd3-913e-3ea6ab0ad5b0 found for delete ", "request_id": "req-b99cca8e-b7ae-4414-8b7f-bf0777a30b70"}]}
2026-05-06 10:36:21.307 7 INFO neutron.services.segments.plugin [-] Segment dc53bfab-6c64-4cd3-913e-3ea6ab0ad5b0 resource provider not found; error: Placement Client Error (4xx): {"errors": [{"status": 404, "title": "Not Found", "detail": "The resource could not be found.\n\n No resource provider with uuid dc53bfab-6c64-4cd3-913e-3ea6ab0ad5b0 found for delete ", "request_id": "req-d1891d8d-869f-467f-a63a-e851ccf446fb"}]} [pid: 7|app: 0|req: 616/1193] 10.0.0.184 () {32 vars in 726 bytes} [Wed May 6 10:36:20 2026] DELETE /v2.0/networks/2319d3cf-25f3-4bdb-9cbb-cafd00a6f0b0 => generated 0 bytes in 348 msecs (HTTP/1.1 204) 3 headers in 131 bytes (1 switches on core 0)
2026-05-06 10:36:21.457 8 INFO neutron_taas.services.taas.taas_plugin [None req-24ae5ebc-7151-4d2c-800a-86bc38cb0ca6 28cdc5e92a374eb396e702de301734f1 7414f37a645345d4b7b493bb8f8980ce - - default default] TaaS: Handle Delete Port: ce49fa4a-48e6-457c-b789-9fe6527bcec7
2026-05-06 10:36:21.459 8 INFO neutron_taas.services.taas.tap_mirror_plugin [None req-24ae5ebc-7151-4d2c-800a-86bc38cb0ca6 28cdc5e92a374eb396e702de301734f1 7414f37a645345d4b7b493bb8f8980ce - - default default] Tap Mirror: Handle Delete Port: ce49fa4a-48e6-457c-b789-9fe6527bcec7
2026-05-06 10:36:21.639 8 INFO neutron.services.segments.plugin [-] Segment 9f15f7fd-ef4d-4d28-86e0-20d5f3fa7a33 resource provider aggregate not found
2026-05-06 10:36:21.646 8 INFO neutron.services.segments.plugin [-] Segment 9f15f7fd-ef4d-4d28-86e0-20d5f3fa7a33 resource provider aggregate not found
2026-05-06 10:36:21.668 8 INFO neutron.services.segments.plugin [-] Segment 9f15f7fd-ef4d-4d28-86e0-20d5f3fa7a33 resource provider not found; error: Placement Client Error (4xx): {"errors": [{"status": 404, "title": "Not Found", "detail": "The resource could not be found.\n\n No resource provider with uuid 9f15f7fd-ef4d-4d28-86e0-20d5f3fa7a33 found for delete ", "request_id": "req-e492aa5f-80ba-467f-aaeb-fb77e426da73"}]}
2026-05-06 10:36:21.669 8 INFO neutron.services.segments.plugin [-] Segment 9f15f7fd-ef4d-4d28-86e0-20d5f3fa7a33 resource provider not found; error: Placement Client Error (4xx): {"errors": [{"status": 404, "title": "Not Found", "detail": "The resource could not be found.\n\n No resource provider with uuid 9f15f7fd-ef4d-4d28-86e0-20d5f3fa7a33 found for delete ", "request_id": "req-6bc6b34d-a6aa-4fd7-b2d3-14a704681af7"}]} [pid: 8|app: 0|req: 578/1194] 10.0.0.184 () {32 vars in 726 bytes} [Wed May 6 10:36:21 2026] DELETE /v2.0/networks/502d7224-345c-4009-ac3f-7330ddb7ce5a => generated 0 bytes in 342 msecs (HTTP/1.1 204) 3 headers in 131 bytes (1 switches on core 0)
2026-05-06 10:36:21.801 7 INFO neutron_taas.services.taas.taas_plugin [None req-9a5985ce-1225-47a7-86ad-0697507cf4f3 28cdc5e92a374eb396e702de301734f1 7414f37a645345d4b7b493bb8f8980ce - - default default] TaaS: Handle Delete Port: c84dad72-df65-45de-b213-81011fa1bce1
2026-05-06 10:36:21.805 7 INFO neutron_taas.services.taas.tap_mirror_plugin [None req-9a5985ce-1225-47a7-86ad-0697507cf4f3 28cdc5e92a374eb396e702de301734f1 7414f37a645345d4b7b493bb8f8980ce - - default default] Tap Mirror: Handle Delete Port: c84dad72-df65-45de-b213-81011fa1bce1 [pid: 7|app: 0|req: 617/1195] 10.0.0.184 () {32 vars in 726 bytes} [Wed May 6 10:36:21 2026] DELETE /v2.0/networks/cf925477-a642-44fe-96a8-5b33c780aed9 => generated 0 bytes in 301 msecs (HTTP/1.1 204) 3 headers in 131 bytes (1 switches on core 0)
2026-05-06 10:36:22.117 7 INFO neutron_taas.services.taas.taas_plugin [None req-548c2447-7641-4b00-9f5c-0c00613b825b 28cdc5e92a374eb396e702de301734f1 7414f37a645345d4b7b493bb8f8980ce - - default default] TaaS: Handle Delete Port: 25d45a21-41a7-44f8-be5a-87b55ea42533
2026-05-06 10:36:22.120 7 INFO neutron_taas.services.taas.tap_mirror_plugin [None req-548c2447-7641-4b00-9f5c-0c00613b825b 28cdc5e92a374eb396e702de301734f1 7414f37a645345d4b7b493bb8f8980ce - - default default] Tap Mirror: Handle Delete Port: 25d45a21-41a7-44f8-be5a-87b55ea42533
2026-05-06 10:36:22.155 8 INFO neutron_taas.services.taas.taas_plugin [None req-a018c439-455d-4602-9eb6-7e12dfccea21 a7093a4e0cd94679af256d8eba8bcdcf 2cf9a58929234db9aa980cde56c37a23 - - default default] TaaS: Handle Delete Port: f767a032-8f52-413e-8b34-f02163a8893a
2026-05-06 10:36:22.158 8 INFO neutron_taas.services.taas.tap_mirror_plugin [None req-a018c439-455d-4602-9eb6-7e12dfccea21 a7093a4e0cd94679af256d8eba8bcdcf 2cf9a58929234db9aa980cde56c37a23 - - default default] Tap Mirror: Handle Delete Port: f767a032-8f52-413e-8b34-f02163a8893a [pid: 7|app: 0|req: 618/1196] 10.0.0.184 () {32 vars in 726 bytes} [Wed May 6 10:36:22 2026] DELETE /v2.0/networks/a38e269f-bcd7-49bc-bde6-c5e6e4828f76 => generated 0 bytes in 332 msecs (HTTP/1.1 204) 3 headers in 131 bytes (1 switches on core 0) [pid: 8|app: 0|req: 579/1197] 10.0.0.184 () {34 vars in 789 bytes} [Wed May 6 10:36:21 2026] PUT /v2.0/routers/5a6fde94-876a-4559-8a50-e3f95828cbea/remove_router_interface => generated 310 bytes in 871 msecs (HTTP/1.1 200) 4 headers in 157 bytes (1 switches on core 0) /var/lib/openstack/lib/python3.12/site-packages/pycadf/identifier.py:70: UserWarning: Invalid uuid: neutron. To ensure interoperability, identifiers should be a valid uuid. warnings.warn(('Invalid uuid: %s. To ensure interoperability, '
2026-05-06 10:36:23.021 8 WARNING neutron.db.securitygroups_db [None req-735473eb-fe11-4c2f-9f58-fc3bd8285eaa a7093a4e0cd94679af256d8eba8bcdcf 2cf9a58929234db9aa980cde56c37a23 - - default default] project_id key not found in filters, using tenant_id instead. This support has been deprecated and will be removed in a future release.
2026-05-06 10:36:23.027 7 INFO neutron_taas.services.taas.taas_plugin [None req-08932f42-ef05-4740-9093-f1d56c142437 a7093a4e0cd94679af256d8eba8bcdcf 2cf9a58929234db9aa980cde56c37a23 - - default default] TaaS: Handle Delete Port: b4d7389b-abc6-4f0c-bc1b-13b9d9d1eef0
2026-05-06 10:36:23.029 7 INFO neutron_taas.services.taas.tap_mirror_plugin [None req-08932f42-ef05-4740-9093-f1d56c142437 a7093a4e0cd94679af256d8eba8bcdcf 2cf9a58929234db9aa980cde56c37a23 - - default default] Tap Mirror: Handle Delete Port: b4d7389b-abc6-4f0c-bc1b-13b9d9d1eef0 [pid: 8|app: 0|req: 580/1198] 10.0.0.184 () {32 vars in 774 bytes} [Wed May 6 10:36:22 2026] GET /v2.0/security-groups?tenant_id=7414f37a645345d4b7b493bb8f8980ce&name=default => generated 2925 bytes in 212 msecs (HTTP/1.1 200) 4 headers in 158 bytes (1 switches on core 0) [pid: 8|app: 0|req: 581/1199] 10.0.0.184 () {32 vars in 740 bytes} [Wed May 6 10:36:23 2026] DELETE /v2.0/security-groups/110e8b22-591b-4ca1-891e-b7d921e9ce63 => generated 0 bytes in 153 msecs (HTTP/1.1 204) 2 headers in 112 bytes (1 switches on core 0)
2026-05-06 10:36:23.336 7 INFO neutron.services.segments.plugin [-] Segment 1b2d94ff-f2f1-44df-a912-38daf549481a resource provider aggregate not found
2026-05-06 10:36:23.339 7 INFO neutron.services.segments.plugin [-] Segment 1b2d94ff-f2f1-44df-a912-38daf549481a resource provider aggregate not found
2026-05-06 10:36:23.368 7 INFO neutron.services.segments.plugin [-] Segment 1b2d94ff-f2f1-44df-a912-38daf549481a resource provider not found; error: Placement Client Error (4xx): {"errors": [{"status": 404, "title": "Not Found", "detail": "The resource could not be found.\n\n No resource provider with uuid 1b2d94ff-f2f1-44df-a912-38daf549481a found for delete ", "request_id": "req-3585e54f-d4e4-4e88-8158-0ddb8a9ecd6f"}]}
2026-05-06 10:36:23.371 7 INFO neutron.services.segments.plugin [-] Segment 1b2d94ff-f2f1-44df-a912-38daf549481a resource provider not found; error: Placement Client Error (4xx): {"errors": [{"status": 404, "title": "Not Found", "detail": "The resource could not be found.\n\n No resource provider with uuid 1b2d94ff-f2f1-44df-a912-38daf549481a found for delete ", "request_id": "req-9ed9e99c-3d10-4dd6-ab85-891a8132c93f"}]}
2026-05-06 10:36:23.412 7 INFO neutron.services.segments.plugin [-] Segment cfaf564b-a60b-4da0-a30c-424dc7b4801c resource provider aggregate not found
2026-05-06 10:36:23.418 7 INFO neutron.services.segments.plugin [-] Segment cfaf564b-a60b-4da0-a30c-424dc7b4801c resource provider aggregate not found
2026-05-06 10:36:23.432 7 INFO neutron.services.segments.plugin [-] Segment cfaf564b-a60b-4da0-a30c-424dc7b4801c resource provider not found; error: Placement Client Error (4xx): {"errors": [{"status": 404, "title": "Not Found", "detail": "The resource could not be found.\n\n No resource provider with uuid cfaf564b-a60b-4da0-a30c-424dc7b4801c found for delete ", "request_id": "req-c91916d2-8e5f-4ec4-b01d-afa3a1e26413"}]}
2026-05-06 10:36:23.432 7 INFO neutron.services.segments.plugin [-] Segment cfaf564b-a60b-4da0-a30c-424dc7b4801c resource provider not found; error: Placement Client Error (4xx): {"errors": [{"status": 404, "title": "Not Found", "detail": "The resource could not be found.\n\n No resource provider with uuid cfaf564b-a60b-4da0-a30c-424dc7b4801c found for delete ", "request_id": "req-a6aa17ba-688e-4109-8033-e366a2da1489"}]} [pid: 7|app: 0|req: 619/1200] 10.0.0.184 () {32 vars in 724 bytes} [Wed May 6 10:36:22 2026] DELETE /v2.0/routers/5a6fde94-876a-4559-8a50-e3f95828cbea => generated 0 bytes in 724 msecs (HTTP/1.1 204) 2 headers in 112 bytes (1 switches on core 0) [pid: 8|app: 0|req: 582/1201] 10.0.0.184 () {32 vars in 724 bytes} [Wed May 6 10:36:23 2026] DELETE /v2.0/subnets/7f3bae37-2ae0-4a82-9e10-9a3b86f4aa72 => generated 0 bytes in 161 msecs (HTTP/1.1 204) 3 headers in 131 bytes (1 switches on core 0)
