2026-05-06 10:33:03.822 8 INFO neutron.api.v2.resource [None req-9bad77cd-ad76-4c5f-8d00-6c264767a5d5 a7093a4e0cd94679af256d8eba8bcdcf 2cf9a58929234db9aa980cde56c37a23 - - default default] show failed (client error): The resource could not be found. [pid: 8|app: 0|req: 257/516] 199.204.45.162 () {44 vars in 1075 bytes} [Wed May 6 10:33:03 2026] GET /v2.0/security-groups/manila-service-security-group?project_id=919fc29a1fb446fe96c516020475efe7 => generated 139 bytes in 42 msecs (HTTP/1.1 404) 4 headers in 164 bytes (1 switches on core 0) [pid: 7|app: 0|req: 260/517] 199.204.45.162 () {44 vars in 1098 bytes} [Wed May 6 10:33:03 2026] GET /v2.0/security-groups?name=manila-service-security-group&project_id=919fc29a1fb446fe96c516020475efe7 => generated 4072 bytes in 25 msecs (HTTP/1.1 200) 4 headers in 158 bytes (1 switches on core 0) [pid: 8|app: 0|req: 258/518] 199.204.45.162 () {44 vars in 1089 bytes} [Wed May 6 10:33:04 2026] GET /v2.0/security-groups/666b89b7-a9b9-45f6-84f2-7bdb989a7504?project_id=919fc29a1fb446fe96c516020475efe7 => generated 4075 bytes in 60 msecs (HTTP/1.1 200) 4 headers in 158 bytes (1 switches on core 0) [pid: 7|app: 0|req: 261/519] 199.204.45.162 () {44 vars in 1002 bytes} [Wed May 6 10:33:04 2026] GET /v2.0/security-groups/666b89b7-a9b9-45f6-84f2-7bdb989a7504 => generated 4075 bytes in 28 msecs (HTTP/1.1 200) 4 headers in 158 bytes (1 switches on core 0) [pid: 8|app: 0|req: 259/520] 199.204.45.162 () {44 vars in 1012 bytes} [Wed May 6 10:33:04 2026] GET /v2.0/security-group-rules/fba4c194-0ad4-466f-b672-5a502b16765b => generated 597 bytes in 19 msecs (HTTP/1.1 200) 4 headers in 157 bytes (1 switches on core 0) [pid: 7|app: 0|req: 262/521] 199.204.45.162 () {44 vars in 1089 bytes} [Wed May 6 10:33:05 2026] GET /v2.0/security-groups/666b89b7-a9b9-45f6-84f2-7bdb989a7504?project_id=919fc29a1fb446fe96c516020475efe7 => generated 4075 bytes in 59 msecs (HTTP/1.1 200) 4 headers in 158 bytes (1 switches on core 0) [pid: 8|app: 0|req: 260/522] 199.204.45.162 () {44 vars in 1002 bytes} [Wed May 6 10:33:05 2026] GET /v2.0/security-groups/666b89b7-a9b9-45f6-84f2-7bdb989a7504 => generated 4075 bytes in 31 msecs (HTTP/1.1 200) 4 headers in 158 bytes (1 switches on core 0) [pid: 7|app: 0|req: 263/523] 199.204.45.162 () {44 vars in 1012 bytes} [Wed May 6 10:33:05 2026] GET /v2.0/security-group-rules/d979af95-eb86-424c-81ad-b4a9fc732b1b => generated 599 bytes in 16 msecs (HTTP/1.1 200) 4 headers in 157 bytes (1 switches on core 0) [pid: 8|app: 0|req: 261/524] 199.204.45.162 () {44 vars in 1089 bytes} [Wed May 6 10:33:06 2026] GET /v2.0/security-groups/666b89b7-a9b9-45f6-84f2-7bdb989a7504?project_id=919fc29a1fb446fe96c516020475efe7 => generated 4075 bytes in 59 msecs (HTTP/1.1 200) 4 headers in 158 bytes (1 switches on core 0) [pid: 7|app: 0|req: 264/525] 199.204.45.162 () {44 vars in 1002 bytes} [Wed May 6 10:33:06 2026] GET /v2.0/security-groups/666b89b7-a9b9-45f6-84f2-7bdb989a7504 => generated 4075 bytes in 34 msecs (HTTP/1.1 200) 4 headers in 158 bytes (1 switches on core 0) [pid: 8|app: 0|req: 262/526] 199.204.45.162 () {44 vars in 1012 bytes} [Wed May 6 10:33:06 2026] GET /v2.0/security-group-rules/bf145168-f013-4e31-8029-80aae73d4226 => generated 601 bytes in 15 msecs (HTTP/1.1 200) 4 headers in 157 bytes (1 switches on core 0) [pid: 7|app: 0|req: 265/527] 199.204.45.162 () {44 vars in 1089 bytes} [Wed May 6 10:33:07 2026] GET /v2.0/security-groups/666b89b7-a9b9-45f6-84f2-7bdb989a7504?project_id=919fc29a1fb446fe96c516020475efe7 => generated 4075 bytes in 56 msecs (HTTP/1.1 200) 4 headers in 158 bytes (1 switches on core 0) [pid: 8|app: 0|req: 263/528] 199.204.45.162 () {44 vars in 1002 bytes} [Wed May 6 10:33:07 2026] GET /v2.0/security-groups/666b89b7-a9b9-45f6-84f2-7bdb989a7504 => generated 4075 bytes in 32 msecs (HTTP/1.1 200) 4 headers in 158 bytes (1 switches on core 0) [pid: 7|app: 0|req: 266/529] 199.204.45.162 () {44 vars in 1012 bytes} [Wed May 6 10:33:07 2026] GET /v2.0/security-group-rules/fb9e6387-b4f9-4391-b19c-7108644fae6f => generated 602 bytes in 13 msecs (HTTP/1.1 200) 4 headers in 157 bytes (1 switches on core 0) [pid: 8|app: 0|req: 265/532] 199.204.45.162 () {44 vars in 976 bytes} [Wed May 6 10:33:15 2026] GET /v2.0/quotas/919fc29a1fb446fe96c516020475efe7 => generated 291 bytes in 13 msecs (HTTP/1.1 200) 4 headers in 157 bytes (1 switches on core 0) [pid: 7|app: 0|req: 270/537] 10.0.0.171 () {28 vars in 583 bytes} [Wed May 6 10:33:55 2026] GET /v2.0/routers => generated 15 bytes in 43 msecs (HTTP/1.1 200) 4 headers in 156 bytes (1 switches on core 0) [pid: 8|app: 0|req: 268/538] 10.0.0.171 () {28 vars in 624 bytes} [Wed May 6 10:33:55 2026] GET /v2.0/agents?binary=ovn-controller => generated 416 bytes in 55 msecs (HTTP/1.1 200) 4 headers in 157 bytes (1 switches on core 0) [pid: 7|app: 0|req: 271/539] 10.0.0.171 () {28 vars in 619 bytes} [Wed May 6 10:33:55 2026] GET /v2.0/network-ip-availabilities => generated 1867 bytes in 19 msecs (HTTP/1.1 200) 4 headers in 158 bytes (1 switches on core 0) [pid: 8|app: 0|req: 269/540] 10.0.0.171 () {28 vars in 585 bytes} [Wed May 6 10:33:55 2026] GET /v2.0/networks => generated 2287 bytes in 50 msecs (HTTP/1.1 200) 4 headers in 158 bytes (1 switches on core 0) [pid: 7|app: 0|req: 272/541] 10.0.0.171 () {28 vars in 581 bytes} [Wed May 6 10:33:55 2026] GET /v2.0/agents => generated 1214 bytes in 11 msecs (HTTP/1.1 200) 4 headers in 158 bytes (1 switches on core 0) [pid: 8|app: 0|req: 270/542] 10.0.0.171 () {28 vars in 583 bytes} [Wed May 6 10:33:55 2026] GET /v2.0/subnets => generated 1308 bytes in 36 msecs (HTTP/1.1 200) 4 headers in 158 bytes (1 switches on core 0) [pid: 7|app: 0|req: 273/543] 10.0.0.171 () {28 vars in 591 bytes} [Wed May 6 10:33:55 2026] GET /v2.0/subnetpools => generated 19 bytes in 9 msecs (HTTP/1.1 200) 4 headers in 156 bytes (1 switches on core 0) [pid: 8|app: 0|req: 271/544] 10.0.0.171 () {28 vars in 591 bytes} [Wed May 6 10:33:55 2026] GET /v2.0/floatingips => generated 19 bytes in 19 msecs (HTTP/1.1 200) 4 headers in 156 bytes (1 switches on core 0) [pid: 7|app: 0|req: 274/545] 10.0.0.171 () {28 vars in 599 bytes} [Wed May 6 10:33:55 2026] GET /v2.0/security-groups => generated 17401 bytes in 34 msecs (HTTP/1.1 200) 4 headers in 159 bytes (1 switches on core 0) [pid: 8|app: 0|req: 272/546] 10.0.0.171 () {28 vars in 583 bytes} [Wed May 6 10:33:55 2026] GET /v2.0/subnets => generated 1308 bytes in 30 msecs (HTTP/1.1 200) 4 headers in 158 bytes (1 switches on core 0) [pid: 7|app: 0|req: 275/547] 10.0.0.171 () {28 vars in 579 bytes} [Wed May 6 10:33:55 2026] GET /v2.0/ports => generated 5221 bytes in 48 msecs (HTTP/1.1 200) 4 headers in 158 bytes (1 switches on core 0) [pid: 8|app: 0|req: 274/550] 199.204.45.162 () {44 vars in 950 bytes} [Wed May 6 10:34:03 2026] GET /v2.0/networks?name=public => generated 791 bytes in 95 msecs (HTTP/1.1 200) 4 headers in 157 bytes (1 switches on core 0) [pid: 8|app: 0|req: 277/555] 10.0.0.184 () {32 vars in 649 bytes} [Wed May 6 10:34:42 2026] GET /v2.0/networks => generated 2287 bytes in 143 msecs (HTTP/1.1 200) 4 headers in 158 bytes (1 switches on core 0) [pid: 8|app: 0|req: 279/558] 10.0.0.184 () {32 vars in 655 bytes} [Wed May 6 10:34:43 2026] GET /v2.0/floatingips => generated 19 bytes in 22 msecs (HTTP/1.1 200) 4 headers in 156 bytes (1 switches on core 0) [pid: 7|app: 0|req: 280/559] 10.0.0.184 () {32 vars in 647 bytes} [Wed May 6 10:34:43 2026] GET /v2.0/routers => generated 15 bytes in 19 msecs (HTTP/1.1 200) 4 headers in 156 bytes (1 switches on core 0) [pid: 8|app: 0|req: 280/560] 10.0.0.184 () {32 vars in 643 bytes} [Wed May 6 10:34:43 2026] GET /v2.0/ports => generated 5221 bytes in 58 msecs (HTTP/1.1 200) 4 headers in 158 bytes (1 switches on core 0) [pid: 7|app: 0|req: 281/561] 10.0.0.184 () {32 vars in 647 bytes} [Wed May 6 10:34:43 2026] GET /v2.0/subnets => generated 1308 bytes in 35 msecs (HTTP/1.1 200) 4 headers in 158 bytes (1 switches on core 0) [pid: 8|app: 0|req: 281/562] 10.0.0.184 () {32 vars in 649 bytes} [Wed May 6 10:34:43 2026] GET /v2.0/networks => generated 2287 bytes in 52 msecs (HTTP/1.1 200) 4 headers in 158 bytes (1 switches on core 0) [pid: 7|app: 0|req: 282/563] 10.0.0.184 () {32 vars in 663 bytes} [Wed May 6 10:34:43 2026] GET /v2.0/security-groups => generated 17401 bytes in 33 msecs (HTTP/1.1 200) 4 headers in 159 bytes (1 switches on core 0) [pid: 8|app: 0|req: 282/564] 10.0.0.184 () {32 vars in 655 bytes} [Wed May 6 10:34:43 2026] GET /v2.0/subnetpools => generated 19 bytes in 11 msecs (HTTP/1.1 200) 4 headers in 156 bytes (1 switches on core 0)
2026-05-06 10:34:54.263 7 INFO neutron.db.ovn_revision_numbers_db [None req-538d6429-99df-429e-84bb-346c514a8ea2 a7093a4e0cd94679af256d8eba8bcdcf 2cf9a58929234db9aa980cde56c37a23 - - default default] Successfully bumped revision number for resource f7f4c5ee-c366-4113-bcd5-235242d41182 (type: security_groups) to 1
2026-05-06 10:34:54.270 8 INFO neutron.db.ovn_revision_numbers_db [None req-fc37ecad-0ff2-409c-badb-eb9ba1badd60 a7093a4e0cd94679af256d8eba8bcdcf 2cf9a58929234db9aa980cde56c37a23 - - default default] Successfully bumped revision number for resource e88bbce2-cf2f-4bde-b5c8-8fe1dbf97557 (type: security_groups) to 1
2026-05-06 10:34:54.281 7 INFO neutron.db.ovn_revision_numbers_db [None req-538d6429-99df-429e-84bb-346c514a8ea2 a7093a4e0cd94679af256d8eba8bcdcf 2cf9a58929234db9aa980cde56c37a23 - - default default] Successfully bumped revision number for resource 15c45ada-fe16-4977-8159-775dca3d7f18 (type: security_group_rules) to 0
2026-05-06 10:34:54.283 8 INFO neutron.db.ovn_revision_numbers_db [None req-fc37ecad-0ff2-409c-badb-eb9ba1badd60 a7093a4e0cd94679af256d8eba8bcdcf 2cf9a58929234db9aa980cde56c37a23 - - default default] Successfully bumped revision number for resource 125f837e-3e67-415b-ad83-3cac4f7a4928 (type: security_group_rules) to 0
2026-05-06 10:34:54.292 7 INFO neutron.db.ovn_revision_numbers_db [None req-538d6429-99df-429e-84bb-346c514a8ea2 a7093a4e0cd94679af256d8eba8bcdcf 2cf9a58929234db9aa980cde56c37a23 - - default default] Successfully bumped revision number for resource 22450bd7-0f42-44f1-8c28-6176451681bd (type: security_group_rules) to 0
2026-05-06 10:34:54.295 8 INFO neutron.db.ovn_revision_numbers_db [None req-fc37ecad-0ff2-409c-badb-eb9ba1badd60 a7093a4e0cd94679af256d8eba8bcdcf 2cf9a58929234db9aa980cde56c37a23 - - default default] Successfully bumped revision number for resource 4162710a-b01f-47dc-b3a5-ce8daa5ffe6f (type: security_group_rules) to 0
2026-05-06 10:34:54.303 7 INFO neutron.db.ovn_revision_numbers_db [None req-538d6429-99df-429e-84bb-346c514a8ea2 a7093a4e0cd94679af256d8eba8bcdcf 2cf9a58929234db9aa980cde56c37a23 - - default default] Successfully bumped revision number for resource 745659df-aaf9-4ff5-a063-ae1dc1fe816e (type: security_group_rules) to 0
2026-05-06 10:34:54.305 8 INFO neutron.db.ovn_revision_numbers_db [None req-fc37ecad-0ff2-409c-badb-eb9ba1badd60 a7093a4e0cd94679af256d8eba8bcdcf 2cf9a58929234db9aa980cde56c37a23 - - default default] Successfully bumped revision number for resource 5ef865d0-f17f-4573-8fdb-57adbf2c902f (type: security_group_rules) to 0
2026-05-06 10:34:54.314 8 INFO neutron.db.ovn_revision_numbers_db [None req-fc37ecad-0ff2-409c-badb-eb9ba1badd60 a7093a4e0cd94679af256d8eba8bcdcf 2cf9a58929234db9aa980cde56c37a23 - - default default] Successfully bumped revision number for resource 74fcf741-edd4-44fb-8a74-101511084a31 (type: security_group_rules) to 0
2026-05-06 10:34:54.315 7 INFO neutron.db.ovn_revision_numbers_db [None req-538d6429-99df-429e-84bb-346c514a8ea2 a7093a4e0cd94679af256d8eba8bcdcf 2cf9a58929234db9aa980cde56c37a23 - - default default] Successfully bumped revision number for resource 9b222c21-aca8-43d6-8e31-e635ef266098 (type: security_group_rules) to 0
2026-05-06 10:34:54.406 8 INFO neutron.db.segments_db [None req-fc37ecad-0ff2-409c-badb-eb9ba1badd60 a7093a4e0cd94679af256d8eba8bcdcf 2cf9a58929234db9aa980cde56c37a23 - - default default] Added segment 20e22f31-f71a-4b02-bc8b-0bd5fe6d70bd of type geneve for network 40e5ea39-e017-49bb-bf92-2645bd855940
2026-05-06 10:34:54.431 7 INFO neutron.db.segments_db [None req-538d6429-99df-429e-84bb-346c514a8ea2 a7093a4e0cd94679af256d8eba8bcdcf 2cf9a58929234db9aa980cde56c37a23 - - default default] Added segment 90c28aeb-c44b-459a-bfdd-9ec3657880a5 of type geneve for network 6a44fdcd-fb96-4364-8092-ef45556785ad
2026-05-06 10:34:54.559 8 INFO neutron.db.ovn_revision_numbers_db [None req-fc37ecad-0ff2-409c-badb-eb9ba1badd60 a7093a4e0cd94679af256d8eba8bcdcf 2cf9a58929234db9aa980cde56c37a23 - - default default] Successfully bumped revision number for resource 40e5ea39-e017-49bb-bf92-2645bd855940 (type: networks) to 1
2026-05-06 10:34:54.561 7 INFO neutron.db.ovn_revision_numbers_db [None req-538d6429-99df-429e-84bb-346c514a8ea2 a7093a4e0cd94679af256d8eba8bcdcf 2cf9a58929234db9aa980cde56c37a23 - - default default] Successfully bumped revision number for resource 6a44fdcd-fb96-4364-8092-ef45556785ad (type: networks) to 1
2026-05-06 10:34:54.731 7 WARNING neutron.scheduler.dhcp_agent_scheduler [None req-538d6429-99df-429e-84bb-346c514a8ea2 a7093a4e0cd94679af256d8eba8bcdcf 2cf9a58929234db9aa980cde56c37a23 - - default default] No more DHCP agents
2026-05-06 10:34:54.732 7 WARNING neutron.api.rpc.agentnotifiers.dhcp_rpc_agent_api [None req-538d6429-99df-429e-84bb-346c514a8ea2 a7093a4e0cd94679af256d8eba8bcdcf 2cf9a58929234db9aa980cde56c37a23 - - default default] Unable to schedule network 6a44fdcd-fb96-4364-8092-ef45556785ad: no agents available; will retry on subsequent port and subnet creation events.
2026-05-06 10:34:54.746 8 WARNING neutron.scheduler.dhcp_agent_scheduler [None req-fc37ecad-0ff2-409c-badb-eb9ba1badd60 a7093a4e0cd94679af256d8eba8bcdcf 2cf9a58929234db9aa980cde56c37a23 - - default default] No more DHCP agents
2026-05-06 10:34:54.747 8 WARNING neutron.api.rpc.agentnotifiers.dhcp_rpc_agent_api [None req-fc37ecad-0ff2-409c-badb-eb9ba1badd60 a7093a4e0cd94679af256d8eba8bcdcf 2cf9a58929234db9aa980cde56c37a23 - - default default] Unable to schedule network 40e5ea39-e017-49bb-bf92-2645bd855940: no agents available; will retry on subsequent port and subnet creation events.
2026-05-06 10:34:54.779 7 INFO neutron.plugins.ml2.drivers.ovn.mech_driver.mech_driver [None req-0a1748c6-5d90-49dd-9707-b4058e05ef20 - - - - - -] OVN reports status down for port: 83a088e8-f438-491b-9880-5cbbfdef9b74
2026-05-06 10:34:54.831 8 INFO neutron.db.ovn_revision_numbers_db [None req-fc37ecad-0ff2-409c-badb-eb9ba1badd60 a7093a4e0cd94679af256d8eba8bcdcf 2cf9a58929234db9aa980cde56c37a23 - - default default] Successfully bumped revision number for resource b62bcaf5-1210-402f-99c0-9055901b1b9c (type: ports) to 1 [pid: 8|app: 0|req: 283/565] 10.0.0.184 () {34 vars in 671 bytes} [Wed May 6 10:34:54 2026] POST /v2.0/networks => generated 789 bytes in 845 msecs (HTTP/1.1 201) 4 headers in 162 bytes (1 switches on core 0)
2026-05-06 10:34:54.864 7 INFO neutron.db.ovn_revision_numbers_db [None req-538d6429-99df-429e-84bb-346c514a8ea2 a7093a4e0cd94679af256d8eba8bcdcf 2cf9a58929234db9aa980cde56c37a23 - - default default] Successfully bumped revision number for resource 83a088e8-f438-491b-9880-5cbbfdef9b74 (type: ports) to 1
2026-05-06 10:34:54.898 7 INFO neutron.plugins.ml2.drivers.ovn.mech_driver.mech_driver [None req-0a1748c6-5d90-49dd-9707-b4058e05ef20 - - - - - -] OVN reports status down for port: b62bcaf5-1210-402f-99c0-9055901b1b9c [pid: 7|app: 0|req: 283/566] 10.0.0.184 () {34 vars in 671 bytes} [Wed May 6 10:34:53 2026] POST /v2.0/networks => generated 789 bytes in 935 msecs (HTTP/1.1 201) 4 headers in 162 bytes (1 switches on core 0)
2026-05-06 10:34:54.978 7 WARNING neutron.db.securitygroups_db [None req-cabcf2b0-40c0-4120-97ed-39c001a1abe3 a7093a4e0cd94679af256d8eba8bcdcf 2cf9a58929234db9aa980cde56c37a23 - - default default] project_id key not found in filters, using tenant_id instead. This support has been deprecated and will be removed in a future release.
2026-05-06 10:34:55.078 8 INFO neutron.db.ovn_revision_numbers_db [None req-7985acf1-1ecd-405c-924d-48848538f6b3 a7093a4e0cd94679af256d8eba8bcdcf 2cf9a58929234db9aa980cde56c37a23 - - default default] Successfully bumped revision number for resource 25dbb1d9-a75d-412c-a406-fde721299772 (type: security_groups) to 1
2026-05-06 10:34:55.081 7 INFO neutron.db.ovn_revision_numbers_db [None req-cabcf2b0-40c0-4120-97ed-39c001a1abe3 a7093a4e0cd94679af256d8eba8bcdcf 2cf9a58929234db9aa980cde56c37a23 - - default default] Successfully bumped revision number for resource 914f9887-6f97-4229-b425-0d4a33ec0a9c (type: security_groups) to 1
2026-05-06 10:34:55.086 8 INFO neutron.db.ovn_revision_numbers_db [None req-7985acf1-1ecd-405c-924d-48848538f6b3 a7093a4e0cd94679af256d8eba8bcdcf 2cf9a58929234db9aa980cde56c37a23 - - default default] Successfully bumped revision number for resource 12accebb-afc2-414c-a8f6-f89c57925d74 (type: security_group_rules) to 0
2026-05-06 10:34:55.090 7 INFO neutron.db.ovn_revision_numbers_db [None req-cabcf2b0-40c0-4120-97ed-39c001a1abe3 a7093a4e0cd94679af256d8eba8bcdcf 2cf9a58929234db9aa980cde56c37a23 - - default default] Successfully bumped revision number for resource 55061df9-3172-4bf6-a9fd-f2e1b6ee1245 (type: security_group_rules) to 0
2026-05-06 10:34:55.100 8 INFO neutron.db.ovn_revision_numbers_db [None req-7985acf1-1ecd-405c-924d-48848538f6b3 a7093a4e0cd94679af256d8eba8bcdcf 2cf9a58929234db9aa980cde56c37a23 - - default default] Successfully bumped revision number for resource 6221f003-f44b-4225-a141-444c3e4ba41b (type: security_group_rules) to 0
2026-05-06 10:34:55.101 7 INFO neutron.db.ovn_revision_numbers_db [None req-cabcf2b0-40c0-4120-97ed-39c001a1abe3 a7093a4e0cd94679af256d8eba8bcdcf 2cf9a58929234db9aa980cde56c37a23 - - default default] Successfully bumped revision number for resource 5b2b2496-1a5a-4485-9ddb-a95fad6e96d0 (type: security_group_rules) to 0
2026-05-06 10:34:55.112 7 INFO neutron.db.ovn_revision_numbers_db [None req-cabcf2b0-40c0-4120-97ed-39c001a1abe3 a7093a4e0cd94679af256d8eba8bcdcf 2cf9a58929234db9aa980cde56c37a23 - - default default] Successfully bumped revision number for resource 6bf0c98c-0a7c-49d7-90e6-748f2d0f4b1b (type: security_group_rules) to 0
2026-05-06 10:34:55.112 8 INFO neutron.db.ovn_revision_numbers_db [None req-7985acf1-1ecd-405c-924d-48848538f6b3 a7093a4e0cd94679af256d8eba8bcdcf 2cf9a58929234db9aa980cde56c37a23 - - default default] Successfully bumped revision number for resource b34a1083-3bd1-4a46-8b75-1b01464609a3 (type: security_group_rules) to 0
2026-05-06 10:34:55.123 7 INFO neutron.db.ovn_revision_numbers_db [None req-cabcf2b0-40c0-4120-97ed-39c001a1abe3 a7093a4e0cd94679af256d8eba8bcdcf 2cf9a58929234db9aa980cde56c37a23 - - default default] Successfully bumped revision number for resource 6d285a94-d4f6-4b59-a9fc-8a9c4b48893c (type: security_group_rules) to 0
2026-05-06 10:34:55.124 8 INFO neutron.db.ovn_revision_numbers_db [None req-7985acf1-1ecd-405c-924d-48848538f6b3 a7093a4e0cd94679af256d8eba8bcdcf 2cf9a58929234db9aa980cde56c37a23 - - default default] Successfully bumped revision number for resource b57e4e42-84ad-4e31-a159-59fbbd2756a5 (type: security_group_rules) to 0 [pid: 7|app: 0|req: 284/567] 10.0.0.184 () {32 vars in 774 bytes} [Wed May 6 10:34:54 2026] GET /v2.0/security-groups?tenant_id=7a8f18926b8d42e2ac70e723aca81aab&name=default => generated 2921 bytes in 250 msecs (HTTP/1.1 200) 4 headers in 158 bytes (1 switches on core 0)
2026-05-06 10:34:55.238 8 INFO neutron.db.segments_db [None req-7985acf1-1ecd-405c-924d-48848538f6b3 a7093a4e0cd94679af256d8eba8bcdcf 2cf9a58929234db9aa980cde56c37a23 - - default default] Added segment d31f11ad-f65e-43c0-a24a-723cb1e8204b of type geneve for network 30d1f446-caf7-4c1c-b7f7-6e11d44b03d2
2026-05-06 10:34:55.314 7 WARNING neutron.scheduler.dhcp_agent_scheduler [None req-262194af-b35f-463e-bd2f-af3566ae88dd a7093a4e0cd94679af256d8eba8bcdcf 2cf9a58929234db9aa980cde56c37a23 - - default default] No more DHCP agents
2026-05-06 10:34:55.316 7 WARNING neutron.api.rpc.agentnotifiers.dhcp_rpc_agent_api [None req-262194af-b35f-463e-bd2f-af3566ae88dd a7093a4e0cd94679af256d8eba8bcdcf 2cf9a58929234db9aa980cde56c37a23 - - default default] Unable to schedule network 40e5ea39-e017-49bb-bf92-2645bd855940: no agents available; will retry on subsequent port and subnet creation events.
2026-05-06 10:34:55.366 8 INFO neutron.db.ovn_revision_numbers_db [None req-7985acf1-1ecd-405c-924d-48848538f6b3 a7093a4e0cd94679af256d8eba8bcdcf 2cf9a58929234db9aa980cde56c37a23 - - default default] Successfully bumped revision number for resource 30d1f446-caf7-4c1c-b7f7-6e11d44b03d2 (type: networks) to 1
2026-05-06 10:34:55.524 8 WARNING neutron.scheduler.dhcp_agent_scheduler [None req-7985acf1-1ecd-405c-924d-48848538f6b3 a7093a4e0cd94679af256d8eba8bcdcf 2cf9a58929234db9aa980cde56c37a23 - - default default] No more DHCP agents
2026-05-06 10:34:55.525 8 WARNING neutron.api.rpc.agentnotifiers.dhcp_rpc_agent_api [None req-7985acf1-1ecd-405c-924d-48848538f6b3 a7093a4e0cd94679af256d8eba8bcdcf 2cf9a58929234db9aa980cde56c37a23 - - default default] Unable to schedule network 30d1f446-caf7-4c1c-b7f7-6e11d44b03d2: no agents available; will retry on subsequent port and subnet creation events.
2026-05-06 10:34:55.576 7 INFO neutron.plugins.ml2.drivers.ovn.mech_driver.mech_driver [None req-0a1748c6-5d90-49dd-9707-b4058e05ef20 - - - - - -] OVN reports status down for port: e24f1388-f781-43a3-83f6-32a52b047d9c
2026-05-06 10:34:55.603 8 INFO neutron.db.ovn_revision_numbers_db [None req-7985acf1-1ecd-405c-924d-48848538f6b3 a7093a4e0cd94679af256d8eba8bcdcf 2cf9a58929234db9aa980cde56c37a23 - - default default] Successfully bumped revision number for resource e24f1388-f781-43a3-83f6-32a52b047d9c (type: ports) to 1 [pid: 8|app: 0|req: 284/568] 10.0.0.184 () {34 vars in 671 bytes} [Wed May 6 10:34:54 2026] POST /v2.0/networks => generated 793 bytes in 769 msecs (HTTP/1.1 201) 4 headers in 162 bytes (1 switches on core 0)
2026-05-06 10:34:55.824 8 WARNING neutron.scheduler.dhcp_agent_scheduler [None req-204a1114-d9a9-49af-a47c-ca9b4e9d9d5e a7093a4e0cd94679af256d8eba8bcdcf 2cf9a58929234db9aa980cde56c37a23 - - default default] No more DHCP agents
2026-05-06 10:34:55.825 8 WARNING neutron.api.rpc.agentnotifiers.dhcp_rpc_agent_api [None req-204a1114-d9a9-49af-a47c-ca9b4e9d9d5e a7093a4e0cd94679af256d8eba8bcdcf 2cf9a58929234db9aa980cde56c37a23 - - default default] Unable to schedule network 6a44fdcd-fb96-4364-8092-ef45556785ad: no agents available; will retry on subsequent port and subnet creation events.
2026-05-06 10:34:55.906 7 INFO neutron.db.ovn_revision_numbers_db [None req-262194af-b35f-463e-bd2f-af3566ae88dd a7093a4e0cd94679af256d8eba8bcdcf 2cf9a58929234db9aa980cde56c37a23 - - default default] Successfully bumped revision number for resource b62bcaf5-1210-402f-99c0-9055901b1b9c (type: ports) to 2
2026-05-06 10:34:56.013 7 INFO neutron.db.ovn_revision_numbers_db [None req-262194af-b35f-463e-bd2f-af3566ae88dd a7093a4e0cd94679af256d8eba8bcdcf 2cf9a58929234db9aa980cde56c37a23 - - default default] Successfully bumped revision number for resource fae417e2-358e-4ea6-be3c-ef8f6ff51b0e (type: subnets) to 0 [pid: 7|app: 0|req: 285/569] 10.0.0.184 () {34 vars in 669 bytes} [Wed May 6 10:34:55 2026] POST /v2.0/subnets => generated 695 bytes in 938 msecs (HTTP/1.1 201) 4 headers in 162 bytes (1 switches on core 0) [pid: 7|app: 0|req: 286/570] 10.0.0.171 () {28 vars in 585 bytes} [Wed May 6 10:34:56 2026] GET /v2.0/networks => generated 4662 bytes in 97 msecs (HTTP/1.1 200) 4 headers in 158 bytes (1 switches on core 0) [pid: 7|app: 0|req: 287/571] 10.0.0.184 () {32 vars in 740 bytes} [Wed May 6 10:34:56 2026] DELETE /v2.0/security-groups/914f9887-6f97-4229-b425-0d4a33ec0a9c => generated 0 bytes in 367 msecs (HTTP/1.1 204) 2 headers in 112 bytes (1 switches on core 0)
2026-05-06 10:34:56.737 8 INFO neutron.db.ovn_revision_numbers_db [None req-204a1114-d9a9-49af-a47c-ca9b4e9d9d5e a7093a4e0cd94679af256d8eba8bcdcf 2cf9a58929234db9aa980cde56c37a23 - - default default] Successfully bumped revision number for resource 83a088e8-f438-491b-9880-5cbbfdef9b74 (type: ports) to 2
2026-05-06 10:34:56.787 7 WARNING neutron.scheduler.dhcp_agent_scheduler [None req-bc340040-cd5c-45e0-a977-0a20e16f03bc a7093a4e0cd94679af256d8eba8bcdcf 2cf9a58929234db9aa980cde56c37a23 - - default default] No more DHCP agents
2026-05-06 10:34:56.788 7 WARNING neutron.api.rpc.agentnotifiers.dhcp_rpc_agent_api [None req-bc340040-cd5c-45e0-a977-0a20e16f03bc a7093a4e0cd94679af256d8eba8bcdcf 2cf9a58929234db9aa980cde56c37a23 - - default default] Unable to schedule network 30d1f446-caf7-4c1c-b7f7-6e11d44b03d2: no agents available; will retry on subsequent port and subnet creation events.
2026-05-06 10:34:56.799 8 INFO neutron.db.ovn_revision_numbers_db [None req-204a1114-d9a9-49af-a47c-ca9b4e9d9d5e a7093a4e0cd94679af256d8eba8bcdcf 2cf9a58929234db9aa980cde56c37a23 - - default default] Successfully bumped revision number for resource 80b6725c-f532-42c4-8762-11e119d779f7 (type: subnets) to 0 [pid: 8|app: 0|req: 285/572] 10.0.0.184 () {34 vars in 669 bytes} [Wed May 6 10:34:55 2026] POST /v2.0/subnets => generated 695 bytes in 1230 msecs (HTTP/1.1 201) 4 headers in 162 bytes (1 switches on core 0)
2026-05-06 10:34:57.239 7 INFO neutron.db.ovn_revision_numbers_db [None req-bc340040-cd5c-45e0-a977-0a20e16f03bc a7093a4e0cd94679af256d8eba8bcdcf 2cf9a58929234db9aa980cde56c37a23 - - default default] Successfully bumped revision number for resource e24f1388-f781-43a3-83f6-32a52b047d9c (type: ports) to 2
2026-05-06 10:34:57.268 7 INFO neutron.db.ovn_revision_numbers_db [None req-bc340040-cd5c-45e0-a977-0a20e16f03bc a7093a4e0cd94679af256d8eba8bcdcf 2cf9a58929234db9aa980cde56c37a23 - - default default] Successfully bumped revision number for resource bb766234-7043-4ad6-a9dc-ce2a192298b8 (type: subnets) to 0 [pid: 7|app: 0|req: 288/573] 10.0.0.184 () {34 vars in 669 bytes} [Wed May 6 10:34:56 2026] POST /v2.0/subnets => generated 699 bytes in 710 msecs (HTTP/1.1 201) 4 headers in 162 bytes (1 switches on core 0) [pid: 7|app: 0|req: 289/574] 10.0.0.171 () {28 vars in 591 bytes} [Wed May 6 10:34:57 2026] GET /v2.0/floatingips => generated 19 bytes in 16 msecs (HTTP/1.1 200) 4 headers in 156 bytes (1 switches on core 0)
2026-05-06 10:34:57.400 8 WARNING neutron.scheduler.dhcp_agent_scheduler [None req-41dad1e9-c39d-4b42-869c-816b6f8f4a87 a7093a4e0cd94679af256d8eba8bcdcf 2cf9a58929234db9aa980cde56c37a23 - - default default] No more DHCP agents
2026-05-06 10:34:57.402 8 WARNING neutron.api.rpc.agentnotifiers.dhcp_rpc_agent_api [None req-41dad1e9-c39d-4b42-869c-816b6f8f4a87 a7093a4e0cd94679af256d8eba8bcdcf 2cf9a58929234db9aa980cde56c37a23 - - default default] Unable to schedule network df688dbb-71f6-4907-9151-2e36be4a8dbb: no agents available; will retry on subsequent port and subnet creation events.
2026-05-06 10:34:57.507 7 INFO neutron.plugins.ml2.drivers.ovn.mech_driver.mech_driver [None req-0a1748c6-5d90-49dd-9707-b4058e05ef20 - - - - - -] OVN reports status down for port: 0bcd207e-6f6e-4858-aa12-353a50aa7bcb
2026-05-06 10:34:57.536 8 INFO neutron.db.ovn_revision_numbers_db [None req-41dad1e9-c39d-4b42-869c-816b6f8f4a87 a7093a4e0cd94679af256d8eba8bcdcf 2cf9a58929234db9aa980cde56c37a23 - - default default] Successfully bumped revision number for resource 0bcd207e-6f6e-4858-aa12-353a50aa7bcb (type: ports) to 1
2026-05-06 10:34:57.846 8 INFO neutron.plugins.ml2.drivers.ovn.mech_driver.ovsdb.extensions.qos [None req-41dad1e9-c39d-4b42-869c-816b6f8f4a87 a7093a4e0cd94679af256d8eba8bcdcf 2cf9a58929234db9aa980cde56c37a23 - - default default] Starting OVNClientQosExtension
2026-05-06 10:34:57.892 7 WARNING neutron.scheduler.dhcp_agent_scheduler [None req-258420ac-ff9b-4c6d-afa2-658b7d173a9b a7093a4e0cd94679af256d8eba8bcdcf 2cf9a58929234db9aa980cde56c37a23 - - default default] No more DHCP agents
2026-05-06 10:34:57.893 7 WARNING neutron.api.rpc.agentnotifiers.dhcp_rpc_agent_api [None req-258420ac-ff9b-4c6d-afa2-658b7d173a9b a7093a4e0cd94679af256d8eba8bcdcf 2cf9a58929234db9aa980cde56c37a23 - - default default] Unable to schedule network df688dbb-71f6-4907-9151-2e36be4a8dbb: no agents available; will retry on subsequent port and subnet creation events.
2026-05-06 10:34:57.983 7 INFO neutron.plugins.ml2.drivers.ovn.mech_driver.mech_driver [None req-0a1748c6-5d90-49dd-9707-b4058e05ef20 - - - - - -] OVN reports status down for port: 5dd93458-0f31-443f-8a2d-db90c2c799b2
2026-05-06 10:34:58.035 7 INFO neutron.db.ovn_revision_numbers_db [None req-258420ac-ff9b-4c6d-afa2-658b7d173a9b a7093a4e0cd94679af256d8eba8bcdcf 2cf9a58929234db9aa980cde56c37a23 - - default default] Successfully bumped revision number for resource 5dd93458-0f31-443f-8a2d-db90c2c799b2 (type: ports) to 1
2026-05-06 10:34:58.223 8 INFO neutron.plugins.ml2.drivers.ovn.mech_driver.ovsdb.ovsdb_monitor [-] Router bb54475a-eb35-4820-bc91-45a8706bd04c is bound to host instance
2026-05-06 10:34:58.257 7 INFO neutron.plugins.ml2.drivers.ovn.mech_driver.mech_driver [None req-0a1748c6-5d90-49dd-9707-b4058e05ef20 - - - - - -] OVN reports status up for port: 0bcd207e-6f6e-4858-aa12-353a50aa7bcb
2026-05-06 10:34:58.285 8 INFO neutron.db.ovn_revision_numbers_db [None req-41dad1e9-c39d-4b42-869c-816b6f8f4a87 a7093a4e0cd94679af256d8eba8bcdcf 2cf9a58929234db9aa980cde56c37a23 - - default default] Successfully bumped revision number for resource 0bcd207e-6f6e-4858-aa12-353a50aa7bcb (type: router_ports) to 1
2026-05-06 10:34:58.291 7 INFO neutron.plugins.ml2.plugin [None req-0a1748c6-5d90-49dd-9707-b4058e05ef20 - - - - - -] Attempt 1 to provision port 0bcd207e-6f6e-4858-aa12-353a50aa7bcb
2026-05-06 10:34:58.401 8 INFO neutron.db.ovn_revision_numbers_db [None req-41dad1e9-c39d-4b42-869c-816b6f8f4a87 a7093a4e0cd94679af256d8eba8bcdcf 2cf9a58929234db9aa980cde56c37a23 - - default default] Successfully bumped revision number for resource bb54475a-eb35-4820-bc91-45a8706bd04c (type: routers) to 2 [pid: 8|app: 0|req: 286/575] 10.0.0.184 () {34 vars in 669 bytes} [Wed May 6 10:34:56 2026] POST /v2.0/routers => generated 994 bytes in 1573 msecs (HTTP/1.1 201) 4 headers in 162 bytes (1 switches on core 0)
2026-05-06 10:34:58.506 7 INFO neutron.plugins.ml2.drivers.ovn.mech_driver.ovsdb.extensions.qos [None req-258420ac-ff9b-4c6d-afa2-658b7d173a9b a7093a4e0cd94679af256d8eba8bcdcf 2cf9a58929234db9aa980cde56c37a23 - - default default] Starting OVNClientQosExtension
2026-05-06 10:34:58.872 7 INFO neutron.plugins.ml2.drivers.ovn.mech_driver.ovsdb.ovsdb_monitor [-] Router 151a13e6-0d96-44cc-82b9-b8a4c1a4bcf2 is bound to host instance
2026-05-06 10:34:58.945 7 INFO neutron.db.ovn_revision_numbers_db [None req-258420ac-ff9b-4c6d-afa2-658b7d173a9b a7093a4e0cd94679af256d8eba8bcdcf 2cf9a58929234db9aa980cde56c37a23 - - default default] Successfully bumped revision number for resource 5dd93458-0f31-443f-8a2d-db90c2c799b2 (type: router_ports) to 1
2026-05-06 10:34:59.073 7 INFO neutron.db.ovn_revision_numbers_db [None req-258420ac-ff9b-4c6d-afa2-658b7d173a9b a7093a4e0cd94679af256d8eba8bcdcf 2cf9a58929234db9aa980cde56c37a23 - - default default] Successfully bumped revision number for resource 151a13e6-0d96-44cc-82b9-b8a4c1a4bcf2 (type: routers) to 2 [pid: 7|app: 0|req: 290/576] 10.0.0.184 () {34 vars in 669 bytes} [Wed May 6 10:34:57 2026] POST /v2.0/routers => generated 994 bytes in 1800 msecs (HTTP/1.1 201) 4 headers in 162 bytes (1 switches on core 0) [pid: 7|app: 0|req: 291/577] 10.0.0.171 () {28 vars in 619 bytes} [Wed May 6 10:34:59 2026] GET /v2.0/network-ip-availabilities => generated 4239 bytes in 36 msecs (HTTP/1.1 200) 4 headers in 158 bytes (1 switches on core 0)
2026-05-06 10:34:59.178 8 WARNING neutron.scheduler.dhcp_agent_scheduler [None req-69e86c69-d189-49aa-b46d-508e7b8d3abf a7093a4e0cd94679af256d8eba8bcdcf 2cf9a58929234db9aa980cde56c37a23 - - default default] No more DHCP agents
2026-05-06 10:34:59.182 8 WARNING neutron.api.rpc.agentnotifiers.dhcp_rpc_agent_api [None req-69e86c69-d189-49aa-b46d-508e7b8d3abf a7093a4e0cd94679af256d8eba8bcdcf 2cf9a58929234db9aa980cde56c37a23 - - default default] Unable to schedule network df688dbb-71f6-4907-9151-2e36be4a8dbb: no agents available; will retry on subsequent port and subnet creation events.
2026-05-06 10:34:59.399 8 INFO neutron.db.ovn_revision_numbers_db [None req-69e86c69-d189-49aa-b46d-508e7b8d3abf a7093a4e0cd94679af256d8eba8bcdcf 2cf9a58929234db9aa980cde56c37a23 - - default default] Successfully bumped revision number for resource 382c2cfc-657f-4d3e-90f3-733ca6c61269 (type: ports) to 1
2026-05-06 10:34:59.526 7 INFO neutron.db.ovn_revision_numbers_db [None req-9f56110a-697c-4dd2-8d23-d4cf0f7b0e92 a7093a4e0cd94679af256d8eba8bcdcf 2cf9a58929234db9aa980cde56c37a23 - - default default] Successfully bumped revision number for resource d9949852-a838-4784-b089-ae93e20d1ba7 (type: security_groups) to 1
2026-05-06 10:34:59.555 7 INFO neutron.db.ovn_revision_numbers_db [None req-9f56110a-697c-4dd2-8d23-d4cf0f7b0e92 a7093a4e0cd94679af256d8eba8bcdcf 2cf9a58929234db9aa980cde56c37a23 - - default default] Successfully bumped revision number for resource 16f28cf2-a40c-4c83-a425-de3a9dfed14b (type: security_group_rules) to 0
2026-05-06 10:34:59.574 7 INFO neutron.db.ovn_revision_numbers_db [None req-9f56110a-697c-4dd2-8d23-d4cf0f7b0e92 a7093a4e0cd94679af256d8eba8bcdcf 2cf9a58929234db9aa980cde56c37a23 - - default default] Successfully bumped revision number for resource 1e1dacb5-3633-49fd-a4f4-760ca714bda4 (type: security_group_rules) to 0
2026-05-06 10:34:59.591 7 INFO neutron.db.ovn_revision_numbers_db [None req-9f56110a-697c-4dd2-8d23-d4cf0f7b0e92 a7093a4e0cd94679af256d8eba8bcdcf 2cf9a58929234db9aa980cde56c37a23 - - default default] Successfully bumped revision number for resource 808fcf9d-0e02-4584-b562-2ac9b5709a65 (type: security_group_rules) to 0
2026-05-06 10:34:59.615 7 INFO neutron.db.ovn_revision_numbers_db [None req-9f56110a-697c-4dd2-8d23-d4cf0f7b0e92 a7093a4e0cd94679af256d8eba8bcdcf 2cf9a58929234db9aa980cde56c37a23 - - default default] Successfully bumped revision number for resource bef6c96e-ac52-4f99-8a54-a1a0b34de905 (type: security_group_rules) to 0
2026-05-06 10:34:59.724 7 INFO neutron.db.segments_db [None req-9f56110a-697c-4dd2-8d23-d4cf0f7b0e92 a7093a4e0cd94679af256d8eba8bcdcf 2cf9a58929234db9aa980cde56c37a23 - - default default] Added segment 0b27f206-d4e7-4e2b-b2f8-88232716da99 of type geneve for network 8e67ccd7-dc19-411c-b143-67207c22eafc
2026-05-06 10:34:59.748 8 INFO neutron.db.ovn_revision_numbers_db [None req-118a63a3-70fb-46e9-a771-f49a92f9851a - - - - - -] Successfully bumped revision number for resource 0bcd207e-6f6e-4858-aa12-353a50aa7bcb (type: ports) to 4
2026-05-06 10:35:00.383 8 INFO neutron.db.ovn_revision_numbers_db [None req-118a63a3-70fb-46e9-a771-f49a92f9851a - - - - - -] Successfully bumped revision number for resource 0bcd207e-6f6e-4858-aa12-353a50aa7bcb (type: ports) to 5
2026-05-06 10:35:00.388 7 INFO neutron.db.ovn_revision_numbers_db [None req-9f56110a-697c-4dd2-8d23-d4cf0f7b0e92 a7093a4e0cd94679af256d8eba8bcdcf 2cf9a58929234db9aa980cde56c37a23 - - default default] Successfully bumped revision number for resource 8e67ccd7-dc19-411c-b143-67207c22eafc (type: networks) to 1
2026-05-06 10:35:00.535 8 INFO neutron.db.ovn_revision_numbers_db [None req-69e86c69-d189-49aa-b46d-508e7b8d3abf a7093a4e0cd94679af256d8eba8bcdcf 2cf9a58929234db9aa980cde56c37a23 - - default default] Successfully bumped revision number for resource 382c2cfc-657f-4d3e-90f3-733ca6c61269 (type: router_ports) to 1
2026-05-06 10:35:00.609 8 INFO neutron.db.ovn_revision_numbers_db [None req-69e86c69-d189-49aa-b46d-508e7b8d3abf a7093a4e0cd94679af256d8eba8bcdcf 2cf9a58929234db9aa980cde56c37a23 - - default default] Successfully bumped revision number for resource 65564e74-d95c-4d5a-9cf7-998e1fb3a6d1 (type: routers) to 2 [pid: 8|app: 0|req: 287/580] 10.0.0.184 () {34 vars in 669 bytes} [Wed May 6 10:34:58 2026] POST /v2.0/routers => generated 998 bytes in 2192 msecs (HTTP/1.1 201) 4 headers in 162 bytes (1 switches on core 0)
2026-05-06 10:35:00.686 7 INFO neutron.db.ovn_revision_numbers_db [None req-bc2f9bb7-532b-4075-a1d6-331065b25fef - - - - - -] Successfully bumped revision number for resource 5dd93458-0f31-443f-8a2d-db90c2c799b2 (type: ports) to 4
2026-05-06 10:35:00.754 7 WARNING neutron.scheduler.dhcp_agent_scheduler [None req-9f56110a-697c-4dd2-8d23-d4cf0f7b0e92 a7093a4e0cd94679af256d8eba8bcdcf 2cf9a58929234db9aa980cde56c37a23 - - default default] No more DHCP agents
2026-05-06 10:35:00.756 7 WARNING neutron.api.rpc.agentnotifiers.dhcp_rpc_agent_api [None req-9f56110a-697c-4dd2-8d23-d4cf0f7b0e92 a7093a4e0cd94679af256d8eba8bcdcf 2cf9a58929234db9aa980cde56c37a23 - - default default] Unable to schedule network 8e67ccd7-dc19-411c-b143-67207c22eafc: no agents available; will retry on subsequent port and subnet creation events.
2026-05-06 10:35:00.855 8 INFO neutron.plugins.ml2.drivers.ovn.mech_driver.mech_driver [None req-14a02a1e-70f2-4b8c-8094-0dff7ab960a1 - - - - - -] OVN reports status down for port: b7ec1b6a-2693-4356-a894-1f4d4531b028
2026-05-06 10:35:00.913 7 INFO neutron.db.ovn_revision_numbers_db [None req-9f56110a-697c-4dd2-8d23-d4cf0f7b0e92 a7093a4e0cd94679af256d8eba8bcdcf 2cf9a58929234db9aa980cde56c37a23 - - default default] Successfully bumped revision number for resource b7ec1b6a-2693-4356-a894-1f4d4531b028 (type: ports) to 1 [pid: 7|app: 0|req: 294/581] 10.0.0.184 () {34 vars in 671 bytes} [Wed May 6 10:34:59 2026] POST /v2.0/networks => generated 785 bytes in 1834 msecs (HTTP/1.1 201) 4 headers in 162 bytes (1 switches on core 0)
2026-05-06 10:35:01.261 7 INFO neutron.db.ovn_revision_numbers_db [None req-bc2f9bb7-532b-4075-a1d6-331065b25fef - - - - - -] Successfully bumped revision number for resource 5dd93458-0f31-443f-8a2d-db90c2c799b2 (type: ports) to 5
2026-05-06 10:35:01.369 7 INFO neutron.plugins.ml2.drivers.ovn.mech_driver.ovsdb.ovsdb_monitor [None req-bc2f9bb7-532b-4075-a1d6-331065b25fef - - - - - -] Router 65564e74-d95c-4d5a-9cf7-998e1fb3a6d1 is bound to host instance
2026-05-06 10:35:01.395 8 WARNING neutron.scheduler.dhcp_agent_scheduler [None req-b492facf-c76e-42c5-8456-be4f1a1598fa a7093a4e0cd94679af256d8eba8bcdcf 2cf9a58929234db9aa980cde56c37a23 - - default default] No more DHCP agents
2026-05-06 10:35:01.397 8 WARNING neutron.api.rpc.agentnotifiers.dhcp_rpc_agent_api [None req-b492facf-c76e-42c5-8456-be4f1a1598fa a7093a4e0cd94679af256d8eba8bcdcf 2cf9a58929234db9aa980cde56c37a23 - - default default] Unable to schedule network 40e5ea39-e017-49bb-bf92-2645bd855940: no agents available; will retry on subsequent port and subnet creation events.
2026-05-06 10:35:01.512 7 INFO neutron.plugins.ml2.drivers.ovn.mech_driver.mech_driver [None req-0a1748c6-5d90-49dd-9707-b4058e05ef20 - - - - - -] OVN reports status up for port: 5dd93458-0f31-443f-8a2d-db90c2c799b2
2026-05-06 10:35:01.525 8 INFO neutron.db.ovn_revision_numbers_db [None req-b492facf-c76e-42c5-8456-be4f1a1598fa a7093a4e0cd94679af256d8eba8bcdcf 2cf9a58929234db9aa980cde56c37a23 - - default default] Successfully bumped revision number for resource 3a299f91-7b4a-4520-83ef-50c7962ea73b (type: ports) to 1
2026-05-06 10:35:01.562 7 INFO neutron.plugins.ml2.plugin [None req-0a1748c6-5d90-49dd-9707-b4058e05ef20 - - - - - -] Attempt 1 to provision port 5dd93458-0f31-443f-8a2d-db90c2c799b2
2026-05-06 10:35:01.784 7 INFO neutron.plugins.ml2.drivers.ovn.mech_driver.mech_driver [None req-0a1748c6-5d90-49dd-9707-b4058e05ef20 - - - - - -] OVN reports status down for port: 382c2cfc-657f-4d3e-90f3-733ca6c61269
2026-05-06 10:35:01.965 7 WARNING neutron.scheduler.dhcp_agent_scheduler [None req-31db41c4-fe72-4879-b3e7-39aca3e1b757 a7093a4e0cd94679af256d8eba8bcdcf 2cf9a58929234db9aa980cde56c37a23 - - default default] No more DHCP agents
2026-05-06 10:35:01.968 7 WARNING neutron.api.rpc.agentnotifiers.dhcp_rpc_agent_api [None req-31db41c4-fe72-4879-b3e7-39aca3e1b757 a7093a4e0cd94679af256d8eba8bcdcf 2cf9a58929234db9aa980cde56c37a23 - - default default] Unable to schedule network 6a44fdcd-fb96-4364-8092-ef45556785ad: no agents available; will retry on subsequent port and subnet creation events.
2026-05-06 10:35:02.179 7 INFO neutron.db.ovn_revision_numbers_db [None req-31db41c4-fe72-4879-b3e7-39aca3e1b757 a7093a4e0cd94679af256d8eba8bcdcf 2cf9a58929234db9aa980cde56c37a23 - - default default] Successfully bumped revision number for resource b9c39dd5-106c-4224-9967-dcc07936076d (type: ports) to 1
2026-05-06 10:35:02.186 8 WARNING neutron.scheduler.dhcp_agent_scheduler [None req-b492facf-c76e-42c5-8456-be4f1a1598fa a7093a4e0cd94679af256d8eba8bcdcf 2cf9a58929234db9aa980cde56c37a23 - - default default] No more DHCP agents
2026-05-06 10:35:02.187 8 WARNING neutron.api.rpc.agentnotifiers.dhcp_rpc_agent_api [None req-b492facf-c76e-42c5-8456-be4f1a1598fa a7093a4e0cd94679af256d8eba8bcdcf 2cf9a58929234db9aa980cde56c37a23 - - default default] Unable to schedule network 40e5ea39-e017-49bb-bf92-2645bd855940: no agents available; will retry on subsequent port and subnet creation events.
2026-05-06 10:35:02.575 7 WARNING neutron.plugins.ml2.drivers.ovn.mech_driver.ovsdb.ovn_client [None req-0a1748c6-5d90-49dd-9707-b4058e05ef20 - - - - - -] Logical_Switch_Port 382c2cfc-657f-4d3e-90f3-733ca6c61269 host information not removed, the port state is up
2026-05-06 10:35:02.577 7 INFO neutron.plugins.ml2.drivers.ovn.mech_driver.mech_driver [None req-0a1748c6-5d90-49dd-9707-b4058e05ef20 - - - - - -] OVN reports status up for port: 382c2cfc-657f-4d3e-90f3-733ca6c61269
2026-05-06 10:35:02.643 8 INFO neutron.db.ovn_revision_numbers_db [None req-b492facf-c76e-42c5-8456-be4f1a1598fa a7093a4e0cd94679af256d8eba8bcdcf 2cf9a58929234db9aa980cde56c37a23 - - default default] Successfully bumped revision number for resource 3a299f91-7b4a-4520-83ef-50c7962ea73b (type: router_ports) to 1 [pid: 8|app: 0|req: 288/582] 10.0.0.184 () {34 vars in 783 bytes} [Wed May 6 10:35:00 2026] PUT /v2.0/routers/bb54475a-eb35-4820-bc91-45a8706bd04c/add_router_interface => generated 310 bytes in 2026 msecs (HTTP/1.1 200) 4 headers in 157 bytes (1 switches on core 0) [pid: 8|app: 0|req: 289/583] 10.0.0.171 () {28 vars in 599 bytes} [Wed May 6 10:35:02 2026] GET /v2.0/security-groups => generated 29001 bytes in 42 msecs (HTTP/1.1 200) 4 headers in 159 bytes (1 switches on core 0)
2026-05-06 10:35:02.832 7 INFO neutron.plugins.ml2.plugin [None req-0a1748c6-5d90-49dd-9707-b4058e05ef20 - - - - - -] Attempt 1 to provision port 382c2cfc-657f-4d3e-90f3-733ca6c61269
2026-05-06 10:35:03.128 8 WARNING neutron.scheduler.dhcp_agent_scheduler [None req-282fb516-8414-4bdd-82dc-190884d79f07 a7093a4e0cd94679af256d8eba8bcdcf 2cf9a58929234db9aa980cde56c37a23 - - default default] No more DHCP agents
2026-05-06 10:35:03.129 8 WARNING neutron.api.rpc.agentnotifiers.dhcp_rpc_agent_api [None req-282fb516-8414-4bdd-82dc-190884d79f07 a7093a4e0cd94679af256d8eba8bcdcf 2cf9a58929234db9aa980cde56c37a23 - - default default] Unable to schedule network 30d1f446-caf7-4c1c-b7f7-6e11d44b03d2: no agents available; will retry on subsequent port and subnet creation events.
2026-05-06 10:35:03.263 8 INFO neutron.db.ovn_revision_numbers_db [None req-282fb516-8414-4bdd-82dc-190884d79f07 a7093a4e0cd94679af256d8eba8bcdcf 2cf9a58929234db9aa980cde56c37a23 - - default default] Successfully bumped revision number for resource 6aa8ce5b-5d5c-4fab-a864-c4a2e52e1fc6 (type: ports) to 1
2026-05-06 10:35:03.557 7 INFO neutron.db.ovn_revision_numbers_db [None req-dd2efbc4-620f-4691-a5fc-55912f7f2bcf - - - - - -] Successfully bumped revision number for resource 382c2cfc-657f-4d3e-90f3-733ca6c61269 (type: ports) to 4
2026-05-06 10:35:03.938 7 INFO neutron.db.ovn_revision_numbers_db [None req-0a1748c6-5d90-49dd-9707-b4058e05ef20 - - - - - -] Successfully bumped revision number for resource 382c2cfc-657f-4d3e-90f3-733ca6c61269 (type: ports) to 5
2026-05-06 10:35:03.960 8 WARNING neutron.scheduler.dhcp_agent_scheduler [None req-282fb516-8414-4bdd-82dc-190884d79f07 a7093a4e0cd94679af256d8eba8bcdcf 2cf9a58929234db9aa980cde56c37a23 - - default default] No more DHCP agents
2026-05-06 10:35:03.961 8 WARNING neutron.api.rpc.agentnotifiers.dhcp_rpc_agent_api [None req-282fb516-8414-4bdd-82dc-190884d79f07 a7093a4e0cd94679af256d8eba8bcdcf 2cf9a58929234db9aa980cde56c37a23 - - default default] Unable to schedule network 30d1f446-caf7-4c1c-b7f7-6e11d44b03d2: no agents available; will retry on subsequent port and subnet creation events.
2026-05-06 10:35:04.074 7 WARNING neutron.scheduler.dhcp_agent_scheduler [None req-31db41c4-fe72-4879-b3e7-39aca3e1b757 a7093a4e0cd94679af256d8eba8bcdcf 2cf9a58929234db9aa980cde56c37a23 - - default default] No more DHCP agents
2026-05-06 10:35:04.076 7 WARNING neutron.api.rpc.agentnotifiers.dhcp_rpc_agent_api [None req-31db41c4-fe72-4879-b3e7-39aca3e1b757 a7093a4e0cd94679af256d8eba8bcdcf 2cf9a58929234db9aa980cde56c37a23 - - default default] Unable to schedule network 6a44fdcd-fb96-4364-8092-ef45556785ad: no agents available; will retry on subsequent port and subnet creation events.
2026-05-06 10:35:04.082 7 INFO neutron.plugins.ml2.drivers.ovn.mech_driver.mech_driver [None req-34e26ea8-1860-456c-a911-65938ac3544f - - - - - -] OVN reports status down for port: 3a299f91-7b4a-4520-83ef-50c7962ea73b
2026-05-06 10:35:04.202 7 WARNING neutron.plugins.ml2.drivers.ovn.mech_driver.ovsdb.ovn_client [None req-34e26ea8-1860-456c-a911-65938ac3544f - - - - - -] Logical_Switch_Port 3a299f91-7b4a-4520-83ef-50c7962ea73b host information not removed, the port state is up
2026-05-06 10:35:04.203 7 INFO neutron.plugins.ml2.drivers.ovn.mech_driver.mech_driver [None req-34e26ea8-1860-456c-a911-65938ac3544f - - - - - -] OVN reports status down for port: b9c39dd5-106c-4224-9967-dcc07936076d
2026-05-06 10:35:04.317 7 WARNING neutron.plugins.ml2.drivers.ovn.mech_driver.ovsdb.ovn_client [None req-34e26ea8-1860-456c-a911-65938ac3544f - - - - - -] Logical_Switch_Port b9c39dd5-106c-4224-9967-dcc07936076d host information not removed, the port state is up
2026-05-06 10:35:04.317 7 INFO neutron.plugins.ml2.drivers.ovn.mech_driver.mech_driver [None req-34e26ea8-1860-456c-a911-65938ac3544f - - - - - -] OVN reports status up for port: 3a299f91-7b4a-4520-83ef-50c7962ea73b
2026-05-06 10:35:04.344 7 INFO neutron.plugins.ml2.plugin [None req-34e26ea8-1860-456c-a911-65938ac3544f - - - - - -] Attempt 1 to provision port 3a299f91-7b4a-4520-83ef-50c7962ea73b
2026-05-06 10:35:04.482 8 INFO neutron.db.ovn_revision_numbers_db [None req-282fb516-8414-4bdd-82dc-190884d79f07 a7093a4e0cd94679af256d8eba8bcdcf 2cf9a58929234db9aa980cde56c37a23 - - default default] Successfully bumped revision number for resource 6aa8ce5b-5d5c-4fab-a864-c4a2e52e1fc6 (type: router_ports) to 1 [pid: 8|app: 0|req: 290/584] 10.0.0.184 () {34 vars in 783 bytes} [Wed May 6 10:35:02 2026] PUT /v2.0/routers/65564e74-d95c-4d5a-9cf7-998e1fb3a6d1/add_router_interface => generated 310 bytes in 1799 msecs (HTTP/1.1 200) 4 headers in 157 bytes (1 switches on core 0)
2026-05-06 10:35:04.490 8 INFO neutron.common.ovn.utils [None req-14a02a1e-70f2-4b8c-8094-0dff7ab960a1 - - - - - -] HA Chassis Group neutron-30d1f446-caf7-4c1c-b7f7-6e11d44b03d2 synchronized; highest priority chassis 38338bd4-e986-4d76-b177-8ece51acf10c
2026-05-06 10:35:04.652 8 WARNING neutron.scheduler.dhcp_agent_scheduler [None req-1ecdbd12-783a-48b2-a9ac-569d8b179b6c a7093a4e0cd94679af256d8eba8bcdcf 2cf9a58929234db9aa980cde56c37a23 - - default default] No more DHCP agents
2026-05-06 10:35:04.653 8 WARNING neutron.api.rpc.agentnotifiers.dhcp_rpc_agent_api [None req-1ecdbd12-783a-48b2-a9ac-569d8b179b6c a7093a4e0cd94679af256d8eba8bcdcf 2cf9a58929234db9aa980cde56c37a23 - - default default] Unable to schedule network 8e67ccd7-dc19-411c-b143-67207c22eafc: no agents available; will retry on subsequent port and subnet creation events.
2026-05-06 10:35:05.044 7 INFO neutron.db.ovn_revision_numbers_db [None req-31db41c4-fe72-4879-b3e7-39aca3e1b757 a7093a4e0cd94679af256d8eba8bcdcf 2cf9a58929234db9aa980cde56c37a23 - - default default] Successfully bumped revision number for resource b9c39dd5-106c-4224-9967-dcc07936076d (type: router_ports) to 1 [pid: 7|app: 0|req: 295/585] 10.0.0.184 () {34 vars in 783 bytes} [Wed May 6 10:35:00 2026] PUT /v2.0/routers/151a13e6-0d96-44cc-82b9-b8a4c1a4bcf2/add_router_interface => generated 310 bytes in 4076 msecs (HTTP/1.1 200) 4 headers in 157 bytes (1 switches on core 0)
2026-05-06 10:35:05.097 8 INFO neutron.db.ovn_revision_numbers_db [None req-1ecdbd12-783a-48b2-a9ac-569d8b179b6c a7093a4e0cd94679af256d8eba8bcdcf 2cf9a58929234db9aa980cde56c37a23 - - default default] Successfully bumped revision number for resource b7ec1b6a-2693-4356-a894-1f4d4531b028 (type: ports) to 2
2026-05-06 10:35:05.143 8 INFO neutron.db.ovn_revision_numbers_db [None req-1ecdbd12-783a-48b2-a9ac-569d8b179b6c a7093a4e0cd94679af256d8eba8bcdcf 2cf9a58929234db9aa980cde56c37a23 - - default default] Successfully bumped revision number for resource 6ca2ea78-79c1-46b0-b3fd-f0f1df101acc (type: subnets) to 0 [pid: 8|app: 0|req: 291/586] 10.0.0.184 () {34 vars in 669 bytes} [Wed May 6 10:35:04 2026] POST /v2.0/subnets => generated 691 bytes in 676 msecs (HTTP/1.1 201) 4 headers in 162 bytes (1 switches on core 0) [pid: 7|app: 0|req: 296/587] 10.0.0.171 () {28 vars in 583 bytes} [Wed May 6 10:35:05 2026] GET /v2.0/routers => generated 2987 bytes in 183 msecs (HTTP/1.1 200) 4 headers in 158 bytes (1 switches on core 0)
2026-05-06 10:35:05.294 7 INFO neutron.db.ovn_revision_numbers_db [None req-34e26ea8-1860-456c-a911-65938ac3544f - - - - - -] Successfully bumped revision number for resource 3a299f91-7b4a-4520-83ef-50c7962ea73b (type: ports) to 2
2026-05-06 10:35:05.299 8 INFO neutron.db.ovn_revision_numbers_db [None req-fdd3c17f-0562-46e0-9146-87ecd262591a a4af916a7454421e84aba5364d5fad9c d3a08946ad1b42faac3ee9b2c3fb78b8 - - default default] Successfully bumped revision number for resource e35ca05e-007c-4a00-b928-98ee9c64e774 (type: security_groups) to 1
