May 08 03:22:11.305604 np0000172649 neutron-periodic-workers[104989]: DEBUG cotyledon.oslo_config_glue [-] network_log.rate_limit = 100 {{(pid=104989) log_opt_values /opt/stack/data/venv/lib/python3.12/site-packages/oslo_config/cfg.py:3006}}
May 08 03:22:11.305692 np0000172649 neutron-periodic-workers[104989]: DEBUG cotyledon.oslo_config_glue [-] database.asyncio_connection = **** {{(pid=104989) log_opt_values /opt/stack/data/venv/lib/python3.12/site-packages/oslo_config/cfg.py:3006}}
May 08 03:22:11.305733 np0000172649 neutron-periodic-workers[104989]: DEBUG cotyledon.oslo_config_glue [-] database.asyncio_slave_connection = **** {{(pid=104989) log_opt_values /opt/stack/data/venv/lib/python3.12/site-packages/oslo_config/cfg.py:3006}}
May 08 03:22:11.305802 np0000172649 neutron-periodic-workers[104989]: DEBUG cotyledon.oslo_config_glue [-] database.backend = sqlalchemy {{(pid=104989) log_opt_values /opt/stack/data/venv/lib/python3.12/site-packages/oslo_config/cfg.py:3006}}
May 08 03:22:11.305853 np0000172649 neutron-periodic-workers[104989]: DEBUG cotyledon.oslo_config_glue [-] database.connection = **** {{(pid=104989) log_opt_values /opt/stack/data/venv/lib/python3.12/site-packages/oslo_config/cfg.py:3006}}
May 08 03:22:11.305892 np0000172649 neutron-periodic-workers[104989]: DEBUG cotyledon.oslo_config_glue [-] database.connection_debug = 0 {{(pid=104989) log_opt_values /opt/stack/data/venv/lib/python3.12/site-packages/oslo_config/cfg.py:3006}}
May 08 03:22:11.305968 np0000172649 neutron-periodic-workers[104989]: DEBUG cotyledon.oslo_config_glue [-] database.connection_parameters = {{(pid=104989) log_opt_values /opt/stack/data/venv/lib/python3.12/site-packages/oslo_config/cfg.py:3006}}
May 08 03:22:11.306039 np0000172649 neutron-periodic-workers[104989]: DEBUG cotyledon.oslo_config_glue [-] database.connection_recycle_time = 3600 {{(pid=104989) log_opt_values /opt/stack/data/venv/lib/python3.12/site-packages/oslo_config/cfg.py:3006}}
May 08 03:22:11.306080 np0000172649 neutron-periodic-workers[104989]: DEBUG cotyledon.oslo_config_glue [-] database.connection_trace = False {{(pid=104989) log_opt_values /opt/stack/data/venv/lib/python3.12/site-packages/oslo_config/cfg.py:3006}}
May 08 03:22:11.306119 np0000172649 neutron-periodic-workers[104989]: DEBUG cotyledon.oslo_config_glue [-] database.db_inc_retry_interval = True {{(pid=104989) log_opt_values /opt/stack/data/venv/lib/python3.12/site-packages/oslo_config/cfg.py:3006}}
May 08 03:22:11.306167 np0000172649 neutron-periodic-workers[104989]: DEBUG cotyledon.oslo_config_glue [-] database.db_max_retries = 20 {{(pid=104989) log_opt_values /opt/stack/data/venv/lib/python3.12/site-packages/oslo_config/cfg.py:3006}}
May 08 03:22:11.306205 np0000172649 neutron-periodic-workers[104989]: DEBUG cotyledon.oslo_config_glue [-] database.db_max_retry_interval = 10 {{(pid=104989) log_opt_values /opt/stack/data/venv/lib/python3.12/site-packages/oslo_config/cfg.py:3006}}
May 08 03:22:11.306243 np0000172649 neutron-periodic-workers[104989]: DEBUG cotyledon.oslo_config_glue [-] database.db_retry_interval = 1 {{(pid=104989) log_opt_values /opt/stack/data/venv/lib/python3.12/site-packages/oslo_config/cfg.py:3006}}
May 08 03:22:11.306295 np0000172649 neutron-periodic-workers[104989]: DEBUG cotyledon.oslo_config_glue [-] database.max_overflow = 50 {{(pid=104989) log_opt_values /opt/stack/data/venv/lib/python3.12/site-packages/oslo_config/cfg.py:3006}}
May 08 03:22:11.306334 np0000172649 neutron-periodic-workers[104989]: DEBUG cotyledon.oslo_config_glue [-] database.max_pool_size = 5 {{(pid=104989) log_opt_values /opt/stack/data/venv/lib/python3.12/site-packages/oslo_config/cfg.py:3006}}
May 08 03:22:11.306377 np0000172649 neutron-periodic-workers[104989]: DEBUG cotyledon.oslo_config_glue [-] database.max_retries = 10 {{(pid=104989) log_opt_values /opt/stack/data/venv/lib/python3.12/site-packages/oslo_config/cfg.py:3006}}
May 08 03:22:11.306416 np0000172649 neutron-periodic-workers[104989]: DEBUG cotyledon.oslo_config_glue [-] database.mysql_sql_mode = TRADITIONAL {{(pid=104989) log_opt_values /opt/stack/data/venv/lib/python3.12/site-packages/oslo_config/cfg.py:3006}}
May 08 03:22:11.306475 np0000172649 neutron-periodic-workers[104989]: DEBUG cotyledon.oslo_config_glue [-] database.mysql_wsrep_sync_wait = None {{(pid=104989) log_opt_values /opt/stack/data/venv/lib/python3.12/site-packages/oslo_config/cfg.py:3006}}
May 08 03:22:11.306522 np0000172649 neutron-periodic-workers[104989]: DEBUG cotyledon.oslo_config_glue [-] database.pool_timeout = None {{(pid=104989) log_opt_values /opt/stack/data/venv/lib/python3.12/site-packages/oslo_config/cfg.py:3006}}
May 08 03:22:11.306562 np0000172649 neutron-periodic-workers[104989]: DEBUG cotyledon.oslo_config_glue [-] database.retry_interval = 10 {{(pid=104989) log_opt_values /opt/stack/data/venv/lib/python3.12/site-packages/oslo_config/cfg.py:3006}}
May 08 03:22:11.306610 np0000172649 neutron-periodic-workers[104989]: DEBUG cotyledon.oslo_config_glue [-] database.slave_connection = **** {{(pid=104989) log_opt_values /opt/stack/data/venv/lib/python3.12/site-packages/oslo_config/cfg.py:3006}}
May 08 03:22:11.306655 np0000172649 neutron-periodic-workers[104989]: DEBUG cotyledon.oslo_config_glue [-] database.sqlite_synchronous = True {{(pid=104989) log_opt_values /opt/stack/data/venv/lib/python3.12/site-packages/oslo_config/cfg.py:3006}}
May 08 03:22:11.306694 np0000172649 neutron-periodic-workers[104989]: DEBUG cotyledon.oslo_config_glue [-] database.synchronous_reader = True {{(pid=104989) log_opt_values /opt/stack/data/venv/lib/python3.12/site-packages/oslo_config/cfg.py:3006}}
May 08 03:22:11.306751 np0000172649 neutron-periodic-workers[104989]: DEBUG cotyledon.oslo_config_glue [-] database.use_db_reconnect = False {{(pid=104989) log_opt_values /opt/stack/data/venv/lib/python3.12/site-packages/oslo_config/cfg.py:3006}}
May 08 03:22:11.306834 np0000172649 neutron-periodic-workers[104989]: DEBUG cotyledon.oslo_config_glue [-] ovn.bfd_min_rx = 1000 {{(pid=104989) log_opt_values /opt/stack/data/venv/lib/python3.12/site-packages/oslo_config/cfg.py:3006}}
May 08 03:22:11.306882 np0000172649 neutron-periodic-workers[104989]: DEBUG cotyledon.oslo_config_glue [-] ovn.bfd_min_tx = 100 {{(pid=104989) log_opt_values /opt/stack/data/venv/lib/python3.12/site-packages/oslo_config/cfg.py:3006}}
May 08 03:22:11.306922 np0000172649 neutron-periodic-workers[104989]: DEBUG cotyledon.oslo_config_glue [-] ovn.bfd_mult = 3 {{(pid=104989) log_opt_values /opt/stack/data/venv/lib/python3.12/site-packages/oslo_config/cfg.py:3006}}
May 08 03:22:11.306986 np0000172649 neutron-periodic-workers[104989]: DEBUG cotyledon.oslo_config_glue [-] ovn.broadcast_arps_to_all_routers = True {{(pid=104989) log_opt_values /opt/stack/data/venv/lib/python3.12/site-packages/oslo_config/cfg.py:3006}}
May 08 03:22:11.307025 np0000172649 neutron-periodic-workers[104989]: DEBUG cotyledon.oslo_config_glue [-] ovn.dhcp_default_lease_time = 43200 {{(pid=104989) log_opt_values /opt/stack/data/venv/lib/python3.12/site-packages/oslo_config/cfg.py:3006}}
May 08 03:22:11.307063 np0000172649 neutron-periodic-workers[104989]: DEBUG cotyledon.oslo_config_glue [-] ovn.disable_ovn_dhcp_for_baremetal_ports = False {{(pid=104989) log_opt_values /opt/stack/data/venv/lib/python3.12/site-packages/oslo_config/cfg.py:3006}}
May 08 03:22:11.307101 np0000172649 neutron-periodic-workers[104989]: DEBUG cotyledon.oslo_config_glue [-] ovn.dns_records_ovn_owned = False {{(pid=104989) log_opt_values /opt/stack/data/venv/lib/python3.12/site-packages/oslo_config/cfg.py:3006}}
May 08 03:22:11.307145 np0000172649 neutron-periodic-workers[104989]: DEBUG cotyledon.oslo_config_glue [-] ovn.dns_servers = [] {{(pid=104989) log_opt_values /opt/stack/data/venv/lib/python3.12/site-packages/oslo_config/cfg.py:3006}}
May 08 03:22:11.307215 np0000172649 neutron-periodic-workers[104989]: DEBUG cotyledon.oslo_config_glue [-] ovn.enable_distributed_floating_ip = False {{(pid=104989) log_opt_values /opt/stack/data/venv/lib/python3.12/site-packages/oslo_config/cfg.py:3006}}
May 08 03:22:11.307256 np0000172649 neutron-periodic-workers[104989]: DEBUG cotyledon.oslo_config_glue [-] ovn.fdb_age_threshold = 300 {{(pid=104989) log_opt_values /opt/stack/data/venv/lib/python3.12/site-packages/oslo_config/cfg.py:3006}}
May 08 03:22:11.307302 np0000172649 neutron-periodic-workers[104989]: DEBUG cotyledon.oslo_config_glue [-] ovn.ha_failover_strategy = normal {{(pid=104989) log_opt_values /opt/stack/data/venv/lib/python3.12/site-packages/oslo_config/cfg.py:3006}}
May 08 03:22:11.307342 np0000172649 neutron-periodic-workers[104989]: DEBUG cotyledon.oslo_config_glue [-] ovn.live_migration_activation_strategy = rarp {{(pid=104989) log_opt_values /opt/stack/data/venv/lib/python3.12/site-packages/oslo_config/cfg.py:3006}}
May 08 03:22:11.307381 np0000172649 neutron-periodic-workers[104989]: DEBUG cotyledon.oslo_config_glue [-] ovn.localnet_learn_fdb = False {{(pid=104989) log_opt_values /opt/stack/data/venv/lib/python3.12/site-packages/oslo_config/cfg.py:3006}}
May 08 03:22:11.307419 np0000172649 neutron-periodic-workers[104989]: DEBUG cotyledon.oslo_config_glue [-] ovn.mac_binding_age_threshold = 300 {{(pid=104989) log_opt_values /opt/stack/data/venv/lib/python3.12/site-packages/oslo_config/cfg.py:3006}}
May 08 03:22:11.307488 np0000172649 neutron-periodic-workers[104989]: DEBUG cotyledon.oslo_config_glue [-] ovn.neutron_sync_mode = log {{(pid=104989) log_opt_values /opt/stack/data/venv/lib/python3.12/site-packages/oslo_config/cfg.py:3006}}
May 08 03:22:11.307536 np0000172649 neutron-periodic-workers[104989]: DEBUG cotyledon.oslo_config_glue [-] ovn.ovn_dhcp4_global_options = {} {{(pid=104989) log_opt_values /opt/stack/data/venv/lib/python3.12/site-packages/oslo_config/cfg.py:3006}}
May 08 03:22:11.307574 np0000172649 neutron-periodic-workers[104989]: DEBUG cotyledon.oslo_config_glue [-] ovn.ovn_dhcp6_global_options = {} {{(pid=104989) log_opt_values /opt/stack/data/venv/lib/python3.12/site-packages/oslo_config/cfg.py:3006}}
May 08 03:22:11.307613 np0000172649 neutron-periodic-workers[104989]: DEBUG cotyledon.oslo_config_glue [-] ovn.ovn_l3_scheduler = leastloaded {{(pid=104989) log_opt_values /opt/stack/data/venv/lib/python3.12/site-packages/oslo_config/cfg.py:3006}}
May 08 03:22:11.307658 np0000172649 neutron-periodic-workers[104989]: DEBUG cotyledon.oslo_config_glue [-] ovn.ovn_metadata_enabled = True {{(pid=104989) log_opt_values /opt/stack/data/venv/lib/python3.12/site-packages/oslo_config/cfg.py:3006}}
May 08 03:22:11.307702 np0000172649 neutron-periodic-workers[104989]: DEBUG cotyledon.oslo_config_glue [-] ovn.ovn_nb_ca_cert = /opt/stack/data/CA/int-ca/ca-chain.pem {{(pid=104989) log_opt_values /opt/stack/data/venv/lib/python3.12/site-packages/oslo_config/cfg.py:3006}}
May 08 03:22:11.307741 np0000172649 neutron-periodic-workers[104989]: DEBUG cotyledon.oslo_config_glue [-] ovn.ovn_nb_certificate = /opt/stack/data/CA/int-ca/devstack-cert.crt {{(pid=104989) log_opt_values /opt/stack/data/venv/lib/python3.12/site-packages/oslo_config/cfg.py:3006}}
May 08 03:22:11.307820 np0000172649 neutron-periodic-workers[104989]: DEBUG cotyledon.oslo_config_glue [-] ovn.ovn_nb_connection = ['ssl:199.204.45.144:6641'] {{(pid=104989) log_opt_values /opt/stack/data/venv/lib/python3.12/site-packages/oslo_config/cfg.py:3006}}
May 08 03:22:11.307865 np0000172649 neutron-periodic-workers[104989]: DEBUG cotyledon.oslo_config_glue [-] ovn.ovn_nb_private_key = /opt/stack/data/CA/int-ca/private/devstack-cert.key {{(pid=104989) log_opt_values /opt/stack/data/venv/lib/python3.12/site-packages/oslo_config/cfg.py:3006}}
May 08 03:22:11.307904 np0000172649 neutron-periodic-workers[104989]: DEBUG cotyledon.oslo_config_glue [-] ovn.ovn_router_indirect_snat = False {{(pid=104989) log_opt_values /opt/stack/data/venv/lib/python3.12/site-packages/oslo_config/cfg.py:3006}}
May 08 03:22:11.307956 np0000172649 neutron-periodic-workers[104989]: DEBUG cotyledon.oslo_config_glue [-] ovn.ovn_sb_ca_cert = /opt/stack/data/CA/int-ca/ca-chain.pem {{(pid=104989) log_opt_values /opt/stack/data/venv/lib/python3.12/site-packages/oslo_config/cfg.py:3006}}
May 08 03:22:11.308006 np0000172649 neutron-periodic-workers[104989]: DEBUG cotyledon.oslo_config_glue [-] ovn.ovn_sb_certificate = /opt/stack/data/CA/int-ca/devstack-cert.crt {{(pid=104989) log_opt_values /opt/stack/data/venv/lib/python3.12/site-packages/oslo_config/cfg.py:3006}}
May 08 03:22:11.308100 np0000172649 neutron-periodic-workers[104989]: DEBUG cotyledon.oslo_config_glue [-] ovn.ovn_sb_connection = ['ssl:199.204.45.144:6642'] {{(pid=104989) log_opt_values /opt/stack/data/venv/lib/python3.12/site-packages/oslo_config/cfg.py:3006}}
May 08 03:22:11.308100 np0000172649 neutron-periodic-workers[104989]: DEBUG cotyledon.oslo_config_glue [-] ovn.ovn_sb_private_key = /opt/stack/data/CA/int-ca/private/devstack-cert.key {{(pid=104989) log_opt_values /opt/stack/data/venv/lib/python3.12/site-packages/oslo_config/cfg.py:3006}}
May 08 03:22:11.308187 np0000172649 neutron-periodic-workers[104989]: DEBUG cotyledon.oslo_config_glue [-] ovn.ovs_create_tap = False {{(pid=104989) log_opt_values /opt/stack/data/venv/lib/python3.12/site-packages/oslo_config/cfg.py:3006}}
May 08 03:22:11.308187 np0000172649 neutron-periodic-workers[104989]: DEBUG cotyledon.oslo_config_glue [-] ovn.ovsdb_connection_timeout = 180 {{(pid=104989) log_opt_values /opt/stack/data/venv/lib/python3.12/site-packages/oslo_config/cfg.py:3006}}
May 08 03:22:11.308259 np0000172649 neutron-periodic-workers[104989]: DEBUG cotyledon.oslo_config_glue [-] ovn.ovsdb_log_level = INFO {{(pid=104989) log_opt_values /opt/stack/data/venv/lib/python3.12/site-packages/oslo_config/cfg.py:3006}}
May 08 03:22:11.308298 np0000172649 neutron-periodic-workers[104989]: DEBUG cotyledon.oslo_config_glue [-] ovn.ovsdb_probe_interval = 60000 {{(pid=104989) log_opt_values /opt/stack/data/venv/lib/python3.12/site-packages/oslo_config/cfg.py:3006}}
May 08 03:22:11.308336 np0000172649 neutron-periodic-workers[104989]: DEBUG cotyledon.oslo_config_glue [-] ovn.ovsdb_retry_max_interval = 180 {{(pid=104989) log_opt_values /opt/stack/data/venv/lib/python3.12/site-packages/oslo_config/cfg.py:3006}}
May 08 03:22:11.308382 np0000172649 neutron-periodic-workers[104989]: DEBUG cotyledon.oslo_config_glue [-] ovn.stateless_nat_enabled = False {{(pid=104989) log_opt_values /opt/stack/data/venv/lib/python3.12/site-packages/oslo_config/cfg.py:3006}}
May 08 03:22:11.308420 np0000172649 neutron-periodic-workers[104989]: DEBUG cotyledon.oslo_config_glue [-] ovn.vhost_sock_dir = /var/run/openvswitch {{(pid=104989) log_opt_values /opt/stack/data/venv/lib/python3.12/site-packages/oslo_config/cfg.py:3006}}
May 08 03:22:11.308492 np0000172649 neutron-periodic-workers[104989]: DEBUG cotyledon.oslo_config_glue [-] OVS.bridge_mac_table_size = 50000 {{(pid=104989) log_opt_values /opt/stack/data/venv/lib/python3.12/site-packages/oslo_config/cfg.py:3006}}
May 08 03:22:11.308534 np0000172649 neutron-periodic-workers[104989]: DEBUG cotyledon.oslo_config_glue [-] OVS.igmp_flood = False {{(pid=104989) log_opt_values /opt/stack/data/venv/lib/python3.12/site-packages/oslo_config/cfg.py:3006}}
May 08 03:22:11.308580 np0000172649 neutron-periodic-workers[104989]: DEBUG cotyledon.oslo_config_glue [-] OVS.igmp_flood_reports = True {{(pid=104989) log_opt_values /opt/stack/data/venv/lib/python3.12/site-packages/oslo_config/cfg.py:3006}}
May 08 03:22:11.308619 np0000172649 neutron-periodic-workers[104989]: DEBUG cotyledon.oslo_config_glue [-] OVS.igmp_flood_unregistered = False {{(pid=104989) log_opt_values /opt/stack/data/venv/lib/python3.12/site-packages/oslo_config/cfg.py:3006}}
May 08 03:22:11.308663 np0000172649 neutron-periodic-workers[104989]: DEBUG cotyledon.oslo_config_glue [-] OVS.igmp_snooping_enable = False {{(pid=104989) log_opt_values /opt/stack/data/venv/lib/python3.12/site-packages/oslo_config/cfg.py:3006}}
May 08 03:22:11.308703 np0000172649 neutron-periodic-workers[104989]: DEBUG cotyledon.oslo_config_glue [-] OVS.ovsdb_timeout = 10 {{(pid=104989) log_opt_values /opt/stack/data/venv/lib/python3.12/site-packages/oslo_config/cfg.py:3006}}
May 08 03:22:11.308791 np0000172649 neutron-periodic-workers[104989]: DEBUG cotyledon.oslo_config_glue [-] ovn_nb_global.fdb_removal_limit = 0 {{(pid=104989) log_opt_values /opt/stack/data/venv/lib/python3.12/site-packages/oslo_config/cfg.py:3006}}
May 08 03:22:11.308832 np0000172649 neutron-periodic-workers[104989]: DEBUG cotyledon.oslo_config_glue [-] ovn_nb_global.ignore_lsp_down = False {{(pid=104989) log_opt_values /opt/stack/data/venv/lib/python3.12/site-packages/oslo_config/cfg.py:3006}}
May 08 03:22:11.308871 np0000172649 neutron-periodic-workers[104989]: DEBUG cotyledon.oslo_config_glue [-] ovn_nb_global.mac_binding_removal_limit = 0 {{(pid=104989) log_opt_values /opt/stack/data/venv/lib/python3.12/site-packages/oslo_config/cfg.py:3006}}
May 08 03:22:11.308916 np0000172649 neutron-periodic-workers[104989]: DEBUG cotyledon.oslo_config_glue [-] ******************************************************************************** {{(pid=104989) log_opt_values /opt/stack/data/venv/lib/python3.12/site-packages/oslo_config/cfg.py:3013}}
May 08 03:22:11.309149 np0000172649 neutron-periodic-workers[104989]: DEBUG cotyledon._service_worker [-] Run service ServiceWrapper(0) [104989] {{(pid=104989) wait_forever /opt/stack/data/venv/lib/python3.12/site-packages/cotyledon/_service_worker.py:218}}
May 08 03:22:20.920054 np0000172649 neutron-periodic-workers[104220]: DEBUG dbcounter [-] [104220] Writing DB stats neutron:SELECT=4 {{(pid=104220) stat_writer /opt/stack/data/venv/lib/python3.12/site-packages/dbcounter.py:115}}
May 08 03:23:23.282608 np0000172649 neutron-periodic-workers[104971]: DEBUG oslo_db.sqlalchemy.engines [None req-451c8e37-f71a-4003-8abc-559672225f57 None None] Parent process 104220 forked (104971) with an open database connection, which is being discarded and recreated. {{(pid=104971) checkout /opt/stack/data/venv/lib/python3.12/site-packages/oslo_db/sqlalchemy/engines.py:402}}
May 08 03:23:23.290440 np0000172649 neutron-periodic-workers[104971]: DEBUG dbcounter [-] [104971] Writer thread running {{(pid=104971) stat_writer /opt/stack/data/venv/lib/python3.12/site-packages/dbcounter.py:102}}
May 08 03:23:23.298376 np0000172649 neutron-periodic-workers[104971]: DEBUG oslo.service.backend._threading.loopingcall [None req-451c8e37-f71a-4003-8abc-559672225f57 None None] Fixed interval looping call 'neutron.plugins.ml2.plugin.DhcpAgentSchedulerDbMixin.remove_networks_from_down_agents' sleeping for 36.98 seconds {{(pid=104971) _run_loop /opt/stack/data/venv/lib/python3.12/site-packages/oslo_service/backend/_threading/loopingcall.py:125}}
May 08 03:23:23.312465 np0000172649 neutron-periodic-workers[104981]: DEBUG dbcounter [-] [104981] Writer thread running {{(pid=104981) stat_writer /opt/stack/data/venv/lib/python3.12/site-packages/dbcounter.py:102}}
May 08 03:23:23.316068 np0000172649 neutron-periodic-workers[104981]: DEBUG neutron.db.agents_db [None req-79acb5fb-ef30-4a08-9c16-15901c80b96b None None] Agent healthcheck: found 0 active agents {{(pid=104981) agent_health_check /opt/stack/neutron/neutron/db/agents_db.py:322}}
May 08 03:23:23.316239 np0000172649 neutron-periodic-workers[104981]: DEBUG oslo.service.backend._threading.loopingcall [None req-79acb5fb-ef30-4a08-9c16-15901c80b96b None None] Fixed interval looping call 'neutron.plugins.ml2.plugin.AgentDbMixin.agent_health_check' sleeping for 36.98 seconds {{(pid=104981) _run_loop /opt/stack/data/venv/lib/python3.12/site-packages/oslo_service/backend/_threading/loopingcall.py:125}}
May 08 03:23:33.298201 np0000172649 neutron-periodic-workers[104971]: DEBUG dbcounter [-] [104971] Writing DB stats neutron:SELECT=3 {{(pid=104971) stat_writer /opt/stack/data/venv/lib/python3.12/site-packages/dbcounter.py:115}}
May 08 03:23:33.313647 np0000172649 neutron-periodic-workers[104981]: DEBUG dbcounter [-] [104981] Writing DB stats neutron:SELECT=1 {{(pid=104981) stat_writer /opt/stack/data/venv/lib/python3.12/site-packages/dbcounter.py:115}}
May 08 03:24:00.292535 np0000172649 neutron-periodic-workers[104971]: DEBUG oslo.service.backend._threading.loopingcall [None req-451c8e37-f71a-4003-8abc-559672225f57 None None] Fixed interval looping call 'neutron.plugins.ml2.plugin.DhcpAgentSchedulerDbMixin.remove_networks_from_down_agents' sleeping for 36.99 seconds {{(pid=104971) _run_loop /opt/stack/data/venv/lib/python3.12/site-packages/oslo_service/backend/_threading/loopingcall.py:125}}
May 08 03:24:00.301179 np0000172649 neutron-periodic-workers[104981]: DEBUG neutron.db.agents_db [None req-79acb5fb-ef30-4a08-9c16-15901c80b96b None None] Agent healthcheck: found 0 active agents {{(pid=104981) agent_health_check /opt/stack/neutron/neutron/db/agents_db.py:322}}
May 08 03:24:00.301751 np0000172649 neutron-periodic-workers[104981]: DEBUG oslo.service.backend._threading.loopingcall [None req-79acb5fb-ef30-4a08-9c16-15901c80b96b None None] Fixed interval looping call 'neutron.plugins.ml2.plugin.AgentDbMixin.agent_health_check' sleeping for 37.00 seconds {{(pid=104981) _run_loop /opt/stack/data/venv/lib/python3.12/site-packages/oslo_service/backend/_threading/loopingcall.py:125}}
May 08 03:24:10.288628 np0000172649 neutron-periodic-workers[104971]: DEBUG dbcounter [-] [104971] Writing DB stats neutron:SELECT=3 {{(pid=104971) stat_writer /opt/stack/data/venv/lib/python3.12/site-packages/dbcounter.py:115}}
May 08 03:24:10.299380 np0000172649 neutron-periodic-workers[104981]: DEBUG dbcounter [-] [104981] Writing DB stats neutron:SELECT=1 {{(pid=104981) stat_writer /opt/stack/data/venv/lib/python3.12/site-packages/dbcounter.py:115}}
May 08 03:24:11.328129 np0000172649 neutron-periodic-workers[104989]: DEBUG dbcounter [-] [104989] Writer thread running {{(pid=104989) stat_writer /opt/stack/data/venv/lib/python3.12/site-packages/dbcounter.py:102}}
May 08 03:24:11.330146 np0000172649 neutron-periodic-workers[104989]: DEBUG oslo.service.backend._threading.loopingcall [None req-2f2653d7-1afe-4705-a5db-cf7d56bf040b None None] Fixed interval looping call 'neutron.db.quota.driver_nolock.DbQuotaNoLockDriver._remove_expired_reservations' sleeping for 119.98 seconds {{(pid=104989) _run_loop /opt/stack/data/venv/lib/python3.12/site-packages/oslo_service/backend/_threading/loopingcall.py:125}}
May 08 03:24:21.328614 np0000172649 neutron-periodic-workers[104989]: DEBUG dbcounter [-] [104989] Writing DB stats neutron:DELETE=1 {{(pid=104989) stat_writer /opt/stack/data/venv/lib/python3.12/site-packages/dbcounter.py:115}}
May 08 03:24:31.282445 np0000172649 neutron-periodic-workers[104964]: DEBUG dbcounter [-] [104964] Writer thread running {{(pid=104964) stat_writer /opt/stack/data/venv/lib/python3.12/site-packages/dbcounter.py:102}}
May 08 03:24:31.297425 np0000172649 neutron-periodic-workers[104964]: DEBUG oslo.service.backend._threading.loopingcall [None req-d2e8f0d9-6bd6-4adb-b0c1-8d108bd96904 None None] Fixed interval looping call 'neutron.services.ovn_l3.plugin.L3_NAT_dbonly_mixin._clean_garbage' sleeping for 299.96 seconds {{(pid=104964) _run_loop /opt/stack/data/venv/lib/python3.12/site-packages/oslo_service/backend/_threading/loopingcall.py:125}}
May 08 03:24:37.294351 np0000172649 neutron-periodic-workers[104971]: DEBUG oslo.service.backend._threading.loopingcall [None req-451c8e37-f71a-4003-8abc-559672225f57 None None] Fixed interval looping call 'neutron.plugins.ml2.plugin.DhcpAgentSchedulerDbMixin.remove_networks_from_down_agents' sleeping for 36.99 seconds {{(pid=104971) _run_loop /opt/stack/data/venv/lib/python3.12/site-packages/oslo_service/backend/_threading/loopingcall.py:125}}
May 08 03:24:37.307210 np0000172649 neutron-periodic-workers[104981]: DEBUG neutron.db.agents_db [None req-79acb5fb-ef30-4a08-9c16-15901c80b96b None None] Agent healthcheck: found 0 active agents {{(pid=104981) agent_health_check /opt/stack/neutron/neutron/db/agents_db.py:322}}
May 08 03:24:37.307565 np0000172649 neutron-periodic-workers[104981]: DEBUG oslo.service.backend._threading.loopingcall [None req-79acb5fb-ef30-4a08-9c16-15901c80b96b None None] Fixed interval looping call 'neutron.plugins.ml2.plugin.AgentDbMixin.agent_health_check' sleeping for 36.99 seconds {{(pid=104981) _run_loop /opt/stack/data/venv/lib/python3.12/site-packages/oslo_service/backend/_threading/loopingcall.py:125}}
May 08 03:24:41.284014 np0000172649 neutron-periodic-workers[104964]: DEBUG dbcounter [-] [104964] Writing DB stats neutron:SELECT=1 {{(pid=104964) stat_writer /opt/stack/data/venv/lib/python3.12/site-packages/dbcounter.py:115}}
May 08 03:24:47.291459 np0000172649 neutron-periodic-workers[104971]: DEBUG dbcounter [-] [104971] Writing DB stats neutron:SELECT=3 {{(pid=104971) stat_writer /opt/stack/data/venv/lib/python3.12/site-packages/dbcounter.py:115}}
May 08 03:24:47.305085 np0000172649 neutron-periodic-workers[104981]: DEBUG dbcounter [-] [104981] Writing DB stats neutron:SELECT=1 {{(pid=104981) stat_writer /opt/stack/data/venv/lib/python3.12/site-packages/dbcounter.py:115}}
May 08 03:25:14.292965 np0000172649 neutron-periodic-workers[104971]: DEBUG oslo.service.backend._threading.loopingcall [None req-451c8e37-f71a-4003-8abc-559672225f57 None None] Fixed interval looping call 'neutron.plugins.ml2.plugin.DhcpAgentSchedulerDbMixin.remove_networks_from_down_agents' sleeping for 36.99 seconds {{(pid=104971) _run_loop /opt/stack/data/venv/lib/python3.12/site-packages/oslo_service/backend/_threading/loopingcall.py:125}}
May 08 03:25:14.303418 np0000172649 neutron-periodic-workers[104981]: DEBUG neutron.db.agents_db [None req-79acb5fb-ef30-4a08-9c16-15901c80b96b None None] Agent healthcheck: found 0 active agents {{(pid=104981) agent_health_check /opt/stack/neutron/neutron/db/agents_db.py:322}}
May 08 03:25:14.303882 np0000172649 neutron-periodic-workers[104981]: DEBUG oslo.service.backend._threading.loopingcall [None req-79acb5fb-ef30-4a08-9c16-15901c80b96b None None] Fixed interval looping call 'neutron.plugins.ml2.plugin.AgentDbMixin.agent_health_check' sleeping for 36.99 seconds {{(pid=104981) _run_loop /opt/stack/data/venv/lib/python3.12/site-packages/oslo_service/backend/_threading/loopingcall.py:125}}
May 08 03:25:24.293367 np0000172649 neutron-periodic-workers[104971]: DEBUG dbcounter [-] [104971] Writing DB stats neutron:SELECT=3 {{(pid=104971) stat_writer /opt/stack/data/venv/lib/python3.12/site-packages/dbcounter.py:115}}
May 08 03:25:24.300467 np0000172649 neutron-periodic-workers[104981]: DEBUG dbcounter [-] [104981] Writing DB stats neutron:SELECT=1 {{(pid=104981) stat_writer /opt/stack/data/venv/lib/python3.12/site-packages/dbcounter.py:115}}
May 08 03:25:51.294110 np0000172649 neutron-periodic-workers[104971]: DEBUG oslo.service.backend._threading.loopingcall [None req-451c8e37-f71a-4003-8abc-559672225f57 None None] Fixed interval looping call 'neutron.plugins.ml2.plugin.DhcpAgentSchedulerDbMixin.remove_networks_from_down_agents' sleeping for 36.99 seconds {{(pid=104971) _run_loop /opt/stack/data/venv/lib/python3.12/site-packages/oslo_service/backend/_threading/loopingcall.py:125}}
May 08 03:25:51.299369 np0000172649 neutron-periodic-workers[104981]: DEBUG neutron.db.agents_db [None req-79acb5fb-ef30-4a08-9c16-15901c80b96b None None] Agent healthcheck: found 0 active agents {{(pid=104981) agent_health_check /opt/stack/neutron/neutron/db/agents_db.py:322}}
May 08 03:25:51.299728 np0000172649 neutron-periodic-workers[104981]: DEBUG oslo.service.backend._threading.loopingcall [None req-79acb5fb-ef30-4a08-9c16-15901c80b96b None None] Fixed interval looping call 'neutron.plugins.ml2.plugin.AgentDbMixin.agent_health_check' sleeping for 36.99 seconds {{(pid=104981) _run_loop /opt/stack/data/venv/lib/python3.12/site-packages/oslo_service/backend/_threading/loopingcall.py:125}}
May 08 03:26:01.292071 np0000172649 neutron-periodic-workers[104971]: DEBUG dbcounter [-] [104971] Writing DB stats neutron:SELECT=3 {{(pid=104971) stat_writer /opt/stack/data/venv/lib/python3.12/site-packages/dbcounter.py:115}}
May 08 03:26:01.301313 np0000172649 neutron-periodic-workers[104981]: DEBUG dbcounter [-] [104981] Writing DB stats neutron:SELECT=1 {{(pid=104981) stat_writer /opt/stack/data/venv/lib/python3.12/site-packages/dbcounter.py:115}}
May 08 03:26:11.316091 np0000172649 neutron-periodic-workers[104989]: DEBUG oslo.service.backend._threading.loopingcall [None req-2f2653d7-1afe-4705-a5db-cf7d56bf040b None None] Fixed interval looping call 'neutron.db.quota.driver_nolock.DbQuotaNoLockDriver._remove_expired_reservations' sleeping for 119.99 seconds {{(pid=104989) _run_loop /opt/stack/data/venv/lib/python3.12/site-packages/oslo_service/backend/_threading/loopingcall.py:125}}
May 08 03:26:21.315369 np0000172649 neutron-periodic-workers[104989]: DEBUG dbcounter [-] [104989] Writing DB stats neutron:DELETE=1 {{(pid=104989) stat_writer /opt/stack/data/venv/lib/python3.12/site-packages/dbcounter.py:115}}
May 08 03:26:28.293269 np0000172649 neutron-periodic-workers[104971]: DEBUG oslo.service.backend._threading.loopingcall [None req-451c8e37-f71a-4003-8abc-559672225f57 None None] Fixed interval looping call 'neutron.plugins.ml2.plugin.DhcpAgentSchedulerDbMixin.remove_networks_from_down_agents' sleeping for 36.99 seconds {{(pid=104971) _run_loop /opt/stack/data/venv/lib/python3.12/site-packages/oslo_service/backend/_threading/loopingcall.py:125}}
May 08 03:26:28.295696 np0000172649 neutron-periodic-workers[104981]: DEBUG neutron.db.agents_db [None req-79acb5fb-ef30-4a08-9c16-15901c80b96b None None] Agent healthcheck: found 0 active agents {{(pid=104981) agent_health_check /opt/stack/neutron/neutron/db/agents_db.py:322}}
May 08 03:26:28.295696 np0000172649 neutron-periodic-workers[104981]: DEBUG oslo.service.backend._threading.loopingcall [None req-79acb5fb-ef30-4a08-9c16-15901c80b96b None None] Fixed interval looping call 'neutron.plugins.ml2.plugin.AgentDbMixin.agent_health_check' sleeping for 36.99 seconds {{(pid=104981) _run_loop /opt/stack/data/venv/lib/python3.12/site-packages/oslo_service/backend/_threading/loopingcall.py:125}}
May 08 03:26:38.292445 np0000172649 neutron-periodic-workers[104971]: DEBUG dbcounter [-] [104971] Writing DB stats neutron:SELECT=3 {{(pid=104971) stat_writer /opt/stack/data/venv/lib/python3.12/site-packages/dbcounter.py:115}}
May 08 03:26:38.293611 np0000172649 neutron-periodic-workers[104981]: DEBUG dbcounter [-] [104981] Writing DB stats neutron:SELECT=1 {{(pid=104981) stat_writer /opt/stack/data/venv/lib/python3.12/site-packages/dbcounter.py:115}}
May 08 03:27:05.293227 np0000172649 neutron-periodic-workers[104981]: DEBUG neutron.db.agents_db [None req-79acb5fb-ef30-4a08-9c16-15901c80b96b None None] Agent healthcheck: found 0 active agents {{(pid=104981) agent_health_check /opt/stack/neutron/neutron/db/agents_db.py:322}}
May 08 03:27:05.293815 np0000172649 neutron-periodic-workers[104981]: DEBUG oslo.service.backend._threading.loopingcall [None req-79acb5fb-ef30-4a08-9c16-15901c80b96b None None] Fixed interval looping call 'neutron.plugins.ml2.plugin.AgentDbMixin.agent_health_check' sleeping for 36.99 seconds {{(pid=104981) _run_loop /opt/stack/data/venv/lib/python3.12/site-packages/oslo_service/backend/_threading/loopingcall.py:125}}
May 08 03:27:05.297121 np0000172649 neutron-periodic-workers[104971]: DEBUG oslo.service.backend._threading.loopingcall [None req-451c8e37-f71a-4003-8abc-559672225f57 None None] Fixed interval looping call 'neutron.plugins.ml2.plugin.DhcpAgentSchedulerDbMixin.remove_networks_from_down_agents' sleeping for 36.99 seconds {{(pid=104971) _run_loop /opt/stack/data/venv/lib/python3.12/site-packages/oslo_service/backend/_threading/loopingcall.py:125}}
May 08 03:27:15.291087 np0000172649 neutron-periodic-workers[104981]: DEBUG dbcounter [-] [104981] Writing DB stats neutron:SELECT=1 {{(pid=104981) stat_writer /opt/stack/data/venv/lib/python3.12/site-packages/dbcounter.py:115}}
May 08 03:27:15.296404 np0000172649 neutron-periodic-workers[104971]: DEBUG dbcounter [-] [104971] Writing DB stats neutron:SELECT=3 {{(pid=104971) stat_writer /opt/stack/data/venv/lib/python3.12/site-packages/dbcounter.py:115}}
May 08 03:27:42.287563 np0000172649 neutron-periodic-workers[104981]: DEBUG neutron.db.agents_db [None req-79acb5fb-ef30-4a08-9c16-15901c80b96b None None] Agent healthcheck: found 0 active agents {{(pid=104981) agent_health_check /opt/stack/neutron/neutron/db/agents_db.py:322}}
May 08 03:27:42.288537 np0000172649 neutron-periodic-workers[104981]: DEBUG oslo.service.backend._threading.loopingcall [None req-79acb5fb-ef30-4a08-9c16-15901c80b96b None None] Fixed interval looping call 'neutron.plugins.ml2.plugin.AgentDbMixin.agent_health_check' sleeping for 37.00 seconds {{(pid=104981) _run_loop /opt/stack/data/venv/lib/python3.12/site-packages/oslo_service/backend/_threading/loopingcall.py:125}}
May 08 03:27:42.298934 np0000172649 neutron-periodic-workers[104971]: DEBUG oslo.service.backend._threading.loopingcall [None req-451c8e37-f71a-4003-8abc-559672225f57 None None] Fixed interval looping call 'neutron.plugins.ml2.plugin.DhcpAgentSchedulerDbMixin.remove_networks_from_down_agents' sleeping for 36.99 seconds {{(pid=104971) _run_loop /opt/stack/data/venv/lib/python3.12/site-packages/oslo_service/backend/_threading/loopingcall.py:125}}
May 08 03:27:52.288027 np0000172649 neutron-periodic-workers[104981]: DEBUG dbcounter [-] [104981] Writing DB stats neutron:SELECT=1 {{(pid=104981) stat_writer /opt/stack/data/venv/lib/python3.12/site-packages/dbcounter.py:115}}
May 08 03:27:52.296922 np0000172649 neutron-periodic-workers[104971]: DEBUG dbcounter [-] [104971] Writing DB stats neutron:SELECT=3 {{(pid=104971) stat_writer /opt/stack/data/venv/lib/python3.12/site-packages/dbcounter.py:115}}
May 08 03:28:11.312014 np0000172649 neutron-periodic-workers[104989]: DEBUG oslo.service.backend._threading.loopingcall [None req-2f2653d7-1afe-4705-a5db-cf7d56bf040b None None] Fixed interval looping call 'neutron.db.quota.driver_nolock.DbQuotaNoLockDriver._remove_expired_reservations' sleeping for 119.99 seconds {{(pid=104989) _run_loop /opt/stack/data/venv/lib/python3.12/site-packages/oslo_service/backend/_threading/loopingcall.py:125}}
May 08 03:28:19.293601 np0000172649 neutron-periodic-workers[104981]: DEBUG neutron.db.agents_db [None req-79acb5fb-ef30-4a08-9c16-15901c80b96b None None] Agent healthcheck: found 0 active agents {{(pid=104981) agent_health_check /opt/stack/neutron/neutron/db/agents_db.py:322}}
May 08 03:28:19.294301 np0000172649 neutron-periodic-workers[104981]: DEBUG oslo.service.backend._threading.loopingcall [None req-79acb5fb-ef30-4a08-9c16-15901c80b96b None None] Fixed interval looping call 'neutron.plugins.ml2.plugin.AgentDbMixin.agent_health_check' sleeping for 36.99 seconds {{(pid=104981) _run_loop /opt/stack/data/venv/lib/python3.12/site-packages/oslo_service/backend/_threading/loopingcall.py:125}}
May 08 03:28:19.298800 np0000172649 neutron-periodic-workers[104971]: DEBUG oslo.service.backend._threading.loopingcall [None req-451c8e37-f71a-4003-8abc-559672225f57 None None] Fixed interval looping call 'neutron.plugins.ml2.plugin.DhcpAgentSchedulerDbMixin.remove_networks_from_down_agents' sleeping for 36.99 seconds {{(pid=104971) _run_loop /opt/stack/data/venv/lib/python3.12/site-packages/oslo_service/backend/_threading/loopingcall.py:125}}
May 08 03:28:21.310385 np0000172649 neutron-periodic-workers[104989]: DEBUG dbcounter [-] [104989] Writing DB stats neutron:DELETE=1 {{(pid=104989) stat_writer /opt/stack/data/venv/lib/python3.12/site-packages/dbcounter.py:115}}
May 08 03:28:29.291503 np0000172649 neutron-periodic-workers[104981]: DEBUG dbcounter [-] [104981] Writing DB stats neutron:SELECT=1 {{(pid=104981) stat_writer /opt/stack/data/venv/lib/python3.12/site-packages/dbcounter.py:115}}
May 08 03:28:29.298057 np0000172649 neutron-periodic-workers[104971]: DEBUG dbcounter [-] [104971] Writing DB stats neutron:SELECT=3 {{(pid=104971) stat_writer /opt/stack/data/venv/lib/python3.12/site-packages/dbcounter.py:115}}
May 08 03:28:56.289293 np0000172649 neutron-periodic-workers[104981]: DEBUG neutron.db.agents_db [None req-79acb5fb-ef30-4a08-9c16-15901c80b96b None None] Agent healthcheck: found 0 active agents {{(pid=104981) agent_health_check /opt/stack/neutron/neutron/db/agents_db.py:322}}
May 08 03:28:56.289293 np0000172649 neutron-periodic-workers[104981]: DEBUG oslo.service.backend._threading.loopingcall [None req-79acb5fb-ef30-4a08-9c16-15901c80b96b None None] Fixed interval looping call 'neutron.plugins.ml2.plugin.AgentDbMixin.agent_health_check' sleeping for 36.99 seconds {{(pid=104981) _run_loop /opt/stack/data/venv/lib/python3.12/site-packages/oslo_service/backend/_threading/loopingcall.py:125}}
May 08 03:28:56.299152 np0000172649 neutron-periodic-workers[104971]: DEBUG oslo.service.backend._threading.loopingcall [None req-451c8e37-f71a-4003-8abc-559672225f57 None None] Fixed interval looping call 'neutron.plugins.ml2.plugin.DhcpAgentSchedulerDbMixin.remove_networks_from_down_agents' sleeping for 36.99 seconds {{(pid=104971) _run_loop /opt/stack/data/venv/lib/python3.12/site-packages/oslo_service/backend/_threading/loopingcall.py:125}}
May 08 03:29:06.287757 np0000172649 neutron-periodic-workers[104981]: DEBUG dbcounter [-] [104981] Writing DB stats neutron:SELECT=1 {{(pid=104981) stat_writer /opt/stack/data/venv/lib/python3.12/site-packages/dbcounter.py:115}}
May 08 03:29:06.297512 np0000172649 neutron-periodic-workers[104971]: DEBUG dbcounter [-] [104971] Writing DB stats neutron:SELECT=3 {{(pid=104971) stat_writer /opt/stack/data/venv/lib/python3.12/site-packages/dbcounter.py:115}}
May 08 03:29:31.270771 np0000172649 neutron-periodic-workers[104964]: DEBUG oslo.service.backend._threading.loopingcall [None req-d2e8f0d9-6bd6-4adb-b0c1-8d108bd96904 None None] Fixed interval looping call 'neutron.services.ovn_l3.plugin.L3_NAT_dbonly_mixin._clean_garbage' sleeping for 299.99 seconds {{(pid=104964) _run_loop /opt/stack/data/venv/lib/python3.12/site-packages/oslo_service/backend/_threading/loopingcall.py:125}}
May 08 03:29:33.284766 np0000172649 neutron-periodic-workers[104981]: DEBUG neutron.db.agents_db [None req-79acb5fb-ef30-4a08-9c16-15901c80b96b None None] Agent healthcheck: found 0 active agents {{(pid=104981) agent_health_check /opt/stack/neutron/neutron/db/agents_db.py:322}}
May 08 03:29:33.285540 np0000172649 neutron-periodic-workers[104981]: DEBUG oslo.service.backend._threading.loopingcall [None req-79acb5fb-ef30-4a08-9c16-15901c80b96b None None] Fixed interval looping call 'neutron.plugins.ml2.plugin.AgentDbMixin.agent_health_check' sleeping for 36.99 seconds {{(pid=104981) _run_loop /opt/stack/data/venv/lib/python3.12/site-packages/oslo_service/backend/_threading/loopingcall.py:125}}
May 08 03:29:33.298052 np0000172649 neutron-periodic-workers[104971]: DEBUG oslo.service.backend._threading.loopingcall [None req-451c8e37-f71a-4003-8abc-559672225f57 None None] Fixed interval looping call 'neutron.plugins.ml2.plugin.DhcpAgentSchedulerDbMixin.remove_networks_from_down_agents' sleeping for 36.99 seconds {{(pid=104971) _run_loop /opt/stack/data/venv/lib/python3.12/site-packages/oslo_service/backend/_threading/loopingcall.py:125}}
May 08 03:29:41.263455 np0000172649 neutron-periodic-workers[104964]: DEBUG dbcounter [-] [104964] Writing DB stats neutron:SELECT=1 {{(pid=104964) stat_writer /opt/stack/data/venv/lib/python3.12/site-packages/dbcounter.py:115}}
May 08 03:29:43.285224 np0000172649 neutron-periodic-workers[104981]: DEBUG dbcounter [-] [104981] Writing DB stats neutron:SELECT=1 {{(pid=104981) stat_writer /opt/stack/data/venv/lib/python3.12/site-packages/dbcounter.py:115}}
May 08 03:29:43.297024 np0000172649 neutron-periodic-workers[104971]: DEBUG dbcounter [-] [104971] Writing DB stats neutron:SELECT=3 {{(pid=104971) stat_writer /opt/stack/data/venv/lib/python3.12/site-packages/dbcounter.py:115}}
May 08 03:30:10.280682 np0000172649 neutron-periodic-workers[104981]: DEBUG neutron.db.agents_db [None req-79acb5fb-ef30-4a08-9c16-15901c80b96b None None] Agent healthcheck: found 0 active agents {{(pid=104981) agent_health_check /opt/stack/neutron/neutron/db/agents_db.py:322}}
May 08 03:30:10.281487 np0000172649 neutron-periodic-workers[104981]: DEBUG oslo.service.backend._threading.loopingcall [None req-79acb5fb-ef30-4a08-9c16-15901c80b96b None None] Fixed interval looping call 'neutron.plugins.ml2.plugin.AgentDbMixin.agent_health_check' sleeping for 36.99 seconds {{(pid=104981) _run_loop /opt/stack/data/venv/lib/python3.12/site-packages/oslo_service/backend/_threading/loopingcall.py:125}}
May 08 03:30:10.298237 np0000172649 neutron-periodic-workers[104971]: DEBUG oslo.service.backend._threading.loopingcall [None req-451c8e37-f71a-4003-8abc-559672225f57 None None] Fixed interval looping call 'neutron.plugins.ml2.plugin.DhcpAgentSchedulerDbMixin.remove_networks_from_down_agents' sleeping for 36.99 seconds {{(pid=104971) _run_loop /opt/stack/data/venv/lib/python3.12/site-packages/oslo_service/backend/_threading/loopingcall.py:125}}
May 08 03:30:11.308872 np0000172649 neutron-periodic-workers[104989]: DEBUG oslo.service.backend._threading.loopingcall [None req-2f2653d7-1afe-4705-a5db-cf7d56bf040b None None] Fixed interval looping call 'neutron.db.quota.driver_nolock.DbQuotaNoLockDriver._remove_expired_reservations' sleeping for 119.99 seconds {{(pid=104989) _run_loop /opt/stack/data/venv/lib/python3.12/site-packages/oslo_service/backend/_threading/loopingcall.py:125}}
May 08 03:30:20.278993 np0000172649 neutron-periodic-workers[104981]: DEBUG dbcounter [-] [104981] Writing DB stats neutron:SELECT=1 {{(pid=104981) stat_writer /opt/stack/data/venv/lib/python3.12/site-packages/dbcounter.py:115}}
May 08 03:30:20.297117 np0000172649 neutron-periodic-workers[104971]: DEBUG dbcounter [-] [104971] Writing DB stats neutron:SELECT=3 {{(pid=104971) stat_writer /opt/stack/data/venv/lib/python3.12/site-packages/dbcounter.py:115}}
May 08 03:30:21.307424 np0000172649 neutron-periodic-workers[104989]: DEBUG dbcounter [-] [104989] Writing DB stats neutron:DELETE=1 {{(pid=104989) stat_writer /opt/stack/data/venv/lib/python3.12/site-packages/dbcounter.py:115}}
May 08 03:30:47.276735 np0000172649 neutron-periodic-workers[104981]: DEBUG neutron.db.agents_db [None req-79acb5fb-ef30-4a08-9c16-15901c80b96b None None] Agent healthcheck: found 0 active agents {{(pid=104981) agent_health_check /opt/stack/neutron/neutron/db/agents_db.py:322}}
May 08 03:30:47.277622 np0000172649 neutron-periodic-workers[104981]: DEBUG oslo.service.backend._threading.loopingcall [None req-79acb5fb-ef30-4a08-9c16-15901c80b96b None None] Fixed interval looping call 'neutron.plugins.ml2.plugin.AgentDbMixin.agent_health_check' sleeping for 36.99 seconds {{(pid=104981) _run_loop /opt/stack/data/venv/lib/python3.12/site-packages/oslo_service/backend/_threading/loopingcall.py:125}}
May 08 03:30:47.295413 np0000172649 neutron-periodic-workers[104971]: DEBUG oslo.service.backend._threading.loopingcall [None req-451c8e37-f71a-4003-8abc-559672225f57 None None] Fixed interval looping call 'neutron.plugins.ml2.plugin.DhcpAgentSchedulerDbMixin.remove_networks_from_down_agents' sleeping for 36.99 seconds {{(pid=104971) _run_loop /opt/stack/data/venv/lib/python3.12/site-packages/oslo_service/backend/_threading/loopingcall.py:125}}
May 08 03:30:57.274678 np0000172649 neutron-periodic-workers[104981]: DEBUG dbcounter [-] [104981] Writing DB stats neutron:SELECT=1 {{(pid=104981) stat_writer /opt/stack/data/venv/lib/python3.12/site-packages/dbcounter.py:115}}
May 08 03:30:57.294471 np0000172649 neutron-periodic-workers[104971]: DEBUG dbcounter [-] [104971] Writing DB stats neutron:SELECT=3 {{(pid=104971) stat_writer /opt/stack/data/venv/lib/python3.12/site-packages/dbcounter.py:115}}
May 08 03:31:24.273429 np0000172649 neutron-periodic-workers[104981]: DEBUG neutron.db.agents_db [None req-79acb5fb-ef30-4a08-9c16-15901c80b96b None None] Agent healthcheck: found 0 active agents {{(pid=104981) agent_health_check /opt/stack/neutron/neutron/db/agents_db.py:322}}
May 08 03:31:24.274136 np0000172649 neutron-periodic-workers[104981]: DEBUG oslo.service.backend._threading.loopingcall [None req-79acb5fb-ef30-4a08-9c16-15901c80b96b None None] Fixed interval looping call 'neutron.plugins.ml2.plugin.AgentDbMixin.agent_health_check' sleeping for 36.99 seconds {{(pid=104981) _run_loop /opt/stack/data/venv/lib/python3.12/site-packages/oslo_service/backend/_threading/loopingcall.py:125}}
May 08 03:31:24.293404 np0000172649 neutron-periodic-workers[104971]: DEBUG oslo.service.backend._threading.loopingcall [None req-451c8e37-f71a-4003-8abc-559672225f57 None None] Fixed interval looping call 'neutron.plugins.ml2.plugin.DhcpAgentSchedulerDbMixin.remove_networks_from_down_agents' sleeping for 36.99 seconds {{(pid=104971) _run_loop /opt/stack/data/venv/lib/python3.12/site-packages/oslo_service/backend/_threading/loopingcall.py:125}}
May 08 03:31:34.270993 np0000172649 neutron-periodic-workers[104981]: DEBUG dbcounter [-] [104981] Writing DB stats neutron:SELECT=1 {{(pid=104981) stat_writer /opt/stack/data/venv/lib/python3.12/site-packages/dbcounter.py:115}}
May 08 03:31:34.292201 np0000172649 neutron-periodic-workers[104971]: DEBUG dbcounter [-] [104971] Writing DB stats neutron:SELECT=3 {{(pid=104971) stat_writer /opt/stack/data/venv/lib/python3.12/site-packages/dbcounter.py:115}}
May 08 03:32:01.274595 np0000172649 neutron-periodic-workers[104981]: DEBUG neutron.db.agents_db [None req-79acb5fb-ef30-4a08-9c16-15901c80b96b None None] Agent healthcheck: found 0 active agents {{(pid=104981) agent_health_check /opt/stack/neutron/neutron/db/agents_db.py:322}}
May 08 03:32:01.275301 np0000172649 neutron-periodic-workers[104981]: DEBUG oslo.service.backend._threading.loopingcall [None req-79acb5fb-ef30-4a08-9c16-15901c80b96b None None] Fixed interval looping call 'neutron.plugins.ml2.plugin.AgentDbMixin.agent_health_check' sleeping for 36.99 seconds {{(pid=104981) _run_loop /opt/stack/data/venv/lib/python3.12/site-packages/oslo_service/backend/_threading/loopingcall.py:125}}
May 08 03:32:01.293701 np0000172649 neutron-periodic-workers[104971]: DEBUG oslo.service.backend._threading.loopingcall [None req-451c8e37-f71a-4003-8abc-559672225f57 None None] Fixed interval looping call 'neutron.plugins.ml2.plugin.DhcpAgentSchedulerDbMixin.remove_networks_from_down_agents' sleeping for 36.99 seconds {{(pid=104971) _run_loop /opt/stack/data/venv/lib/python3.12/site-packages/oslo_service/backend/_threading/loopingcall.py:125}}
May 08 03:32:11.271174 np0000172649 neutron-periodic-workers[104981]: DEBUG dbcounter [-] [104981] Writing DB stats neutron:SELECT=1 {{(pid=104981) stat_writer /opt/stack/data/venv/lib/python3.12/site-packages/dbcounter.py:115}}
May 08 03:32:11.293394 np0000172649 neutron-periodic-workers[104971]: DEBUG dbcounter [-] [104971] Writing DB stats neutron:SELECT=3 {{(pid=104971) stat_writer /opt/stack/data/venv/lib/python3.12/site-packages/dbcounter.py:115}}
May 08 03:32:11.303604 np0000172649 neutron-periodic-workers[104989]: DEBUG oslo.service.backend._threading.loopingcall [None req-2f2653d7-1afe-4705-a5db-cf7d56bf040b None None] Fixed interval looping call 'neutron.db.quota.driver_nolock.DbQuotaNoLockDriver._remove_expired_reservations' sleeping for 120.00 seconds {{(pid=104989) _run_loop /opt/stack/data/venv/lib/python3.12/site-packages/oslo_service/backend/_threading/loopingcall.py:125}}
May 08 03:32:21.302454 np0000172649 neutron-periodic-workers[104989]: DEBUG dbcounter [-] [104989] Writing DB stats neutron:DELETE=1 {{(pid=104989) stat_writer /opt/stack/data/venv/lib/python3.12/site-packages/dbcounter.py:115}}
May 08 03:32:38.269810 np0000172649 neutron-periodic-workers[104981]: DEBUG neutron.db.agents_db [None req-79acb5fb-ef30-4a08-9c16-15901c80b96b None None] Agent healthcheck: found 0 active agents {{(pid=104981) agent_health_check /opt/stack/neutron/neutron/db/agents_db.py:322}}
May 08 03:32:38.269810 np0000172649 neutron-periodic-workers[104981]: DEBUG oslo.service.backend._threading.loopingcall [None req-79acb5fb-ef30-4a08-9c16-15901c80b96b None None] Fixed interval looping call 'neutron.plugins.ml2.plugin.AgentDbMixin.agent_health_check' sleeping for 37.00 seconds {{(pid=104981) _run_loop /opt/stack/data/venv/lib/python3.12/site-packages/oslo_service/backend/_threading/loopingcall.py:125}}
May 08 03:32:38.293466 np0000172649 neutron-periodic-workers[104971]: DEBUG oslo.service.backend._threading.loopingcall [None req-451c8e37-f71a-4003-8abc-559672225f57 None None] Fixed interval looping call 'neutron.plugins.ml2.plugin.DhcpAgentSchedulerDbMixin.remove_networks_from_down_agents' sleeping for 36.99 seconds {{(pid=104971) _run_loop /opt/stack/data/venv/lib/python3.12/site-packages/oslo_service/backend/_threading/loopingcall.py:125}}
May 08 03:32:48.268390 np0000172649 neutron-periodic-workers[104981]: DEBUG dbcounter [-] [104981] Writing DB stats neutron:SELECT=1 {{(pid=104981) stat_writer /opt/stack/data/venv/lib/python3.12/site-packages/dbcounter.py:115}}
May 08 03:32:48.292819 np0000172649 neutron-periodic-workers[104971]: DEBUG dbcounter [-] [104971] Writing DB stats neutron:SELECT=3 {{(pid=104971) stat_writer /opt/stack/data/venv/lib/python3.12/site-packages/dbcounter.py:115}}
May 08 03:33:15.275794 np0000172649 neutron-periodic-workers[104981]: DEBUG neutron.db.agents_db [None req-79acb5fb-ef30-4a08-9c16-15901c80b96b None None] Agent healthcheck: found 0 active agents {{(pid=104981) agent_health_check /opt/stack/neutron/neutron/db/agents_db.py:322}}
