May 08 03:22:10.382158 np0000172649 devstack@neutron-api.service[103234]: DEBUG neutron.manager [None req-28c7990f-a67c-4ba2-a1a0-83de4a4b4a79 None None] Successfully loaded network-ip-availability plugin. Description: Provides IP availability data for each network and subnet. {{(pid=103234) _create_and_add_service_plugin /opt/stack/neutron/neutron/manager.py:239}}
May 08 03:22:10.382314 np0000172649 devstack@neutron-api.service[103234]: INFO neutron.manager [None req-28c7990f-a67c-4ba2-a1a0-83de4a4b4a79 None None] Loading Plugin: flavors
May 08 03:22:10.383156 np0000172649 devstack@neutron-api.service[103234]: DEBUG neutron.manager [None req-28c7990f-a67c-4ba2-a1a0-83de4a4b4a79 None None] Successfully loaded FLAVORS plugin. Description: Neutron Flavors and Service Profiles manager plugin {{(pid=103234) _create_and_add_service_plugin /opt/stack/neutron/neutron/manager.py:239}}
May 08 03:22:10.383277 np0000172649 devstack@neutron-api.service[103234]: INFO neutron.manager [None req-28c7990f-a67c-4ba2-a1a0-83de4a4b4a79 None None] Loading Plugin: revisions
May 08 03:22:10.384215 np0000172649 devstack@neutron-api.service[103234]: DEBUG neutron.manager [None req-28c7990f-a67c-4ba2-a1a0-83de4a4b4a79 None None] Successfully loaded revision_plugin plugin. Description: Adds revision numbers to resources. {{(pid=103234) _create_and_add_service_plugin /opt/stack/neutron/neutron/manager.py:239}}
May 08 03:22:10.384335 np0000172649 devstack@neutron-api.service[103234]: DEBUG oslo_concurrency.lockutils [None req-28c7990f-a67c-4ba2-a1a0-83de4a4b4a79 None None] Lock "manager" "released" by "neutron.manager.NeutronManager._create_instance" :: held 4.826s {{(pid=103234) inner /opt/stack/data/venv/lib/python3.12/site-packages/oslo_concurrency/lockutils.py:538}}
May 08 03:22:10.384581 np0000172649 devstack@neutron-api.service[103234]: DEBUG neutron.api.extensions [None req-28c7990f-a67c-4ba2-a1a0-83de4a4b4a79 None None] get_extension_paths = OrderedDict({'/opt/stack/neutron/neutron/extensions': 1}) {{(pid=103234) get_extensions_path /opt/stack/neutron/neutron/api/extensions.py:640}}
May 08 03:22:10.384703 np0000172649 devstack@neutron-api.service[103234]: INFO neutron.api.extensions [None req-28c7990f-a67c-4ba2-a1a0-83de4a4b4a79 None None] Initializing extension manager.
May 08 03:22:10.384918 np0000172649 devstack@neutron-api.service[103234]: DEBUG neutron.api.extensions [None req-28c7990f-a67c-4ba2-a1a0-83de4a4b4a79 None None] Loading extension file: __init__.py {{(pid=103234) _load_all_extensions_from_path /opt/stack/neutron/neutron/api/extensions.py:449}}
May 08 03:22:10.385107 np0000172649 devstack@neutron-api.service[103234]: DEBUG neutron.api.extensions [None req-28c7990f-a67c-4ba2-a1a0-83de4a4b4a79 None None] Loading extension file: __pycache__ {{(pid=103234) _load_all_extensions_from_path /opt/stack/neutron/neutron/api/extensions.py:449}}
May 08 03:22:10.385167 np0000172649 devstack@neutron-api.service[103234]: DEBUG neutron.api.extensions [None req-28c7990f-a67c-4ba2-a1a0-83de4a4b4a79 None None] Loading extension file: address_group.py {{(pid=103234) _load_all_extensions_from_path /opt/stack/neutron/neutron/api/extensions.py:449}}
May 08 03:22:10.385506 np0000172649 devstack@neutron-api.service[103234]: DEBUG neutron.api.extensions [None req-28c7990f-a67c-4ba2-a1a0-83de4a4b4a79 None None] Ext name="Address group" alias="address-group" description="Support address group" updated="2020-07-15T10:00:00-00:00" {{(pid=103234) _check_extension /opt/stack/neutron/neutron/api/extensions.py:415}}
May 08 03:22:10.385713 np0000172649 devstack@neutron-api.service[103234]: INFO neutron.api.extensions [None req-28c7990f-a67c-4ba2-a1a0-83de4a4b4a79 None None] Loaded extension: address-group
May 08 03:22:10.385825 np0000172649 devstack@neutron-api.service[103234]: DEBUG neutron.api.extensions [None req-28c7990f-a67c-4ba2-a1a0-83de4a4b4a79 None None] Loading extension file: address_scope.py {{(pid=103234) _load_all_extensions_from_path /opt/stack/neutron/neutron/api/extensions.py:449}}
May 08 03:22:10.386146 np0000172649 devstack@neutron-api.service[103234]: DEBUG neutron.api.extensions [None req-28c7990f-a67c-4ba2-a1a0-83de4a4b4a79 None None] Ext name="Address scope" alias="address-scope" description="Address scopes extension." updated="2015-07-26T10:00:00-00:00" {{(pid=103234) _check_extension /opt/stack/neutron/neutron/api/extensions.py:415}}
May 08 03:22:10.386299 np0000172649 devstack@neutron-api.service[103234]: INFO neutron.api.extensions [None req-28c7990f-a67c-4ba2-a1a0-83de4a4b4a79 None None] Loaded extension: address-scope
May 08 03:22:10.386397 np0000172649 devstack@neutron-api.service[103234]: DEBUG neutron.api.extensions [None req-28c7990f-a67c-4ba2-a1a0-83de4a4b4a79 None None] Loading extension file: admin_state_down_before_update.py {{(pid=103234) _load_all_extensions_from_path /opt/stack/neutron/neutron/api/extensions.py:449}}
May 08 03:22:10.386669 np0000172649 devstack@neutron-api.service[103234]: DEBUG neutron.api.extensions [None req-28c7990f-a67c-4ba2-a1a0-83de4a4b4a79 None None] Ext name="Enforce Router's Admin State Down Before Update Extension" alias="router-admin-state-down-before-update" description="Ensure that the admin state of a router is DOWN (admin_state_up=False) before updating the distributed attribute" updated="2019-07-02T15:56:00" {{(pid=103234) _check_extension /opt/stack/neutron/neutron/api/extensions.py:415}}
May 08 03:22:10.386874 np0000172649 devstack@neutron-api.service[103234]: INFO neutron.api.extensions [None req-28c7990f-a67c-4ba2-a1a0-83de4a4b4a79 None None] Extension router-admin-state-down-before-update not supported by any of loaded plugins
May 08 03:22:10.386927 np0000172649 devstack@neutron-api.service[103234]: DEBUG neutron.api.extensions [None req-28c7990f-a67c-4ba2-a1a0-83de4a4b4a79 None None] Loading extension file: agent.py {{(pid=103234) _load_all_extensions_from_path /opt/stack/neutron/neutron/api/extensions.py:449}}
May 08 03:22:10.387201 np0000172649 devstack@neutron-api.service[103234]: DEBUG neutron.api.extensions [None req-28c7990f-a67c-4ba2-a1a0-83de4a4b4a79 None None] Ext name="agent" alias="agent" description="The agent management extension." updated="2013-02-03T10:00:00-00:00" {{(pid=103234) _check_extension /opt/stack/neutron/neutron/api/extensions.py:415}}
May 08 03:22:10.387404 np0000172649 devstack@neutron-api.service[103234]: INFO neutron.api.extensions [None req-28c7990f-a67c-4ba2-a1a0-83de4a4b4a79 None None] Loaded extension: agent
May 08 03:22:10.387531 np0000172649 devstack@neutron-api.service[103234]: DEBUG neutron.api.extensions [None req-28c7990f-a67c-4ba2-a1a0-83de4a4b4a79 None None] Loading extension file: agent_resources_synced.py {{(pid=103234) _load_all_extensions_from_path /opt/stack/neutron/neutron/api/extensions.py:449}}
May 08 03:22:10.387717 np0000172649 devstack@neutron-api.service[103234]: DEBUG neutron.api.extensions [None req-28c7990f-a67c-4ba2-a1a0-83de4a4b4a79 None None] Ext name="Agent's Resource View Synced to Placement" alias="agent-resources-synced" description="Stores success/failure of last sync to Placement" updated="2018-12-19T00:00:00-00:00" {{(pid=103234) _check_extension /opt/stack/neutron/neutron/api/extensions.py:415}}
May 08 03:22:10.387962 np0000172649 devstack@neutron-api.service[103234]: INFO neutron.api.extensions [None req-28c7990f-a67c-4ba2-a1a0-83de4a4b4a79 None None] Extension agent-resources-synced not supported by any of loaded plugins
May 08 03:22:10.387962 np0000172649 devstack@neutron-api.service[103234]: DEBUG neutron.api.extensions [None req-28c7990f-a67c-4ba2-a1a0-83de4a4b4a79 None None] Loading extension file: agent_sort_key.py {{(pid=103234) _load_all_extensions_from_path /opt/stack/neutron/neutron/api/extensions.py:449}}
May 08 03:22:10.388257 np0000172649 devstack@neutron-api.service[103234]: DEBUG neutron.api.extensions [None req-28c7990f-a67c-4ba2-a1a0-83de4a4b4a79 None None] Ext name="Agents Sort Key" alias="agent_sort_key" description="Enabling the keyword sort_key for sorting in agents." updated="2013-02-03T10:00:00-00:00" {{(pid=103234) _check_extension /opt/stack/neutron/neutron/api/extensions.py:415}}
May 08 03:22:10.388418 np0000172649 devstack@neutron-api.service[103234]: INFO neutron.api.extensions [None req-28c7990f-a67c-4ba2-a1a0-83de4a4b4a79 None None] Extension agent_sort_key not supported by any of loaded plugins
May 08 03:22:10.388476 np0000172649 devstack@neutron-api.service[103234]: DEBUG neutron.api.extensions [None req-28c7990f-a67c-4ba2-a1a0-83de4a4b4a79 None None] Loading extension file: allowedaddresspairs.py {{(pid=103234) _load_all_extensions_from_path /opt/stack/neutron/neutron/api/extensions.py:449}}
May 08 03:22:10.389161 np0000172649 devstack@neutron-api.service[103234]: DEBUG neutron.api.extensions [None req-28c7990f-a67c-4ba2-a1a0-83de4a4b4a79 None None] Ext name="Allowed Address Pairs" alias="allowed-address-pairs" description="Provides allowed address pairs" updated="2013-07-23T10:00:00-00:00" {{(pid=103234) _check_extension /opt/stack/neutron/neutron/api/extensions.py:415}}
May 08 03:22:10.389341 np0000172649 devstack@neutron-api.service[103234]: INFO neutron.api.extensions [None req-28c7990f-a67c-4ba2-a1a0-83de4a4b4a79 None None] Loaded extension: allowed-address-pairs
May 08 03:22:10.389435 np0000172649 devstack@neutron-api.service[103234]: DEBUG neutron.api.extensions [None req-28c7990f-a67c-4ba2-a1a0-83de4a4b4a79 None None] Loading extension file: auto_allocated_topology.py {{(pid=103234) _load_all_extensions_from_path /opt/stack/neutron/neutron/api/extensions.py:449}}
May 08 03:22:10.389590 np0000172649 devstack@neutron-api.service[103235]: INFO neutron.plugins.ml2.drivers.type_vlan [None req-a819e6f3-3216-4960-8fb6-b19b40806eb1 None None] VlanTypeDriver initialization complete
May 08 03:22:10.389857 np0000172649 devstack@neutron-api.service[103234]: DEBUG neutron.api.extensions [None req-28c7990f-a67c-4ba2-a1a0-83de4a4b4a79 None None] Ext name="Auto Allocated Topology Services" alias="auto-allocated-topology" description="Auto Allocated Topology Services." updated="2016-01-01T00:00:00-00:00" {{(pid=103234) _check_extension /opt/stack/neutron/neutron/api/extensions.py:415}}
May 08 03:22:10.390004 np0000172649 devstack@neutron-api.service[103235]: INFO neutron.plugins.ml2.managers [None req-a819e6f3-3216-4960-8fb6-b19b40806eb1 None None] Initializing extension driver 'port_security'
May 08 03:22:10.390055 np0000172649 devstack@neutron-api.service[103234]: INFO neutron.api.extensions [None req-28c7990f-a67c-4ba2-a1a0-83de4a4b4a79 None None] Loaded extension: auto-allocated-topology
May 08 03:22:10.390088 np0000172649 devstack@neutron-api.service[103235]: INFO neutron.plugins.ml2.extensions.port_security [None req-a819e6f3-3216-4960-8fb6-b19b40806eb1 None None] PortSecurityExtensionDriver initialization complete
May 08 03:22:10.390145 np0000172649 devstack@neutron-api.service[103234]: DEBUG neutron.api.extensions [None req-28c7990f-a67c-4ba2-a1a0-83de4a4b4a79 None None] Loading extension file: availability_zone.py {{(pid=103234) _load_all_extensions_from_path /opt/stack/neutron/neutron/api/extensions.py:449}}
May 08 03:22:10.390174 np0000172649 devstack@neutron-api.service[103235]: INFO neutron.plugins.ml2.managers [None req-a819e6f3-3216-4960-8fb6-b19b40806eb1 None None] Initializing extension driver 'qos'
May 08 03:22:10.390174 np0000172649 devstack@neutron-api.service[103235]: DEBUG neutron.plugins.ml2.extensions.qos [None req-a819e6f3-3216-4960-8fb6-b19b40806eb1 None None] QosExtensionDriver initialization complete {{(pid=103235) initialize /opt/stack/neutron/neutron/plugins/ml2/extensions/qos.py:31}}
May 08 03:22:10.390268 np0000172649 devstack@neutron-api.service[103235]: INFO neutron.plugins.ml2.managers [None req-a819e6f3-3216-4960-8fb6-b19b40806eb1 None None] Initializing mechanism driver 'ovn'
May 08 03:22:10.390293 np0000172649 devstack@neutron-api.service[103234]: DEBUG neutron.api.extensions [None req-28c7990f-a67c-4ba2-a1a0-83de4a4b4a79 None None] Ext name="Availability Zone" alias="availability_zone" description="The availability zone extension." updated="2015-01-01T10:00:00-00:00" {{(pid=103234) _check_extension /opt/stack/neutron/neutron/api/extensions.py:415}}
May 08 03:22:10.390350 np0000172649 devstack@neutron-api.service[103235]: INFO neutron.plugins.ml2.drivers.ovn.mech_driver.mech_driver [None req-a819e6f3-3216-4960-8fb6-b19b40806eb1 None None] Starting OVNMechanismDriver
May 08 03:22:10.390660 np0000172649 devstack@neutron-api.service[103234]: INFO neutron.api.extensions [None req-28c7990f-a67c-4ba2-a1a0-83de4a4b4a79 None None] Loaded extension: availability_zone
May 08 03:22:10.390660 np0000172649 devstack@neutron-api.service[103234]: DEBUG neutron.api.extensions [None req-28c7990f-a67c-4ba2-a1a0-83de4a4b4a79 None None] Loading extension file: availability_zone_filter.py {{(pid=103234) _load_all_extensions_from_path /opt/stack/neutron/neutron/api/extensions.py:449}}
May 08 03:22:10.390961 np0000172649 devstack@neutron-api.service[103234]: DEBUG neutron.api.extensions [None req-28c7990f-a67c-4ba2-a1a0-83de4a4b4a79 None None] Ext name="Availability Zone Filter Extension" alias="availability_zone_filter" description="Add filter parameters to AvailabilityZone resource" updated="2018-06-22T10:00:00-00:00" {{(pid=103234) _check_extension /opt/stack/neutron/neutron/api/extensions.py:415}}
May 08 03:22:10.390961 np0000172649 devstack@neutron-api.service[103234]: INFO neutron.api.extensions [None req-28c7990f-a67c-4ba2-a1a0-83de4a4b4a79 None None] Extension availability_zone_filter not supported by any of loaded plugins
May 08 03:22:10.391238 np0000172649 devstack@neutron-api.service[103234]: DEBUG neutron.api.extensions [None req-28c7990f-a67c-4ba2-a1a0-83de4a4b4a79 None None] Loading extension file: data_plane_status.py {{(pid=103234) _load_all_extensions_from_path /opt/stack/neutron/neutron/api/extensions.py:449}}
May 08 03:22:10.391238 np0000172649 devstack@neutron-api.service[103234]: DEBUG neutron.api.extensions [None req-28c7990f-a67c-4ba2-a1a0-83de4a4b4a79 None None] Ext name="Port data plane status extension" alias="data-plane-status" description="Expose status of underlying data plane" updated="2017-01-24T10:00:00-00:00" {{(pid=103234) _check_extension /opt/stack/neutron/neutron/api/extensions.py:415}}
May 08 03:22:10.391677 np0000172649 devstack@neutron-api.service[103234]: INFO neutron.api.extensions [None req-28c7990f-a67c-4ba2-a1a0-83de4a4b4a79 None None] Extension data-plane-status not supported by any of loaded plugins
May 08 03:22:10.391677 np0000172649 devstack@neutron-api.service[103234]: DEBUG neutron.api.extensions [None req-28c7990f-a67c-4ba2-a1a0-83de4a4b4a79 None None] Loading extension file: default_subnetpools.py {{(pid=103234) _load_all_extensions_from_path /opt/stack/neutron/neutron/api/extensions.py:449}}
May 08 03:22:10.391954 np0000172649 devstack@neutron-api.service[103234]: DEBUG neutron.api.extensions [None req-28c7990f-a67c-4ba2-a1a0-83de4a4b4a79 None None] Ext name="Default Subnetpools" alias="default-subnetpools" description="Provides ability to mark and use a subnetpool as the default." updated="2016-02-18T18:00:00-00:00" {{(pid=103234) _check_extension /opt/stack/neutron/neutron/api/extensions.py:415}}
May 08 03:22:10.391954 np0000172649 devstack@neutron-api.service[103234]: INFO neutron.api.extensions [None req-28c7990f-a67c-4ba2-a1a0-83de4a4b4a79 None None] Loaded extension: default-subnetpools
May 08 03:22:10.392284 np0000172649 devstack@neutron-api.service[103234]: DEBUG neutron.api.extensions [None req-28c7990f-a67c-4ba2-a1a0-83de4a4b4a79 None None] Loading extension file: dhcpagentscheduler.py {{(pid=103234) _load_all_extensions_from_path /opt/stack/neutron/neutron/api/extensions.py:449}}
May 08 03:22:10.392535 np0000172649 devstack@neutron-api.service[103234]: DEBUG neutron.api.extensions [None req-28c7990f-a67c-4ba2-a1a0-83de4a4b4a79 None None] Ext name="DHCP Agent Scheduler" alias="dhcp_agent_scheduler" description="Schedule networks among dhcp agents" updated="2013-02-07T10:00:00-00:00" {{(pid=103234) _check_extension /opt/stack/neutron/neutron/api/extensions.py:415}}
May 08 03:22:10.392746 np0000172649 devstack@neutron-api.service[103234]: INFO neutron.api.extensions [None req-28c7990f-a67c-4ba2-a1a0-83de4a4b4a79 None None] Loaded extension: dhcp_agent_scheduler
May 08 03:22:10.392902 np0000172649 devstack@neutron-api.service[103234]: DEBUG neutron.api.extensions [None req-28c7990f-a67c-4ba2-a1a0-83de4a4b4a79 None None] Loading extension file: dns.py {{(pid=103234) _load_all_extensions_from_path /opt/stack/neutron/neutron/api/extensions.py:449}}
May 08 03:22:10.393114 np0000172649 devstack@neutron-api.service[103237]: INFO neutron.plugins.ml2.drivers.type_vlan [None req-240338c2-9ffd-47a1-ade5-148f02877375 None None] VlanTypeDriver initialization complete
May 08 03:22:10.393542 np0000172649 devstack@neutron-api.service[103235]: DEBUG neutron_lib.callbacks.manager [None req-a819e6f3-3216-4960-8fb6-b19b40806eb1 None None] Subscribe: > process before_spawn 55550000, False {{(pid=103235) subscribe /opt/stack/data/venv/lib/python3.12/site-packages/neutron_lib/callbacks/manager.py:52}}
May 08 03:22:10.393542 np0000172649 devstack@neutron-api.service[103235]: DEBUG neutron_lib.callbacks.manager [None req-a819e6f3-3216-4960-8fb6-b19b40806eb1 None None] Subscribe: > process after_init 55550000, True {{(pid=103235) subscribe /opt/stack/data/venv/lib/python3.12/site-packages/neutron_lib/callbacks/manager.py:52}}
May 08 03:22:10.393697 np0000172649 devstack@neutron-api.service[103237]: INFO neutron.plugins.ml2.managers [None req-240338c2-9ffd-47a1-ade5-148f02877375 None None] Initializing extension driver 'port_security'
May 08 03:22:10.393724 np0000172649 devstack@neutron-api.service[103234]: DEBUG neutron.api.extensions [None req-28c7990f-a67c-4ba2-a1a0-83de4a4b4a79 None None] Ext name="DNS Integration" alias="dns-integration" description="Provides integration with DNS." updated="2015-08-15T18:00:00-00:00" {{(pid=103234) _check_extension /opt/stack/neutron/neutron/api/extensions.py:415}}
May 08 03:22:10.393775 np0000172649 devstack@neutron-api.service[103237]: INFO neutron.plugins.ml2.extensions.port_security [None req-240338c2-9ffd-47a1-ade5-148f02877375 None None] PortSecurityExtensionDriver initialization complete
May 08 03:22:10.393800 np0000172649 devstack@neutron-api.service[103235]: DEBUG neutron_lib.callbacks.manager [None req-a819e6f3-3216-4960-8fb6-b19b40806eb1 None None] Subscribe: > segment after_create 55550000, False {{(pid=103235) subscribe /opt/stack/data/venv/lib/python3.12/site-packages/neutron_lib/callbacks/manager.py:52}}
May 08 03:22:10.393863 np0000172649 devstack@neutron-api.service[103237]: INFO neutron.plugins.ml2.managers [None req-240338c2-9ffd-47a1-ade5-148f02877375 None None] Initializing extension driver 'qos'
May 08 03:22:10.393913 np0000172649 devstack@neutron-api.service[103235]: DEBUG neutron_lib.callbacks.manager [None req-a819e6f3-3216-4960-8fb6-b19b40806eb1 None None] Subscribe: > segment after_create 55550000, False {{(pid=103235) subscribe /opt/stack/data/venv/lib/python3.12/site-packages/neutron_lib/callbacks/manager.py:52}}
May 08 03:22:10.393964 np0000172649 devstack@neutron-api.service[103234]: INFO neutron.api.extensions [None req-28c7990f-a67c-4ba2-a1a0-83de4a4b4a79 None None] Loaded extension: dns-integration
May 08 03:22:10.394025 np0000172649 devstack@neutron-api.service[103237]: DEBUG neutron.plugins.ml2.extensions.qos [None req-240338c2-9ffd-47a1-ade5-148f02877375 None None] QosExtensionDriver initialization complete {{(pid=103237) initialize /opt/stack/neutron/neutron/plugins/ml2/extensions/qos.py:31}}
May 08 03:22:10.394057 np0000172649 devstack@neutron-api.service[103234]: DEBUG neutron.api.extensions [None req-28c7990f-a67c-4ba2-a1a0-83de4a4b4a79 None None] Loading extension file: dns_domain_ports.py {{(pid=103234) _load_all_extensions_from_path /opt/stack/neutron/neutron/api/extensions.py:449}}
May 08 03:22:10.394113 np0000172649 devstack@neutron-api.service[103235]: DEBUG neutron_lib.callbacks.manager [None req-a819e6f3-3216-4960-8fb6-b19b40806eb1 None None] Subscribe: > segment after_delete 55550000, False {{(pid=103235) subscribe /opt/stack/data/venv/lib/python3.12/site-packages/neutron_lib/callbacks/manager.py:52}}
May 08 03:22:10.394144 np0000172649 devstack@neutron-api.service[103237]: INFO neutron.plugins.ml2.managers [None req-240338c2-9ffd-47a1-ade5-148f02877375 None None] Initializing mechanism driver 'ovn'
May 08 03:22:10.394198 np0000172649 devstack@neutron-api.service[103235]: DEBUG neutron_lib.callbacks.manager [None req-a819e6f3-3216-4960-8fb6-b19b40806eb1 None None] Subscribe: > allowed_address_pair before_create 55550000, False {{(pid=103235) subscribe /opt/stack/data/venv/lib/python3.12/site-packages/neutron_lib/callbacks/manager.py:52}}
May 08 03:22:10.394227 np0000172649 devstack@neutron-api.service[103237]: INFO neutron.plugins.ml2.drivers.ovn.mech_driver.mech_driver [None req-240338c2-9ffd-47a1-ade5-148f02877375 None None] Starting OVNMechanismDriver
May 08 03:22:10.394279 np0000172649 devstack@neutron-api.service[103235]: DEBUG neutron_lib.callbacks.manager [None req-a819e6f3-3216-4960-8fb6-b19b40806eb1 None None] Subscribe: > security_group precommit_create 55550000, False {{(pid=103235) subscribe /opt/stack/data/venv/lib/python3.12/site-packages/neutron_lib/callbacks/manager.py:52}}
May 08 03:22:10.394321 np0000172649 devstack@neutron-api.service[103234]: DEBUG neutron.api.extensions [None req-28c7990f-a67c-4ba2-a1a0-83de4a4b4a79 None None] Ext name="dns_domain for ports" alias="dns-domain-ports" description="Allows the DNS domain to be specified for a network port." updated="2017-04-24T10:00:00-00:00" {{(pid=103234) _check_extension /opt/stack/neutron/neutron/api/extensions.py:415}}
May 08 03:22:10.394382 np0000172649 devstack@neutron-api.service[103235]: DEBUG neutron_lib.callbacks.manager [None req-a819e6f3-3216-4960-8fb6-b19b40806eb1 None None] Subscribe: > security_group after_update 55550000, False {{(pid=103235) subscribe /opt/stack/data/venv/lib/python3.12/site-packages/neutron_lib/callbacks/manager.py:52}}
May 08 03:22:10.394437 np0000172649 devstack@neutron-api.service[103234]: INFO neutron.api.extensions [None req-28c7990f-a67c-4ba2-a1a0-83de4a4b4a79 None None] Loaded extension: dns-domain-ports
May 08 03:22:10.394463 np0000172649 devstack@neutron-api.service[103235]: DEBUG neutron_lib.callbacks.manager [None req-a819e6f3-3216-4960-8fb6-b19b40806eb1 None None] Subscribe: > security_group after_create 55550000, False {{(pid=103235) subscribe /opt/stack/data/venv/lib/python3.12/site-packages/neutron_lib/callbacks/manager.py:52}}
May 08 03:22:10.394532 np0000172649 devstack@neutron-api.service[103234]: DEBUG neutron.api.extensions [None req-28c7990f-a67c-4ba2-a1a0-83de4a4b4a79 None None] Loading extension file: dns_integration_domain_keywords.py {{(pid=103234) _load_all_extensions_from_path /opt/stack/neutron/neutron/api/extensions.py:449}}
May 08 03:22:10.394585 np0000172649 devstack@neutron-api.service[103235]: DEBUG neutron_lib.callbacks.manager [None req-a819e6f3-3216-4960-8fb6-b19b40806eb1 None None] Subscribe: > security_group precommit_delete 55550000, False {{(pid=103235) subscribe /opt/stack/data/venv/lib/python3.12/site-packages/neutron_lib/callbacks/manager.py:52}}
May 08 03:22:10.394585 np0000172649 devstack@neutron-api.service[103235]: DEBUG neutron_lib.callbacks.manager [None req-a819e6f3-3216-4960-8fb6-b19b40806eb1 None None] Subscribe: > security_group after_delete 55550000, False {{(pid=103235) subscribe /opt/stack/data/venv/lib/python3.12/site-packages/neutron_lib/callbacks/manager.py:52}}
May 08 03:22:10.394635 np0000172649 devstack@neutron-api.service[103234]: DEBUG neutron.api.extensions [None req-28c7990f-a67c-4ba2-a1a0-83de4a4b4a79 None None] Ext name="DNS domain names with keywords allowed" alias="dns-integration-domain-keywords" description="Allows to use keywords like , , and as DNS domain name" updated="2020-06-15T18:00:00-00:00" {{(pid=103234) _check_extension /opt/stack/neutron/neutron/api/extensions.py:415}}
May 08 03:22:10.394687 np0000172649 devstack@neutron-api.service[103235]: DEBUG neutron_lib.callbacks.manager [None req-a819e6f3-3216-4960-8fb6-b19b40806eb1 None None] Subscribe: > security_group_rule precommit_create 55550000, False {{(pid=103235) subscribe /opt/stack/data/venv/lib/python3.12/site-packages/neutron_lib/callbacks/manager.py:52}}
May 08 03:22:10.394687 np0000172649 devstack@neutron-api.service[103235]: DEBUG neutron_lib.callbacks.manager [None req-a819e6f3-3216-4960-8fb6-b19b40806eb1 None None] Subscribe: > security_group_rule after_create 55550000, False {{(pid=103235) subscribe /opt/stack/data/venv/lib/python3.12/site-packages/neutron_lib/callbacks/manager.py:52}}
May 08 03:22:10.394742 np0000172649 devstack@neutron-api.service[103234]: INFO neutron.api.extensions [None req-28c7990f-a67c-4ba2-a1a0-83de4a4b4a79 None None] Loaded extension: dns-integration-domain-keywords
May 08 03:22:10.394792 np0000172649 devstack@neutron-api.service[103235]: DEBUG neutron_lib.callbacks.manager [None req-a819e6f3-3216-4960-8fb6-b19b40806eb1 None None] Subscribe: > security_group_rule before_delete 55550000, False {{(pid=103235) subscribe /opt/stack/data/venv/lib/python3.12/site-packages/neutron_lib/callbacks/manager.py:52}}
May 08 03:22:10.394855 np0000172649 devstack@neutron-api.service[103234]: DEBUG neutron.api.extensions [None req-28c7990f-a67c-4ba2-a1a0-83de4a4b4a79 None None] Loading extension file: dvr.py {{(pid=103234) _load_all_extensions_from_path /opt/stack/neutron/neutron/api/extensions.py:449}}
May 08 03:22:10.394880 np0000172649 devstack@neutron-api.service[103235]: DEBUG neutron_lib.callbacks.manager [None req-a819e6f3-3216-4960-8fb6-b19b40806eb1 None None] Subscribe: > address_group after_create 55550000, False {{(pid=103235) subscribe /opt/stack/data/venv/lib/python3.12/site-packages/neutron_lib/callbacks/manager.py:52}}
May 08 03:22:10.394951 np0000172649 devstack@neutron-api.service[103234]: DEBUG neutron.api.extensions [None req-28c7990f-a67c-4ba2-a1a0-83de4a4b4a79 None None] Ext name="Distributed Virtual Router" alias="dvr" description="Enables configuration of Distributed Virtual Routers." updated="2014-06-1T10:00:00-00:00" {{(pid=103234) _check_extension /opt/stack/neutron/neutron/api/extensions.py:415}}
May 08 03:22:10.394979 np0000172649 devstack@neutron-api.service[103235]: DEBUG neutron_lib.callbacks.manager [None req-a819e6f3-3216-4960-8fb6-b19b40806eb1 None None] Subscribe: > address_group after_update 55550000, False {{(pid=103235) subscribe /opt/stack/data/venv/lib/python3.12/site-packages/neutron_lib/callbacks/manager.py:52}}
May 08 03:22:10.394979 np0000172649 devstack@neutron-api.service[103235]: DEBUG neutron_lib.callbacks.manager [None req-a819e6f3-3216-4960-8fb6-b19b40806eb1 None None] Subscribe: > address_group after_delete 55550000, False {{(pid=103235) subscribe /opt/stack/data/venv/lib/python3.12/site-packages/neutron_lib/callbacks/manager.py:52}}
May 08 03:22:10.395052 np0000172649 devstack@neutron-api.service[103234]: INFO neutron.api.extensions [None req-28c7990f-a67c-4ba2-a1a0-83de4a4b4a79 None None] Extension dvr not supported by any of loaded plugins
May 08 03:22:10.395052 np0000172649 devstack@neutron-api.service[103234]: DEBUG neutron.api.extensions [None req-28c7990f-a67c-4ba2-a1a0-83de4a4b4a79 None None] Loading extension file: ecmp_routes.py {{(pid=103234) _load_all_extensions_from_path /opt/stack/neutron/neutron/api/extensions.py:449}}
May 08 03:22:10.395142 np0000172649 devstack@neutron-api.service[103235]: DEBUG neutron_lib.callbacks.manager [None req-a819e6f3-3216-4960-8fb6-b19b40806eb1 None None] Subscribe: > qos_plugin after_init 55550000, False {{(pid=103235) subscribe /opt/stack/data/venv/lib/python3.12/site-packages/neutron_lib/callbacks/manager.py:52}}
May 08 03:22:10.395142 np0000172649 devstack@neutron-api.service[103235]: DEBUG neutron_lib.callbacks.manager [None req-a819e6f3-3216-4960-8fb6-b19b40806eb1 None None] Subscribe: > trunk_plugin after_init 55550000, False {{(pid=103235) subscribe /opt/stack/data/venv/lib/python3.12/site-packages/neutron_lib/callbacks/manager.py:52}}
May 08 03:22:10.395222 np0000172649 devstack@neutron-api.service[103234]: DEBUG neutron.api.extensions [None req-28c7990f-a67c-4ba2-a1a0-83de4a4b4a79 None None] Ext name="Equal Cost Multipath Routing" alias="ecmp_routes" description="Allows traffic to reach thesame destination via multiple different links " updated="2020-11-26T18:00:00-00:00" {{(pid=103234) _check_extension /opt/stack/neutron/neutron/api/extensions.py:415}}
May 08 03:22:10.396114 np0000172649 devstack@neutron-api.service[103235]: DEBUG neutron_lib.callbacks.manager [None req-a819e6f3-3216-4960-8fb6-b19b40806eb1 None None] Subscribe: > logging-plugin after_init 55550000, False {{(pid=103235) subscribe /opt/stack/data/venv/lib/python3.12/site-packages/neutron_lib/callbacks/manager.py:52}}
May 08 03:22:10.396580 np0000172649 devstack@neutron-api.service[103234]: INFO neutron.api.extensions [None req-28c7990f-a67c-4ba2-a1a0-83de4a4b4a79 None None] Extension ecmp_routes not supported by any of loaded plugins
May 08 03:22:10.396580 np0000172649 devstack@neutron-api.service[103234]: DEBUG neutron.api.extensions [None req-28c7990f-a67c-4ba2-a1a0-83de4a4b4a79 None None] Loading extension file: empty_string_filtering.py {{(pid=103234) _load_all_extensions_from_path /opt/stack/neutron/neutron/api/extensions.py:449}}
May 08 03:22:10.397085 np0000172649 devstack@neutron-api.service[103237]: DEBUG neutron_lib.callbacks.manager [None req-240338c2-9ffd-47a1-ade5-148f02877375 None None] Subscribe: > process before_spawn 55550000, False {{(pid=103237) subscribe /opt/stack/data/venv/lib/python3.12/site-packages/neutron_lib/callbacks/manager.py:52}}
May 08 03:22:10.397366 np0000172649 devstack@neutron-api.service[103234]: DEBUG neutron.api.extensions [None req-28c7990f-a67c-4ba2-a1a0-83de4a4b4a79 None None] Ext name="Empty String Filtering Extension" alias="empty-string-filtering" description="Allow filtering by attributes with empty string value" updated="2018-05-01T10:00:00-00:00" {{(pid=103234) _check_extension /opt/stack/neutron/neutron/api/extensions.py:415}}
May 08 03:22:10.397453 np0000172649 devstack@neutron-api.service[103237]: DEBUG neutron_lib.callbacks.manager [None req-240338c2-9ffd-47a1-ade5-148f02877375 None None] Subscribe: > process after_init 55550000, True {{(pid=103237) subscribe /opt/stack/data/venv/lib/python3.12/site-packages/neutron_lib/callbacks/manager.py:52}}
May 08 03:22:10.397453 np0000172649 devstack@neutron-api.service[103237]: DEBUG neutron_lib.callbacks.manager [None req-240338c2-9ffd-47a1-ade5-148f02877375 None None] Subscribe: > segment after_create 55550000, False {{(pid=103237) subscribe /opt/stack/data/venv/lib/python3.12/site-packages/neutron_lib/callbacks/manager.py:52}}
May 08 03:22:10.397605 np0000172649 devstack@neutron-api.service[103234]: INFO neutron.api.extensions [None req-28c7990f-a67c-4ba2-a1a0-83de4a4b4a79 None None] Loaded extension: empty-string-filtering
May 08 03:22:10.397605 np0000172649 devstack@neutron-api.service[103234]: DEBUG neutron.api.extensions [None req-28c7990f-a67c-4ba2-a1a0-83de4a4b4a79 None None] Loading extension file: expose_l3_conntrack_helper.py {{(pid=103234) _load_all_extensions_from_path /opt/stack/neutron/neutron/api/extensions.py:449}}
May 08 03:22:10.397739 np0000172649 devstack@neutron-api.service[103235]: INFO neutron.services.logapi.drivers.ovn.driver [None req-a819e6f3-3216-4960-8fb6-b19b40806eb1 None None] OVN logging driver registered
May 08 03:22:10.397819 np0000172649 devstack@neutron-api.service[103237]: DEBUG neutron_lib.callbacks.manager [None req-240338c2-9ffd-47a1-ade5-148f02877375 None None] Subscribe: > segment after_create 55550000, False {{(pid=103237) subscribe /opt/stack/data/venv/lib/python3.12/site-packages/neutron_lib/callbacks/manager.py:52}}
May 08 03:22:10.397819 np0000172649 devstack@neutron-api.service[103237]: DEBUG neutron_lib.callbacks.manager [None req-240338c2-9ffd-47a1-ade5-148f02877375 None None] Subscribe: > segment after_delete 55550000, False {{(pid=103237) subscribe /opt/stack/data/venv/lib/python3.12/site-packages/neutron_lib/callbacks/manager.py:52}}
May 08 03:22:10.397985 np0000172649 devstack@neutron-api.service[103234]: DEBUG neutron.api.extensions [None req-28c7990f-a67c-4ba2-a1a0-83de4a4b4a79 None None] Ext name="Expose CT target rules for conntrack helper" alias="expose-l3-conntrack-helper" description="Expose allow adding CT target rules for conntrack helper" updated="2019-04-04T10:00:00-00:00" {{(pid=103234) _check_extension /opt/stack/neutron/neutron/api/extensions.py:415}}
May 08 03:22:10.398069 np0000172649 devstack@neutron-api.service[103237]: DEBUG neutron_lib.callbacks.manager [None req-240338c2-9ffd-47a1-ade5-148f02877375 None None] Subscribe: > allowed_address_pair before_create 55550000, False {{(pid=103237) subscribe /opt/stack/data/venv/lib/python3.12/site-packages/neutron_lib/callbacks/manager.py:52}}
May 08 03:22:10.398167 np0000172649 devstack@neutron-api.service[103234]: INFO neutron.api.extensions [None req-28c7990f-a67c-4ba2-a1a0-83de4a4b4a79 None None] Extension expose-l3-conntrack-helper not supported by any of loaded plugins
May 08 03:22:10.398243 np0000172649 devstack@neutron-api.service[103237]: DEBUG neutron_lib.callbacks.manager [None req-240338c2-9ffd-47a1-ade5-148f02877375 None None] Subscribe: > security_group precommit_create 55550000, False {{(pid=103237) subscribe /opt/stack/data/venv/lib/python3.12/site-packages/neutron_lib/callbacks/manager.py:52}}
May 08 03:22:10.398321 np0000172649 devstack@neutron-api.service[103234]: DEBUG neutron.api.extensions [None req-28c7990f-a67c-4ba2-a1a0-83de4a4b4a79 None None] Loading extension file: expose_port_forwarding_in_fip.py {{(pid=103234) _load_all_extensions_from_path /opt/stack/neutron/neutron/api/extensions.py:449}}
May 08 03:22:10.398397 np0000172649 devstack@neutron-api.service[103237]: DEBUG neutron_lib.callbacks.manager [None req-240338c2-9ffd-47a1-ade5-148f02877375 None None] Subscribe: > security_group after_update 55550000, False {{(pid=103237) subscribe /opt/stack/data/venv/lib/python3.12/site-packages/neutron_lib/callbacks/manager.py:52}}
May 08 03:22:10.398397 np0000172649 devstack@neutron-api.service[103237]: DEBUG neutron_lib.callbacks.manager [None req-240338c2-9ffd-47a1-ade5-148f02877375 None None] Subscribe: > security_group after_create 55550000, False {{(pid=103237) subscribe /opt/stack/data/venv/lib/python3.12/site-packages/neutron_lib/callbacks/manager.py:52}}
May 08 03:22:10.398531 np0000172649 devstack@neutron-api.service[103234]: DEBUG neutron.api.extensions [None req-28c7990f-a67c-4ba2-a1a0-83de4a4b4a79 None None] Ext name="Expose Floating IP port forwardings" alias="expose-port-forwarding-in-fip" description="Expose port forwarding fields in floating IP response" updated="2018-06-28T16:00:00-00:00" {{(pid=103234) _check_extension /opt/stack/neutron/neutron/api/extensions.py:415}}
May 08 03:22:10.398603 np0000172649 devstack@neutron-api.service[103237]: DEBUG neutron_lib.callbacks.manager [None req-240338c2-9ffd-47a1-ade5-148f02877375 None None] Subscribe: > security_group precommit_delete 55550000, False {{(pid=103237) subscribe /opt/stack/data/venv/lib/python3.12/site-packages/neutron_lib/callbacks/manager.py:52}}
May 08 03:22:10.398603 np0000172649 devstack@neutron-api.service[103237]: DEBUG neutron_lib.callbacks.manager [None req-240338c2-9ffd-47a1-ade5-148f02877375 None None] Subscribe: > security_group after_delete 55550000, False {{(pid=103237) subscribe /opt/stack/data/venv/lib/python3.12/site-packages/neutron_lib/callbacks/manager.py:52}}
May 08 03:22:10.398718 np0000172649 devstack@neutron-api.service[103234]: INFO neutron.api.extensions [None req-28c7990f-a67c-4ba2-a1a0-83de4a4b4a79 None None] Extension expose-port-forwarding-in-fip not supported by any of loaded plugins
May 08 03:22:10.398778 np0000172649 devstack@neutron-api.service[103237]: DEBUG neutron_lib.callbacks.manager [None req-240338c2-9ffd-47a1-ade5-148f02877375 None None] Subscribe: > security_group_rule precommit_create 55550000, False {{(pid=103237) subscribe /opt/stack/data/venv/lib/python3.12/site-packages/neutron_lib/callbacks/manager.py:52}}
May 08 03:22:10.398833 np0000172649 devstack@neutron-api.service[103234]: DEBUG neutron.api.extensions [None req-28c7990f-a67c-4ba2-a1a0-83de4a4b4a79 None None] Loading extension file: external_net.py {{(pid=103234) _load_all_extensions_from_path /opt/stack/neutron/neutron/api/extensions.py:449}}
May 08 03:22:10.398890 np0000172649 devstack@neutron-api.service[103237]: DEBUG neutron_lib.callbacks.manager [None req-240338c2-9ffd-47a1-ade5-148f02877375 None None] Subscribe: > security_group_rule after_create 55550000, False {{(pid=103237) subscribe /opt/stack/data/venv/lib/python3.12/site-packages/neutron_lib/callbacks/manager.py:52}}
May 08 03:22:10.398890 np0000172649 devstack@neutron-api.service[103237]: DEBUG neutron_lib.callbacks.manager [None req-240338c2-9ffd-47a1-ade5-148f02877375 None None] Subscribe: > security_group_rule before_delete 55550000, False {{(pid=103237) subscribe /opt/stack/data/venv/lib/python3.12/site-packages/neutron_lib/callbacks/manager.py:52}}
May 08 03:22:10.399014 np0000172649 devstack@neutron-api.service[103234]: DEBUG neutron.api.extensions [None req-28c7990f-a67c-4ba2-a1a0-83de4a4b4a79 None None] Ext name="Neutron external network" alias="external-net" description="Adds external network attribute to network resource." updated="2013-01-14T10:00:00-00:00" {{(pid=103234) _check_extension /opt/stack/neutron/neutron/api/extensions.py:415}}
May 08 03:22:10.399069 np0000172649 devstack@neutron-api.service[103237]: DEBUG neutron_lib.callbacks.manager [None req-240338c2-9ffd-47a1-ade5-148f02877375 None None] Subscribe: > address_group after_create 55550000, False {{(pid=103237) subscribe /opt/stack/data/venv/lib/python3.12/site-packages/neutron_lib/callbacks/manager.py:52}}
May 08 03:22:10.399069 np0000172649 devstack@neutron-api.service[103237]: DEBUG neutron_lib.callbacks.manager [None req-240338c2-9ffd-47a1-ade5-148f02877375 None None] Subscribe: > address_group after_update 55550000, False {{(pid=103237) subscribe /opt/stack/data/venv/lib/python3.12/site-packages/neutron_lib/callbacks/manager.py:52}}
May 08 03:22:10.399190 np0000172649 devstack@neutron-api.service[103234]: INFO neutron.api.extensions [None req-28c7990f-a67c-4ba2-a1a0-83de4a4b4a79 None None] Loaded extension: external-net
May 08 03:22:10.399223 np0000172649 devstack@neutron-api.service[103237]: DEBUG neutron_lib.callbacks.manager [None req-240338c2-9ffd-47a1-ade5-148f02877375 None None] Subscribe: > address_group after_delete 55550000, False {{(pid=103237) subscribe /opt/stack/data/venv/lib/python3.12/site-packages/neutron_lib/callbacks/manager.py:52}}
May 08 03:22:10.399248 np0000172649 devstack@neutron-api.service[103234]: DEBUG neutron.api.extensions [None req-28c7990f-a67c-4ba2-a1a0-83de4a4b4a79 None None] Loading extension file: extra_dhcp_opt.py {{(pid=103234) _load_all_extensions_from_path /opt/stack/neutron/neutron/api/extensions.py:449}}
May 08 03:22:10.399273 np0000172649 devstack@neutron-api.service[103237]: DEBUG neutron_lib.callbacks.manager [None req-240338c2-9ffd-47a1-ade5-148f02877375 None None] Subscribe: > qos_plugin after_init 55550000, False {{(pid=103237) subscribe /opt/stack/data/venv/lib/python3.12/site-packages/neutron_lib/callbacks/manager.py:52}}
May 08 03:22:10.399297 np0000172649 devstack@neutron-api.service[103234]: DEBUG neutron.api.extensions [None req-28c7990f-a67c-4ba2-a1a0-83de4a4b4a79 None None] Ext name="Neutron Extra DHCP options" alias="extra_dhcp_opt" description="Extra options configuration for DHCP. For example PXE boot options to DHCP clients can be specified (e.g. tftp-server, server-ip-address, bootfile-name)" updated="2013-03-17T12:00:00-00:00" {{(pid=103234) _check_extension /opt/stack/neutron/neutron/api/extensions.py:415}}
May 08 03:22:10.399322 np0000172649 devstack@neutron-api.service[103235]: DEBUG neutron.plugins.ml2.plugin [None req-a819e6f3-3216-4960-8fb6-b19b40806eb1 None None] neutron.plugins.ml2.plugin.Ml2Plugin method _start_rpc_notifiers called with arguments () {} {{(pid=103235) wrapper /opt/stack/data/venv/lib/python3.12/site-packages/oslo_log/helpers.py:77}}
May 08 03:22:10.399354 np0000172649 devstack@neutron-api.service[103237]: DEBUG neutron_lib.callbacks.manager [None req-240338c2-9ffd-47a1-ade5-148f02877375 None None] Subscribe: > trunk_plugin after_init 55550000, False {{(pid=103237) subscribe /opt/stack/data/venv/lib/python3.12/site-packages/neutron_lib/callbacks/manager.py:52}}
May 08 03:22:10.399378 np0000172649 devstack@neutron-api.service[103234]: INFO neutron.api.extensions [None req-28c7990f-a67c-4ba2-a1a0-83de4a4b4a79 None None] Loaded extension: extra_dhcp_opt
May 08 03:22:10.399378 np0000172649 devstack@neutron-api.service[103234]: DEBUG neutron.api.extensions [None req-28c7990f-a67c-4ba2-a1a0-83de4a4b4a79 None None] Loading extension file: extraroute.py {{(pid=103234) _load_all_extensions_from_path /opt/stack/neutron/neutron/api/extensions.py:449}}
May 08 03:22:10.399423 np0000172649 devstack@neutron-api.service[103235]: DEBUG neutron_lib.callbacks.manager [None req-a819e6f3-3216-4960-8fb6-b19b40806eb1 None None] Subscribe: > port after_create 55550000, False {{(pid=103235) subscribe /opt/stack/data/venv/lib/python3.12/site-packages/neutron_lib/callbacks/manager.py:52}}
May 08 03:22:10.399454 np0000172649 devstack@neutron-api.service[103237]: DEBUG neutron_lib.callbacks.manager [None req-240338c2-9ffd-47a1-ade5-148f02877375 None None] Subscribe: > logging-plugin after_init 55550000, False {{(pid=103237) subscribe /opt/stack/data/venv/lib/python3.12/site-packages/neutron_lib/callbacks/manager.py:52}}
May 08 03:22:10.399479 np0000172649 devstack@neutron-api.service[103234]: DEBUG neutron.api.extensions [None req-28c7990f-a67c-4ba2-a1a0-83de4a4b4a79 None None] Ext name="Neutron Extra Route" alias="extraroute" description="Extra routes configuration for L3 router" updated="2013-02-01T10:00:00-00:00" {{(pid=103234) _check_extension /opt/stack/neutron/neutron/api/extensions.py:415}}
May 08 03:22:10.399511 np0000172649 devstack@neutron-api.service[103235]: DEBUG neutron_lib.callbacks.manager [None req-a819e6f3-3216-4960-8fb6-b19b40806eb1 None None] Subscribe: > port after_update 55550000, False {{(pid=103235) subscribe /opt/stack/data/venv/lib/python3.12/site-packages/neutron_lib/callbacks/manager.py:52}}
May 08 03:22:10.399511 np0000172649 devstack@neutron-api.service[103235]: DEBUG neutron_lib.callbacks.manager [None req-a819e6f3-3216-4960-8fb6-b19b40806eb1 None None] Subscribe: > port after_delete 55550000, False {{(pid=103235) subscribe /opt/stack/data/venv/lib/python3.12/site-packages/neutron_lib/callbacks/manager.py:52}}
May 08 03:22:10.399715 np0000172649 devstack@neutron-api.service[103234]: INFO neutron.api.extensions [None req-28c7990f-a67c-4ba2-a1a0-83de4a4b4a79 None None] Loaded extension: extraroute
May 08 03:22:10.399756 np0000172649 devstack@neutron-api.service[103235]: DEBUG neutron_lib.callbacks.manager [None req-a819e6f3-3216-4960-8fb6-b19b40806eb1 None None] Subscribe: > subnet after_create 55550000, False {{(pid=103235) subscribe /opt/stack/data/venv/lib/python3.12/site-packages/neutron_lib/callbacks/manager.py:52}}
May 08 03:22:10.399794 np0000172649 devstack@neutron-api.service[103234]: DEBUG neutron.api.extensions [None req-28c7990f-a67c-4ba2-a1a0-83de4a4b4a79 None None] Loading extension file: extraroute_atomic.py {{(pid=103234) _load_all_extensions_from_path /opt/stack/neutron/neutron/api/extensions.py:449}}
May 08 03:22:10.399818 np0000172649 devstack@neutron-api.service[103235]: DEBUG neutron_lib.callbacks.manager [None req-a819e6f3-3216-4960-8fb6-b19b40806eb1 None None] Subscribe: > subnet after_update 55550000, False {{(pid=103235) subscribe /opt/stack/data/venv/lib/python3.12/site-packages/neutron_lib/callbacks/manager.py:52}}
May 08 03:22:10.399818 np0000172649 devstack@neutron-api.service[103235]: DEBUG neutron_lib.callbacks.manager [None req-a819e6f3-3216-4960-8fb6-b19b40806eb1 None None] Subscribe: > subnet after_delete 55550000, False {{(pid=103235) subscribe /opt/stack/data/venv/lib/python3.12/site-packages/neutron_lib/callbacks/manager.py:52}}
May 08 03:22:10.399863 np0000172649 devstack@neutron-api.service[103234]: DEBUG neutron.api.extensions [None req-28c7990f-a67c-4ba2-a1a0-83de4a4b4a79 None None] Ext name="Atomically add/remove extra routes" alias="extraroute-atomic" description="Edit extra routes of a router on server side by atomically adding/removing extra routes" updated="2019-07-10T00:00:00+00:00" {{(pid=103234) _check_extension /opt/stack/neutron/neutron/api/extensions.py:415}}
May 08 03:22:10.399895 np0000172649 devstack@neutron-api.service[103235]: DEBUG neutron_lib.callbacks.manager [None req-a819e6f3-3216-4960-8fb6-b19b40806eb1 None None] Subscribe: > network after_create 55550000, False {{(pid=103235) subscribe /opt/stack/data/venv/lib/python3.12/site-packages/neutron_lib/callbacks/manager.py:52}}
May 08 03:22:10.399919 np0000172649 devstack@neutron-api.service[103237]: INFO neutron.services.logapi.drivers.ovn.driver [None req-240338c2-9ffd-47a1-ade5-148f02877375 None None] OVN logging driver registered
May 08 03:22:10.400141 np0000172649 devstack@neutron-api.service[103235]: DEBUG neutron_lib.callbacks.manager [None req-a819e6f3-3216-4960-8fb6-b19b40806eb1 None None] Subscribe: > network after_update 55550000, False {{(pid=103235) subscribe /opt/stack/data/venv/lib/python3.12/site-packages/neutron_lib/callbacks/manager.py:52}}
May 08 03:22:10.400211 np0000172649 devstack@neutron-api.service[103234]: INFO neutron.api.extensions [None req-28c7990f-a67c-4ba2-a1a0-83de4a4b4a79 None None] Loaded extension: extraroute-atomic
May 08 03:22:10.400264 np0000172649 devstack@neutron-api.service[103235]: DEBUG neutron_lib.callbacks.manager [None req-a819e6f3-3216-4960-8fb6-b19b40806eb1 None None] Subscribe: > network after_delete 55550000, False {{(pid=103235) subscribe /opt/stack/data/venv/lib/python3.12/site-packages/neutron_lib/callbacks/manager.py:52}}
May 08 03:22:10.400317 np0000172649 devstack@neutron-api.service[103234]: DEBUG neutron.api.extensions [None req-28c7990f-a67c-4ba2-a1a0-83de4a4b4a79 None None] Loading extension file: filter_validation.py {{(pid=103234) _load_all_extensions_from_path /opt/stack/neutron/neutron/api/extensions.py:449}}
May 08 03:22:10.400370 np0000172649 devstack@neutron-api.service[103235]: DEBUG neutron_lib.callbacks.manager [None req-a819e6f3-3216-4960-8fb6-b19b40806eb1 None None] Subscribe: > security_group after_create 55550000, False {{(pid=103235) subscribe /opt/stack/data/venv/lib/python3.12/site-packages/neutron_lib/callbacks/manager.py:52}}
May 08 03:22:10.400370 np0000172649 devstack@neutron-api.service[103235]: DEBUG neutron_lib.callbacks.manager [None req-a819e6f3-3216-4960-8fb6-b19b40806eb1 None None] Subscribe: > security_group after_update 55550000, False {{(pid=103235) subscribe /opt/stack/data/venv/lib/python3.12/site-packages/neutron_lib/callbacks/manager.py:52}}
May 08 03:22:10.400509 np0000172649 devstack@neutron-api.service[103234]: DEBUG neutron.api.extensions [None req-28c7990f-a67c-4ba2-a1a0-83de4a4b4a79 None None] Ext name="Filter parameters validation" alias="filter-validation" description="Provides validation on filter parameters." updated="2018-07-04T10:00:00-00:00" {{(pid=103234) _check_extension /opt/stack/neutron/neutron/api/extensions.py:415}}
May 08 03:22:10.400581 np0000172649 devstack@neutron-api.service[103235]: DEBUG neutron_lib.callbacks.manager [None req-a819e6f3-3216-4960-8fb6-b19b40806eb1 None None] Subscribe: > security_group after_delete 55550000, False {{(pid=103235) subscribe /opt/stack/data/venv/lib/python3.12/site-packages/neutron_lib/callbacks/manager.py:52}}
May 08 03:22:10.400581 np0000172649 devstack@neutron-api.service[103235]: DEBUG neutron_lib.callbacks.manager [None req-a819e6f3-3216-4960-8fb6-b19b40806eb1 None None] Subscribe: > security_group_rule after_create 55550000, False {{(pid=103235) subscribe /opt/stack/data/venv/lib/python3.12/site-packages/neutron_lib/callbacks/manager.py:52}}
May 08 03:22:10.400692 np0000172649 devstack@neutron-api.service[103234]: INFO neutron.api.extensions [None req-28c7990f-a67c-4ba2-a1a0-83de4a4b4a79 None None] Loaded extension: filter-validation
May 08 03:22:10.400692 np0000172649 devstack@neutron-api.service[103234]: DEBUG neutron.api.extensions [None req-28c7990f-a67c-4ba2-a1a0-83de4a4b4a79 None None] Loading extension file: fip_pf_description.py {{(pid=103234) _load_all_extensions_from_path /opt/stack/neutron/neutron/api/extensions.py:449}}
May 08 03:22:10.400798 np0000172649 devstack@neutron-api.service[103235]: DEBUG neutron_lib.callbacks.manager [None req-a819e6f3-3216-4960-8fb6-b19b40806eb1 None None] Subscribe: > security_group_rule after_update 55550000, False {{(pid=103235) subscribe /opt/stack/data/venv/lib/python3.12/site-packages/neutron_lib/callbacks/manager.py:52}}
May 08 03:22:10.400798 np0000172649 devstack@neutron-api.service[103235]: DEBUG neutron_lib.callbacks.manager [None req-a819e6f3-3216-4960-8fb6-b19b40806eb1 None None] Subscribe: > security_group_rule after_delete 55550000, False {{(pid=103235) subscribe /opt/stack/data/venv/lib/python3.12/site-packages/neutron_lib/callbacks/manager.py:52}}
