Feb 17 22:40:20.592439 np0000156238 devstack@neutron-api.service[103537]: DEBUG neutron.api.extensions [None req-35a93b3e-9569-44b3-b0e0-68d0400cb6f1 None None] Ext name="Port Binding" alias="binding" description="Expose port bindings of a virtual port to external application" updated="2014-02-03T10:00:00-00:00" {{(pid=103537) _check_extension /opt/stack/neutron/neutron/api/extensions.py:415}}
Feb 17 22:40:20.592439 np0000156238 devstack@neutron-api.service[103537]: INFO neutron.api.extensions [None req-35a93b3e-9569-44b3-b0e0-68d0400cb6f1 None None] Loaded extension: binding
Feb 17 22:40:20.592439 np0000156238 devstack@neutron-api.service[103537]: DEBUG neutron.api.extensions [None req-35a93b3e-9569-44b3-b0e0-68d0400cb6f1 None None] Loading extension file: portbindings_extended.py {{(pid=103537) _load_all_extensions_from_path /opt/stack/neutron/neutron/api/extensions.py:449}}
Feb 17 22:40:20.593004 np0000156238 devstack@neutron-api.service[103537]: DEBUG neutron.api.extensions [None req-35a93b3e-9569-44b3-b0e0-68d0400cb6f1 None None] Ext name="Port Bindings Extended" alias="binding-extended" description="Expose port bindings of a virtual port to external application" updated="2017-07-17T10:00:00-00:00" {{(pid=103537) _check_extension /opt/stack/neutron/neutron/api/extensions.py:415}}
Feb 17 22:40:20.593004 np0000156238 devstack@neutron-api.service[103537]: INFO neutron.api.extensions [None req-35a93b3e-9569-44b3-b0e0-68d0400cb6f1 None None] Loaded extension: binding-extended
Feb 17 22:40:20.593004 np0000156238 devstack@neutron-api.service[103537]: DEBUG neutron.api.extensions [None req-35a93b3e-9569-44b3-b0e0-68d0400cb6f1 None None] Loading extension file: portsecurity.py {{(pid=103537) _load_all_extensions_from_path /opt/stack/neutron/neutron/api/extensions.py:449}}
Feb 17 22:40:20.593398 np0000156238 devstack@neutron-api.service[103537]: DEBUG neutron.api.extensions [None req-35a93b3e-9569-44b3-b0e0-68d0400cb6f1 None None] Ext name="Port Security" alias="port-security" description="Provides port security" updated="2012-07-23T10:00:00-00:00" {{(pid=103537) _check_extension /opt/stack/neutron/neutron/api/extensions.py:415}}
Feb 17 22:40:20.593398 np0000156238 devstack@neutron-api.service[103537]: INFO neutron.api.extensions [None req-35a93b3e-9569-44b3-b0e0-68d0400cb6f1 None None] Loaded extension: port-security
Feb 17 22:40:20.593398 np0000156238 devstack@neutron-api.service[103537]: DEBUG neutron.api.extensions [None req-35a93b3e-9569-44b3-b0e0-68d0400cb6f1 None None] Loading extension file: project_id.py {{(pid=103537) _load_all_extensions_from_path /opt/stack/neutron/neutron/api/extensions.py:449}}
Feb 17 22:40:20.593594 np0000156238 devstack@neutron-api.service[103537]: DEBUG neutron.api.extensions [None req-35a93b3e-9569-44b3-b0e0-68d0400cb6f1 None None] Ext name="project_id field enabled" alias="project-id" description="Extension that indicates that project_id field is enabled." updated="2016-09-09T09:09:09-09:09" {{(pid=103537) _check_extension /opt/stack/neutron/neutron/api/extensions.py:415}}
Feb 17 22:40:20.593594 np0000156238 devstack@neutron-api.service[103537]: INFO neutron.api.extensions [None req-35a93b3e-9569-44b3-b0e0-68d0400cb6f1 None None] Loaded extension: project-id
Feb 17 22:40:20.594137 np0000156238 devstack@neutron-api.service[103537]: DEBUG neutron.api.extensions [None req-35a93b3e-9569-44b3-b0e0-68d0400cb6f1 None None] Loading extension file: providernet.py {{(pid=103537) _load_all_extensions_from_path /opt/stack/neutron/neutron/api/extensions.py:449}}
Feb 17 22:40:20.594137 np0000156238 devstack@neutron-api.service[103537]: DEBUG neutron.api.extensions [None req-35a93b3e-9569-44b3-b0e0-68d0400cb6f1 None None] Ext name="Provider Network" alias="provider" description="Expose mapping of virtual networks to physical networks" updated="2012-09-07T10:00:00-00:00" {{(pid=103537) _check_extension /opt/stack/neutron/neutron/api/extensions.py:415}}
Feb 17 22:40:20.594137 np0000156238 devstack@neutron-api.service[103537]: INFO neutron.api.extensions [None req-35a93b3e-9569-44b3-b0e0-68d0400cb6f1 None None] Loaded extension: provider
Feb 17 22:40:20.594547 np0000156238 devstack@neutron-api.service[103537]: DEBUG neutron.api.extensions [None req-35a93b3e-9569-44b3-b0e0-68d0400cb6f1 None None] Loading extension file: qinq.py {{(pid=103537) _load_all_extensions_from_path /opt/stack/neutron/neutron/api/extensions.py:449}}
Feb 17 22:40:20.594547 np0000156238 devstack@neutron-api.service[103537]: DEBUG neutron.api.extensions [None req-35a93b3e-9569-44b3-b0e0-68d0400cb6f1 None None] Ext name="QinQ networks" alias="qinq" description="Expose network 'qinq' attribute in the API. This allows to configure network to allow vlan in vlan configuration using 0x8a88 ethertype (QinQ)." updated="2024-12-02T10:00:00-00:00" {{(pid=103537) _check_extension /opt/stack/neutron/neutron/api/extensions.py:415}}
Feb 17 22:40:20.594968 np0000156238 devstack@neutron-api.service[103537]: INFO neutron.api.extensions [None req-35a93b3e-9569-44b3-b0e0-68d0400cb6f1 None None] Loaded extension: qinq
Feb 17 22:40:20.594968 np0000156238 devstack@neutron-api.service[103537]: DEBUG neutron.api.extensions [None req-35a93b3e-9569-44b3-b0e0-68d0400cb6f1 None None] Loading extension file: qos.py {{(pid=103537) _load_all_extensions_from_path /opt/stack/neutron/neutron/api/extensions.py:449}}
Feb 17 22:40:20.596008 np0000156238 devstack@neutron-api.service[103534]: DEBUG neutron.services.provider_configuration [None req-e75aedec-e642-428d-bf41-45a86a9a6656 None None] Service providers = [] {{(pid=103534) parse_service_provider_opt /opt/stack/neutron/neutron/services/provider_configuration.py:171}}
Feb 17 22:40:20.596008 np0000156238 devstack@neutron-api.service[103534]: DEBUG neutron.db.servicetype_db [None req-e75aedec-e642-428d-bf41-45a86a9a6656 None None] Adding provider configuration for service L3_ROUTER_NAT {{(pid=103534) add_provider_configuration /opt/stack/neutron/neutron/db/servicetype_db.py:42}}
Feb 17 22:40:20.596433 np0000156238 devstack@neutron-api.service[103537]: DEBUG neutron.api.extensions [None req-35a93b3e-9569-44b3-b0e0-68d0400cb6f1 None None] Ext name="Quality of Service" alias="qos" description="The Quality of Service extension." updated="2015-06-08T10:00:00-00:00" {{(pid=103537) _check_extension /opt/stack/neutron/neutron/api/extensions.py:415}}
Feb 17 22:40:20.596433 np0000156238 devstack@neutron-api.service[103537]: INFO neutron.api.extensions [None req-35a93b3e-9569-44b3-b0e0-68d0400cb6f1 None None] Extension qos not supported by any of loaded plugins
Feb 17 22:40:20.596433 np0000156238 devstack@neutron-api.service[103537]: DEBUG neutron.api.extensions [None req-35a93b3e-9569-44b3-b0e0-68d0400cb6f1 None None] Loading extension file: qos_bw_limit_direction.py {{(pid=103537) _load_all_extensions_from_path /opt/stack/neutron/neutron/api/extensions.py:449}}
Feb 17 22:40:20.596433 np0000156238 devstack@neutron-api.service[103537]: DEBUG neutron.api.extensions [None req-35a93b3e-9569-44b3-b0e0-68d0400cb6f1 None None] Ext name="Direction for QoS bandwidth limit rule" alias="qos-bw-limit-direction" description="Allow to configure QoS bandwidth limit rule with specific direction: ingress or egress" updated="2017-04-10T10:00:00-00:00" {{(pid=103537) _check_extension /opt/stack/neutron/neutron/api/extensions.py:415}}
Feb 17 22:40:20.596433 np0000156238 devstack@neutron-api.service[103537]: INFO neutron.api.extensions [None req-35a93b3e-9569-44b3-b0e0-68d0400cb6f1 None None] Extension qos-bw-limit-direction not supported by any of loaded plugins
Feb 17 22:40:20.596433 np0000156238 devstack@neutron-api.service[103537]: DEBUG neutron.api.extensions [None req-35a93b3e-9569-44b3-b0e0-68d0400cb6f1 None None] Loading extension file: qos_bw_minimum_ingress.py {{(pid=103537) _load_all_extensions_from_path /opt/stack/neutron/neutron/api/extensions.py:449}}
Feb 17 22:40:20.596985 np0000156238 devstack@neutron-api.service[103534]: DEBUG neutron_lib.callbacks.manager [None req-e75aedec-e642-428d-bf41-45a86a9a6656 None None] Subscribe: > router precommit_create 55549900, False {{(pid=103534) subscribe /opt/stack/data/venv/lib/python3.12/site-packages/neutron_lib/callbacks/manager.py:52}}
Feb 17 22:40:20.597210 np0000156238 devstack@neutron-api.service[103537]: DEBUG neutron.api.extensions [None req-35a93b3e-9569-44b3-b0e0-68d0400cb6f1 None None] Ext name="Ingress direction for QoS minimum bandwidth rule" alias="qos-bw-minimum-ingress" description="Allow to configure QoS minumum bandwidth rule with ingress direction." updated="2018-07-09T10:00:00-00:00" {{(pid=103537) _check_extension /opt/stack/neutron/neutron/api/extensions.py:415}}
Feb 17 22:40:20.597439 np0000156238 devstack@neutron-api.service[103534]: DEBUG neutron_lib.callbacks.manager [None req-e75aedec-e642-428d-bf41-45a86a9a6656 None None] Subscribe: > router_interface after_create 55550000, False {{(pid=103534) subscribe /opt/stack/data/venv/lib/python3.12/site-packages/neutron_lib/callbacks/manager.py:52}}
Feb 17 22:40:20.597439 np0000156238 devstack@neutron-api.service[103534]: DEBUG neutron_lib.callbacks.manager [None req-e75aedec-e642-428d-bf41-45a86a9a6656 None None] Subscribe: > floatingip after_create 55550000, False {{(pid=103534) subscribe /opt/stack/data/venv/lib/python3.12/site-packages/neutron_lib/callbacks/manager.py:52}}
Feb 17 22:40:20.597694 np0000156238 devstack@neutron-api.service[103537]: INFO neutron.api.extensions [None req-35a93b3e-9569-44b3-b0e0-68d0400cb6f1 None None] Extension qos-bw-minimum-ingress not supported by any of loaded plugins
Feb 17 22:40:20.597961 np0000156238 devstack@neutron-api.service[103534]: DEBUG neutron_lib.callbacks.manager [None req-e75aedec-e642-428d-bf41-45a86a9a6656 None None] Subscribe: > floatingip precommit_create 55550000, False {{(pid=103534) subscribe /opt/stack/data/venv/lib/python3.12/site-packages/neutron_lib/callbacks/manager.py:52}}
Feb 17 22:40:20.598197 np0000156238 devstack@neutron-api.service[103537]: DEBUG neutron.api.extensions [None req-35a93b3e-9569-44b3-b0e0-68d0400cb6f1 None None] Loading extension file: qos_default.py {{(pid=103537) _load_all_extensions_from_path /opt/stack/neutron/neutron/api/extensions.py:449}}
Feb 17 22:40:20.598424 np0000156238 devstack@neutron-api.service[103534]: DEBUG neutron_lib.callbacks.manager [None req-e75aedec-e642-428d-bf41-45a86a9a6656 None None] Subscribe: > floatingip precommit_update 55550000, False {{(pid=103534) subscribe /opt/stack/data/venv/lib/python3.12/site-packages/neutron_lib/callbacks/manager.py:52}}
Feb 17 22:40:20.598424 np0000156238 devstack@neutron-api.service[103534]: DEBUG neutron_lib.callbacks.manager [None req-e75aedec-e642-428d-bf41-45a86a9a6656 None None] Subscribe: > floatingip after_delete 55550000, False {{(pid=103534) subscribe /opt/stack/data/venv/lib/python3.12/site-packages/neutron_lib/callbacks/manager.py:52}}
Feb 17 22:40:20.598686 np0000156238 devstack@neutron-api.service[103537]: DEBUG neutron.api.extensions [None req-35a93b3e-9569-44b3-b0e0-68d0400cb6f1 None None] Ext name="QoS default policy" alias="qos-default" description="Expose the QoS default policy per project" updated="2017-041-06T10:00:00-00:00" {{(pid=103537) _check_extension /opt/stack/neutron/neutron/api/extensions.py:415}}
Feb 17 22:40:20.599004 np0000156238 devstack@neutron-api.service[103534]: DEBUG neutron_lib.callbacks.manager [None req-e75aedec-e642-428d-bf41-45a86a9a6656 None None] Subscribe: > floatingip after_status_update 55550000, False {{(pid=103534) subscribe /opt/stack/data/venv/lib/python3.12/site-packages/neutron_lib/callbacks/manager.py:52}}
Feb 17 22:40:20.599004 np0000156238 devstack@neutron-api.service[103534]: DEBUG neutron_lib.callbacks.manager [None req-e75aedec-e642-428d-bf41-45a86a9a6656 None None] Subscribe: > floatingip after_update 55550000, False {{(pid=103534) subscribe /opt/stack/data/venv/lib/python3.12/site-packages/neutron_lib/callbacks/manager.py:52}}
Feb 17 22:40:20.599387 np0000156238 devstack@neutron-api.service[103537]: INFO neutron.api.extensions [None req-35a93b3e-9569-44b3-b0e0-68d0400cb6f1 None None] Extension qos-default not supported by any of loaded plugins
Feb 17 22:40:20.599754 np0000156238 devstack@neutron-api.service[103534]: DEBUG neutron_lib.callbacks.manager [None req-e75aedec-e642-428d-bf41-45a86a9a6656 None None] Subscribe: > port_forwarding after_create 55550000, False {{(pid=103534) subscribe /opt/stack/data/venv/lib/python3.12/site-packages/neutron_lib/callbacks/manager.py:52}}
Feb 17 22:40:20.600407 np0000156238 devstack@neutron-api.service[103537]: DEBUG neutron.api.extensions [None req-35a93b3e-9569-44b3-b0e0-68d0400cb6f1 None None] Loading extension file: qos_fip.py {{(pid=103537) _load_all_extensions_from_path /opt/stack/neutron/neutron/api/extensions.py:449}}
Feb 17 22:40:20.600941 np0000156238 devstack@neutron-api.service[103534]: DEBUG neutron_lib.callbacks.manager [None req-e75aedec-e642-428d-bf41-45a86a9a6656 None None] Subscribe: > router_interface after_delete 55550000, False {{(pid=103534) subscribe /opt/stack/data/venv/lib/python3.12/site-packages/neutron_lib/callbacks/manager.py:52}}
Feb 17 22:40:20.600941 np0000156238 devstack@neutron-api.service[103534]: DEBUG neutron_lib.callbacks.manager [None req-e75aedec-e642-428d-bf41-45a86a9a6656 None None] Subscribe: > router after_create 55550000, False {{(pid=103534) subscribe /opt/stack/data/venv/lib/python3.12/site-packages/neutron_lib/callbacks/manager.py:52}}
Feb 17 22:40:20.601465 np0000156238 devstack@neutron-api.service[103537]: DEBUG neutron.api.extensions [None req-35a93b3e-9569-44b3-b0e0-68d0400cb6f1 None None] Ext name="Floating IP QoS" alias="qos-fip" description="The floating IP Quality of Service extension" updated="2017-07-20T00:00:00-00:00" {{(pid=103537) _check_extension /opt/stack/neutron/neutron/api/extensions.py:415}}
Feb 17 22:40:20.601850 np0000156238 devstack@neutron-api.service[103534]: DEBUG neutron_lib.callbacks.manager [None req-e75aedec-e642-428d-bf41-45a86a9a6656 None None] Subscribe: > router precommit_create 55550000, False {{(pid=103534) subscribe /opt/stack/data/venv/lib/python3.12/site-packages/neutron_lib/callbacks/manager.py:52}}
Feb 17 22:40:20.601850 np0000156238 devstack@neutron-api.service[103534]: DEBUG neutron_lib.callbacks.manager [None req-e75aedec-e642-428d-bf41-45a86a9a6656 None None] Subscribe: > router after_delete 55550000, False {{(pid=103534) subscribe /opt/stack/data/venv/lib/python3.12/site-packages/neutron_lib/callbacks/manager.py:52}}
Feb 17 22:40:20.602430 np0000156238 devstack@neutron-api.service[103537]: INFO neutron.api.extensions [None req-35a93b3e-9569-44b3-b0e0-68d0400cb6f1 None None] Extension qos-fip not supported by any of loaded plugins
Feb 17 22:40:20.602850 np0000156238 devstack@neutron-api.service[103534]: DEBUG neutron_lib.callbacks.manager [None req-e75aedec-e642-428d-bf41-45a86a9a6656 None None] Subscribe: > router after_update 55550000, False {{(pid=103534) subscribe /opt/stack/data/venv/lib/python3.12/site-packages/neutron_lib/callbacks/manager.py:52}}
Feb 17 22:40:20.603215 np0000156238 devstack@neutron-api.service[103537]: DEBUG neutron.api.extensions [None req-35a93b3e-9569-44b3-b0e0-68d0400cb6f1 None None] Loading extension file: qos_fip_network_policy.py {{(pid=103537) _load_all_extensions_from_path /opt/stack/neutron/neutron/api/extensions.py:449}}
Feb 17 22:40:20.603806 np0000156238 devstack@neutron-api.service[103534]: DEBUG neutron.services.service_base [None req-e75aedec-e642-428d-bf41-45a86a9a6656 None None] Loaded 'neutron.services.ovn_l3.service_providers.ovn.OvnDriver' provider for service L3_ROUTER_NAT {{(pid=103534) load_drivers /opt/stack/neutron/neutron/services/service_base.py:49}}
Feb 17 22:40:20.604190 np0000156238 devstack@neutron-api.service[103537]: DEBUG neutron.api.extensions [None req-35a93b3e-9569-44b3-b0e0-68d0400cb6f1 None None] Ext name="QoS floating IP network policy ID" alias="qos-fip-network-policy" description="Adds a the QoS network ID to the floating IP definition" updated="2021-11-15T10:00:00-00:00" {{(pid=103537) _check_extension /opt/stack/neutron/neutron/api/extensions.py:415}}
Feb 17 22:40:20.604543 np0000156238 devstack@neutron-api.service[103534]: DEBUG neutron_lib.callbacks.manager [None req-e75aedec-e642-428d-bf41-45a86a9a6656 None None] Subscribe: > process after_init 55550001, True {{(pid=103534) subscribe /opt/stack/data/venv/lib/python3.12/site-packages/neutron_lib/callbacks/manager.py:52}}
Feb 17 22:40:20.604543 np0000156238 devstack@neutron-api.service[103534]: DEBUG neutron.manager [None req-e75aedec-e642-428d-bf41-45a86a9a6656 None None] Successfully loaded L3_ROUTER_NAT plugin. Description: L3 Router Service Plugin for basic L3 forwarding using OVN {{(pid=103534) _create_and_add_service_plugin /opt/stack/neutron/neutron/manager.py:229}}
Feb 17 22:40:20.605449 np0000156238 devstack@neutron-api.service[103537]: INFO neutron.api.extensions [None req-35a93b3e-9569-44b3-b0e0-68d0400cb6f1 None None] Extension qos-fip-network-policy not supported by any of loaded plugins
Feb 17 22:40:20.605803 np0000156238 devstack@neutron-api.service[103534]: INFO neutron.manager [None req-e75aedec-e642-428d-bf41-45a86a9a6656 None None] Loading Plugin: auto_allocate
Feb 17 22:40:20.606222 np0000156238 devstack@neutron-api.service[103537]: DEBUG neutron.api.extensions [None req-35a93b3e-9569-44b3-b0e0-68d0400cb6f1 None None] Loading extension file: qos_gateway_ip.py {{(pid=103537) _load_all_extensions_from_path /opt/stack/neutron/neutron/api/extensions.py:449}}
Feb 17 22:40:20.606222 np0000156238 devstack@neutron-api.service[103537]: DEBUG neutron.api.extensions [None req-35a93b3e-9569-44b3-b0e0-68d0400cb6f1 None None] Ext name="Router gateway IP QoS" alias="qos-gateway-ip" description="The Router gateway IP Quality of Service extension" updated="2018-02-24T00:00:00-00:00" {{(pid=103537) _check_extension /opt/stack/neutron/neutron/api/extensions.py:415}}
Feb 17 22:40:20.606222 np0000156238 devstack@neutron-api.service[103537]: INFO neutron.api.extensions [None req-35a93b3e-9569-44b3-b0e0-68d0400cb6f1 None None] Extension qos-gateway-ip not supported by any of loaded plugins
Feb 17 22:40:20.606222 np0000156238 devstack@neutron-api.service[103537]: DEBUG neutron.api.extensions [None req-35a93b3e-9569-44b3-b0e0-68d0400cb6f1 None None] Loading extension file: qos_port_network_policy.py {{(pid=103537) _load_all_extensions_from_path /opt/stack/neutron/neutron/api/extensions.py:449}}
Feb 17 22:40:20.606222 np0000156238 devstack@neutron-api.service[103537]: DEBUG neutron.api.extensions [None req-35a93b3e-9569-44b3-b0e0-68d0400cb6f1 None None] Ext name="QoS port network policy ID" alias="qos-port-network-policy" description="Adds a the QoS network ID to the port definition" updated="2019-11-01T10:00:00-00:00" {{(pid=103537) _check_extension /opt/stack/neutron/neutron/api/extensions.py:415}}
Feb 17 22:40:20.606750 np0000156238 devstack@neutron-api.service[103534]: DEBUG neutron_lib.callbacks.manager [None req-e75aedec-e642-428d-bf41-45a86a9a6656 None None] Subscribe: network precommit_update 55550000, False {{(pid=103534) subscribe /opt/stack/data/venv/lib/python3.12/site-packages/neutron_lib/callbacks/manager.py:52}}
Feb 17 22:40:20.607101 np0000156238 devstack@neutron-api.service[103537]: INFO neutron.api.extensions [None req-35a93b3e-9569-44b3-b0e0-68d0400cb6f1 None None] Extension qos-port-network-policy not supported by any of loaded plugins
Feb 17 22:40:20.607452 np0000156238 devstack@neutron-api.service[103534]: DEBUG neutron_lib.callbacks.manager [None req-e75aedec-e642-428d-bf41-45a86a9a6656 None None] Subscribe: network precommit_create 55550000, False {{(pid=103534) subscribe /opt/stack/data/venv/lib/python3.12/site-packages/neutron_lib/callbacks/manager.py:52}}
Feb 17 22:40:20.607814 np0000156238 devstack@neutron-api.service[103537]: DEBUG neutron.api.extensions [None req-35a93b3e-9569-44b3-b0e0-68d0400cb6f1 None None] Loading extension file: qos_pps_minimum_rule.py {{(pid=103537) _load_all_extensions_from_path /opt/stack/neutron/neutron/api/extensions.py:449}}
Feb 17 22:40:20.608162 np0000156238 devstack@neutron-api.service[103534]: DEBUG neutron.manager [None req-e75aedec-e642-428d-bf41-45a86a9a6656 None None] Successfully loaded auto-allocated-topology plugin. Description: Auto Allocated Topology - aka get me a network. {{(pid=103534) _create_and_add_service_plugin /opt/stack/neutron/neutron/manager.py:229}}
Feb 17 22:40:20.608491 np0000156238 devstack@neutron-api.service[103535]: INFO neutron.plugins.ml2.drivers.type_vlan [None req-0c6b2dca-8e63-4111-aecb-aa596f140903 None None] VlanTypeDriver initialization complete
Feb 17 22:40:20.609200 np0000156238 devstack@neutron-api.service[103534]: INFO neutron.manager [None req-e75aedec-e642-428d-bf41-45a86a9a6656 None None] Loading Plugin: tag
Feb 17 22:40:20.609614 np0000156238 devstack@neutron-api.service[103537]: DEBUG neutron.api.extensions [None req-35a93b3e-9569-44b3-b0e0-68d0400cb6f1 None None] Ext name="QoS minimum packet rate rule" alias="qos-pps-minimum" description="Allow to configure QoS minimum packet rate rule." updated="2021-07-14T10:00:00-00:00" {{(pid=103537) _check_extension /opt/stack/neutron/neutron/api/extensions.py:415}}
Feb 17 22:40:20.610002 np0000156238 devstack@neutron-api.service[103535]: INFO neutron.plugins.ml2.managers [None req-0c6b2dca-8e63-4111-aecb-aa596f140903 None None] Initializing extension driver 'port_security'
Feb 17 22:40:20.610303 np0000156238 devstack@neutron-api.service[103537]: INFO neutron.api.extensions [None req-35a93b3e-9569-44b3-b0e0-68d0400cb6f1 None None] Extension qos-pps-minimum not supported by any of loaded plugins
Feb 17 22:40:20.610303 np0000156238 devstack@neutron-api.service[103537]: DEBUG neutron.api.extensions [None req-35a93b3e-9569-44b3-b0e0-68d0400cb6f1 None None] Loading extension file: qos_pps_minimum_rule_alias.py {{(pid=103537) _load_all_extensions_from_path /opt/stack/neutron/neutron/api/extensions.py:449}}
Feb 17 22:40:20.610510 np0000156238 devstack@neutron-api.service[103535]: INFO neutron.plugins.ml2.extensions.port_security [None req-0c6b2dca-8e63-4111-aecb-aa596f140903 None None] PortSecurityExtensionDriver initialization complete
Feb 17 22:40:20.610510 np0000156238 devstack@neutron-api.service[103535]: INFO neutron.plugins.ml2.managers [None req-0c6b2dca-8e63-4111-aecb-aa596f140903 None None] Initializing extension driver 'qos'
Feb 17 22:40:20.610600 np0000156238 devstack@neutron-api.service[103537]: DEBUG neutron.api.extensions [None req-35a93b3e-9569-44b3-b0e0-68d0400cb6f1 None None] Ext name="QoS minimum packet rate rule alias" alias="qos-pps-minimum-rule-alias" description="API to enable GET, PUT and DELETE operations on QoS minimum packet rate rule without specifying policy ID" updated="2021-10-22T10:00:00-00:00" {{(pid=103537) _check_extension /opt/stack/neutron/neutron/api/extensions.py:415}}
Feb 17 22:40:20.610600 np0000156238 devstack@neutron-api.service[103537]: INFO neutron.api.extensions [None req-35a93b3e-9569-44b3-b0e0-68d0400cb6f1 None None] Extension qos-pps-minimum-rule-alias not supported by any of loaded plugins
Feb 17 22:40:20.610687 np0000156238 devstack@neutron-api.service[103535]: DEBUG neutron.plugins.ml2.extensions.qos [None req-0c6b2dca-8e63-4111-aecb-aa596f140903 None None] QosExtensionDriver initialization complete {{(pid=103535) initialize /opt/stack/neutron/neutron/plugins/ml2/extensions/qos.py:31}}
Feb 17 22:40:20.610750 np0000156238 devstack@neutron-api.service[103537]: DEBUG neutron.api.extensions [None req-35a93b3e-9569-44b3-b0e0-68d0400cb6f1 None None] Loading extension file: qos_pps_rule.py {{(pid=103537) _load_all_extensions_from_path /opt/stack/neutron/neutron/api/extensions.py:449}}
Feb 17 22:40:20.610795 np0000156238 devstack@neutron-api.service[103535]: INFO neutron.plugins.ml2.managers [None req-0c6b2dca-8e63-4111-aecb-aa596f140903 None None] Initializing mechanism driver 'ovn'
Feb 17 22:40:20.610834 np0000156238 devstack@neutron-api.service[103537]: DEBUG neutron.api.extensions [None req-35a93b3e-9569-44b3-b0e0-68d0400cb6f1 None None] Ext name="QoS Rule Type Packet per Second Extension" alias="qos-pps" description="Add QoS Rule Type Packet per Second" updated="2021-05-12T10:00:00-00:00" {{(pid=103537) _check_extension /opt/stack/neutron/neutron/api/extensions.py:415}}
Feb 17 22:40:20.610878 np0000156238 devstack@neutron-api.service[103535]: INFO neutron.plugins.ml2.drivers.ovn.mech_driver.mech_driver [None req-0c6b2dca-8e63-4111-aecb-aa596f140903 None None] Starting OVNMechanismDriver
Feb 17 22:40:20.610916 np0000156238 devstack@neutron-api.service[103537]: INFO neutron.api.extensions [None req-35a93b3e-9569-44b3-b0e0-68d0400cb6f1 None None] Extension qos-pps not supported by any of loaded plugins
Feb 17 22:40:20.610916 np0000156238 devstack@neutron-api.service[103537]: DEBUG neutron.api.extensions [None req-35a93b3e-9569-44b3-b0e0-68d0400cb6f1 None None] Loading extension file: qos_rule_type_details.py {{(pid=103537) _load_all_extensions_from_path /opt/stack/neutron/neutron/api/extensions.py:449}}
Feb 17 22:40:20.610916 np0000156238 devstack@neutron-api.service[103537]: DEBUG neutron.api.extensions [None req-35a93b3e-9569-44b3-b0e0-68d0400cb6f1 None None] Ext name="Details of QoS rule types" alias="qos-rule-type-details" description="Expose details about QoS rule types supported by loaded backend drivers" updated="2017-06-22T10:00:00-00:00" {{(pid=103537) _check_extension /opt/stack/neutron/neutron/api/extensions.py:415}}
Feb 17 22:40:20.610916 np0000156238 devstack@neutron-api.service[103537]: INFO neutron.api.extensions [None req-35a93b3e-9569-44b3-b0e0-68d0400cb6f1 None None] Extension qos-rule-type-details not supported by any of loaded plugins
Feb 17 22:40:20.610916 np0000156238 devstack@neutron-api.service[103537]: DEBUG neutron.api.extensions [None req-35a93b3e-9569-44b3-b0e0-68d0400cb6f1 None None] Loading extension file: qos_rule_type_filter.py {{(pid=103537) _load_all_extensions_from_path /opt/stack/neutron/neutron/api/extensions.py:449}}
Feb 17 22:40:20.610916 np0000156238 devstack@neutron-api.service[103537]: DEBUG neutron.api.extensions [None req-35a93b3e-9569-44b3-b0e0-68d0400cb6f1 None None] Ext name="Allow to filter the list of QoS rule types" alias="qos-rule-type-filter" description="Allows to filter the QoS rule type list adding two new flags. "all_rules" prints all implemented QoS rule types."all_supported" prints all supported QoS rule types by the loaded mechanism drivers" updated="2022-02-02T10:00:00-00:00" {{(pid=103537) _check_extension /opt/stack/neutron/neutron/api/extensions.py:415}}
Feb 17 22:40:20.610916 np0000156238 devstack@neutron-api.service[103537]: INFO neutron.api.extensions [None req-35a93b3e-9569-44b3-b0e0-68d0400cb6f1 None None] Extension qos-rule-type-filter not supported by any of loaded plugins
Feb 17 22:40:20.611219 np0000156238 devstack@neutron-api.service[103537]: DEBUG neutron.api.extensions [None req-35a93b3e-9569-44b3-b0e0-68d0400cb6f1 None None] Loading extension file: qos_rules_alias.py {{(pid=103537) _load_all_extensions_from_path /opt/stack/neutron/neutron/api/extensions.py:449}}
Feb 17 22:40:20.611219 np0000156238 devstack@neutron-api.service[103537]: DEBUG neutron.api.extensions [None req-35a93b3e-9569-44b3-b0e0-68d0400cb6f1 None None] Ext name="Quality of Service rules alias API" alias="qos-rules-alias" description="API to enable GET, PUT and DELETE operations on QoS policy rules without specifying policy ID" updated="2018-10-07T10:00:00-00:00" {{(pid=103537) _check_extension /opt/stack/neutron/neutron/api/extensions.py:415}}
Feb 17 22:40:20.611303 np0000156238 devstack@neutron-api.service[103534]: DEBUG neutron.manager [None req-e75aedec-e642-428d-bf41-45a86a9a6656 None None] Successfully loaded TAG plugin. Description: Tag support {{(pid=103534) _create_and_add_service_plugin /opt/stack/neutron/neutron/manager.py:229}}
Feb 17 22:40:20.611399 np0000156238 devstack@neutron-api.service[103537]: INFO neutron.api.extensions [None req-35a93b3e-9569-44b3-b0e0-68d0400cb6f1 None None] Extension qos-rules-alias not supported by any of loaded plugins
Feb 17 22:40:20.611443 np0000156238 devstack@neutron-api.service[103534]: INFO neutron.manager [None req-e75aedec-e642-428d-bf41-45a86a9a6656 None None] Loading Plugin: timestamp
Feb 17 22:40:20.611483 np0000156238 devstack@neutron-api.service[103537]: DEBUG neutron.api.extensions [None req-35a93b3e-9569-44b3-b0e0-68d0400cb6f1 None None] Loading extension file: quota_check_limit.py {{(pid=103537) _load_all_extensions_from_path /opt/stack/neutron/neutron/api/extensions.py:449}}
Feb 17 22:40:20.611483 np0000156238 devstack@neutron-api.service[103537]: DEBUG neutron.api.extensions [None req-35a93b3e-9569-44b3-b0e0-68d0400cb6f1 None None] Ext name="Quota engine limit check" alias="quota-check-limit" description="Support for checking the resource usage before applying a new quota limit" updated="2021-09-08T16:00:00-00:00" {{(pid=103537) _check_extension /opt/stack/neutron/neutron/api/extensions.py:415}}
Feb 17 22:40:20.611483 np0000156238 devstack@neutron-api.service[103537]: INFO neutron.api.extensions [None req-35a93b3e-9569-44b3-b0e0-68d0400cb6f1 None None] Loaded extension: quota-check-limit
Feb 17 22:40:20.611483 np0000156238 devstack@neutron-api.service[103537]: DEBUG neutron.api.extensions [None req-35a93b3e-9569-44b3-b0e0-68d0400cb6f1 None None] Loading extension file: quota_check_limit_default.py {{(pid=103537) _load_all_extensions_from_path /opt/stack/neutron/neutron/api/extensions.py:449}}
Feb 17 22:40:20.611630 np0000156238 devstack@neutron-api.service[103535]: DEBUG neutron_lib.callbacks.manager [None req-0c6b2dca-8e63-4111-aecb-aa596f140903 None None] Subscribe: > process before_spawn 55550000, False {{(pid=103535) subscribe /opt/stack/data/venv/lib/python3.12/site-packages/neutron_lib/callbacks/manager.py:52}}
Feb 17 22:40:20.611630 np0000156238 devstack@neutron-api.service[103535]: DEBUG neutron_lib.callbacks.manager [None req-0c6b2dca-8e63-4111-aecb-aa596f140903 None None] Subscribe: > process after_init 55550000, True {{(pid=103535) subscribe /opt/stack/data/venv/lib/python3.12/site-packages/neutron_lib/callbacks/manager.py:52}}
Feb 17 22:40:20.611771 np0000156238 devstack@neutron-api.service[103537]: DEBUG neutron.api.extensions [None req-35a93b3e-9569-44b3-b0e0-68d0400cb6f1 None None] Ext name="Quota engine limit check by default" alias="quota-check-limit-default" description="By default, the Neutron quota engine checks the resource usage before applying a new quota limit" updated="2024-08-21T16:00:00-00:00" {{(pid=103537) _check_extension /opt/stack/neutron/neutron/api/extensions.py:415}}
Feb 17 22:40:20.611822 np0000156238 devstack@neutron-api.service[103535]: DEBUG neutron_lib.callbacks.manager [None req-0c6b2dca-8e63-4111-aecb-aa596f140903 None None] Subscribe: > segment after_create 55550000, False {{(pid=103535) subscribe /opt/stack/data/venv/lib/python3.12/site-packages/neutron_lib/callbacks/manager.py:52}}
Feb 17 22:40:20.611866 np0000156238 devstack@neutron-api.service[103537]: INFO neutron.api.extensions [None req-35a93b3e-9569-44b3-b0e0-68d0400cb6f1 None None] Loaded extension: quota-check-limit-default
Feb 17 22:40:20.611866 np0000156238 devstack@neutron-api.service[103537]: DEBUG neutron.api.extensions [None req-35a93b3e-9569-44b3-b0e0-68d0400cb6f1 None None] Loading extension file: quotasv2.py {{(pid=103537) _load_all_extensions_from_path /opt/stack/neutron/neutron/api/extensions.py:449}}
Feb 17 22:40:20.611951 np0000156238 devstack@neutron-api.service[103535]: DEBUG neutron_lib.callbacks.manager [None req-0c6b2dca-8e63-4111-aecb-aa596f140903 None None] Subscribe: > segment after_create 55550000, False {{(pid=103535) subscribe /opt/stack/data/venv/lib/python3.12/site-packages/neutron_lib/callbacks/manager.py:52}}
Feb 17 22:40:20.611951 np0000156238 devstack@neutron-api.service[103535]: DEBUG neutron_lib.callbacks.manager [None req-0c6b2dca-8e63-4111-aecb-aa596f140903 None None] Subscribe: > segment after_delete 55550000, False {{(pid=103535) subscribe /opt/stack/data/venv/lib/python3.12/site-packages/neutron_lib/callbacks/manager.py:52}}
Feb 17 22:40:20.612036 np0000156238 devstack@neutron-api.service[103534]: DEBUG neutron.manager [None req-e75aedec-e642-428d-bf41-45a86a9a6656 None None] Successfully loaded timestamp plugin. Description: Adds timestamps to Neutron resources with standard attributes {{(pid=103534) _create_and_add_service_plugin /opt/stack/neutron/neutron/manager.py:229}}
Feb 17 22:40:20.612036 np0000156238 devstack@neutron-api.service[103534]: INFO neutron.manager [None req-e75aedec-e642-428d-bf41-45a86a9a6656 None None] Loading Plugin: network_ip_availability
Feb 17 22:40:20.612200 np0000156238 devstack@neutron-api.service[103535]: DEBUG neutron_lib.callbacks.manager [None req-0c6b2dca-8e63-4111-aecb-aa596f140903 None None] Subscribe: > allowed_address_pair before_create 55550000, False {{(pid=103535) subscribe /opt/stack/data/venv/lib/python3.12/site-packages/neutron_lib/callbacks/manager.py:52}}
Feb 17 22:40:20.612200 np0000156238 devstack@neutron-api.service[103535]: DEBUG neutron_lib.callbacks.manager [None req-0c6b2dca-8e63-4111-aecb-aa596f140903 None None] Subscribe: > security_group precommit_create 55550000, False {{(pid=103535) subscribe /opt/stack/data/venv/lib/python3.12/site-packages/neutron_lib/callbacks/manager.py:52}}
Feb 17 22:40:20.612200 np0000156238 devstack@neutron-api.service[103535]: DEBUG neutron_lib.callbacks.manager [None req-0c6b2dca-8e63-4111-aecb-aa596f140903 None None] Subscribe: > security_group after_update 55550000, False {{(pid=103535) subscribe /opt/stack/data/venv/lib/python3.12/site-packages/neutron_lib/callbacks/manager.py:52}}
Feb 17 22:40:20.612200 np0000156238 devstack@neutron-api.service[103535]: DEBUG neutron_lib.callbacks.manager [None req-0c6b2dca-8e63-4111-aecb-aa596f140903 None None] Subscribe: > security_group after_create 55550000, False {{(pid=103535) subscribe /opt/stack/data/venv/lib/python3.12/site-packages/neutron_lib/callbacks/manager.py:52}}
Feb 17 22:40:20.612355 np0000156238 devstack@neutron-api.service[103535]: DEBUG neutron_lib.callbacks.manager [None req-0c6b2dca-8e63-4111-aecb-aa596f140903 None None] Subscribe: > security_group precommit_delete 55550000, False {{(pid=103535) subscribe /opt/stack/data/venv/lib/python3.12/site-packages/neutron_lib/callbacks/manager.py:52}}
Feb 17 22:40:20.612355 np0000156238 devstack@neutron-api.service[103535]: DEBUG neutron_lib.callbacks.manager [None req-0c6b2dca-8e63-4111-aecb-aa596f140903 None None] Subscribe: > security_group after_delete 55550000, False {{(pid=103535) subscribe /opt/stack/data/venv/lib/python3.12/site-packages/neutron_lib/callbacks/manager.py:52}}
Feb 17 22:40:20.612355 np0000156238 devstack@neutron-api.service[103535]: DEBUG neutron_lib.callbacks.manager [None req-0c6b2dca-8e63-4111-aecb-aa596f140903 None None] Subscribe: > security_group_rule precommit_create 55550000, False {{(pid=103535) subscribe /opt/stack/data/venv/lib/python3.12/site-packages/neutron_lib/callbacks/manager.py:52}}
Feb 17 22:40:20.612355 np0000156238 devstack@neutron-api.service[103535]: DEBUG neutron_lib.callbacks.manager [None req-0c6b2dca-8e63-4111-aecb-aa596f140903 None None] Subscribe: > security_group_rule after_create 55550000, False {{(pid=103535) subscribe /opt/stack/data/venv/lib/python3.12/site-packages/neutron_lib/callbacks/manager.py:52}}
Feb 17 22:40:20.612502 np0000156238 devstack@neutron-api.service[103537]: DEBUG neutron.api.extensions [None req-35a93b3e-9569-44b3-b0e0-68d0400cb6f1 None None] Ext name="Quota management support" alias="quotas" description="Expose functions for quotas management per project" updated="2012-07-29T10:00:00-00:00" {{(pid=103537) _check_extension /opt/stack/neutron/neutron/api/extensions.py:415}}
Feb 17 22:40:20.612502 np0000156238 devstack@neutron-api.service[103537]: INFO neutron.api.extensions [None req-35a93b3e-9569-44b3-b0e0-68d0400cb6f1 None None] Loaded extension: quotas
Feb 17 22:40:20.612576 np0000156238 devstack@neutron-api.service[103535]: DEBUG neutron_lib.callbacks.manager [None req-0c6b2dca-8e63-4111-aecb-aa596f140903 None None] Subscribe: > security_group_rule before_delete 55550000, False {{(pid=103535) subscribe /opt/stack/data/venv/lib/python3.12/site-packages/neutron_lib/callbacks/manager.py:52}}
Feb 17 22:40:20.612614 np0000156238 devstack@neutron-api.service[103537]: DEBUG neutron.api.extensions [None req-35a93b3e-9569-44b3-b0e0-68d0400cb6f1 None None] Loading extension file: quotasv2_detail.py {{(pid=103537) _load_all_extensions_from_path /opt/stack/neutron/neutron/api/extensions.py:449}}
Feb 17 22:40:20.612655 np0000156238 devstack@neutron-api.service[103535]: DEBUG neutron_lib.callbacks.manager [None req-0c6b2dca-8e63-4111-aecb-aa596f140903 None None] Subscribe: > address_group after_create 55550000, False {{(pid=103535) subscribe /opt/stack/data/venv/lib/python3.12/site-packages/neutron_lib/callbacks/manager.py:52}}
Feb 17 22:40:20.612655 np0000156238 devstack@neutron-api.service[103535]: DEBUG neutron_lib.callbacks.manager [None req-0c6b2dca-8e63-4111-aecb-aa596f140903 None None] Subscribe: > address_group after_update 55550000, False {{(pid=103535) subscribe /opt/stack/data/venv/lib/python3.12/site-packages/neutron_lib/callbacks/manager.py:52}}
Feb 17 22:40:20.612721 np0000156238 devstack@neutron-api.service[103537]: DEBUG neutron.api.extensions [None req-35a93b3e-9569-44b3-b0e0-68d0400cb6f1 None None] Ext name="Quota details management support" alias="quota_details" description="Expose functions for quotas usage statistics per project" updated="2017-02-10T10:00:00-00:00" {{(pid=103537) _check_extension /opt/stack/neutron/neutron/api/extensions.py:415}}
Feb 17 22:40:20.612772 np0000156238 devstack@neutron-api.service[103535]: DEBUG neutron_lib.callbacks.manager [None req-0c6b2dca-8e63-4111-aecb-aa596f140903 None None] Subscribe: > address_group after_delete 55550000, False {{(pid=103535) subscribe /opt/stack/data/venv/lib/python3.12/site-packages/neutron_lib/callbacks/manager.py:52}}
Feb 17 22:40:20.612809 np0000156238 devstack@neutron-api.service[103537]: INFO neutron.api.extensions [None req-35a93b3e-9569-44b3-b0e0-68d0400cb6f1 None None] Loaded extension: quota_details
Feb 17 22:40:20.612809 np0000156238 devstack@neutron-api.service[103537]: DEBUG neutron.api.extensions [None req-35a93b3e-9569-44b3-b0e0-68d0400cb6f1 None None] Loading extension file: rbac.py {{(pid=103537) _load_all_extensions_from_path /opt/stack/neutron/neutron/api/extensions.py:449}}
Feb 17 22:40:20.612869 np0000156238 devstack@neutron-api.service[103534]: DEBUG neutron_lib.callbacks.manager [None req-e75aedec-e642-428d-bf41-45a86a9a6656 None None] Subscribe: > rbac-policy before_create 55550000, False {{(pid=103534) subscribe /opt/stack/data/venv/lib/python3.12/site-packages/neutron_lib/callbacks/manager.py:52}}
Feb 17 22:40:20.612931 np0000156238 devstack@neutron-api.service[103535]: DEBUG neutron_lib.callbacks.manager [None req-0c6b2dca-8e63-4111-aecb-aa596f140903 None None] Subscribe: > qos_plugin after_init 55550000, False {{(pid=103535) subscribe /opt/stack/data/venv/lib/python3.12/site-packages/neutron_lib/callbacks/manager.py:52}}
Feb 17 22:40:20.612976 np0000156238 devstack@neutron-api.service[103534]: DEBUG neutron_lib.callbacks.manager [None req-e75aedec-e642-428d-bf41-45a86a9a6656 None None] Subscribe: > rbac-policy before_update 55550000, False {{(pid=103534) subscribe /opt/stack/data/venv/lib/python3.12/site-packages/neutron_lib/callbacks/manager.py:52}}
Feb 17 22:40:20.612976 np0000156238 devstack@neutron-api.service[103534]: DEBUG neutron_lib.callbacks.manager [None req-e75aedec-e642-428d-bf41-45a86a9a6656 None None] Subscribe: > rbac-policy before_delete 55550000, False {{(pid=103534) subscribe /opt/stack/data/venv/lib/python3.12/site-packages/neutron_lib/callbacks/manager.py:52}}
Feb 17 22:40:20.613051 np0000156238 devstack@neutron-api.service[103535]: DEBUG neutron_lib.callbacks.manager [None req-0c6b2dca-8e63-4111-aecb-aa596f140903 None None] Subscribe: > trunk_plugin after_init 55550000, False {{(pid=103535) subscribe /opt/stack/data/venv/lib/python3.12/site-packages/neutron_lib/callbacks/manager.py:52}}
Feb 17 22:40:20.613088 np0000156238 devstack@neutron-api.service[103537]: DEBUG neutron.api.extensions [None req-35a93b3e-9569-44b3-b0e0-68d0400cb6f1 None None] Ext name="RBAC Policies" alias="rbac-policies" description="Allows creation and modification of policies that control tenant access to resources." updated="2015-06-17T12:15:12-00:00" {{(pid=103537) _check_extension /opt/stack/neutron/neutron/api/extensions.py:415}}
Feb 17 22:40:20.613127 np0000156238 devstack@neutron-api.service[103534]: DEBUG neutron.manager [None req-e75aedec-e642-428d-bf41-45a86a9a6656 None None] Successfully loaded network-ip-availability plugin. Description: Provides IP availability data for each network and subnet. {{(pid=103534) _create_and_add_service_plugin /opt/stack/neutron/neutron/manager.py:229}}
Feb 17 22:40:20.613127 np0000156238 devstack@neutron-api.service[103534]: INFO neutron.manager [None req-e75aedec-e642-428d-bf41-45a86a9a6656 None None] Loading Plugin: flavors
Feb 17 22:40:20.613211 np0000156238 devstack@neutron-api.service[103537]: INFO neutron.api.extensions [None req-35a93b3e-9569-44b3-b0e0-68d0400cb6f1 None None] Loaded extension: rbac-policies
Feb 17 22:40:20.613252 np0000156238 devstack@neutron-api.service[103535]: DEBUG neutron_lib.callbacks.manager [None req-0c6b2dca-8e63-4111-aecb-aa596f140903 None None] Subscribe: > logging-plugin after_init 55550000, False {{(pid=103535) subscribe /opt/stack/data/venv/lib/python3.12/site-packages/neutron_lib/callbacks/manager.py:52}}
Feb 17 22:40:20.613300 np0000156238 devstack@neutron-api.service[103537]: DEBUG neutron.api.extensions [None req-35a93b3e-9569-44b3-b0e0-68d0400cb6f1 None None] Loading extension file: rbac_address_group.py {{(pid=103537) _load_all_extensions_from_path /opt/stack/neutron/neutron/api/extensions.py:449}}
Feb 17 22:40:20.613300 np0000156238 devstack@neutron-api.service[103537]: DEBUG neutron.api.extensions [None req-35a93b3e-9569-44b3-b0e0-68d0400cb6f1 None None] Ext name="Add address_group type to RBAC" alias="rbac-address-group" description="Add address_group type to network RBAC" updated="2021-01-20T00:00:00-00:00" {{(pid=103537) _check_extension /opt/stack/neutron/neutron/api/extensions.py:415}}
Feb 17 22:40:20.613300 np0000156238 devstack@neutron-api.service[103537]: INFO neutron.api.extensions [None req-35a93b3e-9569-44b3-b0e0-68d0400cb6f1 None None] Extension rbac-address-group not supported by any of loaded plugins
Feb 17 22:40:20.613300 np0000156238 devstack@neutron-api.service[103537]: DEBUG neutron.api.extensions [None req-35a93b3e-9569-44b3-b0e0-68d0400cb6f1 None None] Loading extension file: rbac_address_scope.py {{(pid=103537) _load_all_extensions_from_path /opt/stack/neutron/neutron/api/extensions.py:449}}
Feb 17 22:40:20.613498 np0000156238 devstack@neutron-api.service[103535]: INFO neutron.services.logapi.drivers.ovn.driver [None req-0c6b2dca-8e63-4111-aecb-aa596f140903 None None] OVN logging driver registered
Feb 17 22:40:20.613547 np0000156238 devstack@neutron-api.service[103537]: DEBUG neutron.api.extensions [None req-35a93b3e-9569-44b3-b0e0-68d0400cb6f1 None None] Ext name="Add address_scope type to RBAC" alias="rbac-address-scope" description="Add address_scope type to RBAC" updated="2020-02-12T00:00:00-00:00" {{(pid=103537) _check_extension /opt/stack/neutron/neutron/api/extensions.py:415}}
Feb 17 22:40:20.613590 np0000156238 devstack@neutron-api.service[103534]: DEBUG neutron.manager [None req-e75aedec-e642-428d-bf41-45a86a9a6656 None None] Successfully loaded FLAVORS plugin. Description: Neutron Flavors and Service Profiles manager plugin {{(pid=103534) _create_and_add_service_plugin /opt/stack/neutron/neutron/manager.py:229}}
Feb 17 22:40:20.613590 np0000156238 devstack@neutron-api.service[103534]: INFO neutron.manager [None req-e75aedec-e642-428d-bf41-45a86a9a6656 None None] Loading Plugin: revisions
Feb 17 22:40:20.613664 np0000156238 devstack@neutron-api.service[103537]: INFO neutron.api.extensions [None req-35a93b3e-9569-44b3-b0e0-68d0400cb6f1 None None] Loaded extension: rbac-address-scope
Feb 17 22:40:20.613664 np0000156238 devstack@neutron-api.service[103537]: DEBUG neutron.api.extensions [None req-35a93b3e-9569-44b3-b0e0-68d0400cb6f1 None None] Loading extension file: rbac_security_groups.py {{(pid=103537) _load_all_extensions_from_path /opt/stack/neutron/neutron/api/extensions.py:449}}
Feb 17 22:40:20.613664 np0000156238 devstack@neutron-api.service[103537]: DEBUG neutron.api.extensions [None req-35a93b3e-9569-44b3-b0e0-68d0400cb6f1 None None] Ext name="Add security_group type to network RBAC" alias="rbac-security-groups" description="Add security_group type to network RBAC" updated="2019-02-14T00:00:00-00:00" {{(pid=103537) _check_extension /opt/stack/neutron/neutron/api/extensions.py:415}}
Feb 17 22:40:20.613664 np0000156238 devstack@neutron-api.service[103537]: INFO neutron.api.extensions [None req-35a93b3e-9569-44b3-b0e0-68d0400cb6f1 None None] Loaded extension: rbac-security-groups
Feb 17 22:40:20.613664 np0000156238 devstack@neutron-api.service[103537]: DEBUG neutron.api.extensions [None req-35a93b3e-9569-44b3-b0e0-68d0400cb6f1 None None] Loading extension file: rbac_subnetpool.py {{(pid=103537) _load_all_extensions_from_path /opt/stack/neutron/neutron/api/extensions.py:449}}
Feb 17 22:40:20.613664 np0000156238 devstack@neutron-api.service[103537]: DEBUG neutron.api.extensions [None req-35a93b3e-9569-44b3-b0e0-68d0400cb6f1 None None] Ext name="Add subnetpool type to RBAC" alias="rbac-subnetpool" description="Add subnetpool type to RBAC" updated="2020-02-05T00:00:00-00:00" {{(pid=103537) _check_extension /opt/stack/neutron/neutron/api/extensions.py:415}}
Feb 17 22:40:20.613880 np0000156238 devstack@neutron-api.service[103534]: DEBUG neutron.manager [None req-e75aedec-e642-428d-bf41-45a86a9a6656 None None] Successfully loaded revision_plugin plugin. Description: Adds revision numbers to resources. {{(pid=103534) _create_and_add_service_plugin /opt/stack/neutron/neutron/manager.py:229}}
Feb 17 22:40:20.613924 np0000156238 devstack@neutron-api.service[103537]: INFO neutron.api.extensions [None req-35a93b3e-9569-44b3-b0e0-68d0400cb6f1 None None] Extension rbac-subnetpool not supported by any of loaded plugins
Feb 17 22:40:20.613924 np0000156238 devstack@neutron-api.service[103537]: DEBUG neutron.api.extensions [None req-35a93b3e-9569-44b3-b0e0-68d0400cb6f1 None None] Loading extension file: revisionifmatch.py {{(pid=103537) _load_all_extensions_from_path /opt/stack/neutron/neutron/api/extensions.py:449}}
Feb 17 22:40:20.614005 np0000156238 devstack@neutron-api.service[103534]: DEBUG oslo_concurrency.lockutils [None req-e75aedec-e642-428d-bf41-45a86a9a6656 None None] Lock "manager" "released" by "neutron.manager.NeutronManager._create_instance" :: held 4.671s {{(pid=103534) inner /opt/stack/data/venv/lib/python3.12/site-packages/oslo_concurrency/lockutils.py:538}}
Feb 17 22:40:20.614039 np0000156238 devstack@neutron-api.service[103537]: DEBUG neutron.api.extensions [None req-35a93b3e-9569-44b3-b0e0-68d0400cb6f1 None None] Ext name="If-Match constraints based on revision_number" alias="revision-if-match" description="Extension indicating that If-Match based on revision_number is supported." updated="2016-12-11T00:00:00-00:00" {{(pid=103537) _check_extension /opt/stack/neutron/neutron/api/extensions.py:415}}
Feb 17 22:40:20.614077 np0000156238 devstack@neutron-api.service[103534]: DEBUG neutron.api.extensions [None req-e75aedec-e642-428d-bf41-45a86a9a6656 None None] get_extension_paths = OrderedDict({'/opt/stack/neutron/neutron/extensions': 1}) {{(pid=103534) get_extensions_path /opt/stack/neutron/neutron/api/extensions.py:640}}
Feb 17 22:40:20.614077 np0000156238 devstack@neutron-api.service[103534]: INFO neutron.api.extensions [None req-e75aedec-e642-428d-bf41-45a86a9a6656 None None] Initializing extension manager.
Feb 17 22:40:20.614150 np0000156238 devstack@neutron-api.service[103537]: INFO neutron.api.extensions [None req-35a93b3e-9569-44b3-b0e0-68d0400cb6f1 None None] Loaded extension: revision-if-match
Feb 17 22:40:20.614150 np0000156238 devstack@neutron-api.service[103537]: DEBUG neutron.api.extensions [None req-35a93b3e-9569-44b3-b0e0-68d0400cb6f1 None None] Loading extension file: revisions.py {{(pid=103537) _load_all_extensions_from_path /opt/stack/neutron/neutron/api/extensions.py:449}}
Feb 17 22:40:20.614223 np0000156238 devstack@neutron-api.service[103534]: DEBUG neutron.api.extensions [None req-e75aedec-e642-428d-bf41-45a86a9a6656 None None] Loading extension file: __init__.py {{(pid=103534) _load_all_extensions_from_path /opt/stack/neutron/neutron/api/extensions.py:449}}
Feb 17 22:40:20.614223 np0000156238 devstack@neutron-api.service[103534]: DEBUG neutron.api.extensions [None req-e75aedec-e642-428d-bf41-45a86a9a6656 None None] Loading extension file: __pycache__ {{(pid=103534) _load_all_extensions_from_path /opt/stack/neutron/neutron/api/extensions.py:449}}
Feb 17 22:40:20.614295 np0000156238 devstack@neutron-api.service[103537]: DEBUG neutron.api.extensions [None req-35a93b3e-9569-44b3-b0e0-68d0400cb6f1 None None] Ext name="Resource revision numbers" alias="standard-attr-revisions" description="This extension will display the revision number of neutron resources." updated="2016-04-11T10:00:00-00:00" {{(pid=103537) _check_extension /opt/stack/neutron/neutron/api/extensions.py:415}}
