+ COMMAND=start + start + for KEYSTONE_WSGI_SCRIPT in keystone-wsgi-public ++ type -p keystone-wsgi-public + cp -a /var/lib/openstack/bin/keystone-wsgi-public /var/www/cgi-bin/keystone/ + '[' -f /etc/apache2/envvars ']' + source /etc/apache2/envvars ++ unset HOME ++ '[' '' '!=' '' ']' ++ SUFFIX= ++ export APACHE_RUN_USER=www-data ++ APACHE_RUN_USER=www-data ++ export APACHE_RUN_GROUP=www-data ++ APACHE_RUN_GROUP=www-data ++ export APACHE_PID_FILE=/var/run/apache2/apache2.pid ++ APACHE_PID_FILE=/var/run/apache2/apache2.pid ++ export APACHE_RUN_DIR=/var/run/apache2 ++ APACHE_RUN_DIR=/var/run/apache2 ++ export APACHE_LOCK_DIR=/var/lock/apache2 ++ APACHE_LOCK_DIR=/var/lock/apache2 ++ export APACHE_LOG_DIR=/var/log/apache2 ++ APACHE_LOG_DIR=/var/log/apache2 ++ export LANG=C ++ LANG=C ++ export LANG + '[' -f /var/run/apache2/apache2.pid ']' + exec apache2 -DFOREGROUND AH00558: apache2: Could not reliably determine the server's fully qualified domain name, using 10.0.0.193. Set the 'ServerName' directive globally to suppress this message AH00558: apache2: Could not reliably determine the server's fully qualified domain name, using 10.0.0.193. Set the 'ServerName' directive globally to suppress this message
[Wed May 20 17:38:34.768894 2026] [mpm_event:notice] [pid 1:tid 140306499630976] AH00489: Apache/2.4.58 (Ubuntu) mod_wsgi/5.0.0 Python/3.12 configured -- resuming normal operations
[Wed May 20 17:38:34.769052 2026] [core:notice] [pid 1:tid 140306499630976] AH00094: Command line: 'apache2 -D FOREGROUND'
[Wed May 20 17:39:34.151513 2026] [wsgi:error] [pid 12:tid 140305862858432] /var/lib/openstack/lib/python3.12/site-packages/oslo_utils/importutils.py:77: EventletDeprecationWarning:
[Wed May 20 17:39:34.151556 2026] [wsgi:error] [pid 12:tid 140305862858432] Eventlet is deprecated. It is currently being maintained in bugfix mode, and
[Wed May 20 17:39:34.151558 2026] [wsgi:error] [pid 12:tid 140305862858432] we strongly recommend against using it for new projects.
[Wed May 20 17:39:34.151559 2026] [wsgi:error] [pid 12:tid 140305862858432]
[Wed May 20 17:39:34.151561 2026] [wsgi:error] [pid 12:tid 140305862858432] If you are already using Eventlet, we recommend migrating to a different
[Wed May 20 17:39:34.151562 2026] [wsgi:error] [pid 12:tid 140305862858432] framework. For more detail see
[Wed May 20 17:39:34.151563 2026] [wsgi:error] [pid 12:tid 140305862858432] https://eventlet.readthedocs.io/en/latest/asyncio/migration.html
[Wed May 20 17:39:34.151564 2026] [wsgi:error] [pid 12:tid 140305862858432]
[Wed May 20 17:39:34.151565 2026] [wsgi:error] [pid 12:tid 140305862858432] __import__(import_str)
[Wed May 20 17:39:34.152856 2026] [wsgi:error] [pid 9:tid 140305862858432] /var/lib/openstack/lib/python3.12/site-packages/oslo_utils/importutils.py:77: EventletDeprecationWarning:
[Wed May 20 17:39:34.152913 2026] [wsgi:error] [pid 9:tid 140305862858432] Eventlet is deprecated. It is currently being maintained in bugfix mode, and
[Wed May 20 17:39:34.152916 2026] [wsgi:error] [pid 9:tid 140305862858432] we strongly recommend against using it for new projects.
[Wed May 20 17:39:34.152917 2026] [wsgi:error] [pid 9:tid 140305862858432]
[Wed May 20 17:39:34.152919 2026] [wsgi:error] [pid 9:tid 140305862858432] If you are already using Eventlet, we recommend migrating to a different
[Wed May 20 17:39:34.152920 2026] [wsgi:error] [pid 9:tid 140305862858432] framework. For more detail see
[Wed May 20 17:39:34.152922 2026] [wsgi:error] [pid 9:tid 140305862858432] https://eventlet.readthedocs.io/en/latest/asyncio/migration.html
[Wed May 20 17:39:34.152923 2026] [wsgi:error] [pid 9:tid 140305862858432]
[Wed May 20 17:39:34.152924 2026] [wsgi:error] [pid 9:tid 140305862858432] __import__(import_str) 10.0.0.253 - - [20/May/2026:17:39:33 +0000] "GET /v3/ HTTP/1.1" 200 250 10.0.0.253 - - [20/May/2026:17:39:33 +0000] "GET /v3/ HTTP/1.1" 200 250
[Wed May 20 17:39:47.366121 2026] [wsgi:error] [pid 11:tid 140305862858432] /var/lib/openstack/lib/python3.12/site-packages/oslo_utils/importutils.py:77: EventletDeprecationWarning:
[Wed May 20 17:39:47.366163 2026] [wsgi:error] [pid 11:tid 140305862858432] Eventlet is deprecated. It is currently being maintained in bugfix mode, and
[Wed May 20 17:39:47.366165 2026] [wsgi:error] [pid 11:tid 140305862858432] we strongly recommend against using it for new projects.
[Wed May 20 17:39:47.366166 2026] [wsgi:error] [pid 11:tid 140305862858432]
[Wed May 20 17:39:47.366167 2026] [wsgi:error] [pid 11:tid 140305862858432] If you are already using Eventlet, we recommend migrating to a different
[Wed May 20 17:39:47.366168 2026] [wsgi:error] [pid 11:tid 140305862858432] framework. For more detail see
[Wed May 20 17:39:47.366170 2026] [wsgi:error] [pid 11:tid 140305862858432] https://eventlet.readthedocs.io/en/latest/asyncio/migration.html
[Wed May 20 17:39:47.366171 2026] [wsgi:error] [pid 11:tid 140305862858432]
[Wed May 20 17:39:47.366172 2026] [wsgi:error] [pid 11:tid 140305862858432] __import__(import_str) 10.0.0.71 - - [20/May/2026:17:39:46 +0000] "GET / HTTP/1.1" 300 295
[Wed May 20 17:39:52.556577 2026] [wsgi:error] [pid 10:tid 140305862858432] /var/lib/openstack/lib/python3.12/site-packages/oslo_utils/importutils.py:77: EventletDeprecationWarning:
[Wed May 20 17:39:52.556612 2026] [wsgi:error] [pid 10:tid 140305862858432] Eventlet is deprecated. It is currently being maintained in bugfix mode, and
[Wed May 20 17:39:52.556614 2026] [wsgi:error] [pid 10:tid 140305862858432] we strongly recommend against using it for new projects.
[Wed May 20 17:39:52.556615 2026] [wsgi:error] [pid 10:tid 140305862858432]
[Wed May 20 17:39:52.556616 2026] [wsgi:error] [pid 10:tid 140305862858432] If you are already using Eventlet, we recommend migrating to a different
[Wed May 20 17:39:52.556618 2026] [wsgi:error] [pid 10:tid 140305862858432] framework. For more detail see
[Wed May 20 17:39:52.556619 2026] [wsgi:error] [pid 10:tid 140305862858432] https://eventlet.readthedocs.io/en/latest/asyncio/migration.html
[Wed May 20 17:39:52.556620 2026] [wsgi:error] [pid 10:tid 140305862858432]
[Wed May 20 17:39:52.556621 2026] [wsgi:error] [pid 10:tid 140305862858432] __import__(import_str)
[Wed May 20 17:39:57.129847 2026] [wsgi:error] [pid 10:tid 140305862858432] [remote 10.0.0.71:49920] 2026-05-20 17:39:57.126 10 WARNING keystone.identity.core [None req-c1a9ce1d-ea44-45ff-80f6-49481dbb08df - - - - - -] Invalid domain name (atmosphere) found in config file name: keystone.exception.DomainNotFound: Could not find domain: atmosphere.
[Wed May 20 17:39:57.179402 2026] [wsgi:error] [pid 10:tid 140305862858432] [remote 10.0.0.71:49920] 2026-05-20 17:39:57.178 10 WARNING keystone.common.password_hashing [None req-c1a9ce1d-ea44-45ff-80f6-49481dbb08df - - - - - -] Truncating password to algorithm specific maximum length 72 characters.
[Wed May 20 17:39:57.466374 2026] [wsgi:error] [pid 10:tid 140305862858432] [remote 10.0.0.71:49920] 2026-05-20 17:39:57.466 10 WARNING keystone.common.fernet_utils [None req-c1a9ce1d-ea44-45ff-80f6-49481dbb08df - - - - - -] key_repository is world readable: /etc/keystone/fernet-keys/ 10.0.0.71 - - [20/May/2026:17:39:51 +0000] "POST /v3/auth/tokens HTTP/1.1" 201 1360
[Wed May 20 17:39:57.803040 2026] [wsgi:error] [pid 9:tid 140305862858432] [remote 10.0.0.71:49920] 2026-05-20 17:39:57.799 9 WARNING keystone.identity.core [None req-da07c8fc-46c8-44cf-979f-1272e6942b10 - - - - - -] Invalid domain name (atmosphere) found in config file name: keystone.exception.DomainNotFound: Could not find domain: atmosphere. 10.0.0.71 - - [20/May/2026:17:39:57 +0000] "POST /v3/domains HTTP/1.1" 201 261 10.0.0.83 - - [20/May/2026:17:40:09 +0000] "GET / HTTP/1.1" 300 295
[Wed May 20 17:40:10.057511 2026] [wsgi:error] [pid 11:tid 140305862858432] [remote 10.0.0.83:52324] 2026-05-20 17:40:10.056 11 WARNING keystone.common.password_hashing [None req-3b892395-1e25-40b1-809f-8f6fb428611c - - - - - -] Truncating password to algorithm specific maximum length 72 characters.
[Wed May 20 17:40:10.345281 2026] [wsgi:error] [pid 11:tid 140305862858432] [remote 10.0.0.83:52324] 2026-05-20 17:40:10.344 11 WARNING keystone.common.fernet_utils [None req-3b892395-1e25-40b1-809f-8f6fb428611c - - - - - -] key_repository is world readable: /etc/keystone/fernet-keys/ 10.0.0.83 - - [20/May/2026:17:40:09 +0000] "POST /v3/auth/tokens HTTP/1.1" 201 1360 10.0.0.83 - - [20/May/2026:17:40:10 +0000] "GET /v3/roles/admin HTTP/1.1" 404 83
[Wed May 20 17:40:10.553433 2026] [wsgi:error] [pid 9:tid 140305862858432] [remote 10.0.0.83:52324] 2026-05-20 17:40:10.553 9 WARNING keystone.common.rbac_enforcer.enforcer [None req-d6db7f5b-25f6-4de1-9319-0e8baeca6116 eb06c1434b1447a59d0b9c355b889d3e 294de83f96f549229505fd54a84365f2 - - default default] Deprecated policy rules found. Use oslopolicy-policy-generator and oslopolicy-policy-upgrade to detect and resolve deprecated policies in your configuration. 10.0.0.83 - - [20/May/2026:17:40:10 +0000] "GET /v3/roles?name=admin HTTP/1.1" 200 389
[Wed May 20 17:40:10.884388 2026] [wsgi:error] [pid 12:tid 140305862858432] [remote 10.0.0.83:52324] 2026-05-20 17:40:10.883 12 WARNING keystone.common.rbac_enforcer.enforcer [None req-7dd80370-ae87-4d8c-ab4d-4a0c6fdf41e3 eb06c1434b1447a59d0b9c355b889d3e 294de83f96f549229505fd54a84365f2 - - default default] Deprecated policy rules found. Use oslopolicy-policy-generator and oslopolicy-policy-upgrade to detect and resolve deprecated policies in your configuration. 10.0.0.83 - - [20/May/2026:17:40:10 +0000] "GET /v3/users/admin-RegionOne HTTP/1.1" 404 93
[Wed May 20 17:40:11.051420 2026] [wsgi:error] [pid 11:tid 140305862858432] [remote 10.0.0.83:52324] 2026-05-20 17:40:11.051 11 WARNING keystone.common.rbac_enforcer.enforcer [None req-9edb9803-00f2-469b-a9b8-e27da040a6f4 eb06c1434b1447a59d0b9c355b889d3e 294de83f96f549229505fd54a84365f2 - - default default] Deprecated policy rules found. Use oslopolicy-policy-generator and oslopolicy-policy-upgrade to detect and resolve deprecated policies in your configuration. 10.0.0.83 - - [20/May/2026:17:40:10 +0000] "GET /v3/users?name=admin-RegionOne HTTP/1.1" 200 422
[Wed May 20 17:40:11.234248 2026] [wsgi:error] [pid 10:tid 140305862858432] [remote 10.0.0.83:52324] 2026-05-20 17:40:11.234 10 WARNING keystone.common.rbac_enforcer.enforcer [None req-4435697b-0ef4-4209-af32-8350fe411da8 eb06c1434b1447a59d0b9c355b889d3e 294de83f96f549229505fd54a84365f2 - - default default] Deprecated policy rules found. Use oslopolicy-policy-generator and oslopolicy-policy-upgrade to detect and resolve deprecated policies in your configuration. 10.0.0.83 - - [20/May/2026:17:40:11 +0000] "GET /v3/domains/default HTTP/1.1" 200 224 10.0.0.83 - - [20/May/2026:17:40:11 +0000] "PUT /v3/domains/default/users/eb06c1434b1447a59d0b9c355b889d3e/roles/7e56a80f1bdc41539155c51149e4e19d HTTP/1.1" 204 - 10.0.0.253 - - [20/May/2026:17:40:21 +0000] "GET / HTTP/1.1" 300 281 10.0.0.253 - - [20/May/2026:17:40:22 +0000] "GET /v3 HTTP/1.1" 200 266
[Wed May 20 17:40:22.397415 2026] [wsgi:error] [pid 10:tid 140305862858432] [remote 10.0.0.253:55078] 2026-05-20 17:40:22.397 10 WARNING keystone.common.password_hashing [None req-3133f8c8-19b8-40ae-bfa3-dd45300c26b2 - - - - - -] Truncating password to algorithm specific maximum length 72 characters.
[Wed May 20 17:40:22.668627 2026] [wsgi:error] [pid 10:tid 140305862858432] [remote 10.0.0.253:55078] 2026-05-20 17:40:22.668 10 WARNING keystone.common.fernet_utils [None req-3133f8c8-19b8-40ae-bfa3-dd45300c26b2 - - - - - -] key_repository is world readable: /etc/keystone/fernet-keys/ 10.0.0.253 - - [20/May/2026:17:40:22 +0000] "POST /v3/auth/tokens HTTP/1.1" 201 1360 10.0.0.253 - - [20/May/2026:17:40:22 +0000] "GET / HTTP/1.1" 300 281 10.0.0.253 - - [20/May/2026:17:40:22 +0000] "GET /v3/domains/atmosphere HTTP/1.1" 404 90 10.0.0.253 - - [20/May/2026:17:40:22 +0000] "GET /v3/domains?name=atmosphere HTTP/1.1" 200 370 10.0.0.253 - - [20/May/2026:17:40:22 +0000] "GET /v3/domains/6c26b6675b274a22917051fde42765e7 HTTP/1.1" 200 247 10.0.0.253 - - [20/May/2026:17:40:23 +0000] "GET /v3 HTTP/1.1" 200 266
[Wed May 20 17:40:23.721238 2026] [wsgi:error] [pid 12:tid 140305862858432] [remote 10.0.0.253:55078] 2026-05-20 17:40:23.720 12 WARNING keystone.common.password_hashing [None req-d7ce406c-4278-4505-abe9-64b7baa04f6d - - - - - -] Truncating password to algorithm specific maximum length 72 characters.
[Wed May 20 17:40:24.002334 2026] [wsgi:error] [pid 12:tid 140305862858432] [remote 10.0.0.253:55078] 2026-05-20 17:40:24.002 12 WARNING keystone.common.fernet_utils [None req-d7ce406c-4278-4505-abe9-64b7baa04f6d - - - - - -] key_repository is world readable: /etc/keystone/fernet-keys/ 10.0.0.253 - - [20/May/2026:17:40:23 +0000] "POST /v3/auth/tokens HTTP/1.1" 201 1360 10.0.0.253 - - [20/May/2026:17:40:24 +0000] "GET / HTTP/1.1" 300 281 10.0.0.253 - - [20/May/2026:17:40:24 +0000] "GET /v3/OS-FEDERATION/identity_providers/atmosphere HTTP/1.1" 404 101 10.0.0.253 - - [20/May/2026:17:40:24 +0000] "GET /v3/OS-FEDERATION/identity_providers HTTP/1.1" 200 156 10.0.0.253 - - [20/May/2026:17:40:24 +0000] "PUT /v3/OS-FEDERATION/identity_providers/atmosphere HTTP/1.1" 201 342 10.0.0.253 - - [20/May/2026:17:40:24 +0000] "GET /v3 HTTP/1.1" 200 266
[Wed May 20 17:40:24.721994 2026] [wsgi:error] [pid 10:tid 140305862858432] [remote 10.0.0.253:36686] 2026-05-20 17:40:24.721 10 WARNING keystone.common.password_hashing [None req-6da05c08-82f8-447f-b2ba-975b040eb850 - - - - - -] Truncating password to algorithm specific maximum length 72 characters.
[Wed May 20 17:40:25.008043 2026] [wsgi:error] [pid 10:tid 140305862858432] [remote 10.0.0.253:36686] 2026-05-20 17:40:25.007 10 WARNING keystone.common.fernet_utils [None req-6da05c08-82f8-447f-b2ba-975b040eb850 - - - - - -] key_repository is world readable: /etc/keystone/fernet-keys/ 10.0.0.253 - - [20/May/2026:17:40:24 +0000] "POST /v3/auth/tokens HTTP/1.1" 201 1360 10.0.0.253 - - [20/May/2026:17:40:25 +0000] "GET / HTTP/1.1" 300 281 10.0.0.253 - - [20/May/2026:17:40:25 +0000] "GET /v3/OS-FEDERATION/mappings/atmosphere-openid HTTP/1.1" 404 98 10.0.0.253 - - [20/May/2026:17:40:25 +0000] "GET /v3/OS-FEDERATION/mappings HTTP/1.1" 200 136 10.0.0.253 - - [20/May/2026:17:40:25 +0000] "PUT /v3/OS-FEDERATION/mappings/atmosphere-openid HTTP/1.1" 201 357 10.0.0.253 - - [20/May/2026:17:40:25 +0000] "GET /v3 HTTP/1.1" 200 266
[Wed May 20 17:40:25.710123 2026] [wsgi:error] [pid 12:tid 140305862858432] [remote 10.0.0.253:36686] 2026-05-20 17:40:25.709 12 WARNING keystone.common.password_hashing [None req-960544ee-672b-4aca-b73e-8a1501f0e1b7 - - - - - -] Truncating password to algorithm specific maximum length 72 characters.
[Wed May 20 17:40:25.975246 2026] [wsgi:error] [pid 12:tid 140305862858432] [remote 10.0.0.253:36686] 2026-05-20 17:40:25.975 12 WARNING keystone.common.fernet_utils [None req-960544ee-672b-4aca-b73e-8a1501f0e1b7 - - - - - -] key_repository is world readable: /etc/keystone/fernet-keys/ 10.0.0.253 - - [20/May/2026:17:40:25 +0000] "POST /v3/auth/tokens HTTP/1.1" 201 1360 10.0.0.253 - - [20/May/2026:17:40:25 +0000] "GET / HTTP/1.1" 300 281 10.0.0.253 - - [20/May/2026:17:40:25 +0000] "GET /v3/OS-FEDERATION/identity_providers/atmosphere/protocols/openid?idp_id=atmosphere HTTP/1.1" 404 131 10.0.0.253 - - [20/May/2026:17:40:26 +0000] "GET /v3/OS-FEDERATION/identity_providers/atmosphere/protocols HTTP/1.1" 200 168 10.0.0.253 - - [20/May/2026:17:40:26 +0000] "PUT /v3/OS-FEDERATION/identity_providers/atmosphere/protocols/openid HTTP/1.1" 201 224 10.0.0.253 - - [20/May/2026:17:40:33 +0000] "GET /v3/ HTTP/1.1" 200 250 10.0.0.253 - - [20/May/2026:17:40:33 +0000] "GET /v3/ HTTP/1.1" 200 250 10.0.0.253 - - [20/May/2026:17:41:33 +0000] "GET /v3/ HTTP/1.1" 200 250 10.0.0.253 - - [20/May/2026:17:41:33 +0000] "GET /v3/ HTTP/1.1" 200 250 10.0.0.239 - - [20/May/2026:17:41:46 +0000] "GET / HTTP/1.1" 300 295
[Wed May 20 17:41:46.650887 2026] [wsgi:error] [pid 10:tid 140305862858432] [remote 10.0.0.239:33258] 2026-05-20 17:41:46.650 10 WARNING keystone.common.password_hashing [None req-2d348cff-9bfd-4116-83da-0f9d408c128c - - - - - -] Truncating password to algorithm specific maximum length 72 characters.
[Wed May 20 17:41:46.932806 2026] [wsgi:error] [pid 10:tid 140305862858432] [remote 10.0.0.239:33258] 2026-05-20 17:41:46.932 10 WARNING keystone.common.fernet_utils [None req-2d348cff-9bfd-4116-83da-0f9d408c128c - - - - - -] key_repository is world readable: /etc/keystone/fernet-keys/ 10.0.0.239 - - [20/May/2026:17:41:46 +0000] "POST /v3/auth/tokens HTTP/1.1" 201 1360 10.0.0.239 - - [20/May/2026:17:41:47 +0000] "GET /v3/services HTTP/1.1" 200 355 10.0.0.239 - - [20/May/2026:17:41:50 +0000] "GET / HTTP/1.1" 300 295
[Wed May 20 17:41:50.398153 2026] [wsgi:error] [pid 11:tid 140305862858432] [remote 10.0.0.239:33262] 2026-05-20 17:41:50.397 11 WARNING keystone.common.password_hashing [None req-c0dc2ec8-4a0a-48aa-b83a-52be60923503 - - - - - -] Truncating password to algorithm specific maximum length 72 characters.
[Wed May 20 17:41:50.676202 2026] [wsgi:error] [pid 11:tid 140305862858432] [remote 10.0.0.239:33262] 2026-05-20 17:41:50.676 11 WARNING keystone.common.fernet_utils [None req-c0dc2ec8-4a0a-48aa-b83a-52be60923503 - - - - - -] key_repository is world readable: /etc/keystone/fernet-keys/ 10.0.0.239 - - [20/May/2026:17:41:50 +0000] "POST /v3/auth/tokens HTTP/1.1" 201 1360 10.0.0.239 - - [20/May/2026:17:41:50 +0000] "GET /v3/services HTTP/1.1" 200 355 10.0.0.239 - - [20/May/2026:17:41:54 +0000] "GET / HTTP/1.1" 300 295
[Wed May 20 17:41:54.251880 2026] [wsgi:error] [pid 9:tid 140305862858432] [remote 10.0.0.239:50302] 2026-05-20 17:41:54.251 9 WARNING keystone.common.password_hashing [None req-e27c84c3-9902-41e4-9bd0-139c7b4bad93 - - - - - -] Truncating password to algorithm specific maximum length 72 characters.
[Wed May 20 17:41:54.525764 2026] [wsgi:error] [pid 9:tid 140305862858432] [remote 10.0.0.239:50302] 2026-05-20 17:41:54.525 9 WARNING keystone.common.fernet_utils [None req-e27c84c3-9902-41e4-9bd0-139c7b4bad93 - - - - - -] key_repository is world readable: /etc/keystone/fernet-keys/ 10.0.0.239 - - [20/May/2026:17:41:54 +0000] "POST /v3/auth/tokens HTTP/1.1" 201 1360 10.0.0.239 - - [20/May/2026:17:41:54 +0000] "GET /v3/services HTTP/1.1" 200 355 10.0.0.239 - - [20/May/2026:17:41:57 +0000] "GET / HTTP/1.1" 300 295
[Wed May 20 17:41:57.906415 2026] [wsgi:error] [pid 12:tid 140305862858432] [remote 10.0.0.239:50316] 2026-05-20 17:41:57.906 12 WARNING keystone.common.password_hashing [None req-a13d8e50-4d69-4aec-ab10-51f75bb714d7 - - - - - -] Truncating password to algorithm specific maximum length 72 characters.
[Wed May 20 17:41:58.186151 2026] [wsgi:error] [pid 12:tid 140305862858432] [remote 10.0.0.239:50316] 2026-05-20 17:41:58.185 12 WARNING keystone.common.fernet_utils [None req-a13d8e50-4d69-4aec-ab10-51f75bb714d7 - - - - - -] key_repository is world readable: /etc/keystone/fernet-keys/ 10.0.0.239 - - [20/May/2026:17:41:57 +0000] "POST /v3/auth/tokens HTTP/1.1" 201 1360 10.0.0.239 - - [20/May/2026:17:41:58 +0000] "POST /v3/services HTTP/1.1" 201 296 10.0.0.230 - - [20/May/2026:17:42:08 +0000] "GET / HTTP/1.1" 300 295
[Wed May 20 17:42:08.820522 2026] [wsgi:error] [pid 10:tid 140305862858432] [remote 10.0.0.230:54454] 2026-05-20 17:42:08.820 10 WARNING keystone.common.password_hashing [None req-0092f499-c8d5-4b73-85d3-5367a65395a9 - - - - - -] Truncating password to algorithm specific maximum length 72 characters. 10.0.0.230 - - [20/May/2026:17:42:08 +0000] "GET / HTTP/1.1" 300 295
[Wed May 20 17:42:08.936350 2026] [wsgi:error] [pid 9:tid 140305862858432] [remote 10.0.0.230:54458] 2026-05-20 17:42:08.936 9 WARNING keystone.common.password_hashing [None req-678faba9-736b-41bf-8705-bf5f43d6bf59 - - - - - -] Truncating password to algorithm specific maximum length 72 characters. 10.0.0.230 - - [20/May/2026:17:42:08 +0000] "GET / HTTP/1.1" 300 295
[Wed May 20 17:42:09.006720 2026] [wsgi:error] [pid 12:tid 140305862858432] [remote 10.0.0.230:54464] 2026-05-20 17:42:09.006 12 WARNING keystone.common.password_hashing [None req-6170fbe3-409f-4214-a098-abdbfa1d4e79 - - - - - -] Truncating password to algorithm specific maximum length 72 characters.
[Wed May 20 17:42:09.094221 2026] [wsgi:error] [pid 10:tid 140305862858432] [remote 10.0.0.230:54454] 2026-05-20 17:42:09.094 10 WARNING keystone.common.fernet_utils [None req-0092f499-c8d5-4b73-85d3-5367a65395a9 - - - - - -] key_repository is world readable: /etc/keystone/fernet-keys/ 10.0.0.230 - - [20/May/2026:17:42:08 +0000] "POST /v3/auth/tokens HTTP/1.1" 201 1464
[Wed May 20 17:42:09.208573 2026] [wsgi:error] [pid 9:tid 140305862858432] [remote 10.0.0.230:54458] 2026-05-20 17:42:09.208 9 WARNING keystone.common.fernet_utils [None req-678faba9-736b-41bf-8705-bf5f43d6bf59 - - - - - -] key_repository is world readable: /etc/keystone/fernet-keys/ 10.0.0.230 - - [20/May/2026:17:42:08 +0000] "POST /v3/auth/tokens HTTP/1.1" 201 1464 10.0.0.230 - - [20/May/2026:17:42:09 +0000] "GET /v3/services HTTP/1.1" 200 639
[Wed May 20 17:42:09.279120 2026] [wsgi:error] [pid 12:tid 140305862858432] [remote 10.0.0.230:54464] 2026-05-20 17:42:09.278 12 WARNING keystone.common.fernet_utils [None req-6170fbe3-409f-4214-a098-abdbfa1d4e79 - - - - - -] key_repository is world readable: /etc/keystone/fernet-keys/ 10.0.0.230 - - [20/May/2026:17:42:08 +0000] "POST /v3/auth/tokens HTTP/1.1" 201 1464 10.0.0.230 - - [20/May/2026:17:42:09 +0000] "GET /v3/services HTTP/1.1" 200 639 10.0.0.230 - - [20/May/2026:17:42:09 +0000] "GET /v3/services HTTP/1.1" 200 639 10.0.0.230 - - [20/May/2026:17:42:10 +0000] "GET / HTTP/1.1" 300 295
[Wed May 20 17:42:10.540720 2026] [wsgi:error] [pid 12:tid 140305862858432] [remote 10.0.0.230:54470] 2026-05-20 17:42:10.540 12 WARNING keystone.common.password_hashing [None req-132abcc0-3722-4908-bd75-03310268518e - - - - - -] Truncating password to algorithm specific maximum length 72 characters. 10.0.0.230 - - [20/May/2026:17:42:10 +0000] "GET / HTTP/1.1" 300 295
[Wed May 20 17:42:10.647096 2026] [wsgi:error] [pid 9:tid 140305862858432] [remote 10.0.0.230:54484] 2026-05-20 17:42:10.646 9 WARNING keystone.common.password_hashing [None req-b616a956-5c35-4fe8-b218-3e15bcf3cffd - - - - - -] Truncating password to algorithm specific maximum length 72 characters. 10.0.0.230 - - [20/May/2026:17:42:10 +0000] "GET / HTTP/1.1" 300 295
[Wed May 20 17:42:10.775134 2026] [wsgi:error] [pid 10:tid 140305862858432] [remote 10.0.0.230:54486] 2026-05-20 17:42:10.774 10 WARNING keystone.common.password_hashing [None req-a9d0e71c-a694-4b17-952b-4bbefed1f03c - - - - - -] Truncating password to algorithm specific maximum length 72 characters.
[Wed May 20 17:42:10.820949 2026] [wsgi:error] [pid 12:tid 140305862858432] [remote 10.0.0.230:54470] 2026-05-20 17:42:10.820 12 WARNING keystone.common.fernet_utils [None req-132abcc0-3722-4908-bd75-03310268518e - - - - - -] key_repository is world readable: /etc/keystone/fernet-keys/ 10.0.0.230 - - [20/May/2026:17:42:10 +0000] "POST /v3/auth/tokens HTTP/1.1" 201 1464
[Wed May 20 17:42:10.930772 2026] [wsgi:error] [pid 9:tid 140305862858432] [remote 10.0.0.230:54484] 2026-05-20 17:42:10.930 9 WARNING keystone.common.fernet_utils [None req-b616a956-5c35-4fe8-b218-3e15bcf3cffd - - - - - -] key_repository is world readable: /etc/keystone/fernet-keys/ 10.0.0.230 - - [20/May/2026:17:42:10 +0000] "POST /v3/auth/tokens HTTP/1.1" 201 1464 10.0.0.230 - - [20/May/2026:17:42:10 +0000] "GET /v3/endpoints HTTP/1.1" 200 1227 10.0.0.230 - - [20/May/2026:17:42:10 +0000] "GET /v3/services/8d8682eef6624cadbe45771b660ea6cb HTTP/1.1" 200 233 10.0.0.230 - - [20/May/2026:17:42:10 +0000] "GET /v3/services/8d8682eef6624cadbe45771b660ea6cb HTTP/1.1" 200 233 10.0.0.230 - - [20/May/2026:17:42:10 +0000] "GET /v3/services/8d8682eef6624cadbe45771b660ea6cb HTTP/1.1" 200 233
[Wed May 20 17:42:11.045165 2026] [wsgi:error] [pid 10:tid 140305862858432] [remote 10.0.0.230:54486] 2026-05-20 17:42:11.045 10 WARNING keystone.common.fernet_utils [None req-a9d0e71c-a694-4b17-952b-4bbefed1f03c - - - - - -] key_repository is world readable: /etc/keystone/fernet-keys/ 10.0.0.230 - - [20/May/2026:17:42:10 +0000] "POST /v3/auth/tokens HTTP/1.1" 201 1464 10.0.0.230 - - [20/May/2026:17:42:11 +0000] "GET /v3/endpoints HTTP/1.1" 200 1227 10.0.0.230 - - [20/May/2026:17:42:11 +0000] "GET /v3/services/8d8682eef6624cadbe45771b660ea6cb HTTP/1.1" 200 233 10.0.0.230 - - [20/May/2026:17:42:11 +0000] "GET /v3/services/8d8682eef6624cadbe45771b660ea6cb HTTP/1.1" 200 233 10.0.0.230 - - [20/May/2026:17:42:11 +0000] "GET /v3/services/8d8682eef6624cadbe45771b660ea6cb HTTP/1.1" 200 233 10.0.0.230 - - [20/May/2026:17:42:11 +0000] "GET /v3/endpoints HTTP/1.1" 200 1227 10.0.0.230 - - [20/May/2026:17:42:11 +0000] "GET /v3/services/8d8682eef6624cadbe45771b660ea6cb HTTP/1.1" 200 233 10.0.0.230 - - [20/May/2026:17:42:11 +0000] "GET /v3/services/8d8682eef6624cadbe45771b660ea6cb HTTP/1.1" 200 233 10.0.0.230 - - [20/May/2026:17:42:11 +0000] "GET /v3/services/8d8682eef6624cadbe45771b660ea6cb HTTP/1.1" 200 233 10.0.0.230 - - [20/May/2026:17:42:12 +0000] "GET / HTTP/1.1" 300 295
[Wed May 20 17:42:12.298084 2026] [wsgi:error] [pid 9:tid 140305862858432] [remote 10.0.0.230:54490] 2026-05-20 17:42:12.297 9 WARNING keystone.common.password_hashing [None req-f1e7369b-dea8-4ecd-a45c-e3643eaf18d0 - - - - - -] Truncating password to algorithm specific maximum length 72 characters. 10.0.0.230 - - [20/May/2026:17:42:12 +0000] "GET / HTTP/1.1" 300 295
[Wed May 20 17:42:12.385517 2026] [wsgi:error] [pid 10:tid 140305862858432] [remote 10.0.0.230:54502] 2026-05-20 17:42:12.385 10 WARNING keystone.common.password_hashing [None req-af14b0bb-57a5-4c8c-94bc-e633613e7b1e - - - - - -] Truncating password to algorithm specific maximum length 72 characters. 10.0.0.230 - - [20/May/2026:17:42:12 +0000] "GET / HTTP/1.1" 300 295
[Wed May 20 17:42:12.484795 2026] [wsgi:error] [pid 11:tid 140305862858432] [remote 10.0.0.230:54508] 2026-05-20 17:42:12.484 11 WARNING keystone.common.password_hashing [None req-e58d112d-4f28-4dea-a791-ee5cdee3dbe4 - - - - - -] Truncating password to algorithm specific maximum length 72 characters.
[Wed May 20 17:42:12.581624 2026] [wsgi:error] [pid 9:tid 140305862858432] [remote 10.0.0.230:54490] 2026-05-20 17:42:12.581 9 WARNING keystone.common.fernet_utils [None req-f1e7369b-dea8-4ecd-a45c-e3643eaf18d0 - - - - - -] key_repository is world readable: /etc/keystone/fernet-keys/ 10.0.0.230 - - [20/May/2026:17:42:12 +0000] "POST /v3/auth/tokens HTTP/1.1" 201 1464
[Wed May 20 17:42:12.666161 2026] [wsgi:error] [pid 10:tid 140305862858432] [remote 10.0.0.230:54502] 2026-05-20 17:42:12.665 10 WARNING keystone.common.fernet_utils [None req-af14b0bb-57a5-4c8c-94bc-e633613e7b1e - - - - - -] key_repository is world readable: /etc/keystone/fernet-keys/ 10.0.0.230 - - [20/May/2026:17:42:12 +0000] "POST /v3/auth/tokens HTTP/1.1" 201 1464 10.0.0.230 - - [20/May/2026:17:42:12 +0000] "GET /v3/services/c583dbe9d73d46f2951b37266bc4b911 HTTP/1.1" 200 296 10.0.0.230 - - [20/May/2026:17:42:12 +0000] "GET /v3/regions/RegionOne HTTP/1.1" 200 173
[Wed May 20 17:42:12.770269 2026] [wsgi:error] [pid 11:tid 140305862858432] [remote 10.0.0.230:54508] 2026-05-20 17:42:12.770 11 WARNING keystone.common.fernet_utils [None req-e58d112d-4f28-4dea-a791-ee5cdee3dbe4 - - - - - -] key_repository is world readable: /etc/keystone/fernet-keys/ 10.0.0.230 - - [20/May/2026:17:42:12 +0000] "POST /v3/auth/tokens HTTP/1.1" 201 1464 10.0.0.230 - - [20/May/2026:17:42:12 +0000] "GET /v3/services/c583dbe9d73d46f2951b37266bc4b911 HTTP/1.1" 200 296 10.0.0.230 - - [20/May/2026:17:42:12 +0000] "GET /v3/regions/RegionOne HTTP/1.1" 200 173 10.0.0.230 - - [20/May/2026:17:42:12 +0000] "GET /v3/services/c583dbe9d73d46f2951b37266bc4b911 HTTP/1.1" 200 296 10.0.0.230 - - [20/May/2026:17:42:12 +0000] "POST /v3/endpoints HTTP/1.1" 201 380 10.0.0.230 - - [20/May/2026:17:42:12 +0000] "GET /v3/regions/RegionOne HTTP/1.1" 200 173 10.0.0.230 - - [20/May/2026:17:42:12 +0000] "POST /v3/endpoints HTTP/1.1" 201 370 10.0.0.230 - - [20/May/2026:17:42:12 +0000] "POST /v3/endpoints HTTP/1.1" 201 383 10.0.0.230 - - [20/May/2026:17:42:14 +0000] "GET / HTTP/1.1" 300 295
[Wed May 20 17:42:14.184016 2026] [wsgi:error] [pid 9:tid 140305862858432] [remote 10.0.0.230:37824] 2026-05-20 17:42:14.183 9 WARNING keystone.common.password_hashing [None req-7ba24c76-31ae-4d53-b9a9-d659119ceec5 - - - - - -] Truncating password to algorithm specific maximum length 72 characters. 10.0.0.230 - - [20/May/2026:17:42:14 +0000] "GET / HTTP/1.1" 300 295
[Wed May 20 17:42:14.207275 2026] [wsgi:error] [pid 12:tid 140305862858432] [remote 10.0.0.230:37836] 2026-05-20 17:42:14.207 12 WARNING keystone.common.password_hashing [None req-08b7f54e-14da-4814-90f6-4de85c3fbf66 - - - - - -] Truncating password to algorithm specific maximum length 72 characters. 10.0.0.230 - - [20/May/2026:17:42:14 +0000] "GET / HTTP/1.1" 300 295
[Wed May 20 17:42:14.378035 2026] [wsgi:error] [pid 11:tid 140305862858432] [remote 10.0.0.230:37844] 2026-05-20 17:42:14.377 11 WARNING keystone.common.password_hashing [None req-3d47e72b-351d-4ee8-abde-5b962c2c727b - - - - - -] Truncating password to algorithm specific maximum length 72 characters.
[Wed May 20 17:42:14.456227 2026] [wsgi:error] [pid 9:tid 140305862858432] [remote 10.0.0.230:37824] 2026-05-20 17:42:14.456 9 WARNING keystone.common.fernet_utils [None req-7ba24c76-31ae-4d53-b9a9-d659119ceec5 - - - - - -] key_repository is world readable: /etc/keystone/fernet-keys/ 10.0.0.230 - - [20/May/2026:17:42:14 +0000] "POST /v3/auth/tokens HTTP/1.1" 201 1992
[Wed May 20 17:42:14.480219 2026] [wsgi:error] [pid 12:tid 140305862858432] [remote 10.0.0.230:37836] 2026-05-20 17:42:14.480 12 WARNING keystone.common.fernet_utils [None req-08b7f54e-14da-4814-90f6-4de85c3fbf66 - - - - - -] key_repository is world readable: /etc/keystone/fernet-keys/ 10.0.0.230 - - [20/May/2026:17:42:14 +0000] "POST /v3/auth/tokens HTTP/1.1" 201 1992 10.0.0.230 - - [20/May/2026:17:42:14 +0000] "GET /v3/endpoints/66f3a71f33f94575bf04abf3c51a0da5 HTTP/1.1" 200 380 10.0.0.230 - - [20/May/2026:17:42:14 +0000] "GET /v3/endpoints/02695c8b653c450f893c557f4611c66f HTTP/1.1" 200 370 10.0.0.230 - - [20/May/2026:17:42:14 +0000] "GET /v3/services/c583dbe9d73d46f2951b37266bc4b911 HTTP/1.1" 200 296 10.0.0.230 - - [20/May/2026:17:42:14 +0000] "GET /v3/services/c583dbe9d73d46f2951b37266bc4b911 HTTP/1.1" 200 296
[Wed May 20 17:42:14.655256 2026] [wsgi:error] [pid 11:tid 140305862858432] [remote 10.0.0.230:37844] 2026-05-20 17:42:14.655 11 WARNING keystone.common.fernet_utils [None req-3d47e72b-351d-4ee8-abde-5b962c2c727b - - - - - -] key_repository is world readable: /etc/keystone/fernet-keys/ 10.0.0.230 - - [20/May/2026:17:42:14 +0000] "POST /v3/auth/tokens HTTP/1.1" 201 1992 10.0.0.230 - - [20/May/2026:17:42:14 +0000] "GET /v3/endpoints/84b3ed3324f642eb81e2c0810224ce7d HTTP/1.1" 200 383 10.0.0.230 - - [20/May/2026:17:42:14 +0000] "GET /v3/services/c583dbe9d73d46f2951b37266bc4b911 HTTP/1.1" 200 296 10.0.0.33 - - [20/May/2026:17:42:24 +0000] "GET / HTTP/1.1" 300 295
[Wed May 20 17:42:24.925338 2026] [wsgi:error] [pid 11:tid 140305862858432] [remote 10.0.0.33:56818] 2026-05-20 17:42:24.925 11 WARNING keystone.common.password_hashing [None req-1542678d-1056-4c9d-bd7d-f567148b427d - - - - - -] Truncating password to algorithm specific maximum length 72 characters.
[Wed May 20 17:42:25.200737 2026] [wsgi:error] [pid 11:tid 140305862858432] [remote 10.0.0.33:56818] 2026-05-20 17:42:25.200 11 WARNING keystone.common.fernet_utils [None req-1542678d-1056-4c9d-bd7d-f567148b427d - - - - - -] key_repository is world readable: /etc/keystone/fernet-keys/ 10.0.0.33 - - [20/May/2026:17:42:24 +0000] "POST /v3/auth/tokens HTTP/1.1" 201 1992 10.0.0.33 - - [20/May/2026:17:42:25 +0000] "POST /v3/domains HTTP/1.1" 201 284 10.0.0.33 - - [20/May/2026:17:42:26 +0000] "GET / HTTP/1.1" 300 295
[Wed May 20 17:42:26.669460 2026] [wsgi:error] [pid 10:tid 140305862858432] [remote 10.0.0.33:56826] 2026-05-20 17:42:26.669 10 WARNING keystone.common.password_hashing [None req-480587ee-00a5-45b2-8a12-98297d682c45 - - - - - -] Truncating password to algorithm specific maximum length 72 characters.
[Wed May 20 17:42:26.947921 2026] [wsgi:error] [pid 10:tid 140305862858432] [remote 10.0.0.33:56826] 2026-05-20 17:42:26.947 10 WARNING keystone.common.fernet_utils [None req-480587ee-00a5-45b2-8a12-98297d682c45 - - - - - -] key_repository is world readable: /etc/keystone/fernet-keys/ 10.0.0.33 - - [20/May/2026:17:42:26 +0000] "POST /v3/auth/tokens HTTP/1.1" 201 1992
[Wed May 20 17:42:27.130889 2026] [wsgi:error] [pid 11:tid 140305862858432] [remote 10.0.0.33:56826] 2026-05-20 17:42:27.115 11 ERROR keystone.server.flask.application [None req-c701757e-6234-46da-90c6-11bd0c379610 eb06c1434b1447a59d0b9c355b889d3e 294de83f96f549229505fd54a84365f2 - - default default] Conflict occurred attempting to store project - it is not permitted to have two projects acting as domains with the same name: service.: keystone.exception.Conflict: Conflict occurred attempting to store project - it is not permitted to have two projects acting as domains with the same name: service.
[Wed May 20 17:42:27.130917 2026] [wsgi:error] [pid 11:tid 140305862858432] [remote 10.0.0.33:56826] 2026-05-20 17:42:27.115 11 ERROR keystone.server.flask.application
Traceback (most recent call last):
[Wed May 20 17:42:27.130920 2026] [wsgi:error] [pid 11:tid 140305862858432] [remote 10.0.0.33:56826] 2026-05-20 17:42:27.115 11 ERROR keystone.server.flask.application
File "/var/lib/openstack/lib/python3.12/site-packages/sqlalchemy/engine/base.py", line 1967, in _exec_single_context
[Wed May 20 17:42:27.130923 2026] [wsgi:error] [pid 11:tid 140305862858432] [remote 10.0.0.33:56826] 2026-05-20 17:42:27.115 11 ERROR keystone.server.flask.application self.dialect.do_execute(
[Wed May 20 17:42:27.130925 2026] [wsgi:error] [pid 11:tid 140305862858432] [remote 10.0.0.33:56826] 2026-05-20 17:42:27.115 11 ERROR keystone.server.flask.application
File "/var/lib/openstack/lib/python3.12/site-packages/sqlalchemy/engine/default.py", line 952, in do_execute
[Wed May 20 17:42:27.130927 2026] [wsgi:error] [pid 11:tid 140305862858432] [remote 10.0.0.33:56826] 2026-05-20 17:42:27.115 11 ERROR keystone.server.flask.application cursor.execute(statement, parameters)
[Wed May 20 17:42:27.130930 2026] [wsgi:error] [pid 11:tid 140305862858432] [remote 10.0.0.33:56826] 2026-05-20 17:42:27.115 11 ERROR keystone.server.flask.application
File "/var/lib/openstack/lib/python3.12/site-packages/pymysql/cursors.py", line 157, in execute
[Wed May 20 17:42:27.130932 2026] [wsgi:error] [pid 11:tid 140305862858432] [remote 10.0.0.33:56826] 2026-05-20 17:42:27.115 11 ERROR keystone.server.flask.application result = self._query(query)
[Wed May 20 17:42:27.130934 2026] [wsgi:error] [pid 11:tid 140305862858432] [remote 10.0.0.33:56826] 2026-05-20 17:42:27.115 11 ERROR keystone.server.flask.application ^^^^^^^^^^^^^^^^^^
[Wed May 20 17:42:27.130936 2026] [wsgi:error] [pid 11:tid 140305862858432] [remote 10.0.0.33:56826] 2026-05-20 17:42:27.115 11 ERROR keystone.server.flask.application
File "/var/lib/openstack/lib/python3.12/site-packages/pymysql/cursors.py", line 328, in _query
[Wed May 20 17:42:27.130938 2026] [wsgi:error] [pid 11:tid 140305862858432] [remote 10.0.0.33:56826] 2026-05-20 17:42:27.115 11 ERROR keystone.server.flask.application conn.query(q)
[Wed May 20 17:42:27.130940 2026] [wsgi:error] [pid 11:tid 140305862858432] [remote 10.0.0.33:56826] 2026-05-20 17:42:27.115 11 ERROR keystone.server.flask.application
File "/var/lib/openstack/lib/python3.12/site-packages/pymysql/connections.py", line 575, in query
[Wed May 20 17:42:27.130942 2026] [wsgi:error] [pid 11:tid 140305862858432] [remote 10.0.0.33:56826] 2026-05-20 17:42:27.115 11 ERROR keystone.server.flask.application self._affected_rows = self._read_query_result(unbuffered=unbuffered)
[Wed May 20 17:42:27.130944 2026] [wsgi:error] [pid 11:tid 140305862858432] [remote 10.0.0.33:56826] 2026-05-20 17:42:27.115 11 ERROR keystone.server.flask.application ^^^^^^^^^^^^^^^^^^^^^^^^^^^^^^^^^^^^^^^^^^^^^^
[Wed May 20 17:42:27.130947 2026] [wsgi:error] [pid 11:tid 140305862858432] [remote 10.0.0.33:56826] 2026-05-20 17:42:27.115 11 ERROR keystone.server.flask.application
File "/var/lib/openstack/lib/python3.12/site-packages/pymysql/connections.py", line 826, in _read_query_result
[Wed May 20 17:42:27.130949 2026] [wsgi:error] [pid 11:tid 140305862858432] [remote 10.0.0.33:56826] 2026-05-20 17:42:27.115 11 ERROR keystone.server.flask.application result.read()
[Wed May 20 17:42:27.130955 2026] [wsgi:error] [pid 11:tid 140305862858432] [remote 10.0.0.33:56826] 2026-05-20 17:42:27.115 11 ERROR keystone.server.flask.application
File "/var/lib/openstack/lib/python3.12/site-packages/pymysql/connections.py", line 1203, in read
[Wed May 20 17:42:27.130957 2026] [wsgi:error] [pid 11:tid 140305862858432] [remote 10.0.0.33:56826] 2026-05-20 17:42:27.115 11 ERROR keystone.server.flask.application first_packet = self.connection._read_packet()
[Wed May 20 17:42:27.130959 2026] [wsgi:error] [pid 11:tid 140305862858432] [remote 10.0.0.33:56826] 2026-05-20 17:42:27.115 11 ERROR keystone.server.flask.application ^^^^^^^^^^^^^^^^^^^^^^^^^^^^^^
[Wed May 20 17:42:27.130961 2026] [wsgi:error] [pid 11:tid 140305862858432] [remote 10.0.0.33:56826] 2026-05-20 17:42:27.115 11 ERROR keystone.server.flask.application
File "/var/lib/openstack/lib/python3.12/site-packages/pymysql/connections.py", line 782, in _read_packet
[Wed May 20 17:42:27.130963 2026] [wsgi:error] [pid 11:tid 140305862858432] [remote 10.0.0.33:56826] 2026-05-20 17:42:27.115 11 ERROR keystone.server.flask.application packet.raise_for_error()
[Wed May 20 17:42:27.130965 2026] [wsgi:error] [pid 11:tid 140305862858432] [remote 10.0.0.33:56826] 2026-05-20 17:42:27.115 11 ERROR keystone.server.flask.application
File "/var/lib/openstack/lib/python3.12/site-packages/pymysql/protocol.py", line 219, in raise_for_error
[Wed May 20 17:42:27.130968 2026] [wsgi:error] [pid 11:tid 140305862858432] [remote 10.0.0.33:56826] 2026-05-20 17:42:27.115 11 ERROR keystone.server.flask.application err.raise_mysql_exception(self._data)
[Wed May 20 17:42:27.130970 2026] [wsgi:error] [pid 11:tid 140305862858432] [remote 10.0.0.33:56826] 2026-05-20 17:42:27.115 11 ERROR keystone.server.flask.application
File "/var/lib/openstack/lib/python3.12/site-packages/pymysql/err.py", line 150, in raise_mysql_exception
[Wed May 20 17:42:27.130972 2026] [wsgi:error] [pid 11:tid 140305862858432] [remote 10.0.0.33:56826] 2026-05-20 17:42:27.115 11 ERROR keystone.server.flask.application raise errorclass(errno, errval)
[Wed May 20 17:42:27.130974 2026] [wsgi:error] [pid 11:tid 140305862858432] [remote 10.0.0.33:56826] 2026-05-20 17:42:27.115 11 ERROR keystone.server.flask.application pymysql.err.IntegrityError: (1062, "Duplicate entry '<>-service' for key 'project.ixu_project_name_domain_id'")
[Wed May 20 17:42:27.130976 2026] [wsgi:error] [pid 11:tid 140305862858432] [remote 10.0.0.33:56826] 2026-05-20 17:42:27.115 11 ERROR keystone.server.flask.application
[Wed May 20 17:42:27.130978 2026] [wsgi:error] [pid 11:tid 140305862858432] [remote 10.0.0.33:56826] 2026-05-20 17:42:27.115 11 ERROR keystone.server.flask.application The above exception was the direct cause of the following exception:
[Wed May 20 17:42:27.130980 2026] [wsgi:error] [pid 11:tid 140305862858432] [remote 10.0.0.33:56826] 2026-05-20 17:42:27.115 11 ERROR keystone.server.flask.application
[Wed May 20 17:42:27.130982 2026] [wsgi:error] [pid 11:tid 140305862858432] [remote 10.0.0.33:56826] 2026-05-20 17:42:27.115 11 ERROR keystone.server.flask.application
Traceback (most recent call last):
[Wed May 20 17:42:27.130984 2026] [wsgi:error] [pid 11:tid 140305862858432] [remote 10.0.0.33:56826] 2026-05-20 17:42:27.115 11 ERROR keystone.server.flask.application
File "/var/lib/openstack/lib/python3.12/site-packages/keystone/common/sql/core.py", line 575, in wrapper
[Wed May 20 17:42:27.131002 2026] [wsgi:error] [pid 11:tid 140305862858432] [remote 10.0.0.33:56826] 2026-05-20 17:42:27.115 11 ERROR keystone.server.flask.application return method(*args, **kwargs)
[Wed May 20 17:42:27.131005 2026] [wsgi:error] [pid 11:tid 140305862858432] [remote 10.0.0.33:56826] 2026-05-20 17:42:27.115 11 ERROR keystone.server.flask.application ^^^^^^^^^^^^^^^^^^^^^^^
[Wed May 20 17:42:27.131007 2026] [wsgi:error] [pid 11:tid 140305862858432] [remote 10.0.0.33:56826] 2026-05-20 17:42:27.115 11 ERROR keystone.server.flask.application
File "/var/lib/openstack/lib/python3.12/site-packages/keystone/resource/backends/sql.py", line 278, in create_project
[Wed May 20 17:42:27.131009 2026] [wsgi:error] [pid 11:tid 140305862858432] [remote 10.0.0.33:56826] 2026-05-20 17:42:27.115 11 ERROR keystone.server.flask.application with sql.session_for_write() as session:
[Wed May 20 17:42:27.131012 2026] [wsgi:error] [pid 11:tid 140305862858432] [remote 10.0.0.33:56826] 2026-05-20 17:42:27.115 11 ERROR keystone.server.flask.application
File "/usr/lib/python3.12/contextlib.py", line 144, in __exit__
[Wed May 20 17:42:27.131014 2026] [wsgi:error] [pid 11:tid 140305862858432] [remote 10.0.0.33:56826] 2026-05-20 17:42:27.115 11 ERROR keystone.server.flask.application next(self.gen)
[Wed May 20 17:42:27.131016 2026] [wsgi:error] [pid 11:tid 140305862858432] [remote 10.0.0.33:56826] 2026-05-20 17:42:27.115 11 ERROR keystone.server.flask.application
File "/var/lib/openstack/lib/python3.12/site-packages/oslo_db/sqlalchemy/enginefacade.py", line 1175, in _transaction_scope
[Wed May 20 17:42:27.131019 2026] [wsgi:error] [pid 11:tid 140305862858432] [remote 10.0.0.33:56826] 2026-05-20 17:42:27.115 11 ERROR keystone.server.flask.application with current._produce_block(
[Wed May 20 17:42:27.131021 2026] [wsgi:error] [pid 11:tid 140305862858432] [remote 10.0.0.33:56826] 2026-05-20 17:42:27.115 11 ERROR keystone.server.flask.application
File "/usr/lib/python3.12/contextlib.py", line 144, in __exit__
[Wed May 20 17:42:27.131023 2026] [wsgi:error] [pid 11:tid 140305862858432] [remote 10.0.0.33:56826] 2026-05-20 17:42:27.115 11 ERROR keystone.server.flask.application next(self.gen)
[Wed May 20 17:42:27.131025 2026] [wsgi:error] [pid 11:tid 140305862858432] [remote 10.0.0.33:56826] 2026-05-20 17:42:27.115 11 ERROR keystone.server.flask.application
File "/var/lib/openstack/lib/python3.12/site-packages/oslo_db/sqlalchemy/enginefacade.py", line 837, in _session
[Wed May 20 17:42:27.131028 2026] [wsgi:error] [pid 11:tid 140305862858432] [remote 10.0.0.33:56826] 2026-05-20 17:42:27.115 11 ERROR keystone.server.flask.application with excutils.save_and_reraise_exception():
[Wed May 20 17:42:27.131030 2026] [wsgi:error] [pid 11:tid 140305862858432] [remote 10.0.0.33:56826] 2026-05-20 17:42:27.115 11 ERROR keystone.server.flask.application
File "/var/lib/openstack/lib/python3.12/site-packages/oslo_utils/excutils.py", line 271, in __exit__
[Wed May 20 17:42:27.131032 2026] [wsgi:error] [pid 11:tid 140305862858432] [remote 10.0.0.33:56826] 2026-05-20 17:42:27.115 11 ERROR keystone.server.flask.application self.force_reraise()
[Wed May 20 17:42:27.131034 2026] [wsgi:error] [pid 11:tid 140305862858432] [remote 10.0.0.33:56826] 2026-05-20 17:42:27.115 11 ERROR keystone.server.flask.application
File "/var/lib/openstack/lib/python3.12/site-packages/oslo_utils/excutils.py", line 233, in force_reraise
[Wed May 20 17:42:27.131037 2026] [wsgi:error] [pid 11:tid 140305862858432] [remote 10.0.0.33:56826] 2026-05-20 17:42:27.115 11 ERROR keystone.server.flask.application raise self.value
[Wed May 20 17:42:27.131039 2026] [wsgi:error] [pid 11:tid 140305862858432] [remote 10.0.0.33:56826] 2026-05-20 17:42:27.115 11 ERROR keystone.server.flask.application
File "/var/lib/openstack/lib/python3.12/site-packages/oslo_db/sqlalchemy/enginefacade.py", line 835, in _session
[Wed May 20 17:42:27.131043 2026] [wsgi:error] [pid 11:tid 140305862858432] [remote 10.0.0.33:56826] 2026-05-20 17:42:27.115 11 ERROR keystone.server.flask.application self._end_session_transaction(self.session)
[Wed May 20 17:42:27.131050 2026] [wsgi:error] [pid 11:tid 140305862858432] [remote 10.0.0.33:56826] 2026-05-20 17:42:27.115 11 ERROR keystone.server.flask.application
File "/var/lib/openstack/lib/python3.12/site-packages/oslo_db/sqlalchemy/enginefacade.py", line 748, in _end_session_transaction
[Wed May 20 17:42:27.131053 2026] [wsgi:error] [pid 11:tid 140305862858432] [remote 10.0.0.33:56826] 2026-05-20 17:42:27.115 11 ERROR keystone.server.flask.application session.commit()
[Wed May 20 17:42:27.131055 2026] [wsgi:error] [pid 11:tid 140305862858432] [remote 10.0.0.33:56826] 2026-05-20 17:42:27.115 11 ERROR keystone.server.flask.application
File "/var/lib/openstack/lib/python3.12/site-packages/sqlalchemy/orm/session.py", line 2030, in commit
[Wed May 20 17:42:27.131059 2026] [wsgi:error] [pid 11:tid 140305862858432] [remote 10.0.0.33:56826] 2026-05-20 17:42:27.115 11 ERROR keystone.server.flask.application trans.commit(_to_root=True)
[Wed May 20 17:42:27.131061 2026] [wsgi:error] [pid 11:tid 140305862858432] [remote 10.0.0.33:56826] 2026-05-20 17:42:27.115 11 ERROR keystone.server.flask.application File "", line 2, in commit
[Wed May 20 17:42:27.131064 2026] [wsgi:error] [pid 11:tid 140305862858432] [remote 10.0.0.33:56826] 2026-05-20 17:42:27.115 11 ERROR keystone.server.flask.application
File "/var/lib/openstack/lib/python3.12/site-packages/sqlalchemy/orm/state_changes.py", line 137, in _go
[Wed May 20 17:42:27.131068 2026] [wsgi:error] [pid 11:tid 140305862858432] [remote 10.0.0.33:56826] 2026-05-20 17:42:27.115 11 ERROR keystone.server.flask.application ret_value = fn(self, *arg, **kw)
[Wed May 20 17:42:27.131070 2026] [wsgi:error] [pid 11:tid 140305862858432] [remote 10.0.0.33:56826] 2026-05-20 17:42:27.115 11 ERROR keystone.server.flask.application ^^^^^^^^^^^^^^^^^^^^
[Wed May 20 17:42:27.131072 2026] [wsgi:error] [pid 11:tid 140305862858432] [remote 10.0.0.33:56826] 2026-05-20 17:42:27.115 11 ERROR keystone.server.flask.application
File "/var/lib/openstack/lib/python3.12/site-packages/sqlalchemy/orm/session.py", line 1311, in commit
[Wed May 20 17:42:27.131075 2026] [wsgi:error] [pid 11:tid 140305862858432] [remote 10.0.0.33:56826] 2026-05-20 17:42:27.115 11 ERROR keystone.server.flask.application self._prepare_impl()
[Wed May 20 17:42:27.131077 2026] [wsgi:error] [pid 11:tid 140305862858432] [remote 10.0.0.33:56826] 2026-05-20 17:42:27.115 11 ERROR keystone.server.flask.application File "", line 2, in _prepare_impl
[Wed May 20 17:42:27.131079 2026] [wsgi:error] [pid 11:tid 140305862858432] [remote 10.0.0.33:56826] 2026-05-20 17:42:27.115 11 ERROR keystone.server.flask.application
File "/var/lib/openstack/lib/python3.12/site-packages/sqlalchemy/orm/state_changes.py", line 137, in _go
[Wed May 20 17:42:27.131084 2026] [wsgi:error] [pid 11:tid 140305862858432] [remote 10.0.0.33:56826] 2026-05-20 17:42:27.115 11 ERROR keystone.server.flask.application ret_value = fn(self, *arg, **kw)
[Wed May 20 17:42:27.131088 2026] [wsgi:error] [pid 11:tid 140305862858432] [remote 10.0.0.33:56826] 2026-05-20 17:42:27.115 11 ERROR keystone.server.flask.application ^^^^^^^^^^^^^^^^^^^^
[Wed May 20 17:42:27.131092 2026] [wsgi:error] [pid 11:tid 140305862858432] [remote 10.0.0.33:56826] 2026-05-20 17:42:27.115 11 ERROR keystone.server.flask.application
File "/var/lib/openstack/lib/python3.12/site-packages/sqlalchemy/orm/session.py", line 1286, in _prepare_impl
[Wed May 20 17:42:27.131096 2026] [wsgi:error] [pid 11:tid 140305862858432] [remote 10.0.0.33:56826] 2026-05-20 17:42:27.115 11 ERROR keystone.server.flask.application self.session.flush()
[Wed May 20 17:42:27.131099 2026] [wsgi:error] [pid 11:tid 140305862858432] [remote 10.0.0.33:56826] 2026-05-20 17:42:27.115 11 ERROR keystone.server.flask.application
File "/var/lib/openstack/lib/python3.12/site-packages/sqlalchemy/orm/session.py", line 4331, in flush
[Wed May 20 17:42:27.131102 2026] [wsgi:error] [pid 11:tid 140305862858432] [remote 10.0.0.33:56826] 2026-05-20 17:42:27.115 11 ERROR keystone.server.flask.application self._flush(objects)
[Wed May 20 17:42:27.131105 2026] [wsgi:error] [pid 11:tid 140305862858432] [remote 10.0.0.33:56826] 2026-05-20 17:42:27.115 11 ERROR keystone.server.flask.application
File "/var/lib/openstack/lib/python3.12/site-packages/sqlalchemy/orm/session.py", line 4466, in _flush
[Wed May 20 17:42:27.131109 2026] [wsgi:error] [pid 11:tid 140305862858432] [remote 10.0.0.33:56826] 2026-05-20 17:42:27.115 11 ERROR keystone.server.flask.application with util.safe_reraise():
[Wed May 20 17:42:27.131114 2026] [wsgi:error] [pid 11:tid 140305862858432] [remote 10.0.0.33:56826] 2026-05-20 17:42:27.115 11 ERROR keystone.server.flask.application
File "/var/lib/openstack/lib/python3.12/site-packages/sqlalchemy/util/langhelpers.py", line 121, in __exit__
[Wed May 20 17:42:27.131118 2026] [wsgi:error] [pid 11:tid 140305862858432] [remote 10.0.0.33:56826] 2026-05-20 17:42:27.115 11 ERROR keystone.server.flask.application raise exc_value.with_traceback(exc_tb)
[Wed May 20 17:42:27.131122 2026] [wsgi:error] [pid 11:tid 140305862858432] [remote 10.0.0.33:56826] 2026-05-20 17:42:27.115 11 ERROR keystone.server.flask.application
File "/var/lib/openstack/lib/python3.12/site-packages/sqlalchemy/orm/session.py", line 4427, in _flush
[Wed May 20 17:42:27.131127 2026] [wsgi:error] [pid 11:tid 140305862858432] [remote 10.0.0.33:56826] 2026-05-20 17:42:27.115 11 ERROR keystone.server.flask.application flush_context.execute()
[Wed May 20 17:42:27.131129 2026] [wsgi:error] [pid 11:tid 140305862858432] [remote 10.0.0.33:56826] 2026-05-20 17:42:27.115 11 ERROR keystone.server.flask.application
File "/var/lib/openstack/lib/python3.12/site-packages/sqlalchemy/orm/unitofwork.py", line 466, in execute
