2026-06-26 04:45:48.229 9 INFO neutron.wsgi [None req-bd067910-88cd-4a5a-a6cc-15416f0daa90 fe62c43ded3643478fa857a0622f62f9 c309faaa340e40e3a2b87a566002c8be - - default default] 10.0.0.66 "GET /v2.0/extensions/qos-bw-limit-direction HTTP/1.1" status: 200 len: 452 time: 0.0045080
2026-06-26 04:45:48.236 9 INFO neutron.wsgi [None req-1719c96f-7a47-4960-89b2-d98f488f35ff fe62c43ded3643478fa857a0622f62f9 c309faaa340e40e3a2b87a566002c8be - - default default] 10.0.0.66 "GET /v2.0/extensions/qos-bw-minimum-ingress HTTP/1.1" status: 200 len: 445 time: 0.0040853
2026-06-26 04:45:48.244 9 INFO neutron.wsgi [None req-947a0152-01ec-410a-884a-3c6f48cc876c fe62c43ded3643478fa857a0622f62f9 c309faaa340e40e3a2b87a566002c8be - - default default] 10.0.0.66 "GET /v2.0/extensions/qos-default HTTP/1.1" status: 200 len: 377 time: 0.0056221
2026-06-26 04:45:48.253 9 INFO neutron.wsgi [None req-d1214897-83c7-4927-9922-f5bb41debc8b fe62c43ded3643478fa857a0622f62f9 c309faaa340e40e3a2b87a566002c8be - - default default] 10.0.0.66 "GET /v2.0/extensions/qos-fip HTTP/1.1" status: 200 len: 372 time: 0.0041950
2026-06-26 04:45:48.261 9 INFO neutron.wsgi [None req-89513e29-c319-4902-91d7-e3a97ccb47f3 fe62c43ded3643478fa857a0622f62f9 c309faaa340e40e3a2b87a566002c8be - - default default] 10.0.0.66 "GET /v2.0/extensions/qos-gateway-ip HTTP/1.1" status: 200 len: 391 time: 0.0048018
2026-06-26 04:45:48.269 9 INFO neutron.wsgi [None req-36506ff0-6806-446a-b109-aacdb1f47579 fe62c43ded3643478fa857a0622f62f9 c309faaa340e40e3a2b87a566002c8be - - default default] 10.0.0.66 "GET /v2.0/extensions/qos-port-network-policy HTTP/1.1" status: 200 len: 403 time: 0.0043616
2026-06-26 04:45:48.282 9 INFO neutron.wsgi [None req-89491433-9ebb-4345-aa92-3a96a661fc07 fe62c43ded3643478fa857a0622f62f9 c309faaa340e40e3a2b87a566002c8be - - default default] 10.0.0.66 "GET /v2.0/extensions/qos-pps-minimum HTTP/1.1" status: 200 len: 397 time: 0.0044844
2026-06-26 04:45:48.294 9 INFO neutron.wsgi [None req-f1a4cac1-4231-45ce-9155-715bca47ff46 fe62c43ded3643478fa857a0622f62f9 c309faaa340e40e3a2b87a566002c8be - - default default] 10.0.0.66 "GET /v2.0/extensions/qos-pps-minimum-rule-alias HTTP/1.1" status: 200 len: 471 time: 0.0080454
2026-06-26 04:45:48.301 9 INFO neutron.wsgi [None req-3d3903ea-0e31-4959-9045-9368093808bc fe62c43ded3643478fa857a0622f62f9 c309faaa340e40e3a2b87a566002c8be - - default default] 10.0.0.66 "GET /v2.0/extensions/qos-pps HTTP/1.1" status: 200 len: 389 time: 0.0032809
2026-06-26 04:45:48.301 10 INFO neutron.db.ovn_revision_numbers_db [None req-5982f2b5-9ac1-4e66-aa1b-e7a925f21d64 fa6ee0307e9e4c598e0fc0ad83969e72 b902d3189ef64166b07841c641636341 - - default default] Successfully bumped revision number for resource 32c8839c-128d-4f79-a3d9-e6128bf71157 (type: security_groups) to 1
2026-06-26 04:45:48.310 9 INFO neutron.wsgi [None req-db411a87-f1f9-4374-b479-c1e56f10398f fe62c43ded3643478fa857a0622f62f9 c309faaa340e40e3a2b87a566002c8be - - default default] 10.0.0.66 "GET /v2.0/extensions/qos-rule-type-details HTTP/1.1" status: 200 len: 423 time: 0.0038719
2026-06-26 04:45:48.317 9 INFO neutron.wsgi [None req-92461535-e1c6-4d18-8598-491c6745e355 fe62c43ded3643478fa857a0622f62f9 c309faaa340e40e3a2b87a566002c8be - - default default] 10.0.0.66 "GET /v2.0/extensions/qos-rule-type-filter HTTP/1.1" status: 200 len: 567 time: 0.0038579
2026-06-26 04:45:48.325 9 INFO neutron.wsgi [None req-b442db26-db04-4a2b-81f9-aabeadf29d8f fe62c43ded3643478fa857a0622f62f9 c309faaa340e40e3a2b87a566002c8be - - default default] 10.0.0.66 "GET /v2.0/extensions/qos-rules-alias HTTP/1.1" status: 200 len: 448 time: 0.0045106
2026-06-26 04:45:48.339 10 INFO neutron.wsgi [None req-2c6f2dce-8b63-4027-891b-e214866d64da fe62c43ded3643478fa857a0622f62f9 c309faaa340e40e3a2b87a566002c8be - - default default] 10.0.0.66 "GET /v2.0/extensions/quota-check-limit HTTP/1.1" status: 200 len: 420 time: 0.0078540
2026-06-26 04:45:48.346 10 INFO neutron.wsgi [None req-5982f2b5-9ac1-4e66-aa1b-e7a925f21d64 fa6ee0307e9e4c598e0fc0ad83969e72 b902d3189ef64166b07841c641636341 - - default default] 10.0.0.66 "GET /v2.0/security-groups?tenant_id=57511e57dd894a7e8c8ea2517f90fb89&name=default HTTP/1.1" status: 200 len: 2996 time: 0.3361504
2026-06-26 04:45:48.351 9 INFO neutron.wsgi [None req-35426dff-a02c-479f-9b5e-f9d7340556cb fe62c43ded3643478fa857a0622f62f9 c309faaa340e40e3a2b87a566002c8be - - default default] 10.0.0.66 "GET /v2.0/extensions/quotas HTTP/1.1" status: 200 len: 386 time: 0.0064998
2026-06-26 04:45:48.360 9 INFO neutron.wsgi [None req-eef6b48d-d643-4e39-b395-30e283b07a73 fe62c43ded3643478fa857a0622f62f9 c309faaa340e40e3a2b87a566002c8be - - default default] 10.0.0.66 "GET /v2.0/extensions/quota_details HTTP/1.1" status: 200 len: 407 time: 0.0036681
2026-06-26 04:45:48.368 9 INFO neutron.wsgi [None req-8ce6b37b-0deb-4adf-9c1c-879118136ac0 fe62c43ded3643478fa857a0622f62f9 c309faaa340e40e3a2b87a566002c8be - - default default] 10.0.0.66 "GET /v2.0/extensions/rbac-policies HTTP/1.1" status: 200 len: 417 time: 0.0048075
2026-06-26 04:45:48.382 10 INFO neutron.wsgi [None req-225edd9f-30d3-4a5a-93a9-2e5932f832ea fe62c43ded3643478fa857a0622f62f9 c309faaa340e40e3a2b87a566002c8be - - default default] 10.0.0.66 "GET /v2.0/extensions/rbac-address-scope HTTP/1.1" status: 200 len: 384 time: 0.0085063
2026-06-26 04:45:48.390 10 INFO neutron.wsgi [None req-4e3f9d2f-1331-4a0b-999d-9cedea16a55e fe62c43ded3643478fa857a0622f62f9 c309faaa340e40e3a2b87a566002c8be - - default default] 10.0.0.66 "GET /v2.0/extensions/rbac-security-groups HTTP/1.1" status: 200 len: 404 time: 0.0047965
2026-06-26 04:45:48.423 10 INFO neutron.wsgi [None req-6a28c15e-e625-45a2-995b-c0b441769b0c fe62c43ded3643478fa857a0622f62f9 c309faaa340e40e3a2b87a566002c8be - - default default] 10.0.0.66 "GET /v2.0/extensions/revision-if-match HTTP/1.1" status: 200 len: 441 time: 0.0258093
2026-06-26 04:45:48.441 9 INFO neutron.wsgi [None req-d13735a3-a7e2-4eb5-829d-d0097045bb7d fe62c43ded3643478fa857a0622f62f9 c309faaa340e40e3a2b87a566002c8be - - default default] 10.0.0.66 "GET /v2.0/extensions/standard-attr-revisions HTTP/1.1" status: 200 len: 423 time: 0.0089970
2026-06-26 04:45:48.452 9 INFO neutron.wsgi [None req-ef5ea34c-a34d-4744-a4da-93072bce86f5 fe62c43ded3643478fa857a0622f62f9 c309faaa340e40e3a2b87a566002c8be - - default default] 10.0.0.66 "GET /v2.0/extensions/router_availability_zone HTTP/1.1" status: 200 len: 391 time: 0.0075247
2026-06-26 04:45:48.464 9 INFO neutron.wsgi [None req-a5216bfb-e88c-40e9-bd66-e0eba9c54df3 fe62c43ded3643478fa857a0622f62f9 c309faaa340e40e3a2b87a566002c8be - - default default] 10.0.0.66 "GET /v2.0/extensions/security-groups-normalized-cidr HTTP/1.1" status: 200 len: 445 time: 0.0053973
2026-06-26 04:45:48.475 9 INFO neutron.wsgi [None req-5b7f42eb-8cdf-4e94-acc0-6039dd1bf3c4 fe62c43ded3643478fa857a0622f62f9 c309faaa340e40e3a2b87a566002c8be - - default default] 10.0.0.66 "GET /v2.0/extensions/security-groups-remote-address-group HTTP/1.1" status: 200 len: 448 time: 0.0057733
2026-06-26 04:45:48.484 9 INFO neutron.wsgi [None req-b28e340a-d82e-43ef-9845-e14ff426625f fe62c43ded3643478fa857a0622f62f9 c309faaa340e40e3a2b87a566002c8be - - default default] 10.0.0.66 "GET /v2.0/extensions/security-groups-shared-filtering HTTP/1.1" status: 200 len: 435 time: 0.0047126
2026-06-26 04:45:48.509 9 INFO neutron.wsgi [None req-33658345-349d-4a04-9e92-d820cf4e57bd fe62c43ded3643478fa857a0622f62f9 c309faaa340e40e3a2b87a566002c8be - - default default] 10.0.0.66 "GET /v2.0/extensions/security-group HTTP/1.1" status: 200 len: 364 time: 0.0191946
2026-06-26 04:45:48.520 10 INFO neutron.wsgi [None req-d3f522be-8ea9-4190-8762-f63d8d9c4368 fe62c43ded3643478fa857a0622f62f9 c309faaa340e40e3a2b87a566002c8be - - default default] 10.0.0.66 "GET /v2.0/extensions/segment HTTP/1.1" status: 200 len: 339 time: 0.0055563
2026-06-26 04:45:48.529 9 INFO neutron.wsgi [None req-eafef12a-abe0-4ad2-a856-9f100429560b fe62c43ded3643478fa857a0622f62f9 c309faaa340e40e3a2b87a566002c8be - - default default] 10.0.0.66 "GET /v2.0/extensions/segments-peer-subnet-host-routes HTTP/1.1" status: 200 len: 427 time: 0.0046475
2026-06-26 04:45:48.546 10 INFO neutron.wsgi [None req-390f8870-878a-4ad5-8b79-7ad1126b6615 fe62c43ded3643478fa857a0622f62f9 c309faaa340e40e3a2b87a566002c8be - - default default] 10.0.0.66 "GET /v2.0/extensions/service-type HTTP/1.1" status: 200 len: 415 time: 0.0063088
2026-06-26 04:45:48.563 10 INFO neutron.wsgi [None req-f35c2b62-8987-48b0-9124-c0753a80f556 fe62c43ded3643478fa857a0622f62f9 c309faaa340e40e3a2b87a566002c8be - - default default] 10.0.0.66 "GET /v2.0/extensions/sorting HTTP/1.1" status: 200 len: 377 time: 0.0051672
2026-06-26 04:45:48.570 10 INFO neutron.db.ovn_revision_numbers_db [None req-488bb9f9-1e94-43a6-b551-81786823dea9 fa6ee0307e9e4c598e0fc0ad83969e72 b902d3189ef64166b07841c641636341 - - default default] Successfully bumped revision number for resource 50bea0e3-b551-413a-825f-947ef57c87be (type: security_groups) to 1
2026-06-26 04:45:48.575 9 INFO neutron.wsgi [None req-2e9818d0-57da-486d-9beb-8fbaf7ec66e9 fe62c43ded3643478fa857a0622f62f9 c309faaa340e40e3a2b87a566002c8be - - default default] 10.0.0.66 "GET /v2.0/extensions/standard-attr-segment HTTP/1.1" status: 200 len: 406 time: 0.0058503
2026-06-26 04:45:48.582 9 INFO neutron.wsgi [None req-f9956b7f-45c3-4f60-8ff1-1cec9620a544 fe62c43ded3643478fa857a0622f62f9 c309faaa340e40e3a2b87a566002c8be - - default default] 10.0.0.66 "GET /v2.0/extensions/standard-attr-description HTTP/1.1" status: 200 len: 408 time: 0.0039117
2026-06-26 04:45:48.593 10 INFO neutron.wsgi [None req-488bb9f9-1e94-43a6-b551-81786823dea9 fa6ee0307e9e4c598e0fc0ad83969e72 b902d3189ef64166b07841c641636341 - - default default] 10.0.0.66 "GET /v2.0/security-groups?tenant_id=2c61906f2d7843e69d2eac1de19240c9&name=default HTTP/1.1" status: 200 len: 2996 time: 0.3194408
2026-06-26 04:45:48.596 9 INFO neutron.wsgi [None req-728eaf32-6899-4672-bf3a-50a78c5d46fa fe62c43ded3643478fa857a0622f62f9 c309faaa340e40e3a2b87a566002c8be - - default default] 10.0.0.66 "GET /v2.0/extensions/stateful-security-group HTTP/1.1" status: 200 len: 402 time: 0.0087879
2026-06-26 04:45:48.606 10 INFO neutron.wsgi [None req-484ca681-2222-4d61-97e5-e13df9ae184f fe62c43ded3643478fa857a0622f62f9 c309faaa340e40e3a2b87a566002c8be - - default default] 10.0.0.66 "GET /v2.0/extensions/subnet-dns-publish-fixed-ip HTTP/1.1" status: 200 len: 421 time: 0.0043387
2026-06-26 04:45:48.616 9 INFO neutron.wsgi [None req-d0e59698-c778-42fc-923f-34f80e5326b2 fe62c43ded3643478fa857a0622f62f9 c309faaa340e40e3a2b87a566002c8be - - default default] 10.0.0.66 "GET /v2.0/extensions/subnet-segmentid-writable HTTP/1.1" status: 200 len: 421 time: 0.0043938
2026-06-26 04:45:48.630 9 INFO neutron.wsgi [None req-63c8154e-70dd-4cc5-8a47-1d9a4330d740 fe62c43ded3643478fa857a0622f62f9 c309faaa340e40e3a2b87a566002c8be - - default default] 10.0.0.66 "GET /v2.0/extensions/subnet-service-types HTTP/1.1" status: 200 len: 400 time: 0.0071554
2026-06-26 04:45:48.640 10 INFO neutron.wsgi [None req-295f7c60-f1a3-499f-8517-7bf3ad7d761d fe62c43ded3643478fa857a0622f62f9 c309faaa340e40e3a2b87a566002c8be - - default default] 10.0.0.66 "GET /v2.0/extensions/subnet_allocation HTTP/1.1" status: 200 len: 388 time: 0.0058963
2026-06-26 04:45:48.650 10 INFO neutron.wsgi [None req-f39355e9-1a42-4ff2-ac75-70ed74cc4919 fe62c43ded3643478fa857a0622f62f9 c309faaa340e40e3a2b87a566002c8be - - default default] 10.0.0.66 "GET /v2.0/extensions/subnetpool-prefix-ops HTTP/1.1" status: 200 len: 418 time: 0.0061278
2026-06-26 04:45:48.662 9 INFO neutron.wsgi [None req-119b6f18-242c-4165-bcd5-11324a3567d0 fe62c43ded3643478fa857a0622f62f9 c309faaa340e40e3a2b87a566002c8be - - default default] 10.0.0.66 "GET /v2.0/extensions/standard-attr-tag HTTP/1.1" status: 200 len: 537 time: 0.0078831
2026-06-26 04:45:48.670 9 INFO neutron.wsgi [None req-92cb198d-cf66-4193-9327-043057f4f40b fa6ee0307e9e4c598e0fc0ad83969e72 b902d3189ef64166b07841c641636341 - - - -] 10.0.0.66 "DELETE /v2.0/security-groups/32c8839c-128d-4f79-a3d9-e6128bf71157 HTTP/1.1" status: 204 len: 168 time: 0.3184979
2026-06-26 04:45:48.676 9 INFO neutron.wsgi [None req-83cc5fad-ca5a-4e7d-bf13-e93feb00b9d9 fe62c43ded3643478fa857a0622f62f9 c309faaa340e40e3a2b87a566002c8be - - default default] 10.0.0.66 "GET /v2.0/extensions/standard-attr-timestamp HTTP/1.1" status: 200 len: 449 time: 0.0037394
2026-06-26 04:45:48.683 10 INFO neutron.wsgi [None req-8ec63c41-b4a2-4164-b518-a79451527c72 fe62c43ded3643478fa857a0622f62f9 c309faaa340e40e3a2b87a566002c8be - - default default] 10.0.0.66 "GET /v2.0/extensions/trunk HTTP/1.1" status: 200 len: 358 time: 0.0036869
2026-06-26 04:45:48.694 9 INFO neutron.wsgi [None req-24a4078a-b733-4a29-88a3-b21c89571786 fe62c43ded3643478fa857a0622f62f9 c309faaa340e40e3a2b87a566002c8be - - default default] 10.0.0.66 "GET /v2.0/extensions/trunk-details HTTP/1.1" status: 200 len: 362 time: 0.0065243
2026-06-26 04:45:48.805 9 INFO neutron.wsgi [None req-546d78ef-1b14-4198-8d35-d77d7e55b452 fa6ee0307e9e4c598e0fc0ad83969e72 b902d3189ef64166b07841c641636341 - - - -] 10.0.0.66 "DELETE /v2.0/security-groups/50bea0e3-b551-413a-825f-947ef57c87be HTTP/1.1" status: 204 len: 168 time: 0.2079399
2026-06-26 04:45:48.921 9 INFO neutron.db.ovn_revision_numbers_db [None req-e16972ea-70e9-495b-8ef9-73454542ce29 fa6ee0307e9e4c598e0fc0ad83969e72 b902d3189ef64166b07841c641636341 - - default default] Successfully bumped revision number for resource acded730-e959-4ddc-8006-056a21bf7eec (type: security_groups) to 1
2026-06-26 04:45:48.946 9 INFO neutron.wsgi [None req-e16972ea-70e9-495b-8ef9-73454542ce29 fa6ee0307e9e4c598e0fc0ad83969e72 b902d3189ef64166b07841c641636341 - - default default] 10.0.0.66 "GET /v2.0/security-groups?tenant_id=bc45090387fa4685967d42d15fa9773e&name=default HTTP/1.1" status: 200 len: 2996 time: 0.1525710
2026-06-26 04:45:49.073 10 INFO neutron.wsgi [None req-064ad14a-f06b-41e3-8d51-fd174e9b4aa8 fa6ee0307e9e4c598e0fc0ad83969e72 b902d3189ef64166b07841c641636341 - - - -] 10.0.0.66 "PUT /v2.0/routers/b20f4523-f832-4da0-a9be-c39c2829d9ac/remove_router_interface HTTP/1.1" status: 200 len: 503 time: 1.1174400
2026-06-26 04:45:49.222 9 INFO neutron.wsgi [None req-dccf8876-f3ab-4559-a633-ef40bd767469 fa6ee0307e9e4c598e0fc0ad83969e72 b902d3189ef64166b07841c641636341 - - - -] 10.0.0.66 "DELETE /v2.0/security-groups/acded730-e959-4ddc-8006-056a21bf7eec HTTP/1.1" status: 204 len: 168 time: 0.2699702 /var/lib/openstack/lib/python3.10/site-packages/pycadf/identifier.py:71: UserWarning: Invalid uuid: neutron. To ensure interoperability, identifiers should be a valid uuid. warnings.warn(('Invalid uuid: %s. To ensure interoperability, '
2026-06-26 04:45:49.471 10 INFO neutron.db.ovn_revision_numbers_db [None req-2cc2ff50-63ef-44c5-b119-229b0b30a6f1 fa6ee0307e9e4c598e0fc0ad83969e72 b902d3189ef64166b07841c641636341 - - default default] Successfully bumped revision number for resource 1b48838e-86a9-4e7b-a4f9-6a69d51c111f (type: security_groups) to 1
2026-06-26 04:45:49.491 10 INFO neutron.wsgi [None req-2cc2ff50-63ef-44c5-b119-229b0b30a6f1 fa6ee0307e9e4c598e0fc0ad83969e72 b902d3189ef64166b07841c641636341 - - default default] 10.0.0.66 "GET /v2.0/security-groups?tenant_id=c309faaa340e40e3a2b87a566002c8be&name=default HTTP/1.1" status: 200 len: 2996 time: 0.3183866
2026-06-26 04:45:49.701 10 INFO neutron.wsgi [None req-a6d1f0d9-24ef-42e1-900e-062a38954def fa6ee0307e9e4c598e0fc0ad83969e72 b902d3189ef64166b07841c641636341 - - - -] 10.0.0.66 "DELETE /v2.0/security-groups/1b48838e-86a9-4e7b-a4f9-6a69d51c111f HTTP/1.1" status: 204 len: 168 time: 0.2016208
2026-06-26 04:45:49.758 9 INFO neutron.wsgi [None req-bfd6c777-79f8-4908-9674-58784cca7c0b fa6ee0307e9e4c598e0fc0ad83969e72 b902d3189ef64166b07841c641636341 - - - -] 10.0.0.66 "DELETE /v2.0/routers/b20f4523-f832-4da0-a9be-c39c2829d9ac HTTP/1.1" status: 204 len: 168 time: 0.6735752
2026-06-26 04:45:49.969 9 INFO neutron.wsgi [None req-a8fb2c81-dbda-4497-b0f4-f8b8ba6a93dd fa6ee0307e9e4c598e0fc0ad83969e72 b902d3189ef64166b07841c641636341 - - - -] 10.0.0.66 "DELETE /v2.0/subnets/68117572-13ff-4ae0-90fc-15eadff0f559 HTTP/1.1" status: 204 len: 168 time: 0.2054071
2026-06-26 04:45:50.325 9 INFO neutron.services.segments.plugin [-] Segment 3bc1cdc4-dc36-4124-885b-f906d51aac17 resource provider aggregate not found
2026-06-26 04:45:50.339 9 INFO neutron.services.segments.plugin [-] Segment 3bc1cdc4-dc36-4124-885b-f906d51aac17 resource provider aggregate not found
2026-06-26 04:45:50.631 9 INFO neutron.services.segments.plugin [-] Segment 3bc1cdc4-dc36-4124-885b-f906d51aac17 resource provider not found; error: Placement Client Error (4xx): {"errors": [{"status": 404, "title": "Not Found", "detail": "The resource could not be found.\n\n No resource provider with uuid 3bc1cdc4-dc36-4124-885b-f906d51aac17 found for delete ", "request_id": "req-f3530487-6743-4266-8282-ce2d1ff511ff"}]}
2026-06-26 04:45:50.632 9 INFO neutron.services.segments.plugin [-] Segment 3bc1cdc4-dc36-4124-885b-f906d51aac17 resource provider not found; error: Placement Client Error (4xx): {"errors": [{"status": 404, "title": "Not Found", "detail": "The resource could not be found.\n\n No resource provider with uuid 3bc1cdc4-dc36-4124-885b-f906d51aac17 found for delete ", "request_id": "req-ac589079-ca6e-48b4-9461-f39c6b7f7c3d"}]}
2026-06-26 04:45:50.665 9 INFO neutron.wsgi [None req-b3c22cc7-d56e-4ec9-9327-a580e679aeba fa6ee0307e9e4c598e0fc0ad83969e72 b902d3189ef64166b07841c641636341 - - - -] 10.0.0.66 "DELETE /v2.0/networks/1ca22aa5-22c7-4273-81b0-bd19681baaf1 HTTP/1.1" status: 204 len: 168 time: 0.6881967
2026-06-26 04:45:50.848 10 INFO neutron.wsgi [None req-227dbf96-22bd-441b-aa80-e02a06174f9c fa6ee0307e9e4c598e0fc0ad83969e72 b902d3189ef64166b07841c641636341 - - default default] 10.0.0.66 "GET /v2.0/security-groups?tenant_id=57a7d315d0014f60885eeab65ee8a488&name=default HTTP/1.1" status: 200 len: 2996 time: 0.0326490
2026-06-26 04:45:51.037 10 INFO neutron.wsgi [None req-d55e30f4-66f3-479c-b9f3-32718eeaf459 fa6ee0307e9e4c598e0fc0ad83969e72 b902d3189ef64166b07841c641636341 - - - -] 10.0.0.66 "DELETE /v2.0/security-groups/527fe58a-fd28-49f2-b6dc-754d935b5057 HTTP/1.1" status: 204 len: 168 time: 0.1836658
2026-06-26 04:45:51.905 9 INFO neutron.db.ovn_revision_numbers_db [None req-2fe8dbce-ea32-4936-b3f6-dfa2d1748aee 4c01ae0971cb4f7dbaeec5fe6e55dbb3 c9d0099bab8945bab5c00b41788b98a0 - - - -] Successfully bumped revision number for resource a56dfbaa-db7f-4cf2-987e-e00e2bf1565b (type: security_groups) to 1
2026-06-26 04:45:51.958 9 INFO neutron.db.segments_db [None req-2fe8dbce-ea32-4936-b3f6-dfa2d1748aee 4c01ae0971cb4f7dbaeec5fe6e55dbb3 c9d0099bab8945bab5c00b41788b98a0 - - - -] Added segment e755fc79-7ebd-4663-b7b1-0d1d963808b1 of type geneve for network 71c54866-35c7-420b-8801-b10636e6e734
2026-06-26 04:45:52.010 10 INFO neutron.db.ovn_revision_numbers_db [None req-60de908f-cd65-4ef9-85ec-556be97f408f fa6ee0307e9e4c598e0fc0ad83969e72 b902d3189ef64166b07841c641636341 - - default default] Successfully bumped revision number for resource a6d82e54-e7d9-4764-8b63-d1bffcffe7f7 (type: security_groups) to 1
2026-06-26 04:45:52.041 10 INFO neutron.wsgi [None req-60de908f-cd65-4ef9-85ec-556be97f408f fa6ee0307e9e4c598e0fc0ad83969e72 b902d3189ef64166b07841c641636341 - - default default] 10.0.0.66 "GET /v2.0/security-groups?tenant_id=a6562dc64b50441c99e8f05b8cfb6529&name=default HTTP/1.1" status: 200 len: 2996 time: 0.5955451
2026-06-26 04:45:52.140 9 INFO neutron.db.ovn_revision_numbers_db [None req-2fe8dbce-ea32-4936-b3f6-dfa2d1748aee 4c01ae0971cb4f7dbaeec5fe6e55dbb3 c9d0099bab8945bab5c00b41788b98a0 - - - -] Successfully bumped revision number for resource 71c54866-35c7-420b-8801-b10636e6e734 (type: networks) to 1
2026-06-26 04:45:52.216 10 INFO neutron.wsgi [None req-d12676a6-688d-4959-9a10-831658074e89 fa6ee0307e9e4c598e0fc0ad83969e72 b902d3189ef64166b07841c641636341 - - - -] 10.0.0.66 "DELETE /v2.0/security-groups/a6d82e54-e7d9-4764-8b63-d1bffcffe7f7 HTTP/1.1" status: 204 len: 168 time: 0.1714485
2026-06-26 04:45:52.338 9 INFO neutron.db.ovn_revision_numbers_db [None req-7abde041-3df5-46ad-bc0a-3a4325e0d96c 935f95c3e3b04eeb99350c0807552a47 8d240b3cfd2c44cf9ab1f4900cbc905f - - - -] Successfully bumped revision number for resource 84923335-7e26-4745-9d96-08bc60904448 (type: security_groups) to 1
2026-06-26 04:45:52.403 9 INFO neutron.db.segments_db [None req-7abde041-3df5-46ad-bc0a-3a4325e0d96c 935f95c3e3b04eeb99350c0807552a47 8d240b3cfd2c44cf9ab1f4900cbc905f - - - -] Added segment bce0498f-e403-40f0-ab36-add310cbd244 of type geneve for network 75de3bf6-5896-41fa-bedf-45cd416c87f0
2026-06-26 04:45:52.422 9 WARNING neutron.scheduler.dhcp_agent_scheduler [None req-2fe8dbce-ea32-4936-b3f6-dfa2d1748aee 4c01ae0971cb4f7dbaeec5fe6e55dbb3 c9d0099bab8945bab5c00b41788b98a0 - - - -] No more DHCP agents
2026-06-26 04:45:52.425 9 WARNING neutron.api.rpc.agentnotifiers.dhcp_rpc_agent_api [None req-2fe8dbce-ea32-4936-b3f6-dfa2d1748aee 4c01ae0971cb4f7dbaeec5fe6e55dbb3 c9d0099bab8945bab5c00b41788b98a0 - - - -] Unable to schedule network 71c54866-35c7-420b-8801-b10636e6e734: no agents available; will retry on subsequent port and subnet creation events.
2026-06-26 04:45:52.523 9 INFO neutron.db.ovn_revision_numbers_db [None req-2fe8dbce-ea32-4936-b3f6-dfa2d1748aee 4c01ae0971cb4f7dbaeec5fe6e55dbb3 c9d0099bab8945bab5c00b41788b98a0 - - - -] Successfully bumped revision number for resource 2b047bb3-018a-4150-9b6e-e0bc5a5ca42f (type: ports) to 1
2026-06-26 04:45:52.580 9 INFO neutron.db.ovn_revision_numbers_db [None req-7abde041-3df5-46ad-bc0a-3a4325e0d96c 935f95c3e3b04eeb99350c0807552a47 8d240b3cfd2c44cf9ab1f4900cbc905f - - - -] Successfully bumped revision number for resource 75de3bf6-5896-41fa-bedf-45cd416c87f0 (type: networks) to 1
2026-06-26 04:45:52.587 9 INFO neutron.wsgi [None req-2fe8dbce-ea32-4936-b3f6-dfa2d1748aee 4c01ae0971cb4f7dbaeec5fe6e55dbb3 c9d0099bab8945bab5c00b41788b98a0 - - - -] 10.0.0.66 "POST /v2.0/networks HTTP/1.1" status: 201 len: 848 time: 0.8738747
2026-06-26 04:45:52.596 9 INFO neutron.wsgi [-] 10.0.0.37 "GET / HTTP/1.1" status: 200 len: 247 time: 0.0015323
2026-06-26 04:45:52.598 9 INFO neutron.wsgi [-] 10.0.0.37 "GET / HTTP/1.1" status: 200 len: 247 time: 0.0009015
2026-06-26 04:45:52.754 9 WARNING neutron.scheduler.dhcp_agent_scheduler [None req-7abde041-3df5-46ad-bc0a-3a4325e0d96c 935f95c3e3b04eeb99350c0807552a47 8d240b3cfd2c44cf9ab1f4900cbc905f - - - -] No more DHCP agents
2026-06-26 04:45:52.757 9 WARNING neutron.api.rpc.agentnotifiers.dhcp_rpc_agent_api [None req-7abde041-3df5-46ad-bc0a-3a4325e0d96c 935f95c3e3b04eeb99350c0807552a47 8d240b3cfd2c44cf9ab1f4900cbc905f - - - -] Unable to schedule network 75de3bf6-5896-41fa-bedf-45cd416c87f0: no agents available; will retry on subsequent port and subnet creation events.
2026-06-26 04:45:52.829 9 INFO neutron.db.ovn_revision_numbers_db [None req-7abde041-3df5-46ad-bc0a-3a4325e0d96c 935f95c3e3b04eeb99350c0807552a47 8d240b3cfd2c44cf9ab1f4900cbc905f - - - -] Successfully bumped revision number for resource 5770e16a-a484-491d-bdca-c05422acd1b0 (type: ports) to 1
2026-06-26 04:45:52.844 10 WARNING neutron.scheduler.dhcp_agent_scheduler [None req-45c4b5c3-9052-4dfe-ad22-af13640f0466 4c01ae0971cb4f7dbaeec5fe6e55dbb3 c9d0099bab8945bab5c00b41788b98a0 - - - -] No more DHCP agents
2026-06-26 04:45:52.846 10 WARNING neutron.api.rpc.agentnotifiers.dhcp_rpc_agent_api [None req-45c4b5c3-9052-4dfe-ad22-af13640f0466 4c01ae0971cb4f7dbaeec5fe6e55dbb3 c9d0099bab8945bab5c00b41788b98a0 - - - -] Unable to schedule network 71c54866-35c7-420b-8801-b10636e6e734: no agents available; will retry on subsequent port and subnet creation events.
2026-06-26 04:45:52.853 9 INFO neutron.wsgi [None req-7abde041-3df5-46ad-bc0a-3a4325e0d96c 935f95c3e3b04eeb99350c0807552a47 8d240b3cfd2c44cf9ab1f4900cbc905f - - - -] 10.0.0.66 "POST /v2.0/networks HTTP/1.1" status: 201 len: 831 time: 0.9735990
2026-06-26 04:45:52.857 10 INFO neutron.db.ovn_revision_numbers_db [None req-45c4b5c3-9052-4dfe-ad22-af13640f0466 4c01ae0971cb4f7dbaeec5fe6e55dbb3 c9d0099bab8945bab5c00b41788b98a0 - - - -] Successfully bumped revision number for resource 50fa7fe4-3730-4920-a269-32a80b9602e9 (type: subnets) to 0
2026-06-26 04:45:52.873 10 INFO neutron.wsgi [None req-45c4b5c3-9052-4dfe-ad22-af13640f0466 4c01ae0971cb4f7dbaeec5fe6e55dbb3 c9d0099bab8945bab5c00b41788b98a0 - - - -] 10.0.0.66 "POST /v2.0/subnets HTTP/1.1" status: 201 len: 802 time: 0.2804551
2026-06-26 04:45:53.794 9 WARNING neutron.scheduler.dhcp_agent_scheduler [None req-74903d88-4f00-4ee1-89d9-2f987d2a22d6 4c01ae0971cb4f7dbaeec5fe6e55dbb3 c9d0099bab8945bab5c00b41788b98a0 - - - -] No more DHCP agents
2026-06-26 04:45:53.798 9 WARNING neutron.api.rpc.agentnotifiers.dhcp_rpc_agent_api [None req-74903d88-4f00-4ee1-89d9-2f987d2a22d6 4c01ae0971cb4f7dbaeec5fe6e55dbb3 c9d0099bab8945bab5c00b41788b98a0 - - - -] Unable to schedule network 04c49fc6-415a-4a5b-a0fd-5b557bbc148c: no agents available; will retry on subsequent port and subnet creation events.
2026-06-26 04:45:53.810 9 WARNING neutron.scheduler.dhcp_agent_scheduler [None req-9e7d6a59-c2d0-4cec-aa61-0cba5aaaff52 935f95c3e3b04eeb99350c0807552a47 8d240b3cfd2c44cf9ab1f4900cbc905f - - - -] No more DHCP agents
2026-06-26 04:45:53.812 9 WARNING neutron.api.rpc.agentnotifiers.dhcp_rpc_agent_api [None req-9e7d6a59-c2d0-4cec-aa61-0cba5aaaff52 935f95c3e3b04eeb99350c0807552a47 8d240b3cfd2c44cf9ab1f4900cbc905f - - - -] Unable to schedule network 04c49fc6-415a-4a5b-a0fd-5b557bbc148c: no agents available; will retry on subsequent port and subnet creation events.
2026-06-26 04:45:53.978 9 INFO neutron.db.ovn_revision_numbers_db [None req-74903d88-4f00-4ee1-89d9-2f987d2a22d6 4c01ae0971cb4f7dbaeec5fe6e55dbb3 c9d0099bab8945bab5c00b41788b98a0 - - - -] Successfully bumped revision number for resource c323e6c3-cba7-445a-8055-4b9deb23e714 (type: ports) to 1
2026-06-26 04:45:53.991 9 INFO neutron.db.ovn_revision_numbers_db [None req-9e7d6a59-c2d0-4cec-aa61-0cba5aaaff52 935f95c3e3b04eeb99350c0807552a47 8d240b3cfd2c44cf9ab1f4900cbc905f - - - -] Successfully bumped revision number for resource 421a27a5-2fa1-4c6e-b7fd-273e9b80cb65 (type: ports) to 1
2026-06-26 04:45:54.316 10 INFO neutron.db.ovn_revision_numbers_db [None req-a7c2c62e-134d-4dd8-8dcc-bd8ff6272db1 fbd197c0649b435884b7d8fc4341cc46 d352ee1a4f874e84811e69f1121df7e3 - - - -] Successfully bumped revision number for resource 22b17cf6-f71f-4226-bf69-8fb243261e22 (type: security_groups) to 1
2026-06-26 04:45:54.377 10 INFO neutron.db.segments_db [None req-a7c2c62e-134d-4dd8-8dcc-bd8ff6272db1 fbd197c0649b435884b7d8fc4341cc46 d352ee1a4f874e84811e69f1121df7e3 - - - -] Added segment c2f1728b-5541-486d-aec7-8f35499aafa7 of type geneve for network f3614222-be21-4270-8502-42219514fa0d
2026-06-26 04:45:54.551 10 INFO neutron.db.ovn_revision_numbers_db [None req-a7c2c62e-134d-4dd8-8dcc-bd8ff6272db1 fbd197c0649b435884b7d8fc4341cc46 d352ee1a4f874e84811e69f1121df7e3 - - - -] Successfully bumped revision number for resource f3614222-be21-4270-8502-42219514fa0d (type: networks) to 1
2026-06-26 04:45:54.794 10 WARNING neutron.scheduler.dhcp_agent_scheduler [None req-a7c2c62e-134d-4dd8-8dcc-bd8ff6272db1 fbd197c0649b435884b7d8fc4341cc46 d352ee1a4f874e84811e69f1121df7e3 - - - -] No more DHCP agents
2026-06-26 04:45:54.796 10 WARNING neutron.api.rpc.agentnotifiers.dhcp_rpc_agent_api [None req-a7c2c62e-134d-4dd8-8dcc-bd8ff6272db1 fbd197c0649b435884b7d8fc4341cc46 d352ee1a4f874e84811e69f1121df7e3 - - - -] Unable to schedule network f3614222-be21-4270-8502-42219514fa0d: no agents available; will retry on subsequent port and subnet creation events.
2026-06-26 04:45:54.861 10 INFO neutron.db.ovn_revision_numbers_db [None req-a7c2c62e-134d-4dd8-8dcc-bd8ff6272db1 fbd197c0649b435884b7d8fc4341cc46 d352ee1a4f874e84811e69f1121df7e3 - - - -] Successfully bumped revision number for resource 61f9cbc7-8ef9-48ba-8a37-3bd83eae1343 (type: ports) to 1
2026-06-26 04:45:54.883 10 INFO neutron.wsgi [None req-a7c2c62e-134d-4dd8-8dcc-bd8ff6272db1 fbd197c0649b435884b7d8fc4341cc46 d352ee1a4f874e84811e69f1121df7e3 - - - -] 10.0.0.66 "POST /v2.0/networks HTTP/1.1" status: 201 len: 848 time: 0.8396087
2026-06-26 04:45:54.960 9 INFO neutron.plugins.ml2.drivers.ovn.mech_driver.mech_driver [None req-2c575510-7952-4175-ba50-46335c36ee66 - - - - - -] OVN reports status up for port: c323e6c3-cba7-445a-8055-4b9deb23e714
2026-06-26 04:45:54.973 9 INFO neutron.plugins.ml2.plugin [None req-2c575510-7952-4175-ba50-46335c36ee66 - - - - - -] Attempt 1 to provision port c323e6c3-cba7-445a-8055-4b9deb23e714
2026-06-26 04:45:54.977 9 INFO neutron.db.ovn_revision_numbers_db [None req-74903d88-4f00-4ee1-89d9-2f987d2a22d6 4c01ae0971cb4f7dbaeec5fe6e55dbb3 c9d0099bab8945bab5c00b41788b98a0 - - - -] Successfully bumped revision number for resource c323e6c3-cba7-445a-8055-4b9deb23e714 (type: router_ports) to 1
2026-06-26 04:45:54.985 10 INFO neutron.plugins.ml2.drivers.ovn.mech_driver.mech_driver [None req-21a5bdf3-7927-4870-8c57-283e5d8c20e0 - - - - - -] OVN reports status up for port: 421a27a5-2fa1-4c6e-b7fd-273e9b80cb65
2026-06-26 04:45:54.992 9 INFO neutron.db.ovn_revision_numbers_db [None req-9e7d6a59-c2d0-4cec-aa61-0cba5aaaff52 935f95c3e3b04eeb99350c0807552a47 8d240b3cfd2c44cf9ab1f4900cbc905f - - - -] Successfully bumped revision number for resource 421a27a5-2fa1-4c6e-b7fd-273e9b80cb65 (type: router_ports) to 1
2026-06-26 04:45:54.998 10 INFO neutron.plugins.ml2.plugin [None req-21a5bdf3-7927-4870-8c57-283e5d8c20e0 - - - - - -] Attempt 1 to provision port 421a27a5-2fa1-4c6e-b7fd-273e9b80cb65
2026-06-26 04:45:55.011 9 INFO neutron.plugins.ml2.drivers.ovn.mech_driver.ovsdb.ovsdb_monitor [None req-2e75082f-f23b-42b8-b68e-c6b566a496d0 - - - - - -] Router 32ae03bd-e43c-4849-8a72-8bfafa34583a is bound to host instance
2026-06-26 04:45:55.124 9 INFO neutron.db.ovn_revision_numbers_db [None req-9e7d6a59-c2d0-4cec-aa61-0cba5aaaff52 935f95c3e3b04eeb99350c0807552a47 8d240b3cfd2c44cf9ab1f4900cbc905f - - - -] Successfully bumped revision number for resource 32ae03bd-e43c-4849-8a72-8bfafa34583a (type: routers) to 3
2026-06-26 04:45:55.137 9 INFO neutron.db.ovn_revision_numbers_db [None req-74903d88-4f00-4ee1-89d9-2f987d2a22d6 4c01ae0971cb4f7dbaeec5fe6e55dbb3 c9d0099bab8945bab5c00b41788b98a0 - - - -] Successfully bumped revision number for resource 0be8740f-d227-49bb-8fe1-b95c2b1eae4b (type: routers) to 3
2026-06-26 04:45:55.149 9 INFO neutron.wsgi [None req-9e7d6a59-c2d0-4cec-aa61-0cba5aaaff52 935f95c3e3b04eeb99350c0807552a47 8d240b3cfd2c44cf9ab1f4900cbc905f - - - -] 10.0.0.66 "POST /v2.0/routers HTTP/1.1" status: 201 len: 875 time: 2.2904267
2026-06-26 04:45:55.176 9 INFO neutron.wsgi [None req-74903d88-4f00-4ee1-89d9-2f987d2a22d6 4c01ae0971cb4f7dbaeec5fe6e55dbb3 c9d0099bab8945bab5c00b41788b98a0 - - - -] 10.0.0.66 "POST /v2.0/routers HTTP/1.1" status: 201 len: 875 time: 2.2982643
2026-06-26 04:45:55.186 10 WARNING neutron.scheduler.dhcp_agent_scheduler [None req-4b4dc5b0-2fc9-4947-8b63-4879f4afb161 fbd197c0649b435884b7d8fc4341cc46 d352ee1a4f874e84811e69f1121df7e3 - - - -] No more DHCP agents
2026-06-26 04:45:55.188 10 WARNING neutron.api.rpc.agentnotifiers.dhcp_rpc_agent_api [None req-4b4dc5b0-2fc9-4947-8b63-4879f4afb161 fbd197c0649b435884b7d8fc4341cc46 d352ee1a4f874e84811e69f1121df7e3 - - - -] Unable to schedule network f3614222-be21-4270-8502-42219514fa0d: no agents available; will retry on subsequent port and subnet creation events.
2026-06-26 04:45:55.264 10 INFO neutron.db.ovn_revision_numbers_db [None req-4b4dc5b0-2fc9-4947-8b63-4879f4afb161 fbd197c0649b435884b7d8fc4341cc46 d352ee1a4f874e84811e69f1121df7e3 - - - -] Successfully bumped revision number for resource d5340d53-b286-472f-84b4-996d39590c38 (type: ports) to 1
2026-06-26 04:45:55.286 10 INFO neutron.wsgi [None req-4b4dc5b0-2fc9-4947-8b63-4879f4afb161 fbd197c0649b435884b7d8fc4341cc46 d352ee1a4f874e84811e69f1121df7e3 - - - -] 10.0.0.66 "POST /v2.0/ports HTTP/1.1" status: 201 len: 978 time: 0.3963745 /var/lib/openstack/lib/python3.10/site-packages/pycadf/identifier.py:71: UserWarning: Invalid uuid: neutron. To ensure interoperability, identifiers should be a valid uuid. warnings.warn(('Invalid uuid: %s. To ensure interoperability, '
2026-06-26 04:45:55.313 10 INFO neutron.wsgi [None req-86a3fb75-b735-460e-8771-ddb82a1b2662 3cee903559b3492ea936cfd7b95c4692 f4d72736359c4f8aa6abf710342f0284 - - default default] 10.0.0.66 "GET /v2.0/subnets?project_id=8d240b3cfd2c44cf9ab1f4900cbc905f&cidr=10.100.0.0%2F28 HTTP/1.1" status: 200 len: 207 time: 0.1541653
2026-06-26 04:45:55.409 10 INFO neutron.wsgi [None req-01b4c680-3a5d-42ba-9a9f-526f96d46a4b 3cee903559b3492ea936cfd7b95c4692 f4d72736359c4f8aa6abf710342f0284 - - default default] 10.0.0.66 "GET /v2.0/networks?router%3Aexternal=True HTTP/1.1" status: 200 len: 947 time: 0.0906050
2026-06-26 04:45:55.437 9 INFO neutron.db.segments_db [None req-264831fc-0b86-409b-9295-3e78afbe6832 fbd197c0649b435884b7d8fc4341cc46 d352ee1a4f874e84811e69f1121df7e3 - - - -] Added segment f5557e0b-3963-4b80-8c4e-e4a97fc0aa03 of type geneve for network e3e2da31-3e82-4030-b720-a3b6ee60fbc3
2026-06-26 04:45:55.440 10 INFO neutron.wsgi [None req-5fd187ae-d5fc-40b9-8dec-7aa275d988ce 3cee903559b3492ea936cfd7b95c4692 f4d72736359c4f8aa6abf710342f0284 - - default default] 10.0.0.66 "GET /v2.0/subnets?network_id=04c49fc6-415a-4a5b-a0fd-5b557bbc148c&cidr=10.100.0.0%2F28 HTTP/1.1" status: 200 len: 207 time: 0.0259309
2026-06-26 04:45:55.728 10 WARNING neutron.scheduler.dhcp_agent_scheduler [None req-fe4619a3-bcc2-4c52-a872-9ca8248be5cb 935f95c3e3b04eeb99350c0807552a47 8d240b3cfd2c44cf9ab1f4900cbc905f - - - -] No more DHCP agents
2026-06-26 04:45:55.730 10 WARNING neutron.api.rpc.agentnotifiers.dhcp_rpc_agent_api [None req-fe4619a3-bcc2-4c52-a872-9ca8248be5cb 935f95c3e3b04eeb99350c0807552a47 8d240b3cfd2c44cf9ab1f4900cbc905f - - - -] Unable to schedule network 75de3bf6-5896-41fa-bedf-45cd416c87f0: no agents available; will retry on subsequent port and subnet creation events.
2026-06-26 04:45:55.868 9 INFO neutron.db.ovn_revision_numbers_db [None req-264831fc-0b86-409b-9295-3e78afbe6832 fbd197c0649b435884b7d8fc4341cc46 d352ee1a4f874e84811e69f1121df7e3 - - - -] Successfully bumped revision number for resource e3e2da31-3e82-4030-b720-a3b6ee60fbc3 (type: networks) to 1
2026-06-26 04:45:56.146 9 INFO neutron.db.ovn_revision_numbers_db [None req-2e75082f-f23b-42b8-b68e-c6b566a496d0 - - - - - -] Successfully bumped revision number for resource 421a27a5-2fa1-4c6e-b7fd-273e9b80cb65 (type: ports) to 1
2026-06-26 04:45:56.166 9 WARNING neutron.scheduler.dhcp_agent_scheduler [None req-264831fc-0b86-409b-9295-3e78afbe6832 fbd197c0649b435884b7d8fc4341cc46 d352ee1a4f874e84811e69f1121df7e3 - - - -] No more DHCP agents
2026-06-26 04:45:56.172 9 WARNING neutron.api.rpc.agentnotifiers.dhcp_rpc_agent_api [None req-264831fc-0b86-409b-9295-3e78afbe6832 fbd197c0649b435884b7d8fc4341cc46 d352ee1a4f874e84811e69f1121df7e3 - - - -] Unable to schedule network e3e2da31-3e82-4030-b720-a3b6ee60fbc3: no agents available; will retry on subsequent port and subnet creation events.
2026-06-26 04:45:56.235 10 INFO neutron.db.ovn_revision_numbers_db [None req-fe4619a3-bcc2-4c52-a872-9ca8248be5cb 935f95c3e3b04eeb99350c0807552a47 8d240b3cfd2c44cf9ab1f4900cbc905f - - - -] Successfully bumped revision number for resource 5770e16a-a484-491d-bdca-c05422acd1b0 (type: ports) to 2
2026-06-26 04:45:56.253 10 INFO neutron.db.ovn_revision_numbers_db [None req-fe4619a3-bcc2-4c52-a872-9ca8248be5cb 935f95c3e3b04eeb99350c0807552a47 8d240b3cfd2c44cf9ab1f4900cbc905f - - - -] Successfully bumped revision number for resource 25549c9d-9344-428c-bdca-f229863683b6 (type: subnets) to 0
2026-06-26 04:45:56.283 10 INFO neutron.wsgi [None req-fe4619a3-bcc2-4c52-a872-9ca8248be5cb 935f95c3e3b04eeb99350c0807552a47 8d240b3cfd2c44cf9ab1f4900cbc905f - - - -] 10.0.0.66 "POST /v2.0/subnets HTTP/1.1" status: 201 len: 832 time: 0.8384101
2026-06-26 04:45:56.303 9 WARNING neutron.scheduler.dhcp_agent_scheduler [None req-bf6f7883-c4ae-41a3-a326-4423b909c84f 4c01ae0971cb4f7dbaeec5fe6e55dbb3 c9d0099bab8945bab5c00b41788b98a0 - - default default] No more DHCP agents
2026-06-26 04:45:56.309 9 WARNING neutron.api.rpc.agentnotifiers.dhcp_rpc_agent_api [None req-bf6f7883-c4ae-41a3-a326-4423b909c84f 4c01ae0971cb4f7dbaeec5fe6e55dbb3 c9d0099bab8945bab5c00b41788b98a0 - - default default] Unable to schedule network 71c54866-35c7-420b-8801-b10636e6e734: no agents available; will retry on subsequent port and subnet creation events.
2026-06-26 04:45:56.311 9 INFO neutron.db.ovn_revision_numbers_db [None req-264831fc-0b86-409b-9295-3e78afbe6832 fbd197c0649b435884b7d8fc4341cc46 d352ee1a4f874e84811e69f1121df7e3 - - - -] Successfully bumped revision number for resource e8a824d5-21b2-416b-94f5-540b9f7109c8 (type: ports) to 1
2026-06-26 04:45:56.380 9 INFO neutron.wsgi [None req-264831fc-0b86-409b-9295-3e78afbe6832 fbd197c0649b435884b7d8fc4341cc46 d352ee1a4f874e84811e69f1121df7e3 - - - -] 10.0.0.66 "POST /v2.0/networks HTTP/1.1" status: 201 len: 835 time: 1.0883183
2026-06-26 04:45:56.392 9 INFO neutron.db.ovn_revision_numbers_db [None req-efa925fa-3e2f-4400-af55-d0c5d8d05d15 fa6ee0307e9e4c598e0fc0ad83969e72 b902d3189ef64166b07841c641636341 - - default default] Successfully bumped revision number for resource 29910785-cd54-43bd-8c98-d0c7f8a1190b (type: security_groups) to 1
2026-06-26 04:45:56.438 9 INFO neutron.wsgi [None req-efa925fa-3e2f-4400-af55-d0c5d8d05d15 fa6ee0307e9e4c598e0fc0ad83969e72 b902d3189ef64166b07841c641636341 - - default default] 10.0.0.66 "GET /v2.0/security-groups?tenant_id=293caa17ca8541abb53c9ad620faa68d&name=default HTTP/1.1" status: 200 len: 2996 time: 0.4375641
2026-06-26 04:45:56.567 9 INFO neutron.db.ovn_revision_numbers_db [None req-bf6f7883-c4ae-41a3-a326-4423b909c84f 4c01ae0971cb4f7dbaeec5fe6e55dbb3 c9d0099bab8945bab5c00b41788b98a0 - - default default] Successfully bumped revision number for resource 1074b5f5-6467-47e8-9320-f6529baf59bd (type: ports) to 1
2026-06-26 04:45:56.572 9 INFO neutron.db.ovn_revision_numbers_db [None req-2e75082f-f23b-42b8-b68e-c6b566a496d0 - - - - - -] Successfully bumped revision number for resource 421a27a5-2fa1-4c6e-b7fd-273e9b80cb65 (type: router_ports) to 3
2026-06-26 04:45:56.777 9 INFO neutron.db.ovn_revision_numbers_db [None req-2e75082f-f23b-42b8-b68e-c6b566a496d0 - - - - - -] Successfully bumped revision number for resource 421a27a5-2fa1-4c6e-b7fd-273e9b80cb65 (type: ports) to 2
2026-06-26 04:45:56.781 9 INFO neutron.wsgi [None req-6ecba90a-c008-4b1c-875a-4ec74eaa6fd1 fa6ee0307e9e4c598e0fc0ad83969e72 b902d3189ef64166b07841c641636341 - - - -] 10.0.0.66 "DELETE /v2.0/security-groups/29910785-cd54-43bd-8c98-d0c7f8a1190b HTTP/1.1" status: 204 len: 168 time: 0.3359039
2026-06-26 04:45:57.146 10 WARNING neutron.scheduler.dhcp_agent_scheduler [None req-90aab532-bb20-4e24-8f72-c5b52f2ad4f7 fbd197c0649b435884b7d8fc4341cc46 d352ee1a4f874e84811e69f1121df7e3 - - - -] No more DHCP agents
2026-06-26 04:45:57.149 10 WARNING neutron.api.rpc.agentnotifiers.dhcp_rpc_agent_api [None req-90aab532-bb20-4e24-8f72-c5b52f2ad4f7 fbd197c0649b435884b7d8fc4341cc46 d352ee1a4f874e84811e69f1121df7e3 - - - -] Unable to schedule network e3e2da31-3e82-4030-b720-a3b6ee60fbc3: no agents available; will retry on subsequent port and subnet creation events.
2026-06-26 04:45:57.204 10 INFO neutron.db.ovn_revision_numbers_db [None req-90aab532-bb20-4e24-8f72-c5b52f2ad4f7 fbd197c0649b435884b7d8fc4341cc46 d352ee1a4f874e84811e69f1121df7e3 - - - -] Successfully bumped revision number for resource b202525b-f8b3-4938-9130-edc2ae8c24fe (type: subnets) to 0
2026-06-26 04:45:57.234 10 INFO neutron.wsgi [None req-90aab532-bb20-4e24-8f72-c5b52f2ad4f7 fbd197c0649b435884b7d8fc4341cc46 d352ee1a4f874e84811e69f1121df7e3 - - - -] 10.0.0.66 "POST /v2.0/subnets HTTP/1.1" status: 201 len: 821 time: 0.8478441
2026-06-26 04:45:57.346 9 INFO neutron.db.ovn_revision_numbers_db [None req-d37187d7-e0b0-442c-8cf7-5cf36f95158f fa6ee0307e9e4c598e0fc0ad83969e72 b902d3189ef64166b07841c641636341 - - default default] Successfully bumped revision number for resource 07a5c4e8-49da-4066-9cd1-7e05f5c577bf (type: security_groups) to 1
2026-06-26 04:45:57.368 9 INFO neutron.db.ovn_revision_numbers_db [None req-2e75082f-f23b-42b8-b68e-c6b566a496d0 - - - - - -] Successfully bumped revision number for resource 421a27a5-2fa1-4c6e-b7fd-273e9b80cb65 (type: ports) to 4
2026-06-26 04:45:57.383 9 INFO neutron.wsgi [None req-d37187d7-e0b0-442c-8cf7-5cf36f95158f fa6ee0307e9e4c598e0fc0ad83969e72 b902d3189ef64166b07841c641636341 - - default default] 10.0.0.66 "GET /v2.0/security-groups?tenant_id=8e095665afe846bb8ff7680a49f50550&name=default HTTP/1.1" status: 200 len: 2996 time: 0.4847431
2026-06-26 04:45:57.441 9 INFO neutron.db.ovn_revision_numbers_db [None req-bf6f7883-c4ae-41a3-a326-4423b909c84f 4c01ae0971cb4f7dbaeec5fe6e55dbb3 c9d0099bab8945bab5c00b41788b98a0 - - default default] Successfully bumped revision number for resource 1074b5f5-6467-47e8-9320-f6529baf59bd (type: router_ports) to 2
2026-06-26 04:45:57.517 10 WARNING neutron.scheduler.dhcp_agent_scheduler [None req-0dbf57e9-12eb-4541-bfd2-68c49061603d 935f95c3e3b04eeb99350c0807552a47 8d240b3cfd2c44cf9ab1f4900cbc905f - - default default] No more DHCP agents
2026-06-26 04:45:57.522 10 WARNING neutron.api.rpc.agentnotifiers.dhcp_rpc_agent_api [None req-0dbf57e9-12eb-4541-bfd2-68c49061603d 935f95c3e3b04eeb99350c0807552a47 8d240b3cfd2c44cf9ab1f4900cbc905f - - default default] Unable to schedule network 75de3bf6-5896-41fa-bedf-45cd416c87f0: no agents available; will retry on subsequent port and subnet creation events.
2026-06-26 04:45:57.677 9 INFO neutron.db.ovn_revision_numbers_db [None req-bf6f7883-c4ae-41a3-a326-4423b909c84f 4c01ae0971cb4f7dbaeec5fe6e55dbb3 c9d0099bab8945bab5c00b41788b98a0 - - default default] Successfully bumped revision number for resource 1074b5f5-6467-47e8-9320-f6529baf59bd (type: ports) to 2
2026-06-26 04:45:57.679 9 INFO neutron.db.ovn_revision_numbers_db [None req-2e75082f-f23b-42b8-b68e-c6b566a496d0 - - - - - -] Successfully bumped revision number for resource 421a27a5-2fa1-4c6e-b7fd-273e9b80cb65 (type: router_ports) to 4
2026-06-26 04:45:57.750 10 INFO neutron.db.ovn_revision_numbers_db [None req-0dbf57e9-12eb-4541-bfd2-68c49061603d 935f95c3e3b04eeb99350c0807552a47 8d240b3cfd2c44cf9ab1f4900cbc905f - - default default] Successfully bumped revision number for resource a0d31b9f-062f-47c8-b174-a94e6ed07cbc (type: ports) to 1
2026-06-26 04:45:57.763 9 INFO neutron.wsgi [None req-73820e87-73f3-46a3-9a54-06614edc5bde fa6ee0307e9e4c598e0fc0ad83969e72 b902d3189ef64166b07841c641636341 - - - -] 10.0.0.66 "DELETE /v2.0/security-groups/07a5c4e8-49da-4066-9cd1-7e05f5c577bf HTTP/1.1" status: 204 len: 168 time: 0.3744006
2026-06-26 04:45:57.765 9 WARNING neutron.scheduler.dhcp_agent_scheduler [None req-bf6f7883-c4ae-41a3-a326-4423b909c84f 4c01ae0971cb4f7dbaeec5fe6e55dbb3 c9d0099bab8945bab5c00b41788b98a0 - - default default] No more DHCP agents
2026-06-26 04:45:57.766 9 WARNING neutron.api.rpc.agentnotifiers.dhcp_rpc_agent_api [None req-bf6f7883-c4ae-41a3-a326-4423b909c84f 4c01ae0971cb4f7dbaeec5fe6e55dbb3 c9d0099bab8945bab5c00b41788b98a0 - - default default] Unable to schedule network 71c54866-35c7-420b-8801-b10636e6e734: no agents available; will retry on subsequent port and subnet creation events.
2026-06-26 04:45:57.791 10 WARNING neutron.scheduler.dhcp_agent_scheduler [None req-10208689-0608-4e45-bb8a-dffde69ba9bd fbd197c0649b435884b7d8fc4341cc46 d352ee1a4f874e84811e69f1121df7e3 - - - -] No more DHCP agents
2026-06-26 04:45:57.796 10 WARNING neutron.api.rpc.agentnotifiers.dhcp_rpc_agent_api [None req-10208689-0608-4e45-bb8a-dffde69ba9bd fbd197c0649b435884b7d8fc4341cc46 d352ee1a4f874e84811e69f1121df7e3 - - - -] Unable to schedule network e3e2da31-3e82-4030-b720-a3b6ee60fbc3: no agents available; will retry on subsequent port and subnet creation events.
2026-06-26 04:45:57.931 10 INFO neutron.db.ovn_revision_numbers_db [None req-10208689-0608-4e45-bb8a-dffde69ba9bd fbd197c0649b435884b7d8fc4341cc46 d352ee1a4f874e84811e69f1121df7e3 - - - -] Successfully bumped revision number for resource 2574bc02-0f13-4feb-bcb5-58d455046780 (type: ports) to 1
2026-06-26 04:45:57.988 10 INFO neutron.wsgi [None req-10208689-0608-4e45-bb8a-dffde69ba9bd fbd197c0649b435884b7d8fc4341cc46 d352ee1a4f874e84811e69f1121df7e3 - - - -] 10.0.0.66 "POST /v2.0/ports HTTP/1.1" status: 201 len: 1165 time: 0.7481461
2026-06-26 04:45:58.102 9 INFO neutron.db.ovn_revision_numbers_db [None req-bf6f7883-c4ae-41a3-a326-4423b909c84f 4c01ae0971cb4f7dbaeec5fe6e55dbb3 c9d0099bab8945bab5c00b41788b98a0 - - - -] Successfully bumped revision number for resource 1074b5f5-6467-47e8-9320-f6529baf59bd (type: router_ports) to 2
2026-06-26 04:45:58.104 9 INFO neutron.wsgi [None req-bf6f7883-c4ae-41a3-a326-4423b909c84f 4c01ae0971cb4f7dbaeec5fe6e55dbb3 c9d0099bab8945bab5c00b41788b98a0 - - - -] 10.0.0.66 "PUT /v2.0/routers/0be8740f-d227-49bb-8fe1-b95c2b1eae4b/add_router_interface HTTP/1.1" status: 200 len: 503 time: 2.9220071
2026-06-26 04:45:58.334 9 INFO neutron.wsgi [None req-95b9f0b4-1617-43e4-b22e-41a578c0dab8 fbd197c0649b435884b7d8fc4341cc46 d352ee1a4f874e84811e69f1121df7e3 - - - -] 10.0.0.66 "DELETE /v2.0/ports/2574bc02-0f13-4feb-bcb5-58d455046780 HTTP/1.1" status: 204 len: 168 time: 0.3392034
2026-06-26 04:45:58.360 9 INFO neutron.pecan_wsgi.hooks.translation [None req-05e73585-10ce-45b1-90f4-d5b9a4394afc fbd197c0649b435884b7d8fc4341cc46 d352ee1a4f874e84811e69f1121df7e3 - - - -] DELETE failed (client error): The resource could not be found.
2026-06-26 04:45:58.362 9 INFO neutron.wsgi [None req-05e73585-10ce-45b1-90f4-d5b9a4394afc fbd197c0649b435884b7d8fc4341cc46 d352ee1a4f874e84811e69f1121df7e3 - - - -] 10.0.0.66 "DELETE /v2.0/ports/2574bc02-0f13-4feb-bcb5-58d455046780 HTTP/1.1" status: 404 len: 333 time: 0.0222068 /var/lib/openstack/lib/python3.10/site-packages/pycadf/identifier.py:71: UserWarning: Invalid uuid: neutron. To ensure interoperability, identifiers should be a valid uuid. warnings.warn(('Invalid uuid: %s. To ensure interoperability, '
2026-06-26 04:45:58.389 10 INFO neutron.pecan_wsgi.hooks.translation [None req-c1a9a492-be32-43b7-bb3b-1805dd77c8bb fbd197c0649b435884b7d8fc4341cc46 d352ee1a4f874e84811e69f1121df7e3 - - default default] GET failed (client error): The resource could not be found.
2026-06-26 04:45:58.391 10 INFO neutron.wsgi [None req-c1a9a492-be32-43b7-bb3b-1805dd77c8bb fbd197c0649b435884b7d8fc4341cc46 d352ee1a4f874e84811e69f1121df7e3 - - default default] 10.0.0.66 "GET /v2.0/ports/2574bc02-0f13-4feb-bcb5-58d455046780 HTTP/1.1" status: 404 len: 333 time: 0.0213473
2026-06-26 04:45:58.436 10 INFO neutron.db.ovn_revision_numbers_db [None req-0dbf57e9-12eb-4541-bfd2-68c49061603d 935f95c3e3b04eeb99350c0807552a47 8d240b3cfd2c44cf9ab1f4900cbc905f - - default default] Successfully bumped revision number for resource a0d31b9f-062f-47c8-b174-a94e6ed07cbc (type: router_ports) to 2
2026-06-26 04:45:58.478 9 WARNING neutron.scheduler.dhcp_agent_scheduler [None req-36ccf081-057b-47c8-a53b-8c22928dc6cd 4c01ae0971cb4f7dbaeec5fe6e55dbb3 c9d0099bab8945bab5c00b41788b98a0 - - - -] No more DHCP agents
2026-06-26 04:45:58.479 9 WARNING neutron.api.rpc.agentnotifiers.dhcp_rpc_agent_api [None req-36ccf081-057b-47c8-a53b-8c22928dc6cd 4c01ae0971cb4f7dbaeec5fe6e55dbb3 c9d0099bab8945bab5c00b41788b98a0 - - - -] Unable to schedule network 71c54866-35c7-420b-8801-b10636e6e734: no agents available; will retry on subsequent port and subnet creation events.
2026-06-26 04:45:58.619 9 INFO neutron.db.ovn_revision_numbers_db [None req-36ccf081-057b-47c8-a53b-8c22928dc6cd 4c01ae0971cb4f7dbaeec5fe6e55dbb3 c9d0099bab8945bab5c00b41788b98a0 - - - -] Successfully bumped revision number for resource 6f8843e8-f9a0-4935-a060-61380353a9e3 (type: ports) to 1
2026-06-26 04:45:58.643 9 INFO neutron.wsgi [None req-36ccf081-057b-47c8-a53b-8c22928dc6cd 4c01ae0971cb4f7dbaeec5fe6e55dbb3 c9d0099bab8945bab5c00b41788b98a0 - - - -] 10.0.0.66 "POST /v2.0/ports HTTP/1.1" status: 201 len: 1153 time: 0.5347855 /var/lib/openstack/lib/python3.10/site-packages/pycadf/identifier.py:71: UserWarning: Invalid uuid: neutron. To ensure interoperability, identifiers should be a valid uuid. warnings.warn(('Invalid uuid: %s. To ensure interoperability, '
2026-06-26 04:45:58.693 10 INFO neutron.wsgi [None req-c4a4e5ee-ba4b-45df-93bf-fde9d1ceb867 fbd197c0649b435884b7d8fc4341cc46 d352ee1a4f874e84811e69f1121df7e3 - - - -] 10.0.0.66 "DELETE /v2.0/subnets/b202525b-f8b3-4938-9130-edc2ae8c24fe HTTP/1.1" status: 204 len: 168 time: 0.2967749
2026-06-26 04:45:58.703 10 INFO neutron.db.ovn_revision_numbers_db [None req-0dbf57e9-12eb-4541-bfd2-68c49061603d 935f95c3e3b04eeb99350c0807552a47 8d240b3cfd2c44cf9ab1f4900cbc905f - - default default] Successfully bumped revision number for resource a0d31b9f-062f-47c8-b174-a94e6ed07cbc (type: ports) to 2
2026-06-26 04:45:58.780 10 WARNING neutron.scheduler.dhcp_agent_scheduler [None req-0dbf57e9-12eb-4541-bfd2-68c49061603d 935f95c3e3b04eeb99350c0807552a47 8d240b3cfd2c44cf9ab1f4900cbc905f - - default default] No more DHCP agents
2026-06-26 04:45:58.781 10 WARNING neutron.api.rpc.agentnotifiers.dhcp_rpc_agent_api [None req-0dbf57e9-12eb-4541-bfd2-68c49061603d 935f95c3e3b04eeb99350c0807552a47 8d240b3cfd2c44cf9ab1f4900cbc905f - - default default] Unable to schedule network 75de3bf6-5896-41fa-bedf-45cd416c87f0: no agents available; will retry on subsequent port and subnet creation events.
2026-06-26 04:45:59.068 9 WARNING neutron.scheduler.dhcp_agent_scheduler [None req-4fdf42ef-17ba-46ef-8a07-cfc9575172fe 4c01ae0971cb4f7dbaeec5fe6e55dbb3 c9d0099bab8945bab5c00b41788b98a0 - - - -] No more DHCP agents
