2026-06-26 04:49:43.863 9 INFO neutron.wsgi [req-7ca19bd9-235b-4820-9a03-2adc04667414 req-67ecf625-77ce-4b51-93a1-d12f14ce1f3b 5aece556be5c4597b45ae4ca8968f208 1963e81d3b9447b09c7dede164a08ae2 - - ab14bc3c683241efb1bd8ca3b3626608 ab14bc3c683241efb1bd8ca3b3626608] 199.204.45.177 "GET /v2.0/ports?network_id=8c0980fd-ebbc-4717-9450-0d7e1f8f5fb8&device_owner=network%3Adhcp HTTP/1.1" status: 200 len: 210 time: 0.0316665
2026-06-26 04:49:43.972 9 INFO neutron.wsgi [req-7ca19bd9-235b-4820-9a03-2adc04667414 req-b6590c98-b7ef-42de-99ae-02f6054455a4 5aece556be5c4597b45ae4ca8968f208 1963e81d3b9447b09c7dede164a08ae2 - - ab14bc3c683241efb1bd8ca3b3626608 ab14bc3c683241efb1bd8ca3b3626608] 199.204.45.177 "GET /v2.0/networks/8c0980fd-ebbc-4717-9450-0d7e1f8f5fb8?fields=segments HTTP/1.1" status: 200 len: 212 time: 0.1009943
2026-06-26 04:49:44.071 9 INFO neutron.wsgi [req-7ca19bd9-235b-4820-9a03-2adc04667414 req-83b62cd4-7f5d-443c-a0cd-92181cd6b6d9 5aece556be5c4597b45ae4ca8968f208 1963e81d3b9447b09c7dede164a08ae2 - - ab14bc3c683241efb1bd8ca3b3626608 ab14bc3c683241efb1bd8ca3b3626608] 199.204.45.177 "GET /v2.0/networks/8c0980fd-ebbc-4717-9450-0d7e1f8f5fb8?fields=provider%3Aphysical_network&fields=provider%3Anetwork_type HTTP/1.1" status: 200 len: 277 time: 0.0882993
2026-06-26 04:49:44.073 9 INFO neutron.db.ovn_revision_numbers_db [None req-2c575510-7952-4175-ba50-46335c36ee66 - - - - - -] Successfully bumped revision number for resource 43fdff7e-5f67-4d74-bc04-2582dbe38625 (type: ports) to 4
2026-06-26 04:49:44.244 9 INFO neutron.db.ovn_revision_numbers_db [None req-6bdbc37e-b80c-4ff8-ad7c-138d1b55656e fa6ee0307e9e4c598e0fc0ad83969e72 b902d3189ef64166b07841c641636341 - - - -] Successfully bumped revision number for resource 43fdff7e-5f67-4d74-bc04-2582dbe38625 (type: ports) to 5
2026-06-26 04:49:44.253 9 INFO neutron.wsgi [None req-6bdbc37e-b80c-4ff8-ad7c-138d1b55656e fa6ee0307e9e4c598e0fc0ad83969e72 b902d3189ef64166b07841c641636341 - - - -] 199.204.45.177 "PUT /v2.0/ports/43fdff7e-5f67-4d74-bc04-2582dbe38625 HTTP/1.1" status: 200 len: 1443 time: 0.4469454 /var/lib/openstack/lib/python3.10/site-packages/pycadf/identifier.py:71: UserWarning: Invalid uuid: neutron. To ensure interoperability, identifiers should be a valid uuid. warnings.warn(('Invalid uuid: %s. To ensure interoperability, '
2026-06-26 04:49:44.287 9 INFO neutron.wsgi [None req-ecda1c65-0a37-4e6f-a431-d8aedd3e5e20 fa6ee0307e9e4c598e0fc0ad83969e72 b902d3189ef64166b07841c641636341 - - default default] 199.204.45.177 "GET /v2.0/security-groups?name=lb-20f64c39-d581-49da-9c6b-069ce1bccb40 HTTP/1.1" status: 200 len: 1777 time: 0.0283768
2026-06-26 04:49:44.563 9 INFO neutron.db.ovn_revision_numbers_db [None req-76edebd4-a530-4170-bd95-08a4b877d933 fa6ee0307e9e4c598e0fc0ad83969e72 b902d3189ef64166b07841c641636341 - - - -] Successfully bumped revision number for resource 43fdff7e-5f67-4d74-bc04-2582dbe38625 (type: ports) to 6
2026-06-26 04:49:44.578 9 INFO neutron.wsgi [None req-76edebd4-a530-4170-bd95-08a4b877d933 fa6ee0307e9e4c598e0fc0ad83969e72 b902d3189ef64166b07841c641636341 - - - -] 199.204.45.177 "PUT /v2.0/ports/43fdff7e-5f67-4d74-bc04-2582dbe38625 HTTP/1.1" status: 200 len: 1443 time: 0.2845380 /var/lib/openstack/lib/python3.10/site-packages/pycadf/identifier.py:71: UserWarning: Invalid uuid: neutron. To ensure interoperability, identifiers should be a valid uuid. warnings.warn(('Invalid uuid: %s. To ensure interoperability, '
2026-06-26 04:49:44.671 9 INFO neutron.wsgi [None req-25f9001f-d882-4757-83d1-1f2c3d12273f fa6ee0307e9e4c598e0fc0ad83969e72 b902d3189ef64166b07841c641636341 - - default default] 199.204.45.177 "GET /v2.0/extensions/security-group HTTP/1.1" status: 200 len: 369 time: 0.0086238
2026-06-26 04:49:44.680 9 INFO neutron.wsgi [None req-a2340320-5162-4661-a2c3-5d0d16cb5fde fa6ee0307e9e4c598e0fc0ad83969e72 b902d3189ef64166b07841c641636341 - - default default] 199.204.45.177 "GET /v2.0/extensions/dns-integration HTTP/1.1" status: 200 len: 371 time: 0.0051196
2026-06-26 04:49:44.688 9 INFO neutron.wsgi [None req-8742f132-f9b0-49e4-9b9d-11b8f1a4c56c fa6ee0307e9e4c598e0fc0ad83969e72 b902d3189ef64166b07841c641636341 - - default default] 199.204.45.177 "GET /v2.0/extensions/qos HTTP/1.1" status: 200 len: 365 time: 0.0040500
2026-06-26 04:49:44.697 9 INFO neutron.wsgi [None req-faf39443-0097-4ac3-9303-1d399a1ca821 fa6ee0307e9e4c598e0fc0ad83969e72 b902d3189ef64166b07841c641636341 - - default default] 199.204.45.177 "GET /v2.0/extensions/allowed-address-pairs HTTP/1.1" status: 200 len: 383 time: 0.0047994
2026-06-26 04:49:44.757 9 INFO neutron.wsgi [None req-d3ac7809-f192-4f4a-a4c2-cbf801c2544e fa6ee0307e9e4c598e0fc0ad83969e72 b902d3189ef64166b07841c641636341 - - default default] 199.204.45.177 "GET /v2.0/subnets/9658f39c-f0bb-4ab7-8cf8-1ac9b202dc4a HTTP/1.1" status: 200 len: 850 time: 0.0546782
2026-06-26 04:49:44.795 9 INFO neutron.wsgi [None req-254a1a39-8e1e-4754-a46a-60492f79c650 fa6ee0307e9e4c598e0fc0ad83969e72 b902d3189ef64166b07841c641636341 - - default default] 199.204.45.177 "GET /v2.0/ports/067fdaec-299a-40b3-ad2f-d07bb2b29052 HTTP/1.1" status: 200 len: 1332 time: 0.0331032
2026-06-26 04:49:44.836 9 INFO neutron.wsgi [None req-1c4b2442-1732-4569-b194-f8dc9812387e fa6ee0307e9e4c598e0fc0ad83969e72 b902d3189ef64166b07841c641636341 - - default default] 199.204.45.177 "GET /v2.0/ports/43fdff7e-5f67-4d74-bc04-2582dbe38625 HTTP/1.1" status: 200 len: 1471 time: 0.0361240
2026-06-26 04:49:44.872 9 INFO neutron.wsgi [None req-33171295-6618-46df-9bcc-7ff87ac33e24 fa6ee0307e9e4c598e0fc0ad83969e72 b902d3189ef64166b07841c641636341 - - default default] 199.204.45.177 "GET /v2.0/subnets/9658f39c-f0bb-4ab7-8cf8-1ac9b202dc4a HTTP/1.1" status: 200 len: 850 time: 0.0303850
2026-06-26 04:49:44.932 9 INFO neutron.wsgi [None req-0e2155e2-b96c-465e-91e7-39ba96d59187 fa6ee0307e9e4c598e0fc0ad83969e72 b902d3189ef64166b07841c641636341 - - default default] 199.204.45.177 "GET /v2.0/networks/8c0980fd-ebbc-4717-9450-0d7e1f8f5fb8 HTTP/1.1" status: 200 len: 999 time: 0.0544090
2026-06-26 04:49:44.969 9 INFO neutron.wsgi [None req-412c3fef-9644-4773-a30a-60f0aa513329 fa6ee0307e9e4c598e0fc0ad83969e72 b902d3189ef64166b07841c641636341 - - default default] 199.204.45.177 "GET /v2.0/ports/067fdaec-299a-40b3-ad2f-d07bb2b29052 HTTP/1.1" status: 200 len: 1332 time: 0.0304031
2026-06-26 04:49:45.006 9 INFO neutron.wsgi [None req-1da4ae0b-198e-4fbc-8fae-f8b5d721452c fa6ee0307e9e4c598e0fc0ad83969e72 b902d3189ef64166b07841c641636341 - - default default] 199.204.45.177 "GET /v2.0/subnets/9658f39c-f0bb-4ab7-8cf8-1ac9b202dc4a HTTP/1.1" status: 200 len: 850 time: 0.0320957
2026-06-26 04:49:45.088 9 INFO neutron.notifiers.nova [-] Nova event matching ['req-1cc3527f-1e0e-48d7-a6fd-ba419f44c5a9'] response: {'server_uuid': '114e1ebe-c5de-44ff-96e5-f116b67835ab', 'name': 'network-vif-plugged', 'status': 'completed', 'tag': '43fdff7e-5f67-4d74-bc04-2582dbe38625', 'code': 200}
2026-06-26 04:49:45.089 9 INFO neutron.notifiers.nova [-] Nova event matching ['req-1cc3527f-1e0e-48d7-a6fd-ba419f44c5a9'] response: {'server_uuid': '114e1ebe-c5de-44ff-96e5-f116b67835ab', 'name': 'network-vif-plugged', 'status': 'completed', 'tag': '43fdff7e-5f67-4d74-bc04-2582dbe38625', 'code': 200}
2026-06-26 04:49:45.089 9 INFO neutron.notifiers.nova [-] Nova event matching ['req-1cc3527f-1e0e-48d7-a6fd-ba419f44c5a9'] response: {'name': 'network-changed', 'server_uuid': '114e1ebe-c5de-44ff-96e5-f116b67835ab', 'tag': '43fdff7e-5f67-4d74-bc04-2582dbe38625', 'status': 'completed', 'code': 200}
2026-06-26 04:49:45.089 9 INFO neutron.notifiers.nova [-] Nova event matching ['req-1cc3527f-1e0e-48d7-a6fd-ba419f44c5a9'] response: {'name': 'network-changed', 'server_uuid': '114e1ebe-c5de-44ff-96e5-f116b67835ab', 'tag': '43fdff7e-5f67-4d74-bc04-2582dbe38625', 'status': 'completed', 'code': 200}
2026-06-26 04:49:45.152 9 INFO neutron.wsgi [req-ade200c4-9641-4bff-82f6-7307cf14f946 req-e749f02c-0a7e-40dd-973f-5ebf88184075 5aece556be5c4597b45ae4ca8968f208 1963e81d3b9447b09c7dede164a08ae2 - - ab14bc3c683241efb1bd8ca3b3626608 ab14bc3c683241efb1bd8ca3b3626608] 199.204.45.177 "GET /v2.0/ports?tenant_id=b902d3189ef64166b07841c641636341&device_id=114e1ebe-c5de-44ff-96e5-f116b67835ab HTTP/1.1" status: 200 len: 2632 time: 0.0385745
2026-06-26 04:49:45.220 9 INFO neutron.wsgi [req-ade200c4-9641-4bff-82f6-7307cf14f946 req-c7dd50c1-f3f1-4341-961b-b0615d8806d6 5aece556be5c4597b45ae4ca8968f208 1963e81d3b9447b09c7dede164a08ae2 - - ab14bc3c683241efb1bd8ca3b3626608 ab14bc3c683241efb1bd8ca3b3626608] 199.204.45.177 "GET /v2.0/networks?id=8c0980fd-ebbc-4717-9450-0d7e1f8f5fb8 HTTP/1.1" status: 200 len: 1002 time: 0.0592647
2026-06-26 04:49:45.254 9 INFO neutron.wsgi [req-ade200c4-9641-4bff-82f6-7307cf14f946 req-94dcf271-9b9e-459e-9bba-2e5f2afc7c1f 5aece556be5c4597b45ae4ca8968f208 1963e81d3b9447b09c7dede164a08ae2 - - ab14bc3c683241efb1bd8ca3b3626608 ab14bc3c683241efb1bd8ca3b3626608] 199.204.45.177 "GET /v2.0/floatingips?fixed_ip_address=10.1.1.195&port_id=43fdff7e-5f67-4d74-bc04-2582dbe38625 HTTP/1.1" status: 200 len: 217 time: 0.0262160
2026-06-26 04:49:45.294 9 INFO neutron.wsgi [req-ade200c4-9641-4bff-82f6-7307cf14f946 req-6fd63227-e45e-4a81-a66d-ae51e3b77dbb 5aece556be5c4597b45ae4ca8968f208 1963e81d3b9447b09c7dede164a08ae2 - - ab14bc3c683241efb1bd8ca3b3626608 ab14bc3c683241efb1bd8ca3b3626608] 199.204.45.177 "GET /v2.0/subnets?id=9658f39c-f0bb-4ab7-8cf8-1ac9b202dc4a HTTP/1.1" status: 200 len: 853 time: 0.0328109
2026-06-26 04:49:45.331 9 INFO neutron.wsgi [req-ade200c4-9641-4bff-82f6-7307cf14f946 req-3fa71b31-4baa-4b0a-898d-66fff969c5de 5aece556be5c4597b45ae4ca8968f208 1963e81d3b9447b09c7dede164a08ae2 - - ab14bc3c683241efb1bd8ca3b3626608 ab14bc3c683241efb1bd8ca3b3626608] 199.204.45.177 "GET /v2.0/ports?network_id=8c0980fd-ebbc-4717-9450-0d7e1f8f5fb8&device_owner=network%3Adhcp HTTP/1.1" status: 200 len: 210 time: 0.0288758
2026-06-26 04:49:45.398 9 INFO neutron.wsgi [req-ade200c4-9641-4bff-82f6-7307cf14f946 req-5f58158f-3b86-41df-a445-d87d754e280e 5aece556be5c4597b45ae4ca8968f208 1963e81d3b9447b09c7dede164a08ae2 - - ab14bc3c683241efb1bd8ca3b3626608 ab14bc3c683241efb1bd8ca3b3626608] 199.204.45.177 "GET /v2.0/networks/8c0980fd-ebbc-4717-9450-0d7e1f8f5fb8?fields=segments HTTP/1.1" status: 200 len: 212 time: 0.0581901
2026-06-26 04:49:45.468 9 INFO neutron.wsgi [req-ade200c4-9641-4bff-82f6-7307cf14f946 req-844f05e7-8b56-4ed2-862f-3ceb0714964d 5aece556be5c4597b45ae4ca8968f208 1963e81d3b9447b09c7dede164a08ae2 - - ab14bc3c683241efb1bd8ca3b3626608 ab14bc3c683241efb1bd8ca3b3626608] 199.204.45.177 "GET /v2.0/networks/8c0980fd-ebbc-4717-9450-0d7e1f8f5fb8?fields=provider%3Aphysical_network&fields=provider%3Anetwork_type HTTP/1.1" status: 200 len: 277 time: 0.0616577
2026-06-26 04:49:45.573 9 INFO neutron.wsgi [req-ade200c4-9641-4bff-82f6-7307cf14f946 req-f3de37c1-36cd-4b11-b5fc-dd18d80ca9c7 5aece556be5c4597b45ae4ca8968f208 1963e81d3b9447b09c7dede164a08ae2 - - ab14bc3c683241efb1bd8ca3b3626608 ab14bc3c683241efb1bd8ca3b3626608] 199.204.45.177 "GET /v2.0/ports?tenant_id=b902d3189ef64166b07841c641636341&device_id=114e1ebe-c5de-44ff-96e5-f116b67835ab HTTP/1.1" status: 200 len: 2632 time: 0.0397861
2026-06-26 04:49:45.666 9 INFO neutron.wsgi [req-ade200c4-9641-4bff-82f6-7307cf14f946 req-04d6e8e5-5a3e-4116-9929-822993c13db3 5aece556be5c4597b45ae4ca8968f208 1963e81d3b9447b09c7dede164a08ae2 - - ab14bc3c683241efb1bd8ca3b3626608 ab14bc3c683241efb1bd8ca3b3626608] 199.204.45.177 "GET /v2.0/networks?id=8c0980fd-ebbc-4717-9450-0d7e1f8f5fb8 HTTP/1.1" status: 200 len: 1002 time: 0.0845275
2026-06-26 04:49:45.700 9 INFO neutron.wsgi [req-ade200c4-9641-4bff-82f6-7307cf14f946 req-0a5551e4-152c-4068-ab4f-20e9b4e31a11 5aece556be5c4597b45ae4ca8968f208 1963e81d3b9447b09c7dede164a08ae2 - - ab14bc3c683241efb1bd8ca3b3626608 ab14bc3c683241efb1bd8ca3b3626608] 199.204.45.177 "GET /v2.0/floatingips?fixed_ip_address=10.1.1.195&port_id=43fdff7e-5f67-4d74-bc04-2582dbe38625 HTTP/1.1" status: 200 len: 217 time: 0.0269835
2026-06-26 04:49:45.743 9 INFO neutron.wsgi [req-ade200c4-9641-4bff-82f6-7307cf14f946 req-ff74f9a3-8ad6-479c-8181-69c4f2f07af8 5aece556be5c4597b45ae4ca8968f208 1963e81d3b9447b09c7dede164a08ae2 - - ab14bc3c683241efb1bd8ca3b3626608 ab14bc3c683241efb1bd8ca3b3626608] 199.204.45.177 "GET /v2.0/subnets?id=9658f39c-f0bb-4ab7-8cf8-1ac9b202dc4a HTTP/1.1" status: 200 len: 853 time: 0.0344565
2026-06-26 04:49:45.777 9 INFO neutron.wsgi [req-ade200c4-9641-4bff-82f6-7307cf14f946 req-9c5bf93d-c6d6-46bb-a9a5-fe4ceb0b807a 5aece556be5c4597b45ae4ca8968f208 1963e81d3b9447b09c7dede164a08ae2 - - ab14bc3c683241efb1bd8ca3b3626608 ab14bc3c683241efb1bd8ca3b3626608] 199.204.45.177 "GET /v2.0/ports?network_id=8c0980fd-ebbc-4717-9450-0d7e1f8f5fb8&device_owner=network%3Adhcp HTTP/1.1" status: 200 len: 210 time: 0.0288258
2026-06-26 04:49:45.852 9 INFO neutron.wsgi [req-ade200c4-9641-4bff-82f6-7307cf14f946 req-9668f2d0-b33c-413d-8a16-121b68255036 5aece556be5c4597b45ae4ca8968f208 1963e81d3b9447b09c7dede164a08ae2 - - ab14bc3c683241efb1bd8ca3b3626608 ab14bc3c683241efb1bd8ca3b3626608] 199.204.45.177 "GET /v2.0/networks/8c0980fd-ebbc-4717-9450-0d7e1f8f5fb8?fields=segments HTTP/1.1" status: 200 len: 212 time: 0.0677614
2026-06-26 04:49:45.949 9 INFO neutron.wsgi [req-ade200c4-9641-4bff-82f6-7307cf14f946 req-9c284c8f-8ec4-46e5-a987-cfe259b91f0a 5aece556be5c4597b45ae4ca8968f208 1963e81d3b9447b09c7dede164a08ae2 - - ab14bc3c683241efb1bd8ca3b3626608 ab14bc3c683241efb1bd8ca3b3626608] 199.204.45.177 "GET /v2.0/networks/8c0980fd-ebbc-4717-9450-0d7e1f8f5fb8?fields=provider%3Aphysical_network&fields=provider%3Anetwork_type HTTP/1.1" status: 200 len: 277 time: 0.0896895
2026-06-26 04:49:52.371 10 WARNING neutron.scheduler.dhcp_agent_scheduler [None req-5840f411-3e7f-43a8-b619-36ade195e8f2 577be13ccd004dd5bb8bfdb792b32189 efa382d4c8d2468ebf7258e750fc9a86 - - - -] No more DHCP agents
2026-06-26 04:49:52.373 10 WARNING neutron.api.rpc.agentnotifiers.dhcp_rpc_agent_api [None req-5840f411-3e7f-43a8-b619-36ade195e8f2 577be13ccd004dd5bb8bfdb792b32189 efa382d4c8d2468ebf7258e750fc9a86 - - - -] Unable to schedule network 04c49fc6-415a-4a5b-a0fd-5b557bbc148c: no agents available; will retry on subsequent port and subnet creation events.
2026-06-26 04:49:52.599 9 INFO neutron.wsgi [-] 10.0.0.37 "GET / HTTP/1.1" status: 200 len: 247 time: 0.0029395
2026-06-26 04:49:52.604 9 INFO neutron.wsgi [-] 10.0.0.37 "GET / HTTP/1.1" status: 200 len: 247 time: 0.0039244
2026-06-26 04:49:52.867 10 INFO neutron.db.l3_db [None req-5840f411-3e7f-43a8-b619-36ade195e8f2 577be13ccd004dd5bb8bfdb792b32189 efa382d4c8d2468ebf7258e750fc9a86 - - - -] Floating IP 4d5e4ad1-f7e2-45c9-a21d-86d6bca31f9d associated. External IP: 10.96.250.201, port: 067fdaec-299a-40b3-ad2f-d07bb2b29052.
2026-06-26 04:49:53.068 10 INFO neutron.db.ovn_revision_numbers_db [None req-5840f411-3e7f-43a8-b619-36ade195e8f2 577be13ccd004dd5bb8bfdb792b32189 efa382d4c8d2468ebf7258e750fc9a86 - - - -] Successfully bumped revision number for resource 4d5e4ad1-f7e2-45c9-a21d-86d6bca31f9d (type: floatingips) to 0
2026-06-26 04:49:53.501 10 INFO neutron.db.ovn_revision_numbers_db [None req-5840f411-3e7f-43a8-b619-36ade195e8f2 577be13ccd004dd5bb8bfdb792b32189 efa382d4c8d2468ebf7258e750fc9a86 - - - -] Successfully bumped revision number for resource 4d5e4ad1-f7e2-45c9-a21d-86d6bca31f9d (type: floatingips) to 1
2026-06-26 04:49:53.557 10 INFO neutron.wsgi [None req-5840f411-3e7f-43a8-b619-36ade195e8f2 577be13ccd004dd5bb8bfdb792b32189 efa382d4c8d2468ebf7258e750fc9a86 - - - -] 10.0.0.66 "POST /v2.0/floatingips HTTP/1.1" status: 201 len: 1098 time: 1.4923477
2026-06-26 04:49:56.743 10 INFO neutron.plugins.ml2.drivers.ovn.mech_driver.mech_driver [None req-21a5bdf3-7927-4870-8c57-283e5d8c20e0 - - - - - -] OVN reports status up for port: 067fdaec-299a-40b3-ad2f-d07bb2b29052
2026-06-26 04:49:56.749 10 INFO neutron.plugins.ml2.plugin [None req-21a5bdf3-7927-4870-8c57-283e5d8c20e0 - - - - - -] Attempt 1 to provision port 067fdaec-299a-40b3-ad2f-d07bb2b29052 /var/lib/openstack/lib/python3.10/site-packages/pycadf/identifier.py:71: UserWarning: Invalid uuid: neutron. To ensure interoperability, identifiers should be a valid uuid. warnings.warn(('Invalid uuid: %s. To ensure interoperability, '
2026-06-26 04:49:57.271 10 INFO neutron.wsgi [None req-6ce41afa-bcde-4d11-8d43-c606781cfb15 fa6ee0307e9e4c598e0fc0ad83969e72 b902d3189ef64166b07841c641636341 - - default default] 199.204.45.177 "GET /v2.0/extensions/security-group HTTP/1.1" status: 200 len: 369 time: 0.0555143
2026-06-26 04:49:57.280 10 INFO neutron.wsgi [None req-ee4f88a8-8aaa-4fa0-a643-1cf24382e6e6 fa6ee0307e9e4c598e0fc0ad83969e72 b902d3189ef64166b07841c641636341 - - default default] 199.204.45.177 "GET /v2.0/extensions/dns-integration HTTP/1.1" status: 200 len: 371 time: 0.0039036
2026-06-26 04:49:57.287 10 INFO neutron.wsgi [None req-dc27f765-aabf-4f75-8b1a-dff362c51fe2 fa6ee0307e9e4c598e0fc0ad83969e72 b902d3189ef64166b07841c641636341 - - default default] 199.204.45.177 "GET /v2.0/extensions/qos HTTP/1.1" status: 200 len: 365 time: 0.0039818
2026-06-26 04:49:57.296 10 INFO neutron.wsgi [None req-bc702f15-53b6-41cc-93ce-0c257119bb62 fa6ee0307e9e4c598e0fc0ad83969e72 b902d3189ef64166b07841c641636341 - - default default] 199.204.45.177 "GET /v2.0/extensions/allowed-address-pairs HTTP/1.1" status: 200 len: 383 time: 0.0045109
2026-06-26 04:49:57.440 10 INFO neutron.wsgi [None req-4d9e6eda-746e-4d9a-a7bb-32accbabe3bd fa6ee0307e9e4c598e0fc0ad83969e72 b902d3189ef64166b07841c641636341 - - default default] 199.204.45.177 "GET /v2.0/security-groups?name=lb-20f64c39-d581-49da-9c6b-069ce1bccb40 HTTP/1.1" status: 200 len: 1777 time: 0.0346699
2026-06-26 04:49:57.469 10 INFO neutron.wsgi [None req-2c8c734d-f770-4588-b592-0d89d8ac465b fa6ee0307e9e4c598e0fc0ad83969e72 b902d3189ef64166b07841c641636341 - - default default] 199.204.45.177 "GET /v2.0/security-group-rules?security_group_id=9ec51f72-3f25-40ac-a09f-2461be72c9b1 HTTP/1.1" status: 200 len: 1318 time: 0.0226302
2026-06-26 04:49:57.604 10 INFO neutron.db.ovn_revision_numbers_db [None req-cc8bd744-8992-49e6-940a-e2abaafec5ae fa6ee0307e9e4c598e0fc0ad83969e72 b902d3189ef64166b07841c641636341 - - - -] Successfully bumped revision number for resource 8653e811-e49d-4e85-a0df-11070a0aad3e (type: security_group_rules) to 0
2026-06-26 04:49:57.642 10 INFO neutron.wsgi [None req-cc8bd744-8992-49e6-940a-e2abaafec5ae fa6ee0307e9e4c598e0fc0ad83969e72 b902d3189ef64166b07841c641636341 - - - -] 199.204.45.177 "POST /v2.0/security-group-rules HTTP/1.1" status: 201 len: 773 time: 0.1678286
2026-06-26 04:49:57.759 10 INFO neutron.db.ovn_revision_numbers_db [None req-299b1919-5312-45b1-b04e-0025c6cfe927 fa6ee0307e9e4c598e0fc0ad83969e72 b902d3189ef64166b07841c641636341 - - - -] Successfully bumped revision number for resource b89b7661-fd02-41dd-956c-7663c769ddb0 (type: security_group_rules) to 0
2026-06-26 04:49:57.781 10 INFO neutron.wsgi [None req-299b1919-5312-45b1-b04e-0025c6cfe927 fa6ee0307e9e4c598e0fc0ad83969e72 b902d3189ef64166b07841c641636341 - - - -] 199.204.45.177 "POST /v2.0/security-group-rules HTTP/1.1" status: 201 len: 769 time: 0.1329420
2026-06-26 04:50:04.593 10 INFO neutron.wsgi [None req-5f0079fc-4172-4560-a5c3-49094b531527 fa6ee0307e9e4c598e0fc0ad83969e72 b902d3189ef64166b07841c641636341 - - default default] 10.0.0.57 "GET /v2.0/extensions/security-group HTTP/1.1" status: 200 len: 369 time: 0.0110779
2026-06-26 04:50:04.608 10 INFO neutron.wsgi [None req-11d32b51-dd60-4324-958a-15c85fdd6fc8 fa6ee0307e9e4c598e0fc0ad83969e72 b902d3189ef64166b07841c641636341 - - default default] 10.0.0.57 "GET /v2.0/extensions/dns-integration HTTP/1.1" status: 200 len: 371 time: 0.0059125
2026-06-26 04:50:04.618 10 INFO neutron.wsgi [None req-2dd00b5d-4361-4826-bf32-1349926f0ec9 fa6ee0307e9e4c598e0fc0ad83969e72 b902d3189ef64166b07841c641636341 - - default default] 10.0.0.57 "GET /v2.0/extensions/qos HTTP/1.1" status: 200 len: 365 time: 0.0054009
2026-06-26 04:50:04.631 10 INFO neutron.wsgi [None req-927be5ae-7daa-4a7f-983b-3b7c3ebf6b30 fa6ee0307e9e4c598e0fc0ad83969e72 b902d3189ef64166b07841c641636341 - - default default] 10.0.0.57 "GET /v2.0/extensions/allowed-address-pairs HTTP/1.1" status: 200 len: 383 time: 0.0055945
2026-06-26 04:50:04.977 10 INFO neutron.wsgi [-] 10.0.0.57 "GET / HTTP/1.1" status: 200 len: 284 time: 0.0024409
2026-06-26 04:50:05.046 10 INFO neutron.wsgi [None req-21422497-9757-4b88-8f41-9d8ae6f4c36f 577be13ccd004dd5bb8bfdb792b32189 efa382d4c8d2468ebf7258e750fc9a86 - - default default] 10.0.0.57 "GET /v2.0/subnets/3d6006ed-8fee-4d9b-acea-36b5ab36f987 HTTP/1.1" status: 200 len: 831 time: 0.0639834
2026-06-26 04:50:05.537 10 INFO neutron.wsgi [None req-29c2120b-8646-4057-a556-729fc78896e1 fa6ee0307e9e4c598e0fc0ad83969e72 b902d3189ef64166b07841c641636341 - - default default] 199.204.45.177 "GET /v2.0/extensions/security-group HTTP/1.1" status: 200 len: 369 time: 0.0070746
2026-06-26 04:50:05.546 10 INFO neutron.wsgi [None req-0ebff47e-b0ac-4429-a517-e1fa4fc2a9e7 fa6ee0307e9e4c598e0fc0ad83969e72 b902d3189ef64166b07841c641636341 - - default default] 199.204.45.177 "GET /v2.0/extensions/dns-integration HTTP/1.1" status: 200 len: 371 time: 0.0047131
2026-06-26 04:50:05.555 10 INFO neutron.wsgi [None req-56653967-d918-444f-bd99-3a51ae0a3f0f fa6ee0307e9e4c598e0fc0ad83969e72 b902d3189ef64166b07841c641636341 - - default default] 199.204.45.177 "GET /v2.0/extensions/qos HTTP/1.1" status: 200 len: 365 time: 0.0051684
2026-06-26 04:50:05.565 10 INFO neutron.wsgi [None req-302c62df-9dcb-429d-ada2-faa88d494c34 fa6ee0307e9e4c598e0fc0ad83969e72 b902d3189ef64166b07841c641636341 - - default default] 199.204.45.177 "GET /v2.0/extensions/allowed-address-pairs HTTP/1.1" status: 200 len: 383 time: 0.0047901
2026-06-26 04:50:05.608 10 INFO neutron.wsgi [None req-ceafd7b2-f69a-411d-8668-9d8c5e9a7677 fa6ee0307e9e4c598e0fc0ad83969e72 b902d3189ef64166b07841c641636341 - - default default] 199.204.45.177 "GET /v2.0/subnets/3d6006ed-8fee-4d9b-acea-36b5ab36f987 HTTP/1.1" status: 200 len: 849 time: 0.0370791
2026-06-26 04:50:05.654 10 INFO neutron.wsgi [None req-2034e2a5-b635-4dcf-b626-2021074d201d fa6ee0307e9e4c598e0fc0ad83969e72 b902d3189ef64166b07841c641636341 - - default default] 199.204.45.177 "GET /v2.0/ports?device_id=114e1ebe-c5de-44ff-96e5-f116b67835ab HTTP/1.1" status: 200 len: 2632 time: 0.0386181
2026-06-26 04:50:05.790 10 INFO neutron.wsgi [None req-c2e2759c-28b4-4155-a41b-b14953696008 fa6ee0307e9e4c598e0fc0ad83969e72 b902d3189ef64166b07841c641636341 - - default default] 199.204.45.177 "GET /v2.0/extensions/security-group HTTP/1.1" status: 200 len: 369 time: 0.0073972
2026-06-26 04:50:05.800 10 INFO neutron.wsgi [None req-2fcdf2bd-8d4a-4cd5-8541-8296a8ea65a5 fa6ee0307e9e4c598e0fc0ad83969e72 b902d3189ef64166b07841c641636341 - - default default] 199.204.45.177 "GET /v2.0/extensions/dns-integration HTTP/1.1" status: 200 len: 371 time: 0.0046604
2026-06-26 04:50:05.809 10 INFO neutron.wsgi [None req-af457e07-7aaf-4bf9-a1a0-b1f5e2d60f84 fa6ee0307e9e4c598e0fc0ad83969e72 b902d3189ef64166b07841c641636341 - - default default] 199.204.45.177 "GET /v2.0/extensions/qos HTTP/1.1" status: 200 len: 365 time: 0.0046582
2026-06-26 04:50:05.822 10 INFO neutron.wsgi [None req-967d9590-2661-4b4d-bf85-416fd9072ab6 fa6ee0307e9e4c598e0fc0ad83969e72 b902d3189ef64166b07841c641636341 - - default default] 199.204.45.177 "GET /v2.0/extensions/allowed-address-pairs HTTP/1.1" status: 200 len: 383 time: 0.0076675
2026-06-26 04:50:06.400 9 INFO neutron.wsgi [req-298e7b23-ab95-4aec-a017-241ce41edfd6 req-d4d382d9-54e9-4af4-9293-957cd28a922a 5aece556be5c4597b45ae4ca8968f208 1963e81d3b9447b09c7dede164a08ae2 - - ab14bc3c683241efb1bd8ca3b3626608 ab14bc3c683241efb1bd8ca3b3626608] 199.204.45.177 "GET /v2.0/networks/6df1df8a-e015-4d25-bfeb-53054bce7249?fields=segments HTTP/1.1" status: 200 len: 212 time: 0.0617476
2026-06-26 04:50:06.477 9 INFO neutron.wsgi [req-298e7b23-ab95-4aec-a017-241ce41edfd6 req-6b330fd9-e7ac-4e93-a74d-515a7593618c 5aece556be5c4597b45ae4ca8968f208 1963e81d3b9447b09c7dede164a08ae2 - - ab14bc3c683241efb1bd8ca3b3626608 ab14bc3c683241efb1bd8ca3b3626608] 199.204.45.177 "GET /v2.0/networks/6df1df8a-e015-4d25-bfeb-53054bce7249?fields=provider%3Aphysical_network&fields=provider%3Anetwork_type HTTP/1.1" status: 200 len: 277 time: 0.0642850
2026-06-26 04:50:06.589 9 INFO neutron.wsgi [req-298e7b23-ab95-4aec-a017-241ce41edfd6 req-c0439e00-22c5-4f56-8121-a7fa6fc43def fa6ee0307e9e4c598e0fc0ad83969e72 b902d3189ef64166b07841c641636341 - - default default] 199.204.45.177 "GET /v2.0/networks?id=6df1df8a-e015-4d25-bfeb-53054bce7249 HTTP/1.1" status: 200 len: 1003 time: 0.0876515
2026-06-26 04:50:06.906 9 WARNING neutron.scheduler.dhcp_agent_scheduler [None req-b7051e27-565d-4536-85e0-b64a2251ce68 fa6ee0307e9e4c598e0fc0ad83969e72 b902d3189ef64166b07841c641636341 - - - -] No more DHCP agents
2026-06-26 04:50:06.909 9 WARNING neutron.api.rpc.agentnotifiers.dhcp_rpc_agent_api [None req-b7051e27-565d-4536-85e0-b64a2251ce68 fa6ee0307e9e4c598e0fc0ad83969e72 b902d3189ef64166b07841c641636341 - - - -] Unable to schedule network 6df1df8a-e015-4d25-bfeb-53054bce7249: no agents available; will retry on subsequent port and subnet creation events.
2026-06-26 04:50:07.054 9 INFO neutron.db.ovn_revision_numbers_db [None req-b7051e27-565d-4536-85e0-b64a2251ce68 fa6ee0307e9e4c598e0fc0ad83969e72 b902d3189ef64166b07841c641636341 - - - -] Successfully bumped revision number for resource aba8867e-beae-4609-89f5-617fe61145e8 (type: ports) to 1
2026-06-26 04:50:07.074 9 INFO neutron.wsgi [None req-b7051e27-565d-4536-85e0-b64a2251ce68 fa6ee0307e9e4c598e0fc0ad83969e72 b902d3189ef64166b07841c641636341 - - - -] 199.204.45.177 "POST /v2.0/ports HTTP/1.1" status: 201 len: 1504 time: 0.4776421 /var/lib/openstack/lib/python3.10/site-packages/pycadf/identifier.py:71: UserWarning: Invalid uuid: neutron. To ensure interoperability, identifiers should be a valid uuid. warnings.warn(('Invalid uuid: %s. To ensure interoperability, '
2026-06-26 04:50:07.523 9 INFO neutron.db.ovn_revision_numbers_db [None req-d1f92c63-8b7d-4208-be81-fbf2034705b3 5aece556be5c4597b45ae4ca8968f208 1963e81d3b9447b09c7dede164a08ae2 - - - -] Successfully bumped revision number for resource aba8867e-beae-4609-89f5-617fe61145e8 (type: ports) to 2
2026-06-26 04:50:07.598 10 INFO neutron.wsgi [-] 10.0.0.37 "GET / HTTP/1.1" status: 200 len: 247 time: 0.0017340
2026-06-26 04:50:07.599 10 INFO neutron.wsgi [-] 10.0.0.37 "GET / HTTP/1.1" status: 200 len: 247 time: 0.0011702
2026-06-26 04:50:07.726 9 INFO neutron.db.ovn_revision_numbers_db [None req-d1f92c63-8b7d-4208-be81-fbf2034705b3 5aece556be5c4597b45ae4ca8968f208 1963e81d3b9447b09c7dede164a08ae2 - - - -] Successfully bumped revision number for resource aba8867e-beae-4609-89f5-617fe61145e8 (type: ports) to 2
2026-06-26 04:50:07.741 9 INFO neutron.wsgi [None req-d1f92c63-8b7d-4208-be81-fbf2034705b3 5aece556be5c4597b45ae4ca8968f208 1963e81d3b9447b09c7dede164a08ae2 - - - -] 199.204.45.177 "PUT /v2.0/ports/aba8867e-beae-4609-89f5-617fe61145e8 HTTP/1.1" status: 200 len: 1553 time: 0.6615016
2026-06-26 04:50:07.784 9 INFO neutron.notifiers.nova [-] Nova event matching ['req-d102a5f3-ee69-4a71-99cd-40453c3718d9'] response: {'name': 'network-changed', 'server_uuid': '114e1ebe-c5de-44ff-96e5-f116b67835ab', 'tag': 'aba8867e-beae-4609-89f5-617fe61145e8', 'status': 'completed', 'code': 200} /var/lib/openstack/lib/python3.10/site-packages/pycadf/identifier.py:71: UserWarning: Invalid uuid: neutron. To ensure interoperability, identifiers should be a valid uuid. warnings.warn(('Invalid uuid: %s. To ensure interoperability, '
2026-06-26 04:50:07.821 9 INFO neutron.wsgi [req-298e7b23-ab95-4aec-a017-241ce41edfd6 req-35f26f66-3c50-4573-93c6-41fd54158daf 5aece556be5c4597b45ae4ca8968f208 1963e81d3b9447b09c7dede164a08ae2 - - ab14bc3c683241efb1bd8ca3b3626608 ab14bc3c683241efb1bd8ca3b3626608] 199.204.45.177 "GET /v2.0/ports?tenant_id=b902d3189ef64166b07841c641636341&device_id=114e1ebe-c5de-44ff-96e5-f116b67835ab HTTP/1.1" status: 200 len: 4005 time: 0.0404222
2026-06-26 04:50:07.865 9 INFO neutron.wsgi [req-298e7b23-ab95-4aec-a017-241ce41edfd6 req-5b12371b-2458-4dab-a1e1-a53ee2bc8ef0 5aece556be5c4597b45ae4ca8968f208 1963e81d3b9447b09c7dede164a08ae2 - - ab14bc3c683241efb1bd8ca3b3626608 ab14bc3c683241efb1bd8ca3b3626608] 199.204.45.177 "GET /v2.0/floatingips?fixed_ip_address=172.24.1.133&port_id=f24e4517-ff50-429a-aed0-06a25c7aff5f HTTP/1.1" status: 200 len: 217 time: 0.0370502
2026-06-26 04:50:07.910 9 INFO neutron.wsgi [req-298e7b23-ab95-4aec-a017-241ce41edfd6 req-0eed75b9-1399-4b2c-b0bb-f05c4bb316dc 5aece556be5c4597b45ae4ca8968f208 1963e81d3b9447b09c7dede164a08ae2 - - ab14bc3c683241efb1bd8ca3b3626608 ab14bc3c683241efb1bd8ca3b3626608] 199.204.45.177 "GET /v2.0/subnets?id=e6e91ebe-0677-438b-8436-c7fc4afbda67 HTTP/1.1" status: 200 len: 829 time: 0.0385916
2026-06-26 04:50:07.949 9 INFO neutron.wsgi [req-298e7b23-ab95-4aec-a017-241ce41edfd6 req-5d4e405e-70ed-4264-b37c-a79d9e16bbbb 5aece556be5c4597b45ae4ca8968f208 1963e81d3b9447b09c7dede164a08ae2 - - ab14bc3c683241efb1bd8ca3b3626608 ab14bc3c683241efb1bd8ca3b3626608] 199.204.45.177 "GET /v2.0/ports?network_id=0d5849d8-6824-4c16-bd2b-3e195075ce43&device_owner=network%3Adhcp HTTP/1.1" status: 200 len: 210 time: 0.0303602
2026-06-26 04:50:08.011 9 INFO neutron.wsgi [req-298e7b23-ab95-4aec-a017-241ce41edfd6 req-7f9a06e0-2434-4eed-a181-430b1f12287d 5aece556be5c4597b45ae4ca8968f208 1963e81d3b9447b09c7dede164a08ae2 - - ab14bc3c683241efb1bd8ca3b3626608 ab14bc3c683241efb1bd8ca3b3626608] 199.204.45.177 "GET /v2.0/networks/0d5849d8-6824-4c16-bd2b-3e195075ce43?fields=segments HTTP/1.1" status: 200 len: 212 time: 0.0555489
2026-06-26 04:50:08.085 9 INFO neutron.wsgi [req-298e7b23-ab95-4aec-a017-241ce41edfd6 req-5846df7f-769d-4319-8fce-b38d211e0a4d 5aece556be5c4597b45ae4ca8968f208 1963e81d3b9447b09c7dede164a08ae2 - - ab14bc3c683241efb1bd8ca3b3626608 ab14bc3c683241efb1bd8ca3b3626608] 199.204.45.177 "GET /v2.0/networks/0d5849d8-6824-4c16-bd2b-3e195075ce43?fields=provider%3Aphysical_network&fields=provider%3Anetwork_type HTTP/1.1" status: 200 len: 277 time: 0.0686901
2026-06-26 04:50:08.124 9 INFO neutron.wsgi [req-298e7b23-ab95-4aec-a017-241ce41edfd6 req-4374eccf-b549-4aad-a168-c6d797d77da5 5aece556be5c4597b45ae4ca8968f208 1963e81d3b9447b09c7dede164a08ae2 - - ab14bc3c683241efb1bd8ca3b3626608 ab14bc3c683241efb1bd8ca3b3626608] 199.204.45.177 "GET /v2.0/floatingips?fixed_ip_address=10.1.1.195&port_id=43fdff7e-5f67-4d74-bc04-2582dbe38625 HTTP/1.1" status: 200 len: 217 time: 0.0277464
2026-06-26 04:50:08.179 9 INFO neutron.wsgi [req-298e7b23-ab95-4aec-a017-241ce41edfd6 req-ad5aec2a-10d9-4a84-b176-3b68b8257aeb 5aece556be5c4597b45ae4ca8968f208 1963e81d3b9447b09c7dede164a08ae2 - - ab14bc3c683241efb1bd8ca3b3626608 ab14bc3c683241efb1bd8ca3b3626608] 199.204.45.177 "GET /v2.0/subnets?id=9658f39c-f0bb-4ab7-8cf8-1ac9b202dc4a HTTP/1.1" status: 200 len: 853 time: 0.0487058
2026-06-26 04:50:08.230 9 INFO neutron.wsgi [req-298e7b23-ab95-4aec-a017-241ce41edfd6 req-d754f653-6183-43af-a452-99114cd26aee 5aece556be5c4597b45ae4ca8968f208 1963e81d3b9447b09c7dede164a08ae2 - - ab14bc3c683241efb1bd8ca3b3626608 ab14bc3c683241efb1bd8ca3b3626608] 199.204.45.177 "GET /v2.0/ports?network_id=8c0980fd-ebbc-4717-9450-0d7e1f8f5fb8&device_owner=network%3Adhcp HTTP/1.1" status: 200 len: 210 time: 0.0423794
2026-06-26 04:50:08.315 9 INFO neutron.wsgi [req-298e7b23-ab95-4aec-a017-241ce41edfd6 req-18b58ab4-6b8f-464b-95f8-d13d5618891f 5aece556be5c4597b45ae4ca8968f208 1963e81d3b9447b09c7dede164a08ae2 - - ab14bc3c683241efb1bd8ca3b3626608 ab14bc3c683241efb1bd8ca3b3626608] 199.204.45.177 "GET /v2.0/networks/8c0980fd-ebbc-4717-9450-0d7e1f8f5fb8?fields=segments HTTP/1.1" status: 200 len: 212 time: 0.0743213
2026-06-26 04:50:08.385 9 INFO neutron.wsgi [req-298e7b23-ab95-4aec-a017-241ce41edfd6 req-713cd049-f838-42c0-98cd-2ce0002719e5 5aece556be5c4597b45ae4ca8968f208 1963e81d3b9447b09c7dede164a08ae2 - - ab14bc3c683241efb1bd8ca3b3626608 ab14bc3c683241efb1bd8ca3b3626608] 199.204.45.177 "GET /v2.0/networks/8c0980fd-ebbc-4717-9450-0d7e1f8f5fb8?fields=provider%3Aphysical_network&fields=provider%3Anetwork_type HTTP/1.1" status: 200 len: 277 time: 0.0644007
2026-06-26 04:50:08.423 9 INFO neutron.wsgi [req-298e7b23-ab95-4aec-a017-241ce41edfd6 req-e6cdc6ea-47d5-4470-93be-166455ace8cf 5aece556be5c4597b45ae4ca8968f208 1963e81d3b9447b09c7dede164a08ae2 - - ab14bc3c683241efb1bd8ca3b3626608 ab14bc3c683241efb1bd8ca3b3626608] 199.204.45.177 "GET /v2.0/floatingips?fixed_ip_address=10.2.1.80&port_id=aba8867e-beae-4609-89f5-617fe61145e8 HTTP/1.1" status: 200 len: 217 time: 0.0297363
2026-06-26 04:50:08.455 9 INFO neutron.wsgi [req-298e7b23-ab95-4aec-a017-241ce41edfd6 req-286e01b0-e1fb-4719-8be9-955702e0891c 5aece556be5c4597b45ae4ca8968f208 1963e81d3b9447b09c7dede164a08ae2 - - ab14bc3c683241efb1bd8ca3b3626608 ab14bc3c683241efb1bd8ca3b3626608] 199.204.45.177 "GET /v2.0/floatingips?fixed_ip_address=fd7b%3Af9f7%3Afff%3A4eca%3A%3A242&port_id=aba8867e-beae-4609-89f5-617fe61145e8 HTTP/1.1" status: 200 len: 217 time: 0.0259476
2026-06-26 04:50:08.520 9 INFO neutron.wsgi [req-298e7b23-ab95-4aec-a017-241ce41edfd6 req-96fc0b5c-962c-49c7-acdc-e5a592819892 5aece556be5c4597b45ae4ca8968f208 1963e81d3b9447b09c7dede164a08ae2 - - ab14bc3c683241efb1bd8ca3b3626608 ab14bc3c683241efb1bd8ca3b3626608] 199.204.45.177 "GET /v2.0/subnets?id=3d6006ed-8fee-4d9b-acea-36b5ab36f987&id=30338ff1-79be-4026-be18-3d15fe3585a3 HTTP/1.1" status: 200 len: 1562 time: 0.0574276
2026-06-26 04:50:08.561 9 INFO neutron.wsgi [req-298e7b23-ab95-4aec-a017-241ce41edfd6 req-c813e3c9-ccbf-4e8c-8554-22de02c320ac 5aece556be5c4597b45ae4ca8968f208 1963e81d3b9447b09c7dede164a08ae2 - - ab14bc3c683241efb1bd8ca3b3626608 ab14bc3c683241efb1bd8ca3b3626608] 199.204.45.177 "GET /v2.0/ports?network_id=6df1df8a-e015-4d25-bfeb-53054bce7249&device_owner=network%3Adhcp HTTP/1.1" status: 200 len: 210 time: 0.0340762
2026-06-26 04:50:08.602 9 INFO neutron.wsgi [req-298e7b23-ab95-4aec-a017-241ce41edfd6 req-bd0f3140-8469-455e-9efe-0207e1489735 5aece556be5c4597b45ae4ca8968f208 1963e81d3b9447b09c7dede164a08ae2 - - ab14bc3c683241efb1bd8ca3b3626608 ab14bc3c683241efb1bd8ca3b3626608] 199.204.45.177 "GET /v2.0/ports?network_id=6df1df8a-e015-4d25-bfeb-53054bce7249&device_owner=network%3Adhcp HTTP/1.1" status: 200 len: 210 time: 0.0356328
2026-06-26 04:50:08.706 9 INFO neutron.wsgi [req-298e7b23-ab95-4aec-a017-241ce41edfd6 req-9cd83319-51cb-4adb-8ee2-63d898c81e4c 5aece556be5c4597b45ae4ca8968f208 1963e81d3b9447b09c7dede164a08ae2 - - ab14bc3c683241efb1bd8ca3b3626608 ab14bc3c683241efb1bd8ca3b3626608] 199.204.45.177 "GET /v2.0/networks/6df1df8a-e015-4d25-bfeb-53054bce7249?fields=segments HTTP/1.1" status: 200 len: 212 time: 0.0915105
2026-06-26 04:50:08.778 9 INFO neutron.wsgi [req-298e7b23-ab95-4aec-a017-241ce41edfd6 req-17289909-6eb8-4a1e-9c45-3b3b42282d01 5aece556be5c4597b45ae4ca8968f208 1963e81d3b9447b09c7dede164a08ae2 - - ab14bc3c683241efb1bd8ca3b3626608 ab14bc3c683241efb1bd8ca3b3626608] 199.204.45.177 "GET /v2.0/networks/6df1df8a-e015-4d25-bfeb-53054bce7249?fields=provider%3Aphysical_network&fields=provider%3Anetwork_type HTTP/1.1" status: 200 len: 277 time: 0.0652037
2026-06-26 04:50:08.875 9 INFO neutron.plugins.ml2.drivers.ovn.mech_driver.mech_driver [None req-2c575510-7952-4175-ba50-46335c36ee66 - - - - - -] OVN reports status up for port: aba8867e-beae-4609-89f5-617fe61145e8
2026-06-26 04:50:08.881 9 INFO neutron.wsgi [req-f82ccb0c-23e4-4f59-ad9f-e530025ce6ec req-3f047450-4e95-48d7-a686-2e63742a9f90 5aece556be5c4597b45ae4ca8968f208 1963e81d3b9447b09c7dede164a08ae2 - - ab14bc3c683241efb1bd8ca3b3626608 ab14bc3c683241efb1bd8ca3b3626608] 199.204.45.177 "GET /v2.0/ports?tenant_id=b902d3189ef64166b07841c641636341&device_id=114e1ebe-c5de-44ff-96e5-f116b67835ab HTTP/1.1" status: 200 len: 4005 time: 0.0615809
2026-06-26 04:50:08.918 9 INFO neutron.plugins.ml2.plugin [None req-2c575510-7952-4175-ba50-46335c36ee66 - - - - - -] Attempt 1 to provision port aba8867e-beae-4609-89f5-617fe61145e8
2026-06-26 04:50:08.977 9 INFO neutron.wsgi [req-f82ccb0c-23e4-4f59-ad9f-e530025ce6ec req-f8c0c6bd-c68e-49c1-94b3-5756548a418f 5aece556be5c4597b45ae4ca8968f208 1963e81d3b9447b09c7dede164a08ae2 - - ab14bc3c683241efb1bd8ca3b3626608 ab14bc3c683241efb1bd8ca3b3626608] 199.204.45.177 "GET /v2.0/networks?id=6df1df8a-e015-4d25-bfeb-53054bce7249 HTTP/1.1" status: 200 len: 1003 time: 0.0881903
2026-06-26 04:50:09.008 9 INFO neutron.wsgi [req-f82ccb0c-23e4-4f59-ad9f-e530025ce6ec req-8ae87d6e-1b47-45d6-b83c-1d989fc0f788 5aece556be5c4597b45ae4ca8968f208 1963e81d3b9447b09c7dede164a08ae2 - - ab14bc3c683241efb1bd8ca3b3626608 ab14bc3c683241efb1bd8ca3b3626608] 199.204.45.177 "GET /v2.0/floatingips?fixed_ip_address=10.2.1.80&port_id=aba8867e-beae-4609-89f5-617fe61145e8 HTTP/1.1" status: 200 len: 217 time: 0.0256934
2026-06-26 04:50:09.088 9 INFO neutron.wsgi [req-f82ccb0c-23e4-4f59-ad9f-e530025ce6ec req-9856bacd-faa2-4cd3-9db3-fcd43531f3a6 5aece556be5c4597b45ae4ca8968f208 1963e81d3b9447b09c7dede164a08ae2 - - ab14bc3c683241efb1bd8ca3b3626608 ab14bc3c683241efb1bd8ca3b3626608] 199.204.45.177 "GET /v2.0/floatingips?fixed_ip_address=fd7b%3Af9f7%3Afff%3A4eca%3A%3A242&port_id=aba8867e-beae-4609-89f5-617fe61145e8 HTTP/1.1" status: 200 len: 217 time: 0.0683413
2026-06-26 04:50:09.119 10 INFO neutron.wsgi [req-298e7b23-ab95-4aec-a017-241ce41edfd6 req-5ae751fa-08db-45a8-87aa-8c528a6834f5 fa6ee0307e9e4c598e0fc0ad83969e72 b902d3189ef64166b07841c641636341 - - default default] 10.0.0.222 "GET /v2.0/ports/aba8867e-beae-4609-89f5-617fe61145e8 HTTP/1.1" status: 200 len: 1581 time: 0.0692105
2026-06-26 04:50:09.142 9 INFO neutron.wsgi [req-f82ccb0c-23e4-4f59-ad9f-e530025ce6ec req-7578eb55-b492-4ded-adbb-8db30157c31e 5aece556be5c4597b45ae4ca8968f208 1963e81d3b9447b09c7dede164a08ae2 - - ab14bc3c683241efb1bd8ca3b3626608 ab14bc3c683241efb1bd8ca3b3626608] 199.204.45.177 "GET /v2.0/subnets?id=3d6006ed-8fee-4d9b-acea-36b5ab36f987&id=30338ff1-79be-4026-be18-3d15fe3585a3 HTTP/1.1" status: 200 len: 1562 time: 0.0472963
2026-06-26 04:50:09.166 10 INFO neutron.wsgi [None req-38301591-e307-4a2f-b4bc-ea6be95dfc26 fa6ee0307e9e4c598e0fc0ad83969e72 b902d3189ef64166b07841c641636341 - - default default] 199.204.45.177 "GET /v2.0/ports/aba8867e-beae-4609-89f5-617fe61145e8 HTTP/1.1" status: 200 len: 1583 time: 0.0335763
2026-06-26 04:50:09.183 9 INFO neutron.wsgi [req-f82ccb0c-23e4-4f59-ad9f-e530025ce6ec req-e2c31322-cb07-4b8f-9840-4610f97538c5 5aece556be5c4597b45ae4ca8968f208 1963e81d3b9447b09c7dede164a08ae2 - - ab14bc3c683241efb1bd8ca3b3626608 ab14bc3c683241efb1bd8ca3b3626608] 199.204.45.177 "GET /v2.0/ports?network_id=6df1df8a-e015-4d25-bfeb-53054bce7249&device_owner=network%3Adhcp HTTP/1.1" status: 200 len: 210 time: 0.0356357
2026-06-26 04:50:09.206 10 INFO neutron.wsgi [None req-c7edfde5-5996-445a-8fbf-d67bb014d1c8 fa6ee0307e9e4c598e0fc0ad83969e72 b902d3189ef64166b07841c641636341 - - default default] 199.204.45.177 "GET /v2.0/ports/aba8867e-beae-4609-89f5-617fe61145e8 HTTP/1.1" status: 200 len: 1583 time: 0.0339000
2026-06-26 04:50:09.217 9 INFO neutron.wsgi [req-f82ccb0c-23e4-4f59-ad9f-e530025ce6ec req-55a5946b-898f-4c46-a8af-59762bbdd133 5aece556be5c4597b45ae4ca8968f208 1963e81d3b9447b09c7dede164a08ae2 - - ab14bc3c683241efb1bd8ca3b3626608 ab14bc3c683241efb1bd8ca3b3626608] 199.204.45.177 "GET /v2.0/ports?network_id=6df1df8a-e015-4d25-bfeb-53054bce7249&device_owner=network%3Adhcp HTTP/1.1" status: 200 len: 210 time: 0.0255177
2026-06-26 04:50:09.321 9 INFO neutron.wsgi [req-f82ccb0c-23e4-4f59-ad9f-e530025ce6ec req-6a406f12-bbff-4068-9f2f-97d3b8093bd1 5aece556be5c4597b45ae4ca8968f208 1963e81d3b9447b09c7dede164a08ae2 - - ab14bc3c683241efb1bd8ca3b3626608 ab14bc3c683241efb1bd8ca3b3626608] 199.204.45.177 "GET /v2.0/networks/6df1df8a-e015-4d25-bfeb-53054bce7249?fields=segments HTTP/1.1" status: 200 len: 212 time: 0.0962732
2026-06-26 04:50:09.382 9 INFO neutron.db.ovn_revision_numbers_db [None req-2c575510-7952-4175-ba50-46335c36ee66 - - - - - -] Successfully bumped revision number for resource aba8867e-beae-4609-89f5-617fe61145e8 (type: ports) to 4
2026-06-26 04:50:09.416 9 INFO neutron.wsgi [req-f82ccb0c-23e4-4f59-ad9f-e530025ce6ec req-41e36128-4acd-4705-b1c1-488a17811338 5aece556be5c4597b45ae4ca8968f208 1963e81d3b9447b09c7dede164a08ae2 - - ab14bc3c683241efb1bd8ca3b3626608 ab14bc3c683241efb1bd8ca3b3626608] 199.204.45.177 "GET /v2.0/networks/6df1df8a-e015-4d25-bfeb-53054bce7249?fields=provider%3Aphysical_network&fields=provider%3Anetwork_type HTTP/1.1" status: 200 len: 277 time: 0.0899332
2026-06-26 04:50:09.657 10 INFO neutron.db.ovn_revision_numbers_db [None req-86c28907-5c26-4168-8fd5-d949cfc3b8a2 fa6ee0307e9e4c598e0fc0ad83969e72 b902d3189ef64166b07841c641636341 - - - -] Successfully bumped revision number for resource aba8867e-beae-4609-89f5-617fe61145e8 (type: ports) to 5
2026-06-26 04:50:09.668 10 INFO neutron.wsgi [None req-86c28907-5c26-4168-8fd5-d949cfc3b8a2 fa6ee0307e9e4c598e0fc0ad83969e72 b902d3189ef64166b07841c641636341 - - - -] 199.204.45.177 "PUT /v2.0/ports/aba8867e-beae-4609-89f5-617fe61145e8 HTTP/1.1" status: 200 len: 1326 time: 0.4562449 /var/lib/openstack/lib/python3.10/site-packages/pycadf/identifier.py:71: UserWarning: Invalid uuid: neutron. To ensure interoperability, identifiers should be a valid uuid. warnings.warn(('Invalid uuid: %s. To ensure interoperability, '
2026-06-26 04:50:09.744 10 INFO neutron.wsgi [None req-59ff19fc-9635-4a4b-9c11-e43835aad2fe fa6ee0307e9e4c598e0fc0ad83969e72 b902d3189ef64166b07841c641636341 - - default default] 199.204.45.177 "GET /v2.0/networks/6df1df8a-e015-4d25-bfeb-53054bce7249 HTTP/1.1" status: 200 len: 1000 time: 0.0691175
2026-06-26 04:50:09.752 10 INFO neutron.notifiers.nova [-] Nova event matching ['req-70cd3cc1-d6ab-4927-ae85-774b05cd3bbf'] response: {'name': 'network-changed', 'server_uuid': '114e1ebe-c5de-44ff-96e5-f116b67835ab', 'tag': 'aba8867e-beae-4609-89f5-617fe61145e8', 'status': 'completed', 'code': 200} /var/lib/openstack/lib/python3.10/site-packages/pycadf/identifier.py:71: UserWarning: Invalid uuid: neutron. To ensure interoperability, identifiers should be a valid uuid. warnings.warn(('Invalid uuid: %s. To ensure interoperability, '
2026-06-26 04:50:09.791 10 INFO neutron.wsgi [None req-f5f2c4b1-9d8e-4e37-a64d-d1aa1aa07547 fa6ee0307e9e4c598e0fc0ad83969e72 b902d3189ef64166b07841c641636341 - - default default] 199.204.45.177 "GET /v2.0/subnets/3d6006ed-8fee-4d9b-acea-36b5ab36f987 HTTP/1.1" status: 200 len: 849 time: 0.0388758
2026-06-26 04:50:09.825 9 INFO neutron.wsgi [req-357f1ee5-b1b5-466e-bee8-5e34674fc069 req-8d3e4141-f8d6-4be2-a117-81de8439bab6 5aece556be5c4597b45ae4ca8968f208 1963e81d3b9447b09c7dede164a08ae2 - - ab14bc3c683241efb1bd8ca3b3626608 ab14bc3c683241efb1bd8ca3b3626608] 199.204.45.177 "GET /v2.0/ports?tenant_id=b902d3189ef64166b07841c641636341&device_id=114e1ebe-c5de-44ff-96e5-f116b67835ab HTTP/1.1" status: 200 len: 3778 time: 0.0501828
2026-06-26 04:50:09.826 9 INFO neutron.notifiers.nova [-] Nova event matching ['req-37f6b5f2-893b-4ba9-aefa-4c6d4be005e2'] response: {'server_uuid': '114e1ebe-c5de-44ff-96e5-f116b67835ab', 'name': 'network-vif-plugged', 'status': 'completed', 'tag': 'aba8867e-beae-4609-89f5-617fe61145e8', 'code': 200}
2026-06-26 04:50:09.826 9 INFO neutron.notifiers.nova [-] Nova event matching ['req-37f6b5f2-893b-4ba9-aefa-4c6d4be005e2'] response: {'server_uuid': '114e1ebe-c5de-44ff-96e5-f116b67835ab', 'name': 'network-vif-plugged', 'status': 'completed', 'tag': 'aba8867e-beae-4609-89f5-617fe61145e8', 'code': 200}
2026-06-26 04:50:09.867 10 INFO neutron.wsgi [None req-ec182c92-187c-453c-b01b-fa888797f4f4 fa6ee0307e9e4c598e0fc0ad83969e72 b902d3189ef64166b07841c641636341 - - default default] 199.204.45.177 "GET /v2.0/extensions/security-group HTTP/1.1" status: 200 len: 369 time: 0.0068572
2026-06-26 04:50:09.875 10 INFO neutron.wsgi [None req-29d243b9-065e-4d1a-b110-5160839711b1 fa6ee0307e9e4c598e0fc0ad83969e72 b902d3189ef64166b07841c641636341 - - default default] 199.204.45.177 "GET /v2.0/extensions/dns-integration HTTP/1.1" status: 200 len: 371 time: 0.0043015
2026-06-26 04:50:09.883 10 INFO neutron.wsgi [None req-f6c8c9c5-048d-49c1-ad62-12be856f3377 fa6ee0307e9e4c598e0fc0ad83969e72 b902d3189ef64166b07841c641636341 - - default default] 199.204.45.177 "GET /v2.0/extensions/qos HTTP/1.1" status: 200 len: 365 time: 0.0039701
2026-06-26 04:50:09.887 9 INFO neutron.wsgi [req-357f1ee5-b1b5-466e-bee8-5e34674fc069 req-4a52785d-4216-40ba-a23b-83404e9d4248 5aece556be5c4597b45ae4ca8968f208 1963e81d3b9447b09c7dede164a08ae2 - - ab14bc3c683241efb1bd8ca3b3626608 ab14bc3c683241efb1bd8ca3b3626608] 199.204.45.177 "GET /v2.0/networks?id=6df1df8a-e015-4d25-bfeb-53054bce7249 HTTP/1.1" status: 200 len: 1003 time: 0.0558658
2026-06-26 04:50:09.893 10 INFO neutron.wsgi [None req-a13fb987-faef-4cc9-99d1-064d95b9398f fa6ee0307e9e4c598e0fc0ad83969e72 b902d3189ef64166b07841c641636341 - - default default] 199.204.45.177 "GET /v2.0/extensions/allowed-address-pairs HTTP/1.1" status: 200 len: 383 time: 0.0059123
2026-06-26 04:50:09.925 9 INFO neutron.wsgi [req-357f1ee5-b1b5-466e-bee8-5e34674fc069 req-6a943244-8c62-4515-bd25-f7e791e7b928 5aece556be5c4597b45ae4ca8968f208 1963e81d3b9447b09c7dede164a08ae2 - - ab14bc3c683241efb1bd8ca3b3626608 ab14bc3c683241efb1bd8ca3b3626608] 199.204.45.177 "GET /v2.0/floatingips?fixed_ip_address=10.2.1.80&port_id=aba8867e-beae-4609-89f5-617fe61145e8 HTTP/1.1" status: 200 len: 217 time: 0.0295126
2026-06-26 04:50:09.930 10 INFO neutron.wsgi [None req-20f3fba4-59b3-4800-afae-f36ffcaeba77 fa6ee0307e9e4c598e0fc0ad83969e72 b902d3189ef64166b07841c641636341 - - default default] 199.204.45.177 "GET /v2.0/subnets/9658f39c-f0bb-4ab7-8cf8-1ac9b202dc4a HTTP/1.1" status: 200 len: 850 time: 0.0315301
2026-06-26 04:50:09.966 9 INFO neutron.wsgi [req-357f1ee5-b1b5-466e-bee8-5e34674fc069 req-838b5ab5-26c5-4d60-90fd-8d6b2cbd7710 5aece556be5c4597b45ae4ca8968f208 1963e81d3b9447b09c7dede164a08ae2 - - ab14bc3c683241efb1bd8ca3b3626608 ab14bc3c683241efb1bd8ca3b3626608] 199.204.45.177 "GET /v2.0/subnets?id=3d6006ed-8fee-4d9b-acea-36b5ab36f987 HTTP/1.1" status: 200 len: 852 time: 0.0334666
2026-06-26 04:50:09.969 10 INFO neutron.wsgi [None req-acf0af90-45fa-4964-b8c8-c341a1eea37b fa6ee0307e9e4c598e0fc0ad83969e72 b902d3189ef64166b07841c641636341 - - default default] 199.204.45.177 "GET /v2.0/ports/067fdaec-299a-40b3-ad2f-d07bb2b29052 HTTP/1.1" status: 200 len: 1340 time: 0.0321772
2026-06-26 04:50:09.998 9 INFO neutron.wsgi [req-357f1ee5-b1b5-466e-bee8-5e34674fc069 req-fe72fd0c-3c3d-43ee-9b66-06c51735d3c3 5aece556be5c4597b45ae4ca8968f208 1963e81d3b9447b09c7dede164a08ae2 - - ab14bc3c683241efb1bd8ca3b3626608 ab14bc3c683241efb1bd8ca3b3626608] 199.204.45.177 "GET /v2.0/ports?network_id=6df1df8a-e015-4d25-bfeb-53054bce7249&device_owner=network%3Adhcp HTTP/1.1" status: 200 len: 210 time: 0.0267758
2026-06-26 04:50:10.008 10 INFO neutron.wsgi [None req-efd78b04-6a78-4ad5-975a-f6f1b8005735 fa6ee0307e9e4c598e0fc0ad83969e72 b902d3189ef64166b07841c641636341 - - default default] 199.204.45.177 "GET /v2.0/ports/43fdff7e-5f67-4d74-bc04-2582dbe38625 HTTP/1.1" status: 200 len: 1471 time: 0.0330560
2026-06-26 04:50:10.053 10 INFO neutron.wsgi [None req-a425e656-5762-47d3-94f1-4ee91c57da7b fa6ee0307e9e4c598e0fc0ad83969e72 b902d3189ef64166b07841c641636341 - - default default] 199.204.45.177 "GET /v2.0/subnets/9658f39c-f0bb-4ab7-8cf8-1ac9b202dc4a HTTP/1.1" status: 200 len: 850 time: 0.0378497
2026-06-26 04:50:10.064 9 INFO neutron.wsgi [req-357f1ee5-b1b5-466e-bee8-5e34674fc069 req-83627292-884c-482b-9688-69ecc0d2ae56 5aece556be5c4597b45ae4ca8968f208 1963e81d3b9447b09c7dede164a08ae2 - - ab14bc3c683241efb1bd8ca3b3626608 ab14bc3c683241efb1bd8ca3b3626608] 199.204.45.177 "GET /v2.0/networks/6df1df8a-e015-4d25-bfeb-53054bce7249?fields=segments HTTP/1.1" status: 200 len: 212 time: 0.0597944
2026-06-26 04:50:10.116 10 INFO neutron.wsgi [None req-06b1ec2b-a464-4fdd-a5d1-124cba67d14e fa6ee0307e9e4c598e0fc0ad83969e72 b902d3189ef64166b07841c641636341 - - default default] 199.204.45.177 "GET /v2.0/networks/8c0980fd-ebbc-4717-9450-0d7e1f8f5fb8 HTTP/1.1" status: 200 len: 999 time: 0.0567746
2026-06-26 04:50:10.134 9 INFO neutron.wsgi [req-357f1ee5-b1b5-466e-bee8-5e34674fc069 req-360d73eb-79cc-48af-a40d-79611874cea9 5aece556be5c4597b45ae4ca8968f208 1963e81d3b9447b09c7dede164a08ae2 - - ab14bc3c683241efb1bd8ca3b3626608 ab14bc3c683241efb1bd8ca3b3626608] 199.204.45.177 "GET /v2.0/networks/6df1df8a-e015-4d25-bfeb-53054bce7249?fields=provider%3Aphysical_network&fields=provider%3Anetwork_type HTTP/1.1" status: 200 len: 277 time: 0.0641644
2026-06-26 04:50:10.158 10 INFO neutron.wsgi [None req-d568b184-4b71-41bf-8a80-dd209a842bf8 fa6ee0307e9e4c598e0fc0ad83969e72 b902d3189ef64166b07841c641636341 - - default default] 199.204.45.177 "GET /v2.0/ports/067fdaec-299a-40b3-ad2f-d07bb2b29052 HTTP/1.1" status: 200 len: 1340 time: 0.0354481
2026-06-26 04:50:10.196 10 INFO neutron.wsgi [None req-c85c4810-a945-423d-90cc-1b198e53ef19 fa6ee0307e9e4c598e0fc0ad83969e72 b902d3189ef64166b07841c641636341 - - default default] 199.204.45.177 "GET /v2.0/subnets/9658f39c-f0bb-4ab7-8cf8-1ac9b202dc4a HTTP/1.1" status: 200 len: 850 time: 0.0326908
2026-06-26 04:50:16.251 10 INFO neutron.wsgi [None req-9f5e8ce2-fd68-4788-9a2a-47fad26ec051 fa6ee0307e9e4c598e0fc0ad83969e72 b902d3189ef64166b07841c641636341 - - default default] 10.0.0.57 "GET /v2.0/extensions/security-group HTTP/1.1" status: 200 len: 369 time: 0.0489297
2026-06-26 04:50:16.268 10 INFO neutron.wsgi [None req-e7740d26-b157-4f5d-a2e9-9b99b30739a4 fa6ee0307e9e4c598e0fc0ad83969e72 b902d3189ef64166b07841c641636341 - - default default] 10.0.0.57 "GET /v2.0/extensions/dns-integration HTTP/1.1" status: 200 len: 371 time: 0.0090675
2026-06-26 04:50:16.282 10 INFO neutron.wsgi [None req-c04dbe36-0ce5-44de-be1c-2d4f6410c1c1 fa6ee0307e9e4c598e0fc0ad83969e72 b902d3189ef64166b07841c641636341 - - default default] 10.0.0.57 "GET /v2.0/extensions/qos HTTP/1.1" status: 200 len: 365 time: 0.0073926
