2026-06-26 04:47:17.742 10 INFO neutron.db.ovn_revision_numbers_db [None req-5fa480e4-0b02-424c-afee-dabec9bb3425 f5042b4f8d6c40a99c2eb65081170e25 2875bef471dc4a46bb5371191e41f5c3 - - - -] Successfully bumped revision number for resource 2a12823a-3a13-450e-ac9f-20616a0b8598 (type: security_group_rules) to 0
2026-06-26 04:47:17.745 9 INFO neutron.wsgi [None req-af7f1df7-6579-4099-a48a-b16c0e048b5c 75eee18c90224c828c175709be07c2a9 68765aa9d0bc498ab8b1d8501b8955fa - - - -] 10.0.0.66 "PUT /v2.0/subnetpools/90019016-9dac-4db6-9625-59c43286f574/tags HTTP/1.1" status: 200 len: 230 time: 0.0696688
2026-06-26 04:47:17.773 10 INFO neutron.wsgi [None req-5fa480e4-0b02-424c-afee-dabec9bb3425 f5042b4f8d6c40a99c2eb65081170e25 2875bef471dc4a46bb5371191e41f5c3 - - - -] 10.0.0.66 "POST /v2.0/security-group-rules HTTP/1.1" status: 201 len: 768 time: 0.1549296
2026-06-26 04:47:17.781 9 INFO neutron.wsgi [None req-56d2d1dc-5dfd-4a0f-a991-7576958bd290 75eee18c90224c828c175709be07c2a9 68765aa9d0bc498ab8b1d8501b8955fa - - default default] 10.0.0.66 "GET /v2.0/subnetpools/90019016-9dac-4db6-9625-59c43286f574/tags HTTP/1.1" status: 200 len: 230 time: 0.0316465
2026-06-26 04:47:17.799 10 INFO neutron.wsgi [None req-5b7bcaae-5acf-40ac-bd09-01e1ac4673b0 f5042b4f8d6c40a99c2eb65081170e25 2875bef471dc4a46bb5371191e41f5c3 - - default default] 10.0.0.66 "GET /v2.0/security-group-rules/2a12823a-3a13-450e-ac9f-20616a0b8598 HTTP/1.1" status: 200 len: 763 time: 0.0190644
2026-06-26 04:47:17.816 9 INFO neutron.wsgi [None req-c87acd6d-c188-4042-b911-39f9d92ca51a 75eee18c90224c828c175709be07c2a9 68765aa9d0bc498ab8b1d8501b8955fa - - default default] 10.0.0.66 "GET /v2.0/subnetpools/90019016-9dac-4db6-9625-59c43286f574/tags/red HTTP/1.1" status: 204 len: 168 time: 0.0310664
2026-06-26 04:47:17.858 10 INFO neutron.api.v2.resource [None req-975e227e-4f7b-4c6b-9b9f-f8f40af16a80 75eee18c90224c828c175709be07c2a9 68765aa9d0bc498ab8b1d8501b8955fa - - default default] show failed (client error): The resource could not be found.
2026-06-26 04:47:17.860 10 INFO neutron.wsgi [None req-975e227e-4f7b-4c6b-9b9f-f8f40af16a80 75eee18c90224c828c175709be07c2a9 68765aa9d0bc498ab8b1d8501b8955fa - - default default] 10.0.0.66 "GET /v2.0/subnetpools/90019016-9dac-4db6-9625-59c43286f574/tags/green HTTP/1.1" status: 404 len: 299 time: 0.0364261
2026-06-26 04:47:17.875 10 INFO neutron.wsgi [req-62db2f0b-f83e-43ee-ac73-09ae9052efc7 req-55fc90f8-2fb1-4b7c-b2c4-f760d8f040d3 89ac57fd519945f7a15489b08180844e 6e4abdece8214dd38da5b32218015683 - - default default] 10.0.0.222 "GET /v2.0/ports?device_id=894c76bd-6335-486b-a630-58dad850c95a HTTP/1.1" status: 200 len: 1208 time: 0.0530064
2026-06-26 04:47:17.881 10 INFO neutron.wsgi [None req-c3c9aa49-8ef9-47d0-b33b-9e6c471411da f5042b4f8d6c40a99c2eb65081170e25 2875bef471dc4a46bb5371191e41f5c3 - - default default] 10.0.0.66 "GET /v2.0/security-group-rules HTTP/1.1" status: 200 len: 4113 time: 0.0763345 /var/lib/openstack/lib/python3.10/site-packages/pycadf/identifier.py:71: UserWarning: Invalid uuid: neutron. To ensure interoperability, identifiers should be a valid uuid. warnings.warn(('Invalid uuid: %s. To ensure interoperability, '
2026-06-26 04:47:17.925 10 INFO neutron.wsgi [None req-64279501-8be1-4f0a-98ea-261342fd48c4 75eee18c90224c828c175709be07c2a9 68765aa9d0bc498ab8b1d8501b8955fa - - - -] 10.0.0.66 "DELETE /v2.0/subnetpools/90019016-9dac-4db6-9625-59c43286f574/tags/red HTTP/1.1" status: 204 len: 168 time: 0.0586340
2026-06-26 04:47:17.936 10 INFO neutron.wsgi [req-62db2f0b-f83e-43ee-ac73-09ae9052efc7 req-9b182320-0491-4e30-aba8-8ea9e54b33ae 89ac57fd519945f7a15489b08180844e 6e4abdece8214dd38da5b32218015683 - - default default] 10.0.0.222 "GET /v2.0/security-groups?id=8d269748-0d60-49ea-847a-ef163f9358d5&id=40150b8c-7f42-497e-8168-e0ef117b10a0&fields=id&fields=name HTTP/1.1" status: 200 len: 406 time: 0.0501769
2026-06-26 04:47:17.960 9 INFO neutron.wsgi [None req-d4c74940-1894-402a-948c-37a415ac8db5 75eee18c90224c828c175709be07c2a9 68765aa9d0bc498ab8b1d8501b8955fa - - default default] 10.0.0.66 "GET /v2.0/subnetpools/90019016-9dac-4db6-9625-59c43286f574/tags HTTP/1.1" status: 200 len: 223 time: 0.0303302
2026-06-26 04:47:17.996 10 INFO neutron.api.v2.resource [None req-621abdf5-7d2f-4cef-b260-9e2abfa1d648 75eee18c90224c828c175709be07c2a9 68765aa9d0bc498ab8b1d8501b8955fa - - - -] delete failed (client error): The resource could not be found.
2026-06-26 04:47:17.998 10 INFO neutron.wsgi [None req-621abdf5-7d2f-4cef-b260-9e2abfa1d648 75eee18c90224c828c175709be07c2a9 68765aa9d0bc498ab8b1d8501b8955fa - - - -] 10.0.0.66 "DELETE /v2.0/subnetpools/90019016-9dac-4db6-9625-59c43286f574/tags/green HTTP/1.1" status: 404 len: 299 time: 0.0276043
2026-06-26 04:47:18.011 9 INFO neutron.db.ovn_revision_numbers_db [None req-1a752d78-2def-4dcd-b365-16b98e885168 5aece556be5c4597b45ae4ca8968f208 1963e81d3b9447b09c7dede164a08ae2 - - - -] Successfully bumped revision number for resource ff774bd4-8cf5-4caf-8610-543e76546d4e (type: ports) to 2
2026-06-26 04:47:18.027 9 INFO neutron.wsgi [None req-8a24e06f-3042-4a17-beb6-0e2ec1d1536e f5042b4f8d6c40a99c2eb65081170e25 2875bef471dc4a46bb5371191e41f5c3 - - - -] 10.0.0.66 "DELETE /v2.0/security-group-rules/2a12823a-3a13-450e-ac9f-20616a0b8598 HTTP/1.1" status: 204 len: 168 time: 0.1402292
2026-06-26 04:47:18.040 10 INFO neutron.wsgi [None req-3018c4ae-9385-4e99-8381-da615a0863e8 75eee18c90224c828c175709be07c2a9 68765aa9d0bc498ab8b1d8501b8955fa - - - -] 10.0.0.66 "DELETE /v2.0/subnetpools/90019016-9dac-4db6-9625-59c43286f574/tags HTTP/1.1" status: 204 len: 168 time: 0.0355895
2026-06-26 04:47:18.066 10 INFO neutron.wsgi [None req-0096b992-4c7f-4909-929e-952ba064c516 75eee18c90224c828c175709be07c2a9 68765aa9d0bc498ab8b1d8501b8955fa - - default default] 10.0.0.66 "GET /v2.0/subnetpools/90019016-9dac-4db6-9625-59c43286f574/tags HTTP/1.1" status: 200 len: 205 time: 0.0201898
2026-06-26 04:47:18.075 9 INFO neutron.wsgi [None req-4acefaaf-8f9a-4528-9ce7-74efa85ea7ad f5042b4f8d6c40a99c2eb65081170e25 2875bef471dc4a46bb5371191e41f5c3 - - default default] 10.0.0.66 "GET /v2.0/security-group-rules HTTP/1.1" status: 200 len: 3567 time: 0.0408349
2026-06-26 04:47:18.129 10 INFO neutron.wsgi [None req-d3a94cdb-3e3b-4d3e-9542-382b2fedbacb 75eee18c90224c828c175709be07c2a9 68765aa9d0bc498ab8b1d8501b8955fa - - - -] 10.0.0.66 "DELETE /v2.0/subnetpools/90019016-9dac-4db6-9625-59c43286f574 HTTP/1.1" status: 204 len: 168 time: 0.0575805
2026-06-26 04:47:18.211 10 INFO neutron.db.ovn_revision_numbers_db [None req-b9b9b7d8-d35c-4924-b0be-9a3f109db93e f5042b4f8d6c40a99c2eb65081170e25 2875bef471dc4a46bb5371191e41f5c3 - - - -] Successfully bumped revision number for resource 5c13b582-074a-4455-a5f0-980e2f28312f (type: security_group_rules) to 0
2026-06-26 04:47:18.217 9 INFO neutron.db.ovn_revision_numbers_db [None req-1a752d78-2def-4dcd-b365-16b98e885168 5aece556be5c4597b45ae4ca8968f208 1963e81d3b9447b09c7dede164a08ae2 - - - -] Successfully bumped revision number for resource ff774bd4-8cf5-4caf-8610-543e76546d4e (type: ports) to 2
2026-06-26 04:47:18.234 9 INFO neutron.wsgi [None req-1a752d78-2def-4dcd-b365-16b98e885168 5aece556be5c4597b45ae4ca8968f208 1963e81d3b9447b09c7dede164a08ae2 - - - -] 199.204.45.177 "PUT /v2.0/ports/ff774bd4-8cf5-4caf-8610-543e76546d4e HTTP/1.1" status: 200 len: 1367 time: 0.7561519
2026-06-26 04:47:18.242 10 INFO neutron.wsgi [None req-b9b9b7d8-d35c-4924-b0be-9a3f109db93e f5042b4f8d6c40a99c2eb65081170e25 2875bef471dc4a46bb5371191e41f5c3 - - - -] 10.0.0.66 "POST /v2.0/security-group-rules HTTP/1.1" status: 201 len: 768 time: 0.1619644 /var/lib/openstack/lib/python3.10/site-packages/pycadf/identifier.py:71: UserWarning: Invalid uuid: neutron. To ensure interoperability, identifiers should be a valid uuid. warnings.warn(('Invalid uuid: %s. To ensure interoperability, '
2026-06-26 04:47:18.264 9 INFO neutron.wsgi [None req-764c3c6f-7e44-42ac-99f1-3b7e1b6d6367 f5042b4f8d6c40a99c2eb65081170e25 2875bef471dc4a46bb5371191e41f5c3 - - default default] 10.0.0.66 "GET /v2.0/security-group-rules/5c13b582-074a-4455-a5f0-980e2f28312f HTTP/1.1" status: 200 len: 763 time: 0.0173483
2026-06-26 04:47:18.270 9 INFO neutron.notifiers.nova [-] Nova event matching ['req-9dba9d1a-76c7-4cf3-8f74-c1beab61ed0f'] response: {'name': 'network-changed', 'server_uuid': '894c76bd-6335-486b-a630-58dad850c95a', 'tag': 'ff774bd4-8cf5-4caf-8610-543e76546d4e', 'status': 'completed', 'code': 200}
2026-06-26 04:47:18.309 9 INFO neutron.wsgi [req-96011507-4a72-424a-80c8-3c81778edecc req-989b3075-708f-4cae-9dfb-2a1cff887ff9 5aece556be5c4597b45ae4ca8968f208 1963e81d3b9447b09c7dede164a08ae2 - - ab14bc3c683241efb1bd8ca3b3626608 ab14bc3c683241efb1bd8ca3b3626608] 199.204.45.177 "GET /v2.0/ports?tenant_id=6e4abdece8214dd38da5b32218015683&device_id=894c76bd-6335-486b-a630-58dad850c95a HTTP/1.1" status: 200 len: 1398 time: 0.0347023
2026-06-26 04:47:18.315 9 INFO neutron.wsgi [None req-91bc87bb-9edb-4d75-a7f8-7ef25b363b85 f5042b4f8d6c40a99c2eb65081170e25 2875bef471dc4a46bb5371191e41f5c3 - - default default] 10.0.0.66 "GET /v2.0/security-group-rules HTTP/1.1" status: 200 len: 4113 time: 0.0465255
2026-06-26 04:47:18.341 9 INFO neutron.wsgi [req-96011507-4a72-424a-80c8-3c81778edecc req-0dd9c4f6-869c-4b17-8785-e9a09acd400a 5aece556be5c4597b45ae4ca8968f208 1963e81d3b9447b09c7dede164a08ae2 - - ab14bc3c683241efb1bd8ca3b3626608 ab14bc3c683241efb1bd8ca3b3626608] 199.204.45.177 "GET /v2.0/floatingips?fixed_ip_address=10.100.0.5&port_id=ff774bd4-8cf5-4caf-8610-543e76546d4e HTTP/1.1" status: 200 len: 217 time: 0.0244687
2026-06-26 04:47:18.391 9 INFO neutron.wsgi [req-96011507-4a72-424a-80c8-3c81778edecc req-f1538e98-b9d2-4e88-9d0f-04fdf932195c 5aece556be5c4597b45ae4ca8968f208 1963e81d3b9447b09c7dede164a08ae2 - - ab14bc3c683241efb1bd8ca3b3626608 ab14bc3c683241efb1bd8ca3b3626608] 199.204.45.177 "GET /v2.0/subnets?id=e13c007e-7aae-4b45-b59f-337bf1bf7cdc HTTP/1.1" status: 200 len: 865 time: 0.0426421
2026-06-26 04:47:18.422 9 INFO neutron.wsgi [req-96011507-4a72-424a-80c8-3c81778edecc req-6e7c894d-b2ce-470b-97e1-e9da56764b43 5aece556be5c4597b45ae4ca8968f208 1963e81d3b9447b09c7dede164a08ae2 - - ab14bc3c683241efb1bd8ca3b3626608 ab14bc3c683241efb1bd8ca3b3626608] 199.204.45.177 "GET /v2.0/ports?network_id=7d081ba5-249f-4e23-aa3d-d699ed5cf5da&device_owner=network%3Adhcp HTTP/1.1" status: 200 len: 210 time: 0.0228701
2026-06-26 04:47:18.423 10 INFO neutron.wsgi [None req-f5f00de0-bb0f-4c26-ab4f-d24de02a3213 f5042b4f8d6c40a99c2eb65081170e25 2875bef471dc4a46bb5371191e41f5c3 - - - -] 10.0.0.66 "DELETE /v2.0/security-group-rules/5c13b582-074a-4455-a5f0-980e2f28312f HTTP/1.1" status: 204 len: 168 time: 0.1017516
2026-06-26 04:47:18.456 10 INFO neutron.wsgi [None req-31130550-84ba-4c27-9b32-8d83496c593f f5042b4f8d6c40a99c2eb65081170e25 2875bef471dc4a46bb5371191e41f5c3 - - default default] 10.0.0.66 "GET /v2.0/security-group-rules HTTP/1.1" status: 200 len: 3567 time: 0.0282924
2026-06-26 04:47:18.490 9 INFO neutron.wsgi [req-96011507-4a72-424a-80c8-3c81778edecc req-48436ba9-7898-4898-bc30-17d53625b9a2 5aece556be5c4597b45ae4ca8968f208 1963e81d3b9447b09c7dede164a08ae2 - - ab14bc3c683241efb1bd8ca3b3626608 ab14bc3c683241efb1bd8ca3b3626608] 199.204.45.177 "GET /v2.0/networks/7d081ba5-249f-4e23-aa3d-d699ed5cf5da?fields=segments HTTP/1.1" status: 200 len: 212 time: 0.0580368
2026-06-26 04:47:18.558 9 INFO neutron.wsgi [req-96011507-4a72-424a-80c8-3c81778edecc req-d53e407f-431d-4b53-9ff6-d71ec7a9ca2f 5aece556be5c4597b45ae4ca8968f208 1963e81d3b9447b09c7dede164a08ae2 - - ab14bc3c683241efb1bd8ca3b3626608 ab14bc3c683241efb1bd8ca3b3626608] 199.204.45.177 "GET /v2.0/networks/7d081ba5-249f-4e23-aa3d-d699ed5cf5da?fields=provider%3Aphysical_network&fields=provider%3Anetwork_type HTTP/1.1" status: 200 len: 277 time: 0.0631163
2026-06-26 04:47:18.580 10 INFO neutron.db.ovn_revision_numbers_db [None req-1f399efd-eb29-4864-af03-42dabd160351 f5042b4f8d6c40a99c2eb65081170e25 2875bef471dc4a46bb5371191e41f5c3 - - - -] Successfully bumped revision number for resource d1d49456-0288-42ff-9be7-d74ee9de2f57 (type: security_group_rules) to 0
2026-06-26 04:47:18.607 10 INFO neutron.wsgi [None req-1f399efd-eb29-4864-af03-42dabd160351 f5042b4f8d6c40a99c2eb65081170e25 2875bef471dc4a46bb5371191e41f5c3 - - - -] 10.0.0.66 "POST /v2.0/security-group-rules HTTP/1.1" status: 201 len: 769 time: 0.1460600
2026-06-26 04:47:18.642 10 INFO neutron.wsgi [None req-eb10c841-a184-48e2-a666-4b8e0a0b8c5c f5042b4f8d6c40a99c2eb65081170e25 2875bef471dc4a46bb5371191e41f5c3 - - default default] 10.0.0.66 "GET /v2.0/security-group-rules/d1d49456-0288-42ff-9be7-d74ee9de2f57 HTTP/1.1" status: 200 len: 764 time: 0.0224009
2026-06-26 04:47:18.648 9 INFO neutron.wsgi [req-5e7d239f-2d92-4238-8c3e-412076d9dd32 req-e36b908d-c817-48fa-8640-a6140395fc96 5aece556be5c4597b45ae4ca8968f208 1963e81d3b9447b09c7dede164a08ae2 - - ab14bc3c683241efb1bd8ca3b3626608 ab14bc3c683241efb1bd8ca3b3626608] 199.204.45.177 "GET /v2.0/ports?tenant_id=6e4abdece8214dd38da5b32218015683&device_id=894c76bd-6335-486b-a630-58dad850c95a HTTP/1.1" status: 200 len: 1398 time: 0.0359876
2026-06-26 04:47:18.682 10 INFO neutron.wsgi [None req-acca1613-d33b-4dd7-805e-39a71ec23f07 f5042b4f8d6c40a99c2eb65081170e25 2875bef471dc4a46bb5371191e41f5c3 - - default default] 10.0.0.66 "GET /v2.0/security-group-rules HTTP/1.1" status: 200 len: 4114 time: 0.0350609
2026-06-26 04:47:18.724 9 INFO neutron.wsgi [req-5e7d239f-2d92-4238-8c3e-412076d9dd32 req-61fbb1f6-9e54-49cf-857d-1f5b851b62df 5aece556be5c4597b45ae4ca8968f208 1963e81d3b9447b09c7dede164a08ae2 - - ab14bc3c683241efb1bd8ca3b3626608 ab14bc3c683241efb1bd8ca3b3626608] 199.204.45.177 "GET /v2.0/networks?id=7d081ba5-249f-4e23-aa3d-d699ed5cf5da HTTP/1.1" status: 200 len: 970 time: 0.0662415
2026-06-26 04:47:18.773 9 INFO neutron.wsgi [req-5e7d239f-2d92-4238-8c3e-412076d9dd32 req-b11e82cf-7b37-4c03-961e-e4b062658151 5aece556be5c4597b45ae4ca8968f208 1963e81d3b9447b09c7dede164a08ae2 - - ab14bc3c683241efb1bd8ca3b3626608 ab14bc3c683241efb1bd8ca3b3626608] 199.204.45.177 "GET /v2.0/floatingips?fixed_ip_address=10.100.0.5&port_id=ff774bd4-8cf5-4caf-8610-543e76546d4e HTTP/1.1" status: 200 len: 217 time: 0.0438709
2026-06-26 04:47:18.802 10 INFO neutron.wsgi [None req-a69f5396-cbfc-4989-b894-c8416b1eed9d f5042b4f8d6c40a99c2eb65081170e25 2875bef471dc4a46bb5371191e41f5c3 - - - -] 10.0.0.66 "DELETE /v2.0/security-group-rules/d1d49456-0288-42ff-9be7-d74ee9de2f57 HTTP/1.1" status: 204 len: 168 time: 0.1140769
2026-06-26 04:47:18.809 9 INFO neutron.wsgi [req-a90ebe17-a29c-425e-84d7-4fdc5162f788 req-4fef07d5-1ea8-404e-8b2c-1fd80787961d 5aece556be5c4597b45ae4ca8968f208 1963e81d3b9447b09c7dede164a08ae2 - - ab14bc3c683241efb1bd8ca3b3626608 ab14bc3c683241efb1bd8ca3b3626608] 199.204.45.177 "GET /v2.0/ports?device_id=894c76bd-6335-486b-a630-58dad850c95a HTTP/1.1" status: 200 len: 1398 time: 0.0652490
2026-06-26 04:47:18.831 9 INFO neutron.wsgi [req-5e7d239f-2d92-4238-8c3e-412076d9dd32 req-6c9efd9d-6862-4326-b742-fa8183434f55 5aece556be5c4597b45ae4ca8968f208 1963e81d3b9447b09c7dede164a08ae2 - - ab14bc3c683241efb1bd8ca3b3626608 ab14bc3c683241efb1bd8ca3b3626608] 199.204.45.177 "GET /v2.0/subnets?id=e13c007e-7aae-4b45-b59f-337bf1bf7cdc HTTP/1.1" status: 200 len: 865 time: 0.0456653
2026-06-26 04:47:18.842 10 INFO neutron.wsgi [None req-bebcf1d3-1e42-4c1f-8451-0f3233dd439e f5042b4f8d6c40a99c2eb65081170e25 2875bef471dc4a46bb5371191e41f5c3 - - default default] 10.0.0.66 "GET /v2.0/security-group-rules HTTP/1.1" status: 200 len: 3567 time: 0.0313826
2026-06-26 04:47:18.869 9 INFO neutron.wsgi [req-5e7d239f-2d92-4238-8c3e-412076d9dd32 req-ba44331d-e6da-4c5a-a407-b1a410003544 5aece556be5c4597b45ae4ca8968f208 1963e81d3b9447b09c7dede164a08ae2 - - ab14bc3c683241efb1bd8ca3b3626608 ab14bc3c683241efb1bd8ca3b3626608] 199.204.45.177 "GET /v2.0/ports?network_id=7d081ba5-249f-4e23-aa3d-d699ed5cf5da&device_owner=network%3Adhcp HTTP/1.1" status: 200 len: 210 time: 0.0302365
2026-06-26 04:47:18.871 9 INFO neutron.wsgi [req-a90ebe17-a29c-425e-84d7-4fdc5162f788 req-afa26482-276d-42b9-9785-192e462a88ef 5aece556be5c4597b45ae4ca8968f208 1963e81d3b9447b09c7dede164a08ae2 - - ab14bc3c683241efb1bd8ca3b3626608 ab14bc3c683241efb1bd8ca3b3626608] 199.204.45.177 "GET /v2.0/security-groups?id=40150b8c-7f42-497e-8168-e0ef117b10a0&id=8d269748-0d60-49ea-847a-ef163f9358d5&fields=id&fields=name HTTP/1.1" status: 200 len: 406 time: 0.0567968
2026-06-26 04:47:18.980 10 INFO neutron.wsgi [None req-f50e1057-2fc3-461f-b858-ac1dd39e5e2b f5042b4f8d6c40a99c2eb65081170e25 2875bef471dc4a46bb5371191e41f5c3 - - - -] 10.0.0.66 "DELETE /v2.0/security-groups/5563879d-5437-438e-9a54-ff9423328300 HTTP/1.1" status: 204 len: 168 time: 0.1312618
2026-06-26 04:47:18.987 9 INFO neutron.wsgi [req-5e7d239f-2d92-4238-8c3e-412076d9dd32 req-76716256-cc6b-4b15-9e6c-80ef7f427fe5 5aece556be5c4597b45ae4ca8968f208 1963e81d3b9447b09c7dede164a08ae2 - - ab14bc3c683241efb1bd8ca3b3626608 ab14bc3c683241efb1bd8ca3b3626608] 199.204.45.177 "GET /v2.0/networks/7d081ba5-249f-4e23-aa3d-d699ed5cf5da?fields=segments HTTP/1.1" status: 200 len: 212 time: 0.0835223
2026-06-26 04:47:19.007 9 INFO neutron.plugins.ml2.drivers.ovn.mech_driver.mech_driver [None req-2c575510-7952-4175-ba50-46335c36ee66 - - - - - -] OVN reports status up for port: ff774bd4-8cf5-4caf-8610-543e76546d4e
2026-06-26 04:47:19.033 9 INFO neutron.plugins.ml2.plugin [None req-2c575510-7952-4175-ba50-46335c36ee66 - - - - - -] Attempt 1 to provision port ff774bd4-8cf5-4caf-8610-543e76546d4e
2026-06-26 04:47:19.061 10 INFO neutron.wsgi [None req-f313888c-f417-4b92-9aa5-ea5b36327b80 f5042b4f8d6c40a99c2eb65081170e25 2875bef471dc4a46bb5371191e41f5c3 - - default default] 10.0.0.66 "GET /v2.0/security-groups HTTP/1.1" status: 200 len: 2996 time: 0.0695031
2026-06-26 04:47:19.121 9 INFO neutron.wsgi [req-5e7d239f-2d92-4238-8c3e-412076d9dd32 req-dd969f93-d7ae-48e2-9f5c-1e3aab6b3709 5aece556be5c4597b45ae4ca8968f208 1963e81d3b9447b09c7dede164a08ae2 - - ab14bc3c683241efb1bd8ca3b3626608 ab14bc3c683241efb1bd8ca3b3626608] 199.204.45.177 "GET /v2.0/networks/7d081ba5-249f-4e23-aa3d-d699ed5cf5da?fields=provider%3Aphysical_network&fields=provider%3Anetwork_type HTTP/1.1" status: 200 len: 277 time: 0.1266339
2026-06-26 04:47:19.140 10 INFO neutron.wsgi [req-c553c709-7194-42d6-9139-0b0250d34dbb req-f0b2a873-1ac9-432c-952e-af0f4947a646 89ac57fd519945f7a15489b08180844e 6e4abdece8214dd38da5b32218015683 - - default default] 10.0.0.222 "GET /v2.0/ports?device_id=894c76bd-6335-486b-a630-58dad850c95a HTTP/1.1" status: 200 len: 1208 time: 0.0875137
2026-06-26 04:47:19.160 9 INFO neutron.wsgi [None req-64d9a7d6-75ab-4143-84c1-e823fc82a3e4 f5042b4f8d6c40a99c2eb65081170e25 2875bef471dc4a46bb5371191e41f5c3 - - default default] 10.0.0.66 "GET /v2.0/security-groups HTTP/1.1" status: 200 len: 2996 time: 0.0896482
2026-06-26 04:47:19.167 9 INFO neutron.db.ovn_revision_numbers_db [None req-260a4212-6856-4477-ba6a-18885a84cf1b fa6ee0307e9e4c598e0fc0ad83969e72 b902d3189ef64166b07841c641636341 - - default default] Successfully bumped revision number for resource 2ffc059c-48c6-4427-9f71-22a3e34fe126 (type: security_groups) to 1
2026-06-26 04:47:19.201 9 INFO neutron.wsgi [None req-260a4212-6856-4477-ba6a-18885a84cf1b fa6ee0307e9e4c598e0fc0ad83969e72 b902d3189ef64166b07841c641636341 - - default default] 10.0.0.66 "GET /v2.0/security-groups?tenant_id=03bc8b4338904145badec0532da44741&name=default HTTP/1.1" status: 200 len: 2996 time: 0.4597468
2026-06-26 04:47:19.211 10 INFO neutron.wsgi [req-c553c709-7194-42d6-9139-0b0250d34dbb req-af2c76c1-c381-4bf5-87e5-67a602de2126 89ac57fd519945f7a15489b08180844e 6e4abdece8214dd38da5b32218015683 - - default default] 10.0.0.222 "GET /v2.0/security-groups?id=8d269748-0d60-49ea-847a-ef163f9358d5&id=40150b8c-7f42-497e-8168-e0ef117b10a0&fields=id&fields=name HTTP/1.1" status: 200 len: 406 time: 0.0624261
2026-06-26 04:47:19.407 9 INFO neutron.db.ovn_revision_numbers_db [None req-2c575510-7952-4175-ba50-46335c36ee66 - - - - - -] Successfully bumped revision number for resource ff774bd4-8cf5-4caf-8610-543e76546d4e (type: ports) to 4
2026-06-26 04:47:19.445 10 INFO neutron.wsgi [None req-2e229097-c940-40c1-9c40-a155b49eb125 fa6ee0307e9e4c598e0fc0ad83969e72 b902d3189ef64166b07841c641636341 - - - -] 10.0.0.66 "DELETE /v2.0/security-groups/2ffc059c-48c6-4427-9f71-22a3e34fe126 HTTP/1.1" status: 204 len: 168 time: 0.2300713
2026-06-26 04:47:19.849 10 INFO neutron.db.ovn_revision_numbers_db [None req-aab6ba85-d77c-4621-9f6c-96ddb153a40d fa6ee0307e9e4c598e0fc0ad83969e72 b902d3189ef64166b07841c641636341 - - default default] Successfully bumped revision number for resource ff1f4d06-2f94-460a-b3ce-4fd4d3955afe (type: security_groups) to 1
2026-06-26 04:47:19.872 10 INFO neutron.wsgi [None req-aab6ba85-d77c-4621-9f6c-96ddb153a40d fa6ee0307e9e4c598e0fc0ad83969e72 b902d3189ef64166b07841c641636341 - - default default] 10.0.0.66 "GET /v2.0/security-groups?tenant_id=68765aa9d0bc498ab8b1d8501b8955fa&name=default HTTP/1.1" status: 200 len: 2996 time: 0.1347287
2026-06-26 04:47:20.012 10 INFO neutron.wsgi [None req-6dcf2012-ff95-40dd-aefa-09897a849dc4 fa6ee0307e9e4c598e0fc0ad83969e72 b902d3189ef64166b07841c641636341 - - default default] 10.0.0.66 "GET /v2.0/security-groups?tenant_id=2875bef471dc4a46bb5371191e41f5c3&name=default HTTP/1.1" status: 200 len: 2996 time: 0.3070388 /var/lib/openstack/lib/python3.10/site-packages/pycadf/identifier.py:71: UserWarning: Invalid uuid: neutron. To ensure interoperability, identifiers should be a valid uuid. warnings.warn(('Invalid uuid: %s. To ensure interoperability, '
2026-06-26 04:47:20.124 10 INFO neutron.wsgi [None req-ebfd359f-a4b1-400e-8a89-51b690347a77 fa6ee0307e9e4c598e0fc0ad83969e72 b902d3189ef64166b07841c641636341 - - - -] 10.0.0.66 "DELETE /v2.0/security-groups/ff1f4d06-2f94-460a-b3ce-4fd4d3955afe HTTP/1.1" status: 204 len: 168 time: 0.2434053
2026-06-26 04:47:20.227 9 INFO neutron.wsgi [None req-f56f25b4-f827-4a65-8f4c-7c4d20a49536 fa6ee0307e9e4c598e0fc0ad83969e72 b902d3189ef64166b07841c641636341 - - - -] 10.0.0.66 "DELETE /v2.0/security-groups/d2f9d9bf-9fed-4664-bd74-1c81d638bebd HTTP/1.1" status: 204 len: 168 time: 0.2026191
2026-06-26 04:47:20.319 9 INFO neutron.notifiers.nova [-] Nova event matching ['req-ae15ee97-0fd5-42ff-b5bb-492ee904dac4'] response: {'server_uuid': '894c76bd-6335-486b-a630-58dad850c95a', 'name': 'network-vif-plugged', 'status': 'completed', 'tag': 'ff774bd4-8cf5-4caf-8610-543e76546d4e', 'code': 200}
2026-06-26 04:47:20.319 9 INFO neutron.notifiers.nova [-] Nova event matching ['req-ae15ee97-0fd5-42ff-b5bb-492ee904dac4'] response: {'server_uuid': '894c76bd-6335-486b-a630-58dad850c95a', 'name': 'network-vif-plugged', 'status': 'completed', 'tag': 'ff774bd4-8cf5-4caf-8610-543e76546d4e', 'code': 200}
2026-06-26 04:47:20.394 10 INFO neutron.wsgi [req-3d365c71-5a05-448b-89d6-ef64d27525d8 req-13ab659f-e50b-414f-9725-0b7e990adaac 89ac57fd519945f7a15489b08180844e 6e4abdece8214dd38da5b32218015683 - - default default] 10.0.0.222 "GET /v2.0/ports?device_id=894c76bd-6335-486b-a630-58dad850c95a HTTP/1.1" status: 200 len: 1210 time: 0.1070559
2026-06-26 04:47:20.451 10 INFO neutron.wsgi [req-3d365c71-5a05-448b-89d6-ef64d27525d8 req-1c0a4d9e-ee89-4f0b-8814-3b1be7aa7139 89ac57fd519945f7a15489b08180844e 6e4abdece8214dd38da5b32218015683 - - default default] 10.0.0.222 "GET /v2.0/security-groups?id=8d269748-0d60-49ea-847a-ef163f9358d5&id=40150b8c-7f42-497e-8168-e0ef117b10a0&fields=id&fields=name HTTP/1.1" status: 200 len: 406 time: 0.0510659
2026-06-26 04:47:20.891 9 INFO neutron.db.ovn_revision_numbers_db [None req-7471839f-a05a-46c3-a0de-e7aebbf3acad 028d2052d6304beb98e6134835c683a0 1e8b33e2b6ad4e38bc11c50834103820 - - - -] Successfully bumped revision number for resource 4bebef61-5ce2-463b-a2f2-fc0d70a586b0 (type: security_groups) to 1
2026-06-26 04:47:20.942 9 INFO neutron.db.segments_db [None req-7471839f-a05a-46c3-a0de-e7aebbf3acad 028d2052d6304beb98e6134835c683a0 1e8b33e2b6ad4e38bc11c50834103820 - - - -] Added segment c6a31f13-5b96-4530-84e8-e16c6fd126a1 of type geneve for network a2e59b87-b6b2-4fa7-93e2-6e1c0a232fb9
2026-06-26 04:47:21.081 9 INFO neutron.db.ovn_revision_numbers_db [None req-7471839f-a05a-46c3-a0de-e7aebbf3acad 028d2052d6304beb98e6134835c683a0 1e8b33e2b6ad4e38bc11c50834103820 - - - -] Successfully bumped revision number for resource a2e59b87-b6b2-4fa7-93e2-6e1c0a232fb9 (type: networks) to 1
2026-06-26 04:47:21.283 9 WARNING neutron.scheduler.dhcp_agent_scheduler [None req-7471839f-a05a-46c3-a0de-e7aebbf3acad 028d2052d6304beb98e6134835c683a0 1e8b33e2b6ad4e38bc11c50834103820 - - - -] No more DHCP agents
2026-06-26 04:47:21.286 9 WARNING neutron.api.rpc.agentnotifiers.dhcp_rpc_agent_api [None req-7471839f-a05a-46c3-a0de-e7aebbf3acad 028d2052d6304beb98e6134835c683a0 1e8b33e2b6ad4e38bc11c50834103820 - - - -] Unable to schedule network a2e59b87-b6b2-4fa7-93e2-6e1c0a232fb9: no agents available; will retry on subsequent port and subnet creation events.
2026-06-26 04:47:21.362 9 INFO neutron.db.ovn_revision_numbers_db [None req-7471839f-a05a-46c3-a0de-e7aebbf3acad 028d2052d6304beb98e6134835c683a0 1e8b33e2b6ad4e38bc11c50834103820 - - - -] Successfully bumped revision number for resource 492aa9f3-b605-430e-9886-ed32faa9e0f4 (type: ports) to 1
2026-06-26 04:47:21.384 9 INFO neutron.wsgi [None req-7471839f-a05a-46c3-a0de-e7aebbf3acad 028d2052d6304beb98e6134835c683a0 1e8b33e2b6ad4e38bc11c50834103820 - - - -] 10.0.0.66 "POST /v2.0/networks HTTP/1.1" status: 201 len: 830 time: 0.9480302
2026-06-26 04:47:21.594 10 INFO neutron.wsgi [req-717e0a81-0806-44b0-bc0a-a2426f316c0c req-c53191a4-417e-4135-a6d2-f54a2511832f 89ac57fd519945f7a15489b08180844e 6e4abdece8214dd38da5b32218015683 - - default default] 10.0.0.222 "GET /v2.0/ports?device_id=894c76bd-6335-486b-a630-58dad850c95a HTTP/1.1" status: 200 len: 1210 time: 0.0561612
2026-06-26 04:47:21.650 10 INFO neutron.wsgi [req-717e0a81-0806-44b0-bc0a-a2426f316c0c req-140abf53-8244-4ee7-88e1-a30f98b6fad5 89ac57fd519945f7a15489b08180844e 6e4abdece8214dd38da5b32218015683 - - default default] 10.0.0.222 "GET /v2.0/security-groups?id=8d269748-0d60-49ea-847a-ef163f9358d5&id=40150b8c-7f42-497e-8168-e0ef117b10a0&fields=id&fields=name HTTP/1.1" status: 200 len: 406 time: 0.0436764
2026-06-26 04:47:21.707 9 WARNING neutron.scheduler.dhcp_agent_scheduler [None req-0fd5f860-7d1c-4bd5-96aa-aba585a4dc09 028d2052d6304beb98e6134835c683a0 1e8b33e2b6ad4e38bc11c50834103820 - - - -] No more DHCP agents
2026-06-26 04:47:21.710 9 WARNING neutron.api.rpc.agentnotifiers.dhcp_rpc_agent_api [None req-0fd5f860-7d1c-4bd5-96aa-aba585a4dc09 028d2052d6304beb98e6134835c683a0 1e8b33e2b6ad4e38bc11c50834103820 - - - -] Unable to schedule network a2e59b87-b6b2-4fa7-93e2-6e1c0a232fb9: no agents available; will retry on subsequent port and subnet creation events.
2026-06-26 04:47:21.760 10 INFO neutron.wsgi [req-ee04f62b-d63b-4b01-a7a4-8676c9f0ad1a req-40ae0951-2ec0-4ba9-a1b5-b137681964ad 89ac57fd519945f7a15489b08180844e 6e4abdece8214dd38da5b32218015683 - - default default] 10.0.0.222 "GET /v2.0/ports?device_id=894c76bd-6335-486b-a630-58dad850c95a HTTP/1.1" status: 200 len: 1210 time: 0.0451441
2026-06-26 04:47:22.040 9 INFO neutron.db.l3_db [None req-b17f8c9d-976f-4143-9990-b5c24a591cb0 89ac57fd519945f7a15489b08180844e 6e4abdece8214dd38da5b32218015683 - - - -] Floating IP 97a66161-66d9-4cb5-af61-a2a0254f7708 associated. External IP: 10.96.250.220, port: ff774bd4-8cf5-4caf-8610-543e76546d4e.
2026-06-26 04:47:22.597 9 INFO neutron.wsgi [-] 10.0.0.37 "GET / HTTP/1.1" status: 200 len: 247 time: 0.0013444
2026-06-26 04:47:22.598 10 INFO neutron.wsgi [-] 10.0.0.37 "GET / HTTP/1.1" status: 200 len: 247 time: 0.0021157
2026-06-26 04:47:22.687 9 INFO neutron.db.ovn_revision_numbers_db [None req-b17f8c9d-976f-4143-9990-b5c24a591cb0 89ac57fd519945f7a15489b08180844e 6e4abdece8214dd38da5b32218015683 - - - -] Successfully bumped revision number for resource 97a66161-66d9-4cb5-af61-a2a0254f7708 (type: floatingips) to 1
2026-06-26 04:47:22.799 9 INFO neutron.db.ovn_revision_numbers_db [None req-b17f8c9d-976f-4143-9990-b5c24a591cb0 89ac57fd519945f7a15489b08180844e 6e4abdece8214dd38da5b32218015683 - - - -] Successfully bumped revision number for resource 97a66161-66d9-4cb5-af61-a2a0254f7708 (type: floatingips) to 2
2026-06-26 04:47:22.802 9 INFO neutron.db.ovn_revision_numbers_db [None req-0fd5f860-7d1c-4bd5-96aa-aba585a4dc09 028d2052d6304beb98e6134835c683a0 1e8b33e2b6ad4e38bc11c50834103820 - - - -] Successfully bumped revision number for resource 492aa9f3-b605-430e-9886-ed32faa9e0f4 (type: ports) to 2
2026-06-26 04:47:22.826 9 INFO neutron.wsgi [None req-b17f8c9d-976f-4143-9990-b5c24a591cb0 89ac57fd519945f7a15489b08180844e 6e4abdece8214dd38da5b32218015683 - - - -] 10.0.0.66 "PUT /v2.0/floatingips/97a66161-66d9-4cb5-af61-a2a0254f7708 HTTP/1.1" status: 200 len: 1049 time: 1.0513413
2026-06-26 04:47:22.834 9 INFO neutron.db.ovn_revision_numbers_db [None req-0fd5f860-7d1c-4bd5-96aa-aba585a4dc09 028d2052d6304beb98e6134835c683a0 1e8b33e2b6ad4e38bc11c50834103820 - - - -] Successfully bumped revision number for resource e3ba5f60-9115-4d9c-9a74-a86688ac290a (type: subnets) to 0
2026-06-26 04:47:22.847 9 INFO neutron.wsgi [None req-0fd5f860-7d1c-4bd5-96aa-aba585a4dc09 028d2052d6304beb98e6134835c683a0 1e8b33e2b6ad4e38bc11c50834103820 - - - -] 10.0.0.66 "POST /v2.0/subnets HTTP/1.1" status: 201 len: 801 time: 1.4577336 /var/lib/openstack/lib/python3.10/site-packages/pycadf/identifier.py:71: UserWarning: Invalid uuid: neutron. To ensure interoperability, identifiers should be a valid uuid. warnings.warn(('Invalid uuid: %s. To ensure interoperability, '
2026-06-26 04:47:22.872 9 INFO neutron.notifiers.nova [-] Nova event matching ['req-68989ede-3997-4222-8d37-3193826887ae'] response: {'name': 'network-changed', 'server_uuid': '894c76bd-6335-486b-a630-58dad850c95a', 'tag': 'ff774bd4-8cf5-4caf-8610-543e76546d4e', 'status': 'completed', 'code': 200}
2026-06-26 04:47:22.926 9 INFO neutron.wsgi [req-3d73df4b-f497-4315-bdc6-8dc00fc47ece req-b6a91587-ab5b-4872-bef4-db87cbe8862a 5aece556be5c4597b45ae4ca8968f208 1963e81d3b9447b09c7dede164a08ae2 - - ab14bc3c683241efb1bd8ca3b3626608 ab14bc3c683241efb1bd8ca3b3626608] 199.204.45.177 "GET /v2.0/ports?tenant_id=6e4abdece8214dd38da5b32218015683&device_id=894c76bd-6335-486b-a630-58dad850c95a HTTP/1.1" status: 200 len: 1400 time: 0.0265594
2026-06-26 04:47:22.953 9 INFO neutron.db.segments_db [None req-4139aef0-6536-484b-b79f-56301e1dc17e 028d2052d6304beb98e6134835c683a0 1e8b33e2b6ad4e38bc11c50834103820 - - - -] Added segment 03733bb6-cbd4-4a8c-b8b0-5fbdb3794fb6 of type geneve for network d5731b7b-db39-4626-88aa-d394d23053ce
2026-06-26 04:47:23.003 9 INFO neutron.wsgi [req-3d73df4b-f497-4315-bdc6-8dc00fc47ece req-3782577f-4078-4ee3-a543-72966946e25e 5aece556be5c4597b45ae4ca8968f208 1963e81d3b9447b09c7dede164a08ae2 - - ab14bc3c683241efb1bd8ca3b3626608 ab14bc3c683241efb1bd8ca3b3626608] 199.204.45.177 "GET /v2.0/networks?id=7d081ba5-249f-4e23-aa3d-d699ed5cf5da HTTP/1.1" status: 200 len: 970 time: 0.0705099
2026-06-26 04:47:23.073 9 INFO neutron.wsgi [req-3d73df4b-f497-4315-bdc6-8dc00fc47ece req-86fe039d-a1ed-4b83-8b70-afedcd6fdb26 5aece556be5c4597b45ae4ca8968f208 1963e81d3b9447b09c7dede164a08ae2 - - ab14bc3c683241efb1bd8ca3b3626608 ab14bc3c683241efb1bd8ca3b3626608] 199.204.45.177 "GET /v2.0/floatingips?fixed_ip_address=10.100.0.5&port_id=ff774bd4-8cf5-4caf-8610-543e76546d4e HTTP/1.1" status: 200 len: 1059 time: 0.0618920
2026-06-26 04:47:23.135 9 INFO neutron.wsgi [req-3d73df4b-f497-4315-bdc6-8dc00fc47ece req-100e30cf-d227-4ba8-af67-bc31113e5535 5aece556be5c4597b45ae4ca8968f208 1963e81d3b9447b09c7dede164a08ae2 - - ab14bc3c683241efb1bd8ca3b3626608 ab14bc3c683241efb1bd8ca3b3626608] 199.204.45.177 "GET /v2.0/subnets?id=e13c007e-7aae-4b45-b59f-337bf1bf7cdc HTTP/1.1" status: 200 len: 865 time: 0.0521855
2026-06-26 04:47:23.136 9 INFO neutron.db.ovn_revision_numbers_db [None req-4139aef0-6536-484b-b79f-56301e1dc17e 028d2052d6304beb98e6134835c683a0 1e8b33e2b6ad4e38bc11c50834103820 - - - -] Successfully bumped revision number for resource d5731b7b-db39-4626-88aa-d394d23053ce (type: networks) to 1
2026-06-26 04:47:23.172 9 INFO neutron.wsgi [req-3d73df4b-f497-4315-bdc6-8dc00fc47ece req-4303cdbf-c2f9-40e6-8ac7-5b17e4270954 5aece556be5c4597b45ae4ca8968f208 1963e81d3b9447b09c7dede164a08ae2 - - ab14bc3c683241efb1bd8ca3b3626608 ab14bc3c683241efb1bd8ca3b3626608] 199.204.45.177 "GET /v2.0/ports?network_id=7d081ba5-249f-4e23-aa3d-d699ed5cf5da&device_owner=network%3Adhcp HTTP/1.1" status: 200 len: 210 time: 0.0301516
2026-06-26 04:47:23.279 9 INFO neutron.wsgi [req-3d73df4b-f497-4315-bdc6-8dc00fc47ece req-94ca198c-f6c3-40db-b130-1203d8b425b7 5aece556be5c4597b45ae4ca8968f208 1963e81d3b9447b09c7dede164a08ae2 - - ab14bc3c683241efb1bd8ca3b3626608 ab14bc3c683241efb1bd8ca3b3626608] 199.204.45.177 "GET /v2.0/networks/7d081ba5-249f-4e23-aa3d-d699ed5cf5da?fields=segments HTTP/1.1" status: 200 len: 212 time: 0.1003363
2026-06-26 04:47:23.369 9 INFO neutron.wsgi [req-3d73df4b-f497-4315-bdc6-8dc00fc47ece req-5de12594-62b2-4640-8ebd-e0e17a01c595 5aece556be5c4597b45ae4ca8968f208 1963e81d3b9447b09c7dede164a08ae2 - - ab14bc3c683241efb1bd8ca3b3626608 ab14bc3c683241efb1bd8ca3b3626608] 199.204.45.177 "GET /v2.0/networks/7d081ba5-249f-4e23-aa3d-d699ed5cf5da?fields=provider%3Aphysical_network&fields=provider%3Anetwork_type HTTP/1.1" status: 200 len: 277 time: 0.0711386
2026-06-26 04:47:23.412 9 WARNING neutron.scheduler.dhcp_agent_scheduler [None req-4139aef0-6536-484b-b79f-56301e1dc17e 028d2052d6304beb98e6134835c683a0 1e8b33e2b6ad4e38bc11c50834103820 - - - -] No more DHCP agents
2026-06-26 04:47:23.414 9 WARNING neutron.api.rpc.agentnotifiers.dhcp_rpc_agent_api [None req-4139aef0-6536-484b-b79f-56301e1dc17e 028d2052d6304beb98e6134835c683a0 1e8b33e2b6ad4e38bc11c50834103820 - - - -] Unable to schedule network d5731b7b-db39-4626-88aa-d394d23053ce: no agents available; will retry on subsequent port and subnet creation events.
2026-06-26 04:47:23.479 9 INFO neutron.db.ovn_revision_numbers_db [None req-4139aef0-6536-484b-b79f-56301e1dc17e 028d2052d6304beb98e6134835c683a0 1e8b33e2b6ad4e38bc11c50834103820 - - - -] Successfully bumped revision number for resource 2670dda7-66d0-4bc4-ac41-7476fd851306 (type: ports) to 1
2026-06-26 04:47:23.503 9 INFO neutron.wsgi [None req-4139aef0-6536-484b-b79f-56301e1dc17e 028d2052d6304beb98e6134835c683a0 1e8b33e2b6ad4e38bc11c50834103820 - - - -] 10.0.0.66 "POST /v2.0/networks HTTP/1.1" status: 201 len: 830 time: 0.6453676
2026-06-26 04:47:23.765 10 INFO neutron.db.ovn_revision_numbers_db [None req-c7bb846f-9d50-4ab3-bfb4-328966e2e95c 25ca90517cd94c6b8ca857592f9e86c8 285bd9fb43e54e4da26246c6956eb2ea - - - -] Successfully bumped revision number for resource b0fc6cc8-1843-4776-993f-c8b4c5917010 (type: security_groups) to 1
2026-06-26 04:47:23.832 10 INFO neutron.db.segments_db [None req-c7bb846f-9d50-4ab3-bfb4-328966e2e95c 25ca90517cd94c6b8ca857592f9e86c8 285bd9fb43e54e4da26246c6956eb2ea - - - -] Added segment 393b70ec-dd04-4142-9082-22c1f26dad99 of type geneve for network 374b038d-47ac-44f5-b963-a50331a37126
2026-06-26 04:47:23.841 9 WARNING neutron.scheduler.dhcp_agent_scheduler [None req-b0f2215f-a331-4607-97a5-cada74db3a61 028d2052d6304beb98e6134835c683a0 1e8b33e2b6ad4e38bc11c50834103820 - - - -] No more DHCP agents
2026-06-26 04:47:23.844 9 WARNING neutron.api.rpc.agentnotifiers.dhcp_rpc_agent_api [None req-b0f2215f-a331-4607-97a5-cada74db3a61 028d2052d6304beb98e6134835c683a0 1e8b33e2b6ad4e38bc11c50834103820 - - - -] Unable to schedule network d5731b7b-db39-4626-88aa-d394d23053ce: no agents available; will retry on subsequent port and subnet creation events.
2026-06-26 04:47:23.979 10 INFO neutron.db.ovn_revision_numbers_db [None req-c7bb846f-9d50-4ab3-bfb4-328966e2e95c 25ca90517cd94c6b8ca857592f9e86c8 285bd9fb43e54e4da26246c6956eb2ea - - - -] Successfully bumped revision number for resource 374b038d-47ac-44f5-b963-a50331a37126 (type: networks) to 1
2026-06-26 04:47:24.208 10 INFO neutron.wsgi [None req-59c1c30f-57a3-4338-b60b-621bc8b85210 fa6ee0307e9e4c598e0fc0ad83969e72 b902d3189ef64166b07841c641636341 - - default default] 10.0.0.234 "GET /v2.0/floatingips HTTP/1.1" status: 200 len: 1035 time: 0.1602976
2026-06-26 04:47:24.294 10 INFO neutron.wsgi [None req-b079d464-d303-41c9-a1a1-19b2605b2874 fa6ee0307e9e4c598e0fc0ad83969e72 b902d3189ef64166b07841c641636341 - - default default] 10.0.0.234 "GET /v2.0/subnets HTTP/1.1" status: 200 len: 3967 time: 0.0838711
2026-06-26 04:47:24.306 10 WARNING neutron.scheduler.dhcp_agent_scheduler [None req-c7bb846f-9d50-4ab3-bfb4-328966e2e95c 25ca90517cd94c6b8ca857592f9e86c8 285bd9fb43e54e4da26246c6956eb2ea - - - -] No more DHCP agents
2026-06-26 04:47:24.310 10 WARNING neutron.api.rpc.agentnotifiers.dhcp_rpc_agent_api [None req-c7bb846f-9d50-4ab3-bfb4-328966e2e95c 25ca90517cd94c6b8ca857592f9e86c8 285bd9fb43e54e4da26246c6956eb2ea - - - -] Unable to schedule network 374b038d-47ac-44f5-b963-a50331a37126: no agents available; will retry on subsequent port and subnet creation events.
2026-06-26 04:47:24.318 10 INFO neutron.wsgi [None req-4dfe924b-8780-4736-bc2c-196efbc3b154 fa6ee0307e9e4c598e0fc0ad83969e72 b902d3189ef64166b07841c641636341 - - default default] 10.0.0.234 "GET /v2.0/agents HTTP/1.1" status: 200 len: 997 time: 0.0205212
2026-06-26 04:47:24.350 10 INFO neutron.wsgi [None req-ebbe8c4d-ca1f-4cbb-80f9-3733ac71b755 fa6ee0307e9e4c598e0fc0ad83969e72 b902d3189ef64166b07841c641636341 - - default default] 10.0.0.234 "GET /v2.0/network-ip-availabilities HTTP/1.1" status: 200 len: 3319 time: 0.0242290
2026-06-26 04:47:24.408 9 INFO neutron.db.ovn_revision_numbers_db [None req-b0f2215f-a331-4607-97a5-cada74db3a61 028d2052d6304beb98e6134835c683a0 1e8b33e2b6ad4e38bc11c50834103820 - - - -] Successfully bumped revision number for resource 2670dda7-66d0-4bc4-ac41-7476fd851306 (type: ports) to 2
2026-06-26 04:47:24.413 10 INFO neutron.wsgi [None req-1546553a-ca53-47be-9b90-1e7a93d88e35 fa6ee0307e9e4c598e0fc0ad83969e72 b902d3189ef64166b07841c641636341 - - default default] 10.0.0.234 "GET /v2.0/subnets HTTP/1.1" status: 200 len: 3967 time: 0.0615382
2026-06-26 04:47:24.434 10 INFO neutron.db.ovn_revision_numbers_db [None req-c7bb846f-9d50-4ab3-bfb4-328966e2e95c 25ca90517cd94c6b8ca857592f9e86c8 285bd9fb43e54e4da26246c6956eb2ea - - - -] Successfully bumped revision number for resource ae14949a-0b75-4853-a339-9b44bb05fb03 (type: ports) to 1
2026-06-26 04:47:24.435 9 INFO neutron.db.ovn_revision_numbers_db [None req-b0f2215f-a331-4607-97a5-cada74db3a61 028d2052d6304beb98e6134835c683a0 1e8b33e2b6ad4e38bc11c50834103820 - - - -] Successfully bumped revision number for resource d7b8789f-4fa7-4638-a7b6-77eabfe44496 (type: subnets) to 0
2026-06-26 04:47:24.439 10 INFO neutron.wsgi [None req-ca83903b-d965-4752-809d-832a0112e990 fa6ee0307e9e4c598e0fc0ad83969e72 b902d3189ef64166b07841c641636341 - - default default] 10.0.0.234 "GET /v2.0/subnetpools HTTP/1.1" status: 200 len: 193 time: 0.0241311
2026-06-26 04:47:24.456 9 INFO neutron.wsgi [None req-b0f2215f-a331-4607-97a5-cada74db3a61 028d2052d6304beb98e6134835c683a0 1e8b33e2b6ad4e38bc11c50834103820 - - - -] 10.0.0.66 "POST /v2.0/subnets HTTP/1.1" status: 201 len: 804 time: 0.9482362
2026-06-26 04:47:24.505 10 INFO neutron.wsgi [None req-c7bb846f-9d50-4ab3-bfb4-328966e2e95c 25ca90517cd94c6b8ca857592f9e86c8 285bd9fb43e54e4da26246c6956eb2ea - - - -] 10.0.0.66 "POST /v2.0/networks HTTP/1.1" status: 201 len: 831 time: 1.0110586
2026-06-26 04:47:24.517 10 INFO neutron.wsgi [None req-5d64258b-c86f-436e-80cf-96d02875e599 fa6ee0307e9e4c598e0fc0ad83969e72 b902d3189ef64166b07841c641636341 - - default default] 10.0.0.234 "GET /v2.0/ports HTTP/1.1" status: 200 len: 16775 time: 0.0737593
2026-06-26 04:47:24.556 9 INFO neutron.db.segments_db [None req-40cdbf85-b3ec-45a5-ad4e-7a1f36114f2f 028d2052d6304beb98e6134835c683a0 1e8b33e2b6ad4e38bc11c50834103820 - - - -] Added segment 56056486-3ebd-43bb-84c9-f8db89fb8238 of type geneve for network adf78cc8-37e7-42fa-b9eb-48dd62b7bd60
2026-06-26 04:47:24.697 10 INFO neutron.wsgi [None req-538729b3-a4cb-4bac-9fec-de7089b73b7b fa6ee0307e9e4c598e0fc0ad83969e72 b902d3189ef64166b07841c641636341 - - default default] 10.0.0.234 "GET /v2.0/routers HTTP/1.1" status: 200 len: 1530 time: 0.1651032
2026-06-26 04:47:24.717 10 INFO neutron.wsgi [None req-f66b6755-abc5-491f-baaf-7c9660ad0877 fa6ee0307e9e4c598e0fc0ad83969e72 b902d3189ef64166b07841c641636341 - - default default] 10.0.0.234 "GET /v2.0/agents?binary=ovn-controller HTTP/1.1" status: 200 len: 591 time: 0.0170152
2026-06-26 04:47:24.725 9 INFO neutron.db.ovn_revision_numbers_db [None req-40cdbf85-b3ec-45a5-ad4e-7a1f36114f2f 028d2052d6304beb98e6134835c683a0 1e8b33e2b6ad4e38bc11c50834103820 - - - -] Successfully bumped revision number for resource adf78cc8-37e7-42fa-b9eb-48dd62b7bd60 (type: networks) to 1
2026-06-26 04:47:24.906 9 WARNING neutron.scheduler.dhcp_agent_scheduler [None req-40cdbf85-b3ec-45a5-ad4e-7a1f36114f2f 028d2052d6304beb98e6134835c683a0 1e8b33e2b6ad4e38bc11c50834103820 - - - -] No more DHCP agents
2026-06-26 04:47:24.908 9 WARNING neutron.api.rpc.agentnotifiers.dhcp_rpc_agent_api [None req-40cdbf85-b3ec-45a5-ad4e-7a1f36114f2f 028d2052d6304beb98e6134835c683a0 1e8b33e2b6ad4e38bc11c50834103820 - - - -] Unable to schedule network adf78cc8-37e7-42fa-b9eb-48dd62b7bd60: no agents available; will retry on subsequent port and subnet creation events.
2026-06-26 04:47:24.984 9 INFO neutron.db.ovn_revision_numbers_db [None req-40cdbf85-b3ec-45a5-ad4e-7a1f36114f2f 028d2052d6304beb98e6134835c683a0 1e8b33e2b6ad4e38bc11c50834103820 - - - -] Successfully bumped revision number for resource 659deccd-b30f-4b86-a559-b9796018547f (type: ports) to 1
2026-06-26 04:47:25.009 9 INFO neutron.wsgi [None req-40cdbf85-b3ec-45a5-ad4e-7a1f36114f2f 028d2052d6304beb98e6134835c683a0 1e8b33e2b6ad4e38bc11c50834103820 - - - -] 10.0.0.66 "POST /v2.0/networks HTTP/1.1" status: 201 len: 830 time: 0.5465870
2026-06-26 04:47:25.108 10 INFO neutron.wsgi [None req-ffb1196e-d266-44ce-a996-d5d7638c0b76 fa6ee0307e9e4c598e0fc0ad83969e72 b902d3189ef64166b07841c641636341 - - default default] 10.0.0.234 "GET /v2.0/networks HTTP/1.1" status: 200 len: 6766 time: 0.3798707
2026-06-26 04:47:25.191 10 WARNING neutron.scheduler.dhcp_agent_scheduler [None req-0f8fcd50-876a-494d-a128-55206e433890 25ca90517cd94c6b8ca857592f9e86c8 285bd9fb43e54e4da26246c6956eb2ea - - - -] No more DHCP agents
2026-06-26 04:47:25.195 10 WARNING neutron.api.rpc.agentnotifiers.dhcp_rpc_agent_api [None req-0f8fcd50-876a-494d-a128-55206e433890 25ca90517cd94c6b8ca857592f9e86c8 285bd9fb43e54e4da26246c6956eb2ea - - - -] Unable to schedule network 374b038d-47ac-44f5-b963-a50331a37126: no agents available; will retry on subsequent port and subnet creation events.
2026-06-26 04:47:25.276 10 INFO neutron.wsgi [None req-5c646450-36f6-42c5-9968-1755762d77e6 fa6ee0307e9e4c598e0fc0ad83969e72 b902d3189ef64166b07841c641636341 - - default default] 10.0.0.234 "GET /v2.0/security-groups HTTP/1.1" status: 200 len: 35757 time: 0.1511130
2026-06-26 04:47:25.277 10 INFO neutron.db.ovn_revision_numbers_db [None req-0f8fcd50-876a-494d-a128-55206e433890 25ca90517cd94c6b8ca857592f9e86c8 285bd9fb43e54e4da26246c6956eb2ea - - - -] Successfully bumped revision number for resource acdd01bc-5b54-4b04-8e3b-c5c5e605e2c8 (type: ports) to 1
2026-06-26 04:47:25.291 9 WARNING neutron.scheduler.dhcp_agent_scheduler [None req-e42c7b12-2952-4ecd-985c-5d6b993724e8 028d2052d6304beb98e6134835c683a0 1e8b33e2b6ad4e38bc11c50834103820 - - - -] No more DHCP agents
2026-06-26 04:47:25.294 9 WARNING neutron.api.rpc.agentnotifiers.dhcp_rpc_agent_api [None req-e42c7b12-2952-4ecd-985c-5d6b993724e8 028d2052d6304beb98e6134835c683a0 1e8b33e2b6ad4e38bc11c50834103820 - - - -] Unable to schedule network adf78cc8-37e7-42fa-b9eb-48dd62b7bd60: no agents available; will retry on subsequent port and subnet creation events.
2026-06-26 04:47:25.298 9 INFO neutron.db.ovn_revision_numbers_db [None req-6954d318-bd4d-4d81-b3ea-fefab17e43b3 fa6ee0307e9e4c598e0fc0ad83969e72 b902d3189ef64166b07841c641636341 - - default default] Successfully bumped revision number for resource 680d4b37-b343-43dd-b8c8-3a6afb2513a2 (type: security_groups) to 1
2026-06-26 04:47:25.300 10 INFO neutron.wsgi [None req-0f8fcd50-876a-494d-a128-55206e433890 25ca90517cd94c6b8ca857592f9e86c8 285bd9fb43e54e4da26246c6956eb2ea - - - -] 10.0.0.66 "POST /v2.0/ports HTTP/1.1" status: 201 len: 942 time: 0.7884364 /var/lib/openstack/lib/python3.10/site-packages/pycadf/identifier.py:71: UserWarning: Invalid uuid: neutron. To ensure interoperability, identifiers should be a valid uuid. warnings.warn(('Invalid uuid: %s. To ensure interoperability, '
2026-06-26 04:47:25.332 9 INFO neutron.wsgi [None req-6954d318-bd4d-4d81-b3ea-fefab17e43b3 fa6ee0307e9e4c598e0fc0ad83969e72 b902d3189ef64166b07841c641636341 - - default default] 10.0.0.66 "GET /v2.0/security-groups?tenant_id=254c72dc67e54b4b82c1e8610fcfac6b&name=default HTTP/1.1" status: 200 len: 2996 time: 0.2762067
2026-06-26 04:47:25.561 10 INFO neutron.wsgi [None req-486c065a-d769-43b5-a8f9-fb4bf80c4e97 25ca90517cd94c6b8ca857592f9e86c8 285bd9fb43e54e4da26246c6956eb2ea - - - -] 10.0.0.66 "POST /v2.0/trunks HTTP/1.1" status: 201 len: 608 time: 0.2567878
2026-06-26 04:47:25.597 10 INFO neutron.wsgi [None req-8b2caa96-b049-4b0f-ba29-4974fe6d7cbf 25ca90517cd94c6b8ca857592f9e86c8 285bd9fb43e54e4da26246c6956eb2ea - - - -] 10.0.0.66 "PUT /v2.0/trunks/e20bdbc5-460c-467d-aed6-8da3649823cf/tags HTTP/1.1" status: 200 len: 218 time: 0.0266120
2026-06-26 04:47:25.624 10 INFO neutron.wsgi [None req-76cf0546-35a9-4390-b22f-9acdb0fc418a 25ca90517cd94c6b8ca857592f9e86c8 285bd9fb43e54e4da26246c6956eb2ea - - default default] 10.0.0.66 "GET /v2.0/trunks/e20bdbc5-460c-467d-aed6-8da3649823cf/tags HTTP/1.1" status: 200 len: 218 time: 0.0196300
2026-06-26 04:47:25.639 10 INFO neutron.wsgi [None req-a632bdb9-a197-4818-aeed-391e1d7d8bab fa6ee0307e9e4c598e0fc0ad83969e72 b902d3189ef64166b07841c641636341 - - - -] 10.0.0.66 "DELETE /v2.0/security-groups/680d4b37-b343-43dd-b8c8-3a6afb2513a2 HTTP/1.1" status: 204 len: 168 time: 0.2965503
2026-06-26 04:47:25.659 10 INFO neutron.wsgi [None req-79ce0a00-1331-4ed6-b7ec-b23d458be5e4 25ca90517cd94c6b8ca857592f9e86c8 285bd9fb43e54e4da26246c6956eb2ea - - - -] 10.0.0.66 "PUT /v2.0/trunks/e20bdbc5-460c-467d-aed6-8da3649823cf/tags/green HTTP/1.1" status: 201 len: 201 time: 0.0261369
2026-06-26 04:47:25.678 10 INFO neutron.wsgi [None req-11f8bb60-3883-4320-afbb-eb113ed9e887 25ca90517cd94c6b8ca857592f9e86c8 285bd9fb43e54e4da26246c6956eb2ea - - default default] 10.0.0.66 "GET /v2.0/trunks/e20bdbc5-460c-467d-aed6-8da3649823cf/tags HTTP/1.1" status: 200 len: 227 time: 0.0144358
2026-06-26 04:47:25.701 10 INFO neutron.wsgi [None req-ef51116b-5af2-440e-81e5-ca9dffa3c980 25ca90517cd94c6b8ca857592f9e86c8 285bd9fb43e54e4da26246c6956eb2ea - - - -] 10.0.0.66 "PUT /v2.0/trunks/e20bdbc5-460c-467d-aed6-8da3649823cf/tags/red HTTP/1.1" status: 201 len: 201 time: 0.0169570
2026-06-26 04:47:25.723 10 INFO neutron.wsgi [None req-6113f812-2c4e-400d-b686-0fe62076d6e5 25ca90517cd94c6b8ca857592f9e86c8 285bd9fb43e54e4da26246c6956eb2ea - - default default] 10.0.0.66 "GET /v2.0/trunks/e20bdbc5-460c-467d-aed6-8da3649823cf/tags HTTP/1.1" status: 200 len: 227 time: 0.0153890
2026-06-26 04:47:25.753 10 INFO neutron.wsgi [None req-0d0405e5-6d68-483a-9fcc-10543585dda0 25ca90517cd94c6b8ca857592f9e86c8 285bd9fb43e54e4da26246c6956eb2ea - - - -] 10.0.0.66 "PUT /v2.0/trunks/e20bdbc5-460c-467d-aed6-8da3649823cf/tags/black.or.white HTTP/1.1" status: 201 len: 201 time: 0.0261710
2026-06-26 04:47:25.775 10 INFO neutron.wsgi [None req-7f10a606-b2b0-42bf-a0f3-090c050c2724 25ca90517cd94c6b8ca857592f9e86c8 285bd9fb43e54e4da26246c6956eb2ea - - default default] 10.0.0.66 "GET /v2.0/trunks/e20bdbc5-460c-467d-aed6-8da3649823cf/tags HTTP/1.1" status: 200 len: 245 time: 0.0159495
2026-06-26 04:47:25.798 9 INFO neutron.db.ovn_revision_numbers_db [None req-e42c7b12-2952-4ecd-985c-5d6b993724e8 028d2052d6304beb98e6134835c683a0 1e8b33e2b6ad4e38bc11c50834103820 - - - -] Successfully bumped revision number for resource 659deccd-b30f-4b86-a559-b9796018547f (type: ports) to 2
2026-06-26 04:47:25.813 10 INFO neutron.wsgi [None req-52762251-be16-4808-908f-0b35a1b434f5 25ca90517cd94c6b8ca857592f9e86c8 285bd9fb43e54e4da26246c6956eb2ea - - - -] 10.0.0.66 "PUT /v2.0/trunks/e20bdbc5-460c-467d-aed6-8da3649823cf/tags HTTP/1.1" status: 200 len: 230 time: 0.0305905
2026-06-26 04:47:25.827 9 INFO neutron.db.ovn_revision_numbers_db [None req-e42c7b12-2952-4ecd-985c-5d6b993724e8 028d2052d6304beb98e6134835c683a0 1e8b33e2b6ad4e38bc11c50834103820 - - - -] Successfully bumped revision number for resource 82868c05-a218-4b0e-b549-911c55b161ce (type: subnets) to 0
2026-06-26 04:47:25.837 10 INFO neutron.wsgi [None req-5fbb897d-a642-4be4-8fb7-57bab5983a16 25ca90517cd94c6b8ca857592f9e86c8 285bd9fb43e54e4da26246c6956eb2ea - - default default] 10.0.0.66 "GET /v2.0/trunks/e20bdbc5-460c-467d-aed6-8da3649823cf/tags HTTP/1.1" status: 200 len: 230 time: 0.0180728
2026-06-26 04:47:25.860 10 INFO neutron.wsgi [None req-f4be888a-349a-4bdb-a0a1-c91ea8115262 25ca90517cd94c6b8ca857592f9e86c8 285bd9fb43e54e4da26246c6956eb2ea - - default default] 10.0.0.66 "GET /v2.0/trunks/e20bdbc5-460c-467d-aed6-8da3649823cf/tags/red HTTP/1.1" status: 204 len: 168 time: 0.0178058
2026-06-26 04:47:25.871 9 INFO neutron.wsgi [None req-e42c7b12-2952-4ecd-985c-5d6b993724e8 028d2052d6304beb98e6134835c683a0 1e8b33e2b6ad4e38bc11c50834103820 - - - -] 10.0.0.66 "POST /v2.0/subnets HTTP/1.1" status: 201 len: 804 time: 0.8567362
2026-06-26 04:47:25.883 10 INFO neutron.api.v2.resource [None req-472223d3-49d6-4b30-b552-a10860063a17 25ca90517cd94c6b8ca857592f9e86c8 285bd9fb43e54e4da26246c6956eb2ea - - default default] show failed (client error): The resource could not be found.
