2026-06-26 04:45:59.069 9 WARNING neutron.api.rpc.agentnotifiers.dhcp_rpc_agent_api [None req-4fdf42ef-17ba-46ef-8a07-cfc9575172fe 4c01ae0971cb4f7dbaeec5fe6e55dbb3 c9d0099bab8945bab5c00b41788b98a0 - - - -] Unable to schedule network 71c54866-35c7-420b-8801-b10636e6e734: no agents available; will retry on subsequent port and subnet creation events.
2026-06-26 04:45:59.097 10 INFO neutron.db.ovn_revision_numbers_db [None req-0dbf57e9-12eb-4541-bfd2-68c49061603d 935f95c3e3b04eeb99350c0807552a47 8d240b3cfd2c44cf9ab1f4900cbc905f - - - -] Successfully bumped revision number for resource a0d31b9f-062f-47c8-b174-a94e6ed07cbc (type: router_ports) to 2
2026-06-26 04:45:59.100 10 INFO neutron.wsgi [None req-0dbf57e9-12eb-4541-bfd2-68c49061603d 935f95c3e3b04eeb99350c0807552a47 8d240b3cfd2c44cf9ab1f4900cbc905f - - - -] 10.0.0.66 "PUT /v2.0/routers/32ae03bd-e43c-4849-8a72-8bfafa34583a/add_router_interface HTTP/1.1" status: 200 len: 503 time: 2.8110621
2026-06-26 04:45:59.141 9 INFO neutron.services.segments.plugin [-] Segment f5557e0b-3963-4b80-8c4e-e4a97fc0aa03 resource provider aggregate not found
2026-06-26 04:45:59.145 9 INFO neutron.services.segments.plugin [-] Segment f5557e0b-3963-4b80-8c4e-e4a97fc0aa03 resource provider aggregate not found
2026-06-26 04:45:59.162 9 INFO neutron.services.segments.plugin [-] Segment f5557e0b-3963-4b80-8c4e-e4a97fc0aa03 resource provider not found; error: Placement Client Error (4xx): {"errors": [{"status": 404, "title": "Not Found", "detail": "The resource could not be found.\n\n No resource provider with uuid f5557e0b-3963-4b80-8c4e-e4a97fc0aa03 found for delete ", "request_id": "req-2c2e8efd-f0a1-4eb4-b004-72c7997ac02f"}]}
2026-06-26 04:45:59.168 9 INFO neutron.services.segments.plugin [-] Segment f5557e0b-3963-4b80-8c4e-e4a97fc0aa03 resource provider not found; error: Placement Client Error (4xx): {"errors": [{"status": 404, "title": "Not Found", "detail": "The resource could not be found.\n\n No resource provider with uuid f5557e0b-3963-4b80-8c4e-e4a97fc0aa03 found for delete ", "request_id": "req-436b87c7-1b09-4e1c-9dd2-e09d0ecea63d"}]}
2026-06-26 04:45:59.196 9 INFO neutron.wsgi [None req-1963d78c-fdf3-467a-8b4e-42c8cd7782a5 fbd197c0649b435884b7d8fc4341cc46 d352ee1a4f874e84811e69f1121df7e3 - - - -] 10.0.0.66 "DELETE /v2.0/networks/e3e2da31-3e82-4030-b720-a3b6ee60fbc3 HTTP/1.1" status: 204 len: 168 time: 0.4969883
2026-06-26 04:45:59.200 10 INFO neutron.wsgi [None req-6a9f9e97-8a56-4d5a-9112-af57513ebb7a 3cee903559b3492ea936cfd7b95c4692 f4d72736359c4f8aa6abf710342f0284 - - default default] 10.0.0.66 "GET /v2.0/networks HTTP/1.1" status: 200 len: 5311 time: 0.0882347 /var/lib/openstack/lib/python3.10/site-packages/pycadf/identifier.py:71: UserWarning: Invalid uuid: neutron. To ensure interoperability, identifiers should be a valid uuid. warnings.warn(('Invalid uuid: %s. To ensure interoperability, '
2026-06-26 04:45:59.254 9 INFO neutron.wsgi [None req-38829dce-0372-401c-a9f7-d078ae67c0da 3cee903559b3492ea936cfd7b95c4692 f4d72736359c4f8aa6abf710342f0284 - - default default] 10.0.0.66 "GET /v2.0/subnets HTTP/1.1" status: 200 len: 2708 time: 0.0427639
2026-06-26 04:45:59.280 9 INFO neutron.db.ovn_revision_numbers_db [None req-4fdf42ef-17ba-46ef-8a07-cfc9575172fe 4c01ae0971cb4f7dbaeec5fe6e55dbb3 c9d0099bab8945bab5c00b41788b98a0 - - - -] Successfully bumped revision number for resource 3635a092-795c-4d25-95a5-4da0b243c173 (type: ports) to 1
2026-06-26 04:45:59.302 9 INFO neutron.wsgi [None req-4fdf42ef-17ba-46ef-8a07-cfc9575172fe 4c01ae0971cb4f7dbaeec5fe6e55dbb3 c9d0099bab8945bab5c00b41788b98a0 - - - -] 10.0.0.66 "POST /v2.0/ports HTTP/1.1" status: 201 len: 1153 time: 0.6541555
2026-06-26 04:45:59.310 10 INFO neutron.db.segments_db [None req-3e79ca5f-e02e-46c2-80e1-90c74e869e2c fbd197c0649b435884b7d8fc4341cc46 d352ee1a4f874e84811e69f1121df7e3 - - - -] Added segment 30ffaa50-aaab-4140-a6f3-72a33ec6ad59 of type geneve for network b17c7a30-391c-43c9-be87-dc87bc5f224e
2026-06-26 04:45:59.355 10 INFO neutron.wsgi [None req-91534ea6-0b90-4813-b56e-822e6d4b9ddb 3cee903559b3492ea936cfd7b95c4692 f4d72736359c4f8aa6abf710342f0284 - - default default] 10.0.0.66 "GET /v2.0/routers HTTP/1.1" status: 200 len: 1552 time: 0.0955033
2026-06-26 04:45:59.460 10 INFO neutron.db.ovn_revision_numbers_db [None req-3e79ca5f-e02e-46c2-80e1-90c74e869e2c fbd197c0649b435884b7d8fc4341cc46 d352ee1a4f874e84811e69f1121df7e3 - - - -] Successfully bumped revision number for resource b17c7a30-391c-43c9-be87-dc87bc5f224e (type: networks) to 1
2026-06-26 04:45:59.571 9 WARNING neutron.scheduler.dhcp_agent_scheduler [None req-ce95b063-b3df-4993-9328-b5b70556801d 4c01ae0971cb4f7dbaeec5fe6e55dbb3 c9d0099bab8945bab5c00b41788b98a0 - - - -] No more DHCP agents
2026-06-26 04:45:59.572 9 WARNING neutron.api.rpc.agentnotifiers.dhcp_rpc_agent_api [None req-ce95b063-b3df-4993-9328-b5b70556801d 4c01ae0971cb4f7dbaeec5fe6e55dbb3 c9d0099bab8945bab5c00b41788b98a0 - - - -] Unable to schedule network 04c49fc6-415a-4a5b-a0fd-5b557bbc148c: no agents available; will retry on subsequent port and subnet creation events.
2026-06-26 04:45:59.863 10 INFO neutron.db.ovn_revision_numbers_db [None req-4a03b349-59fc-4373-9752-3dcb4e2b2cec 935f95c3e3b04eeb99350c0807552a47 8d240b3cfd2c44cf9ab1f4900cbc905f - - - -] Successfully bumped revision number for resource 27c9d46d-d5a0-4e7d-ba46-b293545d6145 (type: security_groups) to 1
2026-06-26 04:45:59.896 10 INFO neutron.wsgi [None req-4a03b349-59fc-4373-9752-3dcb4e2b2cec 935f95c3e3b04eeb99350c0807552a47 8d240b3cfd2c44cf9ab1f4900cbc905f - - - -] 10.0.0.66 "POST /v2.0/security-groups HTTP/1.1" status: 201 len: 1811 time: 0.4722149
2026-06-26 04:45:59.934 10 WARNING neutron.scheduler.dhcp_agent_scheduler [None req-3e79ca5f-e02e-46c2-80e1-90c74e869e2c fbd197c0649b435884b7d8fc4341cc46 d352ee1a4f874e84811e69f1121df7e3 - - - -] No more DHCP agents
2026-06-26 04:45:59.937 10 WARNING neutron.api.rpc.agentnotifiers.dhcp_rpc_agent_api [None req-3e79ca5f-e02e-46c2-80e1-90c74e869e2c fbd197c0649b435884b7d8fc4341cc46 d352ee1a4f874e84811e69f1121df7e3 - - - -] Unable to schedule network b17c7a30-391c-43c9-be87-dc87bc5f224e: no agents available; will retry on subsequent port and subnet creation events.
2026-06-26 04:46:00.007 10 INFO neutron.db.ovn_revision_numbers_db [None req-3e79ca5f-e02e-46c2-80e1-90c74e869e2c fbd197c0649b435884b7d8fc4341cc46 d352ee1a4f874e84811e69f1121df7e3 - - - -] Successfully bumped revision number for resource a76c8531-730b-49ef-82e5-c6d189b9fa43 (type: ports) to 1
2026-06-26 04:46:00.013 9 WARNING neutron.plugins.ml2.drivers.ovn.mech_driver.ovsdb.ovn_client [None req-2c575510-7952-4175-ba50-46335c36ee66 - - - - - -] No hosting information found for port c323e6c3-cba7-445a-8055-4b9deb23e714: RuntimeError: No hosting information found for port c323e6c3-cba7-445a-8055-4b9deb23e714
2026-06-26 04:46:00.013 9 INFO neutron.plugins.ml2.drivers.ovn.mech_driver.mech_driver [None req-2c575510-7952-4175-ba50-46335c36ee66 - - - - - -] OVN reports status up for port: 1074b5f5-6467-47e8-9320-f6529baf59bd
2026-06-26 04:46:00.038 10 INFO neutron.wsgi [None req-3e79ca5f-e02e-46c2-80e1-90c74e869e2c fbd197c0649b435884b7d8fc4341cc46 d352ee1a4f874e84811e69f1121df7e3 - - - -] 10.0.0.66 "POST /v2.0/networks HTTP/1.1" status: 201 len: 835 time: 0.8334997
2026-06-26 04:46:00.039 9 INFO neutron.plugins.ml2.plugin [None req-2c575510-7952-4175-ba50-46335c36ee66 - - - - - -] Attempt 1 to provision port 1074b5f5-6467-47e8-9320-f6529baf59bd
2026-06-26 04:46:00.053 10 INFO neutron.db.ovn_revision_numbers_db [None req-0458ed35-b86d-477e-9110-475c63c716da 935f95c3e3b04eeb99350c0807552a47 8d240b3cfd2c44cf9ab1f4900cbc905f - - - -] Successfully bumped revision number for resource 9628fa84-2a78-4e2e-829a-63d139c77a2b (type: security_group_rules) to 0
2026-06-26 04:46:00.097 10 INFO neutron.wsgi [None req-0458ed35-b86d-477e-9110-475c63c716da 935f95c3e3b04eeb99350c0807552a47 8d240b3cfd2c44cf9ab1f4900cbc905f - - - -] 10.0.0.66 "POST /v2.0/security-group-rules HTTP/1.1" status: 201 len: 764 time: 0.1964259
2026-06-26 04:46:00.265 10 INFO neutron.db.ovn_revision_numbers_db [None req-700c382e-86f3-4b64-a78b-5c6dcfabb34c 935f95c3e3b04eeb99350c0807552a47 8d240b3cfd2c44cf9ab1f4900cbc905f - - - -] Successfully bumped revision number for resource 9a4bb39e-bef9-4175-b92d-b9066f97d491 (type: security_group_rules) to 0
2026-06-26 04:46:00.300 9 INFO neutron.db.l3_db [None req-ce95b063-b3df-4993-9328-b5b70556801d 4c01ae0971cb4f7dbaeec5fe6e55dbb3 c9d0099bab8945bab5c00b41788b98a0 - - - -] Floating IP 2d4badc9-197c-4bb4-b919-e2f0ec1b2a79 associated. External IP: 10.96.250.212, port: 3635a092-795c-4d25-95a5-4da0b243c173.
2026-06-26 04:46:00.303 10 INFO neutron.wsgi [None req-700c382e-86f3-4b64-a78b-5c6dcfabb34c 935f95c3e3b04eeb99350c0807552a47 8d240b3cfd2c44cf9ab1f4900cbc905f - - - -] 10.0.0.66 "POST /v2.0/security-group-rules HTTP/1.1" status: 201 len: 763 time: 0.2008276
2026-06-26 04:46:00.310 10 WARNING neutron.scheduler.dhcp_agent_scheduler [None req-2cb85ece-08e6-4b5b-85fe-76fc028e7ac4 fbd197c0649b435884b7d8fc4341cc46 d352ee1a4f874e84811e69f1121df7e3 - - - -] No more DHCP agents
2026-06-26 04:46:00.318 10 WARNING neutron.api.rpc.agentnotifiers.dhcp_rpc_agent_api [None req-2cb85ece-08e6-4b5b-85fe-76fc028e7ac4 fbd197c0649b435884b7d8fc4341cc46 d352ee1a4f874e84811e69f1121df7e3 - - - -] Unable to schedule network b17c7a30-391c-43c9-be87-dc87bc5f224e: no agents available; will retry on subsequent port and subnet creation events.
2026-06-26 04:46:00.337 10 INFO neutron.db.ovn_revision_numbers_db [None req-2cb85ece-08e6-4b5b-85fe-76fc028e7ac4 fbd197c0649b435884b7d8fc4341cc46 d352ee1a4f874e84811e69f1121df7e3 - - - -] Successfully bumped revision number for resource 6b005ff0-824f-4ae1-a556-28e9844f3797 (type: subnets) to 0
2026-06-26 04:46:00.360 10 INFO neutron.wsgi [None req-2cb85ece-08e6-4b5b-85fe-76fc028e7ac4 fbd197c0649b435884b7d8fc4341cc46 d352ee1a4f874e84811e69f1121df7e3 - - - -] 10.0.0.66 "POST /v2.0/subnets HTTP/1.1" status: 201 len: 821 time: 0.3129056
2026-06-26 04:46:00.372 9 INFO neutron.db.ovn_revision_numbers_db [None req-2c575510-7952-4175-ba50-46335c36ee66 - - - - - -] Successfully bumped revision number for resource 1074b5f5-6467-47e8-9320-f6529baf59bd (type: ports) to 3
2026-06-26 04:46:00.437 10 INFO neutron.db.ovn_revision_numbers_db [None req-8b23dcd5-346b-4fdd-ad53-f2756b6172fd 935f95c3e3b04eeb99350c0807552a47 8d240b3cfd2c44cf9ab1f4900cbc905f - - - -] Successfully bumped revision number for resource b986f58d-2443-4869-8f3c-17158502a4b2 (type: security_group_rules) to 0
2026-06-26 04:46:00.465 10 INFO neutron.wsgi [None req-8b23dcd5-346b-4fdd-ad53-f2756b6172fd 935f95c3e3b04eeb99350c0807552a47 8d240b3cfd2c44cf9ab1f4900cbc905f - - - -] 10.0.0.66 "POST /v2.0/security-group-rules HTTP/1.1" status: 201 len: 769 time: 0.1561248
2026-06-26 04:46:00.606 9 INFO neutron.db.ovn_revision_numbers_db [None req-2c575510-7952-4175-ba50-46335c36ee66 - - - - - -] Successfully bumped revision number for resource 1074b5f5-6467-47e8-9320-f6529baf59bd (type: router_ports) to 3
2026-06-26 04:46:00.618 9 INFO neutron.db.ovn_revision_numbers_db [None req-ce95b063-b3df-4993-9328-b5b70556801d 4c01ae0971cb4f7dbaeec5fe6e55dbb3 c9d0099bab8945bab5c00b41788b98a0 - - - -] Successfully bumped revision number for resource 2d4badc9-197c-4bb4-b919-e2f0ec1b2a79 (type: floatingips) to 0
2026-06-26 04:46:00.635 10 INFO neutron.db.ovn_revision_numbers_db [None req-2d595b8c-5627-4e97-af17-84de519bb51e 935f95c3e3b04eeb99350c0807552a47 8d240b3cfd2c44cf9ab1f4900cbc905f - - - -] Successfully bumped revision number for resource 0bc13e88-9740-4d04-a595-223ae5b9ff7f (type: security_group_rules) to 0
2026-06-26 04:46:00.668 10 INFO neutron.wsgi [None req-2d595b8c-5627-4e97-af17-84de519bb51e 935f95c3e3b04eeb99350c0807552a47 8d240b3cfd2c44cf9ab1f4900cbc905f - - - -] 10.0.0.66 "POST /v2.0/security-group-rules HTTP/1.1" status: 201 len: 768 time: 0.1980858
2026-06-26 04:46:00.709 10 INFO neutron.db.securitygroups_db [None req-1ff40b5e-8261-423c-b73f-89f8ee2efbe9 935f95c3e3b04eeb99350c0807552a47 8d240b3cfd2c44cf9ab1f4900cbc905f - - - -] Project 8d240b3cfd2c44cf9ab1f4900cbc905f added a security group rule with legacy IPv6 ICMP protocol name icmp, ipv6-icmp should be used instead. It was automatically converted.
2026-06-26 04:46:00.758 9 INFO neutron.db.ovn_revision_numbers_db [None req-ce95b063-b3df-4993-9328-b5b70556801d 4c01ae0971cb4f7dbaeec5fe6e55dbb3 c9d0099bab8945bab5c00b41788b98a0 - - - -] Successfully bumped revision number for resource 2d4badc9-197c-4bb4-b919-e2f0ec1b2a79 (type: floatingips) to 1
2026-06-26 04:46:00.829 9 INFO neutron.wsgi [None req-ce95b063-b3df-4993-9328-b5b70556801d 4c01ae0971cb4f7dbaeec5fe6e55dbb3 c9d0099bab8945bab5c00b41788b98a0 - - - -] 10.0.0.66 "POST /v2.0/floatingips HTTP/1.1" status: 201 len: 1040 time: 1.5212107
2026-06-26 04:46:00.842 10 INFO neutron.db.ovn_revision_numbers_db [None req-1ff40b5e-8261-423c-b73f-89f8ee2efbe9 935f95c3e3b04eeb99350c0807552a47 8d240b3cfd2c44cf9ab1f4900cbc905f - - - -] Successfully bumped revision number for resource f47b3db0-5b83-4e82-8a3f-c57fad1d1ddc (type: security_group_rules) to 0
2026-06-26 04:46:00.881 9 WARNING neutron.scheduler.dhcp_agent_scheduler [None req-873820e8-1674-430c-9723-93ea9b442570 fbd197c0649b435884b7d8fc4341cc46 d352ee1a4f874e84811e69f1121df7e3 - - - -] No more DHCP agents
2026-06-26 04:46:00.885 9 WARNING neutron.api.rpc.agentnotifiers.dhcp_rpc_agent_api [None req-873820e8-1674-430c-9723-93ea9b442570 fbd197c0649b435884b7d8fc4341cc46 d352ee1a4f874e84811e69f1121df7e3 - - - -] Unable to schedule network b17c7a30-391c-43c9-be87-dc87bc5f224e: no agents available; will retry on subsequent port and subnet creation events.
2026-06-26 04:46:00.902 10 INFO neutron.wsgi [None req-1ff40b5e-8261-423c-b73f-89f8ee2efbe9 935f95c3e3b04eeb99350c0807552a47 8d240b3cfd2c44cf9ab1f4900cbc905f - - - -] 10.0.0.66 "POST /v2.0/security-group-rules HTTP/1.1" status: 201 len: 774 time: 0.2291822
2026-06-26 04:46:00.951 9 INFO neutron.db.securitygroups_db [None req-eefce0b3-93ff-41c0-a216-7461f153f1cc 935f95c3e3b04eeb99350c0807552a47 8d240b3cfd2c44cf9ab1f4900cbc905f - - - -] Project 8d240b3cfd2c44cf9ab1f4900cbc905f added a security group rule with legacy IPv6 ICMP protocol name icmp, ipv6-icmp should be used instead. It was automatically converted.
2026-06-26 04:46:00.998 9 INFO neutron.db.ovn_revision_numbers_db [None req-873820e8-1674-430c-9723-93ea9b442570 fbd197c0649b435884b7d8fc4341cc46 d352ee1a4f874e84811e69f1121df7e3 - - - -] Successfully bumped revision number for resource a64a0eb8-c944-4d30-9223-ce6c673f5045 (type: ports) to 1
2026-06-26 04:46:01.009 10 INFO neutron.db.l3_db [None req-47d38566-9a15-4be2-862f-4cfadfa788d6 4c01ae0971cb4f7dbaeec5fe6e55dbb3 c9d0099bab8945bab5c00b41788b98a0 - - - -] Floating IP 2d4badc9-197c-4bb4-b919-e2f0ec1b2a79 disassociated. External IP: 10.96.250.212, port: 3635a092-795c-4d25-95a5-4da0b243c173.
2026-06-26 04:46:01.028 9 INFO neutron.wsgi [None req-873820e8-1674-430c-9723-93ea9b442570 fbd197c0649b435884b7d8fc4341cc46 d352ee1a4f874e84811e69f1121df7e3 - - - -] 10.0.0.66 "POST /v2.0/ports HTTP/1.1" status: 201 len: 1126 time: 0.6624525
2026-06-26 04:46:01.029 10 INFO neutron.db.ovn_revision_numbers_db [None req-47d38566-9a15-4be2-862f-4cfadfa788d6 4c01ae0971cb4f7dbaeec5fe6e55dbb3 c9d0099bab8945bab5c00b41788b98a0 - - - -] Successfully bumped revision number for resource 2d4badc9-197c-4bb4-b919-e2f0ec1b2a79 (type: floatingips) to 2
2026-06-26 04:46:01.093 9 INFO neutron.db.ovn_revision_numbers_db [None req-eefce0b3-93ff-41c0-a216-7461f153f1cc 935f95c3e3b04eeb99350c0807552a47 8d240b3cfd2c44cf9ab1f4900cbc905f - - - -] Successfully bumped revision number for resource a31be739-3c08-4c22-b392-85d6e07ef3f1 (type: security_group_rules) to 0
2026-06-26 04:46:01.113 10 INFO neutron.wsgi [None req-47d38566-9a15-4be2-862f-4cfadfa788d6 4c01ae0971cb4f7dbaeec5fe6e55dbb3 c9d0099bab8945bab5c00b41788b98a0 - - - -] 10.0.0.66 "PUT /v2.0/floatingips/2d4badc9-197c-4bb4-b919-e2f0ec1b2a79 HTTP/1.1" status: 200 len: 748 time: 0.2780359
2026-06-26 04:46:01.138 9 INFO neutron.wsgi [None req-eefce0b3-93ff-41c0-a216-7461f153f1cc 935f95c3e3b04eeb99350c0807552a47 8d240b3cfd2c44cf9ab1f4900cbc905f - - - -] 10.0.0.66 "POST /v2.0/security-group-rules HTTP/1.1" status: 201 len: 773 time: 0.2298150
2026-06-26 04:46:01.371 9 INFO neutron.wsgi [None req-bb92605e-f6f6-45ba-9b09-6d01360a7325 fbd197c0649b435884b7d8fc4341cc46 d352ee1a4f874e84811e69f1121df7e3 - - - -] 10.0.0.66 "DELETE /v2.0/ports/a64a0eb8-c944-4d30-9223-ce6c673f5045 HTTP/1.1" status: 204 len: 168 time: 0.3375595
2026-06-26 04:46:01.398 10 INFO neutron.pecan_wsgi.hooks.translation [None req-bc8d191d-4f24-4774-ae88-88c45a115d84 fbd197c0649b435884b7d8fc4341cc46 d352ee1a4f874e84811e69f1121df7e3 - - default default] GET failed (client error): The resource could not be found.
2026-06-26 04:46:01.400 10 INFO neutron.wsgi [None req-bc8d191d-4f24-4774-ae88-88c45a115d84 fbd197c0649b435884b7d8fc4341cc46 d352ee1a4f874e84811e69f1121df7e3 - - default default] 10.0.0.66 "GET /v2.0/ports/a64a0eb8-c944-4d30-9223-ce6c673f5045 HTTP/1.1" status: 404 len: 333 time: 0.0243697
2026-06-26 04:46:01.455 10 INFO neutron.wsgi [None req-5a2fad1a-85a1-4916-9339-4569105d31e0 4c01ae0971cb4f7dbaeec5fe6e55dbb3 c9d0099bab8945bab5c00b41788b98a0 - - - -] 10.0.0.66 "DELETE /v2.0/floatingips/2d4badc9-197c-4bb4-b919-e2f0ec1b2a79 HTTP/1.1" status: 204 len: 168 time: 0.3376167
2026-06-26 04:46:01.625 10 INFO neutron.wsgi [None req-4688a984-25b3-4117-9342-8dffd7c8f5bb fbd197c0649b435884b7d8fc4341cc46 d352ee1a4f874e84811e69f1121df7e3 - - - -] 10.0.0.66 "DELETE /v2.0/subnets/6b005ff0-824f-4ae1-a556-28e9844f3797 HTTP/1.1" status: 204 len: 168 time: 0.2197523
2026-06-26 04:46:01.793 9 WARNING neutron.scheduler.dhcp_agent_scheduler [None req-cc533996-2bcd-4c90-a3a0-fb9faf0f62e1 4c01ae0971cb4f7dbaeec5fe6e55dbb3 c9d0099bab8945bab5c00b41788b98a0 - - - -] No more DHCP agents
2026-06-26 04:46:01.804 9 WARNING neutron.api.rpc.agentnotifiers.dhcp_rpc_agent_api [None req-cc533996-2bcd-4c90-a3a0-fb9faf0f62e1 4c01ae0971cb4f7dbaeec5fe6e55dbb3 c9d0099bab8945bab5c00b41788b98a0 - - - -] Unable to schedule network 04c49fc6-415a-4a5b-a0fd-5b557bbc148c: no agents available; will retry on subsequent port and subnet creation events.
2026-06-26 04:46:01.838 9 INFO neutron.wsgi [None req-d807eba6-aa13-40f9-b30f-f0d67fa87fcc 935f95c3e3b04eeb99350c0807552a47 8d240b3cfd2c44cf9ab1f4900cbc905f - - default default] 10.0.0.66 "GET /v2.0/networks HTTP/1.1" status: 200 len: 1492 time: 0.3272495
2026-06-26 04:46:01.988 10 INFO neutron.wsgi [req-85b4c28b-eddb-4c4a-a684-5342fe971787 req-d73fa154-1e53-444d-b099-9c7af06c95f4 935f95c3e3b04eeb99350c0807552a47 8d240b3cfd2c44cf9ab1f4900cbc905f - - default default] 10.0.0.222 "GET /v2.0/security-groups?name=tempest-secgroup-smoke-1286396231&fields=id&tenant_id=8d240b3cfd2c44cf9ab1f4900cbc905f HTTP/1.1" status: 200 len: 267 time: 0.0750299
2026-06-26 04:46:02.113 10 INFO neutron.wsgi [req-85b4c28b-eddb-4c4a-a684-5342fe971787 req-db48fea5-f9fa-410a-b596-57d0955f706c 935f95c3e3b04eeb99350c0807552a47 8d240b3cfd2c44cf9ab1f4900cbc905f - - default default] 10.0.0.222 "GET /v2.0/networks?id=75de3bf6-5896-41fa-bedf-45cd416c87f0 HTTP/1.1" status: 200 len: 859 time: 0.1096258
2026-06-26 04:46:02.120 10 INFO neutron.services.segments.plugin [-] Segment 30ffaa50-aaab-4140-a6f3-72a33ec6ad59 resource provider aggregate not found
2026-06-26 04:46:02.128 10 INFO neutron.services.segments.plugin [-] Segment 30ffaa50-aaab-4140-a6f3-72a33ec6ad59 resource provider aggregate not found
2026-06-26 04:46:02.146 10 INFO neutron.db.ovn_revision_numbers_db [None req-e69edbdf-0bbb-4d00-a77d-6936f53cd24e fa6ee0307e9e4c598e0fc0ad83969e72 b902d3189ef64166b07841c641636341 - - default default] Successfully bumped revision number for resource 8e04cf23-0fdc-401a-85a8-8c7d8f24286e (type: security_groups) to 1
2026-06-26 04:46:02.148 10 INFO neutron.services.segments.plugin [-] Segment 30ffaa50-aaab-4140-a6f3-72a33ec6ad59 resource provider not found; error: Placement Client Error (4xx): {"errors": [{"status": 404, "title": "Not Found", "detail": "The resource could not be found.\n\n No resource provider with uuid 30ffaa50-aaab-4140-a6f3-72a33ec6ad59 found for delete ", "request_id": "req-d808d623-0a93-4123-b645-23a9e2775690"}]}
2026-06-26 04:46:02.162 10 INFO neutron.services.segments.plugin [-] Segment 30ffaa50-aaab-4140-a6f3-72a33ec6ad59 resource provider not found; error: Placement Client Error (4xx): {"errors": [{"status": 404, "title": "Not Found", "detail": "The resource could not be found.\n\n No resource provider with uuid 30ffaa50-aaab-4140-a6f3-72a33ec6ad59 found for delete ", "request_id": "req-9cfd77e1-c4f1-4b22-ba23-0f313ae58278"}]}
2026-06-26 04:46:02.169 10 INFO neutron.wsgi [req-85b4c28b-eddb-4c4a-a684-5342fe971787 req-527fc668-38a5-4172-a679-316c567eb002 935f95c3e3b04eeb99350c0807552a47 8d240b3cfd2c44cf9ab1f4900cbc905f - - default default] 10.0.0.222 "GET /v2.0/quotas/8d240b3cfd2c44cf9ab1f4900cbc905f HTTP/1.1" status: 200 len: 386 time: 0.0420756
2026-06-26 04:46:02.179 10 INFO neutron.wsgi [None req-e69edbdf-0bbb-4d00-a77d-6936f53cd24e fa6ee0307e9e4c598e0fc0ad83969e72 b902d3189ef64166b07841c641636341 - - default default] 10.0.0.66 "GET /v2.0/security-groups?tenant_id=6bee0dc7ab8c42aa959af81b99a82242&name=default HTTP/1.1" status: 200 len: 2996 time: 0.3653884
2026-06-26 04:46:02.218 10 INFO neutron.wsgi [None req-1150cfa0-870e-4355-8746-651eef8732ae fbd197c0649b435884b7d8fc4341cc46 d352ee1a4f874e84811e69f1121df7e3 - - - -] 10.0.0.66 "DELETE /v2.0/networks/b17c7a30-391c-43c9-be87-dc87bc5f224e HTTP/1.1" status: 204 len: 168 time: 0.5862553
2026-06-26 04:46:02.330 10 INFO neutron.wsgi [req-85b4c28b-eddb-4c4a-a684-5342fe971787 req-0254270d-0d53-4e48-b1e2-6f7358bfab40 935f95c3e3b04eeb99350c0807552a47 8d240b3cfd2c44cf9ab1f4900cbc905f - - default default] 10.0.0.222 "GET /v2.0/ports?tenant_id=8d240b3cfd2c44cf9ab1f4900cbc905f&fields=id HTTP/1.1" status: 200 len: 302 time: 0.1546721
2026-06-26 04:46:02.437 10 INFO neutron.wsgi [req-85b4c28b-eddb-4c4a-a684-5342fe971787 req-c2d9db40-4a0e-4f13-87f4-a37bf8e506ba 5aece556be5c4597b45ae4ca8968f208 1963e81d3b9447b09c7dede164a08ae2 - - ab14bc3c683241efb1bd8ca3b3626608 ab14bc3c683241efb1bd8ca3b3626608] 10.0.0.222 "GET /v2.0/networks/75de3bf6-5896-41fa-bedf-45cd416c87f0?fields=segments HTTP/1.1" status: 200 len: 212 time: 0.0910590
2026-06-26 04:46:02.561 10 INFO neutron.wsgi [req-85b4c28b-eddb-4c4a-a684-5342fe971787 req-4b5c958f-00e1-46a4-ac5c-efa427fa1045 5aece556be5c4597b45ae4ca8968f208 1963e81d3b9447b09c7dede164a08ae2 - - ab14bc3c683241efb1bd8ca3b3626608 ab14bc3c683241efb1bd8ca3b3626608] 10.0.0.222 "GET /v2.0/networks/75de3bf6-5896-41fa-bedf-45cd416c87f0?fields=provider%3Aphysical_network&fields=provider%3Anetwork_type HTTP/1.1" status: 200 len: 277 time: 0.1165066
2026-06-26 04:46:02.605 10 WARNING neutron.scheduler.dhcp_agent_scheduler [None req-a3cfdc5e-63b5-40f3-a04e-0a43ef590f82 fbd197c0649b435884b7d8fc4341cc46 d352ee1a4f874e84811e69f1121df7e3 - - - -] No more DHCP agents
2026-06-26 04:46:02.608 10 WARNING neutron.api.rpc.agentnotifiers.dhcp_rpc_agent_api [None req-a3cfdc5e-63b5-40f3-a04e-0a43ef590f82 fbd197c0649b435884b7d8fc4341cc46 d352ee1a4f874e84811e69f1121df7e3 - - - -] Unable to schedule network f3614222-be21-4270-8502-42219514fa0d: no agents available; will retry on subsequent port and subnet creation events.
2026-06-26 04:46:02.610 9 INFO neutron.db.l3_db [None req-cc533996-2bcd-4c90-a3a0-fb9faf0f62e1 4c01ae0971cb4f7dbaeec5fe6e55dbb3 c9d0099bab8945bab5c00b41788b98a0 - - - -] Floating IP ce0348a3-c4c5-46e7-a434-5c9f65d2fe17 associated. External IP: 10.96.250.214, port: 6f8843e8-f9a0-4935-a060-61380353a9e3.
2026-06-26 04:46:02.656 10 INFO neutron.wsgi [None req-0692c8ec-d8e1-4f90-88ab-0ea026d2ad06 fa6ee0307e9e4c598e0fc0ad83969e72 b902d3189ef64166b07841c641636341 - - - -] 10.0.0.66 "DELETE /v2.0/security-groups/8e04cf23-0fdc-401a-85a8-8c7d8f24286e HTTP/1.1" status: 204 len: 168 time: 0.4665625 /var/lib/openstack/lib/python3.10/site-packages/pycadf/identifier.py:71: UserWarning: Invalid uuid: neutron. To ensure interoperability, identifiers should be a valid uuid. warnings.warn(('Invalid uuid: %s. To ensure interoperability, '
2026-06-26 04:46:02.726 10 INFO neutron.wsgi [req-1f32835e-a676-4901-af9a-01895d55006d req-cff2e59c-49fa-427c-ad8f-862d16cb61d5 935f95c3e3b04eeb99350c0807552a47 8d240b3cfd2c44cf9ab1f4900cbc905f - - default default] 10.0.0.222 "GET /v2.0/ports?device_id=10946fc5-041e-4d27-9972-8145e453334c HTTP/1.1" status: 200 len: 210 time: 0.0306818
2026-06-26 04:46:02.731 10 INFO neutron.db.ovn_revision_numbers_db [None req-a3cfdc5e-63b5-40f3-a04e-0a43ef590f82 fbd197c0649b435884b7d8fc4341cc46 d352ee1a4f874e84811e69f1121df7e3 - - - -] Successfully bumped revision number for resource bb6a2aae-bbbf-476d-bd89-8ee671ae57cd (type: ports) to 1
2026-06-26 04:46:02.762 10 INFO neutron.wsgi [None req-a3cfdc5e-63b5-40f3-a04e-0a43ef590f82 fbd197c0649b435884b7d8fc4341cc46 d352ee1a4f874e84811e69f1121df7e3 - - - -] 10.0.0.66 "POST /v2.0/ports HTTP/1.1" status: 201 len: 978 time: 0.5353799
2026-06-26 04:46:02.787 9 INFO neutron.db.ovn_revision_numbers_db [None req-cc533996-2bcd-4c90-a3a0-fb9faf0f62e1 4c01ae0971cb4f7dbaeec5fe6e55dbb3 c9d0099bab8945bab5c00b41788b98a0 - - - -] Successfully bumped revision number for resource ce0348a3-c4c5-46e7-a434-5c9f65d2fe17 (type: floatingips) to 0
2026-06-26 04:46:02.875 9 INFO neutron.db.ovn_revision_numbers_db [None req-cc533996-2bcd-4c90-a3a0-fb9faf0f62e1 4c01ae0971cb4f7dbaeec5fe6e55dbb3 c9d0099bab8945bab5c00b41788b98a0 - - - -] Successfully bumped revision number for resource ce0348a3-c4c5-46e7-a434-5c9f65d2fe17 (type: floatingips) to 1
2026-06-26 04:46:02.887 10 INFO neutron.db.ovn_revision_numbers_db [None req-f6746cf6-c92e-4d97-ad60-0c71d96f3b79 fa6ee0307e9e4c598e0fc0ad83969e72 b902d3189ef64166b07841c641636341 - - default default] Successfully bumped revision number for resource 32a1c5f4-aacb-4d3a-83f8-221e2e575557 (type: security_groups) to 1
2026-06-26 04:46:02.913 9 INFO neutron.wsgi [None req-cc533996-2bcd-4c90-a3a0-fb9faf0f62e1 4c01ae0971cb4f7dbaeec5fe6e55dbb3 c9d0099bab8945bab5c00b41788b98a0 - - - -] 10.0.0.66 "POST /v2.0/floatingips HTTP/1.1" status: 201 len: 1040 time: 1.4497948
2026-06-26 04:46:02.925 10 INFO neutron.wsgi [None req-f6746cf6-c92e-4d97-ad60-0c71d96f3b79 fa6ee0307e9e4c598e0fc0ad83969e72 b902d3189ef64166b07841c641636341 - - default default] 10.0.0.66 "GET /v2.0/security-groups?tenant_id=6c7b3a727de846118b7f239f286e4857&name=default HTTP/1.1" status: 200 len: 2996 time: 0.1757059
2026-06-26 04:46:02.959 9 INFO neutron.wsgi [None req-d9c33d2e-0829-48fb-bd61-61210d8cbd56 4c01ae0971cb4f7dbaeec5fe6e55dbb3 c9d0099bab8945bab5c00b41788b98a0 - - default default] 10.0.0.66 "GET /v2.0/floatingips/ce0348a3-c4c5-46e7-a434-5c9f65d2fe17 HTTP/1.1" status: 200 len: 1037 time: 0.0403097
2026-06-26 04:46:03.030 9 INFO neutron.wsgi [None req-85a93b0b-c3ae-47d9-996a-7fe36ab1429e 4c01ae0971cb4f7dbaeec5fe6e55dbb3 c9d0099bab8945bab5c00b41788b98a0 - - default default] 10.0.0.66 "GET /v2.0/floatingips HTTP/1.1" status: 200 len: 1040 time: 0.0668871
2026-06-26 04:46:03.030 10 INFO neutron.db.ovn_revision_numbers_db [None req-2750113a-9631-474a-848d-226d4d600815 fbd197c0649b435884b7d8fc4341cc46 d352ee1a4f874e84811e69f1121df7e3 - - - -] Successfully bumped revision number for resource bb6a2aae-bbbf-476d-bd89-8ee671ae57cd (type: ports) to 2
2026-06-26 04:46:03.042 10 INFO neutron.wsgi [None req-2750113a-9631-474a-848d-226d4d600815 fbd197c0649b435884b7d8fc4341cc46 d352ee1a4f874e84811e69f1121df7e3 - - - -] 10.0.0.66 "PUT /v2.0/ports/bb6a2aae-bbbf-476d-bd89-8ee671ae57cd HTTP/1.1" status: 200 len: 946 time: 0.2741084 /var/lib/openstack/lib/python3.10/site-packages/pycadf/identifier.py:71: UserWarning: Invalid uuid: neutron. To ensure interoperability, identifiers should be a valid uuid. warnings.warn(('Invalid uuid: %s. To ensure interoperability, '
2026-06-26 04:46:03.189 10 INFO neutron.wsgi [None req-b69594b6-9890-4d54-8d9c-a2a4f76b4512 fa6ee0307e9e4c598e0fc0ad83969e72 b902d3189ef64166b07841c641636341 - - - -] 10.0.0.66 "DELETE /v2.0/security-groups/32a1c5f4-aacb-4d3a-83f8-221e2e575557 HTTP/1.1" status: 204 len: 168 time: 0.2585385
2026-06-26 04:46:03.294 9 INFO neutron.db.l3_db [None req-d4102fd4-a434-45db-8d26-feefed3cddf9 4c01ae0971cb4f7dbaeec5fe6e55dbb3 c9d0099bab8945bab5c00b41788b98a0 - - - -] Floating IP ce0348a3-c4c5-46e7-a434-5c9f65d2fe17 associated. External IP: 10.96.250.214, port: 6f8843e8-f9a0-4935-a060-61380353a9e3.
2026-06-26 04:46:03.297 10 INFO neutron.wsgi [None req-06ae22c1-6652-482c-817e-627859f834c1 fbd197c0649b435884b7d8fc4341cc46 d352ee1a4f874e84811e69f1121df7e3 - - - -] 10.0.0.66 "DELETE /v2.0/ports/bb6a2aae-bbbf-476d-bd89-8ee671ae57cd HTTP/1.1" status: 204 len: 168 time: 0.2465549
2026-06-26 04:46:03.405 10 INFO neutron.wsgi [None req-8d2516b7-5612-49ce-afae-90dda60dec69 fbd197c0649b435884b7d8fc4341cc46 d352ee1a4f874e84811e69f1121df7e3 - - default default] 10.0.0.66 "GET /v2.0/ports HTTP/1.1" status: 200 len: 1733 time: 0.1031373
2026-06-26 04:46:03.443 9 INFO neutron.pecan_wsgi.hooks.translation [None req-694036ed-bac5-4c08-8652-fabb4be2a7da fbd197c0649b435884b7d8fc4341cc46 d352ee1a4f874e84811e69f1121df7e3 - - default default] GET failed (client error): The resource could not be found.
2026-06-26 04:46:03.444 9 INFO neutron.wsgi [None req-694036ed-bac5-4c08-8652-fabb4be2a7da fbd197c0649b435884b7d8fc4341cc46 d352ee1a4f874e84811e69f1121df7e3 - - default default] 10.0.0.66 "GET /v2.0/ports/bb6a2aae-bbbf-476d-bd89-8ee671ae57cd HTTP/1.1" status: 404 len: 333 time: 0.0344706
2026-06-26 04:46:03.492 9 INFO neutron.wsgi [req-85b4c28b-eddb-4c4a-a684-5342fe971787 req-722de9d2-44ec-43b6-98d3-03de70ce99f6 935f95c3e3b04eeb99350c0807552a47 8d240b3cfd2c44cf9ab1f4900cbc905f - - default default] 199.204.45.177 "GET /v2.0/networks?id=75de3bf6-5896-41fa-bedf-45cd416c87f0 HTTP/1.1" status: 200 len: 859 time: 0.0988135
2026-06-26 04:46:03.498 9 INFO neutron.db.ovn_revision_numbers_db [None req-d4102fd4-a434-45db-8d26-feefed3cddf9 4c01ae0971cb4f7dbaeec5fe6e55dbb3 c9d0099bab8945bab5c00b41788b98a0 - - - -] Successfully bumped revision number for resource ce0348a3-c4c5-46e7-a434-5c9f65d2fe17 (type: floatingips) to 2
2026-06-26 04:46:03.581 9 INFO neutron.wsgi [req-85b4c28b-eddb-4c4a-a684-5342fe971787 req-76da73a2-8203-46f9-b093-faef18d94530 935f95c3e3b04eeb99350c0807552a47 8d240b3cfd2c44cf9ab1f4900cbc905f - - default default] 199.204.45.177 "GET /v2.0/security-groups?fields=id&fields=name&tenant_id=8d240b3cfd2c44cf9ab1f4900cbc905f HTTP/1.1" status: 200 len: 380 time: 0.0837815
2026-06-26 04:46:03.629 9 INFO neutron.db.ovn_revision_numbers_db [None req-d4102fd4-a434-45db-8d26-feefed3cddf9 4c01ae0971cb4f7dbaeec5fe6e55dbb3 c9d0099bab8945bab5c00b41788b98a0 - - - -] Successfully bumped revision number for resource ce0348a3-c4c5-46e7-a434-5c9f65d2fe17 (type: floatingips) to 3
2026-06-26 04:46:03.691 9 INFO neutron.wsgi [None req-d4102fd4-a434-45db-8d26-feefed3cddf9 4c01ae0971cb4f7dbaeec5fe6e55dbb3 c9d0099bab8945bab5c00b41788b98a0 - - - -] 10.0.0.66 "PUT /v2.0/floatingips/ce0348a3-c4c5-46e7-a434-5c9f65d2fe17 HTTP/1.1" status: 200 len: 1037 time: 0.6550677
2026-06-26 04:46:03.788 10 INFO neutron.wsgi [None req-68715b89-6df8-4875-9268-cb8980394734 fbd197c0649b435884b7d8fc4341cc46 d352ee1a4f874e84811e69f1121df7e3 - - default default] 10.0.0.66 "GET /v2.0/ports HTTP/1.1" status: 200 len: 1733 time: 0.3357868
2026-06-26 04:46:03.836 10 INFO neutron.wsgi [req-3cfa3e2d-f6af-4e53-baaa-6375e4c49a63 req-835ed2c7-21a5-42c6-8643-ee74bfb84896 935f95c3e3b04eeb99350c0807552a47 8d240b3cfd2c44cf9ab1f4900cbc905f - - default default] 10.0.0.222 "GET /v2.0/ports?device_id=10946fc5-041e-4d27-9972-8145e453334c HTTP/1.1" status: 200 len: 210 time: 0.0454001
2026-06-26 04:46:03.906 9 INFO neutron.db.l3_db [None req-91f9bb32-02c6-49b1-82d5-f79e785be80b 4c01ae0971cb4f7dbaeec5fe6e55dbb3 c9d0099bab8945bab5c00b41788b98a0 - - - -] Floating IP ce0348a3-c4c5-46e7-a434-5c9f65d2fe17 disassociated. External IP: 10.96.250.214, port: 3635a092-795c-4d25-95a5-4da0b243c173.
2026-06-26 04:46:03.954 9 INFO neutron.wsgi [None req-a34996dc-a7d2-4113-aa56-42e2b2646008 fbd197c0649b435884b7d8fc4341cc46 d352ee1a4f874e84811e69f1121df7e3 - - default default] 10.0.0.66 "GET /v2.0/ports/d5340d53-b286-472f-84b4-996d39590c38 HTTP/1.1" status: 200 len: 973 time: 0.1526730
2026-06-26 04:46:03.956 9 INFO neutron.db.ovn_revision_numbers_db [None req-91f9bb32-02c6-49b1-82d5-f79e785be80b 4c01ae0971cb4f7dbaeec5fe6e55dbb3 c9d0099bab8945bab5c00b41788b98a0 - - - -] Successfully bumped revision number for resource ce0348a3-c4c5-46e7-a434-5c9f65d2fe17 (type: floatingips) to 4
2026-06-26 04:46:03.979 10 INFO neutron.pecan_wsgi.hooks.translation [None req-2e50252a-7ede-4de4-bcff-497b813b3bd0 fbd197c0649b435884b7d8fc4341cc46 d352ee1a4f874e84811e69f1121df7e3 - - - -] DELETE failed (client error): The resource could not be found.
2026-06-26 04:46:03.981 10 INFO neutron.wsgi [None req-2e50252a-7ede-4de4-bcff-497b813b3bd0 fbd197c0649b435884b7d8fc4341cc46 d352ee1a4f874e84811e69f1121df7e3 - - - -] 10.0.0.66 "DELETE /v2.0/ports/a64a0eb8-c944-4d30-9223-ce6c673f5045 HTTP/1.1" status: 404 len: 333 time: 0.0190756
2026-06-26 04:46:04.001 10 INFO neutron.pecan_wsgi.hooks.translation [None req-d570401e-2870-470d-8075-416e31312c47 fbd197c0649b435884b7d8fc4341cc46 d352ee1a4f874e84811e69f1121df7e3 - - - -] DELETE failed (client error): The resource could not be found.
2026-06-26 04:46:04.003 10 INFO neutron.wsgi [None req-d570401e-2870-470d-8075-416e31312c47 fbd197c0649b435884b7d8fc4341cc46 d352ee1a4f874e84811e69f1121df7e3 - - - -] 10.0.0.66 "DELETE /v2.0/subnets/6b005ff0-824f-4ae1-a556-28e9844f3797 HTTP/1.1" status: 404 len: 337 time: 0.0179298
2026-06-26 04:46:04.025 10 INFO neutron.pecan_wsgi.hooks.translation [None req-7ab1974f-d65a-4452-ab01-1c0ac0e4e7f7 fbd197c0649b435884b7d8fc4341cc46 d352ee1a4f874e84811e69f1121df7e3 - - - -] DELETE failed (client error): The resource could not be found.
2026-06-26 04:46:04.030 10 INFO neutron.wsgi [None req-7ab1974f-d65a-4452-ab01-1c0ac0e4e7f7 fbd197c0649b435884b7d8fc4341cc46 d352ee1a4f874e84811e69f1121df7e3 - - - -] 10.0.0.66 "DELETE /v2.0/subnets/b202525b-f8b3-4938-9130-edc2ae8c24fe HTTP/1.1" status: 404 len: 337 time: 0.0220797
2026-06-26 04:46:04.066 9 INFO neutron.wsgi [None req-91f9bb32-02c6-49b1-82d5-f79e785be80b 4c01ae0971cb4f7dbaeec5fe6e55dbb3 c9d0099bab8945bab5c00b41788b98a0 - - - -] 10.0.0.66 "PUT /v2.0/floatingips/ce0348a3-c4c5-46e7-a434-5c9f65d2fe17 HTTP/1.1" status: 200 len: 748 time: 0.3712914 /var/lib/openstack/lib/python3.10/site-packages/pycadf/identifier.py:71: UserWarning: Invalid uuid: neutron. To ensure interoperability, identifiers should be a valid uuid. warnings.warn(('Invalid uuid: %s. To ensure interoperability, '
2026-06-26 04:46:04.141 9 WARNING neutron.scheduler.dhcp_agent_scheduler [None req-ad99a17c-31b6-4a08-ae5d-d335e6341250 935f95c3e3b04eeb99350c0807552a47 8d240b3cfd2c44cf9ab1f4900cbc905f - - - -] No more DHCP agents
2026-06-26 04:46:04.143 9 WARNING neutron.api.rpc.agentnotifiers.dhcp_rpc_agent_api [None req-ad99a17c-31b6-4a08-ae5d-d335e6341250 935f95c3e3b04eeb99350c0807552a47 8d240b3cfd2c44cf9ab1f4900cbc905f - - - -] Unable to schedule network 75de3bf6-5896-41fa-bedf-45cd416c87f0: no agents available; will retry on subsequent port and subnet creation events.
2026-06-26 04:46:04.355 10 INFO neutron.wsgi [None req-eebd612b-cb65-433c-9711-4a78e4066e26 fbd197c0649b435884b7d8fc4341cc46 d352ee1a4f874e84811e69f1121df7e3 - - - -] 10.0.0.66 "DELETE /v2.0/ports/d5340d53-b286-472f-84b4-996d39590c38 HTTP/1.1" status: 204 len: 168 time: 0.3223066
2026-06-26 04:46:04.763 9 INFO neutron.db.ovn_revision_numbers_db [None req-ad99a17c-31b6-4a08-ae5d-d335e6341250 935f95c3e3b04eeb99350c0807552a47 8d240b3cfd2c44cf9ab1f4900cbc905f - - - -] Successfully bumped revision number for resource 7f7f49f5-0aeb-4659-adc1-6ce3de85402c (type: ports) to 1
2026-06-26 04:46:04.803 10 INFO neutron.services.segments.plugin [-] Segment c2f1728b-5541-486d-aec7-8f35499aafa7 resource provider aggregate not found
2026-06-26 04:46:04.812 10 INFO neutron.services.segments.plugin [-] Segment c2f1728b-5541-486d-aec7-8f35499aafa7 resource provider aggregate not found
2026-06-26 04:46:04.818 9 INFO neutron.wsgi [None req-ad99a17c-31b6-4a08-ae5d-d335e6341250 935f95c3e3b04eeb99350c0807552a47 8d240b3cfd2c44cf9ab1f4900cbc905f - - - -] 199.204.45.177 "POST /v2.0/ports HTTP/1.1" status: 201 len: 1158 time: 1.2252166 /var/lib/openstack/lib/python3.10/site-packages/pycadf/identifier.py:71: UserWarning: Invalid uuid: neutron. To ensure interoperability, identifiers should be a valid uuid. warnings.warn(('Invalid uuid: %s. To ensure interoperability, '
2026-06-26 04:46:04.840 10 INFO neutron.services.segments.plugin [-] Segment c2f1728b-5541-486d-aec7-8f35499aafa7 resource provider not found; error: Placement Client Error (4xx): {"errors": [{"status": 404, "title": "Not Found", "detail": "The resource could not be found.\n\n No resource provider with uuid c2f1728b-5541-486d-aec7-8f35499aafa7 found for delete ", "request_id": "req-91de2b56-3673-4f4a-ad2e-920c96f14fd8"}]}
2026-06-26 04:46:04.876 10 INFO neutron.services.segments.plugin [-] Segment c2f1728b-5541-486d-aec7-8f35499aafa7 resource provider not found; error: Placement Client Error (4xx): {"errors": [{"status": 404, "title": "Not Found", "detail": "The resource could not be found.\n\n No resource provider with uuid c2f1728b-5541-486d-aec7-8f35499aafa7 found for delete ", "request_id": "req-7bea1313-3ab3-4604-844d-cf821724b952"}]}
2026-06-26 04:46:04.889 10 INFO neutron.wsgi [None req-2f9c9a0d-16be-4978-91aa-b434e0e8efc2 fbd197c0649b435884b7d8fc4341cc46 d352ee1a4f874e84811e69f1121df7e3 - - - -] 10.0.0.66 "DELETE /v2.0/networks/f3614222-be21-4270-8502-42219514fa0d HTTP/1.1" status: 204 len: 168 time: 0.5296278
2026-06-26 04:46:04.929 9 INFO neutron.wsgi [None req-8e61c96b-0911-4361-aaca-24648e1eb087 4c01ae0971cb4f7dbaeec5fe6e55dbb3 c9d0099bab8945bab5c00b41788b98a0 - - - -] 10.0.0.66 "DELETE /v2.0/floatingips/ce0348a3-c4c5-46e7-a434-5c9f65d2fe17 HTTP/1.1" status: 204 len: 168 time: 0.8556342
2026-06-26 04:46:04.954 10 INFO neutron.wsgi [req-125ef6f0-3c7e-42b6-8973-5708abbd5123 req-f166b258-f927-45ac-b904-3d4e9235c464 935f95c3e3b04eeb99350c0807552a47 8d240b3cfd2c44cf9ab1f4900cbc905f - - default default] 10.0.0.222 "GET /v2.0/ports?device_id=10946fc5-041e-4d27-9972-8145e453334c HTTP/1.1" status: 200 len: 1156 time: 0.0408690
2026-06-26 04:46:04.960 9 INFO neutron.api.v2.resource [None req-688ac9b2-c376-4516-a065-976590b8e115 4c01ae0971cb4f7dbaeec5fe6e55dbb3 c9d0099bab8945bab5c00b41788b98a0 - - - -] delete failed (client error): The resource could not be found.
2026-06-26 04:46:04.961 9 INFO neutron.wsgi [None req-688ac9b2-c376-4516-a065-976590b8e115 4c01ae0971cb4f7dbaeec5fe6e55dbb3 c9d0099bab8945bab5c00b41788b98a0 - - - -] 10.0.0.66 "DELETE /v2.0/floatingips/ce0348a3-c4c5-46e7-a434-5c9f65d2fe17 HTTP/1.1" status: 404 len: 345 time: 0.0260210
2026-06-26 04:46:05.007 10 INFO neutron.wsgi [req-125ef6f0-3c7e-42b6-8973-5708abbd5123 req-c93261f2-7a0a-4690-8d3d-03000db62f85 935f95c3e3b04eeb99350c0807552a47 8d240b3cfd2c44cf9ab1f4900cbc905f - - default default] 10.0.0.222 "GET /v2.0/security-groups?id=27c9d46d-d5a0-4e7d-ba46-b293545d6145&fields=id&fields=name HTTP/1.1" status: 200 len: 313 time: 0.0456553
2026-06-26 04:46:05.160 9 WARNING neutron.plugins.ml2.drivers.ovn.mech_driver.ovsdb.ovn_client [None req-2c575510-7952-4175-ba50-46335c36ee66 - - - - - -] No hosting information found for port 1074b5f5-6467-47e8-9320-f6529baf59bd: RuntimeError: No hosting information found for port 1074b5f5-6467-47e8-9320-f6529baf59bd
2026-06-26 04:46:05.160 9 INFO neutron.plugins.ml2.drivers.ovn.mech_driver.mech_driver [None req-2c575510-7952-4175-ba50-46335c36ee66 - - - - - -] OVN reports status up for port: a0d31b9f-062f-47c8-b174-a94e6ed07cbc
2026-06-26 04:46:05.178 9 INFO neutron.plugins.ml2.plugin [None req-2c575510-7952-4175-ba50-46335c36ee66 - - - - - -] Attempt 1 to provision port a0d31b9f-062f-47c8-b174-a94e6ed07cbc
2026-06-26 04:46:05.334 9 INFO neutron.db.ovn_revision_numbers_db [None req-86a289a0-2e91-43b9-b2ee-aca05f524ed8 5aece556be5c4597b45ae4ca8968f208 1963e81d3b9447b09c7dede164a08ae2 - - - -] Successfully bumped revision number for resource 7f7f49f5-0aeb-4659-adc1-6ce3de85402c (type: ports) to 2
2026-06-26 04:46:05.346 10 INFO neutron.wsgi [None req-cb239ffa-42cd-4290-9b86-3a0f089b927a 4c01ae0971cb4f7dbaeec5fe6e55dbb3 c9d0099bab8945bab5c00b41788b98a0 - - - -] 10.0.0.66 "DELETE /v2.0/ports/3635a092-795c-4d25-95a5-4da0b243c173 HTTP/1.1" status: 204 len: 168 time: 0.3740869
2026-06-26 04:46:05.533 10 INFO neutron.wsgi [None req-3fbe6844-f6d3-430b-a172-cd4492973de3 fa6ee0307e9e4c598e0fc0ad83969e72 b902d3189ef64166b07841c641636341 - - default default] 10.0.0.66 "GET /v2.0/security-groups?tenant_id=d352ee1a4f874e84811e69f1121df7e3&name=default HTTP/1.1" status: 200 len: 2996 time: 0.1692922 /var/lib/openstack/lib/python3.10/site-packages/pycadf/identifier.py:71: UserWarning: Invalid uuid: neutron. To ensure interoperability, identifiers should be a valid uuid. warnings.warn(('Invalid uuid: %s. To ensure interoperability, '
2026-06-26 04:46:05.548 9 INFO neutron.db.ovn_revision_numbers_db [None req-2c575510-7952-4175-ba50-46335c36ee66 - - - - - -] Successfully bumped revision number for resource a0d31b9f-062f-47c8-b174-a94e6ed07cbc (type: ports) to 3
2026-06-26 04:46:05.647 9 INFO neutron.db.ovn_revision_numbers_db [None req-86a289a0-2e91-43b9-b2ee-aca05f524ed8 5aece556be5c4597b45ae4ca8968f208 1963e81d3b9447b09c7dede164a08ae2 - - - -] Successfully bumped revision number for resource 7f7f49f5-0aeb-4659-adc1-6ce3de85402c (type: ports) to 2
2026-06-26 04:46:05.686 9 INFO neutron.wsgi [None req-86a289a0-2e91-43b9-b2ee-aca05f524ed8 5aece556be5c4597b45ae4ca8968f208 1963e81d3b9447b09c7dede164a08ae2 - - - -] 199.204.45.177 "PUT /v2.0/ports/7f7f49f5-0aeb-4659-adc1-6ce3de85402c HTTP/1.1" status: 200 len: 1328 time: 0.8601031
2026-06-26 04:46:05.722 9 INFO neutron.db.ovn_revision_numbers_db [None req-2c575510-7952-4175-ba50-46335c36ee66 - - - - - -] Successfully bumped revision number for resource a0d31b9f-062f-47c8-b174-a94e6ed07cbc (type: router_ports) to 3
2026-06-26 04:46:05.726 9 INFO neutron.notifiers.nova [-] Nova event matching ['req-72025c2c-24bb-421b-94e7-1ebcab6a416d'] response: {'name': 'network-changed', 'server_uuid': '10946fc5-041e-4d27-9972-8145e453334c', 'tag': '7f7f49f5-0aeb-4659-adc1-6ce3de85402c', 'status': 'completed', 'code': 200}
2026-06-26 04:46:05.751 10 INFO neutron.wsgi [None req-c181ea36-a273-49b1-ab5f-af1adeca1916 4c01ae0971cb4f7dbaeec5fe6e55dbb3 c9d0099bab8945bab5c00b41788b98a0 - - - -] 10.0.0.66 "DELETE /v2.0/ports/6f8843e8-f9a0-4935-a060-61380353a9e3 HTTP/1.1" status: 204 len: 168 time: 0.3984847
2026-06-26 04:46:05.793 9 INFO neutron.wsgi [req-85b4c28b-eddb-4c4a-a684-5342fe971787 req-a139d183-9004-4c5e-bb3b-85dfbbca1a4d 5aece556be5c4597b45ae4ca8968f208 1963e81d3b9447b09c7dede164a08ae2 - - ab14bc3c683241efb1bd8ca3b3626608 ab14bc3c683241efb1bd8ca3b3626608] 199.204.45.177 "GET /v2.0/ports?tenant_id=8d240b3cfd2c44cf9ab1f4900cbc905f&device_id=10946fc5-041e-4d27-9972-8145e453334c HTTP/1.1" status: 200 len: 1359 time: 0.0421093
2026-06-26 04:46:05.835 9 INFO neutron.wsgi [req-85b4c28b-eddb-4c4a-a684-5342fe971787 req-757b0b9c-6895-4483-9865-b14fd6f8a7eb 5aece556be5c4597b45ae4ca8968f208 1963e81d3b9447b09c7dede164a08ae2 - - ab14bc3c683241efb1bd8ca3b3626608 ab14bc3c683241efb1bd8ca3b3626608] 199.204.45.177 "GET /v2.0/floatingips?fixed_ip_address=10.100.0.7&port_id=7f7f49f5-0aeb-4659-adc1-6ce3de85402c HTTP/1.1" status: 200 len: 217 time: 0.0294566
2026-06-26 04:46:05.845 10 INFO neutron.wsgi [None req-4cf169e6-4b9a-4031-b10b-8782a2458ee5 4c01ae0971cb4f7dbaeec5fe6e55dbb3 c9d0099bab8945bab5c00b41788b98a0 - - default default] 10.0.0.66 "GET /v2.0/ports?device_id=0be8740f-d227-49bb-8fe1-b95c2b1eae4b HTTP/1.1" status: 200 len: 1140 time: 0.0857384
2026-06-26 04:46:05.876 9 INFO neutron.wsgi [req-85b4c28b-eddb-4c4a-a684-5342fe971787 req-fb7c6248-9d5e-4f92-b0fd-ab96562b982b 5aece556be5c4597b45ae4ca8968f208 1963e81d3b9447b09c7dede164a08ae2 - - ab14bc3c683241efb1bd8ca3b3626608 ab14bc3c683241efb1bd8ca3b3626608] 199.204.45.177 "GET /v2.0/subnets?id=25549c9d-9344-428c-bdca-f229863683b6 HTTP/1.1" status: 200 len: 853 time: 0.0345328
2026-06-26 04:46:05.903 9 INFO neutron.wsgi [req-85b4c28b-eddb-4c4a-a684-5342fe971787 req-951541af-ecfd-4889-8880-8d8bb9f16ed2 5aece556be5c4597b45ae4ca8968f208 1963e81d3b9447b09c7dede164a08ae2 - - ab14bc3c683241efb1bd8ca3b3626608 ab14bc3c683241efb1bd8ca3b3626608] 199.204.45.177 "GET /v2.0/ports?network_id=75de3bf6-5896-41fa-bedf-45cd416c87f0&device_owner=network%3Adhcp HTTP/1.1" status: 200 len: 210 time: 0.0209508
2026-06-26 04:46:05.905 9 INFO neutron.wsgi [None req-984989aa-cd39-436d-a793-b724e55eea55 fa6ee0307e9e4c598e0fc0ad83969e72 b902d3189ef64166b07841c641636341 - - - -] 10.0.0.66 "DELETE /v2.0/security-groups/22b17cf6-f71f-4226-bf69-8fb243261e22 HTTP/1.1" status: 204 len: 168 time: 0.3642352
2026-06-26 04:46:05.973 9 INFO neutron.wsgi [req-85b4c28b-eddb-4c4a-a684-5342fe971787 req-bc031915-229e-4b0f-a5b2-7e38c720f44e 5aece556be5c4597b45ae4ca8968f208 1963e81d3b9447b09c7dede164a08ae2 - - ab14bc3c683241efb1bd8ca3b3626608 ab14bc3c683241efb1bd8ca3b3626608] 199.204.45.177 "GET /v2.0/networks/75de3bf6-5896-41fa-bedf-45cd416c87f0?fields=segments HTTP/1.1" status: 200 len: 212 time: 0.0647092
2026-06-26 04:46:06.043 9 INFO neutron.wsgi [req-85b4c28b-eddb-4c4a-a684-5342fe971787 req-29bebe95-2c98-4388-bf69-b766cbe435f1 5aece556be5c4597b45ae4ca8968f208 1963e81d3b9447b09c7dede164a08ae2 - - ab14bc3c683241efb1bd8ca3b3626608 ab14bc3c683241efb1bd8ca3b3626608] 199.204.45.177 "GET /v2.0/networks/75de3bf6-5896-41fa-bedf-45cd416c87f0?fields=provider%3Aphysical_network&fields=provider%3Anetwork_type HTTP/1.1" status: 200 len: 277 time: 0.0623243
2026-06-26 04:46:06.126 10 INFO neutron.wsgi [req-463f91f4-166c-4711-8f3e-6963a2d88cd8 req-35056892-1ee1-4bf6-a816-f10ac97f9ea4 935f95c3e3b04eeb99350c0807552a47 8d240b3cfd2c44cf9ab1f4900cbc905f - - default default] 10.0.0.222 "GET /v2.0/ports?device_id=10946fc5-041e-4d27-9972-8145e453334c HTTP/1.1" status: 200 len: 1168 time: 0.0502446
2026-06-26 04:46:06.131 9 INFO neutron.wsgi [req-676c9db8-0213-4386-91d8-749ec91d4a21 req-e1e7cc8d-92bf-4dce-9314-23d3d254419c 5aece556be5c4597b45ae4ca8968f208 1963e81d3b9447b09c7dede164a08ae2 - - ab14bc3c683241efb1bd8ca3b3626608 ab14bc3c683241efb1bd8ca3b3626608] 199.204.45.177 "GET /v2.0/ports?tenant_id=8d240b3cfd2c44cf9ab1f4900cbc905f&device_id=10946fc5-041e-4d27-9972-8145e453334c HTTP/1.1" status: 200 len: 1359 time: 0.0389667
2026-06-26 04:46:06.191 10 INFO neutron.wsgi [req-463f91f4-166c-4711-8f3e-6963a2d88cd8 req-2cbaf504-c41b-4e2d-93fd-f7c71460c4a7 935f95c3e3b04eeb99350c0807552a47 8d240b3cfd2c44cf9ab1f4900cbc905f - - default default] 10.0.0.222 "GET /v2.0/security-groups?id=27c9d46d-d5a0-4e7d-ba46-b293545d6145&fields=id&fields=name HTTP/1.1" status: 200 len: 313 time: 0.0567293
2026-06-26 04:46:06.200 9 INFO neutron.wsgi [req-676c9db8-0213-4386-91d8-749ec91d4a21 req-b9566125-879b-408d-9f4b-d0c25258e427 5aece556be5c4597b45ae4ca8968f208 1963e81d3b9447b09c7dede164a08ae2 - - ab14bc3c683241efb1bd8ca3b3626608 ab14bc3c683241efb1bd8ca3b3626608] 199.204.45.177 "GET /v2.0/networks?id=75de3bf6-5896-41fa-bedf-45cd416c87f0 HTTP/1.1" status: 200 len: 958 time: 0.0577745
2026-06-26 04:46:06.211 10 INFO neutron.db.ovn_revision_numbers_db [None req-8a28efa0-6d63-44a0-b978-8c1cd415d4ab fa6ee0307e9e4c598e0fc0ad83969e72 b902d3189ef64166b07841c641636341 - - default default] Successfully bumped revision number for resource 80ce75c6-8789-406e-a835-2492d9457aa0 (type: security_groups) to 1
2026-06-26 04:46:06.243 9 INFO neutron.wsgi [req-676c9db8-0213-4386-91d8-749ec91d4a21 req-d7d26e6d-dcf4-4680-9d45-0fb91aec6261 5aece556be5c4597b45ae4ca8968f208 1963e81d3b9447b09c7dede164a08ae2 - - ab14bc3c683241efb1bd8ca3b3626608 ab14bc3c683241efb1bd8ca3b3626608] 199.204.45.177 "GET /v2.0/floatingips?fixed_ip_address=10.100.0.7&port_id=7f7f49f5-0aeb-4659-adc1-6ce3de85402c HTTP/1.1" status: 200 len: 217 time: 0.0358772
2026-06-26 04:46:06.260 10 INFO neutron.wsgi [None req-8a28efa0-6d63-44a0-b978-8c1cd415d4ab fa6ee0307e9e4c598e0fc0ad83969e72 b902d3189ef64166b07841c641636341 - - default default] 10.0.0.66 "GET /v2.0/security-groups?tenant_id=9806b0f526974c4a950e0e7056be6bf5&name=default HTTP/1.1" status: 200 len: 2996 time: 0.3135114
2026-06-26 04:46:06.283 10 INFO neutron.plugins.ml2.drivers.ovn.mech_driver.mech_driver [None req-21a5bdf3-7927-4870-8c57-283e5d8c20e0 - - - - - -] OVN reports status up for port: 7f7f49f5-0aeb-4659-adc1-6ce3de85402c
2026-06-26 04:46:06.310 9 INFO neutron.wsgi [req-676c9db8-0213-4386-91d8-749ec91d4a21 req-a52f68c9-6c1c-4947-9b25-06f9a109bb80 5aece556be5c4597b45ae4ca8968f208 1963e81d3b9447b09c7dede164a08ae2 - - ab14bc3c683241efb1bd8ca3b3626608 ab14bc3c683241efb1bd8ca3b3626608] 199.204.45.177 "GET /v2.0/subnets?id=25549c9d-9344-428c-bdca-f229863683b6 HTTP/1.1" status: 200 len: 853 time: 0.0560911
2026-06-26 04:46:06.311 10 INFO neutron.plugins.ml2.plugin [None req-21a5bdf3-7927-4870-8c57-283e5d8c20e0 - - - - - -] Attempt 1 to provision port 7f7f49f5-0aeb-4659-adc1-6ce3de85402c
2026-06-26 04:46:06.372 9 INFO neutron.wsgi [req-676c9db8-0213-4386-91d8-749ec91d4a21 req-cef38df4-387a-41f5-899d-bd9d06b048c8 5aece556be5c4597b45ae4ca8968f208 1963e81d3b9447b09c7dede164a08ae2 - - ab14bc3c683241efb1bd8ca3b3626608 ab14bc3c683241efb1bd8ca3b3626608] 199.204.45.177 "GET /v2.0/ports?network_id=75de3bf6-5896-41fa-bedf-45cd416c87f0&device_owner=network%3Adhcp HTTP/1.1" status: 200 len: 210 time: 0.0544879
