2026-06-26 04:46:16.402 9 INFO neutron.wsgi [None req-371919e4-441c-422c-a0f0-2c50adaf4b60 03c0a1c61a52462f8971d3979e3f39c1 04e7b2542ccd4c20ade558b4f3237971 - - - -] 10.0.0.66 "DELETE /v2.0/subnets/09093dfa-3f8d-4fa0-b4fe-75db4794cf93 HTTP/1.1" status: 204 len: 168 time: 0.2181034
2026-06-26 04:46:16.482 9 INFO neutron.db.segments_db [None req-444d8d85-dd17-4772-be4c-5fcad8d52dde fabff9abbac242599534239b3e71aab2 7f138342a5eb41e6aa2b4d0b94f55749 - - - -] Added segment a3efa30f-136f-4cae-a14c-c7e5a64e50ac of type geneve for network 0f650e9c-4198-4052-96c0-37e190d671ff
2026-06-26 04:46:16.527 10 INFO neutron.wsgi [None req-0bd25602-3d27-481a-95af-4c1b410fc29a f3277e4ec69b4d188d652d9260e92d13 84c797047e594e29a0f86e1cd348abb9 - - - -] 10.0.0.66 "PUT /v2.0/routers/7493fd37-7dad-4033-be7d-737bc44d33a1/remove_router_interface HTTP/1.1" status: 200 len: 503 time: 0.9309239
2026-06-26 04:46:16.735 9 INFO neutron.db.ovn_revision_numbers_db [None req-444d8d85-dd17-4772-be4c-5fcad8d52dde fabff9abbac242599534239b3e71aab2 7f138342a5eb41e6aa2b4d0b94f55749 - - - -] Successfully bumped revision number for resource 0f650e9c-4198-4052-96c0-37e190d671ff (type: networks) to 1
2026-06-26 04:46:16.741 9 INFO neutron.wsgi [None req-81cba2f8-9e7f-4f11-b30b-b2950d747601 f3277e4ec69b4d188d652d9260e92d13 84c797047e594e29a0f86e1cd348abb9 - - default default] 10.0.0.66 "GET /v2.0/ports/6ba6be69-3eb9-4f0f-af44-9abfd0a58f67 HTTP/1.1" status: 200 len: 1141 time: 0.2051530 /var/lib/openstack/lib/python3.10/site-packages/pycadf/identifier.py:71: UserWarning: Invalid uuid: neutron. To ensure interoperability, identifiers should be a valid uuid. warnings.warn(('Invalid uuid: %s. To ensure interoperability, '
2026-06-26 04:46:16.962 9 WARNING neutron.scheduler.dhcp_agent_scheduler [None req-444d8d85-dd17-4772-be4c-5fcad8d52dde fabff9abbac242599534239b3e71aab2 7f138342a5eb41e6aa2b4d0b94f55749 - - - -] No more DHCP agents
2026-06-26 04:46:16.964 9 WARNING neutron.api.rpc.agentnotifiers.dhcp_rpc_agent_api [None req-444d8d85-dd17-4772-be4c-5fcad8d52dde fabff9abbac242599534239b3e71aab2 7f138342a5eb41e6aa2b4d0b94f55749 - - - -] Unable to schedule network 0f650e9c-4198-4052-96c0-37e190d671ff: no agents available; will retry on subsequent port and subnet creation events.
2026-06-26 04:46:17.041 9 INFO neutron.wsgi [None req-90827e0b-8bfe-4a30-97cb-79a289232a2c 03c0a1c61a52462f8971d3979e3f39c1 04e7b2542ccd4c20ade558b4f3237971 - - - -] 10.0.0.66 "DELETE /v2.0/networks/32901dac-d7fa-4e76-b4b4-1cbd20209125 HTTP/1.1" status: 204 len: 168 time: 0.6310534
2026-06-26 04:46:17.058 9 INFO neutron.db.ovn_revision_numbers_db [None req-444d8d85-dd17-4772-be4c-5fcad8d52dde fabff9abbac242599534239b3e71aab2 7f138342a5eb41e6aa2b4d0b94f55749 - - - -] Successfully bumped revision number for resource 45d764eb-251a-4035-972c-3bf9e323a410 (type: ports) to 1
2026-06-26 04:46:17.079 9 INFO neutron.wsgi [None req-444d8d85-dd17-4772-be4c-5fcad8d52dde fabff9abbac242599534239b3e71aab2 7f138342a5eb41e6aa2b4d0b94f55749 - - - -] 10.0.0.66 "POST /v2.0/networks HTTP/1.1" status: 201 len: 853 time: 0.6969945
2026-06-26 04:46:17.171 9 INFO neutron.db.segments_db [None req-464d19ba-e7de-4f3e-853d-e2f641513c78 fabff9abbac242599534239b3e71aab2 7f138342a5eb41e6aa2b4d0b94f55749 - - - -] Added segment 9dd62f54-3cb1-4f1a-bce4-948b097c6d79 of type geneve for network 0c9409e9-89dd-4153-8669-51bc872a3677
2026-06-26 04:46:17.322 9 INFO neutron.db.ovn_revision_numbers_db [None req-464d19ba-e7de-4f3e-853d-e2f641513c78 fabff9abbac242599534239b3e71aab2 7f138342a5eb41e6aa2b4d0b94f55749 - - - -] Successfully bumped revision number for resource 0c9409e9-89dd-4153-8669-51bc872a3677 (type: networks) to 1
2026-06-26 04:46:17.561 9 WARNING neutron.scheduler.dhcp_agent_scheduler [None req-464d19ba-e7de-4f3e-853d-e2f641513c78 fabff9abbac242599534239b3e71aab2 7f138342a5eb41e6aa2b4d0b94f55749 - - - -] No more DHCP agents
2026-06-26 04:46:17.565 9 WARNING neutron.api.rpc.agentnotifiers.dhcp_rpc_agent_api [None req-464d19ba-e7de-4f3e-853d-e2f641513c78 fabff9abbac242599534239b3e71aab2 7f138342a5eb41e6aa2b4d0b94f55749 - - - -] Unable to schedule network 0c9409e9-89dd-4153-8669-51bc872a3677: no agents available; will retry on subsequent port and subnet creation events.
2026-06-26 04:46:17.647 9 INFO neutron.services.segments.plugin [-] Segment ce2695aa-934a-4494-931a-9899ac858460 resource provider aggregate not found
2026-06-26 04:46:17.656 9 INFO neutron.services.segments.plugin [-] Segment ce2695aa-934a-4494-931a-9899ac858460 resource provider aggregate not found
2026-06-26 04:46:17.669 9 INFO neutron.services.segments.plugin [-] Segment ce2695aa-934a-4494-931a-9899ac858460 resource provider not found; error: Placement Client Error (4xx): {"errors": [{"status": 404, "title": "Not Found", "detail": "The resource could not be found.\n\n No resource provider with uuid ce2695aa-934a-4494-931a-9899ac858460 found for delete ", "request_id": "req-aeea43bf-6ecb-4c95-bf7f-8d04dcaef0da"}]}
2026-06-26 04:46:17.676 9 INFO neutron.services.segments.plugin [-] Segment ce2695aa-934a-4494-931a-9899ac858460 resource provider not found; error: Placement Client Error (4xx): {"errors": [{"status": 404, "title": "Not Found", "detail": "The resource could not be found.\n\n No resource provider with uuid ce2695aa-934a-4494-931a-9899ac858460 found for delete ", "request_id": "req-f18e59ae-bda1-4d53-9e9f-eaa559883bdc"}]}
2026-06-26 04:46:17.689 9 INFO neutron.db.ovn_revision_numbers_db [None req-464d19ba-e7de-4f3e-853d-e2f641513c78 fabff9abbac242599534239b3e71aab2 7f138342a5eb41e6aa2b4d0b94f55749 - - - -] Successfully bumped revision number for resource 7f8b829e-be5d-4a70-af21-f3be3a943ea1 (type: ports) to 1
2026-06-26 04:46:17.711 9 INFO neutron.wsgi [None req-464d19ba-e7de-4f3e-853d-e2f641513c78 fabff9abbac242599534239b3e71aab2 7f138342a5eb41e6aa2b4d0b94f55749 - - - -] 10.0.0.66 "POST /v2.0/networks HTTP/1.1" status: 201 len: 852 time: 0.6280043
2026-06-26 04:46:17.820 10 WARNING neutron.scheduler.dhcp_agent_scheduler [None req-7eda790a-9fc2-4aa2-af3d-21c21e7e3dc7 03c0a1c61a52462f8971d3979e3f39c1 04e7b2542ccd4c20ade558b4f3237971 - - - -] No more DHCP agents
2026-06-26 04:46:17.822 10 WARNING neutron.api.rpc.agentnotifiers.dhcp_rpc_agent_api [None req-7eda790a-9fc2-4aa2-af3d-21c21e7e3dc7 03c0a1c61a52462f8971d3979e3f39c1 04e7b2542ccd4c20ade558b4f3237971 - - - -] Unable to schedule network a8e1bb90-b5e8-4c17-ae32-b18c8ee582b3: no agents available; will retry on subsequent port and subnet creation events.
2026-06-26 04:46:17.937 10 INFO neutron.wsgi [None req-311c2487-e467-4337-b789-168378c1457b f3277e4ec69b4d188d652d9260e92d13 84c797047e594e29a0f86e1cd348abb9 - - - -] 10.0.0.66 "PUT /v2.0/routers/7493fd37-7dad-4033-be7d-737bc44d33a1/remove_router_interface HTTP/1.1" status: 200 len: 503 time: 1.1891272 /var/lib/openstack/lib/python3.10/site-packages/pycadf/identifier.py:71: UserWarning: Invalid uuid: neutron. To ensure interoperability, identifiers should be a valid uuid. warnings.warn(('Invalid uuid: %s. To ensure interoperability, '
2026-06-26 04:46:17.977 10 INFO neutron.db.ovn_revision_numbers_db [None req-7eda790a-9fc2-4aa2-af3d-21c21e7e3dc7 03c0a1c61a52462f8971d3979e3f39c1 04e7b2542ccd4c20ade558b4f3237971 - - - -] Successfully bumped revision number for resource b6ef36e6-c3d2-44ce-ae08-11dbac156ec0 (type: ports) to 1
2026-06-26 04:46:17.982 10 INFO neutron.wsgi [None req-e1c47ac9-1559-456e-942a-aeb988a4bb1b f3277e4ec69b4d188d652d9260e92d13 84c797047e594e29a0f86e1cd348abb9 - - default default] 10.0.0.66 "GET /v2.0/ports?device_id=7493fd37-7dad-4033-be7d-737bc44d33a1 HTTP/1.1" status: 200 len: 205 time: 0.0369322
2026-06-26 04:46:18.040 10 INFO neutron.wsgi [None req-7eda790a-9fc2-4aa2-af3d-21c21e7e3dc7 03c0a1c61a52462f8971d3979e3f39c1 04e7b2542ccd4c20ade558b4f3237971 - - - -] 10.0.0.66 "POST /v2.0/ports HTTP/1.1" status: 201 len: 974 time: 0.9869435
2026-06-26 04:46:18.350 10 INFO neutron.wsgi [None req-1036421b-e5ec-422f-a3fc-f7d60ef3a338 f3277e4ec69b4d188d652d9260e92d13 84c797047e594e29a0f86e1cd348abb9 - - - -] 10.0.0.66 "DELETE /v2.0/routers/7493fd37-7dad-4033-be7d-737bc44d33a1 HTTP/1.1" status: 204 len: 168 time: 0.3548591
2026-06-26 04:46:18.483 10 INFO neutron.db.ovn_revision_numbers_db [None req-5338ef9a-f1dd-4af3-9858-528572685670 03c0a1c61a52462f8971d3979e3f39c1 04e7b2542ccd4c20ade558b4f3237971 - - - -] Successfully bumped revision number for resource b6ef36e6-c3d2-44ce-ae08-11dbac156ec0 (type: ports) to 2
2026-06-26 04:46:18.499 10 INFO neutron.wsgi [None req-5338ef9a-f1dd-4af3-9858-528572685670 03c0a1c61a52462f8971d3979e3f39c1 04e7b2542ccd4c20ade558b4f3237971 - - - -] 10.0.0.66 "PUT /v2.0/ports/b6ef36e6-c3d2-44ce-ae08-11dbac156ec0 HTTP/1.1" status: 200 len: 946 time: 0.4407566 /var/lib/openstack/lib/python3.10/site-packages/pycadf/identifier.py:71: UserWarning: Invalid uuid: neutron. To ensure interoperability, identifiers should be a valid uuid. warnings.warn(('Invalid uuid: %s. To ensure interoperability, '
2026-06-26 04:46:18.589 9 WARNING neutron.scheduler.dhcp_agent_scheduler [None req-860a6026-8fad-482b-a978-e007e604a583 fabff9abbac242599534239b3e71aab2 7f138342a5eb41e6aa2b4d0b94f55749 - - - -] No more DHCP agents
2026-06-26 04:46:18.596 9 WARNING neutron.api.rpc.agentnotifiers.dhcp_rpc_agent_api [None req-860a6026-8fad-482b-a978-e007e604a583 fabff9abbac242599534239b3e71aab2 7f138342a5eb41e6aa2b4d0b94f55749 - - - -] Unable to schedule network 0f650e9c-4198-4052-96c0-37e190d671ff: no agents available; will retry on subsequent port and subnet creation events.
2026-06-26 04:46:18.616 10 INFO neutron.wsgi [None req-5e5b6890-3d54-4310-a292-08b0191089e4 f3277e4ec69b4d188d652d9260e92d13 84c797047e594e29a0f86e1cd348abb9 - - - -] 10.0.0.66 "DELETE /v2.0/subnets/822fd135-85c3-4fde-8ac1-18a9119499a2 HTTP/1.1" status: 204 len: 168 time: 0.2600741 /var/lib/openstack/lib/python3.10/site-packages/pycadf/identifier.py:71: UserWarning: Invalid uuid: neutron. To ensure interoperability, identifiers should be a valid uuid. warnings.warn(('Invalid uuid: %s. To ensure interoperability, '
2026-06-26 04:46:18.712 9 INFO neutron.db.ovn_revision_numbers_db [None req-860a6026-8fad-482b-a978-e007e604a583 fabff9abbac242599534239b3e71aab2 7f138342a5eb41e6aa2b4d0b94f55749 - - - -] Successfully bumped revision number for resource 8d7fd38a-e61c-4eb4-9552-b7c986194221 (type: ports) to 1
2026-06-26 04:46:18.777 9 WARNING neutron.scheduler.dhcp_agent_scheduler [None req-860a6026-8fad-482b-a978-e007e604a583 fabff9abbac242599534239b3e71aab2 7f138342a5eb41e6aa2b4d0b94f55749 - - - -] No more DHCP agents
2026-06-26 04:46:18.779 9 WARNING neutron.api.rpc.agentnotifiers.dhcp_rpc_agent_api [None req-860a6026-8fad-482b-a978-e007e604a583 fabff9abbac242599534239b3e71aab2 7f138342a5eb41e6aa2b4d0b94f55749 - - - -] Unable to schedule network 0c9409e9-89dd-4153-8669-51bc872a3677: no agents available; will retry on subsequent port and subnet creation events.
2026-06-26 04:46:18.781 10 WARNING neutron.plugins.ml2.drivers.ovn.mech_driver.ovsdb.ovn_client [None req-21a5bdf3-7927-4870-8c57-283e5d8c20e0 - - - - - -] No port found with ID 6ba6be69-3eb9-4f0f-af44-9abfd0a58f67: RuntimeError: No port found with ID 6ba6be69-3eb9-4f0f-af44-9abfd0a58f67
2026-06-26 04:46:18.868 9 INFO neutron.db.ovn_revision_numbers_db [None req-860a6026-8fad-482b-a978-e007e604a583 fabff9abbac242599534239b3e71aab2 7f138342a5eb41e6aa2b4d0b94f55749 - - - -] Successfully bumped revision number for resource ca2d7cbd-ef1b-4826-924e-00cc2c34295e (type: ports) to 1
2026-06-26 04:46:18.876 9 INFO neutron.wsgi [None req-a847d1cf-eece-4e57-b507-4dde3582645f 03c0a1c61a52462f8971d3979e3f39c1 04e7b2542ccd4c20ade558b4f3237971 - - - -] 10.0.0.66 "DELETE /v2.0/ports/b6ef36e6-c3d2-44ce-ae08-11dbac156ec0 HTTP/1.1" status: 204 len: 168 time: 0.3715827
2026-06-26 04:46:18.885 10 INFO neutron.wsgi [None req-c0cafa72-5755-485a-8ea5-73960d98b5c9 f3277e4ec69b4d188d652d9260e92d13 84c797047e594e29a0f86e1cd348abb9 - - - -] 10.0.0.66 "DELETE /v2.0/subnets/bb069368-d68c-410b-85b1-c35c76f92c98 HTTP/1.1" status: 204 len: 168 time: 0.2634208 /var/lib/openstack/lib/python3.10/site-packages/pycadf/identifier.py:71: UserWarning: Invalid uuid: neutron. To ensure interoperability, identifiers should be a valid uuid. warnings.warn(('Invalid uuid: %s. To ensure interoperability, '
2026-06-26 04:46:18.921 9 INFO neutron.wsgi [None req-860a6026-8fad-482b-a978-e007e604a583 fabff9abbac242599534239b3e71aab2 7f138342a5eb41e6aa2b4d0b94f55749 - - - -] 10.0.0.66 "POST /v2.0/ports HTTP/1.1" status: 201 len: 1705 time: 1.2033615
2026-06-26 04:46:18.959 9 INFO neutron.wsgi [req-5e8ac7a9-067d-4604-8682-cc3254a816ba req-160cdddd-d0be-4577-97ee-5b8078dc8dbb 5aece556be5c4597b45ae4ca8968f208 1963e81d3b9447b09c7dede164a08ae2 - - ab14bc3c683241efb1bd8ca3b3626608 ab14bc3c683241efb1bd8ca3b3626608] 10.0.0.119 "GET /v2.0/ports?device_id=10946fc5-041e-4d27-9972-8145e453334c HTTP/1.1" status: 200 len: 1361 time: 0.0427704
2026-06-26 04:46:18.987 9 INFO neutron.wsgi [None req-1974b489-7f87-4bb1-8052-89a9db22c992 03c0a1c61a52462f8971d3979e3f39c1 04e7b2542ccd4c20ade558b4f3237971 - - default default] 10.0.0.66 "GET /v2.0/ports HTTP/1.1" status: 200 len: 1729 time: 0.1033721
2026-06-26 04:46:19.017 9 INFO neutron.pecan_wsgi.hooks.translation [None req-23f8de59-e8ca-483b-a382-2045ed3d5c3c 03c0a1c61a52462f8971d3979e3f39c1 04e7b2542ccd4c20ade558b4f3237971 - - default default] GET failed (client error): The resource could not be found.
2026-06-26 04:46:19.019 9 INFO neutron.wsgi [None req-23f8de59-e8ca-483b-a382-2045ed3d5c3c 03c0a1c61a52462f8971d3979e3f39c1 04e7b2542ccd4c20ade558b4f3237971 - - default default] 10.0.0.66 "GET /v2.0/ports/b6ef36e6-c3d2-44ce-ae08-11dbac156ec0 HTTP/1.1" status: 404 len: 333 time: 0.0237110
2026-06-26 04:46:19.021 9 INFO neutron.wsgi [req-5e8ac7a9-067d-4604-8682-cc3254a816ba req-4d67c4e4-675e-4a9a-a97f-0ff301b14267 5aece556be5c4597b45ae4ca8968f208 1963e81d3b9447b09c7dede164a08ae2 - - ab14bc3c683241efb1bd8ca3b3626608 ab14bc3c683241efb1bd8ca3b3626608] 10.0.0.119 "GET /v2.0/security-groups?id=27c9d46d-d5a0-4e7d-ba46-b293545d6145&fields=id&fields=name HTTP/1.1" status: 200 len: 313 time: 0.0486417
2026-06-26 04:46:19.130 10 INFO neutron.wsgi [None req-b3041364-1897-49f5-bc3d-7c29e41e26f7 fabff9abbac242599534239b3e71aab2 7f138342a5eb41e6aa2b4d0b94f55749 - - default default] 10.0.0.66 "GET /v2.0/ports HTTP/1.1" status: 200 len: 3212 time: 0.2032344
2026-06-26 04:46:19.178 10 INFO neutron.wsgi [None req-7e26eb81-e4f8-41f8-b470-00ab18daeaec 03c0a1c61a52462f8971d3979e3f39c1 04e7b2542ccd4c20ade558b4f3237971 - - default default] 10.0.0.66 "GET /v2.0/ports HTTP/1.1" status: 200 len: 1729 time: 0.1404796
2026-06-26 04:46:19.229 9 INFO neutron.wsgi [None req-1ca22913-016d-4878-9585-44a90fdca9bc 03c0a1c61a52462f8971d3979e3f39c1 04e7b2542ccd4c20ade558b4f3237971 - - default default] 10.0.0.66 "GET /v2.0/ports/735cecb0-23b7-47ce-b410-37a703208ae6 HTTP/1.1" status: 200 len: 969 time: 0.0307636
2026-06-26 04:46:19.261 9 INFO neutron.pecan_wsgi.hooks.translation [None req-2c63858a-791a-467f-83a2-b9c9817e9def 03c0a1c61a52462f8971d3979e3f39c1 04e7b2542ccd4c20ade558b4f3237971 - - - -] DELETE failed (client error): The resource could not be found.
2026-06-26 04:46:19.263 9 INFO neutron.wsgi [None req-2c63858a-791a-467f-83a2-b9c9817e9def 03c0a1c61a52462f8971d3979e3f39c1 04e7b2542ccd4c20ade558b4f3237971 - - - -] 10.0.0.66 "DELETE /v2.0/ports/c41703cf-1a11-4fe1-ae81-00e3ecaa0b34 HTTP/1.1" status: 404 len: 333 time: 0.0247042
2026-06-26 04:46:19.297 9 INFO neutron.pecan_wsgi.hooks.translation [None req-463ad32d-8f7a-474a-ac18-ae3813e1a4cf 03c0a1c61a52462f8971d3979e3f39c1 04e7b2542ccd4c20ade558b4f3237971 - - - -] DELETE failed (client error): The resource could not be found.
2026-06-26 04:46:19.299 9 INFO neutron.wsgi [None req-463ad32d-8f7a-474a-ac18-ae3813e1a4cf 03c0a1c61a52462f8971d3979e3f39c1 04e7b2542ccd4c20ade558b4f3237971 - - - -] 10.0.0.66 "DELETE /v2.0/subnets/09093dfa-3f8d-4fa0-b4fe-75db4794cf93 HTTP/1.1" status: 404 len: 337 time: 0.0311852
2026-06-26 04:46:19.331 9 INFO neutron.pecan_wsgi.hooks.translation [None req-a8c75473-81ec-4c56-844c-003aafa21f67 03c0a1c61a52462f8971d3979e3f39c1 04e7b2542ccd4c20ade558b4f3237971 - - - -] DELETE failed (client error): The resource could not be found.
2026-06-26 04:46:19.334 9 INFO neutron.wsgi [None req-a8c75473-81ec-4c56-844c-003aafa21f67 03c0a1c61a52462f8971d3979e3f39c1 04e7b2542ccd4c20ade558b4f3237971 - - - -] 10.0.0.66 "DELETE /v2.0/subnets/89286398-3bc1-434f-a6e6-7e3087c4c7a4 HTTP/1.1" status: 404 len: 337 time: 0.0275722
2026-06-26 04:46:19.411 10 INFO neutron.services.segments.plugin [-] Segment a2bcd34a-a13b-4b5e-a6ae-cc13be4aed80 resource provider aggregate not found
2026-06-26 04:46:19.415 10 INFO neutron.services.segments.plugin [-] Segment a2bcd34a-a13b-4b5e-a6ae-cc13be4aed80 resource provider aggregate not found
2026-06-26 04:46:19.437 10 INFO neutron.services.segments.plugin [-] Segment a2bcd34a-a13b-4b5e-a6ae-cc13be4aed80 resource provider not found; error: Placement Client Error (4xx): {"errors": [{"status": 404, "title": "Not Found", "detail": "The resource could not be found.\n\n No resource provider with uuid a2bcd34a-a13b-4b5e-a6ae-cc13be4aed80 found for delete ", "request_id": "req-6cfbe1f3-53b5-431c-a53c-a1ff3325f011"}]}
2026-06-26 04:46:19.439 10 INFO neutron.services.segments.plugin [-] Segment a2bcd34a-a13b-4b5e-a6ae-cc13be4aed80 resource provider not found; error: Placement Client Error (4xx): {"errors": [{"status": 404, "title": "Not Found", "detail": "The resource could not be found.\n\n No resource provider with uuid a2bcd34a-a13b-4b5e-a6ae-cc13be4aed80 found for delete ", "request_id": "req-dc76062e-4229-4b17-b909-0b3a85ee427f"}]}
2026-06-26 04:46:19.446 10 INFO neutron.wsgi [None req-3d0f3b92-ec9d-4415-a46c-a97995a08baa f3277e4ec69b4d188d652d9260e92d13 84c797047e594e29a0f86e1cd348abb9 - - - -] 10.0.0.66 "DELETE /v2.0/networks/efd628f3-35c4-4fa1-9bed-7342182ff036 HTTP/1.1" status: 204 len: 168 time: 0.5569007
2026-06-26 04:46:19.486 9 INFO neutron.wsgi [None req-b9a4c827-16c4-40a6-8da5-8ea896e8d1ec fabff9abbac242599534239b3e71aab2 7f138342a5eb41e6aa2b4d0b94f55749 - - - -] 10.0.0.66 "DELETE /v2.0/ports/8d7fd38a-e61c-4eb4-9552-b7c986194221 HTTP/1.1" status: 204 len: 168 time: 0.3472512
2026-06-26 04:46:19.706 9 INFO neutron.wsgi [None req-088d87b8-ad8e-4a6d-a814-0e34f210ad2b 03c0a1c61a52462f8971d3979e3f39c1 04e7b2542ccd4c20ade558b4f3237971 - - - -] 10.0.0.66 "DELETE /v2.0/ports/735cecb0-23b7-47ce-b410-37a703208ae6 HTTP/1.1" status: 204 len: 168 time: 0.3657370
2026-06-26 04:46:19.799 10 INFO neutron.wsgi [None req-3ee1beff-05d8-4a90-af5a-0861bae49793 fabff9abbac242599534239b3e71aab2 7f138342a5eb41e6aa2b4d0b94f55749 - - - -] 10.0.0.66 "DELETE /v2.0/ports/ca2d7cbd-ef1b-4826-924e-00cc2c34295e HTTP/1.1" status: 204 len: 168 time: 0.3003449
2026-06-26 04:46:19.844 10 INFO neutron.wsgi [None req-3531ab90-caac-4ed8-9f83-d78ac89fa0fa fabff9abbac242599534239b3e71aab2 7f138342a5eb41e6aa2b4d0b94f55749 - - default default] 10.0.0.66 "GET /v2.0/ports HTTP/1.1" status: 200 len: 1718 time: 0.0402162
2026-06-26 04:46:19.932 10 INFO neutron.db.segments_db [None req-b74c06c1-f1d1-4b61-9d92-de3107387314 fabff9abbac242599534239b3e71aab2 7f138342a5eb41e6aa2b4d0b94f55749 - - - -] Added segment e36ece92-a98f-48bf-8ccf-208050dbf8a9 of type geneve for network 6f9cf004-942d-4be4-b60b-f2b176512259
2026-06-26 04:46:19.968 9 INFO neutron.services.segments.plugin [-] Segment d96bd4bb-4da0-4274-aa5b-386aa6d8682e resource provider aggregate not found
2026-06-26 04:46:19.979 9 INFO neutron.services.segments.plugin [-] Segment d96bd4bb-4da0-4274-aa5b-386aa6d8682e resource provider aggregate not found
2026-06-26 04:46:20.000 9 INFO neutron.services.segments.plugin [-] Segment d96bd4bb-4da0-4274-aa5b-386aa6d8682e resource provider not found; error: Placement Client Error (4xx): {"errors": [{"status": 404, "title": "Not Found", "detail": "The resource could not be found.\n\n No resource provider with uuid d96bd4bb-4da0-4274-aa5b-386aa6d8682e found for delete ", "request_id": "req-f4c18182-c428-47ba-9c7d-5a84742c4f00"}]}
2026-06-26 04:46:20.019 9 INFO neutron.services.segments.plugin [-] Segment d96bd4bb-4da0-4274-aa5b-386aa6d8682e resource provider not found; error: Placement Client Error (4xx): {"errors": [{"status": 404, "title": "Not Found", "detail": "The resource could not be found.\n\n No resource provider with uuid d96bd4bb-4da0-4274-aa5b-386aa6d8682e found for delete ", "request_id": "req-5ab1b6ad-5d55-4626-90f0-397e856bd139"}]}
2026-06-26 04:46:20.048 10 INFO neutron.db.ovn_revision_numbers_db [None req-b74c06c1-f1d1-4b61-9d92-de3107387314 fabff9abbac242599534239b3e71aab2 7f138342a5eb41e6aa2b4d0b94f55749 - - - -] Successfully bumped revision number for resource 6f9cf004-942d-4be4-b60b-f2b176512259 (type: networks) to 1
2026-06-26 04:46:20.049 9 INFO neutron.wsgi [None req-4dc7ebce-d895-4479-a250-31616d227d2c 3cee903559b3492ea936cfd7b95c4692 f4d72736359c4f8aa6abf710342f0284 - - default default] 10.0.0.66 "GET /v2.0/ports?project_id=8d240b3cfd2c44cf9ab1f4900cbc905f&network_id=75de3bf6-5896-41fa-bedf-45cd416c87f0 HTTP/1.1" status: 200 len: 3462 time: 0.1123707
2026-06-26 04:46:20.062 9 INFO neutron.wsgi [None req-af56bf04-43d7-4272-94e2-e2455bb02f03 f3277e4ec69b4d188d652d9260e92d13 84c797047e594e29a0f86e1cd348abb9 - - - -] 10.0.0.66 "DELETE /v2.0/networks/29ef0157-3fe2-4624-a767-ccc3ac12eeac HTTP/1.1" status: 204 len: 168 time: 0.6119452
2026-06-26 04:46:20.175 10 INFO neutron.db.segments_db [None req-34109fc3-8b96-4099-834b-0641bc88475a f3277e4ec69b4d188d652d9260e92d13 84c797047e594e29a0f86e1cd348abb9 - - - -] Added segment f6896078-4a47-4b78-b2ba-91734318e59a of type geneve for network 3ad295e8-f47e-4eac-8fa0-8212d431842f
2026-06-26 04:46:20.231 9 INFO neutron.wsgi [None req-02220b77-9c53-4c69-b74d-fae6671b1b4b 03c0a1c61a52462f8971d3979e3f39c1 04e7b2542ccd4c20ade558b4f3237971 - - - -] 10.0.0.66 "DELETE /v2.0/networks/a8e1bb90-b5e8-4c17-ae32-b18c8ee582b3 HTTP/1.1" status: 204 len: 168 time: 0.5201347
2026-06-26 04:46:20.286 9 INFO neutron.wsgi [None req-beddb636-a7eb-4795-b796-43e271056bb3 3cee903559b3492ea936cfd7b95c4692 f4d72736359c4f8aa6abf710342f0284 - - default default] 10.0.0.66 "GET /v2.0/subnets?network_id=04c49fc6-415a-4a5b-a0fd-5b557bbc148c HTTP/1.1" status: 200 len: 838 time: 0.0332587
2026-06-26 04:46:20.512 10 WARNING neutron.scheduler.dhcp_agent_scheduler [None req-b74c06c1-f1d1-4b61-9d92-de3107387314 fabff9abbac242599534239b3e71aab2 7f138342a5eb41e6aa2b4d0b94f55749 - - - -] No more DHCP agents
2026-06-26 04:46:20.514 10 WARNING neutron.api.rpc.agentnotifiers.dhcp_rpc_agent_api [None req-b74c06c1-f1d1-4b61-9d92-de3107387314 fabff9abbac242599534239b3e71aab2 7f138342a5eb41e6aa2b4d0b94f55749 - - - -] Unable to schedule network 6f9cf004-942d-4be4-b60b-f2b176512259: no agents available; will retry on subsequent port and subnet creation events.
2026-06-26 04:46:20.555 9 INFO neutron.db.l3_db [None req-d123a381-1a9d-460f-9f26-a26a7b114d37 935f95c3e3b04eeb99350c0807552a47 8d240b3cfd2c44cf9ab1f4900cbc905f - - - -] Floating IP de97837f-0df5-41ca-8408-331202d8335e disassociated. External IP: 10.96.250.211, port: 7f7f49f5-0aeb-4659-adc1-6ce3de85402c.
2026-06-26 04:46:20.575 9 INFO neutron.db.ovn_revision_numbers_db [None req-d123a381-1a9d-460f-9f26-a26a7b114d37 935f95c3e3b04eeb99350c0807552a47 8d240b3cfd2c44cf9ab1f4900cbc905f - - - -] Successfully bumped revision number for resource de97837f-0df5-41ca-8408-331202d8335e (type: floatingips) to 2
2026-06-26 04:46:20.587 9 WARNING neutron.plugins.ml2.drivers.ovn.mech_driver.ovsdb.ovn_client [None req-2c575510-7952-4175-ba50-46335c36ee66 - - - - - -] No port found with ID d9b7df52-9f8f-40ee-9c0b-0f3f13dc3f61: RuntimeError: No port found with ID d9b7df52-9f8f-40ee-9c0b-0f3f13dc3f61
2026-06-26 04:46:20.634 10 INFO neutron.db.ovn_revision_numbers_db [None req-34109fc3-8b96-4099-834b-0641bc88475a f3277e4ec69b4d188d652d9260e92d13 84c797047e594e29a0f86e1cd348abb9 - - - -] Successfully bumped revision number for resource 3ad295e8-f47e-4eac-8fa0-8212d431842f (type: networks) to 1
2026-06-26 04:46:20.661 10 INFO neutron.db.ovn_revision_numbers_db [None req-b74c06c1-f1d1-4b61-9d92-de3107387314 fabff9abbac242599534239b3e71aab2 7f138342a5eb41e6aa2b4d0b94f55749 - - - -] Successfully bumped revision number for resource 49a61c0d-49e7-486b-a6b7-183ffb683410 (type: ports) to 1
2026-06-26 04:46:20.669 9 INFO neutron.wsgi [None req-d123a381-1a9d-460f-9f26-a26a7b114d37 935f95c3e3b04eeb99350c0807552a47 8d240b3cfd2c44cf9ab1f4900cbc905f - - - -] 10.0.0.66 "PUT /v2.0/floatingips/de97837f-0df5-41ca-8408-331202d8335e HTTP/1.1" status: 200 len: 748 time: 0.2441101 /var/lib/openstack/lib/python3.10/site-packages/pycadf/identifier.py:71: UserWarning: Invalid uuid: neutron. To ensure interoperability, identifiers should be a valid uuid. warnings.warn(('Invalid uuid: %s. To ensure interoperability, '
2026-06-26 04:46:20.705 9 INFO neutron.notifiers.nova [-] Nova event matching ['req-00686208-8eb3-4b70-95be-de21065f942b'] response: {'name': 'network-changed', 'server_uuid': '10946fc5-041e-4d27-9972-8145e453334c', 'tag': '7f7f49f5-0aeb-4659-adc1-6ce3de85402c', 'status': 'completed', 'code': 200}
2026-06-26 04:46:20.708 10 INFO neutron.wsgi [None req-b7f36434-16ba-43d2-b158-1292ee7007ac 935f95c3e3b04eeb99350c0807552a47 8d240b3cfd2c44cf9ab1f4900cbc905f - - default default] 10.0.0.66 "GET /v2.0/floatingips/de97837f-0df5-41ca-8408-331202d8335e HTTP/1.1" status: 200 len: 746 time: 0.0319359
2026-06-26 04:46:20.719 10 INFO neutron.wsgi [None req-b74c06c1-f1d1-4b61-9d92-de3107387314 fabff9abbac242599534239b3e71aab2 7f138342a5eb41e6aa2b4d0b94f55749 - - - -] 10.0.0.66 "POST /v2.0/networks HTTP/1.1" status: 201 len: 852 time: 0.8674452
2026-06-26 04:46:20.766 9 INFO neutron.wsgi [req-73c7da69-934f-48cd-8932-5535cb93a908 req-55078bf4-16cf-4c39-8520-42cc4ff41d27 5aece556be5c4597b45ae4ca8968f208 1963e81d3b9447b09c7dede164a08ae2 - - ab14bc3c683241efb1bd8ca3b3626608 ab14bc3c683241efb1bd8ca3b3626608] 199.204.45.177 "GET /v2.0/ports?tenant_id=8d240b3cfd2c44cf9ab1f4900cbc905f&device_id=10946fc5-041e-4d27-9972-8145e453334c HTTP/1.1" status: 200 len: 1361 time: 0.0346270
2026-06-26 04:46:20.830 9 INFO neutron.wsgi [req-73c7da69-934f-48cd-8932-5535cb93a908 req-78e72e80-24a6-49a6-93fd-82ba707b576f 5aece556be5c4597b45ae4ca8968f208 1963e81d3b9447b09c7dede164a08ae2 - - ab14bc3c683241efb1bd8ca3b3626608 ab14bc3c683241efb1bd8ca3b3626608] 199.204.45.177 "GET /v2.0/networks?id=75de3bf6-5896-41fa-bedf-45cd416c87f0 HTTP/1.1" status: 200 len: 958 time: 0.0564907
2026-06-26 04:46:20.837 10 INFO neutron.db.segments_db [None req-0f5264c4-ba71-4d8e-b844-bae87686e21e fabff9abbac242599534239b3e71aab2 7f138342a5eb41e6aa2b4d0b94f55749 - - - -] Added segment 417243a3-99da-4c6d-a307-ceb9f85677da of type geneve for network a2c91561-2ebc-465e-91c6-360d7e93f989
2026-06-26 04:46:20.868 9 INFO neutron.wsgi [req-73c7da69-934f-48cd-8932-5535cb93a908 req-635a6ad1-f68e-4110-a4e9-705f0c639bba 5aece556be5c4597b45ae4ca8968f208 1963e81d3b9447b09c7dede164a08ae2 - - ab14bc3c683241efb1bd8ca3b3626608 ab14bc3c683241efb1bd8ca3b3626608] 199.204.45.177 "GET /v2.0/floatingips?fixed_ip_address=10.100.0.7&port_id=7f7f49f5-0aeb-4659-adc1-6ce3de85402c HTTP/1.1" status: 200 len: 217 time: 0.0283768
2026-06-26 04:46:20.908 10 WARNING neutron.scheduler.dhcp_agent_scheduler [None req-34109fc3-8b96-4099-834b-0641bc88475a f3277e4ec69b4d188d652d9260e92d13 84c797047e594e29a0f86e1cd348abb9 - - - -] No more DHCP agents
2026-06-26 04:46:20.909 9 INFO neutron.wsgi [req-73c7da69-934f-48cd-8932-5535cb93a908 req-b66c8bf2-5760-4de0-bb7b-5007781abfb5 5aece556be5c4597b45ae4ca8968f208 1963e81d3b9447b09c7dede164a08ae2 - - ab14bc3c683241efb1bd8ca3b3626608 ab14bc3c683241efb1bd8ca3b3626608] 199.204.45.177 "GET /v2.0/subnets?id=25549c9d-9344-428c-bdca-f229863683b6 HTTP/1.1" status: 200 len: 853 time: 0.0319200
2026-06-26 04:46:20.917 10 WARNING neutron.api.rpc.agentnotifiers.dhcp_rpc_agent_api [None req-34109fc3-8b96-4099-834b-0641bc88475a f3277e4ec69b4d188d652d9260e92d13 84c797047e594e29a0f86e1cd348abb9 - - - -] Unable to schedule network 3ad295e8-f47e-4eac-8fa0-8212d431842f: no agents available; will retry on subsequent port and subnet creation events.
2026-06-26 04:46:20.938 9 INFO neutron.wsgi [req-73c7da69-934f-48cd-8932-5535cb93a908 req-cf2d2a96-d7bd-47d6-9eb3-11f5efaa7005 5aece556be5c4597b45ae4ca8968f208 1963e81d3b9447b09c7dede164a08ae2 - - ab14bc3c683241efb1bd8ca3b3626608 ab14bc3c683241efb1bd8ca3b3626608] 199.204.45.177 "GET /v2.0/ports?network_id=75de3bf6-5896-41fa-bedf-45cd416c87f0&device_owner=network%3Adhcp HTTP/1.1" status: 200 len: 210 time: 0.0226231
2026-06-26 04:46:20.939 10 INFO neutron.wsgi [None req-7796e3a5-ad95-4517-bcde-981e4a28b4a6 fa6ee0307e9e4c598e0fc0ad83969e72 b902d3189ef64166b07841c641636341 - - default default] 10.0.0.66 "GET /v2.0/security-groups?tenant_id=04e7b2542ccd4c20ade558b4f3237971&name=default HTTP/1.1" status: 200 len: 2996 time: 0.1880889
2026-06-26 04:46:21.021 9 INFO neutron.wsgi [req-73c7da69-934f-48cd-8932-5535cb93a908 req-7a73737f-8abe-472a-ba01-217863d167a3 5aece556be5c4597b45ae4ca8968f208 1963e81d3b9447b09c7dede164a08ae2 - - ab14bc3c683241efb1bd8ca3b3626608 ab14bc3c683241efb1bd8ca3b3626608] 199.204.45.177 "GET /v2.0/networks/75de3bf6-5896-41fa-bedf-45cd416c87f0?fields=segments HTTP/1.1" status: 200 len: 212 time: 0.0755811
2026-06-26 04:46:21.052 10 INFO neutron.db.ovn_revision_numbers_db [None req-0f5264c4-ba71-4d8e-b844-bae87686e21e fabff9abbac242599534239b3e71aab2 7f138342a5eb41e6aa2b4d0b94f55749 - - - -] Successfully bumped revision number for resource a2c91561-2ebc-465e-91c6-360d7e93f989 (type: networks) to 1
2026-06-26 04:46:21.053 10 INFO neutron.db.ovn_revision_numbers_db [None req-34109fc3-8b96-4099-834b-0641bc88475a f3277e4ec69b4d188d652d9260e92d13 84c797047e594e29a0f86e1cd348abb9 - - - -] Successfully bumped revision number for resource f229c161-adbd-4fa5-a8eb-2b66d70e3b59 (type: ports) to 1
2026-06-26 04:46:21.090 10 INFO neutron.wsgi [None req-34109fc3-8b96-4099-834b-0641bc88475a f3277e4ec69b4d188d652d9260e92d13 84c797047e594e29a0f86e1cd348abb9 - - - -] 10.0.0.66 "POST /v2.0/networks HTTP/1.1" status: 201 len: 833 time: 1.0207183
2026-06-26 04:46:21.091 9 INFO neutron.wsgi [req-73c7da69-934f-48cd-8932-5535cb93a908 req-f35051ed-27e8-42fb-8915-6fd5549bd81e 5aece556be5c4597b45ae4ca8968f208 1963e81d3b9447b09c7dede164a08ae2 - - ab14bc3c683241efb1bd8ca3b3626608 ab14bc3c683241efb1bd8ca3b3626608] 199.204.45.177 "GET /v2.0/networks/75de3bf6-5896-41fa-bedf-45cd416c87f0?fields=provider%3Aphysical_network&fields=provider%3Anetwork_type HTTP/1.1" status: 200 len: 277 time: 0.0626209
2026-06-26 04:46:21.197 9 INFO neutron.wsgi [None req-4742d2a4-d181-49aa-84c3-3c61288e43ee fa6ee0307e9e4c598e0fc0ad83969e72 b902d3189ef64166b07841c641636341 - - - -] 10.0.0.66 "DELETE /v2.0/security-groups/bbbb9dc0-1129-4a26-b211-f9aab2f9cd32 HTTP/1.1" status: 204 len: 168 time: 0.2522380
2026-06-26 04:46:21.274 10 WARNING neutron.scheduler.dhcp_agent_scheduler [None req-0f5264c4-ba71-4d8e-b844-bae87686e21e fabff9abbac242599534239b3e71aab2 7f138342a5eb41e6aa2b4d0b94f55749 - - - -] No more DHCP agents
2026-06-26 04:46:21.276 10 WARNING neutron.api.rpc.agentnotifiers.dhcp_rpc_agent_api [None req-0f5264c4-ba71-4d8e-b844-bae87686e21e fabff9abbac242599534239b3e71aab2 7f138342a5eb41e6aa2b4d0b94f55749 - - - -] Unable to schedule network a2c91561-2ebc-465e-91c6-360d7e93f989: no agents available; will retry on subsequent port and subnet creation events.
2026-06-26 04:46:21.336 9 WARNING neutron.scheduler.dhcp_agent_scheduler [None req-3b6fcc6f-373b-49e6-adb0-cd7a046e972f f3277e4ec69b4d188d652d9260e92d13 84c797047e594e29a0f86e1cd348abb9 - - - -] No more DHCP agents
2026-06-26 04:46:21.338 9 WARNING neutron.api.rpc.agentnotifiers.dhcp_rpc_agent_api [None req-3b6fcc6f-373b-49e6-adb0-cd7a046e972f f3277e4ec69b4d188d652d9260e92d13 84c797047e594e29a0f86e1cd348abb9 - - - -] Unable to schedule network 3ad295e8-f47e-4eac-8fa0-8212d431842f: no agents available; will retry on subsequent port and subnet creation events.
2026-06-26 04:46:21.342 10 INFO neutron.db.ovn_revision_numbers_db [None req-0f5264c4-ba71-4d8e-b844-bae87686e21e fabff9abbac242599534239b3e71aab2 7f138342a5eb41e6aa2b4d0b94f55749 - - - -] Successfully bumped revision number for resource a10df28d-de76-4dbd-ac83-f8b725099a0a (type: ports) to 1
2026-06-26 04:46:21.350 9 INFO neutron.db.ovn_revision_numbers_db [None req-3b6fcc6f-373b-49e6-adb0-cd7a046e972f f3277e4ec69b4d188d652d9260e92d13 84c797047e594e29a0f86e1cd348abb9 - - - -] Successfully bumped revision number for resource be2594d2-a9f2-4294-90e0-f4c5e16a490b (type: subnets) to 0
2026-06-26 04:46:21.361 10 INFO neutron.wsgi [None req-0f5264c4-ba71-4d8e-b844-bae87686e21e fabff9abbac242599534239b3e71aab2 7f138342a5eb41e6aa2b4d0b94f55749 - - - -] 10.0.0.66 "POST /v2.0/networks HTTP/1.1" status: 201 len: 853 time: 0.6335883
2026-06-26 04:46:21.365 9 INFO neutron.wsgi [None req-3b6fcc6f-373b-49e6-adb0-cd7a046e972f f3277e4ec69b4d188d652d9260e92d13 84c797047e594e29a0f86e1cd348abb9 - - - -] 10.0.0.66 "POST /v2.0/subnets HTTP/1.1" status: 201 len: 821 time: 0.2681224
2026-06-26 04:46:21.530 9 INFO neutron.db.ovn_revision_numbers_db [None req-db12cc72-1d04-4d53-b35f-8a880319699d f3277e4ec69b4d188d652d9260e92d13 84c797047e594e29a0f86e1cd348abb9 - - - -] Successfully bumped revision number for resource 281cd3c3-afc3-47fa-8fe8-39c474e2d894 (type: routers) to 1
2026-06-26 04:46:21.546 9 INFO neutron.wsgi [None req-db12cc72-1d04-4d53-b35f-8a880319699d f3277e4ec69b4d188d652d9260e92d13 84c797047e594e29a0f86e1cd348abb9 - - - -] 10.0.0.66 "POST /v2.0/routers HTTP/1.1" status: 201 len: 691 time: 0.1756618
2026-06-26 04:46:21.863 10 INFO neutron.db.ovn_revision_numbers_db [None req-642dd63e-11d8-4488-bb5f-083d50c7b285 935f95c3e3b04eeb99350c0807552a47 8d240b3cfd2c44cf9ab1f4900cbc905f - - - -] Successfully bumped revision number for resource 6e9abb1b-1cd8-4bbd-b114-efb61b6bb4d2 (type: security_groups) to 1
2026-06-26 04:46:21.865 9 WARNING neutron.scheduler.dhcp_agent_scheduler [None req-666ba246-e577-477f-bca0-5175d506b8c6 f3277e4ec69b4d188d652d9260e92d13 84c797047e594e29a0f86e1cd348abb9 - - - -] No more DHCP agents
2026-06-26 04:46:21.867 9 WARNING neutron.api.rpc.agentnotifiers.dhcp_rpc_agent_api [None req-666ba246-e577-477f-bca0-5175d506b8c6 f3277e4ec69b4d188d652d9260e92d13 84c797047e594e29a0f86e1cd348abb9 - - - -] Unable to schedule network 3ad295e8-f47e-4eac-8fa0-8212d431842f: no agents available; will retry on subsequent port and subnet creation events. /var/lib/openstack/lib/python3.10/site-packages/pycadf/identifier.py:71: UserWarning: Invalid uuid: neutron. To ensure interoperability, identifiers should be a valid uuid. warnings.warn(('Invalid uuid: %s. To ensure interoperability, '
2026-06-26 04:46:21.888 10 INFO neutron.wsgi [None req-642dd63e-11d8-4488-bb5f-083d50c7b285 935f95c3e3b04eeb99350c0807552a47 8d240b3cfd2c44cf9ab1f4900cbc905f - - - -] 10.0.0.66 "POST /v2.0/security-groups HTTP/1.1" status: 201 len: 1809 time: 0.1178265
2026-06-26 04:46:22.023 10 INFO neutron.db.ovn_revision_numbers_db [None req-dfd3a84e-c5ea-4d72-a114-ac1c0407451d 935f95c3e3b04eeb99350c0807552a47 8d240b3cfd2c44cf9ab1f4900cbc905f - - - -] Successfully bumped revision number for resource cbccdae7-6033-45ab-8d7f-cb32ab47a956 (type: security_group_rules) to 0
2026-06-26 04:46:22.051 10 INFO neutron.wsgi [None req-dfd3a84e-c5ea-4d72-a114-ac1c0407451d 935f95c3e3b04eeb99350c0807552a47 8d240b3cfd2c44cf9ab1f4900cbc905f - - - -] 10.0.0.66 "POST /v2.0/security-group-rules HTTP/1.1" status: 201 len: 764 time: 0.1545563
2026-06-26 04:46:22.162 10 INFO neutron.db.ovn_revision_numbers_db [None req-9138254d-5b01-4fd1-ab73-b4d23685f32f 935f95c3e3b04eeb99350c0807552a47 8d240b3cfd2c44cf9ab1f4900cbc905f - - - -] Successfully bumped revision number for resource acf02c4a-42d4-409e-b4ba-166ecd7e25bb (type: security_group_rules) to 0
2026-06-26 04:46:22.189 10 INFO neutron.wsgi [None req-9138254d-5b01-4fd1-ab73-b4d23685f32f 935f95c3e3b04eeb99350c0807552a47 8d240b3cfd2c44cf9ab1f4900cbc905f - - - -] 10.0.0.66 "POST /v2.0/security-group-rules HTTP/1.1" status: 201 len: 763 time: 0.1330035
2026-06-26 04:46:22.232 9 INFO neutron.services.segments.plugin [-] Segment 87c77eb6-a424-4a40-99d7-5586b22915bd resource provider aggregate not found
2026-06-26 04:46:22.236 9 INFO neutron.services.segments.plugin [-] Segment 87c77eb6-a424-4a40-99d7-5586b22915bd resource provider aggregate not found
2026-06-26 04:46:22.271 9 INFO neutron.services.segments.plugin [-] Segment 87c77eb6-a424-4a40-99d7-5586b22915bd resource provider not found; error: Placement Client Error (4xx): {"errors": [{"status": 404, "title": "Not Found", "detail": "The resource could not be found.\n\n No resource provider with uuid 87c77eb6-a424-4a40-99d7-5586b22915bd found for delete ", "request_id": "req-1ec14ded-7d7d-4a46-8bdf-25f6aa80dc0d"}]}
2026-06-26 04:46:22.272 9 INFO neutron.services.segments.plugin [-] Segment 87c77eb6-a424-4a40-99d7-5586b22915bd resource provider not found; error: Placement Client Error (4xx): {"errors": [{"status": 404, "title": "Not Found", "detail": "The resource could not be found.\n\n No resource provider with uuid 87c77eb6-a424-4a40-99d7-5586b22915bd found for delete ", "request_id": "req-7ffaf788-0a30-4953-b353-22fcb9440a98"}]}
2026-06-26 04:46:22.300 9 INFO neutron.db.ovn_revision_numbers_db [None req-666ba246-e577-477f-bca0-5175d506b8c6 f3277e4ec69b4d188d652d9260e92d13 84c797047e594e29a0f86e1cd348abb9 - - - -] Successfully bumped revision number for resource a36c1b18-bb15-409e-bfc5-f8333a75135f (type: ports) to 1
2026-06-26 04:46:22.317 10 INFO neutron.db.ovn_revision_numbers_db [None req-2e91ee6a-afe0-4e39-b4e4-dd26b479ac6e 935f95c3e3b04eeb99350c0807552a47 8d240b3cfd2c44cf9ab1f4900cbc905f - - - -] Successfully bumped revision number for resource 891c613e-8337-426d-914e-59da6c230d58 (type: security_group_rules) to 0
2026-06-26 04:46:22.347 9 INFO neutron.wsgi [None req-666ba246-e577-477f-bca0-5175d506b8c6 f3277e4ec69b4d188d652d9260e92d13 84c797047e594e29a0f86e1cd348abb9 - - - -] 10.0.0.66 "POST /v2.0/ports HTTP/1.1" status: 201 len: 1159 time: 0.7946980
2026-06-26 04:46:22.348 10 INFO neutron.wsgi [None req-2e91ee6a-afe0-4e39-b4e4-dd26b479ac6e 935f95c3e3b04eeb99350c0807552a47 8d240b3cfd2c44cf9ab1f4900cbc905f - - - -] 10.0.0.66 "POST /v2.0/security-group-rules HTTP/1.1" status: 201 len: 769 time: 0.1520083
2026-06-26 04:46:22.460 10 INFO neutron.db.ovn_revision_numbers_db [None req-35ce1bca-70b5-4e37-966d-803dab89467f 935f95c3e3b04eeb99350c0807552a47 8d240b3cfd2c44cf9ab1f4900cbc905f - - - -] Successfully bumped revision number for resource 3e400aa1-1647-44f3-b37f-fdafad12f950 (type: security_group_rules) to 0
2026-06-26 04:46:22.489 10 INFO neutron.wsgi [None req-35ce1bca-70b5-4e37-966d-803dab89467f 935f95c3e3b04eeb99350c0807552a47 8d240b3cfd2c44cf9ab1f4900cbc905f - - - -] 10.0.0.66 "POST /v2.0/security-group-rules HTTP/1.1" status: 201 len: 768 time: 0.1362686
2026-06-26 04:46:22.520 10 INFO neutron.db.securitygroups_db [None req-0fd9cecc-1563-4a6c-a222-7cfebe55f28a 935f95c3e3b04eeb99350c0807552a47 8d240b3cfd2c44cf9ab1f4900cbc905f - - - -] Project 8d240b3cfd2c44cf9ab1f4900cbc905f added a security group rule with legacy IPv6 ICMP protocol name icmp, ipv6-icmp should be used instead. It was automatically converted.
2026-06-26 04:46:22.598 9 INFO neutron.wsgi [-] 10.0.0.37 "GET / HTTP/1.1" status: 200 len: 247 time: 0.0016139
2026-06-26 04:46:22.600 9 INFO neutron.wsgi [-] 10.0.0.37 "GET / HTTP/1.1" status: 200 len: 247 time: 0.0008652
2026-06-26 04:46:22.626 10 INFO neutron.db.ovn_revision_numbers_db [None req-0fd9cecc-1563-4a6c-a222-7cfebe55f28a 935f95c3e3b04eeb99350c0807552a47 8d240b3cfd2c44cf9ab1f4900cbc905f - - - -] Successfully bumped revision number for resource 6588bf18-509b-472c-97c3-e1693d6b35cd (type: security_group_rules) to 0
2026-06-26 04:46:22.653 10 INFO neutron.wsgi [None req-0fd9cecc-1563-4a6c-a222-7cfebe55f28a 935f95c3e3b04eeb99350c0807552a47 8d240b3cfd2c44cf9ab1f4900cbc905f - - - -] 10.0.0.66 "POST /v2.0/security-group-rules HTTP/1.1" status: 201 len: 774 time: 0.1562119
2026-06-26 04:46:22.696 9 INFO neutron.db.securitygroups_db [None req-ee832869-2d52-4e70-82e1-0d63012d1f58 935f95c3e3b04eeb99350c0807552a47 8d240b3cfd2c44cf9ab1f4900cbc905f - - - -] Project 8d240b3cfd2c44cf9ab1f4900cbc905f added a security group rule with legacy IPv6 ICMP protocol name icmp, ipv6-icmp should be used instead. It was automatically converted.
2026-06-26 04:46:22.828 9 WARNING neutron.scheduler.dhcp_agent_scheduler [None req-5a0ea14c-7eb8-4ec2-b81f-eee03fffb7c7 fabff9abbac242599534239b3e71aab2 7f138342a5eb41e6aa2b4d0b94f55749 - - - -] No more DHCP agents
2026-06-26 04:46:22.836 9 WARNING neutron.api.rpc.agentnotifiers.dhcp_rpc_agent_api [None req-5a0ea14c-7eb8-4ec2-b81f-eee03fffb7c7 fabff9abbac242599534239b3e71aab2 7f138342a5eb41e6aa2b4d0b94f55749 - - - -] Unable to schedule network 6f9cf004-942d-4be4-b60b-f2b176512259: no agents available; will retry on subsequent port and subnet creation events.
2026-06-26 04:46:22.869 9 INFO neutron.db.ovn_revision_numbers_db [None req-5a0ea14c-7eb8-4ec2-b81f-eee03fffb7c7 fabff9abbac242599534239b3e71aab2 7f138342a5eb41e6aa2b4d0b94f55749 - - - -] Successfully bumped revision number for resource 14cfdeaf-460c-4a0f-a6d5-84374b73c6d2 (type: subnets) to 0
2026-06-26 04:46:22.900 9 INFO neutron.db.ovn_revision_numbers_db [None req-ee832869-2d52-4e70-82e1-0d63012d1f58 935f95c3e3b04eeb99350c0807552a47 8d240b3cfd2c44cf9ab1f4900cbc905f - - - -] Successfully bumped revision number for resource f88dced6-7c49-4d14-b855-ea4ccaa49557 (type: security_group_rules) to 0
2026-06-26 04:46:22.902 9 INFO neutron.plugins.ml2.drivers.ovn.mech_driver.mech_driver [None req-2c575510-7952-4175-ba50-46335c36ee66 - - - - - -] OVN reports status up for port: a36c1b18-bb15-409e-bfc5-f8333a75135f
2026-06-26 04:46:22.908 9 WARNING neutron.scheduler.dhcp_agent_scheduler [None req-5a0ea14c-7eb8-4ec2-b81f-eee03fffb7c7 fabff9abbac242599534239b3e71aab2 7f138342a5eb41e6aa2b4d0b94f55749 - - - -] No more DHCP agents
2026-06-26 04:46:22.914 9 WARNING neutron.api.rpc.agentnotifiers.dhcp_rpc_agent_api [None req-5a0ea14c-7eb8-4ec2-b81f-eee03fffb7c7 fabff9abbac242599534239b3e71aab2 7f138342a5eb41e6aa2b4d0b94f55749 - - - -] Unable to schedule network a2c91561-2ebc-465e-91c6-360d7e93f989: no agents available; will retry on subsequent port and subnet creation events.
2026-06-26 04:46:22.917 9 INFO neutron.db.ovn_revision_numbers_db [None req-1241a2de-343d-4f4a-a14f-6b85d982bb01 f3277e4ec69b4d188d652d9260e92d13 84c797047e594e29a0f86e1cd348abb9 - - default default] Successfully bumped revision number for resource a36c1b18-bb15-409e-bfc5-f8333a75135f (type: router_ports) to 2
2026-06-26 04:46:22.920 9 INFO neutron.plugins.ml2.plugin [None req-2c575510-7952-4175-ba50-46335c36ee66 - - - - - -] Attempt 1 to provision port a36c1b18-bb15-409e-bfc5-f8333a75135f
2026-06-26 04:46:22.958 9 INFO neutron.wsgi [None req-ee832869-2d52-4e70-82e1-0d63012d1f58 935f95c3e3b04eeb99350c0807552a47 8d240b3cfd2c44cf9ab1f4900cbc905f - - - -] 10.0.0.66 "POST /v2.0/security-group-rules HTTP/1.1" status: 201 len: 773 time: 0.2988043
2026-06-26 04:46:22.959 9 INFO neutron.db.ovn_revision_numbers_db [None req-5a0ea14c-7eb8-4ec2-b81f-eee03fffb7c7 fabff9abbac242599534239b3e71aab2 7f138342a5eb41e6aa2b4d0b94f55749 - - - -] Successfully bumped revision number for resource 8fef1947-b46b-4a04-b8a0-31a8e384a5c8 (type: subnets) to 0
2026-06-26 04:46:22.992 9 INFO neutron.wsgi [None req-5a0ea14c-7eb8-4ec2-b81f-eee03fffb7c7 fabff9abbac242599534239b3e71aab2 7f138342a5eb41e6aa2b4d0b94f55749 - - - -] 10.0.0.66 "POST /v2.0/subnets HTTP/1.1" status: 201 len: 1475 time: 1.1075766
2026-06-26 04:46:23.062 10 INFO neutron.wsgi [None req-7892ec96-55c9-4865-8e89-a313f1db8034 fabff9abbac242599534239b3e71aab2 7f138342a5eb41e6aa2b4d0b94f55749 - - default default] 10.0.0.66 "GET /v2.0/subnets HTTP/1.1" status: 200 len: 2083 time: 0.0643613 /var/lib/openstack/lib/python3.10/site-packages/pycadf/identifier.py:71: UserWarning: Invalid uuid: neutron. To ensure interoperability, identifiers should be a valid uuid. warnings.warn(('Invalid uuid: %s. To ensure interoperability, '
2026-06-26 04:46:23.105 9 INFO neutron.db.ovn_revision_numbers_db [None req-1241a2de-343d-4f4a-a14f-6b85d982bb01 f3277e4ec69b4d188d652d9260e92d13 84c797047e594e29a0f86e1cd348abb9 - - default default] Successfully bumped revision number for resource a36c1b18-bb15-409e-bfc5-f8333a75135f (type: ports) to 2
2026-06-26 04:46:23.290 10 INFO neutron.db.ovn_revision_numbers_db [None req-f90ae540-e2b8-477d-adaa-b5c01563650b 64dc72fd5df24e198bc6ecfe51b67dbc 0ee10255929b47579b27410c51985dbf - - - -] Successfully bumped revision number for resource d09ce2b4-9289-442b-b2c2-40d2692cc99e (type: security_groups) to 1
2026-06-26 04:46:23.371 9 INFO neutron.db.ovn_revision_numbers_db [None req-2c575510-7952-4175-ba50-46335c36ee66 - - - - - -] Successfully bumped revision number for resource a36c1b18-bb15-409e-bfc5-f8333a75135f (type: ports) to 3
2026-06-26 04:46:23.374 10 INFO neutron.db.ovn_revision_numbers_db [None req-f90ae540-e2b8-477d-adaa-b5c01563650b 64dc72fd5df24e198bc6ecfe51b67dbc 0ee10255929b47579b27410c51985dbf - - - -] Successfully bumped revision number for resource db2723f9-ee90-49ee-94f2-96d27e827742 (type: security_groups) to 1
2026-06-26 04:46:23.389 10 INFO neutron.wsgi [None req-f90ae540-e2b8-477d-adaa-b5c01563650b 64dc72fd5df24e198bc6ecfe51b67dbc 0ee10255929b47579b27410c51985dbf - - - -] 10.0.0.66 "POST /v2.0/security-groups HTTP/1.1" status: 201 len: 1760 time: 0.3978670
2026-06-26 04:46:23.391 9 INFO neutron.wsgi [None req-48ea95f7-1f3e-4bfc-bc37-1ef81acb6b43 fabff9abbac242599534239b3e71aab2 7f138342a5eb41e6aa2b4d0b94f55749 - - - -] 10.0.0.66 "DELETE /v2.0/subnets/14cfdeaf-460c-4a0f-a6d5-84374b73c6d2 HTTP/1.1" status: 204 len: 168 time: 0.3163745
2026-06-26 04:46:23.483 10 INFO neutron.wsgi [None req-ba14c1f9-c9ba-4fcb-9f78-e171015b81ca 64dc72fd5df24e198bc6ecfe51b67dbc 0ee10255929b47579b27410c51985dbf - - default default] 10.0.0.66 "GET /v2.0/security-groups HTTP/1.1" status: 200 len: 4538 time: 0.0818892
2026-06-26 04:46:23.516 9 INFO neutron.wsgi [None req-c284ca81-8e81-41e0-a217-e115c1f985f2 935f95c3e3b04eeb99350c0807552a47 8d240b3cfd2c44cf9ab1f4900cbc905f - - default default] 10.0.0.66 "GET /v2.0/networks HTTP/1.1" status: 200 len: 1492 time: 0.1882019
2026-06-26 04:46:23.625 9 INFO neutron.db.ovn_revision_numbers_db [None req-2c575510-7952-4175-ba50-46335c36ee66 - - - - - -] Successfully bumped revision number for resource a36c1b18-bb15-409e-bfc5-f8333a75135f (type: router_ports) to 3
2026-06-26 04:46:23.628 10 INFO neutron.db.ovn_revision_numbers_db [None req-6fc3ba0b-23de-4ec7-b801-a121341e37c4 64dc72fd5df24e198bc6ecfe51b67dbc 0ee10255929b47579b27410c51985dbf - - - -] Successfully bumped revision number for resource db2723f9-ee90-49ee-94f2-96d27e827742 (type: security_groups) to 2
2026-06-26 04:46:23.634 10 INFO neutron.wsgi [None req-6fc3ba0b-23de-4ec7-b801-a121341e37c4 64dc72fd5df24e198bc6ecfe51b67dbc 0ee10255929b47579b27410c51985dbf - - - -] 10.0.0.66 "PUT /v2.0/security-groups/db2723f9-ee90-49ee-94f2-96d27e827742 HTTP/1.1" status: 200 len: 1794 time: 0.1439741 /var/lib/openstack/lib/python3.10/site-packages/pycadf/identifier.py:71: UserWarning: Invalid uuid: neutron. To ensure interoperability, identifiers should be a valid uuid. warnings.warn(('Invalid uuid: %s. To ensure interoperability, '
2026-06-26 04:46:23.678 10 INFO neutron.wsgi [req-d1c884c5-8a27-466a-a1b0-94615970e26d req-2dfaa81d-51af-4854-b5e4-54b455485015 935f95c3e3b04eeb99350c0807552a47 8d240b3cfd2c44cf9ab1f4900cbc905f - - default default] 10.0.0.222 "GET /v2.0/security-groups?name=tempest-secgroup-smoke-506648001&fields=id&tenant_id=8d240b3cfd2c44cf9ab1f4900cbc905f HTTP/1.1" status: 200 len: 267 time: 0.0519331
2026-06-26 04:46:23.694 10 INFO neutron.wsgi [None req-b8ebec2e-8824-4856-ac0b-d463c177aa1f fabff9abbac242599534239b3e71aab2 7f138342a5eb41e6aa2b4d0b94f55749 - - - -] 10.0.0.66 "DELETE /v2.0/subnets/8fef1947-b46b-4a04-b8a0-31a8e384a5c8 HTTP/1.1" status: 204 len: 168 time: 0.2915831
2026-06-26 04:46:23.702 9 INFO neutron.wsgi [None req-11bd4f14-5775-4291-9283-87fe9f15d2b6 64dc72fd5df24e198bc6ecfe51b67dbc 0ee10255929b47579b27410c51985dbf - - default default] 10.0.0.66 "GET /v2.0/security-groups/db2723f9-ee90-49ee-94f2-96d27e827742 HTTP/1.1" status: 200 len: 1794 time: 0.0609982
2026-06-26 04:46:23.748 10 INFO neutron.wsgi [None req-98b77a17-ffae-47e4-a486-5fd4fa04143e fabff9abbac242599534239b3e71aab2 7f138342a5eb41e6aa2b4d0b94f55749 - - default default] 10.0.0.66 "GET /v2.0/subnets HTTP/1.1" status: 200 len: 820 time: 0.0467532
2026-06-26 04:46:23.784 10 INFO neutron.wsgi [req-d1c884c5-8a27-466a-a1b0-94615970e26d req-09be027e-98c8-45f9-99ad-53625733e589 935f95c3e3b04eeb99350c0807552a47 8d240b3cfd2c44cf9ab1f4900cbc905f - - default default] 10.0.0.222 "GET /v2.0/networks?id=75de3bf6-5896-41fa-bedf-45cd416c87f0 HTTP/1.1" status: 200 len: 859 time: 0.0937047
2026-06-26 04:46:23.819 10 INFO neutron.wsgi [req-d1c884c5-8a27-466a-a1b0-94615970e26d req-d742fb79-edf2-48c6-91fe-48431e9c077a 935f95c3e3b04eeb99350c0807552a47 8d240b3cfd2c44cf9ab1f4900cbc905f - - default default] 10.0.0.222 "GET /v2.0/quotas/8d240b3cfd2c44cf9ab1f4900cbc905f HTTP/1.1" status: 200 len: 386 time: 0.0261405
2026-06-26 04:46:23.984 10 INFO neutron.wsgi [req-d1c884c5-8a27-466a-a1b0-94615970e26d req-8f7b2d4a-c9a6-4989-ad55-46a38252b5b2 935f95c3e3b04eeb99350c0807552a47 8d240b3cfd2c44cf9ab1f4900cbc905f - - default default] 10.0.0.222 "GET /v2.0/ports?tenant_id=8d240b3cfd2c44cf9ab1f4900cbc905f&fields=id HTTP/1.1" status: 200 len: 348 time: 0.1567190
