2026-06-26 04:44:32.242 9 INFO neutron.wsgi [req-946c7ef5-8cf7-4e30-ace8-7350e3d17439 req-9c93563f-a835-4346-a3fc-d65738072191 5aece556be5c4597b45ae4ca8968f208 1963e81d3b9447b09c7dede164a08ae2 - - ab14bc3c683241efb1bd8ca3b3626608 ab14bc3c683241efb1bd8ca3b3626608] 199.204.45.177 "GET /v2.0/subnets?id=42cc71a2-9942-4cc2-9b03-c0b3eeaef83b HTTP/1.1" status: 200 len: 863 time: 0.0523899
2026-06-26 04:44:32.308 9 INFO neutron.wsgi [req-946c7ef5-8cf7-4e30-ace8-7350e3d17439 req-718f3ec3-8c8d-4c4c-990f-4fa09c164fec 5aece556be5c4597b45ae4ca8968f208 1963e81d3b9447b09c7dede164a08ae2 - - ab14bc3c683241efb1bd8ca3b3626608 ab14bc3c683241efb1bd8ca3b3626608] 199.204.45.177 "GET /v2.0/ports?network_id=7758d19a-322b-49d0-94fb-3a61f9863be2&device_owner=network%3Adhcp HTTP/1.1" status: 200 len: 210 time: 0.0354741
2026-06-26 04:44:32.411 9 INFO neutron.wsgi [req-946c7ef5-8cf7-4e30-ace8-7350e3d17439 req-1a00489b-ccc1-4cac-8554-6238375faa07 5aece556be5c4597b45ae4ca8968f208 1963e81d3b9447b09c7dede164a08ae2 - - ab14bc3c683241efb1bd8ca3b3626608 ab14bc3c683241efb1bd8ca3b3626608] 199.204.45.177 "GET /v2.0/networks/7758d19a-322b-49d0-94fb-3a61f9863be2?fields=segments HTTP/1.1" status: 200 len: 212 time: 0.0941567
2026-06-26 04:44:32.414 10 INFO neutron.wsgi [None req-5fe85fbe-dfed-4db2-ba22-96719fc68a41 fa6ee0307e9e4c598e0fc0ad83969e72 b902d3189ef64166b07841c641636341 - - - -] 10.0.0.66 "DELETE /v2.0/routers/b4ad4c84-12c1-47a7-be99-68e2d87441d0 HTTP/1.1" status: 204 len: 168 time: 1.1435964 /var/lib/openstack/lib/python3.10/site-packages/pycadf/identifier.py:71: UserWarning: Invalid uuid: neutron. To ensure interoperability, identifiers should be a valid uuid. warnings.warn(('Invalid uuid: %s. To ensure interoperability, '
2026-06-26 04:44:32.664 9 INFO neutron.wsgi [req-946c7ef5-8cf7-4e30-ace8-7350e3d17439 req-bfb222a0-9ab6-4475-84a1-1cb38dfcdf14 5aece556be5c4597b45ae4ca8968f208 1963e81d3b9447b09c7dede164a08ae2 - - ab14bc3c683241efb1bd8ca3b3626608 ab14bc3c683241efb1bd8ca3b3626608] 199.204.45.177 "GET /v2.0/networks/7758d19a-322b-49d0-94fb-3a61f9863be2?fields=provider%3Aphysical_network&fields=provider%3Anetwork_type HTTP/1.1" status: 200 len: 277 time: 0.1163294
2026-06-26 04:44:32.670 10 INFO neutron.wsgi [None req-d2f05bb3-e07d-4a9a-b771-a1b1c7f879f3 fa6ee0307e9e4c598e0fc0ad83969e72 b902d3189ef64166b07841c641636341 - - - -] 10.0.0.66 "DELETE /v2.0/subnets/f40e751e-836e-4d13-a4cf-4c9561690f04 HTTP/1.1" status: 204 len: 168 time: 0.2509973
2026-06-26 04:44:32.992 10 INFO neutron.wsgi [req-9216f8ea-947d-4546-970c-afe9b83e6f66 req-58590f8c-37c7-4d60-ba25-7b6d6ed09e04 35993cd262bf4088947df3bc51242039 eaecf8ca7b8f4739b16ddfa4359881fd - - default default] 10.0.0.222 "GET /v2.0/ports?device_id=6cc92f6d-00f9-4036-8f87-c275e1f65a14 HTTP/1.1" status: 200 len: 1168 time: 0.0940912
2026-06-26 04:44:33.191 9 INFO neutron.wsgi [None req-39c6769c-85c4-48f1-b3e3-8986515c9c0e fa6ee0307e9e4c598e0fc0ad83969e72 b902d3189ef64166b07841c641636341 - - - -] 10.0.0.66 "DELETE /v2.0/routers/103ae4dc-c84c-42ef-bc55-e11e0598f7fe HTTP/1.1" status: 204 len: 168 time: 1.0297563
2026-06-26 04:44:33.240 10 INFO neutron.wsgi [req-9216f8ea-947d-4546-970c-afe9b83e6f66 req-d51f6921-84c4-409a-b444-80a1eee19714 35993cd262bf4088947df3bc51242039 eaecf8ca7b8f4739b16ddfa4359881fd - - default default] 10.0.0.222 "GET /v2.0/security-groups?id=0e2fac31-1d38-40cb-9a06-b13e9d3d3837&fields=id&fields=name HTTP/1.1" status: 200 len: 312 time: 0.2388830
2026-06-26 04:44:33.386 10 INFO neutron.wsgi [None req-148d814d-70b3-4345-a335-bd7b7c4d19dd fa6ee0307e9e4c598e0fc0ad83969e72 b902d3189ef64166b07841c641636341 - - - -] 10.0.0.66 "DELETE /v2.0/subnets/c8b096a8-cae2-4ef3-8238-69f83375c78e HTTP/1.1" status: 204 len: 168 time: 0.1680162
2026-06-26 04:44:33.429 9 INFO neutron.wsgi [None req-09742e80-b4fe-40d6-b87b-328f83ecd05f fa6ee0307e9e4c598e0fc0ad83969e72 b902d3189ef64166b07841c641636341 - - - -] 10.0.0.66 "DELETE /v2.0/networks/61d255cf-5eff-454f-8ec7-78cf02599b36 HTTP/1.1" status: 204 len: 168 time: 0.7517078
2026-06-26 04:44:33.664 9 INFO neutron.wsgi [None req-4fee1c7d-7d67-4eef-90f8-059b644a937f fa6ee0307e9e4c598e0fc0ad83969e72 b902d3189ef64166b07841c641636341 - - default default] 10.0.0.66 "GET /v2.0/security-groups?tenant_id=bede7f1585ca4471967a87edd640b547&name=default HTTP/1.1" status: 200 len: 2992 time: 0.0526502
2026-06-26 04:44:33.761 10 WARNING neutron.plugins.ml2.drivers.ovn.mech_driver.ovsdb.ovn_client [None req-21a5bdf3-7927-4870-8c57-283e5d8c20e0 - - - - - -] No hosting information found for port de3f50cc-71b6-48df-943e-d145fa1e9a80: RuntimeError: No hosting information found for port de3f50cc-71b6-48df-943e-d145fa1e9a80
2026-06-26 04:44:33.901 10 INFO neutron.wsgi [None req-c3b20d4f-fbff-40b3-a99e-3ba006d477d3 fa6ee0307e9e4c598e0fc0ad83969e72 b902d3189ef64166b07841c641636341 - - - -] 10.0.0.66 "DELETE /v2.0/networks/ddf9258c-a2e2-46b1-a24f-e75d94d6b271 HTTP/1.1" status: 204 len: 168 time: 0.5107634
2026-06-26 04:44:33.929 9 INFO neutron.wsgi [None req-273b70d9-a42c-4f75-a427-2b3467534e82 fa6ee0307e9e4c598e0fc0ad83969e72 b902d3189ef64166b07841c641636341 - - - -] 10.0.0.66 "DELETE /v2.0/security-groups/ff3fc02c-734a-431e-a7f2-3a579c3410e8 HTTP/1.1" status: 204 len: 168 time: 0.2579842
2026-06-26 04:44:33.969 9 INFO neutron.services.segments.plugin [-] Segment e18e7b2f-9318-4d29-9428-2bc0615768b1 resource provider aggregate not found
2026-06-26 04:44:33.977 9 INFO neutron.services.segments.plugin [-] Segment e18e7b2f-9318-4d29-9428-2bc0615768b1 resource provider aggregate not found
2026-06-26 04:44:34.000 9 INFO neutron.services.segments.plugin [-] Segment e18e7b2f-9318-4d29-9428-2bc0615768b1 resource provider not found; error: Placement Client Error (4xx): {"errors": [{"status": 404, "title": "Not Found", "detail": "The resource could not be found.\n\n No resource provider with uuid e18e7b2f-9318-4d29-9428-2bc0615768b1 found for delete ", "request_id": "req-ad38cc5c-9bbb-4da2-9f69-05e287d214ae"}]}
2026-06-26 04:44:34.004 9 INFO neutron.services.segments.plugin [-] Segment e18e7b2f-9318-4d29-9428-2bc0615768b1 resource provider not found; error: Placement Client Error (4xx): {"errors": [{"status": 404, "title": "Not Found", "detail": "The resource could not be found.\n\n No resource provider with uuid e18e7b2f-9318-4d29-9428-2bc0615768b1 found for delete ", "request_id": "req-30cb0c81-6113-4002-a568-022b68c97bb4"}]}
2026-06-26 04:44:34.188 9 INFO neutron.wsgi [None req-a8ecc9ec-f7f6-4f64-a5e5-6caf8ef2f69b fa6ee0307e9e4c598e0fc0ad83969e72 b902d3189ef64166b07841c641636341 - - default default] 10.0.0.66 "GET /v2.0/security-groups?tenant_id=0b413f4f4a0a4eccbf261b76a34cecff&name=default HTTP/1.1" status: 200 len: 2992 time: 0.0349603
2026-06-26 04:44:34.432 10 INFO neutron.services.segments.plugin [-] Segment 590730f7-f7e5-4c13-b620-f6e713c619ea resource provider aggregate not found
2026-06-26 04:44:34.452 10 INFO neutron.services.segments.plugin [-] Segment 590730f7-f7e5-4c13-b620-f6e713c619ea resource provider not found; error: Placement Client Error (4xx): {"errors": [{"status": 404, "title": "Not Found", "detail": "The resource could not be found.\n\n No resource provider with uuid 590730f7-f7e5-4c13-b620-f6e713c619ea found for delete ", "request_id": "req-d205fb2c-dff7-4754-adb0-cc5650cd715e"}]}
2026-06-26 04:44:34.465 10 INFO neutron.services.segments.plugin [-] Segment 590730f7-f7e5-4c13-b620-f6e713c619ea resource provider aggregate not found
2026-06-26 04:44:34.482 9 INFO neutron.wsgi [None req-8966a76a-5e2f-403c-a69d-ca3241055ecb fa6ee0307e9e4c598e0fc0ad83969e72 b902d3189ef64166b07841c641636341 - - - -] 10.0.0.66 "DELETE /v2.0/security-groups/0796727a-fab2-4a46-8b8b-ad7190cb48d3 HTTP/1.1" status: 204 len: 168 time: 0.2898939
2026-06-26 04:44:34.487 10 INFO neutron.services.segments.plugin [-] Segment 590730f7-f7e5-4c13-b620-f6e713c619ea resource provider not found; error: Placement Client Error (4xx): {"errors": [{"status": 404, "title": "Not Found", "detail": "The resource could not be found.\n\n No resource provider with uuid 590730f7-f7e5-4c13-b620-f6e713c619ea found for delete ", "request_id": "req-5d9d664d-bb5a-4f2f-91b3-302fd6939494"}]}
2026-06-26 04:44:34.520 10 INFO neutron.wsgi [req-f2e0ae1a-7d6d-4a42-9b1c-67f13532a4ac req-22a06875-d008-4a80-98f7-36d0ba39a405 35993cd262bf4088947df3bc51242039 eaecf8ca7b8f4739b16ddfa4359881fd - - default default] 10.0.0.222 "GET /v2.0/ports?device_id=6cc92f6d-00f9-4036-8f87-c275e1f65a14 HTTP/1.1" status: 200 len: 1168 time: 0.0460835
2026-06-26 04:44:34.565 10 INFO neutron.wsgi [req-f2e0ae1a-7d6d-4a42-9b1c-67f13532a4ac req-7660ef30-ceee-447a-aa64-09d42f2c26f8 35993cd262bf4088947df3bc51242039 eaecf8ca7b8f4739b16ddfa4359881fd - - default default] 10.0.0.222 "GET /v2.0/security-groups?id=0e2fac31-1d38-40cb-9a06-b13e9d3d3837&fields=id&fields=name HTTP/1.1" status: 200 len: 312 time: 0.0392532
2026-06-26 04:44:35.018 10 INFO neutron.wsgi [req-47e4fc0e-0c45-40f6-a66d-36d1d4e3ff9f req-140167e4-4f04-4e3b-aff6-37404ce95de9 6641799576e14de99e42a97c947ef82b 9e5b679824dc42558b8e82a2cfb39c45 - - default default] 10.0.0.222 "GET /v2.0/security-groups?name=tempest-securitygroup--537865106&fields=id&tenant_id=9e5b679824dc42558b8e82a2cfb39c45 HTTP/1.1" status: 200 len: 267 time: 0.0341821
2026-06-26 04:44:35.093 10 INFO neutron.wsgi [req-47e4fc0e-0c45-40f6-a66d-36d1d4e3ff9f req-dba56831-56ad-4f1a-92be-0b0a47b2e477 6641799576e14de99e42a97c947ef82b 9e5b679824dc42558b8e82a2cfb39c45 - - default default] 10.0.0.222 "GET /v2.0/networks?id=455fd2fa-b020-479f-aef9-ed393012b0f8 HTTP/1.1" status: 200 len: 879 time: 0.0648069
2026-06-26 04:44:35.117 10 INFO neutron.wsgi [req-47e4fc0e-0c45-40f6-a66d-36d1d4e3ff9f req-96063ccb-b23a-4a5a-b969-e1c376f27f6e 6641799576e14de99e42a97c947ef82b 9e5b679824dc42558b8e82a2cfb39c45 - - default default] 10.0.0.222 "GET /v2.0/quotas/9e5b679824dc42558b8e82a2cfb39c45 HTTP/1.1" status: 200 len: 386 time: 0.0159807
2026-06-26 04:44:35.195 10 INFO neutron.plugins.ml2.drivers.ovn.mech_driver.mech_driver [None req-21a5bdf3-7927-4870-8c57-283e5d8c20e0 - - - - - -] OVN reports status up for port: fe18712e-47e6-438d-834d-4ed4e751fcc2
2026-06-26 04:44:35.244 10 INFO neutron.plugins.ml2.plugin [None req-21a5bdf3-7927-4870-8c57-283e5d8c20e0 - - - - - -] Attempt 1 to provision port fe18712e-47e6-438d-834d-4ed4e751fcc2
2026-06-26 04:44:35.304 10 INFO neutron.wsgi [req-47e4fc0e-0c45-40f6-a66d-36d1d4e3ff9f req-5cebebbc-4aaa-405d-b8fe-768cdcdf79e9 6641799576e14de99e42a97c947ef82b 9e5b679824dc42558b8e82a2cfb39c45 - - default default] 10.0.0.222 "GET /v2.0/ports?tenant_id=9e5b679824dc42558b8e82a2cfb39c45&fields=id HTTP/1.1" status: 200 len: 302 time: 0.1801422
2026-06-26 04:44:35.607 10 INFO neutron.db.ovn_revision_numbers_db [None req-21a5bdf3-7927-4870-8c57-283e5d8c20e0 - - - - - -] Successfully bumped revision number for resource fe18712e-47e6-438d-834d-4ed4e751fcc2 (type: ports) to 4
2026-06-26 04:44:35.698 10 INFO neutron.wsgi [req-20703df4-7ada-4c53-b196-c1a297bfcad8 req-01f088e5-31f0-4a32-a5ac-98c5d28c2026 35993cd262bf4088947df3bc51242039 eaecf8ca7b8f4739b16ddfa4359881fd - - default default] 10.0.0.222 "GET /v2.0/ports?device_id=6cc92f6d-00f9-4036-8f87-c275e1f65a14 HTTP/1.1" status: 200 len: 1170 time: 0.0522628 /var/lib/openstack/lib/python3.10/site-packages/pycadf/identifier.py:71: UserWarning: Invalid uuid: neutron. To ensure interoperability, identifiers should be a valid uuid. warnings.warn(('Invalid uuid: %s. To ensure interoperability, '
2026-06-26 04:44:35.752 10 INFO neutron.wsgi [req-20703df4-7ada-4c53-b196-c1a297bfcad8 req-f9cd3ed8-b243-4d0a-ae88-535a86cceec0 35993cd262bf4088947df3bc51242039 eaecf8ca7b8f4739b16ddfa4359881fd - - default default] 10.0.0.222 "GET /v2.0/security-groups?id=0e2fac31-1d38-40cb-9a06-b13e9d3d3837&fields=id&fields=name HTTP/1.1" status: 200 len: 312 time: 0.0404811
2026-06-26 04:44:35.811 10 INFO neutron.wsgi [req-47e4fc0e-0c45-40f6-a66d-36d1d4e3ff9f req-5366dde5-7968-43e2-ab6f-bfb3b672c352 5aece556be5c4597b45ae4ca8968f208 1963e81d3b9447b09c7dede164a08ae2 - - ab14bc3c683241efb1bd8ca3b3626608 ab14bc3c683241efb1bd8ca3b3626608] 10.0.0.222 "GET /v2.0/extensions HTTP/1.1" status: 200 len: 16525 time: 0.1070633
2026-06-26 04:44:35.834 10 INFO neutron.notifiers.nova [-] Nova event matching ['req-eaee520a-6cfa-4a85-b692-c934f3de9591'] response: {'server_uuid': '6cc92f6d-00f9-4036-8f87-c275e1f65a14', 'name': 'network-vif-plugged', 'status': 'completed', 'tag': 'fe18712e-47e6-438d-834d-4ed4e751fcc2', 'code': 200}
2026-06-26 04:44:35.914 10 INFO neutron.wsgi [req-47e4fc0e-0c45-40f6-a66d-36d1d4e3ff9f req-7bf83d64-fe6e-4837-b40d-2585534f8324 5aece556be5c4597b45ae4ca8968f208 1963e81d3b9447b09c7dede164a08ae2 - - ab14bc3c683241efb1bd8ca3b3626608 ab14bc3c683241efb1bd8ca3b3626608] 10.0.0.222 "GET /v2.0/networks/455fd2fa-b020-479f-aef9-ed393012b0f8?fields=segments HTTP/1.1" status: 200 len: 212 time: 0.0931015
2026-06-26 04:44:35.998 10 INFO neutron.wsgi [req-47e4fc0e-0c45-40f6-a66d-36d1d4e3ff9f req-6b514bf6-992a-454e-bd95-dd97c38f9e8e 5aece556be5c4597b45ae4ca8968f208 1963e81d3b9447b09c7dede164a08ae2 - - ab14bc3c683241efb1bd8ca3b3626608 ab14bc3c683241efb1bd8ca3b3626608] 10.0.0.222 "GET /v2.0/networks/455fd2fa-b020-479f-aef9-ed393012b0f8?fields=provider%3Aphysical_network&fields=provider%3Anetwork_type HTTP/1.1" status: 200 len: 277 time: 0.0766506
2026-06-26 04:44:36.312 10 INFO neutron.db.ovn_revision_numbers_db [None req-399aa33b-51d6-4abc-9630-09afde7db7aa fa6ee0307e9e4c598e0fc0ad83969e72 b902d3189ef64166b07841c641636341 - - - -] Successfully bumped revision number for resource 228d55b9-4bc7-448a-970b-5443147a483b (type: security_groups) to 1
2026-06-26 04:44:36.366 10 INFO neutron.db.segments_db [None req-399aa33b-51d6-4abc-9630-09afde7db7aa fa6ee0307e9e4c598e0fc0ad83969e72 b902d3189ef64166b07841c641636341 - - - -] Added segment a8b94d62-24d4-4a15-a99c-252d1a670c2e of type geneve for network 122cc9fa-6842-4e74-9b1e-0dade9a2b084
2026-06-26 04:44:36.395 10 INFO neutron.wsgi [req-9b7f5925-693f-4a7c-bbc8-3228f832cbf1 req-72832771-e8e3-47b4-bdd9-92e7e4c21316 6641799576e14de99e42a97c947ef82b 9e5b679824dc42558b8e82a2cfb39c45 - - default default] 10.0.0.222 "GET /v2.0/ports?device_id=8d26fb6f-3766-4e10-8c10-ae0d8a4ccada HTTP/1.1" status: 200 len: 210 time: 0.0303037
2026-06-26 04:44:36.520 10 INFO neutron.db.ovn_revision_numbers_db [None req-399aa33b-51d6-4abc-9630-09afde7db7aa fa6ee0307e9e4c598e0fc0ad83969e72 b902d3189ef64166b07841c641636341 - - - -] Successfully bumped revision number for resource 122cc9fa-6842-4e74-9b1e-0dade9a2b084 (type: networks) to 1
2026-06-26 04:44:36.710 10 WARNING neutron.scheduler.dhcp_agent_scheduler [None req-399aa33b-51d6-4abc-9630-09afde7db7aa fa6ee0307e9e4c598e0fc0ad83969e72 b902d3189ef64166b07841c641636341 - - - -] No more DHCP agents
2026-06-26 04:44:36.712 10 WARNING neutron.api.rpc.agentnotifiers.dhcp_rpc_agent_api [None req-399aa33b-51d6-4abc-9630-09afde7db7aa fa6ee0307e9e4c598e0fc0ad83969e72 b902d3189ef64166b07841c641636341 - - - -] Unable to schedule network 122cc9fa-6842-4e74-9b1e-0dade9a2b084: no agents available; will retry on subsequent port and subnet creation events.
2026-06-26 04:44:36.793 10 INFO neutron.db.ovn_revision_numbers_db [None req-399aa33b-51d6-4abc-9630-09afde7db7aa fa6ee0307e9e4c598e0fc0ad83969e72 b902d3189ef64166b07841c641636341 - - - -] Successfully bumped revision number for resource b9565500-0473-4a6f-9a2f-eb37307e23cc (type: ports) to 1
2026-06-26 04:44:36.813 10 INFO neutron.wsgi [None req-399aa33b-51d6-4abc-9630-09afde7db7aa fa6ee0307e9e4c598e0fc0ad83969e72 b902d3189ef64166b07841c641636341 - - - -] 10.0.0.66 "POST /v2.0/networks HTTP/1.1" status: 201 len: 953 time: 0.7853894
2026-06-26 04:44:36.872 10 INFO neutron.wsgi [req-b7779c81-2ebc-4fa6-a289-61467b101d03 req-2e21fafc-ce35-4090-87bd-381dce9bbac4 35993cd262bf4088947df3bc51242039 eaecf8ca7b8f4739b16ddfa4359881fd - - default default] 10.0.0.222 "GET /v2.0/ports?device_id=6cc92f6d-00f9-4036-8f87-c275e1f65a14 HTTP/1.1" status: 200 len: 1170 time: 0.0535865
2026-06-26 04:44:36.913 10 INFO neutron.wsgi [req-b7779c81-2ebc-4fa6-a289-61467b101d03 req-89c82d18-2a2f-4f0a-81f5-d5c0d5536e74 35993cd262bf4088947df3bc51242039 eaecf8ca7b8f4739b16ddfa4359881fd - - default default] 10.0.0.222 "GET /v2.0/security-groups?id=0e2fac31-1d38-40cb-9a06-b13e9d3d3837&fields=id&fields=name HTTP/1.1" status: 200 len: 312 time: 0.0319366
2026-06-26 04:44:37.077 10 INFO neutron.wsgi [req-10fc8976-bb45-4370-8602-5262427b2ccd req-dde773e6-9b15-4058-bf72-c858691d12f1 35993cd262bf4088947df3bc51242039 eaecf8ca7b8f4739b16ddfa4359881fd - - default default] 10.0.0.222 "GET /v2.0/ports?device_id=6cc92f6d-00f9-4036-8f87-c275e1f65a14 HTTP/1.1" status: 200 len: 1170 time: 0.0572553
2026-06-26 04:44:37.079 9 WARNING neutron.scheduler.dhcp_agent_scheduler [None req-70484982-f128-47b2-8338-bf0f28d4fafb fa6ee0307e9e4c598e0fc0ad83969e72 b902d3189ef64166b07841c641636341 - - - -] No more DHCP agents
2026-06-26 04:44:37.081 9 WARNING neutron.api.rpc.agentnotifiers.dhcp_rpc_agent_api [None req-70484982-f128-47b2-8338-bf0f28d4fafb fa6ee0307e9e4c598e0fc0ad83969e72 b902d3189ef64166b07841c641636341 - - - -] Unable to schedule network 122cc9fa-6842-4e74-9b1e-0dade9a2b084: no agents available; will retry on subsequent port and subnet creation events.
2026-06-26 04:44:37.285 9 INFO neutron.wsgi [req-47e4fc0e-0c45-40f6-a66d-36d1d4e3ff9f req-3cdc7f9e-a133-4c66-95ab-b56cb8efb5f2 6641799576e14de99e42a97c947ef82b 9e5b679824dc42558b8e82a2cfb39c45 - - default default] 199.204.45.177 "GET /v2.0/networks?id=455fd2fa-b020-479f-aef9-ed393012b0f8 HTTP/1.1" status: 200 len: 879 time: 0.1378510
2026-06-26 04:44:37.383 9 INFO neutron.wsgi [req-47e4fc0e-0c45-40f6-a66d-36d1d4e3ff9f req-77e53221-cda5-47f7-ae59-8f0500275ca4 6641799576e14de99e42a97c947ef82b 9e5b679824dc42558b8e82a2cfb39c45 - - default default] 199.204.45.177 "GET /v2.0/security-groups?fields=id&fields=name&tenant_id=9e5b679824dc42558b8e82a2cfb39c45 HTTP/1.1" status: 200 len: 379 time: 0.0921009
2026-06-26 04:44:37.537 10 INFO neutron.wsgi [req-66aa5277-4d16-42cd-8cae-a9155eac16cb req-c2305ccb-1b0a-4768-8c22-48273022b1bc 6641799576e14de99e42a97c947ef82b 9e5b679824dc42558b8e82a2cfb39c45 - - default default] 10.0.0.222 "GET /v2.0/ports?device_id=8d26fb6f-3766-4e10-8c10-ae0d8a4ccada HTTP/1.1" status: 200 len: 210 time: 0.0429652
2026-06-26 04:44:37.597 10 INFO neutron.wsgi [-] 10.0.0.37 "GET / HTTP/1.1" status: 200 len: 247 time: 0.0016966
2026-06-26 04:44:37.598 10 INFO neutron.wsgi [-] 10.0.0.37 "GET / HTTP/1.1" status: 200 len: 247 time: 0.0010579
2026-06-26 04:44:37.694 10 INFO neutron.db.l3_db [None req-11aa821f-3ec5-4a46-aed1-25501a5dbb52 35993cd262bf4088947df3bc51242039 eaecf8ca7b8f4739b16ddfa4359881fd - - - -] Floating IP 247ab3c6-99d7-4481-8f20-7ff66e37bf13 associated. External IP: 10.96.250.203, port: fe18712e-47e6-438d-834d-4ed4e751fcc2.
2026-06-26 04:44:37.820 9 INFO neutron.db.ovn_revision_numbers_db [None req-70484982-f128-47b2-8338-bf0f28d4fafb fa6ee0307e9e4c598e0fc0ad83969e72 b902d3189ef64166b07841c641636341 - - - -] Successfully bumped revision number for resource b9565500-0473-4a6f-9a2f-eb37307e23cc (type: ports) to 2
2026-06-26 04:44:37.843 9 INFO neutron.db.ovn_revision_numbers_db [None req-70484982-f128-47b2-8338-bf0f28d4fafb fa6ee0307e9e4c598e0fc0ad83969e72 b902d3189ef64166b07841c641636341 - - - -] Successfully bumped revision number for resource 24c6f7e0-03db-4c3b-8f08-9f6d2de4b2c9 (type: subnets) to 0
2026-06-26 04:44:37.869 9 INFO neutron.wsgi [None req-70484982-f128-47b2-8338-bf0f28d4fafb fa6ee0307e9e4c598e0fc0ad83969e72 b902d3189ef64166b07841c641636341 - - - -] 10.0.0.66 "POST /v2.0/subnets HTTP/1.1" status: 201 len: 873 time: 1.0480115
2026-06-26 04:44:37.881 9 WARNING neutron.scheduler.dhcp_agent_scheduler [None req-f19af8f8-2698-43c5-95ba-ac6ef2d2a52e 6641799576e14de99e42a97c947ef82b 9e5b679824dc42558b8e82a2cfb39c45 - - - -] No more DHCP agents
2026-06-26 04:44:37.886 9 WARNING neutron.api.rpc.agentnotifiers.dhcp_rpc_agent_api [None req-f19af8f8-2698-43c5-95ba-ac6ef2d2a52e 6641799576e14de99e42a97c947ef82b 9e5b679824dc42558b8e82a2cfb39c45 - - - -] Unable to schedule network 455fd2fa-b020-479f-aef9-ed393012b0f8: no agents available; will retry on subsequent port and subnet creation events.
2026-06-26 04:44:37.885 10 INFO neutron.notifiers.nova [-] Nova event matching ['req-44a025d0-fdc3-4d15-8003-a79cddf48757'] response: {'server_uuid': '6cc92f6d-00f9-4036-8f87-c275e1f65a14', 'name': 'network-vif-plugged', 'status': 'completed', 'tag': 'fe18712e-47e6-438d-834d-4ed4e751fcc2', 'code': 200}
2026-06-26 04:44:37.973 10 INFO neutron.db.ovn_revision_numbers_db [None req-11aa821f-3ec5-4a46-aed1-25501a5dbb52 35993cd262bf4088947df3bc51242039 eaecf8ca7b8f4739b16ddfa4359881fd - - - -] Successfully bumped revision number for resource 247ab3c6-99d7-4481-8f20-7ff66e37bf13 (type: floatingips) to 1
2026-06-26 04:44:38.079 9 INFO neutron.db.ovn_revision_numbers_db [None req-f19af8f8-2698-43c5-95ba-ac6ef2d2a52e 6641799576e14de99e42a97c947ef82b 9e5b679824dc42558b8e82a2cfb39c45 - - - -] Successfully bumped revision number for resource c34d1130-48a4-4ee0-8e6c-d33626734f64 (type: ports) to 1
2026-06-26 04:44:38.106 9 INFO neutron.wsgi [None req-f19af8f8-2698-43c5-95ba-ac6ef2d2a52e 6641799576e14de99e42a97c947ef82b 9e5b679824dc42558b8e82a2cfb39c45 - - - -] 199.204.45.177 "POST /v2.0/ports HTTP/1.1" status: 201 len: 1158 time: 0.7066460 /var/lib/openstack/lib/python3.10/site-packages/pycadf/identifier.py:71: UserWarning: Invalid uuid: neutron. To ensure interoperability, identifiers should be a valid uuid. warnings.warn(('Invalid uuid: %s. To ensure interoperability, '
2026-06-26 04:44:38.153 10 INFO neutron.db.ovn_revision_numbers_db [None req-11aa821f-3ec5-4a46-aed1-25501a5dbb52 35993cd262bf4088947df3bc51242039 eaecf8ca7b8f4739b16ddfa4359881fd - - - -] Successfully bumped revision number for resource 247ab3c6-99d7-4481-8f20-7ff66e37bf13 (type: floatingips) to 2
2026-06-26 04:44:38.198 10 INFO neutron.wsgi [None req-11aa821f-3ec5-4a46-aed1-25501a5dbb52 35993cd262bf4088947df3bc51242039 eaecf8ca7b8f4739b16ddfa4359881fd - - - -] 10.0.0.66 "PUT /v2.0/floatingips/247ab3c6-99d7-4481-8f20-7ff66e37bf13 HTTP/1.1" status: 200 len: 1049 time: 1.1076307
2026-06-26 04:44:38.657 9 INFO neutron.db.ovn_revision_numbers_db [None req-71da6237-bf82-41f7-b428-5cf387f6e5f2 5aece556be5c4597b45ae4ca8968f208 1963e81d3b9447b09c7dede164a08ae2 - - - -] Successfully bumped revision number for resource c34d1130-48a4-4ee0-8e6c-d33626734f64 (type: ports) to 2
2026-06-26 04:44:38.696 10 INFO neutron.wsgi [req-166e116d-9ace-4f23-8e26-5bc77ff1351a req-61a1e981-5f52-4f4b-beba-09f178329580 35993cd262bf4088947df3bc51242039 eaecf8ca7b8f4739b16ddfa4359881fd - - default default] 10.0.0.222 "GET /v2.0/ports?device_id=6cc92f6d-00f9-4036-8f87-c275e1f65a14 HTTP/1.1" status: 200 len: 1170 time: 0.4434950
2026-06-26 04:44:38.741 10 INFO neutron.wsgi [req-6763ce58-4215-4fa0-93fd-ed6b3397ea04 req-6fbe0d95-43ad-4ed1-85c1-2394553fd983 6641799576e14de99e42a97c947ef82b 9e5b679824dc42558b8e82a2cfb39c45 - - default default] 10.0.0.222 "GET /v2.0/ports?device_id=8d26fb6f-3766-4e10-8c10-ae0d8a4ccada HTTP/1.1" status: 200 len: 1168 time: 0.0589800
2026-06-26 04:44:38.776 10 INFO neutron.wsgi [req-166e116d-9ace-4f23-8e26-5bc77ff1351a req-26a3088b-1f36-46ce-8ed6-e4852ce98fef 35993cd262bf4088947df3bc51242039 eaecf8ca7b8f4739b16ddfa4359881fd - - default default] 10.0.0.222 "GET /v2.0/security-groups?id=0e2fac31-1d38-40cb-9a06-b13e9d3d3837&fields=id&fields=name HTTP/1.1" status: 200 len: 312 time: 0.0700645
2026-06-26 04:44:38.809 10 INFO neutron.wsgi [req-6763ce58-4215-4fa0-93fd-ed6b3397ea04 req-a303f40d-e029-4f26-bf0a-c2ce714ad955 6641799576e14de99e42a97c947ef82b 9e5b679824dc42558b8e82a2cfb39c45 - - default default] 10.0.0.222 "GET /v2.0/security-groups?id=4ecfd4e5-e468-4a65-a6b9-5c775e588a7c&fields=id&fields=name HTTP/1.1" status: 200 len: 312 time: 0.0547936
2026-06-26 04:44:38.813 10 WARNING neutron.scheduler.dhcp_agent_scheduler [None req-0c502dd2-f60c-40cf-be09-c70abedcad4c fa6ee0307e9e4c598e0fc0ad83969e72 b902d3189ef64166b07841c641636341 - - - -] No more DHCP agents
2026-06-26 04:44:38.814 10 WARNING neutron.api.rpc.agentnotifiers.dhcp_rpc_agent_api [None req-0c502dd2-f60c-40cf-be09-c70abedcad4c fa6ee0307e9e4c598e0fc0ad83969e72 b902d3189ef64166b07841c641636341 - - - -] Unable to schedule network 04c49fc6-415a-4a5b-a0fd-5b557bbc148c: no agents available; will retry on subsequent port and subnet creation events.
2026-06-26 04:44:38.832 9 INFO neutron.db.ovn_revision_numbers_db [None req-71da6237-bf82-41f7-b428-5cf387f6e5f2 5aece556be5c4597b45ae4ca8968f208 1963e81d3b9447b09c7dede164a08ae2 - - - -] Successfully bumped revision number for resource c34d1130-48a4-4ee0-8e6c-d33626734f64 (type: ports) to 2
2026-06-26 04:44:38.846 9 INFO neutron.wsgi [None req-71da6237-bf82-41f7-b428-5cf387f6e5f2 5aece556be5c4597b45ae4ca8968f208 1963e81d3b9447b09c7dede164a08ae2 - - - -] 199.204.45.177 "PUT /v2.0/ports/c34d1130-48a4-4ee0-8e6c-d33626734f64 HTTP/1.1" status: 200 len: 1328 time: 0.7342377 /var/lib/openstack/lib/python3.10/site-packages/pycadf/identifier.py:71: UserWarning: Invalid uuid: neutron. To ensure interoperability, identifiers should be a valid uuid. warnings.warn(('Invalid uuid: %s. To ensure interoperability, '
2026-06-26 04:44:38.910 9 INFO neutron.notifiers.nova [-] Nova event matching ['req-4594b786-6369-44e2-8a69-24ae455801a9'] response: {'name': 'network-changed', 'server_uuid': '8d26fb6f-3766-4e10-8c10-ae0d8a4ccada', 'tag': 'c34d1130-48a4-4ee0-8e6c-d33626734f64', 'status': 'completed', 'code': 200}
2026-06-26 04:44:38.929 9 INFO neutron.wsgi [req-47e4fc0e-0c45-40f6-a66d-36d1d4e3ff9f req-8ac623d8-f9a4-4ba9-a786-93ca9d580f4e 5aece556be5c4597b45ae4ca8968f208 1963e81d3b9447b09c7dede164a08ae2 - - ab14bc3c683241efb1bd8ca3b3626608 ab14bc3c683241efb1bd8ca3b3626608] 199.204.45.177 "GET /v2.0/ports?tenant_id=9e5b679824dc42558b8e82a2cfb39c45&device_id=8d26fb6f-3766-4e10-8c10-ae0d8a4ccada HTTP/1.1" status: 200 len: 1359 time: 0.0314803
2026-06-26 04:44:38.964 10 INFO neutron.db.ovn_revision_numbers_db [None req-0c502dd2-f60c-40cf-be09-c70abedcad4c fa6ee0307e9e4c598e0fc0ad83969e72 b902d3189ef64166b07841c641636341 - - - -] Successfully bumped revision number for resource a9173584-3444-477a-a830-2991c8f712d1 (type: ports) to 1
2026-06-26 04:44:38.968 9 INFO neutron.wsgi [req-47e4fc0e-0c45-40f6-a66d-36d1d4e3ff9f req-aa0bd2a4-c8cd-4463-bea2-79f724491e43 5aece556be5c4597b45ae4ca8968f208 1963e81d3b9447b09c7dede164a08ae2 - - ab14bc3c683241efb1bd8ca3b3626608 ab14bc3c683241efb1bd8ca3b3626608] 199.204.45.177 "GET /v2.0/floatingips?fixed_ip_address=10.100.0.4&port_id=c34d1130-48a4-4ee0-8e6c-d33626734f64 HTTP/1.1" status: 200 len: 217 time: 0.0302889
2026-06-26 04:44:39.012 9 INFO neutron.wsgi [req-47e4fc0e-0c45-40f6-a66d-36d1d4e3ff9f req-9577327e-bd17-4d67-b877-5e1f65b55346 5aece556be5c4597b45ae4ca8968f208 1963e81d3b9447b09c7dede164a08ae2 - - ab14bc3c683241efb1bd8ca3b3626608 ab14bc3c683241efb1bd8ca3b3626608] 199.204.45.177 "GET /v2.0/subnets?id=b40246e4-6fa6-4c5b-a118-93936570f3fa HTTP/1.1" status: 200 len: 873 time: 0.0365624
2026-06-26 04:44:39.049 9 INFO neutron.wsgi [req-47e4fc0e-0c45-40f6-a66d-36d1d4e3ff9f req-0e33cb80-99e0-4144-adef-ad71fa456ba9 5aece556be5c4597b45ae4ca8968f208 1963e81d3b9447b09c7dede164a08ae2 - - ab14bc3c683241efb1bd8ca3b3626608 ab14bc3c683241efb1bd8ca3b3626608] 199.204.45.177 "GET /v2.0/ports?network_id=455fd2fa-b020-479f-aef9-ed393012b0f8&device_owner=network%3Adhcp HTTP/1.1" status: 200 len: 210 time: 0.0261106
2026-06-26 04:44:39.124 9 INFO neutron.wsgi [req-47e4fc0e-0c45-40f6-a66d-36d1d4e3ff9f req-7aaafb8a-fada-4b47-9a53-815f6736b8a8 5aece556be5c4597b45ae4ca8968f208 1963e81d3b9447b09c7dede164a08ae2 - - ab14bc3c683241efb1bd8ca3b3626608 ab14bc3c683241efb1bd8ca3b3626608] 199.204.45.177 "GET /v2.0/networks/455fd2fa-b020-479f-aef9-ed393012b0f8?fields=segments HTTP/1.1" status: 200 len: 212 time: 0.0662344
2026-06-26 04:44:39.211 9 INFO neutron.wsgi [req-47e4fc0e-0c45-40f6-a66d-36d1d4e3ff9f req-d5a9d7a3-9931-4b2c-82b4-ab972999e646 5aece556be5c4597b45ae4ca8968f208 1963e81d3b9447b09c7dede164a08ae2 - - ab14bc3c683241efb1bd8ca3b3626608 ab14bc3c683241efb1bd8ca3b3626608] 199.204.45.177 "GET /v2.0/networks/455fd2fa-b020-479f-aef9-ed393012b0f8?fields=provider%3Aphysical_network&fields=provider%3Anetwork_type HTTP/1.1" status: 200 len: 277 time: 0.0760531
2026-06-26 04:44:39.229 10 INFO neutron.wsgi [req-26f6fece-cc56-43ae-bafb-7d3268de847a req-e18b142f-1b08-4060-95a9-9df2648e4346 35993cd262bf4088947df3bc51242039 eaecf8ca7b8f4739b16ddfa4359881fd - - default default] 10.0.0.222 "GET /v2.0/ports?device_id=6cc92f6d-00f9-4036-8f87-c275e1f65a14 HTTP/1.1" status: 200 len: 1170 time: 0.0337200
2026-06-26 04:44:39.262 10 INFO neutron.plugins.ml2.drivers.ovn.mech_driver.mech_driver [None req-21a5bdf3-7927-4870-8c57-283e5d8c20e0 - - - - - -] OVN reports status down for port: fe18712e-47e6-438d-834d-4ed4e751fcc2
2026-06-26 04:44:39.322 9 INFO neutron.wsgi [req-ebb85f10-86fe-4545-b012-5e383dbb8104 req-57aa0a81-af80-4c67-9acc-b16ae54c7900 5aece556be5c4597b45ae4ca8968f208 1963e81d3b9447b09c7dede164a08ae2 - - ab14bc3c683241efb1bd8ca3b3626608 ab14bc3c683241efb1bd8ca3b3626608] 199.204.45.177 "GET /v2.0/ports?tenant_id=9e5b679824dc42558b8e82a2cfb39c45&device_id=8d26fb6f-3766-4e10-8c10-ae0d8a4ccada HTTP/1.1" status: 200 len: 1359 time: 0.0578868
2026-06-26 04:44:39.334 10 INFO neutron.wsgi [req-26f6fece-cc56-43ae-bafb-7d3268de847a req-a45f5705-25d4-416a-a635-37b1a2e32ec4 35993cd262bf4088947df3bc51242039 eaecf8ca7b8f4739b16ddfa4359881fd - - default default] 10.0.0.222 "GET /v2.0/security-groups?id=0e2fac31-1d38-40cb-9a06-b13e9d3d3837&fields=id&fields=name HTTP/1.1" status: 200 len: 312 time: 0.0763881
2026-06-26 04:44:39.423 9 INFO neutron.wsgi [req-ebb85f10-86fe-4545-b012-5e383dbb8104 req-58c4196b-6893-4544-802b-c55a7fcf587a 5aece556be5c4597b45ae4ca8968f208 1963e81d3b9447b09c7dede164a08ae2 - - ab14bc3c683241efb1bd8ca3b3626608 ab14bc3c683241efb1bd8ca3b3626608] 199.204.45.177 "GET /v2.0/networks?id=455fd2fa-b020-479f-aef9-ed393012b0f8 HTTP/1.1" status: 200 len: 978 time: 0.0950143
2026-06-26 04:44:39.470 9 INFO neutron.wsgi [req-ebb85f10-86fe-4545-b012-5e383dbb8104 req-abecd49e-eca7-4e5b-bbe4-039785afebc3 5aece556be5c4597b45ae4ca8968f208 1963e81d3b9447b09c7dede164a08ae2 - - ab14bc3c683241efb1bd8ca3b3626608 ab14bc3c683241efb1bd8ca3b3626608] 199.204.45.177 "GET /v2.0/floatingips?fixed_ip_address=10.100.0.4&port_id=c34d1130-48a4-4ee0-8e6c-d33626734f64 HTTP/1.1" status: 200 len: 217 time: 0.0374022
2026-06-26 04:44:39.514 9 INFO neutron.wsgi [req-ebb85f10-86fe-4545-b012-5e383dbb8104 req-a50b8a45-956e-4cc8-92eb-e5e3322482c5 5aece556be5c4597b45ae4ca8968f208 1963e81d3b9447b09c7dede164a08ae2 - - ab14bc3c683241efb1bd8ca3b3626608 ab14bc3c683241efb1bd8ca3b3626608] 199.204.45.177 "GET /v2.0/subnets?id=b40246e4-6fa6-4c5b-a118-93936570f3fa HTTP/1.1" status: 200 len: 873 time: 0.0387859
2026-06-26 04:44:39.565 9 INFO neutron.wsgi [req-ebb85f10-86fe-4545-b012-5e383dbb8104 req-91792f0b-c991-4d9b-83a2-d8603bdbefb0 5aece556be5c4597b45ae4ca8968f208 1963e81d3b9447b09c7dede164a08ae2 - - ab14bc3c683241efb1bd8ca3b3626608 ab14bc3c683241efb1bd8ca3b3626608] 199.204.45.177 "GET /v2.0/ports?network_id=455fd2fa-b020-479f-aef9-ed393012b0f8&device_owner=network%3Adhcp HTTP/1.1" status: 200 len: 210 time: 0.0332630
2026-06-26 04:44:39.669 9 INFO neutron.wsgi [req-ebb85f10-86fe-4545-b012-5e383dbb8104 req-70857db1-8aa8-41a7-b6b4-c0e988b57c42 5aece556be5c4597b45ae4ca8968f208 1963e81d3b9447b09c7dede164a08ae2 - - ab14bc3c683241efb1bd8ca3b3626608 ab14bc3c683241efb1bd8ca3b3626608] 199.204.45.177 "GET /v2.0/networks/455fd2fa-b020-479f-aef9-ed393012b0f8?fields=segments HTTP/1.1" status: 200 len: 212 time: 0.0954273
2026-06-26 04:44:39.723 9 INFO neutron.plugins.ml2.drivers.ovn.mech_driver.mech_driver [None req-2c575510-7952-4175-ba50-46335c36ee66 - - - - - -] OVN reports status up for port: a9173584-3444-477a-a830-2991c8f712d1
2026-06-26 04:44:39.732 10 INFO neutron.db.ovn_revision_numbers_db [None req-21a5bdf3-7927-4870-8c57-283e5d8c20e0 - - - - - -] Successfully bumped revision number for resource fe18712e-47e6-438d-834d-4ed4e751fcc2 (type: ports) to 5
2026-06-26 04:44:39.734 10 INFO neutron.db.ovn_revision_numbers_db [None req-0c502dd2-f60c-40cf-be09-c70abedcad4c fa6ee0307e9e4c598e0fc0ad83969e72 b902d3189ef64166b07841c641636341 - - - -] Successfully bumped revision number for resource a9173584-3444-477a-a830-2991c8f712d1 (type: router_ports) to 1
2026-06-26 04:44:39.747 9 INFO neutron.plugins.ml2.drivers.ovn.mech_driver.ovsdb.ovsdb_monitor [None req-2e75082f-f23b-42b8-b68e-c6b566a496d0 - - - - - -] Router 9c6baaa8-dcac-4bd3-b401-4b405536a2e6 is bound to host instance
2026-06-26 04:44:39.754 9 INFO neutron.wsgi [req-409b6a19-2a84-4635-ac70-0cfecf0e3022 req-d366649a-004d-4198-acaf-61ec30c3929a 35993cd262bf4088947df3bc51242039 eaecf8ca7b8f4739b16ddfa4359881fd - - default default] 199.204.45.177 "GET /v2.0/ports?device_id=6cc92f6d-00f9-4036-8f87-c275e1f65a14 HTTP/1.1" status: 200 len: 1168 time: 0.1507654
2026-06-26 04:44:39.768 9 INFO neutron.plugins.ml2.plugin [None req-2c575510-7952-4175-ba50-46335c36ee66 - - - - - -] Attempt 1 to provision port a9173584-3444-477a-a830-2991c8f712d1
2026-06-26 04:44:39.805 9 INFO neutron.wsgi [req-ebb85f10-86fe-4545-b012-5e383dbb8104 req-c960ae22-0044-46e1-87ce-920f229c6058 5aece556be5c4597b45ae4ca8968f208 1963e81d3b9447b09c7dede164a08ae2 - - ab14bc3c683241efb1bd8ca3b3626608 ab14bc3c683241efb1bd8ca3b3626608] 199.204.45.177 "GET /v2.0/networks/455fd2fa-b020-479f-aef9-ed393012b0f8?fields=provider%3Aphysical_network&fields=provider%3Anetwork_type HTTP/1.1" status: 200 len: 277 time: 0.1277769
2026-06-26 04:44:39.821 10 INFO neutron.db.ovn_revision_numbers_db [None req-0c502dd2-f60c-40cf-be09-c70abedcad4c fa6ee0307e9e4c598e0fc0ad83969e72 b902d3189ef64166b07841c641636341 - - - -] Successfully bumped revision number for resource 9c6baaa8-dcac-4bd3-b401-4b405536a2e6 (type: routers) to 3
2026-06-26 04:44:39.835 10 INFO neutron.wsgi [None req-0c502dd2-f60c-40cf-be09-c70abedcad4c fa6ee0307e9e4c598e0fc0ad83969e72 b902d3189ef64166b07841c641636341 - - - -] 10.0.0.66 "POST /v2.0/routers HTTP/1.1" status: 201 len: 884 time: 1.9601290 /var/lib/openstack/lib/python3.10/site-packages/pycadf/identifier.py:71: UserWarning: Invalid uuid: neutron. To ensure interoperability, identifiers should be a valid uuid. warnings.warn(('Invalid uuid: %s. To ensure interoperability, '
2026-06-26 04:44:39.926 10 INFO neutron.notifiers.nova [-] Nova event matching ['req-46d4b015-de52-46e2-b617-f0df7ad51496'] response: {'name': 'network-changed', 'server_uuid': '6cc92f6d-00f9-4036-8f87-c275e1f65a14', 'tag': 'fe18712e-47e6-438d-834d-4ed4e751fcc2', 'status': 'completed', 'code': 200}
2026-06-26 04:44:39.926 10 INFO neutron.notifiers.nova [-] Nova event matching ['req-46d4b015-de52-46e2-b617-f0df7ad51496'] response: {'server_uuid': '6cc92f6d-00f9-4036-8f87-c275e1f65a14', 'name': 'network-vif-unplugged', 'status': 'completed', 'tag': 'fe18712e-47e6-438d-834d-4ed4e751fcc2', 'code': 200}
2026-06-26 04:44:39.926 10 INFO neutron.notifiers.nova [-] Nova event matching ['req-46d4b015-de52-46e2-b617-f0df7ad51496'] response: {'server_uuid': '6cc92f6d-00f9-4036-8f87-c275e1f65a14', 'name': 'network-vif-plugged', 'status': 'completed', 'tag': 'fe18712e-47e6-438d-834d-4ed4e751fcc2', 'code': 200}
2026-06-26 04:44:39.937 10 INFO neutron.wsgi [req-f7036f58-ebc4-4058-aaf5-f11543b12df0 req-4389f95f-106d-4bf6-a0ee-91ba47602091 6641799576e14de99e42a97c947ef82b 9e5b679824dc42558b8e82a2cfb39c45 - - default default] 10.0.0.222 "GET /v2.0/ports?device_id=8d26fb6f-3766-4e10-8c10-ae0d8a4ccada HTTP/1.1" status: 200 len: 1168 time: 0.0623193
2026-06-26 04:44:40.011 10 INFO neutron.wsgi [req-f7036f58-ebc4-4058-aaf5-f11543b12df0 req-82909535-cd72-4a68-bf81-5f5e3f035eee 6641799576e14de99e42a97c947ef82b 9e5b679824dc42558b8e82a2cfb39c45 - - default default] 10.0.0.222 "GET /v2.0/security-groups?id=4ecfd4e5-e468-4a65-a6b9-5c775e588a7c&fields=id&fields=name HTTP/1.1" status: 200 len: 312 time: 0.0632043
2026-06-26 04:44:40.016 9 INFO neutron.wsgi [req-8eaba382-6304-40c5-80be-78f8820ce6c8 req-4f04e35a-db63-455c-8b65-ef208dd8cc16 5aece556be5c4597b45ae4ca8968f208 1963e81d3b9447b09c7dede164a08ae2 - - ab14bc3c683241efb1bd8ca3b3626608 ab14bc3c683241efb1bd8ca3b3626608] 199.204.45.177 "GET /v2.0/ports?tenant_id=eaecf8ca7b8f4739b16ddfa4359881fd&device_id=6cc92f6d-00f9-4036-8f87-c275e1f65a14 HTTP/1.1" status: 200 len: 1359 time: 0.0638981
2026-06-26 04:44:40.317 10 WARNING neutron.scheduler.dhcp_agent_scheduler [None req-79f267b2-5057-4843-9ec7-47e7b2b92ec5 fa6ee0307e9e4c598e0fc0ad83969e72 b902d3189ef64166b07841c641636341 - - default default] No more DHCP agents
2026-06-26 04:44:40.320 10 WARNING neutron.api.rpc.agentnotifiers.dhcp_rpc_agent_api [None req-79f267b2-5057-4843-9ec7-47e7b2b92ec5 fa6ee0307e9e4c598e0fc0ad83969e72 b902d3189ef64166b07841c641636341 - - default default] Unable to schedule network 122cc9fa-6842-4e74-9b1e-0dade9a2b084: no agents available; will retry on subsequent port and subnet creation events.
2026-06-26 04:44:40.332 9 INFO neutron.wsgi [req-8eaba382-6304-40c5-80be-78f8820ce6c8 req-37b50b66-3f63-4c2b-a41a-e3ef96b10378 5aece556be5c4597b45ae4ca8968f208 1963e81d3b9447b09c7dede164a08ae2 - - ab14bc3c683241efb1bd8ca3b3626608 ab14bc3c683241efb1bd8ca3b3626608] 199.204.45.177 "GET /v2.0/networks?id=7758d19a-322b-49d0-94fb-3a61f9863be2 HTTP/1.1" status: 200 len: 968 time: 0.3084195
2026-06-26 04:44:40.455 10 INFO neutron.wsgi [req-838662ab-16c9-42af-ad11-e64fe2f3ffe5 req-88823e35-d1bc-4a74-a60a-7e50f605fb96 35993cd262bf4088947df3bc51242039 eaecf8ca7b8f4739b16ddfa4359881fd - - default default] 10.0.0.222 "GET /v2.0/ports?device_id=6cc92f6d-00f9-4036-8f87-c275e1f65a14 HTTP/1.1" status: 200 len: 1168 time: 0.0457845
2026-06-26 04:44:40.462 10 INFO neutron.db.ovn_revision_numbers_db [None req-79f267b2-5057-4843-9ec7-47e7b2b92ec5 fa6ee0307e9e4c598e0fc0ad83969e72 b902d3189ef64166b07841c641636341 - - default default] Successfully bumped revision number for resource abfba5b2-9280-48cc-b156-4892b1923ece (type: ports) to 1
2026-06-26 04:44:40.471 9 INFO neutron.wsgi [req-8eaba382-6304-40c5-80be-78f8820ce6c8 req-523c1e8d-79cb-40dc-bb3c-b2e801151c2a 5aece556be5c4597b45ae4ca8968f208 1963e81d3b9447b09c7dede164a08ae2 - - ab14bc3c683241efb1bd8ca3b3626608 ab14bc3c683241efb1bd8ca3b3626608] 199.204.45.177 "GET /v2.0/floatingips?fixed_ip_address=10.100.0.5&port_id=fe18712e-47e6-438d-834d-4ed4e751fcc2 HTTP/1.1" status: 200 len: 1057 time: 0.1331799
2026-06-26 04:44:40.510 10 INFO neutron.wsgi [req-838662ab-16c9-42af-ad11-e64fe2f3ffe5 req-35be4c32-68ae-48c9-a80a-39ca96d33d85 35993cd262bf4088947df3bc51242039 eaecf8ca7b8f4739b16ddfa4359881fd - - default default] 10.0.0.222 "GET /v2.0/security-groups?id=0e2fac31-1d38-40cb-9a06-b13e9d3d3837&fields=id&fields=name HTTP/1.1" status: 200 len: 312 time: 0.0490611
2026-06-26 04:44:40.513 9 INFO neutron.db.l3_db [None req-15a4ca66-90c3-4936-921d-1b8de598b43b 35993cd262bf4088947df3bc51242039 eaecf8ca7b8f4739b16ddfa4359881fd - - - -] Floating IP 247ab3c6-99d7-4481-8f20-7ff66e37bf13 disassociated. External IP: 10.96.250.203, port: fe18712e-47e6-438d-834d-4ed4e751fcc2.
2026-06-26 04:44:40.545 9 INFO neutron.wsgi [req-8eaba382-6304-40c5-80be-78f8820ce6c8 req-24e985f2-bffe-4129-b771-64c8707bcbbf 5aece556be5c4597b45ae4ca8968f208 1963e81d3b9447b09c7dede164a08ae2 - - ab14bc3c683241efb1bd8ca3b3626608 ab14bc3c683241efb1bd8ca3b3626608] 199.204.45.177 "GET /v2.0/subnets?id=42cc71a2-9942-4cc2-9b03-c0b3eeaef83b HTTP/1.1" status: 200 len: 863 time: 0.0677109
2026-06-26 04:44:40.595 9 INFO neutron.wsgi [req-8eaba382-6304-40c5-80be-78f8820ce6c8 req-b38aff8e-510b-4806-aad6-8076277af87a 5aece556be5c4597b45ae4ca8968f208 1963e81d3b9447b09c7dede164a08ae2 - - ab14bc3c683241efb1bd8ca3b3626608 ab14bc3c683241efb1bd8ca3b3626608] 199.204.45.177 "GET /v2.0/ports?network_id=7758d19a-322b-49d0-94fb-3a61f9863be2&device_owner=network%3Adhcp HTTP/1.1" status: 200 len: 210 time: 0.0312929
2026-06-26 04:44:40.720 9 INFO neutron.wsgi [req-8eaba382-6304-40c5-80be-78f8820ce6c8 req-6f5a417f-0d1e-4ac2-8685-92bd89ee12b8 5aece556be5c4597b45ae4ca8968f208 1963e81d3b9447b09c7dede164a08ae2 - - ab14bc3c683241efb1bd8ca3b3626608 ab14bc3c683241efb1bd8ca3b3626608] 199.204.45.177 "GET /v2.0/networks/7758d19a-322b-49d0-94fb-3a61f9863be2?fields=segments HTTP/1.1" status: 200 len: 212 time: 0.0914958
2026-06-26 04:44:40.817 9 INFO neutron.wsgi [req-8eaba382-6304-40c5-80be-78f8820ce6c8 req-c4df31ad-5c3d-4d0f-8d11-a930acaa9d82 5aece556be5c4597b45ae4ca8968f208 1963e81d3b9447b09c7dede164a08ae2 - - ab14bc3c683241efb1bd8ca3b3626608 ab14bc3c683241efb1bd8ca3b3626608] 199.204.45.177 "GET /v2.0/networks/7758d19a-322b-49d0-94fb-3a61f9863be2?fields=provider%3Aphysical_network&fields=provider%3Anetwork_type HTTP/1.1" status: 200 len: 277 time: 0.0884004
2026-06-26 04:44:40.848 9 INFO neutron.wsgi [None req-15a4ca66-90c3-4936-921d-1b8de598b43b 35993cd262bf4088947df3bc51242039 eaecf8ca7b8f4739b16ddfa4359881fd - - - -] 199.204.45.177 "DELETE /v2.0/ports/fe18712e-47e6-438d-834d-4ed4e751fcc2 HTTP/1.1" status: 204 len: 173 time: 1.0845301
2026-06-26 04:44:40.984 9 INFO neutron.notifiers.nova [-] Nova event matching ['req-f71782bd-4322-46d4-8435-e91334858ddf'] response: {'server_uuid': '6cc92f6d-00f9-4036-8f87-c275e1f65a14', 'name': 'network-vif-deleted', 'tag': 'fe18712e-47e6-438d-834d-4ed4e751fcc2', 'status': 'completed', 'code': 200}
2026-06-26 04:44:40.985 9 INFO neutron.db.ovn_revision_numbers_db [None req-2e75082f-f23b-42b8-b68e-c6b566a496d0 - - - - - -] Successfully bumped revision number for resource a9173584-3444-477a-a830-2991c8f712d1 (type: ports) to 1
2026-06-26 04:44:41.211 10 INFO neutron.wsgi [req-21dda74b-9739-43bc-b7c8-fb779e6908e8 req-a2f97828-bc2b-4bf6-b2f7-b2d57617a05b 6641799576e14de99e42a97c947ef82b 9e5b679824dc42558b8e82a2cfb39c45 - - default default] 10.0.0.222 "GET /v2.0/ports?device_id=8d26fb6f-3766-4e10-8c10-ae0d8a4ccada HTTP/1.1" status: 200 len: 1168 time: 0.1271572
2026-06-26 04:44:41.256 10 INFO neutron.db.ovn_revision_numbers_db [None req-79f267b2-5057-4843-9ec7-47e7b2b92ec5 fa6ee0307e9e4c598e0fc0ad83969e72 b902d3189ef64166b07841c641636341 - - default default] Successfully bumped revision number for resource abfba5b2-9280-48cc-b156-4892b1923ece (type: router_ports) to 2
2026-06-26 04:44:41.261 10 INFO neutron.wsgi [req-21dda74b-9739-43bc-b7c8-fb779e6908e8 req-221a6d4f-bb61-4356-8455-5019ad7eaf03 6641799576e14de99e42a97c947ef82b 9e5b679824dc42558b8e82a2cfb39c45 - - default default] 10.0.0.222 "GET /v2.0/security-groups?id=4ecfd4e5-e468-4a65-a6b9-5c775e588a7c&fields=id&fields=name HTTP/1.1" status: 200 len: 312 time: 0.0412495
2026-06-26 04:44:41.417 10 INFO neutron.db.ovn_revision_numbers_db [None req-79f267b2-5057-4843-9ec7-47e7b2b92ec5 fa6ee0307e9e4c598e0fc0ad83969e72 b902d3189ef64166b07841c641636341 - - default default] Successfully bumped revision number for resource abfba5b2-9280-48cc-b156-4892b1923ece (type: ports) to 2
2026-06-26 04:44:41.485 10 WARNING neutron.scheduler.dhcp_agent_scheduler [None req-79f267b2-5057-4843-9ec7-47e7b2b92ec5 fa6ee0307e9e4c598e0fc0ad83969e72 b902d3189ef64166b07841c641636341 - - default default] No more DHCP agents
2026-06-26 04:44:41.486 10 WARNING neutron.api.rpc.agentnotifiers.dhcp_rpc_agent_api [None req-79f267b2-5057-4843-9ec7-47e7b2b92ec5 fa6ee0307e9e4c598e0fc0ad83969e72 b902d3189ef64166b07841c641636341 - - default default] Unable to schedule network 122cc9fa-6842-4e74-9b1e-0dade9a2b084: no agents available; will retry on subsequent port and subnet creation events.
2026-06-26 04:44:41.518 9 INFO neutron.db.ovn_revision_numbers_db [None req-2e75082f-f23b-42b8-b68e-c6b566a496d0 - - - - - -] Successfully bumped revision number for resource a9173584-3444-477a-a830-2991c8f712d1 (type: router_ports) to 3
2026-06-26 04:44:41.707 9 INFO neutron.db.ovn_revision_numbers_db [None req-2e75082f-f23b-42b8-b68e-c6b566a496d0 - - - - - -] Successfully bumped revision number for resource a9173584-3444-477a-a830-2991c8f712d1 (type: ports) to 2
2026-06-26 04:44:41.819 10 INFO neutron.wsgi [None req-f3e2b0d6-d0e5-48a2-bae4-44bb0055b137 35993cd262bf4088947df3bc51242039 eaecf8ca7b8f4739b16ddfa4359881fd - - - -] 10.0.0.66 "DELETE /v2.0/security-groups/0e2fac31-1d38-40cb-9a06-b13e9d3d3837 HTTP/1.1" status: 204 len: 168 time: 0.1949124
2026-06-26 04:44:41.840 10 INFO neutron.api.v2.resource [None req-66d9e2f5-352d-49c7-bf18-e4ed34fdf48a 35993cd262bf4088947df3bc51242039 eaecf8ca7b8f4739b16ddfa4359881fd - - default default] show failed (client error): The resource could not be found.
2026-06-26 04:44:41.841 10 INFO neutron.wsgi [None req-66d9e2f5-352d-49c7-bf18-e4ed34fdf48a 35993cd262bf4088947df3bc51242039 eaecf8ca7b8f4739b16ddfa4359881fd - - default default] 10.0.0.66 "GET /v2.0/security-groups/0e2fac31-1d38-40cb-9a06-b13e9d3d3837 HTTP/1.1" status: 404 len: 347 time: 0.0180159
2026-06-26 04:44:42.013 9 INFO neutron.db.ovn_revision_numbers_db [None req-2e75082f-f23b-42b8-b68e-c6b566a496d0 - - - - - -] Successfully bumped revision number for resource a9173584-3444-477a-a830-2991c8f712d1 (type: ports) to 4
2026-06-26 04:44:42.306 9 INFO neutron.db.ovn_revision_numbers_db [None req-2e75082f-f23b-42b8-b68e-c6b566a496d0 - - - - - -] Successfully bumped revision number for resource a9173584-3444-477a-a830-2991c8f712d1 (type: router_ports) to 4
2026-06-26 04:44:42.326 10 INFO neutron.db.ovn_revision_numbers_db [None req-79f267b2-5057-4843-9ec7-47e7b2b92ec5 fa6ee0307e9e4c598e0fc0ad83969e72 b902d3189ef64166b07841c641636341 - - - -] Successfully bumped revision number for resource abfba5b2-9280-48cc-b156-4892b1923ece (type: router_ports) to 2
2026-06-26 04:44:42.329 10 INFO neutron.wsgi [None req-79f267b2-5057-4843-9ec7-47e7b2b92ec5 fa6ee0307e9e4c598e0fc0ad83969e72 b902d3189ef64166b07841c641636341 - - - -] 10.0.0.66 "PUT /v2.0/routers/9c6baaa8-dcac-4bd3-b401-4b405536a2e6/add_router_interface HTTP/1.1" status: 200 len: 503 time: 2.4856601
2026-06-26 04:44:42.334 9 INFO neutron.wsgi [None req-a655682c-0e2d-4eb2-9a00-3e4225b38b5b 35993cd262bf4088947df3bc51242039 eaecf8ca7b8f4739b16ddfa4359881fd - - - -] 10.0.0.66 "DELETE /v2.0/floatingips/247ab3c6-99d7-4481-8f20-7ff66e37bf13 HTTP/1.1" status: 204 len: 168 time: 0.4871213
2026-06-26 04:44:42.379 10 INFO neutron.wsgi [req-b1afaa3d-8e82-4fd5-a505-b7d909157692 req-35e6e785-0ac7-4c25-b379-df4d61593e70 6641799576e14de99e42a97c947ef82b 9e5b679824dc42558b8e82a2cfb39c45 - - default default] 10.0.0.222 "GET /v2.0/ports?device_id=8d26fb6f-3766-4e10-8c10-ae0d8a4ccada HTTP/1.1" status: 200 len: 1168 time: 0.0562382
2026-06-26 04:44:42.384 10 INFO neutron.db.ovn_revision_numbers_db [None req-24b4b13e-5ce8-49a6-9812-518816076186 fa6ee0307e9e4c598e0fc0ad83969e72 b902d3189ef64166b07841c641636341 - - default default] Successfully bumped revision number for resource 13c3bffe-dd34-42f9-84db-6090334f684d (type: security_groups) to 1
2026-06-26 04:44:42.403 9 INFO neutron.plugins.ml2.drivers.ovn.mech_driver.mech_driver [None req-2c575510-7952-4175-ba50-46335c36ee66 - - - - - -] OVN reports status up for port: c34d1130-48a4-4ee0-8e6c-d33626734f64
2026-06-26 04:44:42.414 10 INFO neutron.wsgi [None req-24b4b13e-5ce8-49a6-9812-518816076186 fa6ee0307e9e4c598e0fc0ad83969e72 b902d3189ef64166b07841c641636341 - - default default] 10.0.0.66 "GET /v2.0/security-groups?tenant_id=096153702cdb490eb16dfbb27d030b58&name=default HTTP/1.1" status: 200 len: 2996 time: 0.3592317
2026-06-26 04:44:42.430 10 INFO neutron.wsgi [req-b1afaa3d-8e82-4fd5-a505-b7d909157692 req-f71509fa-09ce-4b30-bc8b-1ef65cb7e7a0 6641799576e14de99e42a97c947ef82b 9e5b679824dc42558b8e82a2cfb39c45 - - default default] 10.0.0.222 "GET /v2.0/security-groups?id=4ecfd4e5-e468-4a65-a6b9-5c775e588a7c&fields=id&fields=name HTTP/1.1" status: 200 len: 312 time: 0.0429010 /var/lib/openstack/lib/python3.10/site-packages/pycadf/identifier.py:71: UserWarning: Invalid uuid: neutron. To ensure interoperability, identifiers should be a valid uuid. warnings.warn(('Invalid uuid: %s. To ensure interoperability, '
2026-06-26 04:44:42.454 9 INFO neutron.plugins.ml2.plugin [None req-2c575510-7952-4175-ba50-46335c36ee66 - - - - - -] Attempt 1 to provision port c34d1130-48a4-4ee0-8e6c-d33626734f64
2026-06-26 04:44:42.991 10 INFO neutron.db.ovn_revision_numbers_db [None req-fb809b7f-2c29-4134-81a7-02626229bade 034269a6181941d5924e06735747785d c455aaa9cf274448a098db6afb7a7fec - - - -] Successfully bumped revision number for resource 06bdaa58-6e83-4add-9f56-2d5c8d04629e (type: security_groups) to 1
2026-06-26 04:44:43.009 10 INFO neutron.wsgi [None req-fb809b7f-2c29-4134-81a7-02626229bade 034269a6181941d5924e06735747785d c455aaa9cf274448a098db6afb7a7fec - - - -] 10.0.0.66 "POST /v2.0/security-groups HTTP/1.1" status: 201 len: 1795 time: 0.1122837
2026-06-26 04:44:43.024 9 INFO neutron.notifiers.nova [-] Nova event matching ['req-382ca408-db06-4b2c-8269-d18aae1f8dde'] response: {'server_uuid': '8d26fb6f-3766-4e10-8c10-ae0d8a4ccada', 'name': 'network-vif-plugged', 'status': 'completed', 'tag': 'c34d1130-48a4-4ee0-8e6c-d33626734f64', 'code': 200}
2026-06-26 04:44:43.107 9 INFO neutron.wsgi [None req-55c3fe9d-7b50-4e7b-ac3c-58f227499273 fa6ee0307e9e4c598e0fc0ad83969e72 b902d3189ef64166b07841c641636341 - - - -] 10.0.0.66 "DELETE /v2.0/security-groups/13c3bffe-dd34-42f9-84db-6090334f684d HTTP/1.1" status: 204 len: 168 time: 0.6873722
2026-06-26 04:44:43.132 10 INFO neutron.db.ovn_revision_numbers_db [None req-81839f10-58cf-45ab-9f48-8ca812678b9f 034269a6181941d5924e06735747785d c455aaa9cf274448a098db6afb7a7fec - - - -] Successfully bumped revision number for resource c24a7e1a-805e-47f7-9d78-d8f866cdf4e9 (type: security_group_rules) to 0
2026-06-26 04:44:43.149 9 INFO neutron.db.ovn_revision_numbers_db [None req-2c575510-7952-4175-ba50-46335c36ee66 - - - - - -] Successfully bumped revision number for resource c34d1130-48a4-4ee0-8e6c-d33626734f64 (type: ports) to 4
