2026-06-26 04:46:46.797 10 WARNING neutron.api.rpc.agentnotifiers.dhcp_rpc_agent_api [None req-cc45ad5f-5750-455f-91f9-b552f973f6a1 8e354bdea4f14227a5974f2071eb2224 ed3844fd73834d3c8f2369d8af9a4072 - - - -] Unable to schedule network 39de2d84-5456-41a5-bf15-cfe9d578c591: no agents available; will retry on subsequent port and subnet creation events.
2026-06-26 04:46:46.824 9 INFO neutron.db.segments_db [None req-03fc4bd1-33b8-4add-ad4b-fe3ea2fead7f c6fafebc9b2745818278592f84e9484d 15ab80696fc546b3bd546c341e2b97be - - - -] Added segment f7a1cf3a-edfd-469f-8595-3c4bbf66d0cb of type geneve for network 495dc8a1-3191-40d2-848f-53b4574a600a
2026-06-26 04:46:46.919 10 INFO neutron.db.ovn_revision_numbers_db [None req-cc45ad5f-5750-455f-91f9-b552f973f6a1 8e354bdea4f14227a5974f2071eb2224 ed3844fd73834d3c8f2369d8af9a4072 - - - -] Successfully bumped revision number for resource 09a90bb4-77d8-450e-8a6b-3b9f0fd70b25 (type: ports) to 1
2026-06-26 04:46:46.953 10 INFO neutron.wsgi [None req-cc45ad5f-5750-455f-91f9-b552f973f6a1 8e354bdea4f14227a5974f2071eb2224 ed3844fd73834d3c8f2369d8af9a4072 - - - -] 10.0.0.66 "POST /v2.0/networks HTTP/1.1" status: 201 len: 831 time: 0.8548746
2026-06-26 04:46:46.955 10 INFO neutron.db.ovn_revision_numbers_db [None req-21a5bdf3-7927-4870-8c57-283e5d8c20e0 - - - - - -] Successfully bumped revision number for resource 7f7f49f5-0aeb-4659-adc1-6ce3de85402c (type: ports) to 5
2026-06-26 04:46:47.045 9 INFO neutron.db.ovn_revision_numbers_db [None req-03fc4bd1-33b8-4add-ad4b-fe3ea2fead7f c6fafebc9b2745818278592f84e9484d 15ab80696fc546b3bd546c341e2b97be - - - -] Successfully bumped revision number for resource 495dc8a1-3191-40d2-848f-53b4574a600a (type: networks) to 1
2026-06-26 04:46:47.318 10 INFO neutron.db.ovn_revision_numbers_db [None req-653db441-df35-41ef-a784-bcaa880bce60 fca89a78e8a945df8dc0b543f3458fe3 e74c0b9e43964ba69e4c025d53421444 - - default default] Successfully bumped revision number for resource 718f0042-3438-4a50-8d6f-ae7066161aaf (type: router_ports) to 2
2026-06-26 04:46:47.410 9 WARNING neutron.scheduler.dhcp_agent_scheduler [None req-03fc4bd1-33b8-4add-ad4b-fe3ea2fead7f c6fafebc9b2745818278592f84e9484d 15ab80696fc546b3bd546c341e2b97be - - - -] No more DHCP agents
2026-06-26 04:46:47.413 9 WARNING neutron.api.rpc.agentnotifiers.dhcp_rpc_agent_api [None req-03fc4bd1-33b8-4add-ad4b-fe3ea2fead7f c6fafebc9b2745818278592f84e9484d 15ab80696fc546b3bd546c341e2b97be - - - -] Unable to schedule network 495dc8a1-3191-40d2-848f-53b4574a600a: no agents available; will retry on subsequent port and subnet creation events.
2026-06-26 04:46:47.422 9 INFO neutron.wsgi [None req-06efd596-8346-47fb-8440-88128cc3c942 935f95c3e3b04eeb99350c0807552a47 8d240b3cfd2c44cf9ab1f4900cbc905f - - - -] 199.204.45.177 "DELETE /v2.0/ports/7f7f49f5-0aeb-4659-adc1-6ce3de85402c HTTP/1.1" status: 204 len: 173 time: 0.6403673
2026-06-26 04:46:47.480 10 INFO neutron.db.ovn_revision_numbers_db [None req-653db441-df35-41ef-a784-bcaa880bce60 fca89a78e8a945df8dc0b543f3458fe3 e74c0b9e43964ba69e4c025d53421444 - - default default] Successfully bumped revision number for resource 718f0042-3438-4a50-8d6f-ae7066161aaf (type: ports) to 2
2026-06-26 04:46:47.504 9 INFO neutron.notifiers.nova [-] Nova event matching ['req-c1087737-6ff3-4beb-8c5c-386dbf817b29'] response: {'server_uuid': '10946fc5-041e-4d27-9972-8145e453334c', 'name': 'network-vif-deleted', 'tag': '7f7f49f5-0aeb-4659-adc1-6ce3de85402c', 'status': 'completed', 'code': 200}
2026-06-26 04:46:47.528 9 WARNING neutron.scheduler.dhcp_agent_scheduler [None req-acdbee13-c625-4529-a8a5-e09c6476517a 8e354bdea4f14227a5974f2071eb2224 ed3844fd73834d3c8f2369d8af9a4072 - - - -] No more DHCP agents
2026-06-26 04:46:47.533 9 WARNING neutron.api.rpc.agentnotifiers.dhcp_rpc_agent_api [None req-acdbee13-c625-4529-a8a5-e09c6476517a 8e354bdea4f14227a5974f2071eb2224 ed3844fd73834d3c8f2369d8af9a4072 - - - -] Unable to schedule network 39de2d84-5456-41a5-bf15-cfe9d578c591: no agents available; will retry on subsequent port and subnet creation events.
2026-06-26 04:46:47.585 9 INFO neutron.db.ovn_revision_numbers_db [None req-03fc4bd1-33b8-4add-ad4b-fe3ea2fead7f c6fafebc9b2745818278592f84e9484d 15ab80696fc546b3bd546c341e2b97be - - - -] Successfully bumped revision number for resource 74e09735-ce0e-4127-8fd8-ee26bdd15967 (type: ports) to 1
2026-06-26 04:46:47.608 10 WARNING neutron.scheduler.dhcp_agent_scheduler [None req-653db441-df35-41ef-a784-bcaa880bce60 fca89a78e8a945df8dc0b543f3458fe3 e74c0b9e43964ba69e4c025d53421444 - - default default] No more DHCP agents
2026-06-26 04:46:47.611 10 WARNING neutron.api.rpc.agentnotifiers.dhcp_rpc_agent_api [None req-653db441-df35-41ef-a784-bcaa880bce60 fca89a78e8a945df8dc0b543f3458fe3 e74c0b9e43964ba69e4c025d53421444 - - default default] Unable to schedule network 50e6556f-f547-4656-a9be-3bb978b61ad0: no agents available; will retry on subsequent port and subnet creation events.
2026-06-26 04:46:47.614 9 INFO neutron.wsgi [None req-03fc4bd1-33b8-4add-ad4b-fe3ea2fead7f c6fafebc9b2745818278592f84e9484d 15ab80696fc546b3bd546c341e2b97be - - - -] 10.0.0.66 "POST /v2.0/networks HTTP/1.1" status: 201 len: 843 time: 0.9157915
2026-06-26 04:46:47.620 9 INFO neutron.db.ovn_revision_numbers_db [None req-acdbee13-c625-4529-a8a5-e09c6476517a 8e354bdea4f14227a5974f2071eb2224 ed3844fd73834d3c8f2369d8af9a4072 - - - -] Successfully bumped revision number for resource c7f3b3af-4c7f-48b5-b535-c498b2131845 (type: ports) to 1 /var/lib/openstack/lib/python3.10/site-packages/pycadf/identifier.py:71: UserWarning: Invalid uuid: neutron. To ensure interoperability, identifiers should be a valid uuid. warnings.warn(('Invalid uuid: %s. To ensure interoperability, '
2026-06-26 04:46:47.651 9 INFO neutron.wsgi [None req-acdbee13-c625-4529-a8a5-e09c6476517a 8e354bdea4f14227a5974f2071eb2224 ed3844fd73834d3c8f2369d8af9a4072 - - - -] 10.0.0.66 "POST /v2.0/ports HTTP/1.1" status: 201 len: 942 time: 0.6888459 /var/lib/openstack/lib/python3.10/site-packages/pycadf/identifier.py:71: UserWarning: Invalid uuid: neutron. To ensure interoperability, identifiers should be a valid uuid. warnings.warn(('Invalid uuid: %s. To ensure interoperability, '
2026-06-26 04:46:47.712 9 INFO neutron.wsgi [None req-731c02ce-aac8-46fc-a764-0b3db111b137 8e354bdea4f14227a5974f2071eb2224 ed3844fd73834d3c8f2369d8af9a4072 - - - -] 10.0.0.66 "PUT /v2.0/ports/1f2d44c5-83e5-4576-919d-0557ac70b6ae/tags HTTP/1.1" status: 200 len: 210 time: 0.0556607
2026-06-26 04:46:47.760 9 INFO neutron.wsgi [None req-11e24a96-bb6d-4128-b8b3-208bb7e10a20 8e354bdea4f14227a5974f2071eb2224 ed3844fd73834d3c8f2369d8af9a4072 - - - -] 10.0.0.66 "PUT /v2.0/ports/de61a5fa-4601-4753-b982-39dcfc06c7a9/tags HTTP/1.1" status: 200 len: 218 time: 0.0438385
2026-06-26 04:46:47.822 9 INFO neutron.wsgi [None req-7e56f68e-eb79-477e-9fa7-8c2de4a76aa8 8e354bdea4f14227a5974f2071eb2224 ed3844fd73834d3c8f2369d8af9a4072 - - - -] 10.0.0.66 "PUT /v2.0/ports/ebf86d48-4bc5-4b1d-a6e2-5ad271ad27c7/tags HTTP/1.1" status: 200 len: 227 time: 0.0540316
2026-06-26 04:46:47.864 9 INFO neutron.wsgi [None req-4956ff03-5d70-4bcc-8635-800cb30910ee 8e354bdea4f14227a5974f2071eb2224 ed3844fd73834d3c8f2369d8af9a4072 - - - -] 10.0.0.66 "PUT /v2.0/ports/12fa8a1a-2919-426a-bdf5-9c460ce4170d/tags HTTP/1.1" status: 200 len: 212 time: 0.0337794
2026-06-26 04:46:48.020 10 INFO neutron.wsgi [req-858ec557-f1b7-43cc-8a81-261b08cadfa0 req-22cf6c86-2b3a-467b-a6f0-5e0662289361 935f95c3e3b04eeb99350c0807552a47 8d240b3cfd2c44cf9ab1f4900cbc905f - - default default] 10.0.0.222 "GET /v2.0/ports?device_id=10946fc5-041e-4d27-9972-8145e453334c HTTP/1.1" status: 200 len: 210 time: 0.0451539
2026-06-26 04:46:48.159 10 INFO neutron.db.ovn_revision_numbers_db [None req-1ac38047-9b50-45f2-946d-c1f2dc1d4c21 c6fafebc9b2745818278592f84e9484d 15ab80696fc546b3bd546c341e2b97be - - - -] Successfully bumped revision number for resource 495dc8a1-3191-40d2-848f-53b4574a600a (type: networks) to 2
2026-06-26 04:46:48.163 10 INFO neutron.wsgi [None req-1ac38047-9b50-45f2-946d-c1f2dc1d4c21 c6fafebc9b2745818278592f84e9484d 15ab80696fc546b3bd546c341e2b97be - - - -] 10.0.0.66 "PUT /v2.0/networks/495dc8a1-3191-40d2-848f-53b4574a600a HTTP/1.1" status: 200 len: 792 time: 0.5410695
2026-06-26 04:46:48.167 10 INFO neutron.db.ovn_revision_numbers_db [None req-653db441-df35-41ef-a784-bcaa880bce60 fca89a78e8a945df8dc0b543f3458fe3 e74c0b9e43964ba69e4c025d53421444 - - - -] Successfully bumped revision number for resource 718f0042-3438-4a50-8d6f-ae7066161aaf (type: router_ports) to 2
2026-06-26 04:46:48.168 10 INFO neutron.wsgi [None req-653db441-df35-41ef-a784-bcaa880bce60 fca89a78e8a945df8dc0b543f3458fe3 e74c0b9e43964ba69e4c025d53421444 - - - -] 10.0.0.66 "PUT /v2.0/routers/7fe6362c-8447-4a35-978f-124a12b9fab4/add_router_interface HTTP/1.1" status: 200 len: 503 time: 2.4640405
2026-06-26 04:46:48.286 10 INFO neutron.wsgi [None req-907c43b5-150a-49ec-ac99-9d8d4bc2050b fca89a78e8a945df8dc0b543f3458fe3 e74c0b9e43964ba69e4c025d53421444 - - default default] 10.0.0.66 "GET /v2.0/ports/718f0042-3438-4a50-8d6f-ae7066161aaf HTTP/1.1" status: 200 len: 1135 time: 0.1118662
2026-06-26 04:46:48.315 9 INFO neutron.wsgi [None req-cb24a426-da68-4b15-9c2b-eb16733ebe95 8e354bdea4f14227a5974f2071eb2224 ed3844fd73834d3c8f2369d8af9a4072 - - default default] 10.0.0.66 "GET /v2.0/ports?tags=red HTTP/1.1" status: 200 len: 2448 time: 0.4466074
2026-06-26 04:46:48.387 9 INFO neutron.wsgi [None req-ea9a3829-69d6-4b8e-921f-8fa65816e827 8e354bdea4f14227a5974f2071eb2224 ed3844fd73834d3c8f2369d8af9a4072 - - default default] 10.0.0.66 "GET /v2.0/ports?tags=red%2Cblue HTTP/1.1" status: 200 len: 1708 time: 0.0637970
2026-06-26 04:46:48.428 9 INFO neutron.wsgi [None req-a3fd23f2-353d-4230-81e3-a06341f99da2 fca89a78e8a945df8dc0b543f3458fe3 e74c0b9e43964ba69e4c025d53421444 - - default default] 10.0.0.66 "GET /v2.0/ports/718f0042-3438-4a50-8d6f-ae7066161aaf HTTP/1.1" status: 200 len: 1135 time: 0.1271393
2026-06-26 04:46:48.536 10 WARNING neutron.scheduler.dhcp_agent_scheduler [None req-089aee8f-0970-4447-b8bd-6013c452e6c5 c6fafebc9b2745818278592f84e9484d 15ab80696fc546b3bd546c341e2b97be - - - -] No more DHCP agents
2026-06-26 04:46:48.551 10 WARNING neutron.api.rpc.agentnotifiers.dhcp_rpc_agent_api [None req-089aee8f-0970-4447-b8bd-6013c452e6c5 c6fafebc9b2745818278592f84e9484d 15ab80696fc546b3bd546c341e2b97be - - - -] Unable to schedule network 495dc8a1-3191-40d2-848f-53b4574a600a: no agents available; will retry on subsequent port and subnet creation events.
2026-06-26 04:46:48.562 10 INFO neutron.wsgi [None req-4e708f4e-4a07-4681-828e-5d0a7e435f78 8e354bdea4f14227a5974f2071eb2224 ed3844fd73834d3c8f2369d8af9a4072 - - default default] 10.0.0.66 "GET /v2.0/ports?tags-any=blue HTTP/1.1" status: 200 len: 1708 time: 0.1691711
2026-06-26 04:46:48.650 9 INFO neutron.wsgi [None req-0ad8d3d5-f669-477d-827a-f37e88a04c1b 8e354bdea4f14227a5974f2071eb2224 ed3844fd73834d3c8f2369d8af9a4072 - - default default] 10.0.0.66 "GET /v2.0/ports?tags-any=red%2Cblue HTTP/1.1" status: 200 len: 2448 time: 0.0794070
2026-06-26 04:46:48.747 10 INFO neutron.notifiers.nova [-] Nova event matching ['req-709c5715-9978-4320-b052-30e4f9ef7189'] response: {'server_uuid': '10946fc5-041e-4d27-9972-8145e453334c', 'name': 'network-vif-plugged', 'status': 'completed', 'tag': '7f7f49f5-0aeb-4659-adc1-6ce3de85402c', 'code': 200}
2026-06-26 04:46:48.806 9 INFO neutron.wsgi [None req-a0e46833-6403-45b2-b95e-6727d2af5f85 8e354bdea4f14227a5974f2071eb2224 ed3844fd73834d3c8f2369d8af9a4072 - - default default] 10.0.0.66 "GET /v2.0/ports?not-tags=red HTTP/1.1" status: 200 len: 5463 time: 0.1512887
2026-06-26 04:46:48.887 9 INFO neutron.wsgi [None req-90e64158-8d71-4449-92f3-b87813347dc5 8e354bdea4f14227a5974f2071eb2224 ed3844fd73834d3c8f2369d8af9a4072 - - default default] 10.0.0.66 "GET /v2.0/ports?not-tags=red%2Cblue HTTP/1.1" status: 200 len: 6203 time: 0.0758076
2026-06-26 04:46:48.976 9 INFO neutron.wsgi [None req-028829e2-125f-4271-a029-7574a5dee8cc 8e354bdea4f14227a5974f2071eb2224 ed3844fd73834d3c8f2369d8af9a4072 - - default default] 10.0.0.66 "GET /v2.0/ports?not-tags-any=blue HTTP/1.1" status: 200 len: 6203 time: 0.0805814
2026-06-26 04:46:49.027 9 INFO neutron.wsgi [None req-c78d33c4-9579-45bd-ae7e-31dc26c6475b 8e354bdea4f14227a5974f2071eb2224 ed3844fd73834d3c8f2369d8af9a4072 - - default default] 10.0.0.66 "GET /v2.0/ports?not-tags-any=red%2Cblue HTTP/1.1" status: 200 len: 5463 time: 0.0456810
2026-06-26 04:46:49.030 10 INFO neutron.db.ovn_revision_numbers_db [None req-089aee8f-0970-4447-b8bd-6013c452e6c5 c6fafebc9b2745818278592f84e9484d 15ab80696fc546b3bd546c341e2b97be - - - -] Successfully bumped revision number for resource 74e09735-ce0e-4127-8fd8-ee26bdd15967 (type: ports) to 2
2026-06-26 04:46:49.048 10 INFO neutron.db.ovn_revision_numbers_db [None req-089aee8f-0970-4447-b8bd-6013c452e6c5 c6fafebc9b2745818278592f84e9484d 15ab80696fc546b3bd546c341e2b97be - - - -] Successfully bumped revision number for resource 4b7319e7-8dbd-4319-9ffa-d95efe2c62be (type: subnets) to 0
2026-06-26 04:46:49.064 10 INFO neutron.wsgi [None req-089aee8f-0970-4447-b8bd-6013c452e6c5 c6fafebc9b2745818278592f84e9484d 15ab80696fc546b3bd546c341e2b97be - - - -] 10.0.0.66 "POST /v2.0/subnets HTTP/1.1" status: 201 len: 801 time: 0.8949630
2026-06-26 04:46:49.253 10 INFO neutron.wsgi [None req-f4abfb1d-7efb-4b82-a317-627e1a2173fb 935f95c3e3b04eeb99350c0807552a47 8d240b3cfd2c44cf9ab1f4900cbc905f - - - -] 10.0.0.66 "DELETE /v2.0/security-groups/27c9d46d-d5a0-4e7d-ba46-b293545d6145 HTTP/1.1" status: 204 len: 168 time: 0.1671519
2026-06-26 04:46:49.371 9 INFO neutron.wsgi [None req-dab84eff-9666-474c-b461-f86c9b51f1cf 8e354bdea4f14227a5974f2071eb2224 ed3844fd73834d3c8f2369d8af9a4072 - - - -] 10.0.0.66 "DELETE /v2.0/ports/1f2d44c5-83e5-4576-919d-0557ac70b6ae HTTP/1.1" status: 204 len: 168 time: 0.3368375
2026-06-26 04:46:49.431 9 INFO neutron.db.ovn_revision_numbers_db [None req-d060fd25-5290-4bfc-940c-777a929c087f c6fafebc9b2745818278592f84e9484d 15ab80696fc546b3bd546c341e2b97be - - - -] Successfully bumped revision number for resource 4b7319e7-8dbd-4319-9ffa-d95efe2c62be (type: subnets) to 1
2026-06-26 04:46:49.434 9 INFO neutron.wsgi [None req-d060fd25-5290-4bfc-940c-777a929c087f c6fafebc9b2745818278592f84e9484d 15ab80696fc546b3bd546c341e2b97be - - - -] 10.0.0.66 "PUT /v2.0/subnets/4b7319e7-8dbd-4319-9ffa-d95efe2c62be HTTP/1.1" status: 200 len: 806 time: 0.3649032
2026-06-26 04:46:49.466 9 INFO neutron.wsgi [None req-67030487-82ea-408b-8187-c4642a665343 fca89a78e8a945df8dc0b543f3458fe3 e74c0b9e43964ba69e4c025d53421444 - - default default] 10.0.0.66 "GET /v2.0/ports/718f0042-3438-4a50-8d6f-ae7066161aaf HTTP/1.1" status: 200 len: 1135 time: 0.0306821
2026-06-26 04:46:49.861 10 INFO neutron.wsgi [None req-2bdeef23-8457-40d1-be58-da2ecef5a3c4 8e354bdea4f14227a5974f2071eb2224 ed3844fd73834d3c8f2369d8af9a4072 - - - -] 10.0.0.66 "DELETE /v2.0/ports/de61a5fa-4601-4753-b982-39dcfc06c7a9 HTTP/1.1" status: 204 len: 168 time: 0.4838772
2026-06-26 04:46:50.128 9 WARNING neutron.plugins.ml2.drivers.ovn.mech_driver.ovsdb.ovn_client [None req-2c575510-7952-4175-ba50-46335c36ee66 - - - - - -] No hosting information found for port 8ae014bf-61db-49de-a9c1-968d8db8a962: RuntimeError: No hosting information found for port 8ae014bf-61db-49de-a9c1-968d8db8a962
2026-06-26 04:46:50.129 9 INFO neutron.plugins.ml2.drivers.ovn.mech_driver.mech_driver [None req-2c575510-7952-4175-ba50-46335c36ee66 - - - - - -] OVN reports status up for port: 718f0042-3438-4a50-8d6f-ae7066161aaf
2026-06-26 04:46:50.136 9 INFO neutron.plugins.ml2.plugin [None req-2c575510-7952-4175-ba50-46335c36ee66 - - - - - -] Attempt 1 to provision port 718f0042-3438-4a50-8d6f-ae7066161aaf
2026-06-26 04:46:50.142 9 INFO neutron.wsgi [None req-4a5ba0f5-8599-4fb0-b5e7-e62b0f84e3e3 8e354bdea4f14227a5974f2071eb2224 ed3844fd73834d3c8f2369d8af9a4072 - - - -] 10.0.0.66 "DELETE /v2.0/ports/ebf86d48-4bc5-4b1d-a6e2-5ad271ad27c7 HTTP/1.1" status: 204 len: 168 time: 0.2740242
2026-06-26 04:46:50.333 10 INFO neutron.services.segments.plugin [-] Segment f7a1cf3a-edfd-469f-8595-3c4bbf66d0cb resource provider aggregate not found
2026-06-26 04:46:50.338 10 INFO neutron.services.segments.plugin [-] Segment f7a1cf3a-edfd-469f-8595-3c4bbf66d0cb resource provider aggregate not found
2026-06-26 04:46:50.364 10 INFO neutron.services.segments.plugin [-] Segment f7a1cf3a-edfd-469f-8595-3c4bbf66d0cb resource provider not found; error: Placement Client Error (4xx): {"errors": [{"status": 404, "title": "Not Found", "detail": "The resource could not be found.\n\n No resource provider with uuid f7a1cf3a-edfd-469f-8595-3c4bbf66d0cb found for delete ", "request_id": "req-80f00a20-30cb-41e7-9cc2-99505eebb4b5"}]}
2026-06-26 04:46:50.380 10 INFO neutron.services.segments.plugin [-] Segment f7a1cf3a-edfd-469f-8595-3c4bbf66d0cb resource provider not found; error: Placement Client Error (4xx): {"errors": [{"status": 404, "title": "Not Found", "detail": "The resource could not be found.\n\n No resource provider with uuid f7a1cf3a-edfd-469f-8595-3c4bbf66d0cb found for delete ", "request_id": "req-2cd1984d-82f2-427f-b0de-434180869cd5"}]}
2026-06-26 04:46:50.387 9 INFO neutron.db.ovn_revision_numbers_db [None req-2c575510-7952-4175-ba50-46335c36ee66 - - - - - -] Successfully bumped revision number for resource 718f0042-3438-4a50-8d6f-ae7066161aaf (type: ports) to 3
2026-06-26 04:46:50.517 9 INFO neutron.wsgi [None req-99b011c8-2e21-46d4-a524-5779024cd267 fca89a78e8a945df8dc0b543f3458fe3 e74c0b9e43964ba69e4c025d53421444 - - default default] 10.0.0.66 "GET /v2.0/ports/718f0042-3438-4a50-8d6f-ae7066161aaf HTTP/1.1" status: 200 len: 1137 time: 0.0447819
2026-06-26 04:46:50.519 9 INFO neutron.db.ovn_revision_numbers_db [None req-2c575510-7952-4175-ba50-46335c36ee66 - - - - - -] Successfully bumped revision number for resource 718f0042-3438-4a50-8d6f-ae7066161aaf (type: router_ports) to 3
2026-06-26 04:46:50.713 10 INFO neutron.wsgi [None req-25f84387-54d3-4cdf-90d4-ca1eaac9189f c6fafebc9b2745818278592f84e9484d 15ab80696fc546b3bd546c341e2b97be - - - -] 10.0.0.66 "DELETE /v2.0/networks/495dc8a1-3191-40d2-848f-53b4574a600a HTTP/1.1" status: 204 len: 168 time: 1.2684810
2026-06-26 04:46:50.733 9 INFO neutron.pecan_wsgi.hooks.translation [None req-6fdcbd5c-3cc5-4d4e-a81e-2c4d6f19469c c6fafebc9b2745818278592f84e9484d 15ab80696fc546b3bd546c341e2b97be - - - -] DELETE failed (client error): The resource could not be found.
2026-06-26 04:46:50.736 9 INFO neutron.wsgi [None req-6fdcbd5c-3cc5-4d4e-a81e-2c4d6f19469c c6fafebc9b2745818278592f84e9484d 15ab80696fc546b3bd546c341e2b97be - - - -] 10.0.0.66 "DELETE /v2.0/networks/495dc8a1-3191-40d2-848f-53b4574a600a HTTP/1.1" status: 404 len: 339 time: 0.0178764
2026-06-26 04:46:50.848 10 INFO neutron.wsgi [None req-7a10ae96-af95-4212-96d6-befecdf1de08 c6fafebc9b2745818278592f84e9484d 15ab80696fc546b3bd546c341e2b97be - - default default] 10.0.0.66 "GET /v2.0/networks?router%3Aexternal=True HTTP/1.1" status: 200 len: 845 time: 0.1036665
2026-06-26 04:46:50.865 10 INFO neutron.wsgi [None req-7ae45d71-174f-4a66-95f9-820eb7aa2579 8e354bdea4f14227a5974f2071eb2224 ed3844fd73834d3c8f2369d8af9a4072 - - - -] 10.0.0.66 "DELETE /v2.0/ports/12fa8a1a-2919-426a-bdf5-9c460ce4170d HTTP/1.1" status: 204 len: 168 time: 0.7162724
2026-06-26 04:46:50.911 9 INFO neutron.wsgi [None req-c796c7f0-df82-4f05-9b8a-979c4cdc83cf c6fafebc9b2745818278592f84e9484d 15ab80696fc546b3bd546c341e2b97be - - default default] 10.0.0.66 "GET /v2.0/subnets?network_id=04c49fc6-415a-4a5b-a0fd-5b557bbc148c HTTP/1.1" status: 200 len: 820 time: 0.0567021
2026-06-26 04:46:50.929 10 INFO neutron.wsgi [None req-27ed2f00-a6b6-458b-9d7d-7e66c612c44a c6fafebc9b2745818278592f84e9484d 15ab80696fc546b3bd546c341e2b97be - - default default] 10.0.0.66 "GET /v2.0/extensions HTTP/1.1" status: 200 len: 16520 time: 0.0119712
2026-06-26 04:46:50.973 10 INFO neutron.wsgi [None req-4e72e603-02c1-48b9-8c91-c29dfe08e75f 935f95c3e3b04eeb99350c0807552a47 8d240b3cfd2c44cf9ab1f4900cbc905f - - - -] 10.0.0.66 "PUT /v2.0/routers/32ae03bd-e43c-4849-8a72-8bfafa34583a/remove_router_interface HTTP/1.1" status: 200 len: 503 time: 1.6743762 /var/lib/openstack/lib/python3.10/site-packages/pycadf/identifier.py:71: UserWarning: Invalid uuid: neutron. To ensure interoperability, identifiers should be a valid uuid. warnings.warn(('Invalid uuid: %s. To ensure interoperability, '
2026-06-26 04:46:51.025 9 INFO neutron.wsgi [None req-eb482bc0-82b3-4915-bd0f-d36fde655258 c6fafebc9b2745818278592f84e9484d 15ab80696fc546b3bd546c341e2b97be - - default default] 10.0.0.66 "GET /v2.0/networks HTTP/1.1" status: 200 len: 1504 time: 0.0860975
2026-06-26 04:46:51.112 10 INFO neutron.wsgi [None req-b31ededc-10ab-46cd-a009-fabd4c3b98d2 c6fafebc9b2745818278592f84e9484d 15ab80696fc546b3bd546c341e2b97be - - default default] 10.0.0.66 "GET /v2.0/subnets HTTP/1.1" status: 200 len: 1428 time: 0.0752449
2026-06-26 04:46:51.234 10 INFO neutron.wsgi [None req-bfaf0ebc-a2dc-48e7-a28c-b1ae3082fadb c6fafebc9b2745818278592f84e9484d 15ab80696fc546b3bd546c341e2b97be - - default default] 10.0.0.66 "GET /v2.0/networks/d533e619-a3ad-4f0a-9b6f-f3a697fa244a HTTP/1.1" status: 200 len: 863 time: 0.1160030
2026-06-26 04:46:51.278 10 INFO neutron.wsgi [None req-b714e03a-be2b-4a9d-bab2-42e0d018ae0a 8e354bdea4f14227a5974f2071eb2224 ed3844fd73834d3c8f2369d8af9a4072 - - - -] 10.0.0.66 "DELETE /v2.0/ports/c7f3b3af-4c7f-48b5-b535-c498b2131845 HTTP/1.1" status: 204 len: 168 time: 0.4083600
2026-06-26 04:46:51.296 9 INFO neutron.wsgi [None req-9e056ca4-c69a-4985-9d77-b7749d77959b c6fafebc9b2745818278592f84e9484d 15ab80696fc546b3bd546c341e2b97be - - default default] 10.0.0.66 "GET /v2.0/subnets/649fd7c0-0ba7-4da2-a0b9-39b13014e17f HTTP/1.1" status: 200 len: 811 time: 0.0527070
2026-06-26 04:46:51.301 10 INFO neutron.wsgi [None req-63fdf39c-48cf-4992-ae75-3fd56d288afb 935f95c3e3b04eeb99350c0807552a47 8d240b3cfd2c44cf9ab1f4900cbc905f - - - -] 10.0.0.66 "DELETE /v2.0/subnets/25549c9d-9344-428c-bdca-f229863683b6 HTTP/1.1" status: 204 len: 168 time: 0.3229201
2026-06-26 04:46:51.347 10 INFO neutron.pecan_wsgi.hooks.translation [None req-d67e3d44-5d59-4df3-ab5a-6296bf1034f6 c6fafebc9b2745818278592f84e9484d 15ab80696fc546b3bd546c341e2b97be - - - -] DELETE failed (client error): The resource could not be found.
2026-06-26 04:46:51.349 10 INFO neutron.wsgi [None req-d67e3d44-5d59-4df3-ab5a-6296bf1034f6 c6fafebc9b2745818278592f84e9484d 15ab80696fc546b3bd546c341e2b97be - - - -] 10.0.0.66 "DELETE /v2.0/subnets/4b7319e7-8dbd-4319-9ffa-d95efe2c62be HTTP/1.1" status: 404 len: 337 time: 0.0379553 /var/lib/openstack/lib/python3.10/site-packages/pycadf/identifier.py:71: UserWarning: Invalid uuid: neutron. To ensure interoperability, identifiers should be a valid uuid. warnings.warn(('Invalid uuid: %s. To ensure interoperability, '
2026-06-26 04:46:51.701 9 INFO neutron.pecan_wsgi.hooks.translation [None req-2614d510-58f1-4c8a-94fa-efb71ae19c4d c6fafebc9b2745818278592f84e9484d 15ab80696fc546b3bd546c341e2b97be - - - -] DELETE failed (client error): The resource could not be found.
2026-06-26 04:46:51.704 9 INFO neutron.wsgi [None req-2614d510-58f1-4c8a-94fa-efb71ae19c4d c6fafebc9b2745818278592f84e9484d 15ab80696fc546b3bd546c341e2b97be - - - -] 10.0.0.66 "DELETE /v2.0/networks/495dc8a1-3191-40d2-848f-53b4574a600a HTTP/1.1" status: 404 len: 339 time: 0.3418834
2026-06-26 04:46:51.707 9 INFO neutron.wsgi [None req-c0b907c6-86d9-44f2-baef-93d0d94b7224 fca89a78e8a945df8dc0b543f3458fe3 e74c0b9e43964ba69e4c025d53421444 - - - -] 10.0.0.66 "PUT /v2.0/routers/7fe6362c-8447-4a35-978f-124a12b9fab4/remove_router_interface HTTP/1.1" status: 200 len: 503 time: 1.1684246
2026-06-26 04:46:51.866 10 INFO neutron.wsgi [None req-8ca4d5d8-3b2a-4222-8a0d-cada02d86300 8e354bdea4f14227a5974f2071eb2224 ed3844fd73834d3c8f2369d8af9a4072 - - - -] 10.0.0.66 "DELETE /v2.0/networks/c14ca7cf-aa99-4416-9eb2-b530c1d6c603 HTTP/1.1" status: 204 len: 168 time: 0.5814173
2026-06-26 04:46:51.871 10 INFO neutron.wsgi [None req-65f3848b-879d-4e0f-ac08-a68b6b70281e fca89a78e8a945df8dc0b543f3458fe3 e74c0b9e43964ba69e4c025d53421444 - - default default] 10.0.0.66 "GET /v2.0/ports/8ae014bf-61db-49de-a9c1-968d8db8a962 HTTP/1.1" status: 200 len: 1137 time: 0.1577289
2026-06-26 04:46:51.988 9 INFO neutron.wsgi [None req-94deba15-3b9a-41bb-b8d1-dd0fc31e82ee c6fafebc9b2745818278592f84e9484d 15ab80696fc546b3bd546c341e2b97be - - - -] 10.0.0.66 "DELETE /v2.0/subnets/649fd7c0-0ba7-4da2-a0b9-39b13014e17f HTTP/1.1" status: 204 len: 168 time: 0.2766438
2026-06-26 04:46:52.344 9 INFO neutron.services.segments.plugin [-] Segment d388f801-f56b-4247-8aab-6fe71cde545f resource provider aggregate not found
2026-06-26 04:46:52.349 9 INFO neutron.services.segments.plugin [-] Segment d388f801-f56b-4247-8aab-6fe71cde545f resource provider aggregate not found
2026-06-26 04:46:52.363 9 INFO neutron.services.segments.plugin [-] Segment d388f801-f56b-4247-8aab-6fe71cde545f resource provider not found; error: Placement Client Error (4xx): {"errors": [{"status": 404, "title": "Not Found", "detail": "The resource could not be found.\n\n No resource provider with uuid d388f801-f56b-4247-8aab-6fe71cde545f found for delete ", "request_id": "req-8776075c-5999-4382-9c09-ab92cc91412e"}]}
2026-06-26 04:46:52.365 9 INFO neutron.services.segments.plugin [-] Segment d388f801-f56b-4247-8aab-6fe71cde545f resource provider not found; error: Placement Client Error (4xx): {"errors": [{"status": 404, "title": "Not Found", "detail": "The resource could not be found.\n\n No resource provider with uuid d388f801-f56b-4247-8aab-6fe71cde545f found for delete ", "request_id": "req-1b86924c-412f-4a7e-96fe-8b512cdd90bf"}]}
2026-06-26 04:46:52.383 9 INFO neutron.wsgi [None req-c6121298-1aac-4c02-9027-a310ffe44a91 8e354bdea4f14227a5974f2071eb2224 ed3844fd73834d3c8f2369d8af9a4072 - - - -] 10.0.0.66 "DELETE /v2.0/networks/ba9dd3c0-9031-44f0-9514-9562a3c96134 HTTP/1.1" status: 204 len: 168 time: 0.5075772
2026-06-26 04:46:52.507 10 INFO neutron.services.segments.plugin [-] Segment 2950ae57-a773-4130-9fb0-76682f1bca78 resource provider aggregate not found
2026-06-26 04:46:52.514 10 INFO neutron.services.segments.plugin [-] Segment 2950ae57-a773-4130-9fb0-76682f1bca78 resource provider aggregate not found
2026-06-26 04:46:52.527 10 INFO neutron.services.segments.plugin [-] Segment 2950ae57-a773-4130-9fb0-76682f1bca78 resource provider not found; error: Placement Client Error (4xx): {"errors": [{"status": 404, "title": "Not Found", "detail": "The resource could not be found.\n\n No resource provider with uuid 2950ae57-a773-4130-9fb0-76682f1bca78 found for delete ", "request_id": "req-8f9156b5-d23f-4be3-8edb-eda7c3d099ee"}]}
2026-06-26 04:46:52.539 10 INFO neutron.services.segments.plugin [-] Segment 2950ae57-a773-4130-9fb0-76682f1bca78 resource provider not found; error: Placement Client Error (4xx): {"errors": [{"status": 404, "title": "Not Found", "detail": "The resource could not be found.\n\n No resource provider with uuid 2950ae57-a773-4130-9fb0-76682f1bca78 found for delete ", "request_id": "req-869b7960-fde7-415b-8eef-2237eba5d274"}]}
2026-06-26 04:46:52.552 10 INFO neutron.wsgi [None req-97927458-d7b0-49d2-b791-17620a8726fc 935f95c3e3b04eeb99350c0807552a47 8d240b3cfd2c44cf9ab1f4900cbc905f - - - -] 10.0.0.66 "DELETE /v2.0/routers/32ae03bd-e43c-4849-8a72-8bfafa34583a HTTP/1.1" status: 204 len: 168 time: 1.2401776
2026-06-26 04:46:52.597 10 INFO neutron.wsgi [-] 10.0.0.37 "GET / HTTP/1.1" status: 200 len: 247 time: 0.0015531
2026-06-26 04:46:52.598 10 INFO neutron.wsgi [-] 10.0.0.37 "GET / HTTP/1.1" status: 200 len: 247 time: 0.0009456
2026-06-26 04:46:52.826 10 INFO neutron.wsgi [None req-d79bf51b-e0d6-439c-829a-8b81b1db785c c6fafebc9b2745818278592f84e9484d 15ab80696fc546b3bd546c341e2b97be - - - -] 10.0.0.66 "DELETE /v2.0/networks/d533e619-a3ad-4f0a-9b6f-f3a697fa244a HTTP/1.1" status: 204 len: 168 time: 0.8318913
2026-06-26 04:46:52.934 9 INFO neutron.wsgi [None req-40c5d7aa-7616-4418-97c9-3f880fd51c0d 8e354bdea4f14227a5974f2071eb2224 ed3844fd73834d3c8f2369d8af9a4072 - - - -] 10.0.0.66 "DELETE /v2.0/networks/0f359b37-4301-4f3b-bade-6fa232de05a9 HTTP/1.1" status: 204 len: 168 time: 0.5471904
2026-06-26 04:46:53.094 10 INFO neutron.wsgi [None req-b5220d79-b1a5-4c2d-8b48-e0ba698e46c7 fca89a78e8a945df8dc0b543f3458fe3 e74c0b9e43964ba69e4c025d53421444 - - - -] 10.0.0.66 "PUT /v2.0/routers/7fe6362c-8447-4a35-978f-124a12b9fab4/remove_router_interface HTTP/1.1" status: 200 len: 503 time: 1.2139575
2026-06-26 04:46:53.118 9 INFO neutron.wsgi [None req-45cc259f-f8fa-47ab-98f6-e1e0cb66d461 935f95c3e3b04eeb99350c0807552a47 8d240b3cfd2c44cf9ab1f4900cbc905f - - - -] 10.0.0.66 "DELETE /v2.0/networks/75de3bf6-5896-41fa-bedf-45cd416c87f0 HTTP/1.1" status: 204 len: 168 time: 0.5587661
2026-06-26 04:46:53.138 9 INFO neutron.wsgi [None req-cec85444-88cc-4ddc-86bc-835a66dfd206 fca89a78e8a945df8dc0b543f3458fe3 e74c0b9e43964ba69e4c025d53421444 - - default default] 10.0.0.66 "GET /v2.0/ports?device_id=7fe6362c-8447-4a35-978f-124a12b9fab4 HTTP/1.1" status: 200 len: 205 time: 0.0382922
2026-06-26 04:46:53.390 9 INFO neutron.wsgi [None req-c9ab4145-c92a-4726-82e2-fc273f1b239b fca89a78e8a945df8dc0b543f3458fe3 e74c0b9e43964ba69e4c025d53421444 - - - -] 10.0.0.66 "DELETE /v2.0/routers/7fe6362c-8447-4a35-978f-124a12b9fab4 HTTP/1.1" status: 204 len: 168 time: 0.2466302
2026-06-26 04:46:53.424 10 INFO neutron.wsgi [None req-7060149c-e7db-44f4-9846-0c32d6f7df5b 8e354bdea4f14227a5974f2071eb2224 ed3844fd73834d3c8f2369d8af9a4072 - - - -] 10.0.0.66 "DELETE /v2.0/networks/4549fefe-89e0-4748-8731-6651091be1c5 HTTP/1.1" status: 204 len: 168 time: 0.4796383
2026-06-26 04:46:53.743 9 INFO neutron.wsgi [None req-c4c8dad7-730e-474c-9d3c-60da4f93528f fca89a78e8a945df8dc0b543f3458fe3 e74c0b9e43964ba69e4c025d53421444 - - - -] 10.0.0.66 "DELETE /v2.0/subnets/fa227eb9-a196-4109-abd6-99c7dace7aba HTTP/1.1" status: 204 len: 168 time: 0.3468816 /var/lib/openstack/lib/python3.10/site-packages/pycadf/identifier.py:71: UserWarning: Invalid uuid: neutron. To ensure interoperability, identifiers should be a valid uuid. warnings.warn(('Invalid uuid: %s. To ensure interoperability, '
2026-06-26 04:46:53.795 10 INFO neutron.wsgi [None req-2b64d70f-4a8d-4178-8d9a-ae6fedadfc89 fa6ee0307e9e4c598e0fc0ad83969e72 b902d3189ef64166b07841c641636341 - - default default] 10.0.0.66 "GET /v2.0/security-groups?tenant_id=15ab80696fc546b3bd546c341e2b97be&name=default HTTP/1.1" status: 200 len: 2996 time: 0.4540670
2026-06-26 04:46:53.970 9 INFO neutron.wsgi [None req-b075e954-a3aa-437e-9374-7a1a1d7b5266 8e354bdea4f14227a5974f2071eb2224 ed3844fd73834d3c8f2369d8af9a4072 - - - -] 10.0.0.66 "DELETE /v2.0/networks/39de2d84-5456-41a5-bf15-cfe9d578c591 HTTP/1.1" status: 204 len: 168 time: 0.5393770
2026-06-26 04:46:54.010 10 INFO neutron.wsgi [None req-6758dd58-70d3-4bc3-b057-5e306396fa7a fa6ee0307e9e4c598e0fc0ad83969e72 b902d3189ef64166b07841c641636341 - - - -] 10.0.0.66 "DELETE /v2.0/security-groups/d0c6e9fe-c159-49db-9485-3dba015c52a9 HTTP/1.1" status: 204 len: 168 time: 0.2106786
2026-06-26 04:46:54.016 9 INFO neutron.wsgi [None req-240c679a-88db-452d-98e1-86d8a9041da8 fca89a78e8a945df8dc0b543f3458fe3 e74c0b9e43964ba69e4c025d53421444 - - - -] 10.0.0.66 "DELETE /v2.0/subnets/e6bb7215-64c7-457f-8673-67f5ed34a02b HTTP/1.1" status: 204 len: 168 time: 0.2665560
2026-06-26 04:46:54.137 10 INFO neutron.db.ovn_revision_numbers_db [None req-d1dea2c4-c0f5-4b2a-a059-1e7d9df6a4d6 fa6ee0307e9e4c598e0fc0ad83969e72 b902d3189ef64166b07841c641636341 - - default default] Successfully bumped revision number for resource 65a7659f-8bb2-42be-a4de-b5edeb7d160f (type: security_groups) to 1
2026-06-26 04:46:54.164 10 INFO neutron.wsgi [None req-d1dea2c4-c0f5-4b2a-a059-1e7d9df6a4d6 fa6ee0307e9e4c598e0fc0ad83969e72 b902d3189ef64166b07841c641636341 - - default default] 10.0.0.66 "GET /v2.0/security-groups?tenant_id=f4d72736359c4f8aa6abf710342f0284&name=default HTTP/1.1" status: 200 len: 2996 time: 0.3168755
2026-06-26 04:46:54.385 10 INFO neutron.wsgi [None req-327c9a63-e5ce-403d-9ba7-1ba254acae79 fa6ee0307e9e4c598e0fc0ad83969e72 b902d3189ef64166b07841c641636341 - - - -] 10.0.0.66 "DELETE /v2.0/security-groups/65a7659f-8bb2-42be-a4de-b5edeb7d160f HTTP/1.1" status: 204 len: 168 time: 0.2148530
2026-06-26 04:46:54.391 9 INFO neutron.services.segments.plugin [-] Segment a79a0fde-dbb0-4284-88cd-e0ae889d9963 resource provider aggregate not found
2026-06-26 04:46:54.396 9 INFO neutron.services.segments.plugin [-] Segment a79a0fde-dbb0-4284-88cd-e0ae889d9963 resource provider aggregate not found
2026-06-26 04:46:54.411 9 INFO neutron.services.segments.plugin [-] Segment a79a0fde-dbb0-4284-88cd-e0ae889d9963 resource provider not found; error: Placement Client Error (4xx): {"errors": [{"status": 404, "title": "Not Found", "detail": "The resource could not be found.\n\n No resource provider with uuid a79a0fde-dbb0-4284-88cd-e0ae889d9963 found for delete ", "request_id": "req-92bbea1b-6be9-4995-a286-07f5768d87cb"}]}
2026-06-26 04:46:54.416 9 INFO neutron.services.segments.plugin [-] Segment a79a0fde-dbb0-4284-88cd-e0ae889d9963 resource provider not found; error: Placement Client Error (4xx): {"errors": [{"status": 404, "title": "Not Found", "detail": "The resource could not be found.\n\n No resource provider with uuid a79a0fde-dbb0-4284-88cd-e0ae889d9963 found for delete ", "request_id": "req-2dbf94ef-73a6-408f-b259-7ef4ddc01028"}]}
2026-06-26 04:46:54.434 9 INFO neutron.services.segments.plugin [-] Segment bce0498f-e403-40f0-ab36-add310cbd244 resource provider aggregate not found
2026-06-26 04:46:54.440 9 INFO neutron.services.segments.plugin [-] Segment bce0498f-e403-40f0-ab36-add310cbd244 resource provider aggregate not found
2026-06-26 04:46:54.460 9 INFO neutron.services.segments.plugin [-] Segment bce0498f-e403-40f0-ab36-add310cbd244 resource provider not found; error: Placement Client Error (4xx): {"errors": [{"status": 404, "title": "Not Found", "detail": "The resource could not be found.\n\n No resource provider with uuid bce0498f-e403-40f0-ab36-add310cbd244 found for delete ", "request_id": "req-f1600402-c13c-4d99-aec6-5ac96b484e23"}]}
2026-06-26 04:46:54.478 9 INFO neutron.services.segments.plugin [-] Segment bce0498f-e403-40f0-ab36-add310cbd244 resource provider not found; error: Placement Client Error (4xx): {"errors": [{"status": 404, "title": "Not Found", "detail": "The resource could not be found.\n\n No resource provider with uuid bce0498f-e403-40f0-ab36-add310cbd244 found for delete ", "request_id": "req-ab9e79c6-3569-41b0-b414-f7506ba576f7"}]}
2026-06-26 04:46:54.486 9 INFO neutron.services.segments.plugin [-] Segment 5acae6b3-ac86-496e-8099-86be07bf29cd resource provider aggregate not found
2026-06-26 04:46:54.508 9 INFO neutron.services.segments.plugin [-] Segment 5acae6b3-ac86-496e-8099-86be07bf29cd resource provider aggregate not found
2026-06-26 04:46:54.516 9 INFO neutron.wsgi [None req-3e38cb35-1ba2-4ca5-a62b-3c697f8fbeeb fca89a78e8a945df8dc0b543f3458fe3 e74c0b9e43964ba69e4c025d53421444 - - - -] 10.0.0.66 "DELETE /v2.0/networks/50e6556f-f547-4656-a9be-3bb978b61ad0 HTTP/1.1" status: 204 len: 168 time: 0.4962392
2026-06-26 04:46:54.518 9 INFO neutron.services.segments.plugin [-] Segment 5acae6b3-ac86-496e-8099-86be07bf29cd resource provider not found; error: Placement Client Error (4xx): {"errors": [{"status": 404, "title": "Not Found", "detail": "The resource could not be found.\n\n No resource provider with uuid 5acae6b3-ac86-496e-8099-86be07bf29cd found for delete ", "request_id": "req-d0e81652-7870-47e5-a0be-ef12d172c4f0"}]}
2026-06-26 04:46:54.536 9 INFO neutron.services.segments.plugin [-] Segment 5acae6b3-ac86-496e-8099-86be07bf29cd resource provider not found; error: Placement Client Error (4xx): {"errors": [{"status": 404, "title": "Not Found", "detail": "The resource could not be found.\n\n No resource provider with uuid 5acae6b3-ac86-496e-8099-86be07bf29cd found for delete ", "request_id": "req-1fc466f9-ee0e-4e0a-9853-8cc9a40f7ac5"}]}
2026-06-26 04:46:54.555 10 INFO neutron.services.segments.plugin [-] Segment dfe329ea-07a2-436c-acac-9d98e16e5c5f resource provider aggregate not found
2026-06-26 04:46:54.567 10 INFO neutron.services.segments.plugin [-] Segment dfe329ea-07a2-436c-acac-9d98e16e5c5f resource provider aggregate not found
2026-06-26 04:46:54.588 10 INFO neutron.services.segments.plugin [-] Segment dfe329ea-07a2-436c-acac-9d98e16e5c5f resource provider not found; error: Placement Client Error (4xx): {"errors": [{"status": 404, "title": "Not Found", "detail": "The resource could not be found.\n\n No resource provider with uuid dfe329ea-07a2-436c-acac-9d98e16e5c5f found for delete ", "request_id": "req-f524c5d3-e792-4b67-83f0-fe33a7e50c7e"}]}
2026-06-26 04:46:54.593 10 INFO neutron.services.segments.plugin [-] Segment dfe329ea-07a2-436c-acac-9d98e16e5c5f resource provider not found; error: Placement Client Error (4xx): {"errors": [{"status": 404, "title": "Not Found", "detail": "The resource could not be found.\n\n No resource provider with uuid dfe329ea-07a2-436c-acac-9d98e16e5c5f found for delete ", "request_id": "req-c0916de0-af8d-46a6-9979-2152d114e778"}]}
2026-06-26 04:46:54.602 10 INFO neutron.services.segments.plugin [-] Segment 433aea1d-59af-4fb1-890f-ec422cbd9fe3 resource provider aggregate not found
2026-06-26 04:46:54.618 10 INFO neutron.services.segments.plugin [-] Segment 433aea1d-59af-4fb1-890f-ec422cbd9fe3 resource provider not found; error: Placement Client Error (4xx): {"errors": [{"status": 404, "title": "Not Found", "detail": "The resource could not be found.\n\n No resource provider with uuid 433aea1d-59af-4fb1-890f-ec422cbd9fe3 found for delete ", "request_id": "req-9bceea80-1ea5-4ee2-ab89-31c5bad67a62"}]}
2026-06-26 04:46:54.621 10 INFO neutron.services.segments.plugin [-] Segment 433aea1d-59af-4fb1-890f-ec422cbd9fe3 resource provider aggregate not found
2026-06-26 04:46:54.638 10 INFO neutron.wsgi [None req-565cc97d-b6ab-47ea-9c92-a228bafea0c2 fa6ee0307e9e4c598e0fc0ad83969e72 b902d3189ef64166b07841c641636341 - - default default] 10.0.0.66 "GET /v2.0/security-groups?tenant_id=8d240b3cfd2c44cf9ab1f4900cbc905f&name=default HTTP/1.1" status: 200 len: 2996 time: 0.0574155
2026-06-26 04:46:54.643 10 INFO neutron.services.segments.plugin [-] Segment 433aea1d-59af-4fb1-890f-ec422cbd9fe3 resource provider not found; error: Placement Client Error (4xx): {"errors": [{"status": 404, "title": "Not Found", "detail": "The resource could not be found.\n\n No resource provider with uuid 433aea1d-59af-4fb1-890f-ec422cbd9fe3 found for delete ", "request_id": "req-c739a13e-40f6-4f89-9ee5-201e37b81627"}]}
2026-06-26 04:46:54.914 9 INFO neutron.wsgi [None req-f82e78df-5e9c-42c8-b8ce-167a4a127583 fa6ee0307e9e4c598e0fc0ad83969e72 b902d3189ef64166b07841c641636341 - - - -] 10.0.0.66 "DELETE /v2.0/security-groups/84923335-7e26-4745-9d96-08bc60904448 HTTP/1.1" status: 204 len: 168 time: 0.2676370
2026-06-26 04:46:54.968 10 INFO neutron.wsgi [None req-22ab24ac-232c-412a-8a09-3a3a14f4c795 fa6ee0307e9e4c598e0fc0ad83969e72 b902d3189ef64166b07841c641636341 - - default default] 10.0.0.66 "GET /v2.0/security-groups?tenant_id=ed3844fd73834d3c8f2369d8af9a4072&name=default HTTP/1.1" status: 200 len: 2996 time: 0.1362565
2026-06-26 04:46:55.155 10 INFO neutron.wsgi [None req-4c30be10-2f4b-4b39-92da-1b731edf389d fa6ee0307e9e4c598e0fc0ad83969e72 b902d3189ef64166b07841c641636341 - - - -] 10.0.0.66 "DELETE /v2.0/security-groups/22288e09-53fc-4ea9-8361-37db17933eb9 HTTP/1.1" status: 204 len: 168 time: 0.1817613
2026-06-26 04:46:55.272 9 WARNING neutron.plugins.ml2.drivers.ovn.mech_driver.ovsdb.ovn_client [None req-2c575510-7952-4175-ba50-46335c36ee66 - - - - - -] No port found with ID 718f0042-3438-4a50-8d6f-ae7066161aaf: RuntimeError: No port found with ID 718f0042-3438-4a50-8d6f-ae7066161aaf
2026-06-26 04:46:55.294 9 INFO neutron.wsgi [None req-abd0e943-bc06-4570-9a99-0ffe00214039 fca89a78e8a945df8dc0b543f3458fe3 e74c0b9e43964ba69e4c025d53421444 - - - -] 10.0.0.66 "DELETE /v2.0/networks/40c0bb75-9b00-4151-9fa3-80a92dd4605c HTTP/1.1" status: 204 len: 168 time: 0.7677541
2026-06-26 04:46:55.386 9 INFO neutron.db.segments_db [None req-d85ae587-b11f-44e3-b7b9-13e19e2de647 fca89a78e8a945df8dc0b543f3458fe3 e74c0b9e43964ba69e4c025d53421444 - - - -] Added segment e79c63a4-8e10-4321-af4e-0d6bd6d3ae50 of type geneve for network 484c8b59-fe6c-455e-b51c-1d0e778cca71
2026-06-26 04:46:55.446 9 INFO neutron.db.ovn_revision_numbers_db [None req-3b510a3e-9cb1-46f4-a2b9-0e0d585562fa fa6ee0307e9e4c598e0fc0ad83969e72 b902d3189ef64166b07841c641636341 - - default default] Successfully bumped revision number for resource 2286c4d9-b08c-4bed-9925-52ca06747c21 (type: security_groups) to 1
2026-06-26 04:46:55.501 9 INFO neutron.wsgi [None req-3b510a3e-9cb1-46f4-a2b9-0e0d585562fa fa6ee0307e9e4c598e0fc0ad83969e72 b902d3189ef64166b07841c641636341 - - default default] 10.0.0.66 "GET /v2.0/security-groups?tenant_id=b3b66ba451d546a2b111498fe1dc9f05&name=default HTTP/1.1" status: 200 len: 2996 time: 0.1900425
2026-06-26 04:46:55.559 9 INFO neutron.db.ovn_revision_numbers_db [None req-d85ae587-b11f-44e3-b7b9-13e19e2de647 fca89a78e8a945df8dc0b543f3458fe3 e74c0b9e43964ba69e4c025d53421444 - - - -] Successfully bumped revision number for resource 484c8b59-fe6c-455e-b51c-1d0e778cca71 (type: networks) to 1
2026-06-26 04:46:55.787 9 WARNING neutron.scheduler.dhcp_agent_scheduler [None req-d85ae587-b11f-44e3-b7b9-13e19e2de647 fca89a78e8a945df8dc0b543f3458fe3 e74c0b9e43964ba69e4c025d53421444 - - - -] No more DHCP agents
2026-06-26 04:46:55.790 9 WARNING neutron.api.rpc.agentnotifiers.dhcp_rpc_agent_api [None req-d85ae587-b11f-44e3-b7b9-13e19e2de647 fca89a78e8a945df8dc0b543f3458fe3 e74c0b9e43964ba69e4c025d53421444 - - - -] Unable to schedule network 484c8b59-fe6c-455e-b51c-1d0e778cca71: no agents available; will retry on subsequent port and subnet creation events.
2026-06-26 04:46:55.848 9 INFO neutron.wsgi [None req-d97ee815-3286-4f75-a2bf-ea8f94d94889 fa6ee0307e9e4c598e0fc0ad83969e72 b902d3189ef64166b07841c641636341 - - - -] 10.0.0.66 "DELETE /v2.0/security-groups/2286c4d9-b08c-4bed-9925-52ca06747c21 HTTP/1.1" status: 204 len: 168 time: 0.3421850
2026-06-26 04:46:55.865 9 INFO neutron.db.ovn_revision_numbers_db [None req-d85ae587-b11f-44e3-b7b9-13e19e2de647 fca89a78e8a945df8dc0b543f3458fe3 e74c0b9e43964ba69e4c025d53421444 - - - -] Successfully bumped revision number for resource fe6fe6a9-70b9-4359-962c-ad6fc3b85acd (type: ports) to 1
2026-06-26 04:46:55.887 9 INFO neutron.wsgi [None req-d85ae587-b11f-44e3-b7b9-13e19e2de647 fca89a78e8a945df8dc0b543f3458fe3 e74c0b9e43964ba69e4c025d53421444 - - - -] 10.0.0.66 "POST /v2.0/networks HTTP/1.1" status: 201 len: 829 time: 0.5840752
2026-06-26 04:46:56.125 9 WARNING neutron.scheduler.dhcp_agent_scheduler [None req-9646f402-8c29-418d-9690-e447a597c4b4 fca89a78e8a945df8dc0b543f3458fe3 e74c0b9e43964ba69e4c025d53421444 - - - -] No more DHCP agents
2026-06-26 04:46:56.126 10 INFO neutron.db.ovn_revision_numbers_db [None req-6e7d01ef-4d27-41b3-8e68-b83f71b8fe76 fa6ee0307e9e4c598e0fc0ad83969e72 b902d3189ef64166b07841c641636341 - - default default] Successfully bumped revision number for resource 17c1443f-f147-4703-a19b-e9eb1904c3de (type: security_groups) to 1
2026-06-26 04:46:56.127 9 WARNING neutron.api.rpc.agentnotifiers.dhcp_rpc_agent_api [None req-9646f402-8c29-418d-9690-e447a597c4b4 fca89a78e8a945df8dc0b543f3458fe3 e74c0b9e43964ba69e4c025d53421444 - - - -] Unable to schedule network 484c8b59-fe6c-455e-b51c-1d0e778cca71: no agents available; will retry on subsequent port and subnet creation events.
2026-06-26 04:46:56.157 10 INFO neutron.wsgi [None req-6e7d01ef-4d27-41b3-8e68-b83f71b8fe76 fa6ee0307e9e4c598e0fc0ad83969e72 b902d3189ef64166b07841c641636341 - - default default] 10.0.0.66 "GET /v2.0/security-groups?tenant_id=f5111930c1044b7bb181184d1528c446&name=default HTTP/1.1" status: 200 len: 2996 time: 0.1464264
2026-06-26 04:46:56.340 10 INFO neutron.wsgi [None req-83a8675e-b17d-4ef1-88a9-f13690d1f0ee fa6ee0307e9e4c598e0fc0ad83969e72 b902d3189ef64166b07841c641636341 - - - -] 10.0.0.66 "DELETE /v2.0/security-groups/17c1443f-f147-4703-a19b-e9eb1904c3de HTTP/1.1" status: 204 len: 168 time: 0.1772473
2026-06-26 04:46:56.538 9 INFO neutron.services.segments.plugin [-] Segment 628e9f99-4e36-437f-965e-45190e1f49d6 resource provider aggregate not found
2026-06-26 04:46:56.558 9 INFO neutron.services.segments.plugin [-] Segment 628e9f99-4e36-437f-965e-45190e1f49d6 resource provider not found; error: Placement Client Error (4xx): {"errors": [{"status": 404, "title": "Not Found", "detail": "The resource could not be found.\n\n No resource provider with uuid 628e9f99-4e36-437f-965e-45190e1f49d6 found for delete ", "request_id": "req-8321dce1-3b0c-4937-bd67-223a05fec6ae"}]}
2026-06-26 04:46:56.565 9 INFO neutron.services.segments.plugin [-] Segment 628e9f99-4e36-437f-965e-45190e1f49d6 resource provider aggregate not found
2026-06-26 04:46:56.575 9 INFO neutron.services.segments.plugin [-] Segment d42b7c1e-11af-4355-a7b1-2922826d19b3 resource provider aggregate not found
2026-06-26 04:46:56.587 9 INFO neutron.services.segments.plugin [-] Segment 628e9f99-4e36-437f-965e-45190e1f49d6 resource provider not found; error: Placement Client Error (4xx): {"errors": [{"status": 404, "title": "Not Found", "detail": "The resource could not be found.\n\n No resource provider with uuid 628e9f99-4e36-437f-965e-45190e1f49d6 found for delete ", "request_id": "req-11c2781a-0a51-4958-9644-aa7c2d1c17f4"}]}
2026-06-26 04:46:56.613 9 INFO neutron.services.segments.plugin [-] Segment d42b7c1e-11af-4355-a7b1-2922826d19b3 resource provider not found; error: Placement Client Error (4xx): {"errors": [{"status": 404, "title": "Not Found", "detail": "The resource could not be found.\n\n No resource provider with uuid d42b7c1e-11af-4355-a7b1-2922826d19b3 found for delete ", "request_id": "req-906e8ee1-e671-4c41-a4bd-9bb1d9a1ccec"}]}
2026-06-26 04:46:56.614 9 INFO neutron.services.segments.plugin [-] Segment d42b7c1e-11af-4355-a7b1-2922826d19b3 resource provider aggregate not found
2026-06-26 04:46:56.620 9 INFO neutron.db.ovn_revision_numbers_db [None req-9646f402-8c29-418d-9690-e447a597c4b4 fca89a78e8a945df8dc0b543f3458fe3 e74c0b9e43964ba69e4c025d53421444 - - - -] Successfully bumped revision number for resource fe6fe6a9-70b9-4359-962c-ad6fc3b85acd (type: ports) to 2
2026-06-26 04:46:56.629 9 INFO neutron.services.segments.plugin [-] Segment d42b7c1e-11af-4355-a7b1-2922826d19b3 resource provider not found; error: Placement Client Error (4xx): {"errors": [{"status": 404, "title": "Not Found", "detail": "The resource could not be found.\n\n No resource provider with uuid d42b7c1e-11af-4355-a7b1-2922826d19b3 found for delete ", "request_id": "req-dd1b13b3-8f86-4d62-acfc-5ffba0cafcfa"}]}
2026-06-26 04:46:56.635 9 INFO neutron.db.ovn_revision_numbers_db [None req-9646f402-8c29-418d-9690-e447a597c4b4 fca89a78e8a945df8dc0b543f3458fe3 e74c0b9e43964ba69e4c025d53421444 - - - -] Successfully bumped revision number for resource b62e0712-e4e3-4b7a-8dee-99d64efa4b83 (type: subnets) to 0
2026-06-26 04:46:56.649 9 INFO neutron.wsgi [None req-9646f402-8c29-418d-9690-e447a597c4b4 fca89a78e8a945df8dc0b543f3458fe3 e74c0b9e43964ba69e4c025d53421444 - - - -] 10.0.0.66 "POST /v2.0/subnets HTTP/1.1" status: 201 len: 801 time: 0.7554643
2026-06-26 04:46:56.807 9 INFO neutron.db.ovn_revision_numbers_db [None req-9b6867a1-b413-4ec7-81f5-d492ddf3f3ad fca89a78e8a945df8dc0b543f3458fe3 e74c0b9e43964ba69e4c025d53421444 - - - -] Successfully bumped revision number for resource c9db2675-6548-46ed-b001-006e0cdd74a7 (type: routers) to 1
2026-06-26 04:46:56.819 9 INFO neutron.wsgi [None req-9b6867a1-b413-4ec7-81f5-d492ddf3f3ad fca89a78e8a945df8dc0b543f3458fe3 e74c0b9e43964ba69e4c025d53421444 - - - -] 10.0.0.66 "POST /v2.0/routers HTTP/1.1" status: 201 len: 686 time: 0.1611571
2026-06-26 04:46:56.930 10 INFO neutron.db.ovn_revision_numbers_db [None req-7835eaf2-5685-48a6-bbdd-7822c8ce4057 fa6ee0307e9e4c598e0fc0ad83969e72 b902d3189ef64166b07841c641636341 - - - -] Successfully bumped revision number for resource 7d69b53b-6435-4c8b-81cd-92b6076d5803 (type: security_groups) to 1
2026-06-26 04:46:56.981 10 INFO neutron.db.segments_db [None req-7835eaf2-5685-48a6-bbdd-7822c8ce4057 fa6ee0307e9e4c598e0fc0ad83969e72 b902d3189ef64166b07841c641636341 - - - -] Added segment fd9cc1b1-0719-4d36-87b6-0b2826490e7d of type geneve for network 7d081ba5-249f-4e23-aa3d-d699ed5cf5da
2026-06-26 04:46:57.114 10 INFO neutron.db.ovn_revision_numbers_db [None req-7835eaf2-5685-48a6-bbdd-7822c8ce4057 fa6ee0307e9e4c598e0fc0ad83969e72 b902d3189ef64166b07841c641636341 - - - -] Successfully bumped revision number for resource 7d081ba5-249f-4e23-aa3d-d699ed5cf5da (type: networks) to 1
2026-06-26 04:46:57.127 9 WARNING neutron.scheduler.dhcp_agent_scheduler [None req-c3292b79-865b-4070-ac81-b460d6bd5959 fca89a78e8a945df8dc0b543f3458fe3 e74c0b9e43964ba69e4c025d53421444 - - - -] No more DHCP agents
2026-06-26 04:46:57.129 9 WARNING neutron.api.rpc.agentnotifiers.dhcp_rpc_agent_api [None req-c3292b79-865b-4070-ac81-b460d6bd5959 fca89a78e8a945df8dc0b543f3458fe3 e74c0b9e43964ba69e4c025d53421444 - - - -] Unable to schedule network 484c8b59-fe6c-455e-b51c-1d0e778cca71: no agents available; will retry on subsequent port and subnet creation events.
2026-06-26 04:46:57.293 9 INFO neutron.db.ovn_revision_numbers_db [None req-c3292b79-865b-4070-ac81-b460d6bd5959 fca89a78e8a945df8dc0b543f3458fe3 e74c0b9e43964ba69e4c025d53421444 - - - -] Successfully bumped revision number for resource 24bb562a-cd5b-443a-b250-c51af0a977af (type: ports) to 1
2026-06-26 04:46:57.316 10 WARNING neutron.scheduler.dhcp_agent_scheduler [None req-7835eaf2-5685-48a6-bbdd-7822c8ce4057 fa6ee0307e9e4c598e0fc0ad83969e72 b902d3189ef64166b07841c641636341 - - - -] No more DHCP agents
