2026-06-26 04:40:58.226 10 INFO neutron.wsgi [None req-43c13453-885c-401b-9086-cae019942f91 fa6ee0307e9e4c598e0fc0ad83969e72 b902d3189ef64166b07841c641636341 - - default default] 199.204.45.177,10.0.0.37 "GET /v2.0/security-groups?tenant_id=b902d3189ef64166b07841c641636341 HTTP/1.1" status: 200 len: 10161 time: 0.0898094
2026-06-26 04:40:59.135 9 INFO neutron.wsgi [None req-5b2be033-553f-4371-9bb6-88040d2b421b fa6ee0307e9e4c598e0fc0ad83969e72 b902d3189ef64166b07841c641636341 - - default default] 199.204.45.177,10.0.0.37 "GET /v2.0/security-groups?tenant_id=b902d3189ef64166b07841c641636341 HTTP/1.1" status: 200 len: 10161 time: 0.1425261
2026-06-26 04:40:59.994 9 INFO neutron.wsgi [None req-d32ad50f-a2ba-4e7d-aef9-5a4a22da7fca fa6ee0307e9e4c598e0fc0ad83969e72 b902d3189ef64166b07841c641636341 - - default default] 199.204.45.177,10.0.0.37 "GET /v2.0/security-groups?tenant_id=b902d3189ef64166b07841c641636341 HTTP/1.1" status: 200 len: 10161 time: 0.0795236
2026-06-26 04:41:01.362 9 INFO neutron.wsgi [None req-7070750b-b387-4b8e-846a-749c253d74bc fa6ee0307e9e4c598e0fc0ad83969e72 b902d3189ef64166b07841c641636341 - - default default] 199.204.45.177,10.0.0.37 "GET /v2.0/security-groups HTTP/1.1" status: 200 len: 16803 time: 0.0977383
2026-06-26 04:41:01.408 9 INFO neutron.wsgi [None req-5a8cb620-3720-4593-986e-70e11d1d52c9 fa6ee0307e9e4c598e0fc0ad83969e72 b902d3189ef64166b07841c641636341 - - default default] 199.204.45.177,10.0.0.37 "GET /v2.0/ports HTTP/1.1" status: 200 len: 5255 time: 0.0342791
2026-06-26 04:41:07.599 9 INFO neutron.wsgi [-] 10.0.0.37 "GET / HTTP/1.1" status: 200 len: 247 time: 0.0033600
2026-06-26 04:41:07.599 10 INFO neutron.wsgi [-] 10.0.0.37 "GET / HTTP/1.1" status: 200 len: 247 time: 0.0032268
2026-06-26 04:41:08.130 9 INFO neutron.pecan_wsgi.hooks.translation [None req-9a92484f-c77b-4d15-93fb-417189b73e26 fa6ee0307e9e4c598e0fc0ad83969e72 b902d3189ef64166b07841c641636341 - - default default] GET failed (client error): The resource could not be found.
2026-06-26 04:41:08.135 9 INFO neutron.wsgi [None req-9a92484f-c77b-4d15-93fb-417189b73e26 fa6ee0307e9e4c598e0fc0ad83969e72 b902d3189ef64166b07841c641636341 - - default default] 199.204.45.177,10.0.0.37 "GET /v2.0/ports/octavia-health-manager-port-instance HTTP/1.1" status: 404 len: 314 time: 0.0696197
2026-06-26 04:41:08.175 9 INFO neutron.wsgi [None req-d4f12300-0402-472c-980a-098e4428b605 fa6ee0307e9e4c598e0fc0ad83969e72 b902d3189ef64166b07841c641636341 - - default default] 199.204.45.177,10.0.0.37 "GET /v2.0/ports?name=octavia-health-manager-port-instance HTTP/1.1" status: 200 len: 1351 time: 0.0350680
2026-06-26 04:41:09.590 10 INFO neutron.wsgi [None req-14340ba0-0520-4d66-8905-b9882658c4b8 fa6ee0307e9e4c598e0fc0ad83969e72 b902d3189ef64166b07841c641636341 - - default default] 199.204.45.177,10.0.0.37 "GET /v2.0/ports HTTP/1.1" status: 200 len: 5255 time: 0.0987628
2026-06-26 04:41:10.605 9 INFO neutron.wsgi [None req-1b45f610-f464-4523-b900-9baf3a0d9d3f fa6ee0307e9e4c598e0fc0ad83969e72 b902d3189ef64166b07841c641636341 - - default default] 199.204.45.177,10.0.0.37 "GET /v2.0/security-groups?tenant_id=b902d3189ef64166b07841c641636341 HTTP/1.1" status: 200 len: 10161 time: 0.1109345
2026-06-26 04:41:11.599 10 INFO neutron.wsgi [None req-52c9620e-44af-4050-b3bd-e50e6ead3795 fa6ee0307e9e4c598e0fc0ad83969e72 b902d3189ef64166b07841c641636341 - - default default] 199.204.45.177,10.0.0.37 "GET /v2.0/security-groups?tenant_id=b902d3189ef64166b07841c641636341 HTTP/1.1" status: 200 len: 10161 time: 0.1114724
2026-06-26 04:41:12.448 9 INFO neutron.wsgi [None req-7657d825-14b7-4149-8bbe-9b20b1c7b033 fa6ee0307e9e4c598e0fc0ad83969e72 b902d3189ef64166b07841c641636341 - - default default] 199.204.45.177,10.0.0.37 "GET /v2.0/security-groups?tenant_id=b902d3189ef64166b07841c641636341 HTTP/1.1" status: 200 len: 10161 time: 0.0867734
2026-06-26 04:41:22.598 9 INFO neutron.wsgi [-] 10.0.0.37 "GET / HTTP/1.1" status: 200 len: 247 time: 0.0030949
2026-06-26 04:41:22.598 10 INFO neutron.wsgi [-] 10.0.0.37 "GET / HTTP/1.1" status: 200 len: 247 time: 0.0030031
2026-06-26 04:41:23.996 9 INFO neutron.wsgi [None req-42a1a59e-8987-46a9-9380-69802065df71 fa6ee0307e9e4c598e0fc0ad83969e72 b902d3189ef64166b07841c641636341 - - default default] 199.204.45.177,10.0.0.37 "GET /v2.0/quotas/b902d3189ef64166b07841c641636341 HTTP/1.1" status: 200 len: 361 time: 0.0130057
2026-06-26 04:41:24.084 10 INFO neutron.wsgi [None req-a562aa39-63fb-4df2-a180-6c3f830328ba fa6ee0307e9e4c598e0fc0ad83969e72 b902d3189ef64166b07841c641636341 - - default default] 10.0.0.234 "GET /v2.0/floatingips HTTP/1.1" status: 200 len: 193 time: 0.0881708
2026-06-26 04:41:24.128 10 INFO neutron.wsgi [None req-36cfffca-7f97-4a09-a5ef-76995cc85022 fa6ee0307e9e4c598e0fc0ad83969e72 b902d3189ef64166b07841c641636341 - - default default] 10.0.0.234 "GET /v2.0/ports HTTP/1.1" status: 200 len: 5255 time: 0.0433748
2026-06-26 04:41:24.191 10 INFO neutron.wsgi [None req-aed52701-e9c7-404a-8971-a4555680e75d fa6ee0307e9e4c598e0fc0ad83969e72 b902d3189ef64166b07841c641636341 - - default default] 10.0.0.234 "GET /v2.0/networks HTTP/1.1" status: 200 len: 2350 time: 0.0601737
2026-06-26 04:41:24.233 10 INFO neutron.wsgi [None req-75be092e-9a99-458e-b84b-280d26edc073 fa6ee0307e9e4c598e0fc0ad83969e72 b902d3189ef64166b07841c641636341 - - default default] 10.0.0.234 "GET /v2.0/subnets HTTP/1.1" status: 200 len: 1437 time: 0.0361085
2026-06-26 04:41:24.269 10 INFO neutron.wsgi [None req-8a14e4ed-567c-460e-8621-ab26a1383a84 fa6ee0307e9e4c598e0fc0ad83969e72 b902d3189ef64166b07841c641636341 - - default default] 10.0.0.234 "GET /v2.0/routers HTTP/1.1" status: 200 len: 189 time: 0.0343480
2026-06-26 04:41:24.299 10 INFO neutron.wsgi [None req-90cb2f3e-822b-4454-9648-ea346db4f977 fa6ee0307e9e4c598e0fc0ad83969e72 b902d3189ef64166b07841c641636341 - - default default] 10.0.0.234 "GET /v2.0/agents?binary=ovn-controller HTTP/1.1" status: 200 len: 591 time: 0.0287595
2026-06-26 04:41:24.337 10 INFO neutron.wsgi [None req-37dac3e3-5548-43e1-8fc5-80ca5418a1b8 fa6ee0307e9e4c598e0fc0ad83969e72 b902d3189ef64166b07841c641636341 - - default default] 10.0.0.234 "GET /v2.0/subnets HTTP/1.1" status: 200 len: 1437 time: 0.0356746
2026-06-26 04:41:24.352 10 INFO neutron.wsgi [None req-851aba2a-1385-4440-9a1f-5b09083d52a4 fa6ee0307e9e4c598e0fc0ad83969e72 b902d3189ef64166b07841c641636341 - - default default] 10.0.0.234 "GET /v2.0/subnetpools HTTP/1.1" status: 200 len: 193 time: 0.0136898
2026-06-26 04:41:24.362 10 INFO neutron.wsgi [None req-6aa6899e-0a4a-4bd8-8992-d98b42b7368b fa6ee0307e9e4c598e0fc0ad83969e72 b902d3189ef64166b07841c641636341 - - default default] 10.0.0.234 "GET /v2.0/agents HTTP/1.1" status: 200 len: 997 time: 0.0086799
2026-06-26 04:41:24.371 10 INFO neutron.wsgi [None req-e05d0664-041c-46cc-9347-92419e46c4d3 fa6ee0307e9e4c598e0fc0ad83969e72 b902d3189ef64166b07841c641636341 - - default default] 10.0.0.234 "GET /v2.0/network-ip-availabilities HTTP/1.1" status: 200 len: 1280 time: 0.0085726
2026-06-26 04:41:24.537 10 INFO neutron.wsgi [None req-88c9048a-51b0-4469-9af3-bd9b9aedfdfc fa6ee0307e9e4c598e0fc0ad83969e72 b902d3189ef64166b07841c641636341 - - default default] 10.0.0.234 "GET /v2.0/security-groups HTTP/1.1" status: 200 len: 16803 time: 0.1648908
2026-06-26 04:41:37.597 9 INFO neutron.wsgi [-] 10.0.0.37 "GET / HTTP/1.1" status: 200 len: 247 time: 0.0016668
2026-06-26 04:41:37.597 10 INFO neutron.wsgi [-] 10.0.0.37 "GET / HTTP/1.1" status: 200 len: 247 time: 0.0020306
2026-06-26 04:41:52.599 9 INFO neutron.wsgi [-] 10.0.0.37 "GET / HTTP/1.1" status: 200 len: 247 time: 0.0023582
2026-06-26 04:41:52.601 10 INFO neutron.wsgi [-] 10.0.0.37 "GET / HTTP/1.1" status: 200 len: 247 time: 0.0047715
2026-06-26 04:42:07.600 9 INFO neutron.wsgi [-] 10.0.0.37 "GET / HTTP/1.1" status: 200 len: 247 time: 0.0043182
2026-06-26 04:42:07.601 10 INFO neutron.wsgi [-] 10.0.0.37 "GET / HTTP/1.1" status: 200 len: 247 time: 0.0042641
2026-06-26 04:42:19.795 9 INFO neutron.wsgi [None req-8725b9fb-b067-4b81-9e44-637755204cea fa6ee0307e9e4c598e0fc0ad83969e72 b902d3189ef64166b07841c641636341 - - default default] 199.204.45.177,10.0.0.37 "GET /v2.0/security-groups?tenant_id=1963e81d3b9447b09c7dede164a08ae2 HTTP/1.1" status: 200 len: 6838 time: 0.1014261
2026-06-26 04:42:20.787 10 INFO neutron.wsgi [None req-1c62f5f7-c4b9-49a8-a079-b6fc9086a486 fa6ee0307e9e4c598e0fc0ad83969e72 b902d3189ef64166b07841c641636341 - - default default] 199.204.45.177,10.0.0.37 "GET /v2.0/security-groups?tenant_id=1963e81d3b9447b09c7dede164a08ae2 HTTP/1.1" status: 200 len: 6838 time: 0.0787225
2026-06-26 04:42:21.701 9 INFO neutron.wsgi [None req-922b2e14-a34d-45bc-b10b-84577bf761ef fa6ee0307e9e4c598e0fc0ad83969e72 b902d3189ef64166b07841c641636341 - - default default] 199.204.45.177,10.0.0.37 "GET /v2.0/security-groups?tenant_id=1963e81d3b9447b09c7dede164a08ae2 HTTP/1.1" status: 200 len: 6838 time: 0.0742745
2026-06-26 04:42:22.579 10 INFO neutron.wsgi [None req-ada76a97-d2ad-44a0-bee9-53cf1bc62c6d fa6ee0307e9e4c598e0fc0ad83969e72 b902d3189ef64166b07841c641636341 - - default default] 199.204.45.177,10.0.0.37 "GET /v2.0/security-groups?tenant_id=1963e81d3b9447b09c7dede164a08ae2 HTTP/1.1" status: 200 len: 6838 time: 0.0944271
2026-06-26 04:42:22.598 10 INFO neutron.wsgi [-] 10.0.0.37 "GET / HTTP/1.1" status: 200 len: 247 time: 0.0024753
2026-06-26 04:42:22.598 9 INFO neutron.wsgi [-] 10.0.0.37 "GET / HTTP/1.1" status: 200 len: 247 time: 0.0021229
2026-06-26 04:42:23.528 9 INFO neutron.wsgi [None req-cc569cf2-5fba-46d9-a222-063cb178968c fa6ee0307e9e4c598e0fc0ad83969e72 b902d3189ef64166b07841c641636341 - - default default] 199.204.45.177,10.0.0.37 "GET /v2.0/security-groups?tenant_id=1963e81d3b9447b09c7dede164a08ae2 HTTP/1.1" status: 200 len: 6838 time: 0.0812740
2026-06-26 04:42:24.029 10 INFO neutron.wsgi [None req-aafd2908-5ae4-4f28-a467-e04a1dd383da fa6ee0307e9e4c598e0fc0ad83969e72 b902d3189ef64166b07841c641636341 - - default default] 10.0.0.234 "GET /v2.0/subnets HTTP/1.1" status: 200 len: 1437 time: 0.0753300
2026-06-26 04:42:24.043 10 INFO neutron.wsgi [None req-be39ea50-7e52-4d1c-8295-44ffba9cd444 fa6ee0307e9e4c598e0fc0ad83969e72 b902d3189ef64166b07841c641636341 - - default default] 10.0.0.234 "GET /v2.0/subnetpools HTTP/1.1" status: 200 len: 193 time: 0.0128357
2026-06-26 04:42:24.059 10 INFO neutron.wsgi [None req-8bedb643-245a-44dc-be82-35a562d1c8d4 fa6ee0307e9e4c598e0fc0ad83969e72 b902d3189ef64166b07841c641636341 - - default default] 10.0.0.234 "GET /v2.0/network-ip-availabilities HTTP/1.1" status: 200 len: 1280 time: 0.0145826
2026-06-26 04:42:24.090 10 INFO neutron.wsgi [None req-e291571a-3752-4e33-8a6e-1cd2cd2bf0e9 fa6ee0307e9e4c598e0fc0ad83969e72 b902d3189ef64166b07841c641636341 - - default default] 10.0.0.234 "GET /v2.0/ports HTTP/1.1" status: 200 len: 5255 time: 0.0300138
2026-06-26 04:42:24.119 10 INFO neutron.wsgi [None req-2317fee7-fff1-4db6-b746-a41a97d026e6 fa6ee0307e9e4c598e0fc0ad83969e72 b902d3189ef64166b07841c641636341 - - default default] 10.0.0.234 "GET /v2.0/floatingips HTTP/1.1" status: 200 len: 193 time: 0.0242202
2026-06-26 04:42:24.168 10 INFO neutron.wsgi [None req-913cce14-b4e1-4248-ab13-1b87b1f4259b fa6ee0307e9e4c598e0fc0ad83969e72 b902d3189ef64166b07841c641636341 - - default default] 10.0.0.234 "GET /v2.0/security-groups HTTP/1.1" status: 200 len: 16803 time: 0.0484679
2026-06-26 04:42:24.201 10 INFO neutron.wsgi [None req-d54715b8-6f28-4ed2-806b-530a03bc12b8 fa6ee0307e9e4c598e0fc0ad83969e72 b902d3189ef64166b07841c641636341 - - default default] 10.0.0.234 "GET /v2.0/routers HTTP/1.1" status: 200 len: 189 time: 0.0274050
2026-06-26 04:42:24.233 10 INFO neutron.wsgi [None req-b372a865-e0c8-423b-9176-cdad47d01e1a fa6ee0307e9e4c598e0fc0ad83969e72 b902d3189ef64166b07841c641636341 - - default default] 10.0.0.234 "GET /v2.0/agents?binary=ovn-controller HTTP/1.1" status: 200 len: 591 time: 0.0307937
2026-06-26 04:42:24.241 10 INFO neutron.wsgi [None req-c50208aa-e42d-4608-91ad-575dab482ad7 fa6ee0307e9e4c598e0fc0ad83969e72 b902d3189ef64166b07841c641636341 - - default default] 10.0.0.234 "GET /v2.0/agents HTTP/1.1" status: 200 len: 997 time: 0.0080442
2026-06-26 04:42:24.295 10 INFO neutron.wsgi [None req-3df7097a-b928-4df0-970e-83503ac12237 fa6ee0307e9e4c598e0fc0ad83969e72 b902d3189ef64166b07841c641636341 - - default default] 10.0.0.234 "GET /v2.0/networks HTTP/1.1" status: 200 len: 2350 time: 0.0531528
2026-06-26 04:42:24.324 10 INFO neutron.wsgi [None req-40fc2339-0e17-4f63-ba93-1fbe1b3cd9bf fa6ee0307e9e4c598e0fc0ad83969e72 b902d3189ef64166b07841c641636341 - - default default] 10.0.0.234 "GET /v2.0/subnets HTTP/1.1" status: 200 len: 1437 time: 0.0267041
2026-06-26 04:42:30.871 10 INFO neutron.wsgi [None req-f8ce1957-ed39-4e12-b714-953aeef733d2 fa6ee0307e9e4c598e0fc0ad83969e72 b902d3189ef64166b07841c641636341 - - default default] 199.204.45.177,10.0.0.37 "GET /v2.0/quotas/1963e81d3b9447b09c7dede164a08ae2 HTTP/1.1" status: 200 len: 361 time: 0.0136075
2026-06-26 04:42:37.597 9 INFO neutron.wsgi [-] 10.0.0.37 "GET / HTTP/1.1" status: 200 len: 247 time: 0.0017114
2026-06-26 04:42:37.597 10 INFO neutron.wsgi [-] 10.0.0.37 "GET / HTTP/1.1" status: 200 len: 247 time: 0.0017560
2026-06-26 04:42:52.598 9 INFO neutron.wsgi [-] 10.0.0.37 "GET / HTTP/1.1" status: 200 len: 247 time: 0.0023925
2026-06-26 04:42:52.601 10 INFO neutron.wsgi [-] 10.0.0.37 "GET / HTTP/1.1" status: 200 len: 247 time: 0.0041416
2026-06-26 04:43:07.597 9 INFO neutron.wsgi [-] 10.0.0.37 "GET / HTTP/1.1" status: 200 len: 247 time: 0.0016694
2026-06-26 04:43:07.598 10 INFO neutron.wsgi [-] 10.0.0.37 "GET / HTTP/1.1" status: 200 len: 247 time: 0.0020747
2026-06-26 04:43:22.600 10 INFO neutron.wsgi [-] 10.0.0.37 "GET / HTTP/1.1" status: 200 len: 247 time: 0.0029099
2026-06-26 04:43:22.602 9 INFO neutron.wsgi [-] 10.0.0.37 "GET / HTTP/1.1" status: 200 len: 247 time: 0.0040758
2026-06-26 04:43:22.771 9 INFO neutron.wsgi [None req-001e1c2e-48fb-4128-b360-405a2e2fd3cb fa6ee0307e9e4c598e0fc0ad83969e72 b902d3189ef64166b07841c641636341 - - default default] 199.204.45.177,10.0.0.37 "GET /v2.0/networks HTTP/1.1" status: 200 len: 2350 time: 0.0987344
2026-06-26 04:43:24.086 10 INFO neutron.wsgi [None req-fc4eb8c0-2be8-45c3-ae38-4239e16a0a62 fa6ee0307e9e4c598e0fc0ad83969e72 b902d3189ef64166b07841c641636341 - - default default] 10.0.0.234 "GET /v2.0/subnets HTTP/1.1" status: 200 len: 1437 time: 0.0817378
2026-06-26 04:43:24.106 10 INFO neutron.wsgi [None req-b3e1f73a-5d73-448b-8b9d-3b4394704a49 fa6ee0307e9e4c598e0fc0ad83969e72 b902d3189ef64166b07841c641636341 - - default default] 10.0.0.234 "GET /v2.0/subnetpools HTTP/1.1" status: 200 len: 193 time: 0.0184898
2026-06-26 04:43:24.134 10 INFO neutron.wsgi [None req-3611ec12-720d-4306-a07e-71f5488ce15b fa6ee0307e9e4c598e0fc0ad83969e72 b902d3189ef64166b07841c641636341 - - default default] 10.0.0.234 "GET /v2.0/floatingips HTTP/1.1" status: 200 len: 193 time: 0.0271018
2026-06-26 04:43:24.168 10 INFO neutron.wsgi [None req-05fe6739-244d-4e63-bd15-9833c5c25b96 fa6ee0307e9e4c598e0fc0ad83969e72 b902d3189ef64166b07841c641636341 - - default default] 10.0.0.234 "GET /v2.0/subnets HTTP/1.1" status: 200 len: 1437 time: 0.0329096
2026-06-26 04:43:24.191 10 INFO neutron.wsgi [None req-73541db6-6c00-4128-9b96-a4d1970e4a50 fa6ee0307e9e4c598e0fc0ad83969e72 b902d3189ef64166b07841c641636341 - - default default] 10.0.0.234 "GET /v2.0/network-ip-availabilities HTTP/1.1" status: 200 len: 1280 time: 0.0206752
2026-06-26 04:43:24.232 10 INFO neutron.wsgi [None req-4dc446e2-7573-4d23-beea-3d715c41a8e6 fa6ee0307e9e4c598e0fc0ad83969e72 b902d3189ef64166b07841c641636341 - - default default] 10.0.0.234 "GET /v2.0/routers HTTP/1.1" status: 200 len: 189 time: 0.0385084
2026-06-26 04:43:24.275 10 INFO neutron.wsgi [None req-a011dcd4-30bc-4e06-bd97-042e2225310a fa6ee0307e9e4c598e0fc0ad83969e72 b902d3189ef64166b07841c641636341 - - default default] 10.0.0.234 "GET /v2.0/agents?binary=ovn-controller HTTP/1.1" status: 200 len: 591 time: 0.0420482
2026-06-26 04:43:24.345 10 INFO neutron.wsgi [None req-696a51d0-3ece-4431-bdd1-d8a90251d157 fa6ee0307e9e4c598e0fc0ad83969e72 b902d3189ef64166b07841c641636341 - - default default] 10.0.0.234 "GET /v2.0/networks HTTP/1.1" status: 200 len: 2350 time: 0.0686862
2026-06-26 04:43:24.382 10 INFO neutron.wsgi [None req-40ab4fff-132a-4772-a714-84fce7158140 fa6ee0307e9e4c598e0fc0ad83969e72 b902d3189ef64166b07841c641636341 - - default default] 10.0.0.234 "GET /v2.0/ports HTTP/1.1" status: 200 len: 5255 time: 0.0348961
2026-06-26 04:43:24.396 10 INFO neutron.wsgi [None req-6eb970d1-a01e-49b7-9dde-a3c28b383645 fa6ee0307e9e4c598e0fc0ad83969e72 b902d3189ef64166b07841c641636341 - - default default] 10.0.0.234 "GET /v2.0/agents HTTP/1.1" status: 200 len: 997 time: 0.0124793
2026-06-26 04:43:24.451 10 INFO neutron.wsgi [None req-5dc77745-d784-4733-8df5-6133c03332fd fa6ee0307e9e4c598e0fc0ad83969e72 b902d3189ef64166b07841c641636341 - - default default] 10.0.0.234 "GET /v2.0/security-groups HTTP/1.1" status: 200 len: 16803 time: 0.0536380
2026-06-26 04:43:37.597 9 INFO neutron.wsgi [-] 10.0.0.37 "GET / HTTP/1.1" status: 200 len: 247 time: 0.0016625
2026-06-26 04:43:37.601 10 INFO neutron.wsgi [-] 10.0.0.37 "GET / HTTP/1.1" status: 200 len: 247 time: 0.0046339
2026-06-26 04:43:52.599 10 INFO neutron.wsgi [-] 10.0.0.37 "GET / HTTP/1.1" status: 200 len: 247 time: 0.0026968
2026-06-26 04:43:52.602 10 INFO neutron.wsgi [-] 10.0.0.37 "GET / HTTP/1.1" status: 200 len: 247 time: 0.0018725
2026-06-26 04:44:03.794 9 INFO neutron.wsgi [None req-f4ff871c-69ea-4da3-8428-dfdc790f0252 fa6ee0307e9e4c598e0fc0ad83969e72 b902d3189ef64166b07841c641636341 - - default default] 10.0.0.66 "GET /v2.0/networks HTTP/1.1" status: 200 len: 2369 time: 0.1874058
2026-06-26 04:44:04.980 10 INFO neutron.wsgi [None req-d7298a31-2c0e-4378-8276-ac7519368aa6 fa6ee0307e9e4c598e0fc0ad83969e72 b902d3189ef64166b07841c641636341 - - default default] 10.0.0.66 "GET /v2.0/floatingips HTTP/1.1" status: 200 len: 212 time: 0.0255575
2026-06-26 04:44:05.011 10 INFO neutron.wsgi [None req-298c7368-1211-4786-82af-ffe89bb1f59c fa6ee0307e9e4c598e0fc0ad83969e72 b902d3189ef64166b07841c641636341 - - default default] 10.0.0.66 "GET /v2.0/routers HTTP/1.1" status: 200 len: 208 time: 0.0259719
2026-06-26 04:44:05.050 10 INFO neutron.wsgi [None req-190f9eb6-1011-42a4-b209-b04bba92b181 fa6ee0307e9e4c598e0fc0ad83969e72 b902d3189ef64166b07841c641636341 - - default default] 10.0.0.66 "GET /v2.0/ports HTTP/1.1" status: 200 len: 5274 time: 0.0349398
2026-06-26 04:44:05.087 10 INFO neutron.wsgi [None req-f2c61489-5d89-4f81-b61e-4839d9232e03 fa6ee0307e9e4c598e0fc0ad83969e72 b902d3189ef64166b07841c641636341 - - default default] 10.0.0.66 "GET /v2.0/subnets HTTP/1.1" status: 200 len: 1456 time: 0.0310690
2026-06-26 04:44:05.148 10 INFO neutron.wsgi [None req-d4dadc16-70df-4822-8fcd-9796fd5160e4 fa6ee0307e9e4c598e0fc0ad83969e72 b902d3189ef64166b07841c641636341 - - default default] 10.0.0.66 "GET /v2.0/networks HTTP/1.1" status: 200 len: 2369 time: 0.0533347
2026-06-26 04:44:05.230 10 INFO neutron.wsgi [None req-8dd1223a-942e-4700-942e-bff8a09bf099 fa6ee0307e9e4c598e0fc0ad83969e72 b902d3189ef64166b07841c641636341 - - default default] 10.0.0.66 "GET /v2.0/security-groups HTTP/1.1" status: 200 len: 16822 time: 0.0709510
2026-06-26 04:44:05.250 10 INFO neutron.wsgi [None req-b75ae8a9-d811-4b10-8d0e-5fba404881eb fa6ee0307e9e4c598e0fc0ad83969e72 b902d3189ef64166b07841c641636341 - - default default] 10.0.0.66 "GET /v2.0/subnetpools HTTP/1.1" status: 200 len: 212 time: 0.0119901
2026-06-26 04:44:07.598 10 INFO neutron.wsgi [-] 10.0.0.37 "GET / HTTP/1.1" status: 200 len: 247 time: 0.0018353
2026-06-26 04:44:07.599 9 INFO neutron.wsgi [-] 10.0.0.37 "GET / HTTP/1.1" status: 200 len: 247 time: 0.0030742
2026-06-26 04:44:16.675 9 INFO neutron.db.ovn_revision_numbers_db [None req-cd86f4c0-8b8d-4774-a48e-1e985cf992ca fa6ee0307e9e4c598e0fc0ad83969e72 b902d3189ef64166b07841c641636341 - - - -] Successfully bumped revision number for resource ff3fc02c-734a-431e-a7f2-3a579c3410e8 (type: security_groups) to 1
2026-06-26 04:44:16.722 9 INFO neutron.db.segments_db [None req-cd86f4c0-8b8d-4774-a48e-1e985cf992ca fa6ee0307e9e4c598e0fc0ad83969e72 b902d3189ef64166b07841c641636341 - - - -] Added segment e18e7b2f-9318-4d29-9428-2bc0615768b1 of type geneve for network 61d255cf-5eff-454f-8ec7-78cf02599b36
2026-06-26 04:44:16.793 10 INFO neutron.db.ovn_revision_numbers_db [None req-c508ae8a-7ab5-4ae7-b4b0-b8063a48cdd4 fa6ee0307e9e4c598e0fc0ad83969e72 b902d3189ef64166b07841c641636341 - - - -] Successfully bumped revision number for resource 6511e889-0aa9-403c-a552-8b22aa7684de (type: security_groups) to 1
2026-06-26 04:44:16.834 10 INFO neutron.db.ovn_revision_numbers_db [None req-85acb0e4-4950-49ed-8094-d2d8477e5d3c fa6ee0307e9e4c598e0fc0ad83969e72 b902d3189ef64166b07841c641636341 - - - -] Successfully bumped revision number for resource 0796727a-fab2-4a46-8b8b-ad7190cb48d3 (type: security_groups) to 1
2026-06-26 04:44:16.854 10 INFO neutron.db.segments_db [None req-c508ae8a-7ab5-4ae7-b4b0-b8063a48cdd4 fa6ee0307e9e4c598e0fc0ad83969e72 b902d3189ef64166b07841c641636341 - - - -] Added segment 891b349f-8f2c-4a8c-8555-b769db25fc86 of type geneve for network 7758d19a-322b-49d0-94fb-3a61f9863be2
2026-06-26 04:44:16.858 9 INFO neutron.db.ovn_revision_numbers_db [None req-cd86f4c0-8b8d-4774-a48e-1e985cf992ca fa6ee0307e9e4c598e0fc0ad83969e72 b902d3189ef64166b07841c641636341 - - - -] Successfully bumped revision number for resource 61d255cf-5eff-454f-8ec7-78cf02599b36 (type: networks) to 1
2026-06-26 04:44:16.898 10 INFO neutron.db.segments_db [None req-85acb0e4-4950-49ed-8094-d2d8477e5d3c fa6ee0307e9e4c598e0fc0ad83969e72 b902d3189ef64166b07841c641636341 - - - -] Added segment 590730f7-f7e5-4c13-b620-f6e713c619ea of type geneve for network ddf9258c-a2e2-46b1-a24f-e75d94d6b271
2026-06-26 04:44:16.991 10 INFO neutron.db.ovn_revision_numbers_db [None req-c508ae8a-7ab5-4ae7-b4b0-b8063a48cdd4 fa6ee0307e9e4c598e0fc0ad83969e72 b902d3189ef64166b07841c641636341 - - - -] Successfully bumped revision number for resource 7758d19a-322b-49d0-94fb-3a61f9863be2 (type: networks) to 1
2026-06-26 04:44:17.009 9 WARNING neutron.scheduler.dhcp_agent_scheduler [None req-cd86f4c0-8b8d-4774-a48e-1e985cf992ca fa6ee0307e9e4c598e0fc0ad83969e72 b902d3189ef64166b07841c641636341 - - - -] No more DHCP agents
2026-06-26 04:44:17.011 9 WARNING neutron.api.rpc.agentnotifiers.dhcp_rpc_agent_api [None req-cd86f4c0-8b8d-4774-a48e-1e985cf992ca fa6ee0307e9e4c598e0fc0ad83969e72 b902d3189ef64166b07841c641636341 - - - -] Unable to schedule network 61d255cf-5eff-454f-8ec7-78cf02599b36: no agents available; will retry on subsequent port and subnet creation events.
2026-06-26 04:44:17.075 9 INFO neutron.db.ovn_revision_numbers_db [None req-cd86f4c0-8b8d-4774-a48e-1e985cf992ca fa6ee0307e9e4c598e0fc0ad83969e72 b902d3189ef64166b07841c641636341 - - - -] Successfully bumped revision number for resource c8004327-e397-4f59-a4f4-3acf21b99784 (type: ports) to 1
2026-06-26 04:44:17.076 10 INFO neutron.db.ovn_revision_numbers_db [None req-85acb0e4-4950-49ed-8094-d2d8477e5d3c fa6ee0307e9e4c598e0fc0ad83969e72 b902d3189ef64166b07841c641636341 - - - -] Successfully bumped revision number for resource ddf9258c-a2e2-46b1-a24f-e75d94d6b271 (type: networks) to 1
2026-06-26 04:44:17.093 9 INFO neutron.wsgi [None req-cd86f4c0-8b8d-4774-a48e-1e985cf992ca fa6ee0307e9e4c598e0fc0ad83969e72 b902d3189ef64166b07841c641636341 - - - -] 10.0.0.66 "POST /v2.0/networks HTTP/1.1" status: 201 len: 949 time: 0.6571949
2026-06-26 04:44:17.247 9 WARNING neutron.scheduler.dhcp_agent_scheduler [None req-0b14ce93-c3a4-4922-9e17-581a945e293d fa6ee0307e9e4c598e0fc0ad83969e72 b902d3189ef64166b07841c641636341 - - - -] No more DHCP agents
2026-06-26 04:44:17.249 9 WARNING neutron.api.rpc.agentnotifiers.dhcp_rpc_agent_api [None req-0b14ce93-c3a4-4922-9e17-581a945e293d fa6ee0307e9e4c598e0fc0ad83969e72 b902d3189ef64166b07841c641636341 - - - -] Unable to schedule network 61d255cf-5eff-454f-8ec7-78cf02599b36: no agents available; will retry on subsequent port and subnet creation events.
2026-06-26 04:44:17.266 10 WARNING neutron.scheduler.dhcp_agent_scheduler [None req-c508ae8a-7ab5-4ae7-b4b0-b8063a48cdd4 fa6ee0307e9e4c598e0fc0ad83969e72 b902d3189ef64166b07841c641636341 - - - -] No more DHCP agents
2026-06-26 04:44:17.268 10 WARNING neutron.api.rpc.agentnotifiers.dhcp_rpc_agent_api [None req-c508ae8a-7ab5-4ae7-b4b0-b8063a48cdd4 fa6ee0307e9e4c598e0fc0ad83969e72 b902d3189ef64166b07841c641636341 - - - -] Unable to schedule network 7758d19a-322b-49d0-94fb-3a61f9863be2: no agents available; will retry on subsequent port and subnet creation events.
2026-06-26 04:44:17.398 10 WARNING neutron.scheduler.dhcp_agent_scheduler [None req-85acb0e4-4950-49ed-8094-d2d8477e5d3c fa6ee0307e9e4c598e0fc0ad83969e72 b902d3189ef64166b07841c641636341 - - - -] No more DHCP agents
2026-06-26 04:44:17.403 10 WARNING neutron.api.rpc.agentnotifiers.dhcp_rpc_agent_api [None req-85acb0e4-4950-49ed-8094-d2d8477e5d3c fa6ee0307e9e4c598e0fc0ad83969e72 b902d3189ef64166b07841c641636341 - - - -] Unable to schedule network ddf9258c-a2e2-46b1-a24f-e75d94d6b271: no agents available; will retry on subsequent port and subnet creation events.
2026-06-26 04:44:17.462 10 INFO neutron.db.ovn_revision_numbers_db [None req-c508ae8a-7ab5-4ae7-b4b0-b8063a48cdd4 fa6ee0307e9e4c598e0fc0ad83969e72 b902d3189ef64166b07841c641636341 - - - -] Successfully bumped revision number for resource 72404131-726b-4480-a24f-d0ea487fbf21 (type: ports) to 1
2026-06-26 04:44:17.504 10 INFO neutron.wsgi [None req-c508ae8a-7ab5-4ae7-b4b0-b8063a48cdd4 fa6ee0307e9e4c598e0fc0ad83969e72 b902d3189ef64166b07841c641636341 - - - -] 10.0.0.66 "POST /v2.0/networks HTTP/1.1" status: 201 len: 940 time: 0.9212115
2026-06-26 04:44:17.521 10 INFO neutron.db.ovn_revision_numbers_db [None req-85acb0e4-4950-49ed-8094-d2d8477e5d3c fa6ee0307e9e4c598e0fc0ad83969e72 b902d3189ef64166b07841c641636341 - - - -] Successfully bumped revision number for resource 8fb9b9d7-f15f-459f-a590-e8f03d39ee6c (type: ports) to 1
2026-06-26 04:44:17.548 10 INFO neutron.wsgi [None req-85acb0e4-4950-49ed-8094-d2d8477e5d3c fa6ee0307e9e4c598e0fc0ad83969e72 b902d3189ef64166b07841c641636341 - - - -] 10.0.0.66 "POST /v2.0/networks HTTP/1.1" status: 201 len: 946 time: 0.9265442
2026-06-26 04:44:17.640 10 INFO neutron.db.ovn_revision_numbers_db [None req-31b52d69-ba95-4521-bdc1-c65807a54caa fa6ee0307e9e4c598e0fc0ad83969e72 b902d3189ef64166b07841c641636341 - - default default] Successfully bumped revision number for resource 5a898bd5-088c-46ff-b3e3-39c1613a9371 (type: security_groups) to 1
2026-06-26 04:44:17.681 10 INFO neutron.wsgi [None req-31b52d69-ba95-4521-bdc1-c65807a54caa fa6ee0307e9e4c598e0fc0ad83969e72 b902d3189ef64166b07841c641636341 - - default default] 10.0.0.66 "GET /v2.0/security-groups?tenant_id=3423862164b9440483602ed98bc4ee75&name=default HTTP/1.1" status: 200 len: 2992 time: 0.4629028
2026-06-26 04:44:17.722 10 WARNING neutron.scheduler.dhcp_agent_scheduler [None req-22337c12-96d2-454e-bf08-c5cd6df24684 fa6ee0307e9e4c598e0fc0ad83969e72 b902d3189ef64166b07841c641636341 - - - -] No more DHCP agents
2026-06-26 04:44:17.724 10 WARNING neutron.api.rpc.agentnotifiers.dhcp_rpc_agent_api [None req-22337c12-96d2-454e-bf08-c5cd6df24684 fa6ee0307e9e4c598e0fc0ad83969e72 b902d3189ef64166b07841c641636341 - - - -] Unable to schedule network 7758d19a-322b-49d0-94fb-3a61f9863be2: no agents available; will retry on subsequent port and subnet creation events.
2026-06-26 04:44:17.837 9 WARNING neutron.scheduler.dhcp_agent_scheduler [None req-d67a056a-a960-4ab7-9940-792a9db8efa5 fa6ee0307e9e4c598e0fc0ad83969e72 b902d3189ef64166b07841c641636341 - - - -] No more DHCP agents
2026-06-26 04:44:17.841 9 WARNING neutron.api.rpc.agentnotifiers.dhcp_rpc_agent_api [None req-d67a056a-a960-4ab7-9940-792a9db8efa5 fa6ee0307e9e4c598e0fc0ad83969e72 b902d3189ef64166b07841c641636341 - - - -] Unable to schedule network ddf9258c-a2e2-46b1-a24f-e75d94d6b271: no agents available; will retry on subsequent port and subnet creation events.
2026-06-26 04:44:17.916 9 INFO neutron.db.ovn_revision_numbers_db [None req-0b14ce93-c3a4-4922-9e17-581a945e293d fa6ee0307e9e4c598e0fc0ad83969e72 b902d3189ef64166b07841c641636341 - - - -] Successfully bumped revision number for resource c8004327-e397-4f59-a4f4-3acf21b99784 (type: ports) to 2
2026-06-26 04:44:17.943 9 INFO neutron.db.ovn_revision_numbers_db [None req-0b14ce93-c3a4-4922-9e17-581a945e293d fa6ee0307e9e4c598e0fc0ad83969e72 b902d3189ef64166b07841c641636341 - - - -] Successfully bumped revision number for resource f40e751e-836e-4d13-a4cf-4c9561690f04 (type: subnets) to 0
2026-06-26 04:44:17.964 9 INFO neutron.wsgi [None req-0b14ce93-c3a4-4922-9e17-581a945e293d fa6ee0307e9e4c598e0fc0ad83969e72 b902d3189ef64166b07841c641636341 - - - -] 10.0.0.66 "POST /v2.0/subnets HTTP/1.1" status: 201 len: 870 time: 0.8666198
2026-06-26 04:44:17.984 10 INFO neutron.wsgi [None req-3ed011b9-a9c9-4844-9c16-a2abb68d98fd fa6ee0307e9e4c598e0fc0ad83969e72 b902d3189ef64166b07841c641636341 - - - -] 10.0.0.66 "DELETE /v2.0/security-groups/5a898bd5-088c-46ff-b3e3-39c1613a9371 HTTP/1.1" status: 204 len: 168 time: 0.2978499
2026-06-26 04:44:18.160 10 INFO neutron.db.ovn_revision_numbers_db [None req-22337c12-96d2-454e-bf08-c5cd6df24684 fa6ee0307e9e4c598e0fc0ad83969e72 b902d3189ef64166b07841c641636341 - - - -] Successfully bumped revision number for resource 72404131-726b-4480-a24f-d0ea487fbf21 (type: ports) to 2
2026-06-26 04:44:18.174 10 INFO neutron.db.ovn_revision_numbers_db [None req-22337c12-96d2-454e-bf08-c5cd6df24684 fa6ee0307e9e4c598e0fc0ad83969e72 b902d3189ef64166b07841c641636341 - - - -] Successfully bumped revision number for resource 42cc71a2-9942-4cc2-9b03-c0b3eeaef83b (type: subnets) to 0
2026-06-26 04:44:18.188 10 INFO neutron.wsgi [None req-22337c12-96d2-454e-bf08-c5cd6df24684 fa6ee0307e9e4c598e0fc0ad83969e72 b902d3189ef64166b07841c641636341 - - - -] 10.0.0.66 "POST /v2.0/subnets HTTP/1.1" status: 201 len: 860 time: 0.6749861
2026-06-26 04:44:18.434 9 INFO neutron.db.ovn_revision_numbers_db [None req-d67a056a-a960-4ab7-9940-792a9db8efa5 fa6ee0307e9e4c598e0fc0ad83969e72 b902d3189ef64166b07841c641636341 - - - -] Successfully bumped revision number for resource 8fb9b9d7-f15f-459f-a590-e8f03d39ee6c (type: ports) to 2
2026-06-26 04:44:18.548 9 INFO neutron.db.ovn_revision_numbers_db [None req-d67a056a-a960-4ab7-9940-792a9db8efa5 fa6ee0307e9e4c598e0fc0ad83969e72 b902d3189ef64166b07841c641636341 - - - -] Successfully bumped revision number for resource c8b096a8-cae2-4ef3-8238-69f83375c78e (type: subnets) to 0
2026-06-26 04:44:18.566 9 INFO neutron.wsgi [None req-d67a056a-a960-4ab7-9940-792a9db8efa5 fa6ee0307e9e4c598e0fc0ad83969e72 b902d3189ef64166b07841c641636341 - - - -] 10.0.0.66 "POST /v2.0/subnets HTTP/1.1" status: 201 len: 866 time: 1.0097897
2026-06-26 04:44:18.652 9 WARNING neutron.scheduler.dhcp_agent_scheduler [None req-9f7c22a5-f914-4951-9184-88b79ba84d2e fa6ee0307e9e4c598e0fc0ad83969e72 b902d3189ef64166b07841c641636341 - - - -] No more DHCP agents
2026-06-26 04:44:18.653 9 WARNING neutron.api.rpc.agentnotifiers.dhcp_rpc_agent_api [None req-9f7c22a5-f914-4951-9184-88b79ba84d2e fa6ee0307e9e4c598e0fc0ad83969e72 b902d3189ef64166b07841c641636341 - - - -] Unable to schedule network 04c49fc6-415a-4a5b-a0fd-5b557bbc148c: no agents available; will retry on subsequent port and subnet creation events.
2026-06-26 04:44:18.820 10 WARNING neutron.scheduler.dhcp_agent_scheduler [None req-06ccbcd4-4fca-4efa-9337-4e1170130457 fa6ee0307e9e4c598e0fc0ad83969e72 b902d3189ef64166b07841c641636341 - - - -] No more DHCP agents
2026-06-26 04:44:18.823 10 WARNING neutron.api.rpc.agentnotifiers.dhcp_rpc_agent_api [None req-06ccbcd4-4fca-4efa-9337-4e1170130457 fa6ee0307e9e4c598e0fc0ad83969e72 b902d3189ef64166b07841c641636341 - - - -] Unable to schedule network 04c49fc6-415a-4a5b-a0fd-5b557bbc148c: no agents available; will retry on subsequent port and subnet creation events.
2026-06-26 04:44:18.837 9 INFO neutron.db.ovn_revision_numbers_db [None req-9f7c22a5-f914-4951-9184-88b79ba84d2e fa6ee0307e9e4c598e0fc0ad83969e72 b902d3189ef64166b07841c641636341 - - - -] Successfully bumped revision number for resource 5a8aac7f-41d8-4901-a878-f6fa00e5a462 (type: ports) to 1
2026-06-26 04:44:18.944 10 INFO neutron.db.ovn_revision_numbers_db [None req-06ccbcd4-4fca-4efa-9337-4e1170130457 fa6ee0307e9e4c598e0fc0ad83969e72 b902d3189ef64166b07841c641636341 - - - -] Successfully bumped revision number for resource d48ca49b-05e1-4aa5-b5bb-9c1eff7ecc46 (type: ports) to 1
2026-06-26 04:44:19.240 10 INFO neutron.plugins.ml2.drivers.ovn.mech_driver.ovsdb.extensions.qos [None req-06ccbcd4-4fca-4efa-9337-4e1170130457 fa6ee0307e9e4c598e0fc0ad83969e72 b902d3189ef64166b07841c641636341 - - - -] Starting OVNClientQosExtension
2026-06-26 04:44:19.304 9 INFO neutron.plugins.ml2.drivers.ovn.mech_driver.ovsdb.extensions.qos [None req-9f7c22a5-f914-4951-9184-88b79ba84d2e fa6ee0307e9e4c598e0fc0ad83969e72 b902d3189ef64166b07841c641636341 - - - -] Starting OVNClientQosExtension
2026-06-26 04:44:19.323 9 WARNING neutron.scheduler.dhcp_agent_scheduler [None req-5cd5fa8a-71fa-4dd8-b7a7-1e618fa1ed53 fa6ee0307e9e4c598e0fc0ad83969e72 b902d3189ef64166b07841c641636341 - - - -] No more DHCP agents
2026-06-26 04:44:19.327 9 WARNING neutron.api.rpc.agentnotifiers.dhcp_rpc_agent_api [None req-5cd5fa8a-71fa-4dd8-b7a7-1e618fa1ed53 fa6ee0307e9e4c598e0fc0ad83969e72 b902d3189ef64166b07841c641636341 - - - -] Unable to schedule network 04c49fc6-415a-4a5b-a0fd-5b557bbc148c: no agents available; will retry on subsequent port and subnet creation events.
2026-06-26 04:44:19.460 9 INFO neutron.db.ovn_revision_numbers_db [None req-5cd5fa8a-71fa-4dd8-b7a7-1e618fa1ed53 fa6ee0307e9e4c598e0fc0ad83969e72 b902d3189ef64166b07841c641636341 - - - -] Successfully bumped revision number for resource a3e02f34-65fc-44b7-88ce-aaede208b70f (type: ports) to 1
2026-06-26 04:44:19.721 9 INFO neutron.plugins.ml2.drivers.ovn.mech_driver.mech_driver [None req-2c575510-7952-4175-ba50-46335c36ee66 - - - - - -] OVN reports status up for port: d48ca49b-05e1-4aa5-b5bb-9c1eff7ecc46
2026-06-26 04:44:19.728 10 INFO neutron.db.ovn_revision_numbers_db [None req-06ccbcd4-4fca-4efa-9337-4e1170130457 fa6ee0307e9e4c598e0fc0ad83969e72 b902d3189ef64166b07841c641636341 - - - -] Successfully bumped revision number for resource d48ca49b-05e1-4aa5-b5bb-9c1eff7ecc46 (type: router_ports) to 1
2026-06-26 04:44:19.735 9 INFO neutron.plugins.ml2.drivers.ovn.mech_driver.ovsdb.ovsdb_monitor [-] Router 1eb3c508-66f8-483a-a072-8c799d048e88 is bound to host instance
2026-06-26 04:44:19.748 9 INFO neutron.plugins.ml2.plugin [None req-2c575510-7952-4175-ba50-46335c36ee66 - - - - - -] Attempt 1 to provision port d48ca49b-05e1-4aa5-b5bb-9c1eff7ecc46
2026-06-26 04:44:19.812 10 INFO neutron.db.ovn_revision_numbers_db [None req-06ccbcd4-4fca-4efa-9337-4e1170130457 fa6ee0307e9e4c598e0fc0ad83969e72 b902d3189ef64166b07841c641636341 - - - -] Successfully bumped revision number for resource 1eb3c508-66f8-483a-a072-8c799d048e88 (type: routers) to 3
2026-06-26 04:44:19.827 10 INFO neutron.wsgi [None req-06ccbcd4-4fca-4efa-9337-4e1170130457 fa6ee0307e9e4c598e0fc0ad83969e72 b902d3189ef64166b07841c641636341 - - - -] 10.0.0.66 "POST /v2.0/routers HTTP/1.1" status: 201 len: 871 time: 1.6228333
2026-06-26 04:44:19.888 9 INFO neutron.db.ovn_revision_numbers_db [None req-9f7c22a5-f914-4951-9184-88b79ba84d2e fa6ee0307e9e4c598e0fc0ad83969e72 b902d3189ef64166b07841c641636341 - - - -] Successfully bumped revision number for resource 5a8aac7f-41d8-4901-a878-f6fa00e5a462 (type: router_ports) to 1
2026-06-26 04:44:20.076 10 INFO neutron.db.ovn_revision_numbers_db [None req-b1e074f4-404e-4fa8-9b9f-fe8f4ab46f09 fa6ee0307e9e4c598e0fc0ad83969e72 b902d3189ef64166b07841c641636341 - - - -] Successfully bumped revision number for resource 63d562d2-9107-41e7-b4e6-5c296af70241 (type: security_groups) to 1
2026-06-26 04:44:20.148 9 INFO neutron.db.ovn_revision_numbers_db [None req-9f7c22a5-f914-4951-9184-88b79ba84d2e fa6ee0307e9e4c598e0fc0ad83969e72 b902d3189ef64166b07841c641636341 - - - -] Successfully bumped revision number for resource b4ad4c84-12c1-47a7-be99-68e2d87441d0 (type: routers) to 3
2026-06-26 04:44:20.148 10 INFO neutron.db.segments_db [None req-b1e074f4-404e-4fa8-9b9f-fe8f4ab46f09 fa6ee0307e9e4c598e0fc0ad83969e72 b902d3189ef64166b07841c641636341 - - - -] Added segment 2d4c0fe0-9536-474c-93dd-b619bae598ce of type geneve for network 455fd2fa-b020-479f-aef9-ed393012b0f8
2026-06-26 04:44:20.170 9 INFO neutron.wsgi [None req-9f7c22a5-f914-4951-9184-88b79ba84d2e fa6ee0307e9e4c598e0fc0ad83969e72 b902d3189ef64166b07841c641636341 - - - -] 10.0.0.66 "POST /v2.0/routers HTTP/1.1" status: 201 len: 881 time: 2.2007692
2026-06-26 04:44:20.286 10 INFO neutron.db.ovn_revision_numbers_db [None req-b1e074f4-404e-4fa8-9b9f-fe8f4ab46f09 fa6ee0307e9e4c598e0fc0ad83969e72 b902d3189ef64166b07841c641636341 - - - -] Successfully bumped revision number for resource 455fd2fa-b020-479f-aef9-ed393012b0f8 (type: networks) to 1
2026-06-26 04:44:20.333 10 WARNING neutron.scheduler.dhcp_agent_scheduler [None req-2f52fa24-e017-4835-9d6e-8281f64ce267 fa6ee0307e9e4c598e0fc0ad83969e72 b902d3189ef64166b07841c641636341 - - default default] No more DHCP agents
2026-06-26 04:44:20.338 10 WARNING neutron.api.rpc.agentnotifiers.dhcp_rpc_agent_api [None req-2f52fa24-e017-4835-9d6e-8281f64ce267 fa6ee0307e9e4c598e0fc0ad83969e72 b902d3189ef64166b07841c641636341 - - default default] Unable to schedule network 7758d19a-322b-49d0-94fb-3a61f9863be2: no agents available; will retry on subsequent port and subnet creation events.
2026-06-26 04:44:20.506 10 INFO neutron.db.ovn_revision_numbers_db [None req-2f52fa24-e017-4835-9d6e-8281f64ce267 fa6ee0307e9e4c598e0fc0ad83969e72 b902d3189ef64166b07841c641636341 - - default default] Successfully bumped revision number for resource a3584673-af41-4a0c-8405-f0cd25eeb2f1 (type: ports) to 1
2026-06-26 04:44:20.512 10 WARNING neutron.scheduler.dhcp_agent_scheduler [None req-b1e074f4-404e-4fa8-9b9f-fe8f4ab46f09 fa6ee0307e9e4c598e0fc0ad83969e72 b902d3189ef64166b07841c641636341 - - - -] No more DHCP agents
2026-06-26 04:44:20.513 10 WARNING neutron.api.rpc.agentnotifiers.dhcp_rpc_agent_api [None req-b1e074f4-404e-4fa8-9b9f-fe8f4ab46f09 fa6ee0307e9e4c598e0fc0ad83969e72 b902d3189ef64166b07841c641636341 - - - -] Unable to schedule network 455fd2fa-b020-479f-aef9-ed393012b0f8: no agents available; will retry on subsequent port and subnet creation events.
2026-06-26 04:44:20.738 10 INFO neutron.db.ovn_revision_numbers_db [None req-b1e074f4-404e-4fa8-9b9f-fe8f4ab46f09 fa6ee0307e9e4c598e0fc0ad83969e72 b902d3189ef64166b07841c641636341 - - - -] Successfully bumped revision number for resource b4259abb-716c-433a-b221-74909b960349 (type: ports) to 1
2026-06-26 04:44:20.782 10 INFO neutron.wsgi [None req-b1e074f4-404e-4fa8-9b9f-fe8f4ab46f09 fa6ee0307e9e4c598e0fc0ad83969e72 b902d3189ef64166b07841c641636341 - - - -] 10.0.0.66 "POST /v2.0/networks HTTP/1.1" status: 201 len: 950 time: 1.0847154
2026-06-26 04:44:20.822 10 INFO neutron.plugins.ml2.drivers.ovn.mech_driver.mech_driver [None req-21a5bdf3-7927-4870-8c57-283e5d8c20e0 - - - - - -] OVN reports status up for port: a3e02f34-65fc-44b7-88ce-aaede208b70f
2026-06-26 04:44:20.847 10 INFO neutron.plugins.ml2.plugin [None req-21a5bdf3-7927-4870-8c57-283e5d8c20e0 - - - - - -] Attempt 1 to provision port a3e02f34-65fc-44b7-88ce-aaede208b70f
2026-06-26 04:44:20.856 9 INFO neutron.db.ovn_revision_numbers_db [None req-5cd5fa8a-71fa-4dd8-b7a7-1e618fa1ed53 fa6ee0307e9e4c598e0fc0ad83969e72 b902d3189ef64166b07841c641636341 - - - -] Successfully bumped revision number for resource a3e02f34-65fc-44b7-88ce-aaede208b70f (type: router_ports) to 1
2026-06-26 04:44:20.884 9 INFO neutron.db.ovn_revision_numbers_db [None req-2e75082f-f23b-42b8-b68e-c6b566a496d0 - - - - - -] Successfully bumped revision number for resource d48ca49b-05e1-4aa5-b5bb-9c1eff7ecc46 (type: ports) to 1
2026-06-26 04:44:20.941 9 INFO neutron.db.ovn_revision_numbers_db [None req-5cd5fa8a-71fa-4dd8-b7a7-1e618fa1ed53 fa6ee0307e9e4c598e0fc0ad83969e72 b902d3189ef64166b07841c641636341 - - - -] Successfully bumped revision number for resource 103ae4dc-c84c-42ef-bc55-e11e0598f7fe (type: routers) to 3
2026-06-26 04:44:20.968 9 INFO neutron.wsgi [None req-5cd5fa8a-71fa-4dd8-b7a7-1e618fa1ed53 fa6ee0307e9e4c598e0fc0ad83969e72 b902d3189ef64166b07841c641636341 - - - -] 10.0.0.66 "POST /v2.0/routers HTTP/1.1" status: 201 len: 877 time: 2.3947251
2026-06-26 04:44:21.051 10 WARNING neutron.scheduler.dhcp_agent_scheduler [None req-dd40616a-c26f-4944-94cf-b5b52bf48a4f fa6ee0307e9e4c598e0fc0ad83969e72 b902d3189ef64166b07841c641636341 - - - -] No more DHCP agents
2026-06-26 04:44:21.056 10 WARNING neutron.api.rpc.agentnotifiers.dhcp_rpc_agent_api [None req-dd40616a-c26f-4944-94cf-b5b52bf48a4f fa6ee0307e9e4c598e0fc0ad83969e72 b902d3189ef64166b07841c641636341 - - - -] Unable to schedule network 455fd2fa-b020-479f-aef9-ed393012b0f8: no agents available; will retry on subsequent port and subnet creation events.
2026-06-26 04:44:21.094 9 WARNING neutron.scheduler.dhcp_agent_scheduler [None req-c2d52203-00f1-40e9-b4ec-75b320dd65c3 fa6ee0307e9e4c598e0fc0ad83969e72 b902d3189ef64166b07841c641636341 - - default default] No more DHCP agents
2026-06-26 04:44:21.097 9 WARNING neutron.api.rpc.agentnotifiers.dhcp_rpc_agent_api [None req-c2d52203-00f1-40e9-b4ec-75b320dd65c3 fa6ee0307e9e4c598e0fc0ad83969e72 b902d3189ef64166b07841c641636341 - - default default] Unable to schedule network 61d255cf-5eff-454f-8ec7-78cf02599b36: no agents available; will retry on subsequent port and subnet creation events.
2026-06-26 04:44:21.200 10 INFO neutron.db.ovn_revision_numbers_db [None req-2f52fa24-e017-4835-9d6e-8281f64ce267 fa6ee0307e9e4c598e0fc0ad83969e72 b902d3189ef64166b07841c641636341 - - default default] Successfully bumped revision number for resource a3584673-af41-4a0c-8405-f0cd25eeb2f1 (type: router_ports) to 2
2026-06-26 04:44:21.349 9 INFO neutron.db.ovn_revision_numbers_db [None req-c2d52203-00f1-40e9-b4ec-75b320dd65c3 fa6ee0307e9e4c598e0fc0ad83969e72 b902d3189ef64166b07841c641636341 - - default default] Successfully bumped revision number for resource 219d6a8c-8d4b-4b1d-b086-750ffc1b9f8a (type: ports) to 1
2026-06-26 04:44:21.362 10 INFO neutron.db.ovn_revision_numbers_db [None req-2f52fa24-e017-4835-9d6e-8281f64ce267 fa6ee0307e9e4c598e0fc0ad83969e72 b902d3189ef64166b07841c641636341 - - default default] Successfully bumped revision number for resource a3584673-af41-4a0c-8405-f0cd25eeb2f1 (type: ports) to 2
2026-06-26 04:44:21.464 10 WARNING neutron.scheduler.dhcp_agent_scheduler [None req-2f52fa24-e017-4835-9d6e-8281f64ce267 fa6ee0307e9e4c598e0fc0ad83969e72 b902d3189ef64166b07841c641636341 - - default default] No more DHCP agents
2026-06-26 04:44:21.466 10 WARNING neutron.api.rpc.agentnotifiers.dhcp_rpc_agent_api [None req-2f52fa24-e017-4835-9d6e-8281f64ce267 fa6ee0307e9e4c598e0fc0ad83969e72 b902d3189ef64166b07841c641636341 - - default default] Unable to schedule network 7758d19a-322b-49d0-94fb-3a61f9863be2: no agents available; will retry on subsequent port and subnet creation events.
2026-06-26 04:44:21.580 9 INFO neutron.db.ovn_revision_numbers_db [None req-2e75082f-f23b-42b8-b68e-c6b566a496d0 - - - - - -] Successfully bumped revision number for resource d48ca49b-05e1-4aa5-b5bb-9c1eff7ecc46 (type: router_ports) to 3
2026-06-26 04:44:21.779 10 INFO neutron.db.ovn_revision_numbers_db [None req-dd40616a-c26f-4944-94cf-b5b52bf48a4f fa6ee0307e9e4c598e0fc0ad83969e72 b902d3189ef64166b07841c641636341 - - - -] Successfully bumped revision number for resource b4259abb-716c-433a-b221-74909b960349 (type: ports) to 2
2026-06-26 04:44:21.816 10 INFO neutron.db.ovn_revision_numbers_db [None req-dd40616a-c26f-4944-94cf-b5b52bf48a4f fa6ee0307e9e4c598e0fc0ad83969e72 b902d3189ef64166b07841c641636341 - - - -] Successfully bumped revision number for resource b40246e4-6fa6-4c5b-a118-93936570f3fa (type: subnets) to 0
2026-06-26 04:44:21.824 9 INFO neutron.db.ovn_revision_numbers_db [None req-2e75082f-f23b-42b8-b68e-c6b566a496d0 - - - - - -] Successfully bumped revision number for resource d48ca49b-05e1-4aa5-b5bb-9c1eff7ecc46 (type: ports) to 2
2026-06-26 04:44:21.840 10 INFO neutron.wsgi [None req-dd40616a-c26f-4944-94cf-b5b52bf48a4f fa6ee0307e9e4c598e0fc0ad83969e72 b902d3189ef64166b07841c641636341 - - - -] 10.0.0.66 "POST /v2.0/subnets HTTP/1.1" status: 201 len: 870 time: 1.0513055
2026-06-26 04:44:21.919 9 WARNING neutron.scheduler.dhcp_agent_scheduler [None req-0414d2fd-972c-4eae-9de4-175fb4733fad fa6ee0307e9e4c598e0fc0ad83969e72 b902d3189ef64166b07841c641636341 - - default default] No more DHCP agents
2026-06-26 04:44:21.926 9 WARNING neutron.api.rpc.agentnotifiers.dhcp_rpc_agent_api [None req-0414d2fd-972c-4eae-9de4-175fb4733fad fa6ee0307e9e4c598e0fc0ad83969e72 b902d3189ef64166b07841c641636341 - - default default] Unable to schedule network ddf9258c-a2e2-46b1-a24f-e75d94d6b271: no agents available; will retry on subsequent port and subnet creation events.
2026-06-26 04:44:22.045 9 INFO neutron.plugins.ml2.drivers.ovn.mech_driver.mech_driver [None req-2c575510-7952-4175-ba50-46335c36ee66 - - - - - -] OVN reports status up for port: 5a8aac7f-41d8-4901-a878-f6fa00e5a462
2026-06-26 04:44:22.083 9 INFO neutron.plugins.ml2.plugin [None req-2c575510-7952-4175-ba50-46335c36ee66 - - - - - -] Attempt 1 to provision port 5a8aac7f-41d8-4901-a878-f6fa00e5a462
2026-06-26 04:44:22.223 9 INFO neutron.db.ovn_revision_numbers_db [None req-0414d2fd-972c-4eae-9de4-175fb4733fad fa6ee0307e9e4c598e0fc0ad83969e72 b902d3189ef64166b07841c641636341 - - default default] Successfully bumped revision number for resource c9cc9e90-950e-4698-acc0-e0664ef042a4 (type: ports) to 1
2026-06-26 04:44:22.494 9 INFO neutron.db.ovn_revision_numbers_db [None req-c2d52203-00f1-40e9-b4ec-75b320dd65c3 fa6ee0307e9e4c598e0fc0ad83969e72 b902d3189ef64166b07841c641636341 - - default default] Successfully bumped revision number for resource 219d6a8c-8d4b-4b1d-b086-750ffc1b9f8a (type: router_ports) to 2
2026-06-26 04:44:22.548 9 INFO neutron.db.ovn_revision_numbers_db [None req-2e75082f-f23b-42b8-b68e-c6b566a496d0 - - - - - -] Successfully bumped revision number for resource d48ca49b-05e1-4aa5-b5bb-9c1eff7ecc46 (type: ports) to 4
2026-06-26 04:44:22.609 10 INFO neutron.wsgi [-] 10.0.0.37 "GET / HTTP/1.1" status: 200 len: 247 time: 0.0020108
2026-06-26 04:44:22.611 10 INFO neutron.wsgi [-] 10.0.0.37 "GET / HTTP/1.1" status: 200 len: 247 time: 0.0009305
2026-06-26 04:44:22.700 10 INFO neutron.db.ovn_revision_numbers_db [None req-2f52fa24-e017-4835-9d6e-8281f64ce267 fa6ee0307e9e4c598e0fc0ad83969e72 b902d3189ef64166b07841c641636341 - - - -] Successfully bumped revision number for resource a3584673-af41-4a0c-8405-f0cd25eeb2f1 (type: router_ports) to 2
2026-06-26 04:44:22.702 10 INFO neutron.wsgi [None req-2f52fa24-e017-4835-9d6e-8281f64ce267 fa6ee0307e9e4c598e0fc0ad83969e72 b902d3189ef64166b07841c641636341 - - - -] 10.0.0.66 "PUT /v2.0/routers/1eb3c508-66f8-483a-a072-8c799d048e88/add_router_interface HTTP/1.1" status: 200 len: 503 time: 2.8697255
2026-06-26 04:44:22.722 9 INFO neutron.db.ovn_revision_numbers_db [None req-c2d52203-00f1-40e9-b4ec-75b320dd65c3 fa6ee0307e9e4c598e0fc0ad83969e72 b902d3189ef64166b07841c641636341 - - default default] Successfully bumped revision number for resource 219d6a8c-8d4b-4b1d-b086-750ffc1b9f8a (type: ports) to 2
2026-06-26 04:44:22.731 10 WARNING neutron.scheduler.dhcp_agent_scheduler [None req-fce99886-4633-41f5-a834-f3bbf2ddfe96 fa6ee0307e9e4c598e0fc0ad83969e72 b902d3189ef64166b07841c641636341 - - - -] No more DHCP agents
2026-06-26 04:44:22.734 10 WARNING neutron.api.rpc.agentnotifiers.dhcp_rpc_agent_api [None req-fce99886-4633-41f5-a834-f3bbf2ddfe96 fa6ee0307e9e4c598e0fc0ad83969e72 b902d3189ef64166b07841c641636341 - - - -] Unable to schedule network 04c49fc6-415a-4a5b-a0fd-5b557bbc148c: no agents available; will retry on subsequent port and subnet creation events.
2026-06-26 04:44:22.853 10 INFO neutron.db.ovn_revision_numbers_db [None req-fce99886-4633-41f5-a834-f3bbf2ddfe96 fa6ee0307e9e4c598e0fc0ad83969e72 b902d3189ef64166b07841c641636341 - - - -] Successfully bumped revision number for resource 23e9746f-97ef-4b46-b84c-e9d68b3ffbe7 (type: ports) to 1
2026-06-26 04:44:22.862 9 WARNING neutron.scheduler.dhcp_agent_scheduler [None req-c2d52203-00f1-40e9-b4ec-75b320dd65c3 fa6ee0307e9e4c598e0fc0ad83969e72 b902d3189ef64166b07841c641636341 - - default default] No more DHCP agents
2026-06-26 04:44:22.867 9 WARNING neutron.api.rpc.agentnotifiers.dhcp_rpc_agent_api [None req-c2d52203-00f1-40e9-b4ec-75b320dd65c3 fa6ee0307e9e4c598e0fc0ad83969e72 b902d3189ef64166b07841c641636341 - - default default] Unable to schedule network 61d255cf-5eff-454f-8ec7-78cf02599b36: no agents available; will retry on subsequent port and subnet creation events.
2026-06-26 04:44:22.969 9 INFO neutron.db.ovn_revision_numbers_db [None req-2e75082f-f23b-42b8-b68e-c6b566a496d0 - - - - - -] Successfully bumped revision number for resource d48ca49b-05e1-4aa5-b5bb-9c1eff7ecc46 (type: router_ports) to 4
2026-06-26 04:44:22.997 9 INFO neutron.plugins.ml2.drivers.ovn.mech_driver.ovsdb.ovsdb_monitor [None req-2e75082f-f23b-42b8-b68e-c6b566a496d0 - - - - - -] Router b4ad4c84-12c1-47a7-be99-68e2d87441d0 is bound to host instance
2026-06-26 04:44:23.373 9 INFO neutron.db.ovn_revision_numbers_db [None req-0414d2fd-972c-4eae-9de4-175fb4733fad fa6ee0307e9e4c598e0fc0ad83969e72 b902d3189ef64166b07841c641636341 - - default default] Successfully bumped revision number for resource c9cc9e90-950e-4698-acc0-e0664ef042a4 (type: router_ports) to 2
2026-06-26 04:44:23.424 10 INFO neutron.db.ovn_revision_numbers_db [None req-3f3d210b-11b6-4ff1-a059-f0dc3bfa89d0 35993cd262bf4088947df3bc51242039 eaecf8ca7b8f4739b16ddfa4359881fd - - - -] Successfully bumped revision number for resource 0e2fac31-1d38-40cb-9a06-b13e9d3d3837 (type: security_groups) to 1
