2026-06-26 04:45:11.664 9 INFO neutron.wsgi [req-4593ce3a-20ff-4075-87c4-7c962c0a02c3 req-1842e1df-a20e-452b-92a4-e675de2d24cd 5aece556be5c4597b45ae4ca8968f208 1963e81d3b9447b09c7dede164a08ae2 - - ab14bc3c683241efb1bd8ca3b3626608 ab14bc3c683241efb1bd8ca3b3626608] 199.204.45.177 "GET /v2.0/networks?id=1ca22aa5-22c7-4273-81b0-bd19681baaf1 HTTP/1.1" status: 200 len: 973 time: 0.0793009
2026-06-26 04:45:11.723 10 INFO neutron.wsgi [None req-74b26a94-c902-440f-b7df-b3646e96540b f654acc71a6d4eea84e6239e8fb3b783 363c430ac2dc4d29b78c72403541cd6f - - - -] 10.0.0.66 "DELETE /v2.0/floatingips/cd3507ae-571b-41fe-8f0b-8917e57d515a HTTP/1.1" status: 204 len: 168 time: 0.3981824
2026-06-26 04:45:11.738 9 INFO neutron.wsgi [req-0395fb00-1434-4970-adb5-74a6734b2daf req-c7ebe615-21d3-450d-a95d-7a44a2e8c6d7 5aece556be5c4597b45ae4ca8968f208 1963e81d3b9447b09c7dede164a08ae2 - - ab14bc3c683241efb1bd8ca3b3626608 ab14bc3c683241efb1bd8ca3b3626608] 199.204.45.177 "GET /v2.0/ports?tenant_id=c455aaa9cf274448a098db6afb7a7fec&device_id=51452fd0-93ef-4fab-94b8-3eae00bca164 HTTP/1.1" status: 200 len: 1361 time: 0.0639706
2026-06-26 04:45:11.746 9 INFO neutron.wsgi [req-4593ce3a-20ff-4075-87c4-7c962c0a02c3 req-ec727c4e-cf04-42f8-bc7d-2a6cea9b2b00 5aece556be5c4597b45ae4ca8968f208 1963e81d3b9447b09c7dede164a08ae2 - - ab14bc3c683241efb1bd8ca3b3626608 ab14bc3c683241efb1bd8ca3b3626608] 199.204.45.177 "GET /v2.0/floatingips?fixed_ip_address=10.100.0.4&port_id=a332ff81-a91b-4383-8360-91c38c7c0a83 HTTP/1.1" status: 200 len: 1059 time: 0.0728171
2026-06-26 04:45:11.806 9 INFO neutron.wsgi [req-4593ce3a-20ff-4075-87c4-7c962c0a02c3 req-2712f8dc-0f9d-4bba-a75c-62cace09d127 5aece556be5c4597b45ae4ca8968f208 1963e81d3b9447b09c7dede164a08ae2 - - ab14bc3c683241efb1bd8ca3b3626608 ab14bc3c683241efb1bd8ca3b3626608] 199.204.45.177 "GET /v2.0/subnets?id=68117572-13ff-4ae0-90fc-15eadff0f559 HTTP/1.1" status: 200 len: 869 time: 0.0536776
2026-06-26 04:45:11.825 9 INFO neutron.wsgi [req-0395fb00-1434-4970-adb5-74a6734b2daf req-9e0e7314-b72d-48ec-b024-4f8f55a6b77e 5aece556be5c4597b45ae4ca8968f208 1963e81d3b9447b09c7dede164a08ae2 - - ab14bc3c683241efb1bd8ca3b3626608 ab14bc3c683241efb1bd8ca3b3626608] 199.204.45.177 "GET /v2.0/networks?id=122cc9fa-6842-4e74-9b1e-0dade9a2b084 HTTP/1.1" status: 200 len: 981 time: 0.0790939
2026-06-26 04:45:11.840 9 INFO neutron.wsgi [req-4593ce3a-20ff-4075-87c4-7c962c0a02c3 req-82645fc1-7e27-4e41-af64-0751121c0870 5aece556be5c4597b45ae4ca8968f208 1963e81d3b9447b09c7dede164a08ae2 - - ab14bc3c683241efb1bd8ca3b3626608 ab14bc3c683241efb1bd8ca3b3626608] 199.204.45.177 "GET /v2.0/ports?network_id=1ca22aa5-22c7-4273-81b0-bd19681baaf1&device_owner=network%3Adhcp HTTP/1.1" status: 200 len: 210 time: 0.0282691
2026-06-26 04:45:11.915 9 INFO neutron.wsgi [req-0395fb00-1434-4970-adb5-74a6734b2daf req-fd844abc-2518-499e-aa5e-e75f5f808bcb 5aece556be5c4597b45ae4ca8968f208 1963e81d3b9447b09c7dede164a08ae2 - - ab14bc3c683241efb1bd8ca3b3626608 ab14bc3c683241efb1bd8ca3b3626608] 199.204.45.177 "GET /v2.0/floatingips?fixed_ip_address=10.100.0.7&port_id=25d2a979-8735-4242-81e2-c607c6d16222 HTTP/1.1" status: 200 len: 1059 time: 0.0815282
2026-06-26 04:45:11.958 9 INFO neutron.wsgi [req-4593ce3a-20ff-4075-87c4-7c962c0a02c3 req-53ae5ab5-77b9-4f94-aaf0-04d7d3afa795 5aece556be5c4597b45ae4ca8968f208 1963e81d3b9447b09c7dede164a08ae2 - - ab14bc3c683241efb1bd8ca3b3626608 ab14bc3c683241efb1bd8ca3b3626608] 199.204.45.177 "GET /v2.0/networks/1ca22aa5-22c7-4273-81b0-bd19681baaf1?fields=segments HTTP/1.1" status: 200 len: 212 time: 0.0975673
2026-06-26 04:45:11.962 9 INFO neutron.wsgi [req-0395fb00-1434-4970-adb5-74a6734b2daf req-2dd6efe2-5892-4bf2-9283-bded1fa3fdc4 5aece556be5c4597b45ae4ca8968f208 1963e81d3b9447b09c7dede164a08ae2 - - ab14bc3c683241efb1bd8ca3b3626608 ab14bc3c683241efb1bd8ca3b3626608] 199.204.45.177 "GET /v2.0/subnets?id=24c6f7e0-03db-4c3b-8f08-9f6d2de4b2c9 HTTP/1.1" status: 200 len: 876 time: 0.0363219
2026-06-26 04:45:12.007 9 INFO neutron.wsgi [req-0395fb00-1434-4970-adb5-74a6734b2daf req-031ac662-03d5-45fb-968f-5a9339911412 5aece556be5c4597b45ae4ca8968f208 1963e81d3b9447b09c7dede164a08ae2 - - ab14bc3c683241efb1bd8ca3b3626608 ab14bc3c683241efb1bd8ca3b3626608] 199.204.45.177 "GET /v2.0/ports?network_id=122cc9fa-6842-4e74-9b1e-0dade9a2b084&device_owner=network%3Adhcp HTTP/1.1" status: 200 len: 210 time: 0.0375257
2026-06-26 04:45:12.078 9 INFO neutron.wsgi [req-4593ce3a-20ff-4075-87c4-7c962c0a02c3 req-894b06c6-a21a-451c-82c5-8d80b8939625 5aece556be5c4597b45ae4ca8968f208 1963e81d3b9447b09c7dede164a08ae2 - - ab14bc3c683241efb1bd8ca3b3626608 ab14bc3c683241efb1bd8ca3b3626608] 199.204.45.177 "GET /v2.0/networks/1ca22aa5-22c7-4273-81b0-bd19681baaf1?fields=provider%3Aphysical_network&fields=provider%3Anetwork_type HTTP/1.1" status: 200 len: 277 time: 0.1098995
2026-06-26 04:45:12.102 9 INFO neutron.wsgi [req-0395fb00-1434-4970-adb5-74a6734b2daf req-70e32b3b-19b9-4774-a2a8-5f6bec123781 5aece556be5c4597b45ae4ca8968f208 1963e81d3b9447b09c7dede164a08ae2 - - ab14bc3c683241efb1bd8ca3b3626608 ab14bc3c683241efb1bd8ca3b3626608] 199.204.45.177 "GET /v2.0/networks/122cc9fa-6842-4e74-9b1e-0dade9a2b084?fields=segments HTTP/1.1" status: 200 len: 212 time: 0.0870984
2026-06-26 04:45:12.171 9 INFO neutron.wsgi [req-0395fb00-1434-4970-adb5-74a6734b2daf req-9dadfa99-5337-4c19-8b3a-406a17fb77a9 5aece556be5c4597b45ae4ca8968f208 1963e81d3b9447b09c7dede164a08ae2 - - ab14bc3c683241efb1bd8ca3b3626608 ab14bc3c683241efb1bd8ca3b3626608] 199.204.45.177 "GET /v2.0/networks/122cc9fa-6842-4e74-9b1e-0dade9a2b084?fields=provider%3Aphysical_network&fields=provider%3Anetwork_type HTTP/1.1" status: 200 len: 277 time: 0.0633278
2026-06-26 04:45:12.458 9 INFO neutron.notifiers.nova [-] Nova event matching ['req-3105d111-9663-4ed1-ad50-76ab03e32082'] response: {'server_uuid': '9bfe9612-2e50-4ef3-97fa-872827876aea', 'name': 'network-vif-deleted', 'tag': '28325a33-4c93-4488-9fd5-886482f4561a', 'status': 'completed', 'code': 200}
2026-06-26 04:45:12.459 9 INFO neutron.notifiers.nova [-] Nova event matching ['req-3105d111-9663-4ed1-ad50-76ab03e32082'] response: {'name': 'network-changed', 'server_uuid': '51452fd0-93ef-4fab-94b8-3eae00bca164', 'tag': '25d2a979-8735-4242-81e2-c607c6d16222', 'status': 'completed', 'code': 200}
2026-06-26 04:45:12.520 9 INFO neutron.wsgi [req-deb2126a-18f4-4702-a10b-0c6c0118426d req-0ab8ea4c-bbd6-4e61-8b39-6338829819bc 5aece556be5c4597b45ae4ca8968f208 1963e81d3b9447b09c7dede164a08ae2 - - ab14bc3c683241efb1bd8ca3b3626608 ab14bc3c683241efb1bd8ca3b3626608] 199.204.45.177 "GET /v2.0/ports?tenant_id=c455aaa9cf274448a098db6afb7a7fec&device_id=51452fd0-93ef-4fab-94b8-3eae00bca164 HTTP/1.1" status: 200 len: 1361 time: 0.0390913
2026-06-26 04:45:12.618 9 INFO neutron.wsgi [req-deb2126a-18f4-4702-a10b-0c6c0118426d req-8d57a3a9-aa18-417c-9e53-ea8f311c4415 5aece556be5c4597b45ae4ca8968f208 1963e81d3b9447b09c7dede164a08ae2 - - ab14bc3c683241efb1bd8ca3b3626608 ab14bc3c683241efb1bd8ca3b3626608] 199.204.45.177 "GET /v2.0/networks?id=122cc9fa-6842-4e74-9b1e-0dade9a2b084 HTTP/1.1" status: 200 len: 981 time: 0.0933301
2026-06-26 04:45:12.671 9 INFO neutron.wsgi [req-deb2126a-18f4-4702-a10b-0c6c0118426d req-579d7442-b667-4908-b6d6-3332d308c658 5aece556be5c4597b45ae4ca8968f208 1963e81d3b9447b09c7dede164a08ae2 - - ab14bc3c683241efb1bd8ca3b3626608 ab14bc3c683241efb1bd8ca3b3626608] 199.204.45.177 "GET /v2.0/floatingips?fixed_ip_address=10.100.0.7&port_id=25d2a979-8735-4242-81e2-c607c6d16222 HTTP/1.1" status: 200 len: 1059 time: 0.0470080
2026-06-26 04:45:12.716 9 INFO neutron.wsgi [req-deb2126a-18f4-4702-a10b-0c6c0118426d req-a167fc83-4b71-4cdc-8df0-f6e1b4825258 5aece556be5c4597b45ae4ca8968f208 1963e81d3b9447b09c7dede164a08ae2 - - ab14bc3c683241efb1bd8ca3b3626608 ab14bc3c683241efb1bd8ca3b3626608] 199.204.45.177 "GET /v2.0/subnets?id=24c6f7e0-03db-4c3b-8f08-9f6d2de4b2c9 HTTP/1.1" status: 200 len: 876 time: 0.0367031
2026-06-26 04:45:12.750 9 INFO neutron.wsgi [req-deb2126a-18f4-4702-a10b-0c6c0118426d req-c73b029b-26d4-4868-8b9c-c27f5ed19d42 5aece556be5c4597b45ae4ca8968f208 1963e81d3b9447b09c7dede164a08ae2 - - ab14bc3c683241efb1bd8ca3b3626608 ab14bc3c683241efb1bd8ca3b3626608] 199.204.45.177 "GET /v2.0/ports?network_id=122cc9fa-6842-4e74-9b1e-0dade9a2b084&device_owner=network%3Adhcp HTTP/1.1" status: 200 len: 210 time: 0.0267954
2026-06-26 04:45:12.827 9 INFO neutron.wsgi [req-deb2126a-18f4-4702-a10b-0c6c0118426d req-2fef587a-e823-4bae-bd11-f8e124f0f309 5aece556be5c4597b45ae4ca8968f208 1963e81d3b9447b09c7dede164a08ae2 - - ab14bc3c683241efb1bd8ca3b3626608 ab14bc3c683241efb1bd8ca3b3626608] 199.204.45.177 "GET /v2.0/networks/122cc9fa-6842-4e74-9b1e-0dade9a2b084?fields=segments HTTP/1.1" status: 200 len: 212 time: 0.0693023
2026-06-26 04:45:12.905 9 INFO neutron.wsgi [req-deb2126a-18f4-4702-a10b-0c6c0118426d req-55fe567e-46e7-4e9b-b96c-ea14b4379d5b 5aece556be5c4597b45ae4ca8968f208 1963e81d3b9447b09c7dede164a08ae2 - - ab14bc3c683241efb1bd8ca3b3626608 ab14bc3c683241efb1bd8ca3b3626608] 199.204.45.177 "GET /v2.0/networks/122cc9fa-6842-4e74-9b1e-0dade9a2b084?fields=provider%3Aphysical_network&fields=provider%3Anetwork_type HTTP/1.1" status: 200 len: 277 time: 0.0718756
2026-06-26 04:45:12.923 10 INFO neutron.wsgi [None req-c00f9d8d-0ede-4b06-aa32-ae01900782dd fa6ee0307e9e4c598e0fc0ad83969e72 b902d3189ef64166b07841c641636341 - - - -] 10.0.0.66 "PUT /v2.0/routers/77c26813-a3b9-4fa2-8bf4-d09e16f00de7/remove_router_interface HTTP/1.1" status: 200 len: 503 time: 1.1928182 /var/lib/openstack/lib/python3.10/site-packages/pycadf/identifier.py:71: UserWarning: Invalid uuid: neutron. To ensure interoperability, identifiers should be a valid uuid. warnings.warn(('Invalid uuid: %s. To ensure interoperability, '
2026-06-26 04:45:13.122 9 INFO neutron.plugins.ml2.drivers.ovn.mech_driver.mech_driver [None req-2c575510-7952-4175-ba50-46335c36ee66 - - - - - -] OVN reports status down for port: 25d2a979-8735-4242-81e2-c607c6d16222
2026-06-26 04:45:13.216 9 INFO neutron.db.ovn_revision_numbers_db [None req-3d49dc62-b2ad-468a-b9bf-553ac0ad66b0 fa6ee0307e9e4c598e0fc0ad83969e72 b902d3189ef64166b07841c641636341 - - default default] Successfully bumped revision number for resource aed44f38-7cf5-4abd-ad04-7ebc4718983f (type: security_groups) to 1
2026-06-26 04:45:13.241 9 INFO neutron.wsgi [None req-3d49dc62-b2ad-468a-b9bf-553ac0ad66b0 fa6ee0307e9e4c598e0fc0ad83969e72 b902d3189ef64166b07841c641636341 - - default default] 10.0.0.66 "GET /v2.0/security-groups?tenant_id=61a9edd94e6647b2b0d4152cb7418dc8&name=default HTTP/1.1" status: 200 len: 2996 time: 0.3283048
2026-06-26 04:45:13.250 10 INFO neutron.wsgi [req-bd699cc0-64a3-4dbb-9a4d-db87460e702b req-a4d7efaa-5241-424e-8fe3-df6386bb1f48 034269a6181941d5924e06735747785d c455aaa9cf274448a098db6afb7a7fec - - default default] 10.0.0.222 "GET /v2.0/ports?device_id=51452fd0-93ef-4fab-94b8-3eae00bca164 HTTP/1.1" status: 200 len: 1170 time: 0.1576686
2026-06-26 04:45:13.464 9 INFO neutron.wsgi [req-a98d65ae-d747-496d-8e01-ab1fa4d949cf req-d4654872-5592-4c60-b777-46d74fe2ab89 034269a6181941d5924e06735747785d c455aaa9cf274448a098db6afb7a7fec - - default default] 199.204.45.177 "GET /v2.0/ports?device_id=51452fd0-93ef-4fab-94b8-3eae00bca164 HTTP/1.1" status: 200 len: 1168 time: 0.0527148
2026-06-26 04:45:13.521 9 INFO neutron.db.ovn_revision_numbers_db [None req-2c575510-7952-4175-ba50-46335c36ee66 - - - - - -] Successfully bumped revision number for resource 25d2a979-8735-4242-81e2-c607c6d16222 (type: ports) to 7
2026-06-26 04:45:13.605 9 INFO neutron.wsgi [None req-b006a1fa-1de1-458b-a9e2-befa01ee3944 fa6ee0307e9e4c598e0fc0ad83969e72 b902d3189ef64166b07841c641636341 - - - -] 10.0.0.66 "DELETE /v2.0/security-groups/aed44f38-7cf5-4abd-ad04-7ebc4718983f HTTP/1.1" status: 204 len: 168 time: 0.3583975
2026-06-26 04:45:13.696 10 INFO neutron.wsgi [req-bd699cc0-64a3-4dbb-9a4d-db87460e702b req-2db19c46-ee82-465f-ba06-761a341f930f 034269a6181941d5924e06735747785d c455aaa9cf274448a098db6afb7a7fec - - default default] 10.0.0.222 "GET /v2.0/security-groups?id=06bdaa58-6e83-4add-9f56-2d5c8d04629e&fields=id&fields=name HTTP/1.1" status: 200 len: 312 time: 0.4390173
2026-06-26 04:45:14.034 10 INFO neutron.wsgi [None req-6363977a-9c5e-4fc5-a8db-1ae1a224fadb fa6ee0307e9e4c598e0fc0ad83969e72 b902d3189ef64166b07841c641636341 - - - -] 10.0.0.66 "DELETE /v2.0/routers/77c26813-a3b9-4fa2-8bf4-d09e16f00de7 HTTP/1.1" status: 204 len: 168 time: 1.1047573
2026-06-26 04:45:14.091 9 INFO neutron.db.l3_db [None req-75f99887-6ee8-4541-a68a-8f7d678da6e7 034269a6181941d5924e06735747785d c455aaa9cf274448a098db6afb7a7fec - - - -] Floating IP ade65425-4044-49ac-9126-a78f174dddf8 disassociated. External IP: 10.96.250.213, port: 25d2a979-8735-4242-81e2-c607c6d16222.
2026-06-26 04:45:14.216 10 INFO neutron.wsgi [None req-38ba07a0-c7ce-4417-b300-40b7a4df4c81 fa6ee0307e9e4c598e0fc0ad83969e72 b902d3189ef64166b07841c641636341 - - - -] 10.0.0.66 "DELETE /v2.0/subnets/785f3f4e-97c3-4996-93c0-a84ed101069f HTTP/1.1" status: 204 len: 168 time: 0.1782725
2026-06-26 04:45:14.329 9 INFO neutron.wsgi [None req-75f99887-6ee8-4541-a68a-8f7d678da6e7 034269a6181941d5924e06735747785d c455aaa9cf274448a098db6afb7a7fec - - - -] 199.204.45.177 "DELETE /v2.0/ports/25d2a979-8735-4242-81e2-c607c6d16222 HTTP/1.1" status: 204 len: 173 time: 0.8568797
2026-06-26 04:45:14.502 9 INFO neutron.notifiers.nova [-] Nova event matching ['req-e65a99e6-0d23-43cf-80c5-b8275c306ed0'] response: {'server_uuid': '51452fd0-93ef-4fab-94b8-3eae00bca164', 'name': 'network-vif-unplugged', 'status': 'completed', 'tag': '25d2a979-8735-4242-81e2-c607c6d16222', 'code': 200}
2026-06-26 04:45:14.503 9 INFO neutron.notifiers.nova [-] Nova event matching ['req-e65a99e6-0d23-43cf-80c5-b8275c306ed0'] response: {'server_uuid': '51452fd0-93ef-4fab-94b8-3eae00bca164', 'name': 'network-vif-plugged', 'status': 'completed', 'tag': '25d2a979-8735-4242-81e2-c607c6d16222', 'code': 200}
2026-06-26 04:45:14.503 9 INFO neutron.notifiers.nova [-] Nova event matching ['req-e65a99e6-0d23-43cf-80c5-b8275c306ed0'] response: {'server_uuid': '51452fd0-93ef-4fab-94b8-3eae00bca164', 'name': 'network-vif-deleted', 'tag': '25d2a979-8735-4242-81e2-c607c6d16222', 'status': 'completed', 'code': 200}
2026-06-26 04:45:14.626 10 INFO neutron.services.segments.plugin [-] Segment e232802d-10bb-43b9-9cf1-3bc384779449 resource provider aggregate not found
2026-06-26 04:45:14.633 10 INFO neutron.services.segments.plugin [-] Segment e232802d-10bb-43b9-9cf1-3bc384779449 resource provider aggregate not found
2026-06-26 04:45:14.642 10 INFO neutron.services.segments.plugin [-] Segment e232802d-10bb-43b9-9cf1-3bc384779449 resource provider not found; error: Placement Client Error (4xx): {"errors": [{"status": 404, "title": "Not Found", "detail": "The resource could not be found.\n\n No resource provider with uuid e232802d-10bb-43b9-9cf1-3bc384779449 found for delete ", "request_id": "req-3bcbe252-2218-44a2-94fc-46903934cadf"}]}
2026-06-26 04:45:14.647 10 INFO neutron.services.segments.plugin [-] Segment e232802d-10bb-43b9-9cf1-3bc384779449 resource provider not found; error: Placement Client Error (4xx): {"errors": [{"status": 404, "title": "Not Found", "detail": "The resource could not be found.\n\n No resource provider with uuid e232802d-10bb-43b9-9cf1-3bc384779449 found for delete ", "request_id": "req-979e69b3-ae39-44e3-8b09-4303e9473290"}]}
2026-06-26 04:45:14.675 10 INFO neutron.wsgi [None req-56fa3b6a-ebec-4cd9-ae79-f84a1ee0d462 fa6ee0307e9e4c598e0fc0ad83969e72 b902d3189ef64166b07841c641636341 - - - -] 10.0.0.66 "DELETE /v2.0/networks/620f9ea0-3cd2-4891-9a26-7eb37d6e95d8 HTTP/1.1" status: 204 len: 168 time: 0.4513998 /var/lib/openstack/lib/python3.10/site-packages/pycadf/identifier.py:71: UserWarning: Invalid uuid: neutron. To ensure interoperability, identifiers should be a valid uuid. warnings.warn(('Invalid uuid: %s. To ensure interoperability, '
2026-06-26 04:45:14.826 9 INFO neutron.wsgi [None req-262560e0-1c25-4e5a-a742-56bd00048152 fa6ee0307e9e4c598e0fc0ad83969e72 b902d3189ef64166b07841c641636341 - - default default] 10.0.0.66 "GET /v2.0/security-groups?tenant_id=363c430ac2dc4d29b78c72403541cd6f&name=default HTTP/1.1" status: 200 len: 2996 time: 0.0334101
2026-06-26 04:45:14.923 10 INFO neutron.wsgi [None req-40d5e5e3-f502-4514-9c2b-76272ae6f52b 034269a6181941d5924e06735747785d c455aaa9cf274448a098db6afb7a7fec - - - -] 10.0.0.66 "DELETE /v2.0/security-groups/06bdaa58-6e83-4add-9f56-2d5c8d04629e HTTP/1.1" status: 204 len: 168 time: 0.1276908
2026-06-26 04:45:14.940 10 INFO neutron.api.v2.resource [None req-dd310de7-82b8-4b76-a9da-494e553114ae 034269a6181941d5924e06735747785d c455aaa9cf274448a098db6afb7a7fec - - default default] show failed (client error): The resource could not be found.
2026-06-26 04:45:14.942 10 INFO neutron.wsgi [None req-dd310de7-82b8-4b76-a9da-494e553114ae 034269a6181941d5924e06735747785d c455aaa9cf274448a098db6afb7a7fec - - default default] 10.0.0.66 "GET /v2.0/security-groups/06bdaa58-6e83-4add-9f56-2d5c8d04629e HTTP/1.1" status: 404 len: 347 time: 0.0138946
2026-06-26 04:45:15.006 9 INFO neutron.wsgi [None req-655043ff-d394-4d81-abbd-31b6e7b2988b fa6ee0307e9e4c598e0fc0ad83969e72 b902d3189ef64166b07841c641636341 - - - -] 10.0.0.66 "DELETE /v2.0/security-groups/5540a480-14fa-407e-ab6d-4e2dd45df161 HTTP/1.1" status: 204 len: 168 time: 0.1746414
2026-06-26 04:45:15.281 10 INFO neutron.wsgi [None req-9659999b-c21a-4a7d-b3d5-2c2aefa70239 034269a6181941d5924e06735747785d c455aaa9cf274448a098db6afb7a7fec - - - -] 10.0.0.66 "DELETE /v2.0/floatingips/ade65425-4044-49ac-9126-a78f174dddf8 HTTP/1.1" status: 204 len: 168 time: 0.3354318
2026-06-26 04:45:16.377 10 INFO neutron.wsgi [None req-62eb2a32-21ce-43c5-a417-4a40addd66a3 fa6ee0307e9e4c598e0fc0ad83969e72 b902d3189ef64166b07841c641636341 - - - -] 10.0.0.66 "PUT /v2.0/routers/9c6baaa8-dcac-4bd3-b401-4b405536a2e6/remove_router_interface HTTP/1.1" status: 200 len: 503 time: 1.0182583 /var/lib/openstack/lib/python3.10/site-packages/pycadf/identifier.py:71: UserWarning: Invalid uuid: neutron. To ensure interoperability, identifiers should be a valid uuid. warnings.warn(('Invalid uuid: %s. To ensure interoperability, '
2026-06-26 04:45:17.341 10 INFO neutron.wsgi [None req-a5fd5c8f-6774-4852-b6f4-9ffcadee376c fa6ee0307e9e4c598e0fc0ad83969e72 b902d3189ef64166b07841c641636341 - - - -] 10.0.0.66 "DELETE /v2.0/routers/9c6baaa8-dcac-4bd3-b401-4b405536a2e6 HTTP/1.1" status: 204 len: 168 time: 0.9588828
2026-06-26 04:45:17.579 9 INFO neutron.wsgi [None req-e6b984ec-412b-45ff-8e7d-3057ba557889 fa6ee0307e9e4c598e0fc0ad83969e72 b902d3189ef64166b07841c641636341 - - - -] 10.0.0.66 "DELETE /v2.0/subnets/24c6f7e0-03db-4c3b-8f08-9f6d2de4b2c9 HTTP/1.1" status: 204 len: 168 time: 0.2331884
2026-06-26 04:45:17.979 9 INFO neutron.services.segments.plugin [-] Segment a8b94d62-24d4-4a15-a99c-252d1a670c2e resource provider aggregate not found
2026-06-26 04:45:17.985 9 INFO neutron.services.segments.plugin [-] Segment a8b94d62-24d4-4a15-a99c-252d1a670c2e resource provider aggregate not found
2026-06-26 04:45:18.000 9 INFO neutron.services.segments.plugin [-] Segment a8b94d62-24d4-4a15-a99c-252d1a670c2e resource provider not found; error: Placement Client Error (4xx): {"errors": [{"status": 404, "title": "Not Found", "detail": "The resource could not be found.\n\n No resource provider with uuid a8b94d62-24d4-4a15-a99c-252d1a670c2e found for delete ", "request_id": "req-4497e67e-7286-4712-b1c0-fa03de59c593"}]}
2026-06-26 04:45:18.002 9 INFO neutron.services.segments.plugin [-] Segment a8b94d62-24d4-4a15-a99c-252d1a670c2e resource provider not found; error: Placement Client Error (4xx): {"errors": [{"status": 404, "title": "Not Found", "detail": "The resource could not be found.\n\n No resource provider with uuid a8b94d62-24d4-4a15-a99c-252d1a670c2e found for delete ", "request_id": "req-c7df5f58-d99b-42d3-892c-02924b2befa2"}]}
2026-06-26 04:45:18.017 9 INFO neutron.wsgi [None req-a18bef90-83f3-498e-8776-9841b0bb8279 fa6ee0307e9e4c598e0fc0ad83969e72 b902d3189ef64166b07841c641636341 - - - -] 10.0.0.66 "DELETE /v2.0/networks/122cc9fa-6842-4e74-9b1e-0dade9a2b084 HTTP/1.1" status: 204 len: 168 time: 0.4325919
2026-06-26 04:45:18.092 10 INFO neutron.db.ovn_revision_numbers_db [None req-e175be9e-eb5a-453f-bc4a-e54dbda7408f fa6ee0307e9e4c598e0fc0ad83969e72 b902d3189ef64166b07841c641636341 - - default default] Successfully bumped revision number for resource 7dba0f6c-8a96-4740-a0d9-22277ebef818 (type: security_groups) to 1
2026-06-26 04:45:18.115 10 INFO neutron.wsgi [None req-e175be9e-eb5a-453f-bc4a-e54dbda7408f fa6ee0307e9e4c598e0fc0ad83969e72 b902d3189ef64166b07841c641636341 - - default default] 10.0.0.66 "GET /v2.0/security-groups?tenant_id=e4916392727d4f548a67d7e62d5b3617&name=default HTTP/1.1" status: 200 len: 2996 time: 0.2810273
2026-06-26 04:45:18.155 9 INFO neutron.wsgi [None req-9675cd41-a85d-4e33-884d-7106889f7778 fa6ee0307e9e4c598e0fc0ad83969e72 b902d3189ef64166b07841c641636341 - - default default] 10.0.0.66 "GET /v2.0/security-groups?tenant_id=c455aaa9cf274448a098db6afb7a7fec&name=default HTTP/1.1" status: 200 len: 2996 time: 0.0329924
2026-06-26 04:45:18.296 10 INFO neutron.wsgi [None req-99398079-108c-49c6-8c2a-5be3a68f3ef0 fa6ee0307e9e4c598e0fc0ad83969e72 b902d3189ef64166b07841c641636341 - - - -] 10.0.0.66 "DELETE /v2.0/security-groups/7dba0f6c-8a96-4740-a0d9-22277ebef818 HTTP/1.1" status: 204 len: 168 time: 0.1753383
2026-06-26 04:45:18.324 9 INFO neutron.wsgi [None req-7fd338db-056b-4108-9ed5-287f3d12b87b fa6ee0307e9e4c598e0fc0ad83969e72 b902d3189ef64166b07841c641636341 - - - -] 10.0.0.66 "DELETE /v2.0/security-groups/228d55b9-4bc7-448a-970b-5443147a483b HTTP/1.1" status: 204 len: 168 time: 0.1649289
2026-06-26 04:45:20.266 9 INFO neutron.db.ovn_revision_numbers_db [None req-2dd8f73e-07e3-4391-947d-caf9c72629bb fa6ee0307e9e4c598e0fc0ad83969e72 b902d3189ef64166b07841c641636341 - - - -] Successfully bumped revision number for resource 81e9ca76-d92e-459c-b20e-6e5860e2696a (type: security_groups) to 1
2026-06-26 04:45:20.319 9 INFO neutron.db.segments_db [None req-2dd8f73e-07e3-4391-947d-caf9c72629bb fa6ee0307e9e4c598e0fc0ad83969e72 b902d3189ef64166b07841c641636341 - - - -] Added segment 572adbab-e08d-4860-bfbf-014c8f0d6c31 of type geneve for network 717bac73-b8c6-4c34-aab9-e98299a06cde
2026-06-26 04:45:20.423 9 INFO neutron.db.ovn_revision_numbers_db [None req-2dd8f73e-07e3-4391-947d-caf9c72629bb fa6ee0307e9e4c598e0fc0ad83969e72 b902d3189ef64166b07841c641636341 - - - -] Successfully bumped revision number for resource 717bac73-b8c6-4c34-aab9-e98299a06cde (type: networks) to 1
2026-06-26 04:45:20.460 10 INFO neutron.wsgi [req-b8b007c7-5880-4ed6-ad08-5a2431fdb1e0 req-6f0469e2-d625-459d-983e-bc3fb4930007 5aece556be5c4597b45ae4ca8968f208 1963e81d3b9447b09c7dede164a08ae2 - - ab14bc3c683241efb1bd8ca3b3626608 ab14bc3c683241efb1bd8ca3b3626608] 10.0.0.119 "GET /v2.0/ports?device_id=3c1d37b2-daa1-438c-a043-47caf8c7867c HTTP/1.1" status: 200 len: 1361 time: 0.0399301
2026-06-26 04:45:20.519 10 INFO neutron.wsgi [req-b8b007c7-5880-4ed6-ad08-5a2431fdb1e0 req-0e1332cf-8489-4fac-84b2-4cf4d1ae4dbf 5aece556be5c4597b45ae4ca8968f208 1963e81d3b9447b09c7dede164a08ae2 - - ab14bc3c683241efb1bd8ca3b3626608 ab14bc3c683241efb1bd8ca3b3626608] 10.0.0.119 "GET /v2.0/security-groups?id=85094244-0065-4def-9cad-4a6bcad6e9d5&fields=id&fields=name HTTP/1.1" status: 200 len: 313 time: 0.0471866
2026-06-26 04:45:20.657 9 WARNING neutron.scheduler.dhcp_agent_scheduler [None req-2dd8f73e-07e3-4391-947d-caf9c72629bb fa6ee0307e9e4c598e0fc0ad83969e72 b902d3189ef64166b07841c641636341 - - - -] No more DHCP agents
2026-06-26 04:45:20.659 9 WARNING neutron.api.rpc.agentnotifiers.dhcp_rpc_agent_api [None req-2dd8f73e-07e3-4391-947d-caf9c72629bb fa6ee0307e9e4c598e0fc0ad83969e72 b902d3189ef64166b07841c641636341 - - - -] Unable to schedule network 717bac73-b8c6-4c34-aab9-e98299a06cde: no agents available; will retry on subsequent port and subnet creation events.
2026-06-26 04:45:20.731 9 INFO neutron.db.ovn_revision_numbers_db [None req-2dd8f73e-07e3-4391-947d-caf9c72629bb fa6ee0307e9e4c598e0fc0ad83969e72 b902d3189ef64166b07841c641636341 - - - -] Successfully bumped revision number for resource b085ac80-914e-433e-baa8-129762ac831f (type: ports) to 1
2026-06-26 04:45:20.753 9 INFO neutron.wsgi [None req-2dd8f73e-07e3-4391-947d-caf9c72629bb fa6ee0307e9e4c598e0fc0ad83969e72 b902d3189ef64166b07841c641636341 - - - -] 10.0.0.66 "POST /v2.0/networks HTTP/1.1" status: 201 len: 947 time: 0.7463822
2026-06-26 04:45:20.921 9 WARNING neutron.scheduler.dhcp_agent_scheduler [None req-61e216b2-33eb-413d-9ccb-da48b388043b fa6ee0307e9e4c598e0fc0ad83969e72 b902d3189ef64166b07841c641636341 - - - -] No more DHCP agents
2026-06-26 04:45:20.924 9 WARNING neutron.api.rpc.agentnotifiers.dhcp_rpc_agent_api [None req-61e216b2-33eb-413d-9ccb-da48b388043b fa6ee0307e9e4c598e0fc0ad83969e72 b902d3189ef64166b07841c641636341 - - - -] Unable to schedule network 717bac73-b8c6-4c34-aab9-e98299a06cde: no agents available; will retry on subsequent port and subnet creation events.
2026-06-26 04:45:21.438 9 INFO neutron.db.ovn_revision_numbers_db [None req-61e216b2-33eb-413d-9ccb-da48b388043b fa6ee0307e9e4c598e0fc0ad83969e72 b902d3189ef64166b07841c641636341 - - - -] Successfully bumped revision number for resource b085ac80-914e-433e-baa8-129762ac831f (type: ports) to 2
2026-06-26 04:45:21.457 9 INFO neutron.db.ovn_revision_numbers_db [None req-61e216b2-33eb-413d-9ccb-da48b388043b fa6ee0307e9e4c598e0fc0ad83969e72 b902d3189ef64166b07841c641636341 - - - -] Successfully bumped revision number for resource d23264fa-9884-4f11-8663-9e415cdbddb9 (type: subnets) to 0
2026-06-26 04:45:21.472 9 INFO neutron.wsgi [None req-61e216b2-33eb-413d-9ccb-da48b388043b fa6ee0307e9e4c598e0fc0ad83969e72 b902d3189ef64166b07841c641636341 - - - -] 10.0.0.66 "POST /v2.0/subnets HTTP/1.1" status: 201 len: 868 time: 0.7141924
2026-06-26 04:45:22.023 9 WARNING neutron.scheduler.dhcp_agent_scheduler [None req-6bc4eba0-286b-4631-b62a-7e25a33fc8c0 fa6ee0307e9e4c598e0fc0ad83969e72 b902d3189ef64166b07841c641636341 - - - -] No more DHCP agents
2026-06-26 04:45:22.026 9 WARNING neutron.api.rpc.agentnotifiers.dhcp_rpc_agent_api [None req-6bc4eba0-286b-4631-b62a-7e25a33fc8c0 fa6ee0307e9e4c598e0fc0ad83969e72 b902d3189ef64166b07841c641636341 - - - -] Unable to schedule network 04c49fc6-415a-4a5b-a0fd-5b557bbc148c: no agents available; will retry on subsequent port and subnet creation events.
2026-06-26 04:45:22.167 9 INFO neutron.db.ovn_revision_numbers_db [None req-6bc4eba0-286b-4631-b62a-7e25a33fc8c0 fa6ee0307e9e4c598e0fc0ad83969e72 b902d3189ef64166b07841c641636341 - - - -] Successfully bumped revision number for resource 5d9ab1af-b6a8-40fd-a2bc-1910a91864aa (type: ports) to 1
2026-06-26 04:45:22.600 10 INFO neutron.wsgi [-] 10.0.0.37 "GET / HTTP/1.1" status: 200 len: 247 time: 0.0016582
2026-06-26 04:45:22.602 10 INFO neutron.wsgi [-] 10.0.0.37 "GET / HTTP/1.1" status: 200 len: 247 time: 0.0016539
2026-06-26 04:45:23.081 9 INFO neutron.plugins.ml2.drivers.ovn.mech_driver.mech_driver [None req-2c575510-7952-4175-ba50-46335c36ee66 - - - - - -] OVN reports status up for port: 5d9ab1af-b6a8-40fd-a2bc-1910a91864aa
2026-06-26 04:45:23.106 9 INFO neutron.plugins.ml2.drivers.ovn.mech_driver.ovsdb.ovsdb_monitor [None req-2e75082f-f23b-42b8-b68e-c6b566a496d0 - - - - - -] Router 2100e61f-0cf3-430d-8e83-2bf71908b3ed is bound to host instance
2026-06-26 04:45:23.109 9 INFO neutron.plugins.ml2.plugin [None req-2c575510-7952-4175-ba50-46335c36ee66 - - - - - -] Attempt 1 to provision port 5d9ab1af-b6a8-40fd-a2bc-1910a91864aa
2026-06-26 04:45:23.128 9 INFO neutron.db.ovn_revision_numbers_db [None req-6bc4eba0-286b-4631-b62a-7e25a33fc8c0 fa6ee0307e9e4c598e0fc0ad83969e72 b902d3189ef64166b07841c641636341 - - - -] Successfully bumped revision number for resource 5d9ab1af-b6a8-40fd-a2bc-1910a91864aa (type: router_ports) to 1
2026-06-26 04:45:23.236 9 INFO neutron.db.ovn_revision_numbers_db [None req-6bc4eba0-286b-4631-b62a-7e25a33fc8c0 fa6ee0307e9e4c598e0fc0ad83969e72 b902d3189ef64166b07841c641636341 - - - -] Successfully bumped revision number for resource 2100e61f-0cf3-430d-8e83-2bf71908b3ed (type: routers) to 3
2026-06-26 04:45:23.273 9 INFO neutron.wsgi [None req-6bc4eba0-286b-4631-b62a-7e25a33fc8c0 fa6ee0307e9e4c598e0fc0ad83969e72 b902d3189ef64166b07841c641636341 - - - -] 10.0.0.66 "POST /v2.0/routers HTTP/1.1" status: 201 len: 879 time: 1.7956414
2026-06-26 04:45:23.699 10 WARNING neutron.scheduler.dhcp_agent_scheduler [None req-83547f0a-4eb7-422c-9a4b-3c23a4a7f82a fa6ee0307e9e4c598e0fc0ad83969e72 b902d3189ef64166b07841c641636341 - - default default] No more DHCP agents
2026-06-26 04:45:23.701 10 WARNING neutron.api.rpc.agentnotifiers.dhcp_rpc_agent_api [None req-83547f0a-4eb7-422c-9a4b-3c23a4a7f82a fa6ee0307e9e4c598e0fc0ad83969e72 b902d3189ef64166b07841c641636341 - - default default] Unable to schedule network 717bac73-b8c6-4c34-aab9-e98299a06cde: no agents available; will retry on subsequent port and subnet creation events.
2026-06-26 04:45:23.703 9 INFO neutron.db.ovn_revision_numbers_db [None req-2e75082f-f23b-42b8-b68e-c6b566a496d0 - - - - - -] Successfully bumped revision number for resource 5d9ab1af-b6a8-40fd-a2bc-1910a91864aa (type: ports) to 1
2026-06-26 04:45:23.830 10 INFO neutron.db.ovn_revision_numbers_db [None req-83547f0a-4eb7-422c-9a4b-3c23a4a7f82a fa6ee0307e9e4c598e0fc0ad83969e72 b902d3189ef64166b07841c641636341 - - default default] Successfully bumped revision number for resource 95b485e7-f894-421e-b55d-f82592f03776 (type: ports) to 1
2026-06-26 04:45:23.988 9 INFO neutron.db.ovn_revision_numbers_db [None req-2e75082f-f23b-42b8-b68e-c6b566a496d0 - - - - - -] Successfully bumped revision number for resource 5d9ab1af-b6a8-40fd-a2bc-1910a91864aa (type: router_ports) to 3
2026-06-26 04:45:24.067 9 INFO neutron.db.ovn_revision_numbers_db [None req-cbac53f6-7a16-43ea-a288-b206aa4827e5 fa6ee0307e9e4c598e0fc0ad83969e72 b902d3189ef64166b07841c641636341 - - default default] Successfully bumped revision number for resource 0d5bb6b2-00c6-41be-aec6-1ee9da36b02f (type: security_groups) to 1
2026-06-26 04:45:24.103 9 INFO neutron.wsgi [None req-cbac53f6-7a16-43ea-a288-b206aa4827e5 fa6ee0307e9e4c598e0fc0ad83969e72 b902d3189ef64166b07841c641636341 - - default default] 10.0.0.66 "GET /v2.0/security-groups?tenant_id=2c67a967361b44068ef815fa855411c8&name=default HTTP/1.1" status: 200 len: 2996 time: 0.3013632
2026-06-26 04:45:24.141 10 INFO neutron.wsgi [None req-dacc472b-faaf-4490-9c2e-0daad2f01b78 fa6ee0307e9e4c598e0fc0ad83969e72 b902d3189ef64166b07841c641636341 - - default default] 10.0.0.234 "GET /v2.0/subnets HTTP/1.1" status: 200 len: 2753 time: 0.1107180
2026-06-26 04:45:24.155 9 INFO neutron.db.ovn_revision_numbers_db [None req-2e75082f-f23b-42b8-b68e-c6b566a496d0 - - - - - -] Successfully bumped revision number for resource 5d9ab1af-b6a8-40fd-a2bc-1910a91864aa (type: ports) to 2
2026-06-26 04:45:24.195 10 INFO neutron.wsgi [None req-36b6169e-f3c6-429f-94a4-67e5d00106f3 fa6ee0307e9e4c598e0fc0ad83969e72 b902d3189ef64166b07841c641636341 - - default default] 10.0.0.234 "GET /v2.0/subnets HTTP/1.1" status: 200 len: 2753 time: 0.0432463
2026-06-26 04:45:24.216 10 INFO neutron.wsgi [None req-5e05d7db-e53c-4ead-9b63-f44237c118df fa6ee0307e9e4c598e0fc0ad83969e72 b902d3189ef64166b07841c641636341 - - default default] 10.0.0.234 "GET /v2.0/subnetpools HTTP/1.1" status: 200 len: 193 time: 0.0190816
2026-06-26 04:45:24.392 10 INFO neutron.wsgi [None req-259055a3-95e2-462d-ab39-515c2268bef9 fa6ee0307e9e4c598e0fc0ad83969e72 b902d3189ef64166b07841c641636341 - - default default] 10.0.0.234 "GET /v2.0/security-groups HTTP/1.1" status: 200 len: 27885 time: 0.1705072
2026-06-26 04:45:24.410 10 INFO neutron.plugins.ml2.drivers.ovn.mech_driver.mech_driver [None req-21a5bdf3-7927-4870-8c57-283e5d8c20e0 - - - - - -] OVN reports status up for port: 95b485e7-f894-421e-b55d-f82592f03776
2026-06-26 04:45:24.426 10 INFO neutron.wsgi [None req-afb6d0e3-5f0e-4bdc-aa5b-8b73afef34c9 fa6ee0307e9e4c598e0fc0ad83969e72 b902d3189ef64166b07841c641636341 - - default default] 10.0.0.234 "GET /v2.0/agents HTTP/1.1" status: 200 len: 997 time: 0.0215237
2026-06-26 04:45:24.428 9 INFO neutron.db.ovn_revision_numbers_db [None req-2e75082f-f23b-42b8-b68e-c6b566a496d0 - - - - - -] Successfully bumped revision number for resource 5d9ab1af-b6a8-40fd-a2bc-1910a91864aa (type: ports) to 4
2026-06-26 04:45:24.430 10 INFO neutron.db.ovn_revision_numbers_db [None req-83547f0a-4eb7-422c-9a4b-3c23a4a7f82a fa6ee0307e9e4c598e0fc0ad83969e72 b902d3189ef64166b07841c641636341 - - default default] Successfully bumped revision number for resource 95b485e7-f894-421e-b55d-f82592f03776 (type: router_ports) to 2
2026-06-26 04:45:24.441 10 INFO neutron.plugins.ml2.plugin [None req-21a5bdf3-7927-4870-8c57-283e5d8c20e0 - - - - - -] Attempt 1 to provision port 95b485e7-f894-421e-b55d-f82592f03776
2026-06-26 04:45:24.465 10 INFO neutron.wsgi [None req-6cb35b38-16f6-4de8-8b71-48e60b76f643 fa6ee0307e9e4c598e0fc0ad83969e72 b902d3189ef64166b07841c641636341 - - default default] 10.0.0.234 "GET /v2.0/network-ip-availabilities HTTP/1.1" status: 200 len: 2240 time: 0.0354080
2026-06-26 04:45:24.588 10 INFO neutron.wsgi [None req-115b6164-fe2c-4b09-9a1a-dba981bf3be0 fa6ee0307e9e4c598e0fc0ad83969e72 b902d3189ef64166b07841c641636341 - - default default] 10.0.0.234 "GET /v2.0/networks HTTP/1.1" status: 200 len: 3872 time: 0.1194510
2026-06-26 04:45:24.590 10 INFO neutron.wsgi [None req-0bd63bcb-8979-406f-9530-5e7bbeccadde fa6ee0307e9e4c598e0fc0ad83969e72 b902d3189ef64166b07841c641636341 - - - -] 10.0.0.66 "DELETE /v2.0/security-groups/0d5bb6b2-00c6-41be-aec6-1ee9da36b02f HTTP/1.1" status: 204 len: 168 time: 0.4788406
2026-06-26 04:45:24.671 9 INFO neutron.db.ovn_revision_numbers_db [None req-2e75082f-f23b-42b8-b68e-c6b566a496d0 - - - - - -] Successfully bumped revision number for resource 5d9ab1af-b6a8-40fd-a2bc-1910a91864aa (type: router_ports) to 4
2026-06-26 04:45:24.680 10 INFO neutron.wsgi [None req-be8d5def-af57-4fe3-9dfb-27abf2650641 fa6ee0307e9e4c598e0fc0ad83969e72 b902d3189ef64166b07841c641636341 - - default default] 10.0.0.234 "GET /v2.0/floatingips HTTP/1.1" status: 200 len: 1035 time: 0.0792263
2026-06-26 04:45:24.732 10 INFO neutron.wsgi [None req-44070a79-541f-4111-8db7-bd940f4d472b fa6ee0307e9e4c598e0fc0ad83969e72 b902d3189ef64166b07841c641636341 - - default default] 10.0.0.234 "GET /v2.0/ports HTTP/1.1" status: 200 len: 13752 time: 0.0503328
2026-06-26 04:45:24.748 10 INFO neutron.db.ovn_revision_numbers_db [None req-83547f0a-4eb7-422c-9a4b-3c23a4a7f82a fa6ee0307e9e4c598e0fc0ad83969e72 b902d3189ef64166b07841c641636341 - - default default] Successfully bumped revision number for resource 95b485e7-f894-421e-b55d-f82592f03776 (type: ports) to 2
2026-06-26 04:45:24.803 9 INFO neutron.db.ovn_revision_numbers_db [None req-987c80e9-4ba6-47a2-bff5-ded5cdb92723 fa6ee0307e9e4c598e0fc0ad83969e72 b902d3189ef64166b07841c641636341 - - default default] Successfully bumped revision number for resource da2eb4f6-0cd7-4e50-a4cc-5a95648f064e (type: security_groups) to 1
2026-06-26 04:45:24.822 9 INFO neutron.wsgi [None req-987c80e9-4ba6-47a2-bff5-ded5cdb92723 fa6ee0307e9e4c598e0fc0ad83969e72 b902d3189ef64166b07841c641636341 - - default default] 10.0.0.66 "GET /v2.0/security-groups?tenant_id=600fdd030e4646e6be2cceb45787078d&name=default HTTP/1.1" status: 200 len: 2996 time: 0.1358061
2026-06-26 04:45:24.853 10 INFO neutron.wsgi [None req-1f02974e-a471-40e8-9b6f-1c76f8641fc6 fa6ee0307e9e4c598e0fc0ad83969e72 b902d3189ef64166b07841c641636341 - - default default] 10.0.0.234 "GET /v2.0/routers HTTP/1.1" status: 200 len: 1539 time: 0.1058056
2026-06-26 04:45:24.869 10 INFO neutron.wsgi [None req-b0217d82-1677-4ccd-8338-f6734d3eb492 fa6ee0307e9e4c598e0fc0ad83969e72 b902d3189ef64166b07841c641636341 - - default default] 10.0.0.234 "GET /v2.0/agents?binary=ovn-controller HTTP/1.1" status: 200 len: 591 time: 0.0138659
2026-06-26 04:45:24.878 10 WARNING neutron.scheduler.dhcp_agent_scheduler [None req-83547f0a-4eb7-422c-9a4b-3c23a4a7f82a fa6ee0307e9e4c598e0fc0ad83969e72 b902d3189ef64166b07841c641636341 - - default default] No more DHCP agents
2026-06-26 04:45:24.882 10 WARNING neutron.api.rpc.agentnotifiers.dhcp_rpc_agent_api [None req-83547f0a-4eb7-422c-9a4b-3c23a4a7f82a fa6ee0307e9e4c598e0fc0ad83969e72 b902d3189ef64166b07841c641636341 - - default default] Unable to schedule network 717bac73-b8c6-4c34-aab9-e98299a06cde: no agents available; will retry on subsequent port and subnet creation events.
2026-06-26 04:45:24.959 10 INFO neutron.db.ovn_revision_numbers_db [None req-21a5bdf3-7927-4870-8c57-283e5d8c20e0 - - - - - -] Successfully bumped revision number for resource 95b485e7-f894-421e-b55d-f82592f03776 (type: ports) to 3
2026-06-26 04:45:25.003 9 INFO neutron.wsgi [None req-ebe45fdc-7c1e-49f4-91c9-9aaebb3b17bc fa6ee0307e9e4c598e0fc0ad83969e72 b902d3189ef64166b07841c641636341 - - - -] 10.0.0.66 "DELETE /v2.0/security-groups/da2eb4f6-0cd7-4e50-a4cc-5a95648f064e HTTP/1.1" status: 204 len: 168 time: 0.1766582
2026-06-26 04:45:25.089 10 INFO neutron.db.ovn_revision_numbers_db [None req-21a5bdf3-7927-4870-8c57-283e5d8c20e0 - - - - - -] Successfully bumped revision number for resource 95b485e7-f894-421e-b55d-f82592f03776 (type: router_ports) to 3
2026-06-26 04:45:25.719 10 INFO neutron.db.ovn_revision_numbers_db [None req-83547f0a-4eb7-422c-9a4b-3c23a4a7f82a fa6ee0307e9e4c598e0fc0ad83969e72 b902d3189ef64166b07841c641636341 - - - -] Successfully bumped revision number for resource 95b485e7-f894-421e-b55d-f82592f03776 (type: router_ports) to 3
2026-06-26 04:45:25.721 10 INFO neutron.wsgi [None req-83547f0a-4eb7-422c-9a4b-3c23a4a7f82a fa6ee0307e9e4c598e0fc0ad83969e72 b902d3189ef64166b07841c641636341 - - - -] 10.0.0.66 "PUT /v2.0/routers/2100e61f-0cf3-430d-8e83-2bf71908b3ed/add_router_interface HTTP/1.1" status: 200 len: 503 time: 2.4408915
2026-06-26 04:45:25.930 10 INFO neutron.wsgi [req-219d1360-1725-4e91-892e-5661c2b12d1c req-361675f6-cc0d-4eb0-ac20-0895d1c7b83d bf406c63b998427ea50ddc1f29c87f22 57a7d315d0014f60885eeab65ee8a488 - - default default] 10.0.0.222 "GET /v2.0/ports?device_id=3c1d37b2-daa1-438c-a043-47caf8c7867c HTTP/1.1" status: 200 len: 1170 time: 0.1091909
2026-06-26 04:45:25.973 10 INFO neutron.wsgi [req-219d1360-1725-4e91-892e-5661c2b12d1c req-3dd18fb5-ad09-4681-ac6f-e79c033b3d46 bf406c63b998427ea50ddc1f29c87f22 57a7d315d0014f60885eeab65ee8a488 - - default default] 10.0.0.222 "GET /v2.0/security-groups?id=85094244-0065-4def-9cad-4a6bcad6e9d5&fields=id&fields=name HTTP/1.1" status: 200 len: 313 time: 0.0332065
2026-06-26 04:45:26.075 10 INFO neutron.wsgi [req-916c6366-cb1a-4656-acb9-801620ed3af9 req-af3b15f3-6825-4412-9e83-3a3a84d77844 bf406c63b998427ea50ddc1f29c87f22 57a7d315d0014f60885eeab65ee8a488 - - default default] 10.0.0.222 "GET /v2.0/ports?device_id=3c1d37b2-daa1-438c-a043-47caf8c7867c HTTP/1.1" status: 200 len: 1170 time: 0.0356166
2026-06-26 04:45:26.121 10 INFO neutron.wsgi [req-916c6366-cb1a-4656-acb9-801620ed3af9 req-0e7762b4-2293-4e24-ada8-a93fb4f58be9 bf406c63b998427ea50ddc1f29c87f22 57a7d315d0014f60885eeab65ee8a488 - - default default] 10.0.0.222 "GET /v2.0/security-groups?id=85094244-0065-4def-9cad-4a6bcad6e9d5&fields=id&fields=name HTTP/1.1" status: 200 len: 313 time: 0.0360007
2026-06-26 04:45:26.497 10 INFO neutron.wsgi [req-5b264057-254e-4593-9990-a09afa3efa30 req-849f0af6-4fa8-494b-ade3-47c07202bc35 bf406c63b998427ea50ddc1f29c87f22 57a7d315d0014f60885eeab65ee8a488 - - default default] 10.0.0.222 "GET /v2.0/ports?device_id=3c1d37b2-daa1-438c-a043-47caf8c7867c HTTP/1.1" status: 200 len: 1170 time: 0.0367372
2026-06-26 04:45:26.518 9 INFO neutron.wsgi [req-af257a52-87d5-4ae4-a53d-47705af77d97 req-d2974fd6-6325-4fae-880e-8696989b25ed 5aece556be5c4597b45ae4ca8968f208 1963e81d3b9447b09c7dede164a08ae2 - - ab14bc3c683241efb1bd8ca3b3626608 ab14bc3c683241efb1bd8ca3b3626608] 199.204.45.177 "GET /v2.0/ports?tenant_id=57a7d315d0014f60885eeab65ee8a488&device_id=3c1d37b2-daa1-438c-a043-47caf8c7867c HTTP/1.1" status: 200 len: 1361 time: 0.0576324
2026-06-26 04:45:26.570 10 INFO neutron.wsgi [req-5b264057-254e-4593-9990-a09afa3efa30 req-c96466be-2957-427c-ac3f-807a6a24c3ac bf406c63b998427ea50ddc1f29c87f22 57a7d315d0014f60885eeab65ee8a488 - - default default] 10.0.0.222 "GET /v2.0/security-groups?id=85094244-0065-4def-9cad-4a6bcad6e9d5&fields=id&fields=name HTTP/1.1" status: 200 len: 313 time: 0.0652013
2026-06-26 04:45:26.600 9 INFO neutron.wsgi [req-af257a52-87d5-4ae4-a53d-47705af77d97 req-cc279eae-c8ad-4c2a-a3ed-9986bc47d4fa 5aece556be5c4597b45ae4ca8968f208 1963e81d3b9447b09c7dede164a08ae2 - - ab14bc3c683241efb1bd8ca3b3626608 ab14bc3c683241efb1bd8ca3b3626608] 199.204.45.177 "GET /v2.0/networks?id=1ca22aa5-22c7-4273-81b0-bd19681baaf1 HTTP/1.1" status: 200 len: 973 time: 0.0734637
2026-06-26 04:45:26.659 9 INFO neutron.wsgi [req-af257a52-87d5-4ae4-a53d-47705af77d97 req-7d822981-9576-40d4-a03e-2bc3d4289e85 5aece556be5c4597b45ae4ca8968f208 1963e81d3b9447b09c7dede164a08ae2 - - ab14bc3c683241efb1bd8ca3b3626608 ab14bc3c683241efb1bd8ca3b3626608] 199.204.45.177 "GET /v2.0/floatingips?fixed_ip_address=10.100.0.4&port_id=a332ff81-a91b-4383-8360-91c38c7c0a83 HTTP/1.1" status: 200 len: 1059 time: 0.0509615
2026-06-26 04:45:26.714 9 INFO neutron.wsgi [req-af257a52-87d5-4ae4-a53d-47705af77d97 req-5cf0db88-b992-462e-95e1-2300f607165d 5aece556be5c4597b45ae4ca8968f208 1963e81d3b9447b09c7dede164a08ae2 - - ab14bc3c683241efb1bd8ca3b3626608 ab14bc3c683241efb1bd8ca3b3626608] 199.204.45.177 "GET /v2.0/subnets?id=68117572-13ff-4ae0-90fc-15eadff0f559 HTTP/1.1" status: 200 len: 869 time: 0.0484042
2026-06-26 04:45:26.748 9 INFO neutron.wsgi [req-af257a52-87d5-4ae4-a53d-47705af77d97 req-5e022b7a-be49-4301-b7ce-3626e44a7c19 5aece556be5c4597b45ae4ca8968f208 1963e81d3b9447b09c7dede164a08ae2 - - ab14bc3c683241efb1bd8ca3b3626608 ab14bc3c683241efb1bd8ca3b3626608] 199.204.45.177 "GET /v2.0/ports?network_id=1ca22aa5-22c7-4273-81b0-bd19681baaf1&device_owner=network%3Adhcp HTTP/1.1" status: 200 len: 210 time: 0.0241981
2026-06-26 04:45:26.783 10 INFO neutron.wsgi [req-23f2308b-d9e9-413c-96f7-a41f1c57ccae req-46df7540-35fe-4435-84d3-13f3b8cf98aa 305d4e6a3d194c3ab57a79e33ba5a7cd 3261f020c6e645b8bb2ef4986311a646 - - default default] 10.0.0.222 "GET /v2.0/networks?id=717bac73-b8c6-4c34-aab9-e98299a06cde HTTP/1.1" status: 200 len: 877 time: 0.0901723
2026-06-26 04:45:26.810 10 INFO neutron.wsgi [req-23f2308b-d9e9-413c-96f7-a41f1c57ccae req-1921d5ca-f16b-4b49-a222-ed9b9c889edd 305d4e6a3d194c3ab57a79e33ba5a7cd 3261f020c6e645b8bb2ef4986311a646 - - default default] 10.0.0.222 "GET /v2.0/quotas/3261f020c6e645b8bb2ef4986311a646 HTTP/1.1" status: 200 len: 386 time: 0.0194314
2026-06-26 04:45:26.822 9 INFO neutron.wsgi [req-af257a52-87d5-4ae4-a53d-47705af77d97 req-fbf31a3f-d6c3-42b8-bc7f-73f43172687c 5aece556be5c4597b45ae4ca8968f208 1963e81d3b9447b09c7dede164a08ae2 - - ab14bc3c683241efb1bd8ca3b3626608 ab14bc3c683241efb1bd8ca3b3626608] 199.204.45.177 "GET /v2.0/networks/1ca22aa5-22c7-4273-81b0-bd19681baaf1?fields=segments HTTP/1.1" status: 200 len: 212 time: 0.0656333
2026-06-26 04:45:26.882 9 INFO neutron.wsgi [req-af257a52-87d5-4ae4-a53d-47705af77d97 req-2cf20a41-f874-4e83-b53b-25db98adfe6a 5aece556be5c4597b45ae4ca8968f208 1963e81d3b9447b09c7dede164a08ae2 - - ab14bc3c683241efb1bd8ca3b3626608 ab14bc3c683241efb1bd8ca3b3626608] 199.204.45.177 "GET /v2.0/networks/1ca22aa5-22c7-4273-81b0-bd19681baaf1?fields=provider%3Aphysical_network&fields=provider%3Anetwork_type HTTP/1.1" status: 200 len: 277 time: 0.0530806
2026-06-26 04:45:26.901 10 INFO neutron.wsgi [req-23f2308b-d9e9-413c-96f7-a41f1c57ccae req-cc96c33f-f2b1-405f-883e-c84995e08fbc 305d4e6a3d194c3ab57a79e33ba5a7cd 3261f020c6e645b8bb2ef4986311a646 - - default default] 10.0.0.222 "GET /v2.0/ports?tenant_id=3261f020c6e645b8bb2ef4986311a646&fields=id HTTP/1.1" status: 200 len: 302 time: 0.0847762
2026-06-26 04:45:26.978 10 INFO neutron.wsgi [req-23f2308b-d9e9-413c-96f7-a41f1c57ccae req-a766499f-0419-43d1-829d-e7c5000f7baa 5aece556be5c4597b45ae4ca8968f208 1963e81d3b9447b09c7dede164a08ae2 - - ab14bc3c683241efb1bd8ca3b3626608 ab14bc3c683241efb1bd8ca3b3626608] 10.0.0.222 "GET /v2.0/networks/717bac73-b8c6-4c34-aab9-e98299a06cde?fields=segments HTTP/1.1" status: 200 len: 212 time: 0.0671387
2026-06-26 04:45:27.043 10 INFO neutron.wsgi [req-23f2308b-d9e9-413c-96f7-a41f1c57ccae req-864ec5a1-dbdf-41ab-a90b-4506b8d4214a 5aece556be5c4597b45ae4ca8968f208 1963e81d3b9447b09c7dede164a08ae2 - - ab14bc3c683241efb1bd8ca3b3626608 ab14bc3c683241efb1bd8ca3b3626608] 10.0.0.222 "GET /v2.0/networks/717bac73-b8c6-4c34-aab9-e98299a06cde?fields=provider%3Aphysical_network&fields=provider%3Anetwork_type HTTP/1.1" status: 200 len: 277 time: 0.0590761
2026-06-26 04:45:27.082 9 INFO neutron.plugins.ml2.drivers.ovn.mech_driver.mech_driver [None req-2c575510-7952-4175-ba50-46335c36ee66 - - - - - -] OVN reports status down for port: a332ff81-a91b-4383-8360-91c38c7c0a83
2026-06-26 04:45:27.150 9 INFO neutron.db.ovn_revision_numbers_db [None req-b3354c40-e7fa-4635-94d6-583d3c201c4a fa6ee0307e9e4c598e0fc0ad83969e72 b902d3189ef64166b07841c641636341 - - default default] Successfully bumped revision number for resource 8c2cb4d1-19b7-452c-a30b-051fdad69f7f (type: security_groups) to 1
2026-06-26 04:45:27.217 9 INFO neutron.wsgi [None req-b3354c40-e7fa-4635-94d6-583d3c201c4a fa6ee0307e9e4c598e0fc0ad83969e72 b902d3189ef64166b07841c641636341 - - default default] 10.0.0.66 "GET /v2.0/security-groups?tenant_id=ca8194fdded14b1ea7b7cf6e651b2ede&name=default HTTP/1.1" status: 200 len: 2996 time: 0.3486145
2026-06-26 04:45:27.287 10 INFO neutron.wsgi [req-3865f64b-d138-4ea6-bbdd-b15189d894a7 req-9cc53a4b-b740-45eb-814b-53c36b353efa 305d4e6a3d194c3ab57a79e33ba5a7cd 3261f020c6e645b8bb2ef4986311a646 - - default default] 10.0.0.222 "GET /v2.0/ports?device_id=6513486e-9310-41a5-9693-d02e1cdef0ad HTTP/1.1" status: 200 len: 210 time: 0.0403898
2026-06-26 04:45:27.311 9 INFO neutron.notifiers.nova [-] Nova event matching ['req-7ea2356f-e997-4519-be91-230ec5ce0034'] response: {'server_uuid': '3c1d37b2-daa1-438c-a043-47caf8c7867c', 'name': 'network-vif-unplugged', 'status': 'completed', 'tag': 'a332ff81-a91b-4383-8360-91c38c7c0a83', 'code': 200}
2026-06-26 04:45:27.448 9 INFO neutron.db.ovn_revision_numbers_db [None req-2c575510-7952-4175-ba50-46335c36ee66 - - - - - -] Successfully bumped revision number for resource a332ff81-a91b-4383-8360-91c38c7c0a83 (type: ports) to 5
2026-06-26 04:45:27.508 10 INFO neutron.wsgi [None req-b0d8d968-8f03-485e-9e70-6c26ec80850e fa6ee0307e9e4c598e0fc0ad83969e72 b902d3189ef64166b07841c641636341 - - - -] 10.0.0.66 "DELETE /v2.0/security-groups/8c2cb4d1-19b7-452c-a30b-051fdad69f7f HTTP/1.1" status: 204 len: 168 time: 0.2860887
2026-06-26 04:45:27.677 10 INFO neutron.wsgi [req-98adfdd0-1132-4c01-a181-6b2e9f636316 req-ef4cec60-e179-45a2-8d5d-0e040a52e2e0 bf406c63b998427ea50ddc1f29c87f22 57a7d315d0014f60885eeab65ee8a488 - - default default] 10.0.0.222 "GET /v2.0/ports?device_id=3c1d37b2-daa1-438c-a043-47caf8c7867c HTTP/1.1" status: 200 len: 1168 time: 0.0327282
2026-06-26 04:45:27.725 9 INFO neutron.plugins.ml2.drivers.ovn.mech_driver.mech_driver [None req-2c575510-7952-4175-ba50-46335c36ee66 - - - - - -] OVN reports status up for port: a332ff81-a91b-4383-8360-91c38c7c0a83
2026-06-26 04:45:27.733 10 INFO neutron.wsgi [req-98adfdd0-1132-4c01-a181-6b2e9f636316 req-45a4ce22-8e5a-48a3-aa13-78b92b230bdb bf406c63b998427ea50ddc1f29c87f22 57a7d315d0014f60885eeab65ee8a488 - - default default] 10.0.0.222 "GET /v2.0/security-groups?id=85094244-0065-4def-9cad-4a6bcad6e9d5&fields=id&fields=name HTTP/1.1" status: 200 len: 313 time: 0.0478837
2026-06-26 04:45:27.743 9 INFO neutron.plugins.ml2.plugin [None req-2c575510-7952-4175-ba50-46335c36ee66 - - - - - -] Attempt 1 to provision port a332ff81-a91b-4383-8360-91c38c7c0a83 /var/lib/openstack/lib/python3.10/site-packages/pycadf/identifier.py:71: UserWarning: Invalid uuid: neutron. To ensure interoperability, identifiers should be a valid uuid. warnings.warn(('Invalid uuid: %s. To ensure interoperability, '
2026-06-26 04:45:28.076 9 INFO neutron.db.ovn_revision_numbers_db [None req-2c575510-7952-4175-ba50-46335c36ee66 - - - - - -] Successfully bumped revision number for resource a332ff81-a91b-4383-8360-91c38c7c0a83 (type: ports) to 6
2026-06-26 04:45:28.150 9 INFO neutron.wsgi [req-23f2308b-d9e9-413c-96f7-a41f1c57ccae req-51386f2c-2609-421d-aa79-1d00261218ef 305d4e6a3d194c3ab57a79e33ba5a7cd 3261f020c6e645b8bb2ef4986311a646 - - default default] 199.204.45.177 "GET /v2.0/networks?id=717bac73-b8c6-4c34-aab9-e98299a06cde HTTP/1.1" status: 200 len: 877 time: 0.1125848 /var/lib/openstack/lib/python3.10/site-packages/pycadf/identifier.py:71: UserWarning: Invalid uuid: neutron. To ensure interoperability, identifiers should be a valid uuid. warnings.warn(('Invalid uuid: %s. To ensure interoperability, '
2026-06-26 04:45:28.402 10 INFO neutron.wsgi [req-94cd4441-f67a-4370-a653-df5e9381ac48 req-dc766c34-cac9-4101-8e44-50a66b7ed249 305d4e6a3d194c3ab57a79e33ba5a7cd 3261f020c6e645b8bb2ef4986311a646 - - default default] 10.0.0.222 "GET /v2.0/ports?device_id=6513486e-9310-41a5-9693-d02e1cdef0ad HTTP/1.1" status: 200 len: 210 time: 0.0299344
2026-06-26 04:45:28.562 9 WARNING neutron.scheduler.dhcp_agent_scheduler [None req-e30e0a26-0a78-4969-a8dc-bb8ffb9a2fee 305d4e6a3d194c3ab57a79e33ba5a7cd 3261f020c6e645b8bb2ef4986311a646 - - - -] No more DHCP agents
2026-06-26 04:45:28.565 9 WARNING neutron.api.rpc.agentnotifiers.dhcp_rpc_agent_api [None req-e30e0a26-0a78-4969-a8dc-bb8ffb9a2fee 305d4e6a3d194c3ab57a79e33ba5a7cd 3261f020c6e645b8bb2ef4986311a646 - - - -] Unable to schedule network 717bac73-b8c6-4c34-aab9-e98299a06cde: no agents available; will retry on subsequent port and subnet creation events.
