2026-06-26 04:46:24.073 10 INFO neutron.wsgi [req-d1c884c5-8a27-466a-a1b0-94615970e26d req-bfd0f955-d71e-44d1-9f53-f63571e4e9b2 5aece556be5c4597b45ae4ca8968f208 1963e81d3b9447b09c7dede164a08ae2 - - ab14bc3c683241efb1bd8ca3b3626608 ab14bc3c683241efb1bd8ca3b3626608] 10.0.0.222 "GET /v2.0/networks/75de3bf6-5896-41fa-bedf-45cd416c87f0?fields=segments HTTP/1.1" status: 200 len: 212 time: 0.0628941
2026-06-26 04:46:24.157 10 INFO neutron.wsgi [None req-e82c88b8-2f06-4560-b6e8-94c6dcecd85c fa6ee0307e9e4c598e0fc0ad83969e72 b902d3189ef64166b07841c641636341 - - default default] 10.0.0.234 "GET /v2.0/agents HTTP/1.1" status: 200 len: 997 time: 0.0829794
2026-06-26 04:46:24.162 9 INFO neutron.wsgi [None req-e86595dd-2ace-4faa-8dd0-aeec653ccb92 64dc72fd5df24e198bc6ecfe51b67dbc 0ee10255929b47579b27410c51985dbf - - - -] 10.0.0.66 "DELETE /v2.0/security-groups/db2723f9-ee90-49ee-94f2-96d27e827742 HTTP/1.1" status: 204 len: 168 time: 0.4531994 /var/lib/openstack/lib/python3.10/site-packages/pycadf/identifier.py:71: UserWarning: Invalid uuid: neutron. To ensure interoperability, identifiers should be a valid uuid. warnings.warn(('Invalid uuid: %s. To ensure interoperability, '
2026-06-26 04:46:24.188 9 INFO neutron.db.ovn_revision_numbers_db [None req-1241a2de-343d-4f4a-a14f-6b85d982bb01 f3277e4ec69b4d188d652d9260e92d13 84c797047e594e29a0f86e1cd348abb9 - - default default] Successfully bumped revision number for resource a36c1b18-bb15-409e-bfc5-f8333a75135f (type: ports) to 4
2026-06-26 04:46:24.199 9 INFO neutron.wsgi [None req-22a577d6-b45c-45e7-b2eb-8f8e36fb799a 64dc72fd5df24e198bc6ecfe51b67dbc 0ee10255929b47579b27410c51985dbf - - default default] 10.0.0.66 "GET /v2.0/security-groups HTTP/1.1" status: 200 len: 2996 time: 0.0320311
2026-06-26 04:46:24.210 10 INFO neutron.wsgi [req-d1c884c5-8a27-466a-a1b0-94615970e26d req-32e2f51a-3f0c-44bd-8181-cab0318d6081 5aece556be5c4597b45ae4ca8968f208 1963e81d3b9447b09c7dede164a08ae2 - - ab14bc3c683241efb1bd8ca3b3626608 ab14bc3c683241efb1bd8ca3b3626608] 10.0.0.222 "GET /v2.0/networks/75de3bf6-5896-41fa-bedf-45cd416c87f0?fields=provider%3Aphysical_network&fields=provider%3Anetwork_type HTTP/1.1" status: 200 len: 277 time: 0.1251764
2026-06-26 04:46:24.215 10 INFO neutron.wsgi [None req-710f105c-4e18-4d90-a6d5-9105659ee8ca fa6ee0307e9e4c598e0fc0ad83969e72 b902d3189ef64166b07841c641636341 - - default default] 10.0.0.234 "GET /v2.0/floatingips HTTP/1.1" status: 200 len: 730 time: 0.0462716
2026-06-26 04:46:24.225 9 INFO neutron.api.v2.resource [None req-37d65c5c-113d-490b-a1de-33e23d723c1d 64dc72fd5df24e198bc6ecfe51b67dbc 0ee10255929b47579b27410c51985dbf - - - -] delete failed (client error): The resource could not be found.
2026-06-26 04:46:24.227 9 INFO neutron.wsgi [None req-37d65c5c-113d-490b-a1de-33e23d723c1d 64dc72fd5df24e198bc6ecfe51b67dbc 0ee10255929b47579b27410c51985dbf - - - -] 10.0.0.66 "DELETE /v2.0/security-groups/db2723f9-ee90-49ee-94f2-96d27e827742 HTTP/1.1" status: 404 len: 347 time: 0.0219569
2026-06-26 04:46:24.248 10 INFO neutron.wsgi [None req-786c2683-541c-4cc3-bc80-034faac63a29 fa6ee0307e9e4c598e0fc0ad83969e72 b902d3189ef64166b07841c641636341 - - default default] 10.0.0.234 "GET /v2.0/network-ip-availabilities HTTP/1.1" status: 200 len: 3337 time: 0.0318861
2026-06-26 04:46:24.304 9 WARNING neutron.scheduler.dhcp_agent_scheduler [None req-1241a2de-343d-4f4a-a14f-6b85d982bb01 f3277e4ec69b4d188d652d9260e92d13 84c797047e594e29a0f86e1cd348abb9 - - default default] No more DHCP agents
2026-06-26 04:46:24.307 9 WARNING neutron.api.rpc.agentnotifiers.dhcp_rpc_agent_api [None req-1241a2de-343d-4f4a-a14f-6b85d982bb01 f3277e4ec69b4d188d652d9260e92d13 84c797047e594e29a0f86e1cd348abb9 - - default default] Unable to schedule network 3ad295e8-f47e-4eac-8fa0-8212d431842f: no agents available; will retry on subsequent port and subnet creation events.
2026-06-26 04:46:24.333 10 INFO neutron.services.segments.plugin [-] Segment 417243a3-99da-4c6d-a307-ceb9f85677da resource provider aggregate not found
2026-06-26 04:46:24.362 10 INFO neutron.services.segments.plugin [-] Segment 417243a3-99da-4c6d-a307-ceb9f85677da resource provider not found; error: Placement Client Error (4xx): {"errors": [{"status": 404, "title": "Not Found", "detail": "The resource could not be found.\n\n No resource provider with uuid 417243a3-99da-4c6d-a307-ceb9f85677da found for delete ", "request_id": "req-82063802-ccbe-49fa-8f6a-b80f53b775e2"}]}
2026-06-26 04:46:24.406 10 INFO neutron.wsgi [req-20340daf-059a-4d6d-805e-357710842750 req-8c0d5655-4255-49c5-ba89-eeb31d6ff52f 935f95c3e3b04eeb99350c0807552a47 8d240b3cfd2c44cf9ab1f4900cbc905f - - default default] 10.0.0.222 "GET /v2.0/ports?device_id=4daf6712-49c8-42a7-8087-5e35b52879ff HTTP/1.1" status: 200 len: 210 time: 0.0404468
2026-06-26 04:46:24.407 10 INFO neutron.services.segments.plugin [-] Segment 417243a3-99da-4c6d-a307-ceb9f85677da resource provider aggregate not found
2026-06-26 04:46:24.411 9 INFO neutron.db.ovn_revision_numbers_db [None req-ecfb6715-0122-4dfb-b13b-abcd57420274 64dc72fd5df24e198bc6ecfe51b67dbc 0ee10255929b47579b27410c51985dbf - - - -] Successfully bumped revision number for resource 92aff2f6-a6f7-4060-b9d5-67da3ae732df (type: security_groups) to 1
2026-06-26 04:46:24.427 10 INFO neutron.wsgi [None req-6cab8463-ae6e-42d0-9958-b64a80924944 fabff9abbac242599534239b3e71aab2 7f138342a5eb41e6aa2b4d0b94f55749 - - - -] 10.0.0.66 "DELETE /v2.0/networks/a2c91561-2ebc-465e-91c6-360d7e93f989 HTTP/1.1" status: 204 len: 168 time: 0.6702712
2026-06-26 04:46:24.430 10 INFO neutron.services.segments.plugin [-] Segment 417243a3-99da-4c6d-a307-ceb9f85677da resource provider not found; error: Placement Client Error (4xx): {"errors": [{"status": 404, "title": "Not Found", "detail": "The resource could not be found.\n\n No resource provider with uuid 417243a3-99da-4c6d-a307-ceb9f85677da found for delete ", "request_id": "req-9d6e0367-bdd6-41f7-bf28-2d724ab3c521"}]}
2026-06-26 04:46:24.433 9 INFO neutron.wsgi [None req-ecfb6715-0122-4dfb-b13b-abcd57420274 64dc72fd5df24e198bc6ecfe51b67dbc 0ee10255929b47579b27410c51985dbf - - - -] 10.0.0.66 "POST /v2.0/security-groups HTTP/1.1" status: 201 len: 1760 time: 0.2008750
2026-06-26 04:46:24.474 10 INFO neutron.wsgi [None req-099b48ab-b91f-47b9-a796-239abff8fda4 fa6ee0307e9e4c598e0fc0ad83969e72 b902d3189ef64166b07841c641636341 - - default default] 10.0.0.234 "GET /v2.0/security-groups HTTP/1.1" status: 200 len: 38109 time: 0.2201343
2026-06-26 04:46:24.538 9 INFO neutron.db.ovn_revision_numbers_db [None req-1241a2de-343d-4f4a-a14f-6b85d982bb01 f3277e4ec69b4d188d652d9260e92d13 84c797047e594e29a0f86e1cd348abb9 - - - -] Successfully bumped revision number for resource a36c1b18-bb15-409e-bfc5-f8333a75135f (type: router_ports) to 4
2026-06-26 04:46:24.539 10 INFO neutron.wsgi [None req-c04f34a6-3e09-44d7-8ca1-292661ac4659 fa6ee0307e9e4c598e0fc0ad83969e72 b902d3189ef64166b07841c641636341 - - default default] 10.0.0.234 "GET /v2.0/subnets HTTP/1.1" status: 200 len: 2708 time: 0.0549738
2026-06-26 04:46:24.540 9 INFO neutron.wsgi [None req-1241a2de-343d-4f4a-a14f-6b85d982bb01 f3277e4ec69b4d188d652d9260e92d13 84c797047e594e29a0f86e1cd348abb9 - - - -] 10.0.0.66 "PUT /v2.0/routers/281cd3c3-afc3-47fa-8fe8-39c474e2d894/add_router_interface HTTP/1.1" status: 200 len: 503 time: 2.1870286
2026-06-26 04:46:24.642 10 INFO neutron.wsgi [None req-76b8fa17-be24-46b0-87e3-d079682e5ee9 fa6ee0307e9e4c598e0fc0ad83969e72 b902d3189ef64166b07841c641636341 - - default default] 10.0.0.234 "GET /v2.0/ports HTTP/1.1" status: 200 len: 15215 time: 0.0836699
2026-06-26 04:46:24.723 10 INFO neutron.db.ovn_revision_numbers_db [None req-c5f36015-4b90-4f71-be78-5847b8d11aba 64dc72fd5df24e198bc6ecfe51b67dbc 0ee10255929b47579b27410c51985dbf - - - -] Successfully bumped revision number for resource d9929e6b-bd91-476c-8fab-98680d5bb475 (type: security_group_rules) to 0
2026-06-26 04:46:24.737 10 INFO neutron.wsgi [None req-3428d482-c32a-421f-8372-48352caa2916 f3277e4ec69b4d188d652d9260e92d13 84c797047e594e29a0f86e1cd348abb9 - - default default] 10.0.0.66 "GET /v2.0/ports/a36c1b18-bb15-409e-bfc5-f8333a75135f HTTP/1.1" status: 200 len: 1217 time: 0.1912880
2026-06-26 04:46:24.777 10 INFO neutron.wsgi [None req-52c3c8f0-305a-4749-9340-57839eedf259 fa6ee0307e9e4c598e0fc0ad83969e72 b902d3189ef64166b07841c641636341 - - default default] 10.0.0.234 "GET /v2.0/routers HTTP/1.1" status: 200 len: 1349 time: 0.1266952
2026-06-26 04:46:24.798 10 INFO neutron.wsgi [None req-c5f36015-4b90-4f71-be78-5847b8d11aba 64dc72fd5df24e198bc6ecfe51b67dbc 0ee10255929b47579b27410c51985dbf - - - -] 10.0.0.66 "POST /v2.0/security-group-rules HTTP/1.1" status: 201 len: 768 time: 0.3594613
2026-06-26 04:46:24.805 10 INFO neutron.wsgi [None req-1b187c2b-a075-4118-848e-a5d05a7c02f9 fa6ee0307e9e4c598e0fc0ad83969e72 b902d3189ef64166b07841c641636341 - - default default] 10.0.0.234 "GET /v2.0/agents?binary=ovn-controller HTTP/1.1" status: 200 len: 591 time: 0.0261283
2026-06-26 04:46:24.834 10 INFO neutron.wsgi [None req-7dcc7207-6faa-4d81-b779-b800b9620051 64dc72fd5df24e198bc6ecfe51b67dbc 0ee10255929b47579b27410c51985dbf - - default default] 10.0.0.66 "GET /v2.0/security-group-rules/d9929e6b-bd91-476c-8fab-98680d5bb475 HTTP/1.1" status: 200 len: 763 time: 0.0202518
2026-06-26 04:46:24.874 9 INFO neutron.services.segments.plugin [-] Segment e36ece92-a98f-48bf-8ccf-208050dbf8a9 resource provider aggregate not found
2026-06-26 04:46:24.879 9 INFO neutron.services.segments.plugin [-] Segment e36ece92-a98f-48bf-8ccf-208050dbf8a9 resource provider aggregate not found
2026-06-26 04:46:24.895 9 INFO neutron.services.segments.plugin [-] Segment e36ece92-a98f-48bf-8ccf-208050dbf8a9 resource provider not found; error: Placement Client Error (4xx): {"errors": [{"status": 404, "title": "Not Found", "detail": "The resource could not be found.\n\n No resource provider with uuid e36ece92-a98f-48bf-8ccf-208050dbf8a9 found for delete ", "request_id": "req-298055d2-ac37-4e75-a491-1ec083ba8b70"}]}
2026-06-26 04:46:24.909 9 INFO neutron.services.segments.plugin [-] Segment e36ece92-a98f-48bf-8ccf-208050dbf8a9 resource provider not found; error: Placement Client Error (4xx): {"errors": [{"status": 404, "title": "Not Found", "detail": "The resource could not be found.\n\n No resource provider with uuid e36ece92-a98f-48bf-8ccf-208050dbf8a9 found for delete ", "request_id": "req-bb128d27-c0c4-4d75-b875-e246ba083b96"}]}
2026-06-26 04:46:24.917 9 INFO neutron.wsgi [None req-da98d445-5536-4eef-b269-7841442a0955 64dc72fd5df24e198bc6ecfe51b67dbc 0ee10255929b47579b27410c51985dbf - - default default] 10.0.0.66 "GET /v2.0/security-group-rules HTTP/1.1" status: 200 len: 4113 time: 0.0725198
2026-06-26 04:46:24.924 9 INFO neutron.wsgi [None req-e93c1c2a-2c45-4140-a498-b6c22f93f1d2 fabff9abbac242599534239b3e71aab2 7f138342a5eb41e6aa2b4d0b94f55749 - - - -] 10.0.0.66 "DELETE /v2.0/networks/6f9cf004-942d-4be4-b60b-f2b176512259 HTTP/1.1" status: 204 len: 168 time: 0.4871948
2026-06-26 04:46:25.082 9 INFO neutron.wsgi [None req-5656b188-7397-4fdb-a130-5c77a059a0c2 64dc72fd5df24e198bc6ecfe51b67dbc 0ee10255929b47579b27410c51985dbf - - - -] 10.0.0.66 "DELETE /v2.0/security-group-rules/d9929e6b-bd91-476c-8fab-98680d5bb475 HTTP/1.1" status: 204 len: 168 time: 0.1556349
2026-06-26 04:46:25.137 9 INFO neutron.wsgi [None req-abb7d396-a1ab-4b91-ab8e-534d3950450c 64dc72fd5df24e198bc6ecfe51b67dbc 0ee10255929b47579b27410c51985dbf - - default default] 10.0.0.66 "GET /v2.0/security-group-rules HTTP/1.1" status: 200 len: 3567 time: 0.0384839
2026-06-26 04:46:25.215 10 INFO neutron.wsgi [None req-cd650984-ca6e-4e46-a80c-64c458315849 fa6ee0307e9e4c598e0fc0ad83969e72 b902d3189ef64166b07841c641636341 - - default default] 10.0.0.234 "GET /v2.0/networks HTTP/1.1" status: 200 len: 6026 time: 0.4086027 /var/lib/openstack/lib/python3.10/site-packages/pycadf/identifier.py:71: UserWarning: Invalid uuid: neutron. To ensure interoperability, identifiers should be a valid uuid. warnings.warn(('Invalid uuid: %s. To ensure interoperability, '
2026-06-26 04:46:25.256 9 INFO neutron.wsgi [req-d1c884c5-8a27-466a-a1b0-94615970e26d req-d13d284f-6b4d-4a6d-9b89-e2730a1f2f76 935f95c3e3b04eeb99350c0807552a47 8d240b3cfd2c44cf9ab1f4900cbc905f - - default default] 199.204.45.177 "GET /v2.0/networks?id=75de3bf6-5896-41fa-bedf-45cd416c87f0 HTTP/1.1" status: 200 len: 859 time: 0.0915277
2026-06-26 04:46:25.281 10 INFO neutron.wsgi [None req-d9247e1c-d6eb-4611-88fc-7de7a425d58b fa6ee0307e9e4c598e0fc0ad83969e72 b902d3189ef64166b07841c641636341 - - default default] 10.0.0.234 "GET /v2.0/subnets HTTP/1.1" status: 200 len: 2708 time: 0.0580685 /var/lib/openstack/lib/python3.10/site-packages/pycadf/identifier.py:71: UserWarning: Invalid uuid: neutron. To ensure interoperability, identifiers should be a valid uuid. warnings.warn(('Invalid uuid: %s. To ensure interoperability, '
2026-06-26 04:46:25.305 10 INFO neutron.wsgi [None req-f4fe59fe-46b5-4c44-8c77-67ef7f3f4467 fa6ee0307e9e4c598e0fc0ad83969e72 b902d3189ef64166b07841c641636341 - - default default] 10.0.0.234 "GET /v2.0/subnetpools HTTP/1.1" status: 200 len: 193 time: 0.0224476
2026-06-26 04:46:25.340 9 INFO neutron.wsgi [req-d1c884c5-8a27-466a-a1b0-94615970e26d req-a4f78e97-f98c-489a-8d6f-e8426cd10c79 935f95c3e3b04eeb99350c0807552a47 8d240b3cfd2c44cf9ab1f4900cbc905f - - default default] 199.204.45.177 "GET /v2.0/security-groups?fields=id&fields=name&tenant_id=8d240b3cfd2c44cf9ab1f4900cbc905f HTTP/1.1" status: 200 len: 472 time: 0.0715194
2026-06-26 04:46:25.347 9 INFO neutron.db.ovn_revision_numbers_db [None req-4d084f6d-507c-4c4e-a4be-2b6f0f4b1b81 64dc72fd5df24e198bc6ecfe51b67dbc 0ee10255929b47579b27410c51985dbf - - - -] Successfully bumped revision number for resource ae9abf6b-a2e3-4d63-915c-58ef15693e19 (type: security_group_rules) to 0
2026-06-26 04:46:25.409 9 INFO neutron.wsgi [None req-4d084f6d-507c-4c4e-a4be-2b6f0f4b1b81 64dc72fd5df24e198bc6ecfe51b67dbc 0ee10255929b47579b27410c51985dbf - - - -] 10.0.0.66 "POST /v2.0/security-group-rules HTTP/1.1" status: 201 len: 768 time: 0.2666914
2026-06-26 04:46:25.441 9 INFO neutron.wsgi [None req-0b202afa-672b-4716-8191-afc3c352e68d fabff9abbac242599534239b3e71aab2 7f138342a5eb41e6aa2b4d0b94f55749 - - - -] 10.0.0.66 "DELETE /v2.0/networks/0c9409e9-89dd-4153-8669-51bc872a3677 HTTP/1.1" status: 204 len: 168 time: 0.5044639
2026-06-26 04:46:25.444 9 INFO neutron.wsgi [None req-b8c91cda-6684-4770-8632-436882f2d072 64dc72fd5df24e198bc6ecfe51b67dbc 0ee10255929b47579b27410c51985dbf - - default default] 10.0.0.66 "GET /v2.0/security-group-rules/ae9abf6b-a2e3-4d63-915c-58ef15693e19 HTTP/1.1" status: 200 len: 763 time: 0.0282884
2026-06-26 04:46:25.509 10 INFO neutron.wsgi [req-42264608-f43a-4ee1-aece-8859a304dba3 req-f2ee6fdc-4cb1-45e8-88d6-d8026c6ccf1c 935f95c3e3b04eeb99350c0807552a47 8d240b3cfd2c44cf9ab1f4900cbc905f - - default default] 10.0.0.222 "GET /v2.0/ports?device_id=4daf6712-49c8-42a7-8087-5e35b52879ff HTTP/1.1" status: 200 len: 210 time: 0.0307693
2026-06-26 04:46:25.518 10 INFO neutron.wsgi [None req-652050c2-039f-45cd-b117-a9734fc8bd16 64dc72fd5df24e198bc6ecfe51b67dbc 0ee10255929b47579b27410c51985dbf - - default default] 10.0.0.66 "GET /v2.0/security-group-rules HTTP/1.1" status: 200 len: 4113 time: 0.0643809
2026-06-26 04:46:25.739 9 INFO neutron.wsgi [None req-063d1f2a-e987-43df-94fc-e40b1d9be0b6 64dc72fd5df24e198bc6ecfe51b67dbc 0ee10255929b47579b27410c51985dbf - - - -] 10.0.0.66 "DELETE /v2.0/security-group-rules/ae9abf6b-a2e3-4d63-915c-58ef15693e19 HTTP/1.1" status: 204 len: 168 time: 0.2064059
2026-06-26 04:46:25.798 9 INFO neutron.wsgi [None req-6877d988-05ed-4019-b776-2ac48bf341b7 64dc72fd5df24e198bc6ecfe51b67dbc 0ee10255929b47579b27410c51985dbf - - default default] 10.0.0.66 "GET /v2.0/security-group-rules HTTP/1.1" status: 200 len: 3567 time: 0.0521111
2026-06-26 04:46:25.799 10 INFO neutron.wsgi [None req-3fe9d0ad-0ca2-4bf3-9a51-7f02b6ab5bf3 f3277e4ec69b4d188d652d9260e92d13 84c797047e594e29a0f86e1cd348abb9 - - - -] 10.0.0.66 "PUT /v2.0/routers/281cd3c3-afc3-47fa-8fe8-39c474e2d894/remove_router_interface HTTP/1.1" status: 200 len: 503 time: 1.0543938 /var/lib/openstack/lib/python3.10/site-packages/pycadf/identifier.py:71: UserWarning: Invalid uuid: neutron. To ensure interoperability, identifiers should be a valid uuid. warnings.warn(('Invalid uuid: %s. To ensure interoperability, '
2026-06-26 04:46:25.827 9 WARNING neutron.scheduler.dhcp_agent_scheduler [None req-7b07ef04-c1c3-4203-97c4-9a39b1b8fac7 935f95c3e3b04eeb99350c0807552a47 8d240b3cfd2c44cf9ab1f4900cbc905f - - - -] No more DHCP agents
2026-06-26 04:46:25.834 9 WARNING neutron.api.rpc.agentnotifiers.dhcp_rpc_agent_api [None req-7b07ef04-c1c3-4203-97c4-9a39b1b8fac7 935f95c3e3b04eeb99350c0807552a47 8d240b3cfd2c44cf9ab1f4900cbc905f - - - -] Unable to schedule network 75de3bf6-5896-41fa-bedf-45cd416c87f0: no agents available; will retry on subsequent port and subnet creation events.
2026-06-26 04:46:25.860 10 INFO neutron.db.securitygroups_db [None req-fef1c1cf-2807-43dd-b273-4ba2c1a499c2 64dc72fd5df24e198bc6ecfe51b67dbc 0ee10255929b47579b27410c51985dbf - - - -] Project 0ee10255929b47579b27410c51985dbf added a security group rule with legacy IPv6 ICMP protocol name icmp, ipv6-icmp should be used instead. It was automatically converted.
2026-06-26 04:46:25.877 10 INFO neutron.api.v2.resource [None req-e0004a3b-afab-42b0-aa3c-2c07e0f7a316 f3277e4ec69b4d188d652d9260e92d13 84c797047e594e29a0f86e1cd348abb9 - - default default] remove_router_interface failed (client error): The resource could not be found.
2026-06-26 04:46:25.879 10 INFO neutron.wsgi [None req-e0004a3b-afab-42b0-aa3c-2c07e0f7a316 f3277e4ec69b4d188d652d9260e92d13 84c797047e594e29a0f86e1cd348abb9 - - default default] 10.0.0.66 "PUT /v2.0/routers/281cd3c3-afc3-47fa-8fe8-39c474e2d894/remove_router_interface HTTP/1.1" status: 404 len: 398 time: 0.0752399
2026-06-26 04:46:25.906 10 INFO neutron.wsgi [None req-7fd64dd1-caae-4b3d-a49b-6728422924f9 f3277e4ec69b4d188d652d9260e92d13 84c797047e594e29a0f86e1cd348abb9 - - default default] 10.0.0.66 "GET /v2.0/ports?device_id=281cd3c3-afc3-47fa-8fe8-39c474e2d894 HTTP/1.1" status: 200 len: 205 time: 0.0235107
2026-06-26 04:46:25.996 9 INFO neutron.wsgi [None req-2da80171-45e4-4f6d-b585-8e5faf32de25 fabff9abbac242599534239b3e71aab2 7f138342a5eb41e6aa2b4d0b94f55749 - - - -] 10.0.0.66 "DELETE /v2.0/networks/0f650e9c-4198-4052-96c0-37e190d671ff HTTP/1.1" status: 204 len: 168 time: 0.5449915
2026-06-26 04:46:26.027 9 INFO neutron.db.ovn_revision_numbers_db [None req-7b07ef04-c1c3-4203-97c4-9a39b1b8fac7 935f95c3e3b04eeb99350c0807552a47 8d240b3cfd2c44cf9ab1f4900cbc905f - - - -] Successfully bumped revision number for resource 5ba8cc44-09d2-4f83-a301-85b921988e6e (type: ports) to 1
2026-06-26 04:46:26.058 9 INFO neutron.wsgi [None req-7b07ef04-c1c3-4203-97c4-9a39b1b8fac7 935f95c3e3b04eeb99350c0807552a47 8d240b3cfd2c44cf9ab1f4900cbc905f - - - -] 199.204.45.177 "POST /v2.0/ports HTTP/1.1" status: 201 len: 1158 time: 0.7123551
2026-06-26 04:46:26.067 10 INFO neutron.db.ovn_revision_numbers_db [None req-fef1c1cf-2807-43dd-b273-4ba2c1a499c2 64dc72fd5df24e198bc6ecfe51b67dbc 0ee10255929b47579b27410c51985dbf - - - -] Successfully bumped revision number for resource 6ef3ce98-ace0-4f26-823f-fe00bf3d95e2 (type: security_group_rules) to 0 /var/lib/openstack/lib/python3.10/site-packages/pycadf/identifier.py:71: UserWarning: Invalid uuid: neutron. To ensure interoperability, identifiers should be a valid uuid. warnings.warn(('Invalid uuid: %s. To ensure interoperability, '
2026-06-26 04:46:26.133 10 INFO neutron.wsgi [None req-fef1c1cf-2807-43dd-b273-4ba2c1a499c2 64dc72fd5df24e198bc6ecfe51b67dbc 0ee10255929b47579b27410c51985dbf - - - -] 10.0.0.66 "POST /v2.0/security-group-rules HTTP/1.1" status: 201 len: 774 time: 0.3307214
2026-06-26 04:46:26.152 10 INFO neutron.wsgi [None req-d052d527-3cac-4815-af89-82728cdfb0fe 64dc72fd5df24e198bc6ecfe51b67dbc 0ee10255929b47579b27410c51985dbf - - default default] 10.0.0.66 "GET /v2.0/security-group-rules/6ef3ce98-ace0-4f26-823f-fe00bf3d95e2 HTTP/1.1" status: 200 len: 769 time: 0.0137355
2026-06-26 04:46:26.155 10 INFO neutron.wsgi [None req-9056af10-eada-4455-9e75-9f61c49176bf f3277e4ec69b4d188d652d9260e92d13 84c797047e594e29a0f86e1cd348abb9 - - - -] 10.0.0.66 "DELETE /v2.0/routers/281cd3c3-afc3-47fa-8fe8-39c474e2d894 HTTP/1.1" status: 204 len: 168 time: 0.2440548
2026-06-26 04:46:26.201 10 INFO neutron.wsgi [None req-8fc08b95-f76c-41cf-be80-a9eae059331d 64dc72fd5df24e198bc6ecfe51b67dbc 0ee10255929b47579b27410c51985dbf - - default default] 10.0.0.66 "GET /v2.0/security-group-rules HTTP/1.1" status: 200 len: 4119 time: 0.0455825
2026-06-26 04:46:26.347 10 INFO neutron.wsgi [None req-45e6a3b5-2f75-4c5f-b111-c51bf6000dd0 64dc72fd5df24e198bc6ecfe51b67dbc 0ee10255929b47579b27410c51985dbf - - - -] 10.0.0.66 "DELETE /v2.0/security-group-rules/6ef3ce98-ace0-4f26-823f-fe00bf3d95e2 HTTP/1.1" status: 204 len: 168 time: 0.1316125
2026-06-26 04:46:26.387 10 INFO neutron.wsgi [None req-f05eb4e4-6030-49ad-a74b-834b04389164 f3277e4ec69b4d188d652d9260e92d13 84c797047e594e29a0f86e1cd348abb9 - - - -] 10.0.0.66 "DELETE /v2.0/subnets/be2594d2-a9f2-4294-90e0-f4c5e16a490b HTTP/1.1" status: 204 len: 168 time: 0.2272694
2026-06-26 04:46:26.398 10 INFO neutron.wsgi [None req-0fd691ba-1749-444c-a722-e9929c36aa37 64dc72fd5df24e198bc6ecfe51b67dbc 0ee10255929b47579b27410c51985dbf - - default default] 10.0.0.66 "GET /v2.0/security-group-rules HTTP/1.1" status: 200 len: 3567 time: 0.0406253 /var/lib/openstack/lib/python3.10/site-packages/pycadf/identifier.py:71: UserWarning: Invalid uuid: neutron. To ensure interoperability, identifiers should be a valid uuid. warnings.warn(('Invalid uuid: %s. To ensure interoperability, '
2026-06-26 04:46:26.442 9 INFO neutron.db.ovn_revision_numbers_db [None req-5356783f-e40d-4d4f-85ed-b290ead58980 5aece556be5c4597b45ae4ca8968f208 1963e81d3b9447b09c7dede164a08ae2 - - - -] Successfully bumped revision number for resource 5ba8cc44-09d2-4f83-a301-85b921988e6e (type: ports) to 2
2026-06-26 04:46:26.536 9 INFO neutron.wsgi [None req-84a2a18e-f8aa-468b-976b-57ac354a4a7a 64dc72fd5df24e198bc6ecfe51b67dbc 0ee10255929b47579b27410c51985dbf - - - -] 10.0.0.66 "DELETE /v2.0/security-groups/92aff2f6-a6f7-4060-b9d5-67da3ae732df HTTP/1.1" status: 204 len: 168 time: 0.1330991
2026-06-26 04:46:26.619 9 INFO neutron.wsgi [None req-a1b24433-970b-4ee1-b020-34bd9e61fae3 64dc72fd5df24e198bc6ecfe51b67dbc 0ee10255929b47579b27410c51985dbf - - default default] 10.0.0.66 "GET /v2.0/security-groups HTTP/1.1" status: 200 len: 2996 time: 0.0781636 /var/lib/openstack/lib/python3.10/site-packages/pycadf/identifier.py:71: UserWarning: Invalid uuid: neutron. To ensure interoperability, identifiers should be a valid uuid. warnings.warn(('Invalid uuid: %s. To ensure interoperability, '
2026-06-26 04:46:26.676 10 INFO neutron.wsgi [req-00b0fc1d-b47d-4455-8d05-8a8205c781b4 req-fbcd5423-c6b9-450c-8a3a-31172dfead1b 935f95c3e3b04eeb99350c0807552a47 8d240b3cfd2c44cf9ab1f4900cbc905f - - default default] 10.0.0.222 "GET /v2.0/ports?device_id=4daf6712-49c8-42a7-8087-5e35b52879ff HTTP/1.1" status: 200 len: 1168 time: 0.0776317
2026-06-26 04:46:26.679 9 INFO neutron.wsgi [None req-c3b2cc8e-58e4-427a-bd6f-16d63e07ffbb 64dc72fd5df24e198bc6ecfe51b67dbc 0ee10255929b47579b27410c51985dbf - - default default] 10.0.0.66 "GET /v2.0/security-groups HTTP/1.1" status: 200 len: 2996 time: 0.0447326
2026-06-26 04:46:26.695 9 INFO neutron.db.ovn_revision_numbers_db [None req-5356783f-e40d-4d4f-85ed-b290ead58980 5aece556be5c4597b45ae4ca8968f208 1963e81d3b9447b09c7dede164a08ae2 - - - -] Successfully bumped revision number for resource 5ba8cc44-09d2-4f83-a301-85b921988e6e (type: ports) to 2
2026-06-26 04:46:26.700 10 INFO neutron.wsgi [None req-10353908-95d7-438b-947b-adde8c5d1392 fa6ee0307e9e4c598e0fc0ad83969e72 b902d3189ef64166b07841c641636341 - - default default] 10.0.0.66 "GET /v2.0/security-groups?tenant_id=7f138342a5eb41e6aa2b4d0b94f55749&name=default HTTP/1.1" status: 200 len: 2996 time: 0.2189724
2026-06-26 04:46:26.715 9 INFO neutron.wsgi [None req-5356783f-e40d-4d4f-85ed-b290ead58980 5aece556be5c4597b45ae4ca8968f208 1963e81d3b9447b09c7dede164a08ae2 - - - -] 199.204.45.177 "PUT /v2.0/ports/5ba8cc44-09d2-4f83-a301-85b921988e6e HTTP/1.1" status: 200 len: 1328 time: 0.6468267
2026-06-26 04:46:26.735 10 INFO neutron.wsgi [req-00b0fc1d-b47d-4455-8d05-8a8205c781b4 req-5191312d-426c-4a20-b037-9ca00a7904a5 935f95c3e3b04eeb99350c0807552a47 8d240b3cfd2c44cf9ab1f4900cbc905f - - default default] 10.0.0.222 "GET /v2.0/security-groups?id=6e9abb1b-1cd8-4bbd-b114-efb61b6bb4d2&fields=id&fields=name HTTP/1.1" status: 200 len: 312 time: 0.0496926
2026-06-26 04:46:26.761 9 INFO neutron.notifiers.nova [-] Nova event matching ['req-6daf6d18-ca57-494c-886e-952f74b54c82'] response: {'name': 'network-changed', 'server_uuid': '4daf6712-49c8-42a7-8087-5e35b52879ff', 'tag': '5ba8cc44-09d2-4f83-a301-85b921988e6e', 'status': 'completed', 'code': 200}
2026-06-26 04:46:26.793 9 INFO neutron.wsgi [req-d1c884c5-8a27-466a-a1b0-94615970e26d req-d79d0d3b-943f-4e6a-ae65-95c363834f52 5aece556be5c4597b45ae4ca8968f208 1963e81d3b9447b09c7dede164a08ae2 - - ab14bc3c683241efb1bd8ca3b3626608 ab14bc3c683241efb1bd8ca3b3626608] 199.204.45.177 "GET /v2.0/ports?tenant_id=8d240b3cfd2c44cf9ab1f4900cbc905f&device_id=4daf6712-49c8-42a7-8087-5e35b52879ff HTTP/1.1" status: 200 len: 1359 time: 0.0343761
2026-06-26 04:46:26.823 9 INFO neutron.wsgi [req-d1c884c5-8a27-466a-a1b0-94615970e26d req-41a490b4-bc87-429b-bf29-68fcbe24f399 5aece556be5c4597b45ae4ca8968f208 1963e81d3b9447b09c7dede164a08ae2 - - ab14bc3c683241efb1bd8ca3b3626608 ab14bc3c683241efb1bd8ca3b3626608] 199.204.45.177 "GET /v2.0/floatingips?fixed_ip_address=10.100.0.9&port_id=5ba8cc44-09d2-4f83-a301-85b921988e6e HTTP/1.1" status: 200 len: 217 time: 0.0256329
2026-06-26 04:46:26.863 9 INFO neutron.wsgi [req-d1c884c5-8a27-466a-a1b0-94615970e26d req-72d8ed3c-a2d1-4ece-9845-6da990bf8ffa 5aece556be5c4597b45ae4ca8968f208 1963e81d3b9447b09c7dede164a08ae2 - - ab14bc3c683241efb1bd8ca3b3626608 ab14bc3c683241efb1bd8ca3b3626608] 199.204.45.177 "GET /v2.0/subnets?id=25549c9d-9344-428c-bdca-f229863683b6 HTTP/1.1" status: 200 len: 853 time: 0.0358434
2026-06-26 04:46:26.874 10 INFO neutron.services.segments.plugin [-] Segment f6896078-4a47-4b78-b2ba-91734318e59a resource provider aggregate not found
2026-06-26 04:46:26.884 10 INFO neutron.services.segments.plugin [-] Segment f6896078-4a47-4b78-b2ba-91734318e59a resource provider aggregate not found
2026-06-26 04:46:26.891 9 INFO neutron.wsgi [req-d1c884c5-8a27-466a-a1b0-94615970e26d req-030d5832-70e4-4753-aefe-529f26dfdf7c 5aece556be5c4597b45ae4ca8968f208 1963e81d3b9447b09c7dede164a08ae2 - - ab14bc3c683241efb1bd8ca3b3626608 ab14bc3c683241efb1bd8ca3b3626608] 199.204.45.177 "GET /v2.0/ports?network_id=75de3bf6-5896-41fa-bedf-45cd416c87f0&device_owner=network%3Adhcp HTTP/1.1" status: 200 len: 210 time: 0.0211174
2026-06-26 04:46:26.904 10 INFO neutron.services.segments.plugin [-] Segment f6896078-4a47-4b78-b2ba-91734318e59a resource provider not found; error: Placement Client Error (4xx): {"errors": [{"status": 404, "title": "Not Found", "detail": "The resource could not be found.\n\n No resource provider with uuid f6896078-4a47-4b78-b2ba-91734318e59a found for delete ", "request_id": "req-5d383cae-a4ee-417b-a679-db233183c804"}]}
2026-06-26 04:46:26.906 10 INFO neutron.services.segments.plugin [-] Segment f6896078-4a47-4b78-b2ba-91734318e59a resource provider not found; error: Placement Client Error (4xx): {"errors": [{"status": 404, "title": "Not Found", "detail": "The resource could not be found.\n\n No resource provider with uuid f6896078-4a47-4b78-b2ba-91734318e59a found for delete ", "request_id": "req-a617df93-d20e-4be0-b803-dcbf8b6be3de"}]}
2026-06-26 04:46:26.918 9 INFO neutron.services.segments.plugin [-] Segment 9dd62f54-3cb1-4f1a-bce4-948b097c6d79 resource provider aggregate not found
2026-06-26 04:46:26.931 10 INFO neutron.wsgi [None req-983577db-7f3b-434d-97e9-0204f1b5e4aa f3277e4ec69b4d188d652d9260e92d13 84c797047e594e29a0f86e1cd348abb9 - - - -] 10.0.0.66 "DELETE /v2.0/networks/3ad295e8-f47e-4eac-8fa0-8212d431842f HTTP/1.1" status: 204 len: 168 time: 0.5381172
2026-06-26 04:46:26.942 9 INFO neutron.services.segments.plugin [-] Segment 9dd62f54-3cb1-4f1a-bce4-948b097c6d79 resource provider aggregate not found
2026-06-26 04:46:26.950 9 INFO neutron.services.segments.plugin [-] Segment 9dd62f54-3cb1-4f1a-bce4-948b097c6d79 resource provider not found; error: Placement Client Error (4xx): {"errors": [{"status": 404, "title": "Not Found", "detail": "The resource could not be found.\n\n No resource provider with uuid 9dd62f54-3cb1-4f1a-bce4-948b097c6d79 found for delete ", "request_id": "req-2ef121d4-fbda-4a40-8ac4-6be3abf61031"}]}
2026-06-26 04:46:26.971 9 INFO neutron.services.segments.plugin [-] Segment 9dd62f54-3cb1-4f1a-bce4-948b097c6d79 resource provider not found; error: Placement Client Error (4xx): {"errors": [{"status": 404, "title": "Not Found", "detail": "The resource could not be found.\n\n No resource provider with uuid 9dd62f54-3cb1-4f1a-bce4-948b097c6d79 found for delete ", "request_id": "req-928cab9e-ed39-4019-81a9-35d1b7c87d8a"}]}
2026-06-26 04:46:26.982 9 INFO neutron.services.segments.plugin [-] Segment a3efa30f-136f-4cae-a14c-c7e5a64e50ac resource provider aggregate not found
2026-06-26 04:46:26.991 9 INFO neutron.services.segments.plugin [-] Segment a3efa30f-136f-4cae-a14c-c7e5a64e50ac resource provider aggregate not found
2026-06-26 04:46:27.003 9 INFO neutron.services.segments.plugin [-] Segment a3efa30f-136f-4cae-a14c-c7e5a64e50ac resource provider not found; error: Placement Client Error (4xx): {"errors": [{"status": 404, "title": "Not Found", "detail": "The resource could not be found.\n\n No resource provider with uuid a3efa30f-136f-4cae-a14c-c7e5a64e50ac found for delete ", "request_id": "req-b5bc9d37-c330-45fb-981c-38c2b12586c4"}]}
2026-06-26 04:46:27.011 9 INFO neutron.wsgi [req-d1c884c5-8a27-466a-a1b0-94615970e26d req-c1a71a20-af32-406d-b2c3-b3147c965f79 5aece556be5c4597b45ae4ca8968f208 1963e81d3b9447b09c7dede164a08ae2 - - ab14bc3c683241efb1bd8ca3b3626608 ab14bc3c683241efb1bd8ca3b3626608] 199.204.45.177 "GET /v2.0/networks/75de3bf6-5896-41fa-bedf-45cd416c87f0?fields=segments HTTP/1.1" status: 200 len: 212 time: 0.1102769
2026-06-26 04:46:27.013 9 INFO neutron.services.segments.plugin [-] Segment a3efa30f-136f-4cae-a14c-c7e5a64e50ac resource provider not found; error: Placement Client Error (4xx): {"errors": [{"status": 404, "title": "Not Found", "detail": "The resource could not be found.\n\n No resource provider with uuid a3efa30f-136f-4cae-a14c-c7e5a64e50ac found for delete ", "request_id": "req-7bc4097e-3964-4073-abae-154c4b0ca8b7"}]}
2026-06-26 04:46:27.017 10 INFO neutron.db.segments_db [None req-445b5abe-3234-4f79-97a7-74ef354bfc53 f3277e4ec69b4d188d652d9260e92d13 84c797047e594e29a0f86e1cd348abb9 - - - -] Added segment 64919549-b281-4425-a95a-a76592164d3e of type geneve for network a798b197-9718-4e99-a0e0-82ee92891e26
2026-06-26 04:46:27.079 9 INFO neutron.wsgi [None req-c7bb8835-f793-45bc-8b3a-b23950c80773 fa6ee0307e9e4c598e0fc0ad83969e72 b902d3189ef64166b07841c641636341 - - - -] 10.0.0.66 "DELETE /v2.0/security-groups/e2920760-9a61-4015-a4eb-aea06a023deb HTTP/1.1" status: 204 len: 168 time: 0.3745737
2026-06-26 04:46:27.103 9 INFO neutron.wsgi [req-d1c884c5-8a27-466a-a1b0-94615970e26d req-139101ab-8a87-4d04-b449-29752e4c20d5 5aece556be5c4597b45ae4ca8968f208 1963e81d3b9447b09c7dede164a08ae2 - - ab14bc3c683241efb1bd8ca3b3626608 ab14bc3c683241efb1bd8ca3b3626608] 199.204.45.177 "GET /v2.0/networks/75de3bf6-5896-41fa-bedf-45cd416c87f0?fields=provider%3Aphysical_network&fields=provider%3Anetwork_type HTTP/1.1" status: 200 len: 277 time: 0.0804005
2026-06-26 04:46:27.143 10 INFO neutron.db.ovn_revision_numbers_db [None req-445b5abe-3234-4f79-97a7-74ef354bfc53 f3277e4ec69b4d188d652d9260e92d13 84c797047e594e29a0f86e1cd348abb9 - - - -] Successfully bumped revision number for resource a798b197-9718-4e99-a0e0-82ee92891e26 (type: networks) to 1
2026-06-26 04:46:27.187 9 INFO neutron.wsgi [req-9157a88b-c31e-4343-a647-83450efbadd4 req-d0fe847e-79ad-49af-9ec0-8935b638fb55 5aece556be5c4597b45ae4ca8968f208 1963e81d3b9447b09c7dede164a08ae2 - - ab14bc3c683241efb1bd8ca3b3626608 ab14bc3c683241efb1bd8ca3b3626608] 199.204.45.177 "GET /v2.0/ports?tenant_id=8d240b3cfd2c44cf9ab1f4900cbc905f&device_id=4daf6712-49c8-42a7-8087-5e35b52879ff HTTP/1.1" status: 200 len: 1359 time: 0.0392866
2026-06-26 04:46:27.248 9 INFO neutron.wsgi [req-9157a88b-c31e-4343-a647-83450efbadd4 req-2df8a0ed-5469-49c1-8f33-029ecf33fd37 5aece556be5c4597b45ae4ca8968f208 1963e81d3b9447b09c7dede164a08ae2 - - ab14bc3c683241efb1bd8ca3b3626608 ab14bc3c683241efb1bd8ca3b3626608] 199.204.45.177 "GET /v2.0/networks?id=75de3bf6-5896-41fa-bedf-45cd416c87f0 HTTP/1.1" status: 200 len: 958 time: 0.0554464
2026-06-26 04:46:27.287 9 INFO neutron.wsgi [req-9157a88b-c31e-4343-a647-83450efbadd4 req-5bd14c00-2419-40d1-af47-f7118644c70c 5aece556be5c4597b45ae4ca8968f208 1963e81d3b9447b09c7dede164a08ae2 - - ab14bc3c683241efb1bd8ca3b3626608 ab14bc3c683241efb1bd8ca3b3626608] 199.204.45.177 "GET /v2.0/floatingips?fixed_ip_address=10.100.0.9&port_id=5ba8cc44-09d2-4f83-a301-85b921988e6e HTTP/1.1" status: 200 len: 217 time: 0.0331883
2026-06-26 04:46:27.326 9 INFO neutron.wsgi [req-9157a88b-c31e-4343-a647-83450efbadd4 req-0772d126-ee77-456c-b344-aaace7c86168 5aece556be5c4597b45ae4ca8968f208 1963e81d3b9447b09c7dede164a08ae2 - - ab14bc3c683241efb1bd8ca3b3626608 ab14bc3c683241efb1bd8ca3b3626608] 199.204.45.177 "GET /v2.0/subnets?id=25549c9d-9344-428c-bdca-f229863683b6 HTTP/1.1" status: 200 len: 853 time: 0.0319891
2026-06-26 04:46:27.357 9 INFO neutron.wsgi [req-9157a88b-c31e-4343-a647-83450efbadd4 req-9ffe80a3-86ff-4dff-99ac-7a948a31ff17 5aece556be5c4597b45ae4ca8968f208 1963e81d3b9447b09c7dede164a08ae2 - - ab14bc3c683241efb1bd8ca3b3626608 ab14bc3c683241efb1bd8ca3b3626608] 199.204.45.177 "GET /v2.0/ports?network_id=75de3bf6-5896-41fa-bedf-45cd416c87f0&device_owner=network%3Adhcp HTTP/1.1" status: 200 len: 210 time: 0.0237942
2026-06-26 04:46:27.361 10 WARNING neutron.scheduler.dhcp_agent_scheduler [None req-445b5abe-3234-4f79-97a7-74ef354bfc53 f3277e4ec69b4d188d652d9260e92d13 84c797047e594e29a0f86e1cd348abb9 - - - -] No more DHCP agents
2026-06-26 04:46:27.362 10 WARNING neutron.api.rpc.agentnotifiers.dhcp_rpc_agent_api [None req-445b5abe-3234-4f79-97a7-74ef354bfc53 f3277e4ec69b4d188d652d9260e92d13 84c797047e594e29a0f86e1cd348abb9 - - - -] Unable to schedule network a798b197-9718-4e99-a0e0-82ee92891e26: no agents available; will retry on subsequent port and subnet creation events.
2026-06-26 04:46:27.437 9 INFO neutron.wsgi [req-9157a88b-c31e-4343-a647-83450efbadd4 req-86cb9cc9-872c-4488-8ebb-a2d17bd3167b 5aece556be5c4597b45ae4ca8968f208 1963e81d3b9447b09c7dede164a08ae2 - - ab14bc3c683241efb1bd8ca3b3626608 ab14bc3c683241efb1bd8ca3b3626608] 199.204.45.177 "GET /v2.0/networks/75de3bf6-5896-41fa-bedf-45cd416c87f0?fields=segments HTTP/1.1" status: 200 len: 212 time: 0.0700407
2026-06-26 04:46:27.475 10 INFO neutron.wsgi [None req-51e1d455-d505-4a6d-b96a-2418df450785 fa6ee0307e9e4c598e0fc0ad83969e72 b902d3189ef64166b07841c641636341 - - default default] 10.0.0.66 "GET /v2.0/security-groups?tenant_id=0ee10255929b47579b27410c51985dbf&name=default HTTP/1.1" status: 200 len: 2996 time: 0.2749290
2026-06-26 04:46:27.482 10 INFO neutron.db.ovn_revision_numbers_db [None req-445b5abe-3234-4f79-97a7-74ef354bfc53 f3277e4ec69b4d188d652d9260e92d13 84c797047e594e29a0f86e1cd348abb9 - - - -] Successfully bumped revision number for resource bf0be153-5e2b-4d1a-821b-118690082455 (type: ports) to 1
2026-06-26 04:46:27.517 10 INFO neutron.wsgi [None req-445b5abe-3234-4f79-97a7-74ef354bfc53 f3277e4ec69b4d188d652d9260e92d13 84c797047e594e29a0f86e1cd348abb9 - - - -] 10.0.0.66 "POST /v2.0/networks HTTP/1.1" status: 201 len: 832 time: 0.5788879
2026-06-26 04:46:27.529 9 INFO neutron.wsgi [req-9157a88b-c31e-4343-a647-83450efbadd4 req-eb1d4174-a365-4e8a-9481-369848af8e44 5aece556be5c4597b45ae4ca8968f208 1963e81d3b9447b09c7dede164a08ae2 - - ab14bc3c683241efb1bd8ca3b3626608 ab14bc3c683241efb1bd8ca3b3626608] 199.204.45.177 "GET /v2.0/networks/75de3bf6-5896-41fa-bedf-45cd416c87f0?fields=provider%3Aphysical_network&fields=provider%3Anetwork_type HTTP/1.1" status: 200 len: 277 time: 0.0777833
2026-06-26 04:46:27.825 10 INFO neutron.wsgi [None req-65c84644-defd-4c3f-8771-25be3adc73a7 fa6ee0307e9e4c598e0fc0ad83969e72 b902d3189ef64166b07841c641636341 - - - -] 10.0.0.66 "DELETE /v2.0/security-groups/d09ce2b4-9289-442b-b2c2-40d2692cc99e HTTP/1.1" status: 204 len: 168 time: 0.3438163
2026-06-26 04:46:27.865 10 WARNING neutron.scheduler.dhcp_agent_scheduler [None req-98874497-ee9e-41f8-8a88-97ee20718488 f3277e4ec69b4d188d652d9260e92d13 84c797047e594e29a0f86e1cd348abb9 - - - -] No more DHCP agents
2026-06-26 04:46:27.869 10 WARNING neutron.api.rpc.agentnotifiers.dhcp_rpc_agent_api [None req-98874497-ee9e-41f8-8a88-97ee20718488 f3277e4ec69b4d188d652d9260e92d13 84c797047e594e29a0f86e1cd348abb9 - - - -] Unable to schedule network a798b197-9718-4e99-a0e0-82ee92891e26: no agents available; will retry on subsequent port and subnet creation events.
2026-06-26 04:46:27.880 10 INFO neutron.wsgi [req-42984fbb-bbbf-4cf0-b3f6-dc27a4228f23 req-fed11b36-d47a-4c05-bdf4-d89dc7f1eec5 935f95c3e3b04eeb99350c0807552a47 8d240b3cfd2c44cf9ab1f4900cbc905f - - default default] 10.0.0.222 "GET /v2.0/ports?device_id=4daf6712-49c8-42a7-8087-5e35b52879ff HTTP/1.1" status: 200 len: 1168 time: 0.0409265
2026-06-26 04:46:27.891 10 INFO neutron.db.ovn_revision_numbers_db [None req-98874497-ee9e-41f8-8a88-97ee20718488 f3277e4ec69b4d188d652d9260e92d13 84c797047e594e29a0f86e1cd348abb9 - - - -] Successfully bumped revision number for resource 53585a9e-e08a-4ab7-9af9-ec2889fd4dc7 (type: subnets) to 0
2026-06-26 04:46:27.918 10 INFO neutron.wsgi [None req-98874497-ee9e-41f8-8a88-97ee20718488 f3277e4ec69b4d188d652d9260e92d13 84c797047e594e29a0f86e1cd348abb9 - - - -] 10.0.0.66 "POST /v2.0/subnets HTTP/1.1" status: 201 len: 821 time: 0.3915243
2026-06-26 04:46:27.929 10 INFO neutron.wsgi [req-42984fbb-bbbf-4cf0-b3f6-dc27a4228f23 req-9fcdbd51-0988-44fe-be9f-ff67f4e673b7 935f95c3e3b04eeb99350c0807552a47 8d240b3cfd2c44cf9ab1f4900cbc905f - - default default] 10.0.0.222 "GET /v2.0/security-groups?id=6e9abb1b-1cd8-4bbd-b114-efb61b6bb4d2&fields=id&fields=name HTTP/1.1" status: 200 len: 312 time: 0.0424051
2026-06-26 04:46:28.104 10 INFO neutron.db.ovn_revision_numbers_db [None req-6c714ba2-3660-4cfd-a2bd-a7c8e5da23aa f3277e4ec69b4d188d652d9260e92d13 84c797047e594e29a0f86e1cd348abb9 - - - -] Successfully bumped revision number for resource d6a2b88c-8b8e-4c65-a5ce-c64de6fa1f0f (type: routers) to 1
2026-06-26 04:46:28.124 10 INFO neutron.wsgi [None req-6c714ba2-3660-4cfd-a2bd-a7c8e5da23aa f3277e4ec69b4d188d652d9260e92d13 84c797047e594e29a0f86e1cd348abb9 - - - -] 10.0.0.66 "POST /v2.0/routers HTTP/1.1" status: 201 len: 690 time: 0.1983373
2026-06-26 04:46:28.557 9 WARNING neutron.plugins.ml2.drivers.ovn.mech_driver.ovsdb.ovn_client [None req-2c575510-7952-4175-ba50-46335c36ee66 - - - - - -] No port found with ID a36c1b18-bb15-409e-bfc5-f8333a75135f: RuntimeError: No port found with ID a36c1b18-bb15-409e-bfc5-f8333a75135f
2026-06-26 04:46:28.557 9 INFO neutron.plugins.ml2.drivers.ovn.mech_driver.mech_driver [None req-2c575510-7952-4175-ba50-46335c36ee66 - - - - - -] OVN reports status up for port: 5ba8cc44-09d2-4f83-a301-85b921988e6e
2026-06-26 04:46:28.583 9 INFO neutron.plugins.ml2.plugin [None req-2c575510-7952-4175-ba50-46335c36ee66 - - - - - -] Attempt 1 to provision port 5ba8cc44-09d2-4f83-a301-85b921988e6e
2026-06-26 04:46:28.832 9 INFO neutron.notifiers.nova [-] Nova event matching ['req-5211a814-7ea4-4740-9d4c-540ab75fe8c3'] response: {'server_uuid': '4daf6712-49c8-42a7-8087-5e35b52879ff', 'name': 'network-vif-plugged', 'status': 'completed', 'tag': '5ba8cc44-09d2-4f83-a301-85b921988e6e', 'code': 200}
2026-06-26 04:46:28.981 9 INFO neutron.db.ovn_revision_numbers_db [None req-2c575510-7952-4175-ba50-46335c36ee66 - - - - - -] Successfully bumped revision number for resource 5ba8cc44-09d2-4f83-a301-85b921988e6e (type: ports) to 4
2026-06-26 04:46:29.095 9 WARNING neutron.scheduler.dhcp_agent_scheduler [None req-1f691106-7ce8-4916-acc4-75294e3ba039 f3277e4ec69b4d188d652d9260e92d13 84c797047e594e29a0f86e1cd348abb9 - - default default] No more DHCP agents
2026-06-26 04:46:29.098 9 WARNING neutron.api.rpc.agentnotifiers.dhcp_rpc_agent_api [None req-1f691106-7ce8-4916-acc4-75294e3ba039 f3277e4ec69b4d188d652d9260e92d13 84c797047e594e29a0f86e1cd348abb9 - - default default] Unable to schedule network a798b197-9718-4e99-a0e0-82ee92891e26: no agents available; will retry on subsequent port and subnet creation events.
2026-06-26 04:46:29.127 10 INFO neutron.wsgi [req-06f4a8c2-3972-4777-8964-657340486f11 req-daf5e860-ee36-4cc8-804d-1d0dd0b832de 935f95c3e3b04eeb99350c0807552a47 8d240b3cfd2c44cf9ab1f4900cbc905f - - default default] 10.0.0.222 "GET /v2.0/ports?device_id=4daf6712-49c8-42a7-8087-5e35b52879ff HTTP/1.1" status: 200 len: 1170 time: 0.1258430
2026-06-26 04:46:29.185 10 INFO neutron.wsgi [req-06f4a8c2-3972-4777-8964-657340486f11 req-fc77baa6-04be-4e7f-ae79-f97fb4f1c5e4 935f95c3e3b04eeb99350c0807552a47 8d240b3cfd2c44cf9ab1f4900cbc905f - - default default] 10.0.0.222 "GET /v2.0/security-groups?id=6e9abb1b-1cd8-4bbd-b114-efb61b6bb4d2&fields=id&fields=name HTTP/1.1" status: 200 len: 312 time: 0.0509253
2026-06-26 04:46:29.193 9 INFO neutron.db.ovn_revision_numbers_db [None req-1f691106-7ce8-4916-acc4-75294e3ba039 f3277e4ec69b4d188d652d9260e92d13 84c797047e594e29a0f86e1cd348abb9 - - default default] Successfully bumped revision number for resource bf39e092-7dc0-4b88-80a0-46b00df09c67 (type: ports) to 1
2026-06-26 04:46:29.327 10 INFO neutron.db.ovn_revision_numbers_db [None req-71065100-8e62-49a6-8a95-d7a176378c89 220ba209ea6d400b9acf4ef6f754aad1 6bf29611fd444c14b5762591b13c4688 - - - -] Successfully bumped revision number for resource 72773031-a236-4ff7-bcca-c948fc535bf5 (type: security_groups) to 1
2026-06-26 04:46:29.389 10 INFO neutron.db.segments_db [None req-71065100-8e62-49a6-8a95-d7a176378c89 220ba209ea6d400b9acf4ef6f754aad1 6bf29611fd444c14b5762591b13c4688 - - - -] Added segment 5f57a145-6e4d-46e8-976c-f638b143eb5b of type geneve for network 4f03dd5c-77a6-4300-b918-51d7572a5950
2026-06-26 04:46:29.534 10 INFO neutron.db.segments_db [None req-71065100-8e62-49a6-8a95-d7a176378c89 220ba209ea6d400b9acf4ef6f754aad1 6bf29611fd444c14b5762591b13c4688 - - - -] Added segment 57eca778-05d6-4aef-8d9e-f67f3d5b2f46 of type geneve for network edc6ab80-3709-4a5a-a4e3-ee38c7c77b8c
2026-06-26 04:46:29.570 9 INFO neutron.db.ovn_revision_numbers_db [None req-1f691106-7ce8-4916-acc4-75294e3ba039 f3277e4ec69b4d188d652d9260e92d13 84c797047e594e29a0f86e1cd348abb9 - - default default] Successfully bumped revision number for resource bf39e092-7dc0-4b88-80a0-46b00df09c67 (type: router_ports) to 2
2026-06-26 04:46:29.587 10 INFO neutron.plugins.ml2.drivers.ovn.mech_driver.mech_driver [None req-21a5bdf3-7927-4870-8c57-283e5d8c20e0 - - - - - -] OVN reports status up for port: bf39e092-7dc0-4b88-80a0-46b00df09c67
2026-06-26 04:46:29.619 10 INFO neutron.plugins.ml2.plugin [None req-21a5bdf3-7927-4870-8c57-283e5d8c20e0 - - - - - -] Attempt 1 to provision port bf39e092-7dc0-4b88-80a0-46b00df09c67
2026-06-26 04:46:29.653 9 INFO neutron.wsgi [-] 10.0.0.66 "GET / HTTP/1.1" status: 200 len: 279 time: 0.0017910
2026-06-26 04:46:29.671 9 INFO neutron.db.ovn_revision_numbers_db [None req-1f691106-7ce8-4916-acc4-75294e3ba039 f3277e4ec69b4d188d652d9260e92d13 84c797047e594e29a0f86e1cd348abb9 - - default default] Successfully bumped revision number for resource bf39e092-7dc0-4b88-80a0-46b00df09c67 (type: ports) to 2
2026-06-26 04:46:29.737 9 WARNING neutron.scheduler.dhcp_agent_scheduler [None req-1f691106-7ce8-4916-acc4-75294e3ba039 f3277e4ec69b4d188d652d9260e92d13 84c797047e594e29a0f86e1cd348abb9 - - default default] No more DHCP agents
2026-06-26 04:46:29.738 9 WARNING neutron.api.rpc.agentnotifiers.dhcp_rpc_agent_api [None req-1f691106-7ce8-4916-acc4-75294e3ba039 f3277e4ec69b4d188d652d9260e92d13 84c797047e594e29a0f86e1cd348abb9 - - default default] Unable to schedule network a798b197-9718-4e99-a0e0-82ee92891e26: no agents available; will retry on subsequent port and subnet creation events.
2026-06-26 04:46:29.766 10 INFO neutron.db.ovn_revision_numbers_db [None req-71065100-8e62-49a6-8a95-d7a176378c89 220ba209ea6d400b9acf4ef6f754aad1 6bf29611fd444c14b5762591b13c4688 - - - -] Successfully bumped revision number for resource 4f03dd5c-77a6-4300-b918-51d7572a5950 (type: networks) to 1 /var/lib/openstack/lib/python3.10/site-packages/pycadf/identifier.py:71: UserWarning: Invalid uuid: neutron. To ensure interoperability, identifiers should be a valid uuid. warnings.warn(('Invalid uuid: %s. To ensure interoperability, '
2026-06-26 04:46:29.787 9 INFO neutron.wsgi [None req-4046e309-b1ab-4128-b226-d5c1bd41020b e2d1b3fbd2f74077852285a437cc4119 0d058b9f04f34704b905dec9773b1797 - - default default] 10.0.0.66 "GET /v2.0/ HTTP/1.1" status: 200 len: 826 time: 0.1235199
2026-06-26 04:46:29.894 9 INFO neutron.db.ovn_revision_numbers_db [None req-1f691106-7ce8-4916-acc4-75294e3ba039 f3277e4ec69b4d188d652d9260e92d13 84c797047e594e29a0f86e1cd348abb9 - - - -] Successfully bumped revision number for resource bf39e092-7dc0-4b88-80a0-46b00df09c67 (type: router_ports) to 2
2026-06-26 04:46:29.896 9 INFO neutron.wsgi [None req-1f691106-7ce8-4916-acc4-75294e3ba039 f3277e4ec69b4d188d652d9260e92d13 84c797047e594e29a0f86e1cd348abb9 - - - -] 10.0.0.66 "PUT /v2.0/routers/d6a2b88c-8b8e-4c65-a5ce-c64de6fa1f0f/add_router_interface HTTP/1.1" status: 200 len: 503 time: 1.7664912
2026-06-26 04:46:29.981 9 INFO neutron.wsgi [None req-4ea7011c-187c-468c-b8f4-3a807d4bf7c5 f3277e4ec69b4d188d652d9260e92d13 84c797047e594e29a0f86e1cd348abb9 - - default default] 10.0.0.66 "GET /v2.0/ports/bf39e092-7dc0-4b88-80a0-46b00df09c67 HTTP/1.1" status: 200 len: 1141 time: 0.0790045
2026-06-26 04:46:30.023 9 INFO neutron.wsgi [None req-0b1c871d-9d36-4c07-ab04-bcb48a850f61 f3277e4ec69b4d188d652d9260e92d13 84c797047e594e29a0f86e1cd348abb9 - - default default] 10.0.0.66 "GET /v2.0/ports/bf39e092-7dc0-4b88-80a0-46b00df09c67 HTTP/1.1" status: 200 len: 1141 time: 0.0347459
2026-06-26 04:46:30.340 10 INFO neutron.wsgi [req-7b261095-6eae-4386-a6f5-73e8ec300db8 req-86ed9302-6cc2-4e46-a05c-29e2baad4afe 935f95c3e3b04eeb99350c0807552a47 8d240b3cfd2c44cf9ab1f4900cbc905f - - default default] 10.0.0.222 "GET /v2.0/ports?device_id=4daf6712-49c8-42a7-8087-5e35b52879ff HTTP/1.1" status: 200 len: 1170 time: 0.0704303
2026-06-26 04:46:30.340 10 WARNING neutron.scheduler.dhcp_agent_scheduler [None req-71065100-8e62-49a6-8a95-d7a176378c89 220ba209ea6d400b9acf4ef6f754aad1 6bf29611fd444c14b5762591b13c4688 - - - -] No more DHCP agents
2026-06-26 04:46:30.343 10 WARNING neutron.api.rpc.agentnotifiers.dhcp_rpc_agent_api [None req-71065100-8e62-49a6-8a95-d7a176378c89 220ba209ea6d400b9acf4ef6f754aad1 6bf29611fd444c14b5762591b13c4688 - - - -] Unable to schedule network 4f03dd5c-77a6-4300-b918-51d7572a5950: no agents available; will retry on subsequent port and subnet creation events.
2026-06-26 04:46:30.401 10 INFO neutron.db.ovn_revision_numbers_db [None req-21a5bdf3-7927-4870-8c57-283e5d8c20e0 - - - - - -] Successfully bumped revision number for resource bf39e092-7dc0-4b88-80a0-46b00df09c67 (type: ports) to 3
2026-06-26 04:46:30.412 10 INFO neutron.wsgi [req-7b261095-6eae-4386-a6f5-73e8ec300db8 req-cc6c5733-2a51-43f8-8118-2619f83dad98 935f95c3e3b04eeb99350c0807552a47 8d240b3cfd2c44cf9ab1f4900cbc905f - - default default] 10.0.0.222 "GET /v2.0/security-groups?id=6e9abb1b-1cd8-4bbd-b114-efb61b6bb4d2&fields=id&fields=name HTTP/1.1" status: 200 len: 312 time: 0.0566902
2026-06-26 04:46:30.449 10 INFO neutron.db.ovn_revision_numbers_db [None req-71065100-8e62-49a6-8a95-d7a176378c89 220ba209ea6d400b9acf4ef6f754aad1 6bf29611fd444c14b5762591b13c4688 - - - -] Successfully bumped revision number for resource cfb567a1-6d93-416b-85d6-215fa5b0479f (type: ports) to 1
2026-06-26 04:46:30.531 10 INFO neutron.db.ovn_revision_numbers_db [None req-71065100-8e62-49a6-8a95-d7a176378c89 220ba209ea6d400b9acf4ef6f754aad1 6bf29611fd444c14b5762591b13c4688 - - - -] Successfully bumped revision number for resource edc6ab80-3709-4a5a-a4e3-ee38c7c77b8c (type: networks) to 1
2026-06-26 04:46:30.557 10 INFO neutron.wsgi [req-c36b64a2-f62d-4ea3-9e53-04a0a9db8f54 req-339860c1-e833-40f6-a24d-cdf893ba8b5d 935f95c3e3b04eeb99350c0807552a47 8d240b3cfd2c44cf9ab1f4900cbc905f - - default default] 10.0.0.222 "GET /v2.0/ports?device_id=4daf6712-49c8-42a7-8087-5e35b52879ff HTTP/1.1" status: 200 len: 1170 time: 0.0614746
2026-06-26 04:46:30.590 10 ERROR neutron_lib.callbacks.manager [None req-21a5bdf3-7927-4870-8c57-283e5d8c20e0 - - - - - -] Error during notification for neutron.services.ovn_l3.plugin.OVNL3RouterPlugin._port_update-8791054095249 port, after_update: oslo_db.exception.DBReferenceError: (pymysql.err.IntegrityError) (1452, 'Cannot add or update a child row: a foreign key constraint fails (`neutron`.`ovn_revision_numbers`, CONSTRAINT `ovn_revision_numbers_ibfk_1` FOREIGN KEY (`standard_attr_id`) REFERENCES `standardattributes` (`id`) ON DELETE SET NULL)') [SQL: UPDATE ovn_revision_numbers SET standard_attr_id=%(standard_attr_id)s, revision_number=%(revision_number)s, updated_at=now() WHERE ovn_revision_numbers.resource_uuid = %(ovn_revision_numbers_resource_uuid)s AND ovn_revision_numbers.resource_type = %(ovn_revision_numbers_resource_type)s] [parameters: {'standard_attr_id': 528, 'revision_number': 3, 'ovn_revision_numbers_resource_uuid': 'bf39e092-7dc0-4b88-80a0-46b00df09c67', 'ovn_revision_numbers_resource_type': 'router_ports'}] (Background on this error at: https://sqlalche.me/e/14/gkpj)
