2026-06-26 04:46:30.590 10 ERROR neutron_lib.callbacks.manager
Traceback (most recent call last):
2026-06-26 04:46:30.590 10 ERROR neutron_lib.callbacks.manager
File "/var/lib/openstack/lib/python3.10/site-packages/sqlalchemy/engine/base.py", line 1900, in _execute_context
2026-06-26 04:46:30.590 10 ERROR neutron_lib.callbacks.manager self.dialect.do_execute(
2026-06-26 04:46:30.590 10 ERROR neutron_lib.callbacks.manager
File "/var/lib/openstack/lib/python3.10/site-packages/sqlalchemy/engine/default.py", line 732, in do_execute
2026-06-26 04:46:30.590 10 ERROR neutron_lib.callbacks.manager cursor.execute(statement, parameters)
2026-06-26 04:46:30.590 10 ERROR neutron_lib.callbacks.manager
File "/var/lib/openstack/lib/python3.10/site-packages/pymysql/cursors.py", line 148, in execute
2026-06-26 04:46:30.590 10 ERROR neutron_lib.callbacks.manager result = self._query(query)
2026-06-26 04:46:30.590 10 ERROR neutron_lib.callbacks.manager
File "/var/lib/openstack/lib/python3.10/site-packages/pymysql/cursors.py", line 310, in _query
2026-06-26 04:46:30.590 10 ERROR neutron_lib.callbacks.manager conn.query(q)
2026-06-26 04:46:30.590 10 ERROR neutron_lib.callbacks.manager
File "/var/lib/openstack/lib/python3.10/site-packages/pymysql/connections.py", line 548, in query
2026-06-26 04:46:30.590 10 ERROR neutron_lib.callbacks.manager self._affected_rows = self._read_query_result(unbuffered=unbuffered)
2026-06-26 04:46:30.590 10 ERROR neutron_lib.callbacks.manager
File "/var/lib/openstack/lib/python3.10/site-packages/pymysql/connections.py", line 775, in _read_query_result
2026-06-26 04:46:30.590 10 ERROR neutron_lib.callbacks.manager result.read()
2026-06-26 04:46:30.590 10 ERROR neutron_lib.callbacks.manager
File "/var/lib/openstack/lib/python3.10/site-packages/pymysql/connections.py", line 1156, in read
2026-06-26 04:46:30.590 10 ERROR neutron_lib.callbacks.manager first_packet = self.connection._read_packet()
2026-06-26 04:46:30.590 10 ERROR neutron_lib.callbacks.manager
File "/var/lib/openstack/lib/python3.10/site-packages/pymysql/connections.py", line 725, in _read_packet
2026-06-26 04:46:30.590 10 ERROR neutron_lib.callbacks.manager packet.raise_for_error()
2026-06-26 04:46:30.590 10 ERROR neutron_lib.callbacks.manager
File "/var/lib/openstack/lib/python3.10/site-packages/pymysql/protocol.py", line 221, in raise_for_error
2026-06-26 04:46:30.590 10 ERROR neutron_lib.callbacks.manager err.raise_mysql_exception(self._data)
2026-06-26 04:46:30.590 10 ERROR neutron_lib.callbacks.manager
File "/var/lib/openstack/lib/python3.10/site-packages/pymysql/err.py", line 143, in raise_mysql_exception
2026-06-26 04:46:30.590 10 ERROR neutron_lib.callbacks.manager raise errorclass(errno, errval)
2026-06-26 04:46:30.590 10 ERROR neutron_lib.callbacks.manager pymysql.err.IntegrityError: (1452, 'Cannot add or update a child row: a foreign key constraint fails (`neutron`.`ovn_revision_numbers`, CONSTRAINT `ovn_revision_numbers_ibfk_1` FOREIGN KEY (`standard_attr_id`) REFERENCES `standardattributes` (`id`) ON DELETE SET NULL)')
2026-06-26 04:46:30.590 10 ERROR neutron_lib.callbacks.manager
2026-06-26 04:46:30.590 10 ERROR neutron_lib.callbacks.manager The above exception was the direct cause of the following exception:
2026-06-26 04:46:30.590 10 ERROR neutron_lib.callbacks.manager
2026-06-26 04:46:30.590 10 ERROR neutron_lib.callbacks.manager
Traceback (most recent call last):
2026-06-26 04:46:30.590 10 ERROR neutron_lib.callbacks.manager
File "/var/lib/openstack/lib/python3.10/site-packages/neutron_lib/callbacks/manager.py", line 181, in _notify_loop
2026-06-26 04:46:30.590 10 ERROR neutron_lib.callbacks.manager callback(resource, event, trigger, payload=payload)
2026-06-26 04:46:30.590 10 ERROR neutron_lib.callbacks.manager
File "/var/lib/openstack/lib/python3.10/site-packages/neutron/services/ovn_l3/plugin.py", line 517, in _port_update
2026-06-26 04:46:30.590 10 ERROR neutron_lib.callbacks.manager l3plugin._ovn_client.update_router_port(context,
2026-06-26 04:46:30.590 10 ERROR neutron_lib.callbacks.manager
File "/var/lib/openstack/lib/python3.10/site-packages/neutron/plugins/ml2/drivers/ovn/mech_driver/ovsdb/ovn_client.py", line 1874, in update_router_port
2026-06-26 04:46:30.590 10 ERROR neutron_lib.callbacks.manager db_rev.bump_revision(
2026-06-26 04:46:30.590 10 ERROR neutron_lib.callbacks.manager
File "/var/lib/openstack/lib/python3.10/site-packages/neutron_lib/db/api.py", line 226, in wrapped
2026-06-26 04:46:30.590 10 ERROR neutron_lib.callbacks.manager return f_with_retry(*args, **kwargs,
2026-06-26 04:46:30.590 10 ERROR neutron_lib.callbacks.manager
File "/var/lib/openstack/lib/python3.10/site-packages/neutron_lib/db/api.py", line 140, in wrapped
2026-06-26 04:46:30.590 10 ERROR neutron_lib.callbacks.manager with excutils.save_and_reraise_exception():
2026-06-26 04:46:30.590 10 ERROR neutron_lib.callbacks.manager
File "/var/lib/openstack/lib/python3.10/site-packages/oslo_utils/excutils.py", line 227, in __exit__
2026-06-26 04:46:30.590 10 ERROR neutron_lib.callbacks.manager self.force_reraise()
2026-06-26 04:46:30.590 10 ERROR neutron_lib.callbacks.manager
File "/var/lib/openstack/lib/python3.10/site-packages/oslo_utils/excutils.py", line 200, in force_reraise
2026-06-26 04:46:30.590 10 ERROR neutron_lib.callbacks.manager raise self.value
2026-06-26 04:46:30.590 10 ERROR neutron_lib.callbacks.manager
File "/var/lib/openstack/lib/python3.10/site-packages/neutron_lib/db/api.py", line 138, in wrapped
2026-06-26 04:46:30.590 10 ERROR neutron_lib.callbacks.manager return f(*args, **kwargs)
2026-06-26 04:46:30.590 10 ERROR neutron_lib.callbacks.manager
File "/var/lib/openstack/lib/python3.10/site-packages/oslo_db/api.py", line 144, in wrapper
2026-06-26 04:46:30.590 10 ERROR neutron_lib.callbacks.manager with excutils.save_and_reraise_exception() as ectxt:
2026-06-26 04:46:30.590 10 ERROR neutron_lib.callbacks.manager
File "/var/lib/openstack/lib/python3.10/site-packages/oslo_utils/excutils.py", line 227, in __exit__
2026-06-26 04:46:30.590 10 ERROR neutron_lib.callbacks.manager self.force_reraise()
2026-06-26 04:46:30.590 10 ERROR neutron_lib.callbacks.manager
File "/var/lib/openstack/lib/python3.10/site-packages/oslo_utils/excutils.py", line 200, in force_reraise
2026-06-26 04:46:30.590 10 ERROR neutron_lib.callbacks.manager raise self.value
2026-06-26 04:46:30.590 10 ERROR neutron_lib.callbacks.manager
File "/var/lib/openstack/lib/python3.10/site-packages/oslo_db/api.py", line 142, in wrapper
2026-06-26 04:46:30.590 10 ERROR neutron_lib.callbacks.manager return f(*args, **kwargs)
2026-06-26 04:46:30.590 10 ERROR neutron_lib.callbacks.manager
File "/var/lib/openstack/lib/python3.10/site-packages/neutron_lib/db/api.py", line 186, in wrapped
2026-06-26 04:46:30.590 10 ERROR neutron_lib.callbacks.manager with excutils.save_and_reraise_exception():
2026-06-26 04:46:30.590 10 ERROR neutron_lib.callbacks.manager
File "/var/lib/openstack/lib/python3.10/site-packages/oslo_utils/excutils.py", line 227, in __exit__
2026-06-26 04:46:30.590 10 ERROR neutron_lib.callbacks.manager self.force_reraise()
2026-06-26 04:46:30.590 10 ERROR neutron_lib.callbacks.manager
File "/var/lib/openstack/lib/python3.10/site-packages/oslo_utils/excutils.py", line 200, in force_reraise
2026-06-26 04:46:30.590 10 ERROR neutron_lib.callbacks.manager raise self.value
2026-06-26 04:46:30.590 10 ERROR neutron_lib.callbacks.manager
File "/var/lib/openstack/lib/python3.10/site-packages/neutron_lib/db/api.py", line 184, in wrapped
2026-06-26 04:46:30.590 10 ERROR neutron_lib.callbacks.manager return f(*dup_args, **dup_kwargs)
2026-06-26 04:46:30.590 10 ERROR neutron_lib.callbacks.manager
File "/var/lib/openstack/lib/python3.10/site-packages/neutron/db/ovn_revision_numbers_db.py", line 190, in bump_revision
2026-06-26 04:46:30.590 10 ERROR neutron_lib.callbacks.manager context.session.merge(row)
2026-06-26 04:46:30.590 10 ERROR neutron_lib.callbacks.manager
File "/var/lib/openstack/lib/python3.10/site-packages/sqlalchemy/orm/session.py", line 2987, in merge
2026-06-26 04:46:30.590 10 ERROR neutron_lib.callbacks.manager self._autoflush()
2026-06-26 04:46:30.590 10 ERROR neutron_lib.callbacks.manager
File "/var/lib/openstack/lib/python3.10/site-packages/sqlalchemy/orm/session.py", line 2246, in _autoflush
2026-06-26 04:46:30.590 10 ERROR neutron_lib.callbacks.manager self.flush()
2026-06-26 04:46:30.590 10 ERROR neutron_lib.callbacks.manager
File "/var/lib/openstack/lib/python3.10/site-packages/sqlalchemy/orm/session.py", line 3383, in flush
2026-06-26 04:46:30.590 10 ERROR neutron_lib.callbacks.manager self._flush(objects)
2026-06-26 04:46:30.590 10 ERROR neutron_lib.callbacks.manager
File "/var/lib/openstack/lib/python3.10/site-packages/sqlalchemy/orm/session.py", line 3522, in _flush
2026-06-26 04:46:30.590 10 ERROR neutron_lib.callbacks.manager with util.safe_reraise():
2026-06-26 04:46:30.590 10 ERROR neutron_lib.callbacks.manager
File "/var/lib/openstack/lib/python3.10/site-packages/sqlalchemy/util/langhelpers.py", line 70, in __exit__
2026-06-26 04:46:30.590 10 ERROR neutron_lib.callbacks.manager compat.raise_(
2026-06-26 04:46:30.590 10 ERROR neutron_lib.callbacks.manager
File "/var/lib/openstack/lib/python3.10/site-packages/sqlalchemy/util/compat.py", line 208, in raise_
2026-06-26 04:46:30.590 10 ERROR neutron_lib.callbacks.manager raise exception
2026-06-26 04:46:30.590 10 ERROR neutron_lib.callbacks.manager
File "/var/lib/openstack/lib/python3.10/site-packages/sqlalchemy/orm/session.py", line 3483, in _flush
2026-06-26 04:46:30.590 10 ERROR neutron_lib.callbacks.manager flush_context.execute()
2026-06-26 04:46:30.590 10 ERROR neutron_lib.callbacks.manager
File "/var/lib/openstack/lib/python3.10/site-packages/sqlalchemy/orm/unitofwork.py", line 456, in execute
2026-06-26 04:46:30.590 10 ERROR neutron_lib.callbacks.manager rec.execute(self)
2026-06-26 04:46:30.590 10 ERROR neutron_lib.callbacks.manager
File "/var/lib/openstack/lib/python3.10/site-packages/sqlalchemy/orm/unitofwork.py", line 630, in execute
2026-06-26 04:46:30.590 10 ERROR neutron_lib.callbacks.manager util.preloaded.orm_persistence.save_obj(
2026-06-26 04:46:30.590 10 ERROR neutron_lib.callbacks.manager
File "/var/lib/openstack/lib/python3.10/site-packages/sqlalchemy/orm/persistence.py", line 237, in save_obj
2026-06-26 04:46:30.590 10 ERROR neutron_lib.callbacks.manager _emit_update_statements(
2026-06-26 04:46:30.590 10 ERROR neutron_lib.callbacks.manager
File "/var/lib/openstack/lib/python3.10/site-packages/sqlalchemy/orm/persistence.py", line 1001, in _emit_update_statements
2026-06-26 04:46:30.590 10 ERROR neutron_lib.callbacks.manager c = connection._execute_20(
2026-06-26 04:46:30.590 10 ERROR neutron_lib.callbacks.manager
File "/var/lib/openstack/lib/python3.10/site-packages/sqlalchemy/engine/base.py", line 1705, in _execute_20
2026-06-26 04:46:30.590 10 ERROR neutron_lib.callbacks.manager return meth(self, args_10style, kwargs_10style, execution_options)
2026-06-26 04:46:30.590 10 ERROR neutron_lib.callbacks.manager
File "/var/lib/openstack/lib/python3.10/site-packages/sqlalchemy/sql/elements.py", line 333, in _execute_on_connection
2026-06-26 04:46:30.590 10 ERROR neutron_lib.callbacks.manager return connection._execute_clauseelement(
2026-06-26 04:46:30.590 10 ERROR neutron_lib.callbacks.manager
File "/var/lib/openstack/lib/python3.10/site-packages/sqlalchemy/engine/base.py", line 1572, in _execute_clauseelement
2026-06-26 04:46:30.590 10 ERROR neutron_lib.callbacks.manager ret = self._execute_context(
2026-06-26 04:46:30.590 10 ERROR neutron_lib.callbacks.manager
File "/var/lib/openstack/lib/python3.10/site-packages/sqlalchemy/engine/base.py", line 1943, in _execute_context
2026-06-26 04:46:30.590 10 ERROR neutron_lib.callbacks.manager self._handle_dbapi_exception(
2026-06-26 04:46:30.590 10 ERROR neutron_lib.callbacks.manager
File "/var/lib/openstack/lib/python3.10/site-packages/sqlalchemy/engine/base.py", line 2122, in _handle_dbapi_exception
2026-06-26 04:46:30.590 10 ERROR neutron_lib.callbacks.manager util.raise_(newraise, with_traceback=exc_info[2], from_=e)
2026-06-26 04:46:30.590 10 ERROR neutron_lib.callbacks.manager
File "/var/lib/openstack/lib/python3.10/site-packages/sqlalchemy/util/compat.py", line 208, in raise_
2026-06-26 04:46:30.590 10 ERROR neutron_lib.callbacks.manager raise exception
2026-06-26 04:46:30.590 10 ERROR neutron_lib.callbacks.manager
File "/var/lib/openstack/lib/python3.10/site-packages/sqlalchemy/engine/base.py", line 1900, in _execute_context
2026-06-26 04:46:30.590 10 ERROR neutron_lib.callbacks.manager self.dialect.do_execute(
2026-06-26 04:46:30.590 10 ERROR neutron_lib.callbacks.manager
File "/var/lib/openstack/lib/python3.10/site-packages/sqlalchemy/engine/default.py", line 732, in do_execute
2026-06-26 04:46:30.590 10 ERROR neutron_lib.callbacks.manager cursor.execute(statement, parameters)
2026-06-26 04:46:30.590 10 ERROR neutron_lib.callbacks.manager
File "/var/lib/openstack/lib/python3.10/site-packages/pymysql/cursors.py", line 148, in execute
2026-06-26 04:46:30.590 10 ERROR neutron_lib.callbacks.manager result = self._query(query)
2026-06-26 04:46:30.590 10 ERROR neutron_lib.callbacks.manager
File "/var/lib/openstack/lib/python3.10/site-packages/pymysql/cursors.py", line 310, in _query
2026-06-26 04:46:30.590 10 ERROR neutron_lib.callbacks.manager conn.query(q)
2026-06-26 04:46:30.590 10 ERROR neutron_lib.callbacks.manager
File "/var/lib/openstack/lib/python3.10/site-packages/pymysql/connections.py", line 548, in query
2026-06-26 04:46:30.590 10 ERROR neutron_lib.callbacks.manager self._affected_rows = self._read_query_result(unbuffered=unbuffered)
2026-06-26 04:46:30.590 10 ERROR neutron_lib.callbacks.manager
File "/var/lib/openstack/lib/python3.10/site-packages/pymysql/connections.py", line 775, in _read_query_result
2026-06-26 04:46:30.590 10 ERROR neutron_lib.callbacks.manager result.read()
2026-06-26 04:46:30.590 10 ERROR neutron_lib.callbacks.manager
File "/var/lib/openstack/lib/python3.10/site-packages/pymysql/connections.py", line 1156, in read
2026-06-26 04:46:30.590 10 ERROR neutron_lib.callbacks.manager first_packet = self.connection._read_packet()
2026-06-26 04:46:30.590 10 ERROR neutron_lib.callbacks.manager
File "/var/lib/openstack/lib/python3.10/site-packages/pymysql/connections.py", line 725, in _read_packet
2026-06-26 04:46:30.590 10 ERROR neutron_lib.callbacks.manager packet.raise_for_error()
2026-06-26 04:46:30.590 10 ERROR neutron_lib.callbacks.manager
File "/var/lib/openstack/lib/python3.10/site-packages/pymysql/protocol.py", line 221, in raise_for_error
2026-06-26 04:46:30.590 10 ERROR neutron_lib.callbacks.manager err.raise_mysql_exception(self._data)
2026-06-26 04:46:30.590 10 ERROR neutron_lib.callbacks.manager
File "/var/lib/openstack/lib/python3.10/site-packages/pymysql/err.py", line 143, in raise_mysql_exception
2026-06-26 04:46:30.590 10 ERROR neutron_lib.callbacks.manager raise errorclass(errno, errval)
2026-06-26 04:46:30.590 10 ERROR neutron_lib.callbacks.manager oslo_db.exception.DBReferenceError: (pymysql.err.IntegrityError) (1452, 'Cannot add or update a child row: a foreign key constraint fails (`neutron`.`ovn_revision_numbers`, CONSTRAINT `ovn_revision_numbers_ibfk_1` FOREIGN KEY (`standard_attr_id`) REFERENCES `standardattributes` (`id`) ON DELETE SET NULL)')
2026-06-26 04:46:30.590 10 ERROR neutron_lib.callbacks.manager [SQL: UPDATE ovn_revision_numbers SET standard_attr_id=%(standard_attr_id)s, revision_number=%(revision_number)s, updated_at=now() WHERE ovn_revision_numbers.resource_uuid = %(ovn_revision_numbers_resource_uuid)s AND ovn_revision_numbers.resource_type = %(ovn_revision_numbers_resource_type)s]
2026-06-26 04:46:30.590 10 ERROR neutron_lib.callbacks.manager [parameters: {'standard_attr_id': 528, 'revision_number': 3, 'ovn_revision_numbers_resource_uuid': 'bf39e092-7dc0-4b88-80a0-46b00df09c67', 'ovn_revision_numbers_resource_type': 'router_ports'}]
2026-06-26 04:46:30.590 10 ERROR neutron_lib.callbacks.manager (Background on this error at: https://sqlalche.me/e/14/gkpj)
2026-06-26 04:46:30.590 10 ERROR neutron_lib.callbacks.manager 
2026-06-26 04:46:30.655 10 INFO neutron.wsgi [req-c36b64a2-f62d-4ea3-9e53-04a0a9db8f54 req-9d43829a-b238-4716-8bad-1cb03fbba95a 935f95c3e3b04eeb99350c0807552a47 8d240b3cfd2c44cf9ab1f4900cbc905f - - default default] 10.0.0.222 "GET /v2.0/security-groups?id=6e9abb1b-1cd8-4bbd-b114-efb61b6bb4d2&fields=id&fields=name HTTP/1.1" status: 200 len: 312 time: 0.0814545
2026-06-26 04:46:30.729 9 INFO neutron.wsgi [None req-9b14ff69-722d-4b65-9078-2c8fab25649a f3277e4ec69b4d188d652d9260e92d13 84c797047e594e29a0f86e1cd348abb9 - - - -] 10.0.0.66 "PUT /v2.0/routers/d6a2b88c-8b8e-4c65-a5ce-c64de6fa1f0f/remove_router_interface HTTP/1.1" status: 200 len: 503 time: 0.6990809 /var/lib/openstack/lib/python3.10/site-packages/pycadf/identifier.py:71: UserWarning: Invalid uuid: neutron. To ensure interoperability, identifiers should be a valid uuid. warnings.warn(('Invalid uuid: %s. To ensure interoperability, '
2026-06-26 04:46:30.751 10 INFO neutron.wsgi [None req-65b1aa23-a98d-4295-8524-13b6e7a055cc 3cee903559b3492ea936cfd7b95c4692 f4d72736359c4f8aa6abf710342f0284 - - default default] 10.0.0.66 "GET /v2.0/ports?device_id=4daf6712-49c8-42a7-8087-5e35b52879ff HTTP/1.1" status: 200 len: 1356 time: 0.0613253
2026-06-26 04:46:30.769 9 INFO neutron.wsgi [None req-ffc8b33c-1148-4036-80db-9c454c55451d f3277e4ec69b4d188d652d9260e92d13 84c797047e594e29a0f86e1cd348abb9 - - default default] 10.0.0.66 "GET /v2.0/ports?device_id=d6a2b88c-8b8e-4c65-a5ce-c64de6fa1f0f HTTP/1.1" status: 200 len: 205 time: 0.0349808
2026-06-26 04:46:30.834 10 INFO neutron.db.ovn_revision_numbers_db [None req-e3470954-bd48-425a-944a-9027c790ede9 fa6ee0307e9e4c598e0fc0ad83969e72 b902d3189ef64166b07841c641636341 - - default default] Successfully bumped revision number for resource ec932857-9826-4b8d-b1aa-980bb91b2234 (type: security_groups) to 1
2026-06-26 04:46:30.875 9 INFO neutron.notifiers.nova [-] Nova event matching ['req-f26ee455-2623-4316-a13d-3b2ec4e9c730'] response: {'server_uuid': '4daf6712-49c8-42a7-8087-5e35b52879ff', 'name': 'network-vif-plugged', 'status': 'completed', 'tag': '5ba8cc44-09d2-4f83-a301-85b921988e6e', 'code': 200}
2026-06-26 04:46:30.909 10 INFO neutron.wsgi [None req-e3470954-bd48-425a-944a-9027c790ede9 fa6ee0307e9e4c598e0fc0ad83969e72 b902d3189ef64166b07841c641636341 - - default default] 10.0.0.66 "GET /v2.0/security-groups?tenant_id=0d058b9f04f34704b905dec9773b1797&name=default HTTP/1.1" status: 200 len: 2996 time: 0.5068846
2026-06-26 04:46:30.911 10 WARNING neutron.scheduler.dhcp_agent_scheduler [None req-71065100-8e62-49a6-8a95-d7a176378c89 220ba209ea6d400b9acf4ef6f754aad1 6bf29611fd444c14b5762591b13c4688 - - - -] No more DHCP agents
2026-06-26 04:46:30.916 10 WARNING neutron.api.rpc.agentnotifiers.dhcp_rpc_agent_api [None req-71065100-8e62-49a6-8a95-d7a176378c89 220ba209ea6d400b9acf4ef6f754aad1 6bf29611fd444c14b5762591b13c4688 - - - -] Unable to schedule network edc6ab80-3709-4a5a-a4e3-ee38c7c77b8c: no agents available; will retry on subsequent port and subnet creation events.
2026-06-26 04:46:31.063 9 INFO neutron.db.l3_db [None req-38a464f5-9cd2-4458-b73e-fff6b29119c4 935f95c3e3b04eeb99350c0807552a47 8d240b3cfd2c44cf9ab1f4900cbc905f - - - -] Floating IP de97837f-0df5-41ca-8408-331202d8335e associated. External IP: 10.96.250.211, port: 5ba8cc44-09d2-4f83-a301-85b921988e6e.
2026-06-26 04:46:31.100 10 INFO neutron.db.ovn_revision_numbers_db [None req-71065100-8e62-49a6-8a95-d7a176378c89 220ba209ea6d400b9acf4ef6f754aad1 6bf29611fd444c14b5762591b13c4688 - - - -] Successfully bumped revision number for resource bd873b61-6c1b-4a32-8292-daa7a4ea20fb (type: ports) to 1
2026-06-26 04:46:31.131 10 INFO neutron.wsgi [None req-6c6aa232-69cd-4428-aaf8-fd3b9319c466 f3277e4ec69b4d188d652d9260e92d13 84c797047e594e29a0f86e1cd348abb9 - - - -] 10.0.0.66 "DELETE /v2.0/routers/d6a2b88c-8b8e-4c65-a5ce-c64de6fa1f0f HTTP/1.1" status: 204 len: 168 time: 0.3549204
2026-06-26 04:46:31.135 10 INFO neutron.wsgi [None req-71065100-8e62-49a6-8a95-d7a176378c89 220ba209ea6d400b9acf4ef6f754aad1 6bf29611fd444c14b5762591b13c4688 - - - -] 10.0.0.66 "POST /v2.0/networks HTTP/1.1" status: 201 len: 1446 time: 2.1927476
2026-06-26 04:46:31.273 10 INFO neutron.wsgi [None req-fa331ecd-5081-4c60-9bca-8f3f94923f95 fa6ee0307e9e4c598e0fc0ad83969e72 b902d3189ef64166b07841c641636341 - - - -] 10.0.0.66 "DELETE /v2.0/security-groups/ec932857-9826-4b8d-b1aa-980bb91b2234 HTTP/1.1" status: 204 len: 168 time: 0.3544421
2026-06-26 04:46:31.280 9 INFO neutron.wsgi [None req-a75e89e8-c4d2-431a-aa7e-1d85605fa65f 220ba209ea6d400b9acf4ef6f754aad1 6bf29611fd444c14b5762591b13c4688 - - default default] 10.0.0.66 "GET /v2.0/networks HTTP/1.1" status: 200 len: 2052 time: 0.1384988 /var/lib/openstack/lib/python3.10/site-packages/pycadf/identifier.py:71: UserWarning: Invalid uuid: neutron. To ensure interoperability, identifiers should be a valid uuid. warnings.warn(('Invalid uuid: %s. To ensure interoperability, '
2026-06-26 04:46:31.352 10 INFO neutron.wsgi [None req-65c82639-b898-4316-8eea-f21f9badef7a f3277e4ec69b4d188d652d9260e92d13 84c797047e594e29a0f86e1cd348abb9 - - - -] 10.0.0.66 "DELETE /v2.0/subnets/53585a9e-e08a-4ab7-9af9-ec2889fd4dc7 HTTP/1.1" status: 204 len: 168 time: 0.2146654
2026-06-26 04:46:31.653 9 INFO neutron.db.ovn_revision_numbers_db [None req-38a464f5-9cd2-4458-b73e-fff6b29119c4 935f95c3e3b04eeb99350c0807552a47 8d240b3cfd2c44cf9ab1f4900cbc905f - - - -] Successfully bumped revision number for resource de97837f-0df5-41ca-8408-331202d8335e (type: floatingips) to 4
2026-06-26 04:46:31.786 10 INFO neutron.services.segments.plugin [-] Segment 64919549-b281-4425-a95a-a76592164d3e resource provider aggregate not found
2026-06-26 04:46:31.792 9 INFO neutron.db.ovn_revision_numbers_db [None req-38a464f5-9cd2-4458-b73e-fff6b29119c4 935f95c3e3b04eeb99350c0807552a47 8d240b3cfd2c44cf9ab1f4900cbc905f - - - -] Successfully bumped revision number for resource de97837f-0df5-41ca-8408-331202d8335e (type: floatingips) to 5
2026-06-26 04:46:31.792 10 INFO neutron.services.segments.plugin [-] Segment 64919549-b281-4425-a95a-a76592164d3e resource provider aggregate not found
2026-06-26 04:46:31.810 10 INFO neutron.services.segments.plugin [-] Segment 64919549-b281-4425-a95a-a76592164d3e resource provider not found; error: Placement Client Error (4xx): {"errors": [{"status": 404, "title": "Not Found", "detail": "The resource could not be found.\n\n No resource provider with uuid 64919549-b281-4425-a95a-a76592164d3e found for delete ", "request_id": "req-9c0bd539-1e27-4a77-a6ca-a2fa204e0de8"}]}
2026-06-26 04:46:31.816 10 INFO neutron.services.segments.plugin [-] Segment 64919549-b281-4425-a95a-a76592164d3e resource provider not found; error: Placement Client Error (4xx): {"errors": [{"status": 404, "title": "Not Found", "detail": "The resource could not be found.\n\n No resource provider with uuid 64919549-b281-4425-a95a-a76592164d3e found for delete ", "request_id": "req-547234cf-053c-4e9e-8db3-789b693d01ec"}]}
2026-06-26 04:46:31.827 10 INFO neutron.wsgi [None req-c72f9a24-bd84-499f-a8e4-ac840c285b2a f3277e4ec69b4d188d652d9260e92d13 84c797047e594e29a0f86e1cd348abb9 - - - -] 10.0.0.66 "DELETE /v2.0/networks/a798b197-9718-4e99-a0e0-82ee92891e26 HTTP/1.1" status: 204 len: 168 time: 0.4679658
2026-06-26 04:46:31.828 9 INFO neutron.wsgi [None req-38a464f5-9cd2-4458-b73e-fff6b29119c4 935f95c3e3b04eeb99350c0807552a47 8d240b3cfd2c44cf9ab1f4900cbc905f - - - -] 10.0.0.66 "PUT /v2.0/floatingips/de97837f-0df5-41ca-8408-331202d8335e HTTP/1.1" status: 200 len: 1049 time: 1.0672553
2026-06-26 04:46:31.878 10 INFO neutron.wsgi [None req-ecbc57fa-ec0b-4201-bf1c-36a77c7aba66 935f95c3e3b04eeb99350c0807552a47 8d240b3cfd2c44cf9ab1f4900cbc905f - - default default] 10.0.0.66 "GET /v2.0/floatingips/de97837f-0df5-41ca-8408-331202d8335e HTTP/1.1" status: 200 len: 1051 time: 0.0408535
2026-06-26 04:46:32.194 9 INFO neutron.services.segments.plugin [-] Segment 5f57a145-6e4d-46e8-976c-f638b143eb5b resource provider aggregate not found
2026-06-26 04:46:32.200 9 INFO neutron.services.segments.plugin [-] Segment 5f57a145-6e4d-46e8-976c-f638b143eb5b resource provider aggregate not found
2026-06-26 04:46:32.218 9 INFO neutron.services.segments.plugin [-] Segment 5f57a145-6e4d-46e8-976c-f638b143eb5b resource provider not found; error: Placement Client Error (4xx): {"errors": [{"status": 404, "title": "Not Found", "detail": "The resource could not be found.\n\n No resource provider with uuid 5f57a145-6e4d-46e8-976c-f638b143eb5b found for delete ", "request_id": "req-098faac3-a79a-4811-9597-cefa8be06bbd"}]}
2026-06-26 04:46:32.247 9 INFO neutron.services.segments.plugin [-] Segment 5f57a145-6e4d-46e8-976c-f638b143eb5b resource provider not found; error: Placement Client Error (4xx): {"errors": [{"status": 404, "title": "Not Found", "detail": "The resource could not be found.\n\n No resource provider with uuid 5f57a145-6e4d-46e8-976c-f638b143eb5b found for delete ", "request_id": "req-48bc9fbf-7bb1-4766-aca1-6adf7cc977d4"}]}
2026-06-26 04:46:32.265 9 INFO neutron.wsgi [None req-e94c5dd5-59dd-4951-94f6-66b49321a56b 220ba209ea6d400b9acf4ef6f754aad1 6bf29611fd444c14b5762591b13c4688 - - - -] 10.0.0.66 "DELETE /v2.0/networks/4f03dd5c-77a6-4300-b918-51d7572a5950 HTTP/1.1" status: 204 len: 168 time: 0.9547460
2026-06-26 04:46:32.463 9 WARNING neutron.scheduler.dhcp_agent_scheduler [None req-d31f15dc-f494-4010-9af1-3d8bdef2f26e f3277e4ec69b4d188d652d9260e92d13 84c797047e594e29a0f86e1cd348abb9 - - - -] No more DHCP agents
2026-06-26 04:46:32.466 9 WARNING neutron.api.rpc.agentnotifiers.dhcp_rpc_agent_api [None req-d31f15dc-f494-4010-9af1-3d8bdef2f26e f3277e4ec69b4d188d652d9260e92d13 84c797047e594e29a0f86e1cd348abb9 - - - -] Unable to schedule network 04c49fc6-415a-4a5b-a0fd-5b557bbc148c: no agents available; will retry on subsequent port and subnet creation events.
2026-06-26 04:46:32.634 9 INFO neutron.db.ovn_revision_numbers_db [None req-d31f15dc-f494-4010-9af1-3d8bdef2f26e f3277e4ec69b4d188d652d9260e92d13 84c797047e594e29a0f86e1cd348abb9 - - - -] Successfully bumped revision number for resource 241564d6-1447-4ce3-b87f-5fb03380a0a9 (type: ports) to 1
2026-06-26 04:46:32.745 10 INFO neutron.wsgi [None req-e624080c-8273-4f89-9d02-5b40695bd91a 220ba209ea6d400b9acf4ef6f754aad1 6bf29611fd444c14b5762591b13c4688 - - - -] 10.0.0.66 "DELETE /v2.0/networks/edc6ab80-3709-4a5a-a4e3-ee38c7c77b8c HTTP/1.1" status: 204 len: 168 time: 0.4725323
2026-06-26 04:46:32.824 9 INFO neutron.wsgi [None req-014612d5-98f9-4951-9177-a158ddf623f2 220ba209ea6d400b9acf4ef6f754aad1 6bf29611fd444c14b5762591b13c4688 - - default default] 10.0.0.66 "GET /v2.0/networks HTTP/1.1" status: 200 len: 845 time: 0.0704241
2026-06-26 04:46:32.913 9 INFO neutron.notifiers.nova [-] Nova event matching ['req-1b4ee377-b282-4696-95d7-72c96ecf03ea'] response: {'name': 'network-changed', 'server_uuid': '4daf6712-49c8-42a7-8087-5e35b52879ff', 'tag': '5ba8cc44-09d2-4f83-a301-85b921988e6e', 'status': 'completed', 'code': 200}
2026-06-26 04:46:32.931 10 INFO neutron.db.segments_db [None req-f0d405e0-7cd0-4292-a415-108772a210bd 220ba209ea6d400b9acf4ef6f754aad1 6bf29611fd444c14b5762591b13c4688 - - - -] Added segment a81495ad-397e-4191-83d7-c2ae5cd4dbf9 of type geneve for network 691da0c6-2941-4900-8711-e711ebe97007
2026-06-26 04:46:32.986 9 INFO neutron.wsgi [req-74dbe71e-3421-4f26-937c-65fc5bd16265 req-e39ece3f-29e8-4cd6-b302-128a81d0fe99 5aece556be5c4597b45ae4ca8968f208 1963e81d3b9447b09c7dede164a08ae2 - - ab14bc3c683241efb1bd8ca3b3626608 ab14bc3c683241efb1bd8ca3b3626608] 199.204.45.177 "GET /v2.0/ports?tenant_id=8d240b3cfd2c44cf9ab1f4900cbc905f&device_id=4daf6712-49c8-42a7-8087-5e35b52879ff HTTP/1.1" status: 200 len: 1361 time: 0.0443687
2026-06-26 04:46:33.064 10 INFO neutron.db.ovn_revision_numbers_db [None req-f0d405e0-7cd0-4292-a415-108772a210bd 220ba209ea6d400b9acf4ef6f754aad1 6bf29611fd444c14b5762591b13c4688 - - - -] Successfully bumped revision number for resource 691da0c6-2941-4900-8711-e711ebe97007 (type: networks) to 1
2026-06-26 04:46:33.077 9 INFO neutron.wsgi [req-74dbe71e-3421-4f26-937c-65fc5bd16265 req-a89bdb84-99c7-464e-a612-20f8f7d68590 5aece556be5c4597b45ae4ca8968f208 1963e81d3b9447b09c7dede164a08ae2 - - ab14bc3c683241efb1bd8ca3b3626608 ab14bc3c683241efb1bd8ca3b3626608] 199.204.45.177 "GET /v2.0/networks?id=75de3bf6-5896-41fa-bedf-45cd416c87f0 HTTP/1.1" status: 200 len: 958 time: 0.0849061
2026-06-26 04:46:33.141 9 INFO neutron.wsgi [req-74dbe71e-3421-4f26-937c-65fc5bd16265 req-eeb04d42-8912-4265-8878-52cf83a44b55 5aece556be5c4597b45ae4ca8968f208 1963e81d3b9447b09c7dede164a08ae2 - - ab14bc3c683241efb1bd8ca3b3626608 ab14bc3c683241efb1bd8ca3b3626608] 199.204.45.177 "GET /v2.0/floatingips?fixed_ip_address=10.100.0.9&port_id=5ba8cc44-09d2-4f83-a301-85b921988e6e HTTP/1.1" status: 200 len: 1059 time: 0.0574615
2026-06-26 04:46:33.191 9 INFO neutron.wsgi [req-74dbe71e-3421-4f26-937c-65fc5bd16265 req-5591e3d3-34e9-49aa-9c29-94f1969e40e1 5aece556be5c4597b45ae4ca8968f208 1963e81d3b9447b09c7dede164a08ae2 - - ab14bc3c683241efb1bd8ca3b3626608 ab14bc3c683241efb1bd8ca3b3626608] 199.204.45.177 "GET /v2.0/subnets?id=25549c9d-9344-428c-bdca-f229863683b6 HTTP/1.1" status: 200 len: 853 time: 0.0409997
2026-06-26 04:46:33.228 9 INFO neutron.wsgi [req-74dbe71e-3421-4f26-937c-65fc5bd16265 req-5838e349-15b5-47ad-9e5e-2855913472f9 5aece556be5c4597b45ae4ca8968f208 1963e81d3b9447b09c7dede164a08ae2 - - ab14bc3c683241efb1bd8ca3b3626608 ab14bc3c683241efb1bd8ca3b3626608] 199.204.45.177 "GET /v2.0/ports?network_id=75de3bf6-5896-41fa-bedf-45cd416c87f0&device_owner=network%3Adhcp HTTP/1.1" status: 200 len: 210 time: 0.0291772
2026-06-26 04:46:33.245 10 WARNING neutron.scheduler.dhcp_agent_scheduler [None req-f0d405e0-7cd0-4292-a415-108772a210bd 220ba209ea6d400b9acf4ef6f754aad1 6bf29611fd444c14b5762591b13c4688 - - - -] No more DHCP agents
2026-06-26 04:46:33.247 10 WARNING neutron.api.rpc.agentnotifiers.dhcp_rpc_agent_api [None req-f0d405e0-7cd0-4292-a415-108772a210bd 220ba209ea6d400b9acf4ef6f754aad1 6bf29611fd444c14b5762591b13c4688 - - - -] Unable to schedule network 691da0c6-2941-4900-8711-e711ebe97007: no agents available; will retry on subsequent port and subnet creation events.
2026-06-26 04:46:33.311 10 INFO neutron.db.ovn_revision_numbers_db [None req-f0d405e0-7cd0-4292-a415-108772a210bd 220ba209ea6d400b9acf4ef6f754aad1 6bf29611fd444c14b5762591b13c4688 - - - -] Successfully bumped revision number for resource 3e05b14f-9431-4767-ab21-9bfa13f03b24 (type: ports) to 1
2026-06-26 04:46:33.314 9 INFO neutron.wsgi [req-74dbe71e-3421-4f26-937c-65fc5bd16265 req-5947deb3-a17f-4eca-b817-2d0823f7f0d2 5aece556be5c4597b45ae4ca8968f208 1963e81d3b9447b09c7dede164a08ae2 - - ab14bc3c683241efb1bd8ca3b3626608 ab14bc3c683241efb1bd8ca3b3626608] 199.204.45.177 "GET /v2.0/networks/75de3bf6-5896-41fa-bedf-45cd416c87f0?fields=segments HTTP/1.1" status: 200 len: 212 time: 0.0812130
2026-06-26 04:46:33.339 10 INFO neutron.wsgi [None req-f0d405e0-7cd0-4292-a415-108772a210bd 220ba209ea6d400b9acf4ef6f754aad1 6bf29611fd444c14b5762591b13c4688 - - - -] 10.0.0.66 "POST /v2.0/networks HTTP/1.1" status: 201 len: 848 time: 0.5051632
2026-06-26 04:46:33.399 9 INFO neutron.wsgi [req-74dbe71e-3421-4f26-937c-65fc5bd16265 req-82492b2a-ad90-4345-8358-ca6375885589 5aece556be5c4597b45ae4ca8968f208 1963e81d3b9447b09c7dede164a08ae2 - - ab14bc3c683241efb1bd8ca3b3626608 ab14bc3c683241efb1bd8ca3b3626608] 199.204.45.177 "GET /v2.0/networks/75de3bf6-5896-41fa-bedf-45cd416c87f0?fields=provider%3Aphysical_network&fields=provider%3Anetwork_type HTTP/1.1" status: 200 len: 277 time: 0.0769835
2026-06-26 04:46:33.413 9 INFO neutron.db.ovn_revision_numbers_db [None req-d31f15dc-f494-4010-9af1-3d8bdef2f26e f3277e4ec69b4d188d652d9260e92d13 84c797047e594e29a0f86e1cd348abb9 - - - -] Successfully bumped revision number for resource 241564d6-1447-4ce3-b87f-5fb03380a0a9 (type: router_ports) to 1
2026-06-26 04:46:33.435 10 INFO neutron.db.segments_db [None req-1e0ef217-ad0a-4085-9fad-ec7945404b21 220ba209ea6d400b9acf4ef6f754aad1 6bf29611fd444c14b5762591b13c4688 - - - -] Added segment 25f9875b-03c1-4b45-8657-fac7ad943776 of type geneve for network 53da21f1-88cb-44d9-a08a-ae229d8eee70
2026-06-26 04:46:33.480 9 INFO neutron.db.ovn_revision_numbers_db [None req-d31f15dc-f494-4010-9af1-3d8bdef2f26e f3277e4ec69b4d188d652d9260e92d13 84c797047e594e29a0f86e1cd348abb9 - - - -] Successfully bumped revision number for resource 9092dd01-76ff-467e-8753-9971f7235eb4 (type: routers) to 3
2026-06-26 04:46:33.494 9 INFO neutron.wsgi [None req-d31f15dc-f494-4010-9af1-3d8bdef2f26e f3277e4ec69b4d188d652d9260e92d13 84c797047e594e29a0f86e1cd348abb9 - - - -] 10.0.0.66 "POST /v2.0/routers HTTP/1.1" status: 201 len: 871 time: 1.6588497
2026-06-26 04:46:33.591 10 INFO neutron.db.ovn_revision_numbers_db [None req-1e0ef217-ad0a-4085-9fad-ec7945404b21 220ba209ea6d400b9acf4ef6f754aad1 6bf29611fd444c14b5762591b13c4688 - - - -] Successfully bumped revision number for resource 53da21f1-88cb-44d9-a08a-ae229d8eee70 (type: networks) to 1
2026-06-26 04:46:33.603 9 INFO neutron.wsgi [None req-6222250b-54cb-4e14-83c4-00610ed5e34c f3277e4ec69b4d188d652d9260e92d13 84c797047e594e29a0f86e1cd348abb9 - - default default] 10.0.0.66 "GET /v2.0/routers/9092dd01-76ff-467e-8753-9971f7235eb4 HTTP/1.1" status: 200 len: 872 time: 0.1019661
2026-06-26 04:46:33.781 9 INFO neutron.wsgi [None req-b2871a0e-7855-42d1-8f88-0ed2fefce258 f3277e4ec69b4d188d652d9260e92d13 84c797047e594e29a0f86e1cd348abb9 - - default default] 10.0.0.66 "GET /v2.0/routers HTTP/1.1" status: 200 len: 875 time: 0.1734278
2026-06-26 04:46:33.863 10 INFO neutron.services.segments.plugin [-] Segment 57eca778-05d6-4aef-8d9e-f67f3d5b2f46 resource provider aggregate not found
2026-06-26 04:46:33.872 10 INFO neutron.services.segments.plugin [-] Segment 57eca778-05d6-4aef-8d9e-f67f3d5b2f46 resource provider aggregate not found
2026-06-26 04:46:33.883 10 INFO neutron.services.segments.plugin [-] Segment 57eca778-05d6-4aef-8d9e-f67f3d5b2f46 resource provider not found; error: Placement Client Error (4xx): {"errors": [{"status": 404, "title": "Not Found", "detail": "The resource could not be found.\n\n No resource provider with uuid 57eca778-05d6-4aef-8d9e-f67f3d5b2f46 found for delete ", "request_id": "req-32843f73-ed91-4f44-aa7b-2c9139a4adab"}]}
2026-06-26 04:46:33.897 10 INFO neutron.services.segments.plugin [-] Segment 57eca778-05d6-4aef-8d9e-f67f3d5b2f46 resource provider not found; error: Placement Client Error (4xx): {"errors": [{"status": 404, "title": "Not Found", "detail": "The resource could not be found.\n\n No resource provider with uuid 57eca778-05d6-4aef-8d9e-f67f3d5b2f46 found for delete ", "request_id": "req-29944196-3f93-4612-93f8-5cee9f0a1fda"}]}
2026-06-26 04:46:33.915 10 WARNING neutron.scheduler.dhcp_agent_scheduler [None req-1e0ef217-ad0a-4085-9fad-ec7945404b21 220ba209ea6d400b9acf4ef6f754aad1 6bf29611fd444c14b5762591b13c4688 - - - -] No more DHCP agents
2026-06-26 04:46:33.917 10 WARNING neutron.api.rpc.agentnotifiers.dhcp_rpc_agent_api [None req-1e0ef217-ad0a-4085-9fad-ec7945404b21 220ba209ea6d400b9acf4ef6f754aad1 6bf29611fd444c14b5762591b13c4688 - - - -] Unable to schedule network 53da21f1-88cb-44d9-a08a-ae229d8eee70: no agents available; will retry on subsequent port and subnet creation events.
2026-06-26 04:46:34.015 10 INFO neutron.db.ovn_revision_numbers_db [None req-1e0ef217-ad0a-4085-9fad-ec7945404b21 220ba209ea6d400b9acf4ef6f754aad1 6bf29611fd444c14b5762591b13c4688 - - - -] Successfully bumped revision number for resource 719a330b-a380-4eec-a73d-b173e7793443 (type: ports) to 1
2026-06-26 04:46:34.062 10 INFO neutron.wsgi [None req-1e0ef217-ad0a-4085-9fad-ec7945404b21 220ba209ea6d400b9acf4ef6f754aad1 6bf29611fd444c14b5762591b13c4688 - - - -] 10.0.0.66 "POST /v2.0/networks HTTP/1.1" status: 201 len: 848 time: 0.7174497
2026-06-26 04:46:34.689 10 INFO neutron.db.ovn_revision_numbers_db [None req-bb60af0d-9c7b-49ef-a376-3226a10cc944 f3277e4ec69b4d188d652d9260e92d13 84c797047e594e29a0f86e1cd348abb9 - - - -] Successfully bumped revision number for resource 9092dd01-76ff-467e-8753-9971f7235eb4 (type: routers) to 4
2026-06-26 04:46:34.693 10 INFO neutron.wsgi [None req-bb60af0d-9c7b-49ef-a376-3226a10cc944 f3277e4ec69b4d188d652d9260e92d13 84c797047e594e29a0f86e1cd348abb9 - - - -] 10.0.0.66 "PUT /v2.0/routers/9092dd01-76ff-467e-8753-9971f7235eb4 HTTP/1.1" status: 200 len: 879 time: 0.9004047
2026-06-26 04:46:34.828 9 INFO neutron.wsgi [None req-8d00c3df-6b09-4eec-8a24-8f958dde9f47 f3277e4ec69b4d188d652d9260e92d13 84c797047e594e29a0f86e1cd348abb9 - - default default] 10.0.0.66 "GET /v2.0/routers/9092dd01-76ff-467e-8753-9971f7235eb4 HTTP/1.1" status: 200 len: 879 time: 0.1307971
2026-06-26 04:46:34.892 10 INFO neutron.wsgi [None req-b2401356-f843-4db2-b71c-6ee036e0df50 f3277e4ec69b4d188d652d9260e92d13 84c797047e594e29a0f86e1cd348abb9 - - default default] 10.0.0.66 "GET /v2.0/ports?device_id=9092dd01-76ff-467e-8753-9971f7235eb4 HTTP/1.1" status: 200 len: 205 time: 0.0457370
2026-06-26 04:46:35.170 9 WARNING neutron.scheduler.dhcp_agent_scheduler [None req-54836b90-c90e-4270-9160-77ff020a1fce 220ba209ea6d400b9acf4ef6f754aad1 6bf29611fd444c14b5762591b13c4688 - - - -] No more DHCP agents
2026-06-26 04:46:35.172 9 WARNING neutron.api.rpc.agentnotifiers.dhcp_rpc_agent_api [None req-54836b90-c90e-4270-9160-77ff020a1fce 220ba209ea6d400b9acf4ef6f754aad1 6bf29611fd444c14b5762591b13c4688 - - - -] Unable to schedule network 691da0c6-2941-4900-8711-e711ebe97007: no agents available; will retry on subsequent port and subnet creation events.
2026-06-26 04:46:35.252 9 INFO neutron.db.ovn_revision_numbers_db [None req-54836b90-c90e-4270-9160-77ff020a1fce 220ba209ea6d400b9acf4ef6f754aad1 6bf29611fd444c14b5762591b13c4688 - - - -] Successfully bumped revision number for resource 1992f140-e324-4414-9a2c-31347fa08717 (type: ports) to 1
2026-06-26 04:46:35.307 9 WARNING neutron.scheduler.dhcp_agent_scheduler [None req-54836b90-c90e-4270-9160-77ff020a1fce 220ba209ea6d400b9acf4ef6f754aad1 6bf29611fd444c14b5762591b13c4688 - - - -] No more DHCP agents
2026-06-26 04:46:35.309 9 WARNING neutron.api.rpc.agentnotifiers.dhcp_rpc_agent_api [None req-54836b90-c90e-4270-9160-77ff020a1fce 220ba209ea6d400b9acf4ef6f754aad1 6bf29611fd444c14b5762591b13c4688 - - - -] Unable to schedule network 53da21f1-88cb-44d9-a08a-ae229d8eee70: no agents available; will retry on subsequent port and subnet creation events.
2026-06-26 04:46:35.432 9 INFO neutron.db.ovn_revision_numbers_db [None req-54836b90-c90e-4270-9160-77ff020a1fce 220ba209ea6d400b9acf4ef6f754aad1 6bf29611fd444c14b5762591b13c4688 - - - -] Successfully bumped revision number for resource 93a95fea-eac2-4a33-b5c2-f756dce7f7d1 (type: ports) to 1
2026-06-26 04:46:35.474 9 INFO neutron.wsgi [None req-54836b90-c90e-4270-9160-77ff020a1fce 220ba209ea6d400b9acf4ef6f754aad1 6bf29611fd444c14b5762591b13c4688 - - - -] 10.0.0.66 "POST /v2.0/ports HTTP/1.1" status: 201 len: 1705 time: 1.4022577 /var/lib/openstack/lib/python3.10/site-packages/pycadf/identifier.py:71: UserWarning: Invalid uuid: neutron. To ensure interoperability, identifiers should be a valid uuid. warnings.warn(('Invalid uuid: %s. To ensure interoperability, '
2026-06-26 04:46:35.589 10 WARNING neutron.plugins.ml2.drivers.ovn.mech_driver.ovsdb.ovn_client [None req-21a5bdf3-7927-4870-8c57-283e5d8c20e0 - - - - - -] No port found with ID bf39e092-7dc0-4b88-80a0-46b00df09c67: RuntimeError: No port found with ID bf39e092-7dc0-4b88-80a0-46b00df09c67
2026-06-26 04:46:35.590 10 INFO neutron.plugins.ml2.drivers.ovn.mech_driver.mech_driver [None req-21a5bdf3-7927-4870-8c57-283e5d8c20e0 - - - - - -] OVN reports status up for port: 241564d6-1447-4ce3-b87f-5fb03380a0a9
2026-06-26 04:46:35.704 9 INFO neutron.wsgi [None req-db394d0e-d53c-43dd-958e-9fa53a5a21a1 220ba209ea6d400b9acf4ef6f754aad1 6bf29611fd444c14b5762591b13c4688 - - default default] 10.0.0.66 "GET /v2.0/ports HTTP/1.1" status: 200 len: 3212 time: 0.2223332
2026-06-26 04:46:35.891 9 INFO neutron.wsgi [req-fdd3969b-3a04-4784-8c57-45389b8fd894 req-da190953-9ff5-4d36-be0a-0130295da15e 5aece556be5c4597b45ae4ca8968f208 1963e81d3b9447b09c7dede164a08ae2 - - ab14bc3c683241efb1bd8ca3b3626608 ab14bc3c683241efb1bd8ca3b3626608] 199.204.45.177 "GET /v2.0/ports?device_id=10946fc5-041e-4d27-9972-8145e453334c&fields=binding%3Ahost_id&fields=binding%3Avif_type HTTP/1.1" status: 200 len: 265 time: 0.0712988
2026-06-26 04:46:35.902 9 INFO neutron.wsgi [None req-f2ab2386-0938-4c8e-9051-82b0b8a9d6a1 f3277e4ec69b4d188d652d9260e92d13 84c797047e594e29a0f86e1cd348abb9 - - - -] 10.0.0.66 "DELETE /v2.0/routers/9092dd01-76ff-467e-8753-9971f7235eb4 HTTP/1.1" status: 204 len: 168 time: 1.0036440
2026-06-26 04:46:35.907 10 INFO neutron.db.ovn_revision_numbers_db [None req-0786da78-8d9f-40f2-a00e-c16e3bb12f23 fa6ee0307e9e4c598e0fc0ad83969e72 b902d3189ef64166b07841c641636341 - - default default] Successfully bumped revision number for resource 142d6c13-6dd9-489e-b80f-170818fd754c (type: security_groups) to 1
2026-06-26 04:46:35.932 9 INFO neutron.wsgi [None req-c3465f3d-4560-47c6-8aa6-2185455231d7 f3277e4ec69b4d188d652d9260e92d13 84c797047e594e29a0f86e1cd348abb9 - - default default] 10.0.0.66 "GET /v2.0/ports?device_id=9092dd01-76ff-467e-8753-9971f7235eb4 HTTP/1.1" status: 200 len: 205 time: 0.0221426
2026-06-26 04:46:35.936 10 INFO neutron.wsgi [None req-0786da78-8d9f-40f2-a00e-c16e3bb12f23 fa6ee0307e9e4c598e0fc0ad83969e72 b902d3189ef64166b07841c641636341 - - default default] 10.0.0.66 "GET /v2.0/security-groups?tenant_id=bea1a0bd0eaf40619035b160415d69a5&name=default HTTP/1.1" status: 200 len: 2996 time: 0.3738692
2026-06-26 04:46:35.980 10 INFO neutron.api.v2.resource [None req-8776a7f9-2af8-4d0d-ac8c-8d3e0b82b9fa f3277e4ec69b4d188d652d9260e92d13 84c797047e594e29a0f86e1cd348abb9 - - - -] delete failed (client error): The resource could not be found.
2026-06-26 04:46:35.982 10 INFO neutron.wsgi [None req-8776a7f9-2af8-4d0d-ac8c-8d3e0b82b9fa f3277e4ec69b4d188d652d9260e92d13 84c797047e594e29a0f86e1cd348abb9 - - - -] 10.0.0.66 "DELETE /v2.0/routers/9092dd01-76ff-467e-8753-9971f7235eb4 HTTP/1.1" status: 404 len: 336 time: 0.0429261
2026-06-26 04:46:35.988 9 INFO neutron.wsgi [req-fdd3969b-3a04-4784-8c57-45389b8fd894 req-b65406e6-aead-42f1-ad7a-83f519985815 5aece556be5c4597b45ae4ca8968f208 1963e81d3b9447b09c7dede164a08ae2 - - ab14bc3c683241efb1bd8ca3b3626608 ab14bc3c683241efb1bd8ca3b3626608] 199.204.45.177 "GET /v2.0/ports?tenant_id=8d240b3cfd2c44cf9ab1f4900cbc905f&device_id=10946fc5-041e-4d27-9972-8145e453334c HTTP/1.1" status: 200 len: 1361 time: 0.0490463
2026-06-26 04:46:36.027 10 INFO neutron.wsgi [None req-5fdfbc22-a20f-4c26-a96e-e90d60366f6e f3277e4ec69b4d188d652d9260e92d13 84c797047e594e29a0f86e1cd348abb9 - - default default] 10.0.0.66 "GET /v2.0/ports?device_id=d6a2b88c-8b8e-4c65-a5ce-c64de6fa1f0f HTTP/1.1" status: 200 len: 205 time: 0.0385535
2026-06-26 04:46:36.056 10 INFO neutron.wsgi [None req-819a2dd4-564c-41e1-aa34-734a3efd602c 220ba209ea6d400b9acf4ef6f754aad1 6bf29611fd444c14b5762591b13c4688 - - - -] 10.0.0.66 "DELETE /v2.0/ports/1992f140-e324-4414-9a2c-31347fa08717 HTTP/1.1" status: 204 len: 168 time: 0.3448730
2026-06-26 04:46:36.070 9 INFO neutron.api.v2.resource [None req-ca681ab2-5daf-48f6-aef6-bc5ceef6f1fc f3277e4ec69b4d188d652d9260e92d13 84c797047e594e29a0f86e1cd348abb9 - - - -] delete failed (client error): The resource could not be found.
2026-06-26 04:46:36.072 9 INFO neutron.wsgi [None req-ca681ab2-5daf-48f6-aef6-bc5ceef6f1fc f3277e4ec69b4d188d652d9260e92d13 84c797047e594e29a0f86e1cd348abb9 - - - -] 10.0.0.66 "DELETE /v2.0/routers/d6a2b88c-8b8e-4c65-a5ce-c64de6fa1f0f HTTP/1.1" status: 404 len: 336 time: 0.0402136
2026-06-26 04:46:36.110 10 INFO neutron.pecan_wsgi.hooks.translation [None req-5ff123a6-9cff-4d46-b678-915156da3907 f3277e4ec69b4d188d652d9260e92d13 84c797047e594e29a0f86e1cd348abb9 - - - -] DELETE failed (client error): The resource could not be found.
2026-06-26 04:46:36.113 9 INFO neutron.wsgi [req-fdd3969b-3a04-4784-8c57-45389b8fd894 req-0e79b487-79f3-4f7a-9124-d178f71542b6 5aece556be5c4597b45ae4ca8968f208 1963e81d3b9447b09c7dede164a08ae2 - - ab14bc3c683241efb1bd8ca3b3626608 ab14bc3c683241efb1bd8ca3b3626608] 199.204.45.177 "GET /v2.0/networks?id=75de3bf6-5896-41fa-bedf-45cd416c87f0 HTTP/1.1" status: 200 len: 958 time: 0.1031833
2026-06-26 04:46:36.113 10 INFO neutron.wsgi [None req-5ff123a6-9cff-4d46-b678-915156da3907 f3277e4ec69b4d188d652d9260e92d13 84c797047e594e29a0f86e1cd348abb9 - - - -] 10.0.0.66 "DELETE /v2.0/subnets/53585a9e-e08a-4ab7-9af9-ec2889fd4dc7 HTTP/1.1" status: 404 len: 337 time: 0.0300713
2026-06-26 04:46:36.163 9 INFO neutron.wsgi [None req-e14336c0-e601-47d3-833d-7bdf104829a8 f3277e4ec69b4d188d652d9260e92d13 84c797047e594e29a0f86e1cd348abb9 - - default default] 10.0.0.66 "GET /v2.0/ports?device_id=281cd3c3-afc3-47fa-8fe8-39c474e2d894 HTTP/1.1" status: 200 len: 205 time: 0.0440354
2026-06-26 04:46:36.164 9 INFO neutron.wsgi [req-fdd3969b-3a04-4784-8c57-45389b8fd894 req-efda06a7-a604-4f29-aec0-e9c92f9b73b3 5aece556be5c4597b45ae4ca8968f208 1963e81d3b9447b09c7dede164a08ae2 - - ab14bc3c683241efb1bd8ca3b3626608 ab14bc3c683241efb1bd8ca3b3626608] 199.204.45.177 "GET /v2.0/floatingips?fixed_ip_address=10.100.0.7&port_id=7f7f49f5-0aeb-4659-adc1-6ce3de85402c HTTP/1.1" status: 200 len: 217 time: 0.0364122
2026-06-26 04:46:36.197 9 INFO neutron.api.v2.resource [None req-b04be53b-8e1d-4bb2-afc4-a71a41300487 f3277e4ec69b4d188d652d9260e92d13 84c797047e594e29a0f86e1cd348abb9 - - - -] delete failed (client error): The resource could not be found.
2026-06-26 04:46:36.198 9 INFO neutron.wsgi [None req-b04be53b-8e1d-4bb2-afc4-a71a41300487 f3277e4ec69b4d188d652d9260e92d13 84c797047e594e29a0f86e1cd348abb9 - - - -] 10.0.0.66 "DELETE /v2.0/routers/281cd3c3-afc3-47fa-8fe8-39c474e2d894 HTTP/1.1" status: 404 len: 336 time: 0.0293205
2026-06-26 04:46:36.215 9 INFO neutron.wsgi [req-fdd3969b-3a04-4784-8c57-45389b8fd894 req-d44252a4-65d3-4b5e-80c3-be2cafcb123e 5aece556be5c4597b45ae4ca8968f208 1963e81d3b9447b09c7dede164a08ae2 - - ab14bc3c683241efb1bd8ca3b3626608 ab14bc3c683241efb1bd8ca3b3626608] 199.204.45.177 "GET /v2.0/subnets?id=25549c9d-9344-428c-bdca-f229863683b6 HTTP/1.1" status: 200 len: 853 time: 0.0424969
2026-06-26 04:46:36.246 10 INFO neutron.pecan_wsgi.hooks.translation [None req-6b06ced9-1baa-4b5e-9bc5-ad6e107e295e f3277e4ec69b4d188d652d9260e92d13 84c797047e594e29a0f86e1cd348abb9 - - - -] DELETE failed (client error): The resource could not be found.
2026-06-26 04:46:36.247 9 INFO neutron.wsgi [req-fdd3969b-3a04-4784-8c57-45389b8fd894 req-86d6cbf5-30dd-4396-8557-84178f3560e5 5aece556be5c4597b45ae4ca8968f208 1963e81d3b9447b09c7dede164a08ae2 - - ab14bc3c683241efb1bd8ca3b3626608 ab14bc3c683241efb1bd8ca3b3626608] 199.204.45.177 "GET /v2.0/ports?network_id=75de3bf6-5896-41fa-bedf-45cd416c87f0&device_owner=network%3Adhcp HTTP/1.1" status: 200 len: 210 time: 0.0200303
2026-06-26 04:46:36.249 10 INFO neutron.wsgi [None req-6b06ced9-1baa-4b5e-9bc5-ad6e107e295e f3277e4ec69b4d188d652d9260e92d13 84c797047e594e29a0f86e1cd348abb9 - - - -] 10.0.0.66 "DELETE /v2.0/subnets/be2594d2-a9f2-4294-90e0-f4c5e16a490b HTTP/1.1" status: 404 len: 337 time: 0.0441375
2026-06-26 04:46:36.287 9 INFO neutron.wsgi [None req-a06d8574-4294-4159-87cd-0abe87bbb720 f3277e4ec69b4d188d652d9260e92d13 84c797047e594e29a0f86e1cd348abb9 - - default default] 10.0.0.66 "GET /v2.0/ports?device_id=7493fd37-7dad-4033-be7d-737bc44d33a1 HTTP/1.1" status: 200 len: 205 time: 0.0309582
2026-06-26 04:46:36.324 9 INFO neutron.api.v2.resource [None req-e9e79e32-f054-4ffb-8bdd-9113bfcb6d96 f3277e4ec69b4d188d652d9260e92d13 84c797047e594e29a0f86e1cd348abb9 - - - -] delete failed (client error): The resource could not be found.
2026-06-26 04:46:36.326 9 INFO neutron.wsgi [None req-e9e79e32-f054-4ffb-8bdd-9113bfcb6d96 f3277e4ec69b4d188d652d9260e92d13 84c797047e594e29a0f86e1cd348abb9 - - - -] 10.0.0.66 "DELETE /v2.0/routers/7493fd37-7dad-4033-be7d-737bc44d33a1 HTTP/1.1" status: 404 len: 336 time: 0.0330417
2026-06-26 04:46:36.342 9 INFO neutron.wsgi [req-fdd3969b-3a04-4784-8c57-45389b8fd894 req-0f3cd59b-51ab-446d-b44b-f323657780f0 5aece556be5c4597b45ae4ca8968f208 1963e81d3b9447b09c7dede164a08ae2 - - ab14bc3c683241efb1bd8ca3b3626608 ab14bc3c683241efb1bd8ca3b3626608] 199.204.45.177 "GET /v2.0/networks/75de3bf6-5896-41fa-bedf-45cd416c87f0?fields=segments HTTP/1.1" status: 200 len: 212 time: 0.0876491
2026-06-26 04:46:36.361 10 INFO neutron.pecan_wsgi.hooks.translation [None req-52513a11-51d4-4e09-9d57-6e4975b37def f3277e4ec69b4d188d652d9260e92d13 84c797047e594e29a0f86e1cd348abb9 - - - -] DELETE failed (client error): The resource could not be found.
2026-06-26 04:46:36.364 10 INFO neutron.wsgi [None req-52513a11-51d4-4e09-9d57-6e4975b37def f3277e4ec69b4d188d652d9260e92d13 84c797047e594e29a0f86e1cd348abb9 - - - -] 10.0.0.66 "DELETE /v2.0/subnets/822fd135-85c3-4fde-8ac1-18a9119499a2 HTTP/1.1" status: 404 len: 337 time: 0.0330355
2026-06-26 04:46:36.393 10 INFO neutron.wsgi [None req-90835138-e5ec-4609-b704-bbf5af838cf0 fa6ee0307e9e4c598e0fc0ad83969e72 b902d3189ef64166b07841c641636341 - - - -] 10.0.0.66 "DELETE /v2.0/security-groups/142d6c13-6dd9-489e-b80f-170818fd754c HTTP/1.1" status: 204 len: 168 time: 0.4523828
2026-06-26 04:46:36.397 10 INFO neutron.pecan_wsgi.hooks.translation [None req-5f344d61-17b7-49cd-8bd4-e87845cf5843 f3277e4ec69b4d188d652d9260e92d13 84c797047e594e29a0f86e1cd348abb9 - - - -] DELETE failed (client error): The resource could not be found.
2026-06-26 04:46:36.399 10 INFO neutron.wsgi [None req-5f344d61-17b7-49cd-8bd4-e87845cf5843 f3277e4ec69b4d188d652d9260e92d13 84c797047e594e29a0f86e1cd348abb9 - - - -] 10.0.0.66 "DELETE /v2.0/subnets/bb069368-d68c-410b-85b1-c35c76f92c98 HTTP/1.1" status: 404 len: 337 time: 0.0290041
