2026-06-26 04:50:59.822 9 INFO neutron.wsgi [req-e70dc03f-b91e-4a42-9c84-619e8309696a req-8c5573eb-ce59-4652-b020-ca0e91d36c6e 577be13ccd004dd5bb8bfdb792b32189 efa382d4c8d2468ebf7258e750fc9a86 - - default default] 199.204.45.177 "GET /v2.0/ports?device_id=8e015e15-b6ba-4a26-a402-71685e93e932 HTTP/1.1" status: 200 len: 1398 time: 0.4698534 /var/lib/openstack/lib/python3.10/site-packages/pycadf/identifier.py:71: UserWarning: Invalid uuid: neutron. To ensure interoperability, identifiers should be a valid uuid. warnings.warn(('Invalid uuid: %s. To ensure interoperability, '
2026-06-26 04:50:59.984 9 INFO neutron.notifiers.nova [-] Nova event matching ['req-c3ad5069-af94-4849-bcc9-5938cccc50be'] response: {'server_uuid': '8e015e15-b6ba-4a26-a402-71685e93e932', 'name': 'network-vif-unplugged', 'status': 'completed', 'tag': '420fbca5-66a3-403d-bb89-0c2ae989f376', 'code': 200}
2026-06-26 04:50:59.984 9 INFO neutron.notifiers.nova [-] Nova event matching ['req-c3ad5069-af94-4849-bcc9-5938cccc50be'] response: {'server_uuid': '8e015e15-b6ba-4a26-a402-71685e93e932', 'name': 'network-vif-plugged', 'status': 'completed', 'tag': '420fbca5-66a3-403d-bb89-0c2ae989f376', 'code': 200}
2026-06-26 04:51:00.155 9 INFO neutron.wsgi [None req-80c3d868-63f9-4b5e-b60d-1496ef3c0694 577be13ccd004dd5bb8bfdb792b32189 efa382d4c8d2468ebf7258e750fc9a86 - - - -] 199.204.45.177 "DELETE /v2.0/ports/420fbca5-66a3-403d-bb89-0c2ae989f376 HTTP/1.1" status: 204 len: 173 time: 0.3273568
2026-06-26 04:51:00.883 10 INFO neutron.notifiers.nova [-] Nova event matching ['req-e8f85d27-ebff-4f47-b69b-d924f49b4716'] response: {'name': 'network-changed', 'server_uuid': '8e015e15-b6ba-4a26-a402-71685e93e932', 'tag': '420fbca5-66a3-403d-bb89-0c2ae989f376', 'status': 'completed', 'code': 200}
2026-06-26 04:51:00.911 9 INFO neutron.wsgi [req-48e748f7-a2c4-4313-8cff-30dedbcc99ac req-c8f2541d-79cd-4a93-ac7e-5120a03275a2 5aece556be5c4597b45ae4ca8968f208 1963e81d3b9447b09c7dede164a08ae2 - - ab14bc3c683241efb1bd8ca3b3626608 ab14bc3c683241efb1bd8ca3b3626608] 199.204.45.177 "GET /v2.0/ports?tenant_id=efa382d4c8d2468ebf7258e750fc9a86&device_id=8e015e15-b6ba-4a26-a402-71685e93e932 HTTP/1.1" status: 200 len: 210 time: 0.0207806
2026-06-26 04:51:01.032 9 INFO neutron.wsgi [req-48e748f7-a2c4-4313-8cff-30dedbcc99ac req-34494c2c-1529-4e90-acbd-19316e8fded3 5aece556be5c4597b45ae4ca8968f208 1963e81d3b9447b09c7dede164a08ae2 - - ab14bc3c683241efb1bd8ca3b3626608 ab14bc3c683241efb1bd8ca3b3626608] 199.204.45.177 "GET /v2.0/networks?tenant_id=efa382d4c8d2468ebf7258e750fc9a86&shared=False HTTP/1.1" status: 200 len: 2583 time: 0.1116443
2026-06-26 04:51:01.165 9 INFO neutron.wsgi [req-48e748f7-a2c4-4313-8cff-30dedbcc99ac req-915983e7-2bf9-4d4b-899e-7945c5d93544 5aece556be5c4597b45ae4ca8968f208 1963e81d3b9447b09c7dede164a08ae2 - - ab14bc3c683241efb1bd8ca3b3626608 ab14bc3c683241efb1bd8ca3b3626608] 199.204.45.177 "GET /v2.0/networks?shared=True HTTP/1.1" status: 200 len: 952 time: 0.1271734
2026-06-26 04:51:02.027 9 INFO neutron.notifiers.nova [-] Nova event matching ['req-a25a053b-1362-4054-bf59-2e5bee072e31'] response: {'server_uuid': '8e015e15-b6ba-4a26-a402-71685e93e932', 'name': 'network-vif-deleted', 'tag': '420fbca5-66a3-403d-bb89-0c2ae989f376', 'status': 'completed', 'code': 200}
2026-06-26 04:51:04.649 9 INFO neutron.db.l3_db [None req-641e956d-58b9-4084-ad85-f016b7df9f7b 577be13ccd004dd5bb8bfdb792b32189 efa382d4c8d2468ebf7258e750fc9a86 - - - -] Floating IP 822c4cbf-1d9d-4bbb-a09c-3df81723ef8e disassociated (deleted). External IP: 10.96.250.218, port: c9d3831e-8ca9-4a47-85f1-96cd015b6c10.
2026-06-26 04:51:04.740 9 INFO neutron.wsgi [None req-641e956d-58b9-4084-ad85-f016b7df9f7b 577be13ccd004dd5bb8bfdb792b32189 efa382d4c8d2468ebf7258e750fc9a86 - - - -] 10.0.0.66 "DELETE /v2.0/floatingips/822c4cbf-1d9d-4bbb-a09c-3df81723ef8e HTTP/1.1" status: 204 len: 168 time: 0.4816344
2026-06-26 04:51:04.781 10 INFO neutron.api.v2.resource [None req-6fa48dd6-ab71-482e-bd53-b3b90fdd5357 577be13ccd004dd5bb8bfdb792b32189 efa382d4c8d2468ebf7258e750fc9a86 - - default default] show failed (client error): The resource could not be found.
2026-06-26 04:51:04.783 10 INFO neutron.wsgi [None req-6fa48dd6-ab71-482e-bd53-b3b90fdd5357 577be13ccd004dd5bb8bfdb792b32189 efa382d4c8d2468ebf7258e750fc9a86 - - default default] 10.0.0.66 "GET /v2.0/floatingips/822c4cbf-1d9d-4bbb-a09c-3df81723ef8e HTTP/1.1" status: 404 len: 345 time: 0.0372484
2026-06-26 04:51:04.807 9 INFO neutron.notifiers.nova [-] Nova event matching ['req-e925d30c-1cc3-4c11-add3-c773687c83fd'] response: {'name': 'network-changed', 'server_uuid': '8d589f36-2efa-45b7-86e9-060d9df60a50', 'tag': 'c9d3831e-8ca9-4a47-85f1-96cd015b6c10', 'status': 'completed', 'code': 200} /var/lib/openstack/lib/python3.10/site-packages/pycadf/identifier.py:71: UserWarning: Invalid uuid: neutron. To ensure interoperability, identifiers should be a valid uuid. warnings.warn(('Invalid uuid: %s. To ensure interoperability, '
2026-06-26 04:51:04.868 9 INFO neutron.wsgi [req-42031823-1aac-428f-bfbd-6cef77f8c1b7 req-a66d85ea-95c4-4543-9369-870a322d15e5 5aece556be5c4597b45ae4ca8968f208 1963e81d3b9447b09c7dede164a08ae2 - - ab14bc3c683241efb1bd8ca3b3626608 ab14bc3c683241efb1bd8ca3b3626608] 199.204.45.177 "GET /v2.0/ports?tenant_id=efa382d4c8d2468ebf7258e750fc9a86&device_id=8d589f36-2efa-45b7-86e9-060d9df60a50 HTTP/1.1" status: 200 len: 1590 time: 0.0346351
2026-06-26 04:51:04.944 9 INFO neutron.wsgi [req-42031823-1aac-428f-bfbd-6cef77f8c1b7 req-5fcd6eed-fdd8-4408-b5c8-cda6cf8dfe46 5aece556be5c4597b45ae4ca8968f208 1963e81d3b9447b09c7dede164a08ae2 - - ab14bc3c683241efb1bd8ca3b3626608 ab14bc3c683241efb1bd8ca3b3626608] 199.204.45.177 "GET /v2.0/networks?id=6df1df8a-e015-4d25-bfeb-53054bce7249 HTTP/1.1" status: 200 len: 1003 time: 0.0713246
2026-06-26 04:51:04.983 9 INFO neutron.wsgi [req-42031823-1aac-428f-bfbd-6cef77f8c1b7 req-ff7318d6-4b5c-4a13-aef3-351d9ae4bbb3 5aece556be5c4597b45ae4ca8968f208 1963e81d3b9447b09c7dede164a08ae2 - - ab14bc3c683241efb1bd8ca3b3626608 ab14bc3c683241efb1bd8ca3b3626608] 199.204.45.177 "GET /v2.0/floatingips?fixed_ip_address=10.2.1.178&port_id=c9d3831e-8ca9-4a47-85f1-96cd015b6c10 HTTP/1.1" status: 200 len: 217 time: 0.0325456
2026-06-26 04:51:05.019 9 INFO neutron.plugins.ml2.drivers.ovn.mech_driver.mech_driver [None req-2c575510-7952-4175-ba50-46335c36ee66 - - - - - -] OVN reports status down for port: c9d3831e-8ca9-4a47-85f1-96cd015b6c10
2026-06-26 04:51:05.021 9 INFO neutron.wsgi [req-42031823-1aac-428f-bfbd-6cef77f8c1b7 req-b40e1fce-aa8d-4517-b909-0cde5b11b4b8 5aece556be5c4597b45ae4ca8968f208 1963e81d3b9447b09c7dede164a08ae2 - - ab14bc3c683241efb1bd8ca3b3626608 ab14bc3c683241efb1bd8ca3b3626608] 199.204.45.177 "GET /v2.0/floatingips?fixed_ip_address=fd7b%3Af9f7%3Afff%3A4eca%3A%3A127&port_id=c9d3831e-8ca9-4a47-85f1-96cd015b6c10 HTTP/1.1" status: 200 len: 217 time: 0.0311911
2026-06-26 04:51:05.064 10 INFO neutron.wsgi [req-b651921a-96c2-4189-b74f-3ceb1f2726b0 req-2a9b3621-652e-4868-ba56-eebe0c635db3 577be13ccd004dd5bb8bfdb792b32189 efa382d4c8d2468ebf7258e750fc9a86 - - default default] 10.0.0.222 "GET /v2.0/ports?device_id=8d589f36-2efa-45b7-86e9-060d9df60a50 HTTP/1.1" status: 200 len: 1400 time: 0.1019933
2026-06-26 04:51:05.085 9 INFO neutron.wsgi [req-42031823-1aac-428f-bfbd-6cef77f8c1b7 req-8409d597-e0a6-40bf-ba2b-2bcbf09931c8 5aece556be5c4597b45ae4ca8968f208 1963e81d3b9447b09c7dede164a08ae2 - - ab14bc3c683241efb1bd8ca3b3626608 ab14bc3c683241efb1bd8ca3b3626608] 199.204.45.177 "GET /v2.0/subnets?id=3d6006ed-8fee-4d9b-acea-36b5ab36f987&id=30338ff1-79be-4026-be18-3d15fe3585a3 HTTP/1.1" status: 200 len: 1562 time: 0.0541196
2026-06-26 04:51:05.105 10 INFO neutron.wsgi [req-b651921a-96c2-4189-b74f-3ceb1f2726b0 req-3e6ddd39-74c5-410f-b5b0-ec826a4c7220 577be13ccd004dd5bb8bfdb792b32189 efa382d4c8d2468ebf7258e750fc9a86 - - default default] 10.0.0.222 "GET /v2.0/security-groups?id=c19abfdc-3449-455c-b272-30dedf9ecf96&fields=id&fields=name HTTP/1.1" status: 200 len: 310 time: 0.0346451
2026-06-26 04:51:05.118 9 INFO neutron.wsgi [req-42031823-1aac-428f-bfbd-6cef77f8c1b7 req-2bfe6b4d-9485-440a-8d61-508c9a873dcc 5aece556be5c4597b45ae4ca8968f208 1963e81d3b9447b09c7dede164a08ae2 - - ab14bc3c683241efb1bd8ca3b3626608 ab14bc3c683241efb1bd8ca3b3626608] 199.204.45.177 "GET /v2.0/ports?network_id=6df1df8a-e015-4d25-bfeb-53054bce7249&device_owner=network%3Adhcp HTTP/1.1" status: 200 len: 210 time: 0.0210810
2026-06-26 04:51:05.160 9 INFO neutron.wsgi [req-42031823-1aac-428f-bfbd-6cef77f8c1b7 req-a7b0a1b6-bb5b-44ef-ad46-24ed003c7872 5aece556be5c4597b45ae4ca8968f208 1963e81d3b9447b09c7dede164a08ae2 - - ab14bc3c683241efb1bd8ca3b3626608 ab14bc3c683241efb1bd8ca3b3626608] 199.204.45.177 "GET /v2.0/ports?network_id=6df1df8a-e015-4d25-bfeb-53054bce7249&device_owner=network%3Adhcp HTTP/1.1" status: 200 len: 210 time: 0.0365131
2026-06-26 04:51:05.248 9 INFO neutron.wsgi [req-42031823-1aac-428f-bfbd-6cef77f8c1b7 req-66cae92b-5e10-44e0-aa81-760366b57195 5aece556be5c4597b45ae4ca8968f208 1963e81d3b9447b09c7dede164a08ae2 - - ab14bc3c683241efb1bd8ca3b3626608 ab14bc3c683241efb1bd8ca3b3626608] 199.204.45.177 "GET /v2.0/networks/6df1df8a-e015-4d25-bfeb-53054bce7249?fields=segments HTTP/1.1" status: 200 len: 212 time: 0.0775621
2026-06-26 04:51:05.339 9 INFO neutron.wsgi [req-42031823-1aac-428f-bfbd-6cef77f8c1b7 req-a80d284c-856f-45cf-9e05-667495aae433 5aece556be5c4597b45ae4ca8968f208 1963e81d3b9447b09c7dede164a08ae2 - - ab14bc3c683241efb1bd8ca3b3626608 ab14bc3c683241efb1bd8ca3b3626608] 199.204.45.177 "GET /v2.0/networks/6df1df8a-e015-4d25-bfeb-53054bce7249?fields=provider%3Aphysical_network&fields=provider%3Anetwork_type HTTP/1.1" status: 200 len: 277 time: 0.0842047
2026-06-26 04:51:05.395 9 INFO neutron.wsgi [req-f4179c0a-7453-4a55-8891-edfb483ed8af req-77919b73-ef29-4b63-8f9c-ff8b7a28596a 577be13ccd004dd5bb8bfdb792b32189 efa382d4c8d2468ebf7258e750fc9a86 - - default default] 199.204.45.177 "GET /v2.0/ports?device_id=8d589f36-2efa-45b7-86e9-060d9df60a50 HTTP/1.1" status: 200 len: 1398 time: 0.1177900
2026-06-26 04:51:05.426 9 INFO neutron.db.ovn_revision_numbers_db [None req-2c575510-7952-4175-ba50-46335c36ee66 - - - - - -] Successfully bumped revision number for resource c9d3831e-8ca9-4a47-85f1-96cd015b6c10 (type: ports) to 5
2026-06-26 04:51:05.762 9 INFO neutron.wsgi [None req-2b465368-d494-4034-bd8b-3423da63f572 577be13ccd004dd5bb8bfdb792b32189 efa382d4c8d2468ebf7258e750fc9a86 - - - -] 199.204.45.177 "DELETE /v2.0/ports/c9d3831e-8ca9-4a47-85f1-96cd015b6c10 HTTP/1.1" status: 204 len: 173 time: 0.3603828
2026-06-26 04:51:06.848 9 INFO neutron.notifiers.nova [-] Nova event matching ['req-c2cac479-86b4-458a-b088-84c68cc53c56'] response: {'server_uuid': '8d589f36-2efa-45b7-86e9-060d9df60a50', 'name': 'network-vif-unplugged', 'status': 'completed', 'tag': 'c9d3831e-8ca9-4a47-85f1-96cd015b6c10', 'code': 200}
2026-06-26 04:51:06.849 9 INFO neutron.notifiers.nova [-] Nova event matching ['req-c2cac479-86b4-458a-b088-84c68cc53c56'] response: {'server_uuid': '8d589f36-2efa-45b7-86e9-060d9df60a50', 'name': 'network-vif-plugged', 'status': 'completed', 'tag': 'c9d3831e-8ca9-4a47-85f1-96cd015b6c10', 'code': 200}
2026-06-26 04:51:06.849 9 INFO neutron.notifiers.nova [-] Nova event matching ['req-c2cac479-86b4-458a-b088-84c68cc53c56'] response: {'server_uuid': '8d589f36-2efa-45b7-86e9-060d9df60a50', 'name': 'network-vif-deleted', 'tag': 'c9d3831e-8ca9-4a47-85f1-96cd015b6c10', 'status': 'completed', 'code': 200}
2026-06-26 04:51:07.600 10 INFO neutron.wsgi [-] 10.0.0.37 "GET / HTTP/1.1" status: 200 len: 247 time: 0.0044112
2026-06-26 04:51:07.605 10 INFO neutron.wsgi [-] 10.0.0.37 "GET / HTTP/1.1" status: 200 len: 247 time: 0.0024128
2026-06-26 04:51:10.293 10 INFO neutron.wsgi [None req-56daaeaa-a650-4ddc-b03c-1b882df523b7 577be13ccd004dd5bb8bfdb792b32189 efa382d4c8d2468ebf7258e750fc9a86 - - - -] 10.0.0.66 "DELETE /v2.0/security-group-rules/0a7a47fe-02bf-4660-9827-8f9f3d8aca37 HTTP/1.1" status: 204 len: 168 time: 0.1234734
2026-06-26 04:51:10.309 10 INFO neutron.api.v2.resource [None req-68e14071-bbed-40e0-aaa5-8d691f946d5b 577be13ccd004dd5bb8bfdb792b32189 efa382d4c8d2468ebf7258e750fc9a86 - - default default] show failed (client error): The resource could not be found.
2026-06-26 04:51:10.311 10 INFO neutron.wsgi [None req-68e14071-bbed-40e0-aaa5-8d691f946d5b 577be13ccd004dd5bb8bfdb792b32189 efa382d4c8d2468ebf7258e750fc9a86 - - default default] 10.0.0.66 "GET /v2.0/security-group-rules/0a7a47fe-02bf-4660-9827-8f9f3d8aca37 HTTP/1.1" status: 404 len: 356 time: 0.0117304
2026-06-26 04:51:10.409 10 INFO neutron.wsgi [None req-c7b4a676-d32c-40c5-ad56-1284f2df468c 577be13ccd004dd5bb8bfdb792b32189 efa382d4c8d2468ebf7258e750fc9a86 - - - -] 10.0.0.66 "DELETE /v2.0/security-group-rules/985670ca-3a31-4a45-8505-2331f1f1fd6e HTTP/1.1" status: 204 len: 168 time: 0.0938311 /var/lib/openstack/lib/python3.10/site-packages/pycadf/identifier.py:71: UserWarning: Invalid uuid: neutron. To ensure interoperability, identifiers should be a valid uuid. warnings.warn(('Invalid uuid: %s. To ensure interoperability, '
2026-06-26 04:51:10.429 9 INFO neutron.api.v2.resource [None req-61a689cb-0448-4e34-ad62-6f2c3f5bbf74 577be13ccd004dd5bb8bfdb792b32189 efa382d4c8d2468ebf7258e750fc9a86 - - default default] show failed (client error): The resource could not be found.
2026-06-26 04:51:10.431 9 INFO neutron.wsgi [None req-61a689cb-0448-4e34-ad62-6f2c3f5bbf74 577be13ccd004dd5bb8bfdb792b32189 efa382d4c8d2468ebf7258e750fc9a86 - - default default] 10.0.0.66 "GET /v2.0/security-group-rules/985670ca-3a31-4a45-8505-2331f1f1fd6e HTTP/1.1" status: 404 len: 356 time: 0.0149078
2026-06-26 04:51:10.557 9 INFO neutron.wsgi [None req-54879f7f-8da4-478a-8c33-b7e6f9460999 577be13ccd004dd5bb8bfdb792b32189 efa382d4c8d2468ebf7258e750fc9a86 - - - -] 10.0.0.66 "DELETE /v2.0/security-group-rules/aabc691a-158a-455c-9cdb-0c5e374aa336 HTTP/1.1" status: 204 len: 168 time: 0.1214385
2026-06-26 04:51:10.581 9 INFO neutron.api.v2.resource [None req-dee12612-846b-429c-963c-4276f30e92ce 577be13ccd004dd5bb8bfdb792b32189 efa382d4c8d2468ebf7258e750fc9a86 - - default default] show failed (client error): The resource could not be found.
2026-06-26 04:51:10.582 9 INFO neutron.wsgi [None req-dee12612-846b-429c-963c-4276f30e92ce 577be13ccd004dd5bb8bfdb792b32189 efa382d4c8d2468ebf7258e750fc9a86 - - default default] 10.0.0.66 "GET /v2.0/security-group-rules/aabc691a-158a-455c-9cdb-0c5e374aa336 HTTP/1.1" status: 404 len: 356 time: 0.0161967
2026-06-26 04:51:10.692 9 INFO neutron.wsgi [None req-559b2691-5e0b-41c6-9631-51b38a6e9c44 577be13ccd004dd5bb8bfdb792b32189 efa382d4c8d2468ebf7258e750fc9a86 - - - -] 10.0.0.66 "DELETE /v2.0/security-group-rules/08d93a18-8c0b-422d-81e5-f3967d3a27d8 HTTP/1.1" status: 204 len: 168 time: 0.1061494
2026-06-26 04:51:10.707 9 INFO neutron.api.v2.resource [None req-528ed527-e526-450f-a48f-807662305c81 577be13ccd004dd5bb8bfdb792b32189 efa382d4c8d2468ebf7258e750fc9a86 - - default default] show failed (client error): The resource could not be found.
2026-06-26 04:51:10.708 9 INFO neutron.wsgi [None req-528ed527-e526-450f-a48f-807662305c81 577be13ccd004dd5bb8bfdb792b32189 efa382d4c8d2468ebf7258e750fc9a86 - - default default] 10.0.0.66 "GET /v2.0/security-group-rules/08d93a18-8c0b-422d-81e5-f3967d3a27d8 HTTP/1.1" status: 404 len: 356 time: 0.0109520
2026-06-26 04:51:10.823 9 INFO neutron.wsgi [None req-b3666f1c-b447-4260-94b3-4ac8197e0561 577be13ccd004dd5bb8bfdb792b32189 efa382d4c8d2468ebf7258e750fc9a86 - - - -] 10.0.0.66 "DELETE /v2.0/security-group-rules/ba257248-a6af-4f74-87c4-2ffe6726bef5 HTTP/1.1" status: 204 len: 168 time: 0.1119363
2026-06-26 04:51:10.844 9 INFO neutron.api.v2.resource [None req-2615903b-283a-43e2-a8c6-6ef18a71403b 577be13ccd004dd5bb8bfdb792b32189 efa382d4c8d2468ebf7258e750fc9a86 - - default default] show failed (client error): The resource could not be found.
2026-06-26 04:51:10.845 9 INFO neutron.wsgi [None req-2615903b-283a-43e2-a8c6-6ef18a71403b 577be13ccd004dd5bb8bfdb792b32189 efa382d4c8d2468ebf7258e750fc9a86 - - default default] 10.0.0.66 "GET /v2.0/security-group-rules/ba257248-a6af-4f74-87c4-2ffe6726bef5 HTTP/1.1" status: 404 len: 356 time: 0.0166829
2026-06-26 04:51:10.939 9 INFO neutron.wsgi [None req-75b2637b-3430-4302-886a-f30a1fed71c0 577be13ccd004dd5bb8bfdb792b32189 efa382d4c8d2468ebf7258e750fc9a86 - - - -] 10.0.0.66 "DELETE /v2.0/security-group-rules/8f2b4f1f-a112-4184-ae07-3c49c3863ce4 HTTP/1.1" status: 204 len: 168 time: 0.0882196
2026-06-26 04:51:10.953 9 INFO neutron.api.v2.resource [None req-9b2f6cb5-08c9-4127-8d18-df5d7411a058 577be13ccd004dd5bb8bfdb792b32189 efa382d4c8d2468ebf7258e750fc9a86 - - default default] show failed (client error): The resource could not be found.
2026-06-26 04:51:10.955 9 INFO neutron.wsgi [None req-9b2f6cb5-08c9-4127-8d18-df5d7411a058 577be13ccd004dd5bb8bfdb792b32189 efa382d4c8d2468ebf7258e750fc9a86 - - default default] 10.0.0.66 "GET /v2.0/security-group-rules/8f2b4f1f-a112-4184-ae07-3c49c3863ce4 HTTP/1.1" status: 404 len: 356 time: 0.0110528
2026-06-26 04:51:11.068 9 INFO neutron.wsgi [None req-19ac303c-20a5-4cb4-b3d0-d9d085784552 577be13ccd004dd5bb8bfdb792b32189 efa382d4c8d2468ebf7258e750fc9a86 - - - -] 10.0.0.66 "DELETE /v2.0/security-group-rules/c611ead9-6801-42a1-9e84-050895ff7340 HTTP/1.1" status: 204 len: 168 time: 0.1086044
2026-06-26 04:51:11.090 9 INFO neutron.api.v2.resource [None req-1cc7b975-cc71-44c9-b633-8809445f22ae 577be13ccd004dd5bb8bfdb792b32189 efa382d4c8d2468ebf7258e750fc9a86 - - default default] show failed (client error): The resource could not be found.
2026-06-26 04:51:11.092 9 INFO neutron.wsgi [None req-1cc7b975-cc71-44c9-b633-8809445f22ae 577be13ccd004dd5bb8bfdb792b32189 efa382d4c8d2468ebf7258e750fc9a86 - - default default] 10.0.0.66 "GET /v2.0/security-group-rules/c611ead9-6801-42a1-9e84-050895ff7340 HTTP/1.1" status: 404 len: 356 time: 0.0178518
2026-06-26 04:51:11.200 9 INFO neutron.wsgi [None req-812e786c-1ba2-4f1f-b2c7-39f7b36228dc 577be13ccd004dd5bb8bfdb792b32189 efa382d4c8d2468ebf7258e750fc9a86 - - - -] 10.0.0.66 "DELETE /v2.0/security-group-rules/5674e880-274a-45ac-bc58-32eac09e8fc1 HTTP/1.1" status: 204 len: 168 time: 0.1026459
2026-06-26 04:51:11.211 9 INFO neutron.api.v2.resource [None req-02755cad-e8b9-4181-8c69-6c62fb00eb04 577be13ccd004dd5bb8bfdb792b32189 efa382d4c8d2468ebf7258e750fc9a86 - - default default] show failed (client error): The resource could not be found.
2026-06-26 04:51:11.212 9 INFO neutron.wsgi [None req-02755cad-e8b9-4181-8c69-6c62fb00eb04 577be13ccd004dd5bb8bfdb792b32189 efa382d4c8d2468ebf7258e750fc9a86 - - default default] 10.0.0.66 "GET /v2.0/security-group-rules/5674e880-274a-45ac-bc58-32eac09e8fc1 HTTP/1.1" status: 404 len: 356 time: 0.0079951
2026-06-26 04:51:11.312 9 INFO neutron.wsgi [None req-97210d26-4d21-4f94-8457-2df9a3fc2804 577be13ccd004dd5bb8bfdb792b32189 efa382d4c8d2468ebf7258e750fc9a86 - - - -] 10.0.0.66 "DELETE /v2.0/security-group-rules/efaa8ea7-078e-4f4b-9b9f-97308b763d16 HTTP/1.1" status: 204 len: 168 time: 0.0957503
2026-06-26 04:51:11.327 9 INFO neutron.api.v2.resource [None req-0a086546-0b82-4aba-b775-6a0b9ccdd2a5 577be13ccd004dd5bb8bfdb792b32189 efa382d4c8d2468ebf7258e750fc9a86 - - default default] show failed (client error): The resource could not be found.
2026-06-26 04:51:11.328 9 INFO neutron.wsgi [None req-0a086546-0b82-4aba-b775-6a0b9ccdd2a5 577be13ccd004dd5bb8bfdb792b32189 efa382d4c8d2468ebf7258e750fc9a86 - - default default] 10.0.0.66 "GET /v2.0/security-group-rules/efaa8ea7-078e-4f4b-9b9f-97308b763d16 HTTP/1.1" status: 404 len: 356 time: 0.0098121
2026-06-26 04:51:11.432 9 INFO neutron.wsgi [None req-db91500b-e75a-4ecb-ab8d-9721417fe62f 577be13ccd004dd5bb8bfdb792b32189 efa382d4c8d2468ebf7258e750fc9a86 - - - -] 10.0.0.66 "DELETE /v2.0/security-group-rules/67606277-af96-47a4-bf63-dc4c854cc535 HTTP/1.1" status: 204 len: 168 time: 0.1009958
2026-06-26 04:51:11.448 9 INFO neutron.api.v2.resource [None req-650fd770-6794-4e2a-b1f2-47646ea82626 577be13ccd004dd5bb8bfdb792b32189 efa382d4c8d2468ebf7258e750fc9a86 - - default default] show failed (client error): The resource could not be found.
2026-06-26 04:51:11.449 9 INFO neutron.wsgi [None req-650fd770-6794-4e2a-b1f2-47646ea82626 577be13ccd004dd5bb8bfdb792b32189 efa382d4c8d2468ebf7258e750fc9a86 - - default default] 10.0.0.66 "GET /v2.0/security-group-rules/67606277-af96-47a4-bf63-dc4c854cc535 HTTP/1.1" status: 404 len: 356 time: 0.0113549
2026-06-26 04:51:11.573 9 INFO neutron.wsgi [None req-0bfb787b-f0ec-4381-8bc8-50098e335b90 577be13ccd004dd5bb8bfdb792b32189 efa382d4c8d2468ebf7258e750fc9a86 - - - -] 10.0.0.66 "DELETE /v2.0/security-group-rules/1d185e3a-f7d8-4459-ab70-781e8e9915d5 HTTP/1.1" status: 204 len: 168 time: 0.1201324
2026-06-26 04:51:11.591 9 INFO neutron.api.v2.resource [None req-002ac2b1-823d-4508-805b-55700fbfa350 577be13ccd004dd5bb8bfdb792b32189 efa382d4c8d2468ebf7258e750fc9a86 - - default default] show failed (client error): The resource could not be found.
2026-06-26 04:51:11.594 9 INFO neutron.wsgi [None req-002ac2b1-823d-4508-805b-55700fbfa350 577be13ccd004dd5bb8bfdb792b32189 efa382d4c8d2468ebf7258e750fc9a86 - - default default] 10.0.0.66 "GET /v2.0/security-group-rules/1d185e3a-f7d8-4459-ab70-781e8e9915d5 HTTP/1.1" status: 404 len: 356 time: 0.0154052
2026-06-26 04:51:11.730 10 INFO neutron.wsgi [None req-bd44bd28-0828-42dd-b0c1-1e31a82dcae7 577be13ccd004dd5bb8bfdb792b32189 efa382d4c8d2468ebf7258e750fc9a86 - - - -] 10.0.0.66 "DELETE /v2.0/security-groups/c19abfdc-3449-455c-b272-30dedf9ecf96 HTTP/1.1" status: 204 len: 168 time: 0.1291885
2026-06-26 04:51:11.748 10 INFO neutron.api.v2.resource [None req-79ab7840-b2c9-4f88-8819-20f48f2a460e 577be13ccd004dd5bb8bfdb792b32189 efa382d4c8d2468ebf7258e750fc9a86 - - default default] show failed (client error): The resource could not be found.
2026-06-26 04:51:11.751 10 INFO neutron.wsgi [None req-79ab7840-b2c9-4f88-8819-20f48f2a460e 577be13ccd004dd5bb8bfdb792b32189 efa382d4c8d2468ebf7258e750fc9a86 - - default default] 10.0.0.66 "GET /v2.0/security-groups/c19abfdc-3449-455c-b272-30dedf9ecf96 HTTP/1.1" status: 404 len: 347 time: 0.0157225
2026-06-26 04:51:13.116 9 INFO neutron.wsgi [None req-a9e83132-9bfd-44b8-8b2a-9639e2874de5 577be13ccd004dd5bb8bfdb792b32189 efa382d4c8d2468ebf7258e750fc9a86 - - - -] 10.0.0.66 "PUT /v2.0/routers/ca393983-dabb-4c4b-a936-c82ff645d0a2/remove_router_interface HTTP/1.1" status: 200 len: 503 time: 1.2863567 /var/lib/openstack/lib/python3.10/site-packages/pycadf/identifier.py:71: UserWarning: Invalid uuid: neutron. To ensure interoperability, identifiers should be a valid uuid. warnings.warn(('Invalid uuid: %s. To ensure interoperability, '
2026-06-26 04:51:13.239 9 INFO neutron.api.v2.resource [None req-758354ac-a9eb-4c00-ae82-7a85685aa9c0 577be13ccd004dd5bb8bfdb792b32189 efa382d4c8d2468ebf7258e750fc9a86 - - default default] remove_router_interface failed (client error): The resource could not be found.
2026-06-26 04:51:13.240 9 INFO neutron.wsgi [None req-758354ac-a9eb-4c00-ae82-7a85685aa9c0 577be13ccd004dd5bb8bfdb792b32189 efa382d4c8d2468ebf7258e750fc9a86 - - default default] 10.0.0.66 "PUT /v2.0/routers/ca393983-dabb-4c4b-a936-c82ff645d0a2/remove_router_interface HTTP/1.1" status: 404 len: 399 time: 0.1178842
2026-06-26 04:51:14.235 9 INFO neutron.wsgi [None req-74f68105-57e2-4b76-9606-68e3dc97caaf 577be13ccd004dd5bb8bfdb792b32189 efa382d4c8d2468ebf7258e750fc9a86 - - - -] 10.0.0.66 "PUT /v2.0/routers/ca393983-dabb-4c4b-a936-c82ff645d0a2/remove_router_interface HTTP/1.1" status: 200 len: 503 time: 0.9893358
2026-06-26 04:51:14.376 10 INFO neutron.api.v2.resource [None req-d83c5cf9-b5dc-4233-8f58-bf011e5a26be 577be13ccd004dd5bb8bfdb792b32189 efa382d4c8d2468ebf7258e750fc9a86 - - default default] remove_router_interface failed (client error): The resource could not be found.
2026-06-26 04:51:14.378 10 INFO neutron.wsgi [None req-d83c5cf9-b5dc-4233-8f58-bf011e5a26be 577be13ccd004dd5bb8bfdb792b32189 efa382d4c8d2468ebf7258e750fc9a86 - - default default] 10.0.0.66 "PUT /v2.0/routers/ca393983-dabb-4c4b-a936-c82ff645d0a2/remove_router_interface HTTP/1.1" status: 404 len: 399 time: 0.1361749
2026-06-26 04:51:15.285 10 INFO neutron.wsgi [None req-50eb4d9d-75ab-4da4-ab61-0e6cba3b6ac0 577be13ccd004dd5bb8bfdb792b32189 efa382d4c8d2468ebf7258e750fc9a86 - - - -] 10.0.0.66 "PUT /v2.0/routers/ca393983-dabb-4c4b-a936-c82ff645d0a2/remove_router_interface HTTP/1.1" status: 200 len: 503 time: 0.9018843 /var/lib/openstack/lib/python3.10/site-packages/pycadf/identifier.py:71: UserWarning: Invalid uuid: neutron. To ensure interoperability, identifiers should be a valid uuid. warnings.warn(('Invalid uuid: %s. To ensure interoperability, '
2026-06-26 04:51:15.430 9 INFO neutron.api.v2.resource [None req-b6d5e8c9-3325-455f-ab54-dad160255f6f 577be13ccd004dd5bb8bfdb792b32189 efa382d4c8d2468ebf7258e750fc9a86 - - default default] remove_router_interface failed (client error): The resource could not be found.
2026-06-26 04:51:15.432 9 INFO neutron.wsgi [None req-b6d5e8c9-3325-455f-ab54-dad160255f6f 577be13ccd004dd5bb8bfdb792b32189 efa382d4c8d2468ebf7258e750fc9a86 - - default default] 10.0.0.66 "PUT /v2.0/routers/ca393983-dabb-4c4b-a936-c82ff645d0a2/remove_router_interface HTTP/1.1" status: 404 len: 399 time: 0.1415539
2026-06-26 04:51:16.147 9 INFO neutron.wsgi [None req-401122b9-d180-435a-aa52-0420a2f2475f 577be13ccd004dd5bb8bfdb792b32189 efa382d4c8d2468ebf7258e750fc9a86 - - - -] 10.0.0.66 "DELETE /v2.0/routers/ca393983-dabb-4c4b-a936-c82ff645d0a2 HTTP/1.1" status: 204 len: 168 time: 0.7092421 /var/lib/openstack/lib/python3.10/site-packages/pycadf/identifier.py:71: UserWarning: Invalid uuid: neutron. To ensure interoperability, identifiers should be a valid uuid. warnings.warn(('Invalid uuid: %s. To ensure interoperability, '
2026-06-26 04:51:16.183 10 INFO neutron.api.v2.resource [None req-fd6354d8-6c97-409a-9f39-b010aaa71302 577be13ccd004dd5bb8bfdb792b32189 efa382d4c8d2468ebf7258e750fc9a86 - - default default] show failed (client error): The resource could not be found.
2026-06-26 04:51:16.185 10 INFO neutron.wsgi [None req-fd6354d8-6c97-409a-9f39-b010aaa71302 577be13ccd004dd5bb8bfdb792b32189 efa382d4c8d2468ebf7258e750fc9a86 - - default default] 10.0.0.66 "GET /v2.0/routers/ca393983-dabb-4c4b-a936-c82ff645d0a2 HTTP/1.1" status: 404 len: 336 time: 0.0320189
2026-06-26 04:51:16.378 10 INFO neutron.wsgi [None req-b6fb4ebb-4d68-41f5-89e8-08fb76bb95ec 577be13ccd004dd5bb8bfdb792b32189 efa382d4c8d2468ebf7258e750fc9a86 - - - -] 10.0.0.66 "DELETE /v2.0/subnets/ec063926-908b-4655-ab07-28ebffddb4ea HTTP/1.1" status: 204 len: 168 time: 0.1890328
2026-06-26 04:51:16.402 10 INFO neutron.pecan_wsgi.hooks.translation [None req-17842610-b598-4b7d-a0c2-13ca4eb66a6d 577be13ccd004dd5bb8bfdb792b32189 efa382d4c8d2468ebf7258e750fc9a86 - - default default] GET failed (client error): The resource could not be found.
2026-06-26 04:51:16.404 10 INFO neutron.wsgi [None req-17842610-b598-4b7d-a0c2-13ca4eb66a6d 577be13ccd004dd5bb8bfdb792b32189 efa382d4c8d2468ebf7258e750fc9a86 - - default default] 10.0.0.66 "GET /v2.0/subnets/ec063926-908b-4655-ab07-28ebffddb4ea HTTP/1.1" status: 404 len: 337 time: 0.0197289
2026-06-26 04:51:16.945 9 INFO neutron.wsgi [None req-cb94935f-1e67-45f3-acb8-038b10447247 577be13ccd004dd5bb8bfdb792b32189 efa382d4c8d2468ebf7258e750fc9a86 - - - -] 10.0.0.66 "DELETE /v2.0/subnets/26a61976-f290-4e66-8cef-c5061ccede2a HTTP/1.1" status: 204 len: 168 time: 0.5367270
2026-06-26 04:51:16.968 9 INFO neutron.pecan_wsgi.hooks.translation [None req-4c9bf179-b78c-4108-b80d-1db11f584cbe 577be13ccd004dd5bb8bfdb792b32189 efa382d4c8d2468ebf7258e750fc9a86 - - default default] GET failed (client error): The resource could not be found.
2026-06-26 04:51:16.969 9 INFO neutron.wsgi [None req-4c9bf179-b78c-4108-b80d-1db11f584cbe 577be13ccd004dd5bb8bfdb792b32189 efa382d4c8d2468ebf7258e750fc9a86 - - default default] 10.0.0.66 "GET /v2.0/subnets/26a61976-f290-4e66-8cef-c5061ccede2a HTTP/1.1" status: 404 len: 337 time: 0.0177701
2026-06-26 04:51:17.359 9 INFO neutron.wsgi [None req-6af4419f-7ab0-435c-8df1-4493ec073859 577be13ccd004dd5bb8bfdb792b32189 efa382d4c8d2468ebf7258e750fc9a86 - - - -] 10.0.0.66 "DELETE /v2.0/networks/3ca17339-0f63-4ceb-8df5-e89233f49aa3 HTTP/1.1" status: 204 len: 168 time: 0.3850484
2026-06-26 04:51:17.388 10 INFO neutron.pecan_wsgi.hooks.translation [None req-e4173bda-7b19-4701-97b7-97c1db7e25f0 577be13ccd004dd5bb8bfdb792b32189 efa382d4c8d2468ebf7258e750fc9a86 - - default default] GET failed (client error): The resource could not be found.
2026-06-26 04:51:17.390 10 INFO neutron.wsgi [None req-e4173bda-7b19-4701-97b7-97c1db7e25f0 577be13ccd004dd5bb8bfdb792b32189 efa382d4c8d2468ebf7258e750fc9a86 - - default default] 10.0.0.66 "GET /v2.0/networks/3ca17339-0f63-4ceb-8df5-e89233f49aa3 HTTP/1.1" status: 404 len: 339 time: 0.0235310
2026-06-26 04:51:17.453 9 INFO neutron.services.segments.plugin [-] Segment 70aa6b92-b367-4973-a6c8-9309d8a7bb89 resource provider aggregate not found
2026-06-26 04:51:17.459 9 INFO neutron.services.segments.plugin [-] Segment 70aa6b92-b367-4973-a6c8-9309d8a7bb89 resource provider aggregate not found
2026-06-26 04:51:17.475 9 INFO neutron.services.segments.plugin [-] Segment 70aa6b92-b367-4973-a6c8-9309d8a7bb89 resource provider not found; error: Placement Client Error (4xx): {"errors": [{"status": 404, "title": "Not Found", "detail": "The resource could not be found.\n\n No resource provider with uuid 70aa6b92-b367-4973-a6c8-9309d8a7bb89 found for delete ", "request_id": "req-bf3d4f1a-58da-426d-a934-b2aaf725725e"}]}
2026-06-26 04:51:17.476 9 INFO neutron.services.segments.plugin [-] Segment 70aa6b92-b367-4973-a6c8-9309d8a7bb89 resource provider not found; error: Placement Client Error (4xx): {"errors": [{"status": 404, "title": "Not Found", "detail": "The resource could not be found.\n\n No resource provider with uuid 70aa6b92-b367-4973-a6c8-9309d8a7bb89 found for delete ", "request_id": "req-1be05629-f765-4fb3-883f-ddc5fb9baf4c"}]}
2026-06-26 04:51:17.633 10 INFO neutron.wsgi [None req-813d0e43-99fe-48e1-bbd5-cd3f4a895d3c 577be13ccd004dd5bb8bfdb792b32189 efa382d4c8d2468ebf7258e750fc9a86 - - - -] 10.0.0.66 "DELETE /v2.0/subnets/30338ff1-79be-4026-be18-3d15fe3585a3 HTTP/1.1" status: 204 len: 168 time: 0.2383218
2026-06-26 04:51:17.659 10 INFO neutron.pecan_wsgi.hooks.translation [None req-6e2eab4b-4a8e-4037-aaa9-95621c553aed 577be13ccd004dd5bb8bfdb792b32189 efa382d4c8d2468ebf7258e750fc9a86 - - default default] GET failed (client error): The resource could not be found.
2026-06-26 04:51:17.661 10 INFO neutron.wsgi [None req-6e2eab4b-4a8e-4037-aaa9-95621c553aed 577be13ccd004dd5bb8bfdb792b32189 efa382d4c8d2468ebf7258e750fc9a86 - - default default] 10.0.0.66 "GET /v2.0/subnets/30338ff1-79be-4026-be18-3d15fe3585a3 HTTP/1.1" status: 404 len: 337 time: 0.0230103
2026-06-26 04:51:17.879 10 INFO neutron.wsgi [None req-aca50940-9504-4c88-8710-b0c3054cbc28 577be13ccd004dd5bb8bfdb792b32189 efa382d4c8d2468ebf7258e750fc9a86 - - - -] 10.0.0.66 "DELETE /v2.0/subnets/3d6006ed-8fee-4d9b-acea-36b5ab36f987 HTTP/1.1" status: 204 len: 168 time: 0.2136393
2026-06-26 04:51:17.912 10 INFO neutron.pecan_wsgi.hooks.translation [None req-4db43b60-1ed5-4a27-86b1-05b3862ad327 577be13ccd004dd5bb8bfdb792b32189 efa382d4c8d2468ebf7258e750fc9a86 - - default default] GET failed (client error): The resource could not be found.
2026-06-26 04:51:17.914 10 INFO neutron.wsgi [None req-4db43b60-1ed5-4a27-86b1-05b3862ad327 577be13ccd004dd5bb8bfdb792b32189 efa382d4c8d2468ebf7258e750fc9a86 - - default default] 10.0.0.66 "GET /v2.0/subnets/3d6006ed-8fee-4d9b-acea-36b5ab36f987 HTTP/1.1" status: 404 len: 337 time: 0.0273345
2026-06-26 04:51:18.334 10 INFO neutron.wsgi [None req-3ce45988-dc53-49cd-8899-22f48f70b65b 577be13ccd004dd5bb8bfdb792b32189 efa382d4c8d2468ebf7258e750fc9a86 - - - -] 10.0.0.66 "DELETE /v2.0/networks/6df1df8a-e015-4d25-bfeb-53054bce7249 HTTP/1.1" status: 204 len: 168 time: 0.4166436
2026-06-26 04:51:18.336 10 INFO neutron.services.segments.plugin [-] Segment a1dc45a1-1361-44d1-af4e-29e10c7a4ce6 resource provider aggregate not found
2026-06-26 04:51:18.343 10 INFO neutron.services.segments.plugin [-] Segment a1dc45a1-1361-44d1-af4e-29e10c7a4ce6 resource provider aggregate not found
2026-06-26 04:51:18.356 10 INFO neutron.services.segments.plugin [-] Segment a1dc45a1-1361-44d1-af4e-29e10c7a4ce6 resource provider not found; error: Placement Client Error (4xx): {"errors": [{"status": 404, "title": "Not Found", "detail": "The resource could not be found.\n\n No resource provider with uuid a1dc45a1-1361-44d1-af4e-29e10c7a4ce6 found for delete ", "request_id": "req-d8481d6b-00ad-4bfa-9fcc-0d27e88de081"}]}
2026-06-26 04:51:18.360 10 INFO neutron.services.segments.plugin [-] Segment a1dc45a1-1361-44d1-af4e-29e10c7a4ce6 resource provider not found; error: Placement Client Error (4xx): {"errors": [{"status": 404, "title": "Not Found", "detail": "The resource could not be found.\n\n No resource provider with uuid a1dc45a1-1361-44d1-af4e-29e10c7a4ce6 found for delete ", "request_id": "req-ea29c55c-8ef9-41ba-bf3d-0c51ef04d3ec"}]}
2026-06-26 04:51:18.361 9 INFO neutron.pecan_wsgi.hooks.translation [None req-2635ec76-de33-4993-93e5-e3fa6a0e8765 577be13ccd004dd5bb8bfdb792b32189 efa382d4c8d2468ebf7258e750fc9a86 - - default default] GET failed (client error): The resource could not be found.
2026-06-26 04:51:18.363 9 INFO neutron.wsgi [None req-2635ec76-de33-4993-93e5-e3fa6a0e8765 577be13ccd004dd5bb8bfdb792b32189 efa382d4c8d2468ebf7258e750fc9a86 - - default default] 10.0.0.66 "GET /v2.0/networks/6df1df8a-e015-4d25-bfeb-53054bce7249 HTTP/1.1" status: 404 len: 339 time: 0.0223422
2026-06-26 04:51:18.574 9 INFO neutron.wsgi [None req-66f66f17-97c1-4424-a718-b774bc45a732 577be13ccd004dd5bb8bfdb792b32189 efa382d4c8d2468ebf7258e750fc9a86 - - - -] 10.0.0.66 "DELETE /v2.0/subnets/21efeb1a-35f7-4d87-9889-5725ff96cfa3 HTTP/1.1" status: 204 len: 168 time: 0.2071476
2026-06-26 04:51:18.601 9 INFO neutron.pecan_wsgi.hooks.translation [None req-3b247dd1-2a38-489a-b969-06929f6f9819 577be13ccd004dd5bb8bfdb792b32189 efa382d4c8d2468ebf7258e750fc9a86 - - default default] GET failed (client error): The resource could not be found.
2026-06-26 04:51:18.604 9 INFO neutron.wsgi [None req-3b247dd1-2a38-489a-b969-06929f6f9819 577be13ccd004dd5bb8bfdb792b32189 efa382d4c8d2468ebf7258e750fc9a86 - - default default] 10.0.0.66 "GET /v2.0/subnets/21efeb1a-35f7-4d87-9889-5725ff96cfa3 HTTP/1.1" status: 404 len: 337 time: 0.0252941
2026-06-26 04:51:18.817 10 INFO neutron.wsgi [None req-07c42e71-3ca8-43d7-a5db-1b4f6c6d6f59 577be13ccd004dd5bb8bfdb792b32189 efa382d4c8d2468ebf7258e750fc9a86 - - - -] 10.0.0.66 "DELETE /v2.0/subnets/9658f39c-f0bb-4ab7-8cf8-1ac9b202dc4a HTTP/1.1" status: 204 len: 168 time: 0.2052376
2026-06-26 04:51:18.844 10 INFO neutron.pecan_wsgi.hooks.translation [None req-be9aac27-7bb5-452c-8998-83399a4f4882 577be13ccd004dd5bb8bfdb792b32189 efa382d4c8d2468ebf7258e750fc9a86 - - default default] GET failed (client error): The resource could not be found.
2026-06-26 04:51:18.845 10 INFO neutron.wsgi [None req-be9aac27-7bb5-452c-8998-83399a4f4882 577be13ccd004dd5bb8bfdb792b32189 efa382d4c8d2468ebf7258e750fc9a86 - - default default] 10.0.0.66 "GET /v2.0/subnets/9658f39c-f0bb-4ab7-8cf8-1ac9b202dc4a HTTP/1.1" status: 404 len: 337 time: 0.0221801
2026-06-26 04:51:19.222 10 INFO neutron.wsgi [None req-7997b721-b255-45a6-b71f-b0362ea7e380 577be13ccd004dd5bb8bfdb792b32189 efa382d4c8d2468ebf7258e750fc9a86 - - - -] 10.0.0.66 "DELETE /v2.0/networks/8c0980fd-ebbc-4717-9450-0d7e1f8f5fb8 HTTP/1.1" status: 204 len: 168 time: 0.3714845
2026-06-26 04:51:19.245 9 INFO neutron.pecan_wsgi.hooks.translation [None req-695ec73f-37db-4544-b5f1-c41d4ba28b3e 577be13ccd004dd5bb8bfdb792b32189 efa382d4c8d2468ebf7258e750fc9a86 - - default default] GET failed (client error): The resource could not be found.
2026-06-26 04:51:19.246 9 INFO neutron.wsgi [None req-695ec73f-37db-4544-b5f1-c41d4ba28b3e 577be13ccd004dd5bb8bfdb792b32189 efa382d4c8d2468ebf7258e750fc9a86 - - default default] 10.0.0.66 "GET /v2.0/networks/8c0980fd-ebbc-4717-9450-0d7e1f8f5fb8 HTTP/1.1" status: 404 len: 339 time: 0.0196147
2026-06-26 04:51:20.378 10 INFO neutron.services.segments.plugin [-] Segment a3573f9f-097b-4a65-a737-199274c7e47c resource provider aggregate not found
2026-06-26 04:51:20.385 10 INFO neutron.services.segments.plugin [-] Segment a3573f9f-097b-4a65-a737-199274c7e47c resource provider aggregate not found
2026-06-26 04:51:20.401 10 INFO neutron.services.segments.plugin [-] Segment a3573f9f-097b-4a65-a737-199274c7e47c resource provider not found; error: Placement Client Error (4xx): {"errors": [{"status": 404, "title": "Not Found", "detail": "The resource could not be found.\n\n No resource provider with uuid a3573f9f-097b-4a65-a737-199274c7e47c found for delete ", "request_id": "req-7a07c4bb-71e4-4b22-a7fb-4000ea53715e"}]}
2026-06-26 04:51:20.403 10 INFO neutron.services.segments.plugin [-] Segment a3573f9f-097b-4a65-a737-199274c7e47c resource provider not found; error: Placement Client Error (4xx): {"errors": [{"status": 404, "title": "Not Found", "detail": "The resource could not be found.\n\n No resource provider with uuid a3573f9f-097b-4a65-a737-199274c7e47c found for delete ", "request_id": "req-0ee56503-7a41-4f61-9338-3a4596a1a853"}]}
2026-06-26 04:51:21.481 10 INFO neutron.db.ovn_revision_numbers_db [None req-f99051e9-cbbe-4bb1-9f6c-b9138dff444d fa6ee0307e9e4c598e0fc0ad83969e72 b902d3189ef64166b07841c641636341 - - default default] Successfully bumped revision number for resource 68d52a9a-d9b7-4df7-abe8-8ffe67545c3c (type: security_groups) to 1
2026-06-26 04:51:21.514 10 INFO neutron.wsgi [None req-f99051e9-cbbe-4bb1-9f6c-b9138dff444d fa6ee0307e9e4c598e0fc0ad83969e72 b902d3189ef64166b07841c641636341 - - default default] 10.0.0.66 "GET /v2.0/security-groups?tenant_id=00548a1b87bb44f99f8109abd8736520&name=default HTTP/1.1" status: 200 len: 3000 time: 0.2707114
2026-06-26 04:51:21.747 10 INFO neutron.wsgi [None req-c9d7b925-0039-48af-8371-37ca70510f5e fa6ee0307e9e4c598e0fc0ad83969e72 b902d3189ef64166b07841c641636341 - - - -] 10.0.0.66 "DELETE /v2.0/security-groups/68d52a9a-d9b7-4df7-abe8-8ffe67545c3c HTTP/1.1" status: 204 len: 168 time: 0.2281725
2026-06-26 04:51:21.950 9 INFO neutron.db.ovn_revision_numbers_db [None req-ab07b79f-5153-4a75-b5bd-ef171bbb0c7d fa6ee0307e9e4c598e0fc0ad83969e72 b902d3189ef64166b07841c641636341 - - default default] Successfully bumped revision number for resource 42bd562b-0002-43c0-a72a-8c4280ea45e2 (type: security_groups) to 1
2026-06-26 04:51:21.977 9 INFO neutron.wsgi [None req-ab07b79f-5153-4a75-b5bd-ef171bbb0c7d fa6ee0307e9e4c598e0fc0ad83969e72 b902d3189ef64166b07841c641636341 - - default default] 10.0.0.66 "GET /v2.0/security-groups?tenant_id=29d07938fe554358b2cf2eb879514802&name=default HTTP/1.1" status: 200 len: 3000 time: 0.1250622
2026-06-26 04:51:22.174 9 INFO neutron.wsgi [None req-9f17c89d-5350-428a-9ac2-9e41da897608 fa6ee0307e9e4c598e0fc0ad83969e72 b902d3189ef64166b07841c641636341 - - - -] 10.0.0.66 "DELETE /v2.0/security-groups/42bd562b-0002-43c0-a72a-8c4280ea45e2 HTTP/1.1" status: 204 len: 168 time: 0.1919425
2026-06-26 04:51:22.445 10 INFO neutron.db.ovn_revision_numbers_db [None req-eef890b4-6237-406a-a17d-92c8de8650dd fa6ee0307e9e4c598e0fc0ad83969e72 b902d3189ef64166b07841c641636341 - - default default] Successfully bumped revision number for resource 9eff0dda-55ae-477d-9e24-1a302f8be61b (type: security_groups) to 1
2026-06-26 04:51:22.471 10 INFO neutron.wsgi [None req-eef890b4-6237-406a-a17d-92c8de8650dd fa6ee0307e9e4c598e0fc0ad83969e72 b902d3189ef64166b07841c641636341 - - default default] 10.0.0.66 "GET /v2.0/security-groups?tenant_id=62dbe480df28458fb0eb1dae868e101e&name=default HTTP/1.1" status: 200 len: 3000 time: 0.1258729
2026-06-26 04:51:22.599 9 INFO neutron.wsgi [-] 10.0.0.37 "GET / HTTP/1.1" status: 200 len: 247 time: 0.0033236
2026-06-26 04:51:22.602 9 INFO neutron.wsgi [-] 10.0.0.37 "GET / HTTP/1.1" status: 200 len: 247 time: 0.0014424
2026-06-26 04:51:22.695 10 INFO neutron.wsgi [None req-9545686a-e0cf-440c-b406-ecfaab301f5b fa6ee0307e9e4c598e0fc0ad83969e72 b902d3189ef64166b07841c641636341 - - - -] 10.0.0.66 "DELETE /v2.0/security-groups/9eff0dda-55ae-477d-9e24-1a302f8be61b HTTP/1.1" status: 204 len: 168 time: 0.2188654
2026-06-26 04:51:22.933 10 INFO neutron.db.ovn_revision_numbers_db [None req-336e7c23-d00b-4af2-af60-e21b98921357 fa6ee0307e9e4c598e0fc0ad83969e72 b902d3189ef64166b07841c641636341 - - default default] Successfully bumped revision number for resource f99fbffa-1f8c-40f0-ad2a-f5377afa38ed (type: security_groups) to 1
2026-06-26 04:51:22.957 10 INFO neutron.wsgi [None req-336e7c23-d00b-4af2-af60-e21b98921357 fa6ee0307e9e4c598e0fc0ad83969e72 b902d3189ef64166b07841c641636341 - - default default] 10.0.0.66 "GET /v2.0/security-groups?tenant_id=14906dcdca3b4ceb9e090790282e840a&name=default HTTP/1.1" status: 200 len: 3000 time: 0.1184518
2026-06-26 04:51:23.134 10 INFO neutron.wsgi [None req-e0e7ff48-ecb2-4d92-8b65-7a8bbe36cee1 fa6ee0307e9e4c598e0fc0ad83969e72 b902d3189ef64166b07841c641636341 - - - -] 10.0.0.66 "DELETE /v2.0/security-groups/f99fbffa-1f8c-40f0-ad2a-f5377afa38ed HTTP/1.1" status: 204 len: 168 time: 0.1702385
2026-06-26 04:51:23.299 10 INFO neutron.wsgi [None req-89c211a0-68ed-4559-b0a5-bdcc16ecdd48 fa6ee0307e9e4c598e0fc0ad83969e72 b902d3189ef64166b07841c641636341 - - default default] 10.0.0.66 "GET /v2.0/security-groups?tenant_id=efa382d4c8d2468ebf7258e750fc9a86&name=default HTTP/1.1" status: 200 len: 2996 time: 0.0304337
2026-06-26 04:51:23.479 10 INFO neutron.wsgi [None req-6b3101a2-0609-4d8e-a910-a0f609e7fe67 fa6ee0307e9e4c598e0fc0ad83969e72 b902d3189ef64166b07841c641636341 - - - -] 10.0.0.66 "DELETE /v2.0/security-groups/92a10a89-5390-4ee0-a2f9-5849c8d15553 HTTP/1.1" status: 204 len: 168 time: 0.1748443
2026-06-26 04:51:23.772 9 INFO neutron.db.ovn_revision_numbers_db [None req-57c1f9b9-afd3-4039-a675-883e44052ed1 fa6ee0307e9e4c598e0fc0ad83969e72 b902d3189ef64166b07841c641636341 - - default default] Successfully bumped revision number for resource 1f83ec73-c9bd-4664-859d-6ddc00ee99b2 (type: security_groups) to 1
2026-06-26 04:51:23.796 9 INFO neutron.wsgi [None req-57c1f9b9-afd3-4039-a675-883e44052ed1 fa6ee0307e9e4c598e0fc0ad83969e72 b902d3189ef64166b07841c641636341 - - default default] 10.0.0.66 "GET /v2.0/security-groups?tenant_id=7cf5f85522724353b7d393b8c739b3c9&name=default HTTP/1.1" status: 200 len: 3000 time: 0.1264935
2026-06-26 04:51:23.972 9 INFO neutron.wsgi [None req-1fa838a6-e25a-482f-80d2-51fabd1c29bb fa6ee0307e9e4c598e0fc0ad83969e72 b902d3189ef64166b07841c641636341 - - - -] 10.0.0.66 "DELETE /v2.0/security-groups/1f83ec73-c9bd-4664-859d-6ddc00ee99b2 HTTP/1.1" status: 204 len: 168 time: 0.1702900
2026-06-26 04:51:24.176 10 INFO neutron.db.ovn_revision_numbers_db [None req-29aa5dcc-e835-4439-bb12-99e16de95725 fa6ee0307e9e4c598e0fc0ad83969e72 b902d3189ef64166b07841c641636341 - - default default] Successfully bumped revision number for resource 02e14b37-c298-4641-a984-a0ce80e06b0a (type: security_groups) to 1
2026-06-26 04:51:24.197 10 INFO neutron.wsgi [None req-29aa5dcc-e835-4439-bb12-99e16de95725 fa6ee0307e9e4c598e0fc0ad83969e72 b902d3189ef64166b07841c641636341 - - default default] 10.0.0.66 "GET /v2.0/security-groups?tenant_id=513a2b47372f4c4a8f4b9363b887ae4a&name=default HTTP/1.1" status: 200 len: 3000 time: 0.1220160
2026-06-26 04:51:24.344 10 INFO neutron.wsgi [None req-3b6a0c9b-4409-4cac-9f46-c7932c0fa52b fa6ee0307e9e4c598e0fc0ad83969e72 b902d3189ef64166b07841c641636341 - - default default] 10.0.0.234 "GET /v2.0/subnets HTTP/1.1" status: 200 len: 1437 time: 0.2245209
2026-06-26 04:51:24.384 10 INFO neutron.wsgi [None req-2e0d17dd-1ff0-4aad-a351-7f0ccbf63423 fa6ee0307e9e4c598e0fc0ad83969e72 b902d3189ef64166b07841c641636341 - - default default] 10.0.0.234 "GET /v2.0/ports HTTP/1.1" status: 200 len: 5255 time: 0.0381353
2026-06-26 04:51:24.405 10 INFO neutron.wsgi [None req-150a6326-70d4-4610-bc5d-525c87682ef3 fa6ee0307e9e4c598e0fc0ad83969e72 b902d3189ef64166b07841c641636341 - - default default] 10.0.0.234 "GET /v2.0/agents HTTP/1.1" status: 200 len: 997 time: 0.0181231
2026-06-26 04:51:24.437 10 INFO neutron.wsgi [None req-2f9b2ee4-74d9-4d31-b5ad-d3cf86a6e32a fa6ee0307e9e4c598e0fc0ad83969e72 b902d3189ef64166b07841c641636341 - - default default] 10.0.0.234 "GET /v2.0/subnets HTTP/1.1" status: 200 len: 1437 time: 0.0302229
2026-06-26 04:51:24.450 10 INFO neutron.wsgi [None req-c3652a97-0bad-49db-b8ac-8de3e407ff34 fa6ee0307e9e4c598e0fc0ad83969e72 b902d3189ef64166b07841c641636341 - - default default] 10.0.0.234 "GET /v2.0/subnetpools HTTP/1.1" status: 200 len: 193 time: 0.0102766
2026-06-26 04:51:24.478 10 INFO neutron.wsgi [None req-4a60e48c-cad5-49fa-aa10-1d7094a2c4dd fa6ee0307e9e4c598e0fc0ad83969e72 b902d3189ef64166b07841c641636341 - - - -] 10.0.0.66 "DELETE /v2.0/security-groups/02e14b37-c298-4641-a984-a0ce80e06b0a HTTP/1.1" status: 204 len: 168 time: 0.2766209
2026-06-26 04:51:24.519 10 INFO neutron.wsgi [None req-85ee5404-f07c-4338-85dd-767e179e53a9 fa6ee0307e9e4c598e0fc0ad83969e72 b902d3189ef64166b07841c641636341 - - default default] 10.0.0.234 "GET /v2.0/networks HTTP/1.1" status: 200 len: 2350 time: 0.0689285
2026-06-26 04:51:24.542 10 INFO neutron.wsgi [None req-db8b8825-9eb7-4c70-bcaa-a1b616aaead7 fa6ee0307e9e4c598e0fc0ad83969e72 b902d3189ef64166b07841c641636341 - - default default] 10.0.0.234 "GET /v2.0/floatingips HTTP/1.1" status: 200 len: 193 time: 0.0211647
2026-06-26 04:51:24.557 10 INFO neutron.wsgi [None req-c6a82afa-796e-4d12-8e5c-68cf24db2c8c fa6ee0307e9e4c598e0fc0ad83969e72 b902d3189ef64166b07841c641636341 - - default default] 10.0.0.234 "GET /v2.0/network-ip-availabilities HTTP/1.1" status: 200 len: 1280 time: 0.0139735
2026-06-26 04:51:24.592 10 INFO neutron.wsgi [None req-b46341ad-d014-45f7-b318-be07fdd5afc2 fa6ee0307e9e4c598e0fc0ad83969e72 b902d3189ef64166b07841c641636341 - - default default] 10.0.0.234 "GET /v2.0/routers HTTP/1.1" status: 200 len: 189 time: 0.0343733
2026-06-26 04:51:24.609 10 INFO neutron.wsgi [None req-99ff35f1-96bc-434b-a7fd-3514f0f084b1 fa6ee0307e9e4c598e0fc0ad83969e72 b902d3189ef64166b07841c641636341 - - default default] 10.0.0.234 "GET /v2.0/agents?binary=ovn-controller HTTP/1.1" status: 200 len: 591 time: 0.0151691
2026-06-26 04:51:24.670 10 INFO neutron.wsgi [None req-b9eca25d-be8e-4c52-9586-60bc9a42c60a fa6ee0307e9e4c598e0fc0ad83969e72 b902d3189ef64166b07841c641636341 - - default default] 10.0.0.234 "GET /v2.0/security-groups HTTP/1.1" status: 200 len: 16803 time: 0.0606890
2026-06-26 04:51:28.780 10 INFO neutron.db.ovn_revision_numbers_db [None req-f587c311-3a59-4781-972a-0ee086e154fc 03acb5e543ad43c0bd79e4cc721b3af8 adc5acea45fa408db125eb65124ee6ac - - - -] Successfully bumped revision number for resource d4ed501f-9974-4e2d-b36f-aaab21ddab42 (type: security_groups) to 1
2026-06-26 04:51:28.835 10 INFO neutron.db.segments_db [None req-f587c311-3a59-4781-972a-0ee086e154fc 03acb5e543ad43c0bd79e4cc721b3af8 adc5acea45fa408db125eb65124ee6ac - - - -] Added segment f1c682af-0186-4728-9ffc-5ebabd38f25e of type geneve for network e2e4cdc7-7f8a-4d26-b7d7-db47fe83724a
2026-06-26 04:51:28.988 10 INFO neutron.db.ovn_revision_numbers_db [None req-f587c311-3a59-4781-972a-0ee086e154fc 03acb5e543ad43c0bd79e4cc721b3af8 adc5acea45fa408db125eb65124ee6ac - - - -] Successfully bumped revision number for resource e2e4cdc7-7f8a-4d26-b7d7-db47fe83724a (type: networks) to 1
2026-06-26 04:51:29.180 10 WARNING neutron.scheduler.dhcp_agent_scheduler [None req-f587c311-3a59-4781-972a-0ee086e154fc 03acb5e543ad43c0bd79e4cc721b3af8 adc5acea45fa408db125eb65124ee6ac - - - -] No more DHCP agents
2026-06-26 04:51:29.182 10 WARNING neutron.api.rpc.agentnotifiers.dhcp_rpc_agent_api [None req-f587c311-3a59-4781-972a-0ee086e154fc 03acb5e543ad43c0bd79e4cc721b3af8 adc5acea45fa408db125eb65124ee6ac - - - -] Unable to schedule network e2e4cdc7-7f8a-4d26-b7d7-db47fe83724a: no agents available; will retry on subsequent port and subnet creation events.
2026-06-26 04:51:29.247 10 INFO neutron.db.ovn_revision_numbers_db [None req-f587c311-3a59-4781-972a-0ee086e154fc 03acb5e543ad43c0bd79e4cc721b3af8 adc5acea45fa408db125eb65124ee6ac - - - -] Successfully bumped revision number for resource 601e9894-58cd-4fea-82e4-6f857dfa545c (type: ports) to 1
2026-06-26 04:51:29.271 10 INFO neutron.wsgi [None req-f587c311-3a59-4781-972a-0ee086e154fc 03acb5e543ad43c0bd79e4cc721b3af8 adc5acea45fa408db125eb65124ee6ac - - - -] 10.0.0.66 "POST /v2.0/networks HTTP/1.1" status: 201 len: 929 time: 0.7951980
2026-06-26 04:51:29.443 10 WARNING neutron.scheduler.dhcp_agent_scheduler [None req-815b3988-c288-4fa4-9e37-4e9d2dab3c74 03acb5e543ad43c0bd79e4cc721b3af8 adc5acea45fa408db125eb65124ee6ac - - - -] No more DHCP agents
2026-06-26 04:51:29.445 10 WARNING neutron.api.rpc.agentnotifiers.dhcp_rpc_agent_api [None req-815b3988-c288-4fa4-9e37-4e9d2dab3c74 03acb5e543ad43c0bd79e4cc721b3af8 adc5acea45fa408db125eb65124ee6ac - - - -] Unable to schedule network e2e4cdc7-7f8a-4d26-b7d7-db47fe83724a: no agents available; will retry on subsequent port and subnet creation events.
2026-06-26 04:51:30.349 10 INFO neutron.db.ovn_revision_numbers_db [None req-815b3988-c288-4fa4-9e37-4e9d2dab3c74 03acb5e543ad43c0bd79e4cc721b3af8 adc5acea45fa408db125eb65124ee6ac - - - -] Successfully bumped revision number for resource 601e9894-58cd-4fea-82e4-6f857dfa545c (type: ports) to 2
2026-06-26 04:51:30.362 10 INFO neutron.db.ovn_revision_numbers_db [None req-815b3988-c288-4fa4-9e37-4e9d2dab3c74 03acb5e543ad43c0bd79e4cc721b3af8 adc5acea45fa408db125eb65124ee6ac - - - -] Successfully bumped revision number for resource de37905b-dbfd-4635-9407-0f72484a4589 (type: subnets) to 0
2026-06-26 04:51:30.376 10 INFO neutron.wsgi [None req-815b3988-c288-4fa4-9e37-4e9d2dab3c74 03acb5e543ad43c0bd79e4cc721b3af8 adc5acea45fa408db125eb65124ee6ac - - - -] 10.0.0.66 "POST /v2.0/subnets HTTP/1.1" status: 201 len: 819 time: 1.0998907
