Jun 18 00:41:38.081058 np0000181694 devstack@g-api.service[119582]: INFO glance.image_cache [None req-b978bb59-1e4b-4fb7-ae27-a1de1470c5af None None] Image cache loaded driver 'centralized_db'.
Jun 18 00:41:38.092146 np0000181694 devstack@g-api.service[119582]: DEBUG glance.image_cache.drivers.centralized_db [None req-b978bb59-1e4b-4fb7-ae27-a1de1470c5af None None] Node reference is already recorded, ignoring it {{(pid=119582) configure /opt/stack/glance/glance/image_cache/drivers/centralized_db.py:71}}
Jun 18 00:41:38.099384 np0000181694 devstack@g-api.service[119582]: DEBUG glance.api.v2.cached_images [None req-b978bb59-1e4b-4fb7-ae27-a1de1470c5af None None] Started cache worker thread {{(pid=119582) __init__ /opt/stack/glance/glance/api/v2/cached_images.py:69}}
Jun 18 00:41:38.100550 np0000181694 devstack@g-api.service[119582]: INFO glance.image_cache [None req-b978bb59-1e4b-4fb7-ae27-a1de1470c5af None None] Image cache loaded driver 'centralized_db'.
Jun 18 00:41:38.105227 np0000181694 devstack@g-api.service[119584]: INFO glance.image_cache [None req-1b824633-4cfc-4a53-aece-708c8cb65c10 None None] Image cache loaded driver 'centralized_db'.
Jun 18 00:41:38.112314 np0000181694 devstack@g-api.service[119582]: DEBUG glance.image_cache.drivers.centralized_db [None req-b978bb59-1e4b-4fb7-ae27-a1de1470c5af None None] Node reference is already recorded, ignoring it {{(pid=119582) configure /opt/stack/glance/glance/image_cache/drivers/centralized_db.py:71}}
Jun 18 00:41:38.114181 np0000181694 devstack@g-api.service[119581]: INFO glance.image_cache [None req-8c34ff14-954c-48c5-8c86-315aed9068b4 None None] Image cache loaded driver 'centralized_db'.
Jun 18 00:41:38.115422 np0000181694 devstack@g-api.service[119584]: DEBUG glance.image_cache.drivers.centralized_db [None req-1b824633-4cfc-4a53-aece-708c8cb65c10 None None] Node reference is already recorded, ignoring it {{(pid=119584) configure /opt/stack/glance/glance/image_cache/drivers/centralized_db.py:71}}
Jun 18 00:41:38.117705 np0000181694 devstack@g-api.service[119582]: INFO glance.api.middleware.cache_manage [None req-b978bb59-1e4b-4fb7-ae27-a1de1470c5af None None] Initialized image cache management middleware
Jun 18 00:41:38.117848 np0000181694 devstack@g-api.service[119582]: INFO glance.image_cache [None req-b978bb59-1e4b-4fb7-ae27-a1de1470c5af None None] Image cache loaded driver 'centralized_db'.
Jun 18 00:41:38.122115 np0000181694 devstack@g-api.service[119584]: DEBUG glance.api.v2.cached_images [None req-1b824633-4cfc-4a53-aece-708c8cb65c10 None None] Started cache worker thread {{(pid=119584) __init__ /opt/stack/glance/glance/api/v2/cached_images.py:69}}
Jun 18 00:41:38.123327 np0000181694 devstack@g-api.service[119584]: INFO glance.image_cache [None req-1b824633-4cfc-4a53-aece-708c8cb65c10 None None] Image cache loaded driver 'centralized_db'.
Jun 18 00:41:38.124591 np0000181694 devstack@g-api.service[119581]: DEBUG glance.image_cache.drivers.centralized_db [None req-8c34ff14-954c-48c5-8c86-315aed9068b4 None None] Node reference is already recorded, ignoring it {{(pid=119581) configure /opt/stack/glance/glance/image_cache/drivers/centralized_db.py:71}}
Jun 18 00:41:38.127830 np0000181694 devstack@g-api.service[119582]: DEBUG glance.image_cache.drivers.centralized_db [None req-b978bb59-1e4b-4fb7-ae27-a1de1470c5af None None] Node reference is already recorded, ignoring it {{(pid=119582) configure /opt/stack/glance/glance/image_cache/drivers/centralized_db.py:71}}
Jun 18 00:41:38.130374 np0000181694 devstack@g-api.service[119581]: DEBUG glance.api.v2.cached_images [None req-8c34ff14-954c-48c5-8c86-315aed9068b4 None None] Started cache worker thread {{(pid=119581) __init__ /opt/stack/glance/glance/api/v2/cached_images.py:69}}
Jun 18 00:41:38.131570 np0000181694 devstack@g-api.service[119581]: INFO glance.image_cache [None req-8c34ff14-954c-48c5-8c86-315aed9068b4 None None] Image cache loaded driver 'centralized_db'.
Jun 18 00:41:38.132347 np0000181694 devstack@g-api.service[119583]: INFO glance.image_cache [None req-1855c3b4-9684-4c56-b65f-5668301e42fd None None] Image cache loaded driver 'centralized_db'.
Jun 18 00:41:38.133941 np0000181694 devstack@g-api.service[119584]: DEBUG glance.image_cache.drivers.centralized_db [None req-1b824633-4cfc-4a53-aece-708c8cb65c10 None None] Node reference is already recorded, ignoring it {{(pid=119584) configure /opt/stack/glance/glance/image_cache/drivers/centralized_db.py:71}}
Jun 18 00:41:38.135598 np0000181694 devstack@g-api.service[119582]: INFO glance.api.middleware.cache [None req-b978bb59-1e4b-4fb7-ae27-a1de1470c5af None None] Initialized image cache middleware
Jun 18 00:41:38.139085 np0000181694 devstack@g-api.service[119584]: INFO glance.api.middleware.cache_manage [None req-1b824633-4cfc-4a53-aece-708c8cb65c10 None None] Initialized image cache management middleware
Jun 18 00:41:38.139201 np0000181694 devstack@g-api.service[119584]: INFO glance.image_cache [None req-1b824633-4cfc-4a53-aece-708c8cb65c10 None None] Image cache loaded driver 'centralized_db'.
Jun 18 00:41:38.144252 np0000181694 devstack@g-api.service[119583]: DEBUG glance.image_cache.drivers.centralized_db [None req-1855c3b4-9684-4c56-b65f-5668301e42fd None None] Node reference is already recorded, ignoring it {{(pid=119583) configure /opt/stack/glance/glance/image_cache/drivers/centralized_db.py:71}}
Jun 18 00:41:38.145349 np0000181694 devstack@g-api.service[119581]: DEBUG glance.image_cache.drivers.centralized_db [None req-8c34ff14-954c-48c5-8c86-315aed9068b4 None None] Node reference is already recorded, ignoring it {{(pid=119581) configure /opt/stack/glance/glance/image_cache/drivers/centralized_db.py:71}}
Jun 18 00:41:38.149410 np0000181694 devstack@g-api.service[119582]: DEBUG glance.common.config [None req-b978bb59-1e4b-4fb7-ae27-a1de1470c5af None None] ******************************************************************************** {{(pid=119582) log_opt_values /opt/stack/data/venv/lib/python3.12/site-packages/oslo_config/cfg.py:3226}}
Jun 18 00:41:38.149598 np0000181694 devstack@g-api.service[119582]: DEBUG glance.common.config [None req-b978bb59-1e4b-4fb7-ae27-a1de1470c5af None None] Configuration options gathered from: {{(pid=119582) log_opt_values /opt/stack/data/venv/lib/python3.12/site-packages/oslo_config/cfg.py:3227}}
Jun 18 00:41:38.150226 np0000181694 devstack@g-api.service[119582]: DEBUG glance.common.config [None req-b978bb59-1e4b-4fb7-ae27-a1de1470c5af None None] command line args: [] {{(pid=119582) log_opt_values /opt/stack/data/venv/lib/python3.12/site-packages/oslo_config/cfg.py:3228}}
Jun 18 00:41:38.150226 np0000181694 devstack@g-api.service[119582]: DEBUG glance.common.config [None req-b978bb59-1e4b-4fb7-ae27-a1de1470c5af None None] config files: ['/etc/glance/glance-image-import.conf', '/etc/glance/glance-api.conf'] {{(pid=119582) log_opt_values /opt/stack/data/venv/lib/python3.12/site-packages/oslo_config/cfg.py:3229}}
Jun 18 00:41:38.150226 np0000181694 devstack@g-api.service[119582]: DEBUG glance.common.config [None req-b978bb59-1e4b-4fb7-ae27-a1de1470c5af None None] ================================================================================ {{(pid=119582) log_opt_values /opt/stack/data/venv/lib/python3.12/site-packages/oslo_config/cfg.py:3234}}
Jun 18 00:41:38.150226 np0000181694 devstack@g-api.service[119582]: DEBUG glance.common.config [None req-b978bb59-1e4b-4fb7-ae27-a1de1470c5af None None] allow_anonymous_access = False {{(pid=119582) log_opt_values /opt/stack/data/venv/lib/python3.12/site-packages/oslo_config/cfg.py:3242}}
Jun 18 00:41:38.150541 np0000181694 devstack@g-api.service[119582]: DEBUG glance.common.config [None req-b978bb59-1e4b-4fb7-ae27-a1de1470c5af None None] api_limit_max = 1000 {{(pid=119582) log_opt_values /opt/stack/data/venv/lib/python3.12/site-packages/oslo_config/cfg.py:3242}}
Jun 18 00:41:38.150541 np0000181694 devstack@g-api.service[119582]: DEBUG glance.common.config [None req-b978bb59-1e4b-4fb7-ae27-a1de1470c5af None None] backlog = 4096 {{(pid=119582) log_opt_values /opt/stack/data/venv/lib/python3.12/site-packages/oslo_config/cfg.py:3242}}
Jun 18 00:41:38.150661 np0000181694 devstack@g-api.service[119582]: DEBUG glance.common.config [None req-b978bb59-1e4b-4fb7-ae27-a1de1470c5af None None] bind_host = 0.0.0.0 {{(pid=119582) log_opt_values /opt/stack/data/venv/lib/python3.12/site-packages/oslo_config/cfg.py:3242}}
Jun 18 00:41:38.150752 np0000181694 devstack@g-api.service[119582]: DEBUG glance.common.config [None req-b978bb59-1e4b-4fb7-ae27-a1de1470c5af None None] bind_port = 19292 {{(pid=119582) log_opt_values /opt/stack/data/venv/lib/python3.12/site-packages/oslo_config/cfg.py:3242}}
Jun 18 00:41:38.150854 np0000181694 devstack@g-api.service[119581]: INFO glance.api.middleware.cache_manage [None req-8c34ff14-954c-48c5-8c86-315aed9068b4 None None] Initialized image cache management middleware
Jun 18 00:41:38.150931 np0000181694 devstack@g-api.service[119582]: DEBUG glance.common.config [None req-b978bb59-1e4b-4fb7-ae27-a1de1470c5af None None] client_socket_timeout = 900 {{(pid=119582) log_opt_values /opt/stack/data/venv/lib/python3.12/site-packages/oslo_config/cfg.py:3242}}
Jun 18 00:41:38.150931 np0000181694 devstack@g-api.service[119582]: DEBUG glance.common.config [None req-b978bb59-1e4b-4fb7-ae27-a1de1470c5af None None] config_dir = [] {{(pid=119582) log_opt_values /opt/stack/data/venv/lib/python3.12/site-packages/oslo_config/cfg.py:3242}}
Jun 18 00:41:38.151060 np0000181694 devstack@g-api.service[119582]: DEBUG glance.common.config [None req-b978bb59-1e4b-4fb7-ae27-a1de1470c5af None None] config_file = ['/etc/glance/glance-image-import.conf', '/etc/glance/glance-api.conf'] {{(pid=119582) log_opt_values /opt/stack/data/venv/lib/python3.12/site-packages/oslo_config/cfg.py:3242}}
Jun 18 00:41:38.151131 np0000181694 devstack@g-api.service[119581]: INFO glance.image_cache [None req-8c34ff14-954c-48c5-8c86-315aed9068b4 None None] Image cache loaded driver 'centralized_db'.
Jun 18 00:41:38.151209 np0000181694 devstack@g-api.service[119582]: DEBUG glance.common.config [None req-b978bb59-1e4b-4fb7-ae27-a1de1470c5af None None] config_source = [] {{(pid=119582) log_opt_values /opt/stack/data/venv/lib/python3.12/site-packages/oslo_config/cfg.py:3242}}
Jun 18 00:41:38.151209 np0000181694 devstack@g-api.service[119582]: DEBUG glance.common.config [None req-b978bb59-1e4b-4fb7-ae27-a1de1470c5af None None] control_exchange = glance {{(pid=119582) log_opt_values /opt/stack/data/venv/lib/python3.12/site-packages/oslo_config/cfg.py:3242}}
Jun 18 00:41:38.151324 np0000181694 devstack@g-api.service[119583]: DEBUG glance.api.v2.cached_images [None req-1855c3b4-9684-4c56-b65f-5668301e42fd None None] Started cache worker thread {{(pid=119583) __init__ /opt/stack/glance/glance/api/v2/cached_images.py:69}}
Jun 18 00:41:38.151399 np0000181694 devstack@g-api.service[119582]: DEBUG glance.common.config [None req-b978bb59-1e4b-4fb7-ae27-a1de1470c5af None None] debug = True {{(pid=119582) log_opt_values /opt/stack/data/venv/lib/python3.12/site-packages/oslo_config/cfg.py:3242}}
Jun 18 00:41:38.151476 np0000181694 devstack@g-api.service[119582]: DEBUG glance.common.config [None req-b978bb59-1e4b-4fb7-ae27-a1de1470c5af None None] default_log_levels = ['amqp=WARN', 'boto=WARN', 'sqlalchemy=WARN', 'suds=INFO', 'oslo.messaging=INFO', 'oslo_messaging=INFO', 'iso8601=WARN', 'requests.packages.urllib3.connectionpool=WARN', 'urllib3.connectionpool=WARN', 'websocket=WARN', 'requests.packages.urllib3.util.retry=WARN', 'urllib3.util.retry=WARN', 'keystonemiddleware=WARN', 'routes.middleware=WARN', 'stevedore=WARN', 'taskflow=WARN', 'keystoneauth=WARN', 'oslo.cache=INFO', 'oslo_policy=INFO', 'dogpile.core.dogpile=INFO'] {{(pid=119582) log_opt_values /opt/stack/data/venv/lib/python3.12/site-packages/oslo_config/cfg.py:3242}}
Jun 18 00:41:38.151661 np0000181694 devstack@g-api.service[119582]: DEBUG glance.common.config [None req-b978bb59-1e4b-4fb7-ae27-a1de1470c5af None None] default_publisher_id = image.localhost {{(pid=119582) log_opt_values /opt/stack/data/venv/lib/python3.12/site-packages/oslo_config/cfg.py:3242}}
Jun 18 00:41:38.151661 np0000181694 devstack@g-api.service[119582]: DEBUG glance.common.config [None req-b978bb59-1e4b-4fb7-ae27-a1de1470c5af None None] delayed_delete = False {{(pid=119582) log_opt_values /opt/stack/data/venv/lib/python3.12/site-packages/oslo_config/cfg.py:3242}}
Jun 18 00:41:38.151830 np0000181694 devstack@g-api.service[119582]: DEBUG glance.common.config [None req-b978bb59-1e4b-4fb7-ae27-a1de1470c5af None None] digest_algorithm = sha256 {{(pid=119582) log_opt_values /opt/stack/data/venv/lib/python3.12/site-packages/oslo_config/cfg.py:3242}}
Jun 18 00:41:38.151898 np0000181694 devstack@g-api.service[119582]: DEBUG glance.common.config [None req-b978bb59-1e4b-4fb7-ae27-a1de1470c5af None None] disabled_notifications = [] {{(pid=119582) log_opt_values /opt/stack/data/venv/lib/python3.12/site-packages/oslo_config/cfg.py:3242}}
Jun 18 00:41:38.151951 np0000181694 devstack@g-api.service[119582]: DEBUG glance.common.config [None req-b978bb59-1e4b-4fb7-ae27-a1de1470c5af None None] do_secure_hash = True {{(pid=119582) log_opt_values /opt/stack/data/venv/lib/python3.12/site-packages/oslo_config/cfg.py:3242}}
Jun 18 00:41:38.152020 np0000181694 devstack@g-api.service[119584]: DEBUG glance.image_cache.drivers.centralized_db [None req-1b824633-4cfc-4a53-aece-708c8cb65c10 None None] Node reference is already recorded, ignoring it {{(pid=119584) configure /opt/stack/glance/glance/image_cache/drivers/centralized_db.py:71}}
Jun 18 00:41:38.152079 np0000181694 devstack@g-api.service[119582]: DEBUG glance.common.config [None req-b978bb59-1e4b-4fb7-ae27-a1de1470c5af None None] enabled_backends = None {{(pid=119582) log_opt_values /opt/stack/data/venv/lib/python3.12/site-packages/oslo_config/cfg.py:3242}}
Jun 18 00:41:38.152228 np0000181694 devstack@g-api.service[119582]: DEBUG glance.common.config [None req-b978bb59-1e4b-4fb7-ae27-a1de1470c5af None None] enabled_import_methods = ['glance-direct', 'web-download', 'copy-image'] {{(pid=119582) log_opt_values /opt/stack/data/venv/lib/python3.12/site-packages/oslo_config/cfg.py:3242}}
Jun 18 00:41:38.152321 np0000181694 devstack@g-api.service[119582]: DEBUG glance.common.config [None req-b978bb59-1e4b-4fb7-ae27-a1de1470c5af None None] hashing_algorithm = sha512 {{(pid=119582) log_opt_values /opt/stack/data/venv/lib/python3.12/site-packages/oslo_config/cfg.py:3242}}
Jun 18 00:41:38.152389 np0000181694 devstack@g-api.service[119583]: INFO glance.image_cache [None req-1855c3b4-9684-4c56-b65f-5668301e42fd None None] Image cache loaded driver 'centralized_db'.
Jun 18 00:41:38.152450 np0000181694 devstack@g-api.service[119582]: DEBUG glance.common.config [None req-b978bb59-1e4b-4fb7-ae27-a1de1470c5af None None] http_keepalive = True {{(pid=119582) log_opt_values /opt/stack/data/venv/lib/python3.12/site-packages/oslo_config/cfg.py:3242}}
Jun 18 00:41:38.152450 np0000181694 devstack@g-api.service[119582]: DEBUG glance.common.config [None req-b978bb59-1e4b-4fb7-ae27-a1de1470c5af None None] http_retries = 3 {{(pid=119582) log_opt_values /opt/stack/data/venv/lib/python3.12/site-packages/oslo_config/cfg.py:3242}}
Jun 18 00:41:38.152604 np0000181694 devstack@g-api.service[119582]: DEBUG glance.common.config [None req-b978bb59-1e4b-4fb7-ae27-a1de1470c5af None None] image_cache_dir = /opt/stack/data/glance/cache/ {{(pid=119582) log_opt_values /opt/stack/data/venv/lib/python3.12/site-packages/oslo_config/cfg.py:3242}}
Jun 18 00:41:38.152694 np0000181694 devstack@g-api.service[119582]: DEBUG glance.common.config [None req-b978bb59-1e4b-4fb7-ae27-a1de1470c5af None None] image_cache_driver = centralized_db {{(pid=119582) log_opt_values /opt/stack/data/venv/lib/python3.12/site-packages/oslo_config/cfg.py:3242}}
Jun 18 00:41:38.152769 np0000181694 devstack@g-api.service[119582]: DEBUG glance.common.config [None req-b978bb59-1e4b-4fb7-ae27-a1de1470c5af None None] image_cache_max_size = 10737418240 {{(pid=119582) log_opt_values /opt/stack/data/venv/lib/python3.12/site-packages/oslo_config/cfg.py:3242}}
Jun 18 00:41:38.152900 np0000181694 devstack@g-api.service[119582]: DEBUG glance.common.config [None req-b978bb59-1e4b-4fb7-ae27-a1de1470c5af None None] image_cache_sqlite_db = cache.db {{(pid=119582) log_opt_values /opt/stack/data/venv/lib/python3.12/site-packages/oslo_config/cfg.py:3242}}
Jun 18 00:41:38.152990 np0000181694 devstack@g-api.service[119582]: DEBUG glance.common.config [None req-b978bb59-1e4b-4fb7-ae27-a1de1470c5af None None] image_cache_stall_time = 86400 {{(pid=119582) log_opt_values /opt/stack/data/venv/lib/python3.12/site-packages/oslo_config/cfg.py:3242}}
Jun 18 00:41:38.153087 np0000181694 devstack@g-api.service[119582]: DEBUG glance.common.config [None req-b978bb59-1e4b-4fb7-ae27-a1de1470c5af None None] image_location_quota = 10 {{(pid=119582) log_opt_values /opt/stack/data/venv/lib/python3.12/site-packages/oslo_config/cfg.py:3242}}
Jun 18 00:41:38.153186 np0000181694 devstack@g-api.service[119582]: DEBUG glance.common.config [None req-b978bb59-1e4b-4fb7-ae27-a1de1470c5af None None] image_member_quota = 128 {{(pid=119582) log_opt_values /opt/stack/data/venv/lib/python3.12/site-packages/oslo_config/cfg.py:3242}}
Jun 18 00:41:38.153308 np0000181694 devstack@g-api.service[119582]: DEBUG glance.common.config [None req-b978bb59-1e4b-4fb7-ae27-a1de1470c5af None None] image_property_quota = 128 {{(pid=119582) log_opt_values /opt/stack/data/venv/lib/python3.12/site-packages/oslo_config/cfg.py:3242}}
Jun 18 00:41:38.153374 np0000181694 devstack@g-api.service[119582]: DEBUG glance.common.config [None req-b978bb59-1e4b-4fb7-ae27-a1de1470c5af None None] image_size_cap = 1099511627776 {{(pid=119582) log_opt_values /opt/stack/data/venv/lib/python3.12/site-packages/oslo_config/cfg.py:3242}}
Jun 18 00:41:38.153477 np0000181694 devstack@g-api.service[119582]: DEBUG glance.common.config [None req-b978bb59-1e4b-4fb7-ae27-a1de1470c5af None None] image_tag_quota = 128 {{(pid=119582) log_opt_values /opt/stack/data/venv/lib/python3.12/site-packages/oslo_config/cfg.py:3242}}
Jun 18 00:41:38.153604 np0000181694 devstack@g-api.service[119582]: DEBUG glance.common.config [None req-b978bb59-1e4b-4fb7-ae27-a1de1470c5af None None] instance_format = [instance: %(uuid)s] {{(pid=119582) log_opt_values /opt/stack/data/venv/lib/python3.12/site-packages/oslo_config/cfg.py:3242}}
Jun 18 00:41:38.153724 np0000181694 devstack@g-api.service[119582]: DEBUG glance.common.config [None req-b978bb59-1e4b-4fb7-ae27-a1de1470c5af None None] instance_uuid_format = [instance: %(uuid)s] {{(pid=119582) log_opt_values /opt/stack/data/venv/lib/python3.12/site-packages/oslo_config/cfg.py:3242}}
Jun 18 00:41:38.153834 np0000181694 devstack@g-api.service[119582]: DEBUG glance.common.config [None req-b978bb59-1e4b-4fb7-ae27-a1de1470c5af None None] limit_param_default = 25 {{(pid=119582) log_opt_values /opt/stack/data/venv/lib/python3.12/site-packages/oslo_config/cfg.py:3242}}
Jun 18 00:41:38.153944 np0000181694 devstack@g-api.service[119582]: DEBUG glance.common.config [None req-b978bb59-1e4b-4fb7-ae27-a1de1470c5af None None] log_color = False {{(pid=119582) log_opt_values /opt/stack/data/venv/lib/python3.12/site-packages/oslo_config/cfg.py:3242}}
Jun 18 00:41:38.154065 np0000181694 devstack@g-api.service[119582]: DEBUG glance.common.config [None req-b978bb59-1e4b-4fb7-ae27-a1de1470c5af None None] log_config_append = None {{(pid=119582) log_opt_values /opt/stack/data/venv/lib/python3.12/site-packages/oslo_config/cfg.py:3242}}
Jun 18 00:41:38.154160 np0000181694 devstack@g-api.service[119582]: DEBUG glance.common.config [None req-b978bb59-1e4b-4fb7-ae27-a1de1470c5af None None] log_date_format = %Y-%m-%d %H:%M:%S {{(pid=119582) log_opt_values /opt/stack/data/venv/lib/python3.12/site-packages/oslo_config/cfg.py:3242}}
Jun 18 00:41:38.154265 np0000181694 devstack@g-api.service[119582]: DEBUG glance.common.config [None req-b978bb59-1e4b-4fb7-ae27-a1de1470c5af None None] log_dir = None {{(pid=119582) log_opt_values /opt/stack/data/venv/lib/python3.12/site-packages/oslo_config/cfg.py:3242}}
Jun 18 00:41:38.154382 np0000181694 devstack@g-api.service[119582]: DEBUG glance.common.config [None req-b978bb59-1e4b-4fb7-ae27-a1de1470c5af None None] log_file = None {{(pid=119582) log_opt_values /opt/stack/data/venv/lib/python3.12/site-packages/oslo_config/cfg.py:3242}}
Jun 18 00:41:38.154457 np0000181694 devstack@g-api.service[119582]: DEBUG glance.common.config [None req-b978bb59-1e4b-4fb7-ae27-a1de1470c5af None None] log_rotate_interval = 1 {{(pid=119582) log_opt_values /opt/stack/data/venv/lib/python3.12/site-packages/oslo_config/cfg.py:3242}}
Jun 18 00:41:38.154589 np0000181694 devstack@g-api.service[119582]: DEBUG glance.common.config [None req-b978bb59-1e4b-4fb7-ae27-a1de1470c5af None None] log_rotate_interval_type = days {{(pid=119582) log_opt_values /opt/stack/data/venv/lib/python3.12/site-packages/oslo_config/cfg.py:3242}}
Jun 18 00:41:38.154699 np0000181694 devstack@g-api.service[119582]: DEBUG glance.common.config [None req-b978bb59-1e4b-4fb7-ae27-a1de1470c5af None None] log_rotation_type = none {{(pid=119582) log_opt_values /opt/stack/data/venv/lib/python3.12/site-packages/oslo_config/cfg.py:3242}}
Jun 18 00:41:38.154772 np0000181694 devstack@g-api.service[119582]: DEBUG glance.common.config [None req-b978bb59-1e4b-4fb7-ae27-a1de1470c5af None None] logging_context_format_string = %(color)s%(levelname)s %(name)s [%(global_request_id)s %(request_id)s %(project_name)s %(user_name)s%(color)s] %(instance)s%(color)s%(message)s {{(pid=119582) log_opt_values /opt/stack/data/venv/lib/python3.12/site-packages/oslo_config/cfg.py:3242}}
Jun 18 00:41:38.154837 np0000181694 devstack@g-api.service[119582]: DEBUG glance.common.config [None req-b978bb59-1e4b-4fb7-ae27-a1de1470c5af None None] logging_debug_format_suffix = {{(pid=%(process)d) %(funcName)s %(pathname)s:%(lineno)d}} {{(pid=119582) log_opt_values /opt/stack/data/venv/lib/python3.12/site-packages/oslo_config/cfg.py:3242}}
Jun 18 00:41:38.154944 np0000181694 devstack@g-api.service[119582]: DEBUG glance.common.config [None req-b978bb59-1e4b-4fb7-ae27-a1de1470c5af None None] logging_default_format_string = %(color)s%(levelname)s %(name)s [-%(color)s] %(instance)s%(color)s%(message)s {{(pid=119582) log_opt_values /opt/stack/data/venv/lib/python3.12/site-packages/oslo_config/cfg.py:3242}}
Jun 18 00:41:38.155182 np0000181694 devstack@g-api.service[119582]: DEBUG glance.common.config [None req-b978bb59-1e4b-4fb7-ae27-a1de1470c5af None None] logging_exception_prefix = ERROR %(name)s %(instance)s {{(pid=119582) log_opt_values /opt/stack/data/venv/lib/python3.12/site-packages/oslo_config/cfg.py:3242}}
Jun 18 00:41:38.155182 np0000181694 devstack@g-api.service[119582]: DEBUG glance.common.config [None req-b978bb59-1e4b-4fb7-ae27-a1de1470c5af None None] logging_user_identity_format = %(user)s %(project)s %(domain)s %(system_scope)s %(user_domain)s %(project_domain)s {{(pid=119582) log_opt_values /opt/stack/data/venv/lib/python3.12/site-packages/oslo_config/cfg.py:3242}}
Jun 18 00:41:38.155330 np0000181694 devstack@g-api.service[119582]: DEBUG glance.common.config [None req-b978bb59-1e4b-4fb7-ae27-a1de1470c5af None None] max_header_line = 16384 {{(pid=119582) log_opt_values /opt/stack/data/venv/lib/python3.12/site-packages/oslo_config/cfg.py:3242}}
Jun 18 00:41:38.155330 np0000181694 devstack@g-api.service[119582]: DEBUG glance.common.config [None req-b978bb59-1e4b-4fb7-ae27-a1de1470c5af None None] max_logfile_count = 30 {{(pid=119582) log_opt_values /opt/stack/data/venv/lib/python3.12/site-packages/oslo_config/cfg.py:3242}}
Jun 18 00:41:38.155544 np0000181694 devstack@g-api.service[119582]: DEBUG glance.common.config [None req-b978bb59-1e4b-4fb7-ae27-a1de1470c5af None None] max_logfile_size_mb = 200 {{(pid=119582) log_opt_values /opt/stack/data/venv/lib/python3.12/site-packages/oslo_config/cfg.py:3242}}
Jun 18 00:41:38.155544 np0000181694 devstack@g-api.service[119582]: DEBUG glance.common.config [None req-b978bb59-1e4b-4fb7-ae27-a1de1470c5af None None] max_request_id_length = 64 {{(pid=119582) log_opt_values /opt/stack/data/venv/lib/python3.12/site-packages/oslo_config/cfg.py:3242}}
Jun 18 00:41:38.155700 np0000181694 devstack@g-api.service[119582]: DEBUG glance.common.config [None req-b978bb59-1e4b-4fb7-ae27-a1de1470c5af None None] metadata_encryption_key = **** {{(pid=119582) log_opt_values /opt/stack/data/venv/lib/python3.12/site-packages/oslo_config/cfg.py:3242}}
Jun 18 00:41:38.155700 np0000181694 devstack@g-api.service[119582]: DEBUG glance.common.config [None req-b978bb59-1e4b-4fb7-ae27-a1de1470c5af None None] node_staging_uri = file:///tmp/staging/ {{(pid=119582) log_opt_values /opt/stack/data/venv/lib/python3.12/site-packages/oslo_config/cfg.py:3242}}
Jun 18 00:41:38.155845 np0000181694 devstack@g-api.service[119582]: DEBUG glance.common.config [None req-b978bb59-1e4b-4fb7-ae27-a1de1470c5af None None] property_protection_file = None {{(pid=119582) log_opt_values /opt/stack/data/venv/lib/python3.12/site-packages/oslo_config/cfg.py:3242}}
Jun 18 00:41:38.155921 np0000181694 devstack@g-api.service[119582]: DEBUG glance.common.config [None req-b978bb59-1e4b-4fb7-ae27-a1de1470c5af None None] property_protection_rule_format = roles {{(pid=119582) log_opt_values /opt/stack/data/venv/lib/python3.12/site-packages/oslo_config/cfg.py:3242}}
Jun 18 00:41:38.156012 np0000181694 devstack@g-api.service[119582]: DEBUG glance.common.config [None req-b978bb59-1e4b-4fb7-ae27-a1de1470c5af None None] public_endpoint = https://199.204.45.169/image {{(pid=119582) log_opt_values /opt/stack/data/venv/lib/python3.12/site-packages/oslo_config/cfg.py:3242}}
Jun 18 00:41:38.156098 np0000181694 devstack@g-api.service[119582]: DEBUG glance.common.config [None req-b978bb59-1e4b-4fb7-ae27-a1de1470c5af None None] publish_errors = False {{(pid=119582) log_opt_values /opt/stack/data/venv/lib/python3.12/site-packages/oslo_config/cfg.py:3242}}
Jun 18 00:41:38.156198 np0000181694 devstack@g-api.service[119582]: DEBUG glance.common.config [None req-b978bb59-1e4b-4fb7-ae27-a1de1470c5af None None] pydev_worker_debug_host = None {{(pid=119582) log_opt_values /opt/stack/data/venv/lib/python3.12/site-packages/oslo_config/cfg.py:3242}}
Jun 18 00:41:38.156301 np0000181694 devstack@g-api.service[119582]: DEBUG glance.common.config [None req-b978bb59-1e4b-4fb7-ae27-a1de1470c5af None None] pydev_worker_debug_port = 5678 {{(pid=119582) log_opt_values /opt/stack/data/venv/lib/python3.12/site-packages/oslo_config/cfg.py:3242}}
Jun 18 00:41:38.156401 np0000181694 devstack@g-api.service[119582]: DEBUG glance.common.config [None req-b978bb59-1e4b-4fb7-ae27-a1de1470c5af None None] rate_limit_burst = 0 {{(pid=119582) log_opt_values /opt/stack/data/venv/lib/python3.12/site-packages/oslo_config/cfg.py:3242}}
Jun 18 00:41:38.156531 np0000181694 devstack@g-api.service[119582]: DEBUG glance.common.config [None req-b978bb59-1e4b-4fb7-ae27-a1de1470c5af None None] rate_limit_except_level = CRITICAL {{(pid=119582) log_opt_values /opt/stack/data/venv/lib/python3.12/site-packages/oslo_config/cfg.py:3242}}
Jun 18 00:41:38.156625 np0000181694 devstack@g-api.service[119582]: DEBUG glance.common.config [None req-b978bb59-1e4b-4fb7-ae27-a1de1470c5af None None] rate_limit_interval = 0 {{(pid=119582) log_opt_values /opt/stack/data/venv/lib/python3.12/site-packages/oslo_config/cfg.py:3242}}
Jun 18 00:41:38.156725 np0000181694 devstack@g-api.service[119582]: DEBUG glance.common.config [None req-b978bb59-1e4b-4fb7-ae27-a1de1470c5af None None] scrub_pool_size = 1 {{(pid=119582) log_opt_values /opt/stack/data/venv/lib/python3.12/site-packages/oslo_config/cfg.py:3242}}
Jun 18 00:41:38.156824 np0000181694 devstack@g-api.service[119582]: DEBUG glance.common.config [None req-b978bb59-1e4b-4fb7-ae27-a1de1470c5af None None] scrub_time = 0 {{(pid=119582) log_opt_values /opt/stack/data/venv/lib/python3.12/site-packages/oslo_config/cfg.py:3242}}
Jun 18 00:41:38.156922 np0000181694 devstack@g-api.service[119582]: DEBUG glance.common.config [None req-b978bb59-1e4b-4fb7-ae27-a1de1470c5af None None] shell_completion = None {{(pid=119582) log_opt_values /opt/stack/data/venv/lib/python3.12/site-packages/oslo_config/cfg.py:3242}}
Jun 18 00:41:38.157029 np0000181694 devstack@g-api.service[119582]: DEBUG glance.common.config [None req-b978bb59-1e4b-4fb7-ae27-a1de1470c5af None None] show_image_direct_url = False {{(pid=119582) log_opt_values /opt/stack/data/venv/lib/python3.12/site-packages/oslo_config/cfg.py:3242}}
Jun 18 00:41:38.157108 np0000181694 devstack@g-api.service[119584]: INFO glance.api.middleware.cache [None req-1b824633-4cfc-4a53-aece-708c8cb65c10 None None] Initialized image cache middleware
Jun 18 00:41:38.157277 np0000181694 devstack@g-api.service[119582]: WARNING oslo_config.cfg [None req-b978bb59-1e4b-4fb7-ae27-a1de1470c5af None None] Deprecated: Option "show_multiple_locations" from group "DEFAULT" is deprecated for removal (Use of this option, deprecated since Newton, is a security risk and will be removed once we figure out a way to satisfy those use cases that currently require it. An earlier announcement that the same functionality can be achieved with greater granularity by using policies is incorrect. You cannot work around this option via policy configuration at the present time, though that is the direction we believe the fix will take. Please keep an eye on the Glance release notes to stay up to date on progress in addressing this issue.). Its value may be silently ignored in the future.
Jun 18 00:41:38.157528 np0000181694 devstack@g-api.service[119582]: DEBUG glance.common.config [None req-b978bb59-1e4b-4fb7-ae27-a1de1470c5af None None] show_multiple_locations = False {{(pid=119582) log_opt_values /opt/stack/data/venv/lib/python3.12/site-packages/oslo_config/cfg.py:3242}}
Jun 18 00:41:38.157528 np0000181694 devstack@g-api.service[119582]: DEBUG glance.common.config [None req-b978bb59-1e4b-4fb7-ae27-a1de1470c5af None None] syslog_log_facility = LOG_USER {{(pid=119582) log_opt_values /opt/stack/data/venv/lib/python3.12/site-packages/oslo_config/cfg.py:3242}}
Jun 18 00:41:38.157691 np0000181694 devstack@g-api.service[119582]: DEBUG glance.common.config [None req-b978bb59-1e4b-4fb7-ae27-a1de1470c5af None None] tcp_keepidle = 600 {{(pid=119582) log_opt_values /opt/stack/data/venv/lib/python3.12/site-packages/oslo_config/cfg.py:3242}}
Jun 18 00:41:38.157762 np0000181694 devstack@g-api.service[119582]: DEBUG glance.common.config [None req-b978bb59-1e4b-4fb7-ae27-a1de1470c5af None None] transport_url = **** {{(pid=119582) log_opt_values /opt/stack/data/venv/lib/python3.12/site-packages/oslo_config/cfg.py:3242}}
Jun 18 00:41:38.157827 np0000181694 devstack@g-api.service[119582]: DEBUG glance.common.config [None req-b978bb59-1e4b-4fb7-ae27-a1de1470c5af None None] use_journal = False {{(pid=119582) log_opt_values /opt/stack/data/venv/lib/python3.12/site-packages/oslo_config/cfg.py:3242}}
Jun 18 00:41:38.157924 np0000181694 devstack@g-api.service[119582]: DEBUG glance.common.config [None req-b978bb59-1e4b-4fb7-ae27-a1de1470c5af None None] use_json = False {{(pid=119582) log_opt_values /opt/stack/data/venv/lib/python3.12/site-packages/oslo_config/cfg.py:3242}}
Jun 18 00:41:38.158029 np0000181694 devstack@g-api.service[119582]: DEBUG glance.common.config [None req-b978bb59-1e4b-4fb7-ae27-a1de1470c5af None None] use_keystone_limits = True {{(pid=119582) log_opt_values /opt/stack/data/venv/lib/python3.12/site-packages/oslo_config/cfg.py:3242}}
Jun 18 00:41:38.158130 np0000181694 devstack@g-api.service[119582]: DEBUG glance.common.config [None req-b978bb59-1e4b-4fb7-ae27-a1de1470c5af None None] use_stderr = False {{(pid=119582) log_opt_values /opt/stack/data/venv/lib/python3.12/site-packages/oslo_config/cfg.py:3242}}
Jun 18 00:41:38.158234 np0000181694 devstack@g-api.service[119582]: DEBUG glance.common.config [None req-b978bb59-1e4b-4fb7-ae27-a1de1470c5af None None] use_syslog = False {{(pid=119582) log_opt_values /opt/stack/data/venv/lib/python3.12/site-packages/oslo_config/cfg.py:3242}}
Jun 18 00:41:38.158339 np0000181694 devstack@g-api.service[119582]: DEBUG glance.common.config [None req-b978bb59-1e4b-4fb7-ae27-a1de1470c5af None None] user_storage_quota = 0 {{(pid=119582) log_opt_values /opt/stack/data/venv/lib/python3.12/site-packages/oslo_config/cfg.py:3242}}
Jun 18 00:41:38.158442 np0000181694 devstack@g-api.service[119582]: DEBUG glance.common.config [None req-b978bb59-1e4b-4fb7-ae27-a1de1470c5af None None] worker_self_reference_url = http://127.0.0.1:60999 {{(pid=119582) log_opt_values /opt/stack/data/venv/lib/python3.12/site-packages/oslo_config/cfg.py:3242}}
Jun 18 00:41:38.158991 np0000181694 devstack@g-api.service[119582]: DEBUG glance.common.config [None req-b978bb59-1e4b-4fb7-ae27-a1de1470c5af None None] workers = None {{(pid=119582) log_opt_values /opt/stack/data/venv/lib/python3.12/site-packages/oslo_config/cfg.py:3242}}
Jun 18 00:41:38.158991 np0000181694 devstack@g-api.service[119582]: DEBUG glance.common.config [None req-b978bb59-1e4b-4fb7-ae27-a1de1470c5af None None] oslo_concurrency.disable_process_locking = False {{(pid=119582) log_opt_values /opt/stack/data/venv/lib/python3.12/site-packages/oslo_config/cfg.py:3253}}
Jun 18 00:41:38.158991 np0000181694 devstack@g-api.service[119582]: DEBUG glance.common.config [None req-b978bb59-1e4b-4fb7-ae27-a1de1470c5af None None] oslo_concurrency.lock_path = /opt/stack/data/glance/locks {{(pid=119582) log_opt_values /opt/stack/data/venv/lib/python3.12/site-packages/oslo_config/cfg.py:3253}}
Jun 18 00:41:38.158991 np0000181694 devstack@g-api.service[119582]: DEBUG glance.common.config [None req-b978bb59-1e4b-4fb7-ae27-a1de1470c5af None None] oslo_middleware.enable_proxy_headers_parsing = False {{(pid=119582) log_opt_values /opt/stack/data/venv/lib/python3.12/site-packages/oslo_config/cfg.py:3253}}
Jun 18 00:41:38.158991 np0000181694 devstack@g-api.service[119582]: DEBUG glance.common.config [None req-b978bb59-1e4b-4fb7-ae27-a1de1470c5af None None] oslo_middleware.http_basic_auth_user_file = /etc/htpasswd {{(pid=119582) log_opt_values /opt/stack/data/venv/lib/python3.12/site-packages/oslo_config/cfg.py:3253}}
Jun 18 00:41:38.159503 np0000181694 devstack@g-api.service[119582]: DEBUG glance.common.config [None req-b978bb59-1e4b-4fb7-ae27-a1de1470c5af None None] paste_deploy.config_file = None {{(pid=119582) log_opt_values /opt/stack/data/venv/lib/python3.12/site-packages/oslo_config/cfg.py:3253}}
Jun 18 00:41:38.159503 np0000181694 devstack@g-api.service[119582]: DEBUG glance.common.config [None req-b978bb59-1e4b-4fb7-ae27-a1de1470c5af None None] paste_deploy.flavor = keystone+cachemanagement {{(pid=119582) log_opt_values /opt/stack/data/venv/lib/python3.12/site-packages/oslo_config/cfg.py:3253}}
Jun 18 00:41:38.159503 np0000181694 devstack@g-api.service[119582]: DEBUG glance.common.config [None req-b978bb59-1e4b-4fb7-ae27-a1de1470c5af None None] image_format.container_formats = ['ami', 'ari', 'aki', 'bare', 'ovf', 'ova', 'docker', 'compressed'] {{(pid=119582) log_opt_values /opt/stack/data/venv/lib/python3.12/site-packages/oslo_config/cfg.py:3253}}
Jun 18 00:41:38.159503 np0000181694 devstack@g-api.service[119582]: DEBUG glance.common.config [None req-b978bb59-1e4b-4fb7-ae27-a1de1470c5af None None] image_format.disk_formats = ['ami', 'ari', 'aki', 'vhd', 'vhdx', 'vmdk', 'raw', 'qcow2', 'vdi', 'iso', 'ploop'] {{(pid=119582) log_opt_values /opt/stack/data/venv/lib/python3.12/site-packages/oslo_config/cfg.py:3253}}
Jun 18 00:41:38.159698 np0000181694 devstack@g-api.service[119582]: DEBUG glance.common.config [None req-b978bb59-1e4b-4fb7-ae27-a1de1470c5af None None] image_format.gpt_safety_checks_nonfatal = [] {{(pid=119582) log_opt_values /opt/stack/data/venv/lib/python3.12/site-packages/oslo_config/cfg.py:3253}}
Jun 18 00:41:38.159698 np0000181694 devstack@g-api.service[119582]: DEBUG glance.common.config [None req-b978bb59-1e4b-4fb7-ae27-a1de1470c5af None None] image_format.require_image_format_match = True {{(pid=119582) log_opt_values /opt/stack/data/venv/lib/python3.12/site-packages/oslo_config/cfg.py:3253}}
Jun 18 00:41:38.159815 np0000181694 devstack@g-api.service[119582]: DEBUG glance.common.config [None req-b978bb59-1e4b-4fb7-ae27-a1de1470c5af None None] image_format.vmdk_allowed_types = ['streamOptimized', 'monolithicSparse'] {{(pid=119582) log_opt_values /opt/stack/data/venv/lib/python3.12/site-packages/oslo_config/cfg.py:3253}}
Jun 18 00:41:38.159928 np0000181694 devstack@g-api.service[119582]: DEBUG glance.common.config [None req-b978bb59-1e4b-4fb7-ae27-a1de1470c5af None None] task.task_executor = taskflow {{(pid=119582) log_opt_values /opt/stack/data/venv/lib/python3.12/site-packages/oslo_config/cfg.py:3253}}
Jun 18 00:41:38.160033 np0000181694 devstack@g-api.service[119582]: DEBUG glance.common.config [None req-b978bb59-1e4b-4fb7-ae27-a1de1470c5af None None] task.task_time_to_live = 48 {{(pid=119582) log_opt_values /opt/stack/data/venv/lib/python3.12/site-packages/oslo_config/cfg.py:3253}}
Jun 18 00:41:38.160132 np0000181694 devstack@g-api.service[119582]: DEBUG glance.common.config [None req-b978bb59-1e4b-4fb7-ae27-a1de1470c5af None None] task.work_dir = None {{(pid=119582) log_opt_values /opt/stack/data/venv/lib/python3.12/site-packages/oslo_config/cfg.py:3253}}
Jun 18 00:41:38.160251 np0000181694 devstack@g-api.service[119582]: DEBUG glance.common.config [None req-b978bb59-1e4b-4fb7-ae27-a1de1470c5af None None] wsgi.python_interpreter = /opt/stack/data/venv/bin/python3 {{(pid=119582) log_opt_values /opt/stack/data/venv/lib/python3.12/site-packages/oslo_config/cfg.py:3253}}
Jun 18 00:41:38.160353 np0000181694 devstack@g-api.service[119582]: DEBUG glance.common.config [None req-b978bb59-1e4b-4fb7-ae27-a1de1470c5af None None] wsgi.task_pool_threads = 16 {{(pid=119582) log_opt_values /opt/stack/data/venv/lib/python3.12/site-packages/oslo_config/cfg.py:3253}}
Jun 18 00:41:38.160476 np0000181694 devstack@g-api.service[119582]: DEBUG glance.common.config [None req-b978bb59-1e4b-4fb7-ae27-a1de1470c5af None None] profiler.connection_string = messaging:// {{(pid=119582) log_opt_values /opt/stack/data/venv/lib/python3.12/site-packages/oslo_config/cfg.py:3253}}
Jun 18 00:41:38.160611 np0000181694 devstack@g-api.service[119582]: DEBUG glance.common.config [None req-b978bb59-1e4b-4fb7-ae27-a1de1470c5af None None] profiler.enabled = False {{(pid=119582) log_opt_values /opt/stack/data/venv/lib/python3.12/site-packages/oslo_config/cfg.py:3253}}
Jun 18 00:41:38.160742 np0000181694 devstack@g-api.service[119582]: DEBUG glance.common.config [None req-b978bb59-1e4b-4fb7-ae27-a1de1470c5af None None] profiler.es_doc_type = notification {{(pid=119582) log_opt_values /opt/stack/data/venv/lib/python3.12/site-packages/oslo_config/cfg.py:3253}}
Jun 18 00:41:38.160817 np0000181694 devstack@g-api.service[119582]: DEBUG glance.common.config [None req-b978bb59-1e4b-4fb7-ae27-a1de1470c5af None None] profiler.es_scroll_size = 10000 {{(pid=119582) log_opt_values /opt/stack/data/venv/lib/python3.12/site-packages/oslo_config/cfg.py:3253}}
Jun 18 00:41:38.160924 np0000181694 devstack@g-api.service[119582]: DEBUG glance.common.config [None req-b978bb59-1e4b-4fb7-ae27-a1de1470c5af None None] profiler.es_scroll_time = 2m {{(pid=119582) log_opt_values /opt/stack/data/venv/lib/python3.12/site-packages/oslo_config/cfg.py:3253}}
Jun 18 00:41:38.161027 np0000181694 devstack@g-api.service[119582]: DEBUG glance.common.config [None req-b978bb59-1e4b-4fb7-ae27-a1de1470c5af None None] profiler.filter_error_trace = False {{(pid=119582) log_opt_values /opt/stack/data/venv/lib/python3.12/site-packages/oslo_config/cfg.py:3253}}
Jun 18 00:41:38.161134 np0000181694 devstack@g-api.service[119582]: DEBUG glance.common.config [None req-b978bb59-1e4b-4fb7-ae27-a1de1470c5af None None] profiler.hmac_keys = **** {{(pid=119582) log_opt_values /opt/stack/data/venv/lib/python3.12/site-packages/oslo_config/cfg.py:3253}}
Jun 18 00:41:38.161243 np0000181694 devstack@g-api.service[119582]: DEBUG glance.common.config [None req-b978bb59-1e4b-4fb7-ae27-a1de1470c5af None None] profiler.sentinel_service_name = mymaster {{(pid=119582) log_opt_values /opt/stack/data/venv/lib/python3.12/site-packages/oslo_config/cfg.py:3253}}
Jun 18 00:41:38.161398 np0000181694 devstack@g-api.service[119582]: DEBUG glance.common.config [None req-b978bb59-1e4b-4fb7-ae27-a1de1470c5af None None] profiler.socket_timeout = 0.1 {{(pid=119582) log_opt_values /opt/stack/data/venv/lib/python3.12/site-packages/oslo_config/cfg.py:3253}}
Jun 18 00:41:38.161529 np0000181694 devstack@g-api.service[119582]: DEBUG glance.common.config [None req-b978bb59-1e4b-4fb7-ae27-a1de1470c5af None None] profiler.trace_requests = False {{(pid=119582) log_opt_values /opt/stack/data/venv/lib/python3.12/site-packages/oslo_config/cfg.py:3253}}
Jun 18 00:41:38.161634 np0000181694 devstack@g-api.service[119582]: DEBUG glance.common.config [None req-b978bb59-1e4b-4fb7-ae27-a1de1470c5af None None] profiler.trace_sqlalchemy = False {{(pid=119582) log_opt_values /opt/stack/data/venv/lib/python3.12/site-packages/oslo_config/cfg.py:3253}}
Jun 18 00:41:38.161748 np0000181694 devstack@g-api.service[119582]: DEBUG glance.common.config [None req-b978bb59-1e4b-4fb7-ae27-a1de1470c5af None None] profiler_jaeger.process_tags = {} {{(pid=119582) log_opt_values /opt/stack/data/venv/lib/python3.12/site-packages/oslo_config/cfg.py:3253}}
Jun 18 00:41:38.161846 np0000181694 devstack@g-api.service[119582]: DEBUG glance.common.config [None req-b978bb59-1e4b-4fb7-ae27-a1de1470c5af None None] profiler_jaeger.service_name_prefix = None {{(pid=119582) log_opt_values /opt/stack/data/venv/lib/python3.12/site-packages/oslo_config/cfg.py:3253}}
Jun 18 00:41:38.161948 np0000181694 devstack@g-api.service[119582]: DEBUG glance.common.config [None req-b978bb59-1e4b-4fb7-ae27-a1de1470c5af None None] profiler_otlp.service_name_prefix = None {{(pid=119582) log_opt_values /opt/stack/data/venv/lib/python3.12/site-packages/oslo_config/cfg.py:3253}}
Jun 18 00:41:38.162059 np0000181694 devstack@g-api.service[119582]: DEBUG glance.common.config [None req-b978bb59-1e4b-4fb7-ae27-a1de1470c5af None None] import_filtering_opts.allowed_hosts = [] {{(pid=119582) log_opt_values /opt/stack/data/venv/lib/python3.12/site-packages/oslo_config/cfg.py:3253}}
Jun 18 00:41:38.162171 np0000181694 devstack@g-api.service[119582]: DEBUG glance.common.config [None req-b978bb59-1e4b-4fb7-ae27-a1de1470c5af None None] import_filtering_opts.allowed_ports = [80, 443] {{(pid=119582) log_opt_values /opt/stack/data/venv/lib/python3.12/site-packages/oslo_config/cfg.py:3253}}
Jun 18 00:41:38.162289 np0000181694 devstack@g-api.service[119582]: DEBUG glance.common.config [None req-b978bb59-1e4b-4fb7-ae27-a1de1470c5af None None] import_filtering_opts.allowed_schemes = ['http', 'https'] {{(pid=119582) log_opt_values /opt/stack/data/venv/lib/python3.12/site-packages/oslo_config/cfg.py:3253}}
Jun 18 00:41:38.162395 np0000181694 devstack@g-api.service[119582]: DEBUG glance.common.config [None req-b978bb59-1e4b-4fb7-ae27-a1de1470c5af None None] import_filtering_opts.disallowed_hosts = [] {{(pid=119582) log_opt_values /opt/stack/data/venv/lib/python3.12/site-packages/oslo_config/cfg.py:3253}}
Jun 18 00:41:38.162503 np0000181694 devstack@g-api.service[119582]: DEBUG glance.common.config [None req-b978bb59-1e4b-4fb7-ae27-a1de1470c5af None None] import_filtering_opts.disallowed_ports = [] {{(pid=119582) log_opt_values /opt/stack/data/venv/lib/python3.12/site-packages/oslo_config/cfg.py:3253}}
Jun 18 00:41:38.162620 np0000181694 devstack@g-api.service[119582]: DEBUG glance.common.config [None req-b978bb59-1e4b-4fb7-ae27-a1de1470c5af None None] import_filtering_opts.disallowed_schemes = [] {{(pid=119582) log_opt_values /opt/stack/data/venv/lib/python3.12/site-packages/oslo_config/cfg.py:3253}}
Jun 18 00:41:38.162727 np0000181694 devstack@g-api.service[119582]: DEBUG glance.common.config [None req-b978bb59-1e4b-4fb7-ae27-a1de1470c5af None None] oslo_messaging_metrics.metrics_buffer_size = 1000 {{(pid=119582) log_opt_values /opt/stack/data/venv/lib/python3.12/site-packages/oslo_config/cfg.py:3253}}
Jun 18 00:41:38.162831 np0000181694 devstack@g-api.service[119582]: DEBUG glance.common.config [None req-b978bb59-1e4b-4fb7-ae27-a1de1470c5af None None] oslo_messaging_metrics.metrics_enabled = False {{(pid=119582) log_opt_values /opt/stack/data/venv/lib/python3.12/site-packages/oslo_config/cfg.py:3253}}
Jun 18 00:41:38.162938 np0000181694 devstack@g-api.service[119582]: DEBUG glance.common.config [None req-b978bb59-1e4b-4fb7-ae27-a1de1470c5af None None] oslo_messaging_metrics.metrics_process_name = {{(pid=119582) log_opt_values /opt/stack/data/venv/lib/python3.12/site-packages/oslo_config/cfg.py:3253}}
Jun 18 00:41:38.163045 np0000181694 devstack@g-api.service[119582]: DEBUG glance.common.config [None req-b978bb59-1e4b-4fb7-ae27-a1de1470c5af None None] oslo_messaging_metrics.metrics_socket_file = /var/tmp/metrics_collector.sock {{(pid=119582) log_opt_values /opt/stack/data/venv/lib/python3.12/site-packages/oslo_config/cfg.py:3253}}
Jun 18 00:41:38.163147 np0000181694 devstack@g-api.service[119582]: DEBUG glance.common.config [None req-b978bb59-1e4b-4fb7-ae27-a1de1470c5af None None] oslo_messaging_metrics.metrics_thread_stop_timeout = 10 {{(pid=119582) log_opt_values /opt/stack/data/venv/lib/python3.12/site-packages/oslo_config/cfg.py:3253}}
Jun 18 00:41:38.163267 np0000181694 devstack@g-api.service[119583]: DEBUG glance.image_cache.drivers.centralized_db [None req-1855c3b4-9684-4c56-b65f-5668301e42fd None None] Node reference is already recorded, ignoring it {{(pid=119583) configure /opt/stack/glance/glance/image_cache/drivers/centralized_db.py:71}}
Jun 18 00:41:38.163318 np0000181694 devstack@g-api.service[119582]: DEBUG glance.common.config [None req-b978bb59-1e4b-4fb7-ae27-a1de1470c5af None None] os_brick.lightos_discovery_client_address = localhost {{(pid=119582) log_opt_values /opt/stack/data/venv/lib/python3.12/site-packages/oslo_config/cfg.py:3253}}
Jun 18 00:41:38.163369 np0000181694 devstack@g-api.service[119581]: DEBUG glance.image_cache.drivers.centralized_db [None req-8c34ff14-954c-48c5-8c86-315aed9068b4 None None] Node reference is already recorded, ignoring it {{(pid=119581) configure /opt/stack/glance/glance/image_cache/drivers/centralized_db.py:71}}
Jun 18 00:41:38.163414 np0000181694 devstack@g-api.service[119582]: DEBUG glance.common.config [None req-b978bb59-1e4b-4fb7-ae27-a1de1470c5af None None] os_brick.lightos_discovery_client_dir_path = /etc/discovery-client/discovery.d/ {{(pid=119582) log_opt_values /opt/stack/data/venv/lib/python3.12/site-packages/oslo_config/cfg.py:3253}}
Jun 18 00:41:38.163548 np0000181694 devstack@g-api.service[119582]: DEBUG glance.common.config [None req-b978bb59-1e4b-4fb7-ae27-a1de1470c5af None None] os_brick.lightos_discovery_client_port = 6060 {{(pid=119582) log_opt_values /opt/stack/data/venv/lib/python3.12/site-packages/oslo_config/cfg.py:3253}}
Jun 18 00:41:38.163664 np0000181694 devstack@g-api.service[119582]: DEBUG glance.common.config [None req-b978bb59-1e4b-4fb7-ae27-a1de1470c5af None None] os_brick.lock_path = /opt/stack/data/os_brick {{(pid=119582) log_opt_values /opt/stack/data/venv/lib/python3.12/site-packages/oslo_config/cfg.py:3253}}
Jun 18 00:41:38.163762 np0000181694 devstack@g-api.service[119582]: DEBUG glance.common.config [None req-b978bb59-1e4b-4fb7-ae27-a1de1470c5af None None] os_brick.wait_mpath_device_attempts = 4 {{(pid=119582) log_opt_values /opt/stack/data/venv/lib/python3.12/site-packages/oslo_config/cfg.py:3253}}
Jun 18 00:41:38.163865 np0000181694 devstack@g-api.service[119582]: DEBUG glance.common.config [None req-b978bb59-1e4b-4fb7-ae27-a1de1470c5af None None] os_brick.wait_mpath_device_interval = 1 {{(pid=119582) log_opt_values /opt/stack/data/venv/lib/python3.12/site-packages/oslo_config/cfg.py:3253}}
Jun 18 00:41:38.163978 np0000181694 devstack@g-api.service[119582]: DEBUG glance.common.config [None req-b978bb59-1e4b-4fb7-ae27-a1de1470c5af None None] privsep_osbrick.capabilities = [21, 2] {{(pid=119582) log_opt_values /opt/stack/data/venv/lib/python3.12/site-packages/oslo_config/cfg.py:3253}}
Jun 18 00:41:38.164078 np0000181694 devstack@g-api.service[119582]: DEBUG glance.common.config [None req-b978bb59-1e4b-4fb7-ae27-a1de1470c5af None None] privsep_osbrick.group = None {{(pid=119582) log_opt_values /opt/stack/data/venv/lib/python3.12/site-packages/oslo_config/cfg.py:3253}}
Jun 18 00:41:38.164180 np0000181694 devstack@g-api.service[119582]: DEBUG glance.common.config [None req-b978bb59-1e4b-4fb7-ae27-a1de1470c5af None None] privsep_osbrick.helper_command = None {{(pid=119582) log_opt_values /opt/stack/data/venv/lib/python3.12/site-packages/oslo_config/cfg.py:3253}}
Jun 18 00:41:38.164288 np0000181694 devstack@g-api.service[119582]: DEBUG glance.common.config [None req-b978bb59-1e4b-4fb7-ae27-a1de1470c5af None None] privsep_osbrick.log_daemon_traceback = False {{(pid=119582) log_opt_values /opt/stack/data/venv/lib/python3.12/site-packages/oslo_config/cfg.py:3253}}
Jun 18 00:41:38.164389 np0000181694 devstack@g-api.service[119582]: DEBUG glance.common.config [None req-b978bb59-1e4b-4fb7-ae27-a1de1470c5af None None] privsep_osbrick.logger_name = brick_privsep_hide_output {{(pid=119582) log_opt_values /opt/stack/data/venv/lib/python3.12/site-packages/oslo_config/cfg.py:3253}}
Jun 18 00:41:38.164494 np0000181694 devstack@g-api.service[119582]: DEBUG glance.common.config [None req-b978bb59-1e4b-4fb7-ae27-a1de1470c5af None None] privsep_osbrick.thread_pool_size = 16 {{(pid=119582) log_opt_values /opt/stack/data/venv/lib/python3.12/site-packages/oslo_config/cfg.py:3253}}
