2026-04-26 03:12:20.422 7 INFO neutron.db.ovn_revision_numbers_db [None req-4a948fbf-2104-4a8d-b517-8f0a951b635a 2fad5902ec8c451bbe0e880105a5f997 2778809a70ec4b2b9ce4ebfe684e40b1 - - default default] Successfully bumped revision number for resource c39db3e4-3fb6-4343-bece-26b957dcdfff (type: ports) to 1 [pid: 7|app: 0|req: 707/1359] 10.0.0.170 () {34 vars in 671 bytes} [Sun Apr 26 03:12:19 2026] POST /v2.0/networks => generated 762 bytes in 1034 msecs (HTTP/1.1 201) 4 headers in 162 bytes (1 switches on core 0) [pid: 8|app: 0|req: 653/1360] 10.0.0.170 () {32 vars in 717 bytes} [Sun Apr 26 03:12:20 2026] GET /v2.0/ports/12ae9aba-2319-4ead-8934-aed3ab4f00a2 => generated 943 bytes in 125 msecs (HTTP/1.1 200) 4 headers in 157 bytes (1 switches on core 0) [pid: 7|app: 0|req: 708/1361] 10.0.0.170 () {32 vars in 643 bytes} [Sun Apr 26 03:12:20 2026] GET /v2.0/ports => generated 3018 bytes in 129 msecs (HTTP/1.1 200) 4 headers in 158 bytes (1 switches on core 0)
2026-04-26 03:12:20.598 8 WARNING neutron.scheduler.dhcp_agent_scheduler [None req-3a038b8d-2ed5-4650-9e9c-d89d231a482d 2fad5902ec8c451bbe0e880105a5f997 2778809a70ec4b2b9ce4ebfe684e40b1 - - default default] No more DHCP agents
2026-04-26 03:12:20.599 8 WARNING neutron.api.rpc.agentnotifiers.dhcp_rpc_agent_api [None req-3a038b8d-2ed5-4650-9e9c-d89d231a482d 2fad5902ec8c451bbe0e880105a5f997 2778809a70ec4b2b9ce4ebfe684e40b1 - - default default] Unable to schedule network 3978e3a0-3fa9-4433-b9b8-8ba04c15d89f: no agents available; will retry on subsequent port and subnet creation events.
2026-04-26 03:12:20.959 7 WARNING neutron.scheduler.dhcp_agent_scheduler [None req-4f69b23e-cb43-43c5-bafb-e5c103cfdba2 16300bf81be0439e9c79c7b45b15a584 5e8dbdc728204628a6731b46a269da9f - - default default] No more DHCP agents
2026-04-26 03:12:20.960 7 WARNING neutron.api.rpc.agentnotifiers.dhcp_rpc_agent_api [None req-4f69b23e-cb43-43c5-bafb-e5c103cfdba2 16300bf81be0439e9c79c7b45b15a584 5e8dbdc728204628a6731b46a269da9f - - default default] Unable to schedule network 5bfbfaa5-cad3-4ca2-b755-fceb75232d65: no agents available; will retry on subsequent port and subnet creation events.
2026-04-26 03:12:21.092 8 INFO neutron.db.ovn_revision_numbers_db [None req-87936022-de99-4452-a03f-04ad5e1ec3cb - - - - - -] Successfully bumped revision number for resource c39db3e4-3fb6-4343-bece-26b957dcdfff (type: ports) to 2
2026-04-26 03:12:21.121 8 INFO neutron.db.ovn_revision_numbers_db [None req-87936022-de99-4452-a03f-04ad5e1ec3cb - - - - - -] Successfully bumped revision number for resource 3b0a5d4e-cab1-4500-93bb-ce20167bedb3 (type: subnets) to 0
2026-04-26 03:12:21.127 7 INFO neutron.db.ovn_revision_numbers_db [None req-4f69b23e-cb43-43c5-bafb-e5c103cfdba2 16300bf81be0439e9c79c7b45b15a584 5e8dbdc728204628a6731b46a269da9f - - default default] Successfully bumped revision number for resource c9620f32-ceec-4f8c-b883-4f5a94940d95 (type: ports) to 1 [pid: 8|app: 0|req: 654/1362] 10.0.0.170 () {34 vars in 669 bytes} [Sun Apr 26 03:12:20 2026] POST /v2.0/subnets => generated 687 bytes in 682 msecs (HTTP/1.1 201) 4 headers in 162 bytes (1 switches on core 0) [pid: 8|app: 0|req: 655/1363] 10.0.0.208 () {34 vars in 990 bytes} [Sun Apr 26 03:12:21 2026] GET /v2.0/ports?device_id=fc4d8eed-b31d-47c9-9b3a-25f06a65b824 => generated 12 bytes in 19 msecs (HTTP/1.1 200) 4 headers in 156 bytes (1 switches on core 0)
2026-04-26 03:12:21.279 8 INFO neutron_taas.services.taas.taas_plugin [None req-96a8a21f-c4ed-44c4-8cb1-4219f60be46e b09f81b40d0f432bb9f25da3ca267ede 4fd4b4583f314f0ab0f15ed0619fb94b - - default default] TaaS: Handle Delete Port: 9766db17-d4b1-4913-a717-b11c73946128
2026-04-26 03:12:21.282 8 INFO neutron_taas.services.taas.tap_mirror_plugin [None req-96a8a21f-c4ed-44c4-8cb1-4219f60be46e b09f81b40d0f432bb9f25da3ca267ede 4fd4b4583f314f0ab0f15ed0619fb94b - - default default] Tap Mirror: Handle Delete Port: 9766db17-d4b1-4913-a717-b11c73946128 [pid: 8|app: 0|req: 656/1364] 10.0.0.170 () {32 vars in 720 bytes} [Sun Apr 26 03:12:21 2026] DELETE /v2.0/ports/9766db17-d4b1-4913-a717-b11c73946128 => generated 0 bytes in 242 msecs (HTTP/1.1 204) 3 headers in 131 bytes (1 switches on core 0)
2026-04-26 03:12:21.843 7 WARNING neutron.scheduler.dhcp_agent_scheduler [None req-4f69b23e-cb43-43c5-bafb-e5c103cfdba2 16300bf81be0439e9c79c7b45b15a584 5e8dbdc728204628a6731b46a269da9f - - default default] No more DHCP agents
2026-04-26 03:12:21.845 7 WARNING neutron.api.rpc.agentnotifiers.dhcp_rpc_agent_api [None req-4f69b23e-cb43-43c5-bafb-e5c103cfdba2 16300bf81be0439e9c79c7b45b15a584 5e8dbdc728204628a6731b46a269da9f - - default default] Unable to schedule network 5bfbfaa5-cad3-4ca2-b755-fceb75232d65: no agents available; will retry on subsequent port and subnet creation events.
2026-04-26 03:12:21.866 8 WARNING neutron.scheduler.dhcp_agent_scheduler [None req-48901f7f-434d-4039-a694-396ba8b8d3c6 2fad5902ec8c451bbe0e880105a5f997 2778809a70ec4b2b9ce4ebfe684e40b1 - - default default] No more DHCP agents
2026-04-26 03:12:21.868 8 WARNING neutron.api.rpc.agentnotifiers.dhcp_rpc_agent_api [None req-48901f7f-434d-4039-a694-396ba8b8d3c6 2fad5902ec8c451bbe0e880105a5f997 2778809a70ec4b2b9ce4ebfe684e40b1 - - default default] Unable to schedule network 9faf1cb3-6f86-413e-84c6-8c86f9e89773: no agents available; will retry on subsequent port and subnet creation events.
2026-04-26 03:12:22.014 8 INFO neutron.db.ovn_revision_numbers_db [None req-48901f7f-434d-4039-a694-396ba8b8d3c6 2fad5902ec8c451bbe0e880105a5f997 2778809a70ec4b2b9ce4ebfe684e40b1 - - default default] Successfully bumped revision number for resource f61909d4-0a5a-4145-8158-9a1f1ccddefc (type: ports) to 1
2026-04-26 03:12:22.133 7 INFO neutron.db.ovn_revision_numbers_db [None req-4f69b23e-cb43-43c5-bafb-e5c103cfdba2 16300bf81be0439e9c79c7b45b15a584 5e8dbdc728204628a6731b46a269da9f - - default default] Successfully bumped revision number for resource c9620f32-ceec-4f8c-b883-4f5a94940d95 (type: router_ports) to 1 [pid: 7|app: 0|req: 709/1365] 10.0.0.170 () {34 vars in 783 bytes} [Sun Apr 26 03:12:20 2026] PUT /v2.0/routers/0f5f5c4a-634e-446c-b2e8-954457189c6c/add_router_interface => generated 309 bytes in 1565 msecs (HTTP/1.1 200) 4 headers in 157 bytes (1 switches on core 0)
2026-04-26 03:12:22.250 7 INFO neutron_taas.services.taas.taas_plugin [None req-eec25a64-697a-4544-bd4c-9c080a0e67b2 b09f81b40d0f432bb9f25da3ca267ede 4fd4b4583f314f0ab0f15ed0619fb94b - - default default] TaaS: Handle Delete Port: db1a8525-f056-4e57-8536-ea85930e079b
2026-04-26 03:12:22.253 7 INFO neutron_taas.services.taas.tap_mirror_plugin [None req-eec25a64-697a-4544-bd4c-9c080a0e67b2 b09f81b40d0f432bb9f25da3ca267ede 4fd4b4583f314f0ab0f15ed0619fb94b - - default default] Tap Mirror: Handle Delete Port: db1a8525-f056-4e57-8536-ea85930e079b [pid: 7|app: 0|req: 710/1366] 10.0.0.170 () {32 vars in 720 bytes} [Sun Apr 26 03:12:22 2026] DELETE /v2.0/ports/db1a8525-f056-4e57-8536-ea85930e079b => generated 0 bytes in 243 msecs (HTTP/1.1 204) 3 headers in 131 bytes (1 switches on core 0) [pid: 7|app: 0|req: 711/1367] 10.0.0.170 () {32 vars in 717 bytes} [Sun Apr 26 03:12:22 2026] GET /v2.0/ports/c9620f32-ceec-4f8c-b883-4f5a94940d95 => generated 941 bytes in 73 msecs (HTTP/1.1 200) 4 headers in 157 bytes (1 switches on core 0) [pid: 7|app: 0|req: 712/1368] 10.0.0.170 () {32 vars in 643 bytes} [Sun Apr 26 03:12:22 2026] GET /v2.0/ports => generated 1523 bytes in 36 msecs (HTTP/1.1 200) 4 headers in 158 bytes (1 switches on core 0) [pid: 7|app: 0|req: 713/1369] 10.0.0.170 () {32 vars in 717 bytes} [Sun Apr 26 03:12:22 2026] GET /v2.0/ports/c9620f32-ceec-4f8c-b883-4f5a94940d95 => generated 941 bytes in 31 msecs (HTTP/1.1 200) 4 headers in 157 bytes (1 switches on core 0)
2026-04-26 03:12:22.614 7 INFO neutron.db.segments_db [None req-97438713-1c2f-4dbd-a83d-794ed2dda719 b09f81b40d0f432bb9f25da3ca267ede 4fd4b4583f314f0ab0f15ed0619fb94b - - default default] Added segment 713775af-99f8-412b-b31a-a715afaa0112 of type geneve for network 634a681b-d86c-45d3-bcf0-005f7744658a
2026-04-26 03:12:22.654 8 INFO neutron.plugins.ml2.drivers.ovn.mech_driver.ovsdb.commands [None req-7c215419-4039-489e-878c-4120bf6fa019 - - - - - -] Schedule LRP lrp-f61909d4-0a5a-4145-8158-9a1f1ccddefc on gateway e05ae1c1-6577-4787-9b5c-369e40b54b24 with priority 1
2026-04-26 03:12:22.726 8 INFO neutron.plugins.ml2.drivers.ovn.mech_driver.ovsdb.ovsdb_monitor [None req-21bf2bd5-6205-454a-9b44-ee71766f050c - - - - - -] Router ff477a91-011a-4d24-90fe-f89ab17eea1f is bound to host instance
2026-04-26 03:12:22.765 7 INFO neutron.db.ovn_revision_numbers_db [None req-97438713-1c2f-4dbd-a83d-794ed2dda719 b09f81b40d0f432bb9f25da3ca267ede 4fd4b4583f314f0ab0f15ed0619fb94b - - default default] Successfully bumped revision number for resource 634a681b-d86c-45d3-bcf0-005f7744658a (type: networks) to 1
2026-04-26 03:12:22.783 8 INFO neutron.db.ovn_revision_numbers_db [None req-48901f7f-434d-4039-a694-396ba8b8d3c6 2fad5902ec8c451bbe0e880105a5f997 2778809a70ec4b2b9ce4ebfe684e40b1 - - default default] Successfully bumped revision number for resource f61909d4-0a5a-4145-8158-9a1f1ccddefc (type: router_ports) to 1
2026-04-26 03:12:22.906 8 INFO neutron.db.ovn_revision_numbers_db [None req-48901f7f-434d-4039-a694-396ba8b8d3c6 2fad5902ec8c451bbe0e880105a5f997 2778809a70ec4b2b9ce4ebfe684e40b1 - - default default] Successfully bumped revision number for resource ff477a91-011a-4d24-90fe-f89ab17eea1f (type: routers) to 2 [pid: 8|app: 0|req: 657/1370] 10.0.0.170 () {34 vars in 669 bytes} [Sun Apr 26 03:12:21 2026] POST /v2.0/routers => generated 965 bytes in 1535 msecs (HTTP/1.1 201) 4 headers in 162 bytes (1 switches on core 0)
2026-04-26 03:12:22.949 7 WARNING neutron.scheduler.dhcp_agent_scheduler [None req-97438713-1c2f-4dbd-a83d-794ed2dda719 b09f81b40d0f432bb9f25da3ca267ede 4fd4b4583f314f0ab0f15ed0619fb94b - - default default] No more DHCP agents
2026-04-26 03:12:22.951 7 WARNING neutron.api.rpc.agentnotifiers.dhcp_rpc_agent_api [None req-97438713-1c2f-4dbd-a83d-794ed2dda719 b09f81b40d0f432bb9f25da3ca267ede 4fd4b4583f314f0ab0f15ed0619fb94b - - default default] Unable to schedule network 634a681b-d86c-45d3-bcf0-005f7744658a: no agents available; will retry on subsequent port and subnet creation events.
2026-04-26 03:12:23.054 7 INFO neutron.db.ovn_revision_numbers_db [None req-97438713-1c2f-4dbd-a83d-794ed2dda719 b09f81b40d0f432bb9f25da3ca267ede 4fd4b4583f314f0ab0f15ed0619fb94b - - default default] Successfully bumped revision number for resource 51f8eb6e-f32e-4df7-87c8-9f57eeef014a (type: ports) to 1 [pid: 7|app: 0|req: 714/1371] 10.0.0.170 () {34 vars in 670 bytes} [Sun Apr 26 03:12:22 2026] POST /v2.0/networks => generated 669 bytes in 558 msecs (HTTP/1.1 201) 4 headers in 162 bytes (1 switches on core 0)
2026-04-26 03:12:23.193 7 INFO neutron.db.segments_db [None req-641bbc8c-9953-42c7-9829-77babe84aa1c b09f81b40d0f432bb9f25da3ca267ede 4fd4b4583f314f0ab0f15ed0619fb94b - - default default] Added segment b27712e2-a831-44e0-bd8a-58be978a3ab6 of type geneve for network c099718e-9902-4f0f-8f77-eb5cabd3b2f0
2026-04-26 03:12:23.356 7 INFO neutron.db.ovn_revision_numbers_db [None req-641bbc8c-9953-42c7-9829-77babe84aa1c b09f81b40d0f432bb9f25da3ca267ede 4fd4b4583f314f0ab0f15ed0619fb94b - - default default] Successfully bumped revision number for resource c099718e-9902-4f0f-8f77-eb5cabd3b2f0 (type: networks) to 1
2026-04-26 03:12:23.574 7 WARNING neutron.scheduler.dhcp_agent_scheduler [None req-641bbc8c-9953-42c7-9829-77babe84aa1c b09f81b40d0f432bb9f25da3ca267ede 4fd4b4583f314f0ab0f15ed0619fb94b - - default default] No more DHCP agents
2026-04-26 03:12:23.576 7 WARNING neutron.api.rpc.agentnotifiers.dhcp_rpc_agent_api [None req-641bbc8c-9953-42c7-9829-77babe84aa1c b09f81b40d0f432bb9f25da3ca267ede 4fd4b4583f314f0ab0f15ed0619fb94b - - default default] Unable to schedule network c099718e-9902-4f0f-8f77-eb5cabd3b2f0: no agents available; will retry on subsequent port and subnet creation events.
2026-04-26 03:12:23.682 7 INFO neutron.db.ovn_revision_numbers_db [None req-641bbc8c-9953-42c7-9829-77babe84aa1c b09f81b40d0f432bb9f25da3ca267ede 4fd4b4583f314f0ab0f15ed0619fb94b - - default default] Successfully bumped revision number for resource ceca48ec-e3ba-4de8-9876-dcfc49ff00af (type: ports) to 1 [pid: 7|app: 0|req: 715/1372] 10.0.0.170 () {34 vars in 670 bytes} [Sun Apr 26 03:12:23 2026] POST /v2.0/networks => generated 669 bytes in 619 msecs (HTTP/1.1 201) 4 headers in 162 bytes (1 switches on core 0)
2026-04-26 03:12:23.961 7 INFO neutron_taas.services.taas.taas_plugin [None req-f3929ebc-9338-4622-80d2-cfb22f0fba39 2fad5902ec8c451bbe0e880105a5f997 2778809a70ec4b2b9ce4ebfe684e40b1 - - default default] TaaS: Handle Delete Port: 056b40fe-b5e6-43cc-84e9-f3672a9c912c
2026-04-26 03:12:23.964 7 INFO neutron_taas.services.taas.tap_mirror_plugin [None req-f3929ebc-9338-4622-80d2-cfb22f0fba39 2fad5902ec8c451bbe0e880105a5f997 2778809a70ec4b2b9ce4ebfe684e40b1 - - default default] Tap Mirror: Handle Delete Port: 056b40fe-b5e6-43cc-84e9-f3672a9c912c [pid: 7|app: 0|req: 716/1373] 10.0.0.170 () {34 vars in 789 bytes} [Sun Apr 26 03:12:23 2026] PUT /v2.0/routers/1ac3631b-f2b4-4838-a69b-0f8bb6490db4/remove_router_interface => generated 309 bytes in 906 msecs (HTTP/1.1 200) 4 headers in 157 bytes (1 switches on core 0) /var/lib/openstack/lib/python3.12/site-packages/pycadf/identifier.py:70: UserWarning: Invalid uuid: neutron. To ensure interoperability, identifiers should be a valid uuid. warnings.warn(('Invalid uuid: %s. To ensure interoperability, ' [pid: 7|app: 0|req: 717/1374] 10.0.0.170 () {32 vars in 717 bytes} [Sun Apr 26 03:12:24 2026] GET /v2.0/ports/c9620f32-ceec-4f8c-b883-4f5a94940d95 => generated 941 bytes in 35 msecs (HTTP/1.1 200) 4 headers in 157 bytes (1 switches on core 0)
2026-04-26 03:12:24.665 8 WARNING neutron.plugins.ml2.drivers.ovn.mech_driver.ovsdb.ovn_client [None req-2955dc9a-46b2-441b-9cc1-08930823e5c0 - - - - - -] No hosting information found for port d6cea111-41d4-433f-ad3b-4ef7f11ea0cd: RuntimeError: No hosting information found for port d6cea111-41d4-433f-ad3b-4ef7f11ea0cd
2026-04-26 03:12:24.917 8 INFO neutron.db.ovn_revision_numbers_db [None req-2955dc9a-46b2-441b-9cc1-08930823e5c0 - - - - - -] Successfully bumped revision number for resource d6cea111-41d4-433f-ad3b-4ef7f11ea0cd (type: router_ports) to 2
2026-04-26 03:12:24.918 8 WARNING neutron.scheduler.dhcp_agent_scheduler [None req-d9c1bd27-d000-42bf-8dca-6aa6f8a6085f 2fad5902ec8c451bbe0e880105a5f997 2778809a70ec4b2b9ce4ebfe684e40b1 - - default default] No more DHCP agents
2026-04-26 03:12:24.919 8 INFO neutron.plugins.ml2.drivers.ovn.mech_driver.mech_driver [None req-2955dc9a-46b2-441b-9cc1-08930823e5c0 - - - - - -] OVN reports status down for port: 24a63ea4-9fec-4593-bb4c-349e6d204ff8
2026-04-26 03:12:24.922 8 WARNING neutron.api.rpc.agentnotifiers.dhcp_rpc_agent_api [None req-d9c1bd27-d000-42bf-8dca-6aa6f8a6085f 2fad5902ec8c451bbe0e880105a5f997 2778809a70ec4b2b9ce4ebfe684e40b1 - - default default] Unable to schedule network 3978e3a0-3fa9-4433-b9b8-8ba04c15d89f: no agents available; will retry on subsequent port and subnet creation events.
2026-04-26 03:12:25.005 7 WARNING neutron.scheduler.dhcp_agent_scheduler [None req-fe00c12a-b98d-41c8-99e5-c901d8e2ca26 b09f81b40d0f432bb9f25da3ca267ede 4fd4b4583f314f0ab0f15ed0619fb94b - - default default] No more DHCP agents
2026-04-26 03:12:25.007 7 WARNING neutron.api.rpc.agentnotifiers.dhcp_rpc_agent_api [None req-fe00c12a-b98d-41c8-99e5-c901d8e2ca26 b09f81b40d0f432bb9f25da3ca267ede 4fd4b4583f314f0ab0f15ed0619fb94b - - default default] Unable to schedule network 634a681b-d86c-45d3-bcf0-005f7744658a: no agents available; will retry on subsequent port and subnet creation events.
2026-04-26 03:12:25.236 7 WARNING neutron.plugins.ml2.drivers.ovn.mech_driver.ovsdb.ovn_client [None req-d038f34c-1a96-4e67-bac5-0601384b0ec7 - - - - - -] No hosting information found for port 12ae9aba-2319-4ead-8934-aed3ab4f00a2: RuntimeError: No hosting information found for port 12ae9aba-2319-4ead-8934-aed3ab4f00a2
2026-04-26 03:12:25.242 7 INFO neutron.plugins.ml2.drivers.ovn.mech_driver.mech_driver [None req-d038f34c-1a96-4e67-bac5-0601384b0ec7 - - - - - -] OVN reports status down for port: be7f7432-5a49-4f9f-b487-be4efe794a8a
2026-04-26 03:12:25.369 8 INFO neutron.plugins.ml2.drivers.ovn.mech_driver.mech_driver [None req-2955dc9a-46b2-441b-9cc1-08930823e5c0 - - - - - -] OVN reports status down for port: 9766db17-d4b1-4913-a717-b11c73946128
2026-04-26 03:12:25.430 8 INFO neutron.db.ovn_revision_numbers_db [None req-d9c1bd27-d000-42bf-8dca-6aa6f8a6085f 2fad5902ec8c451bbe0e880105a5f997 2778809a70ec4b2b9ce4ebfe684e40b1 - - default default] Successfully bumped revision number for resource f61aa15f-a6b5-4db5-8e45-a110c9e061ca (type: ports) to 1
2026-04-26 03:12:25.432 8 INFO neutron.plugins.ml2.drivers.ovn.mech_driver.mech_driver [None req-2955dc9a-46b2-441b-9cc1-08930823e5c0 - - - - - -] OVN reports status down for port: db1a8525-f056-4e57-8536-ea85930e079b
2026-04-26 03:12:25.464 8 INFO neutron.plugins.ml2.drivers.ovn.mech_driver.mech_driver [None req-2955dc9a-46b2-441b-9cc1-08930823e5c0 - - - - - -] OVN reports status down for port: c39db3e4-3fb6-4343-bece-26b957dcdfff
2026-04-26 03:12:25.538 7 INFO neutron.db.ovn_revision_numbers_db [None req-d038f34c-1a96-4e67-bac5-0601384b0ec7 - - - - - -] Successfully bumped revision number for resource 12ae9aba-2319-4ead-8934-aed3ab4f00a2 (type: router_ports) to 2
2026-04-26 03:12:25.620 7 INFO neutron.plugins.ml2.drivers.ovn.mech_driver.mech_driver [None req-d038f34c-1a96-4e67-bac5-0601384b0ec7 - - - - - -] OVN reports status down for port: c9620f32-ceec-4f8c-b883-4f5a94940d95
2026-04-26 03:12:25.749 7 WARNING neutron.plugins.ml2.drivers.ovn.mech_driver.ovsdb.ovn_client [None req-d038f34c-1a96-4e67-bac5-0601384b0ec7 - - - - - -] Logical_Switch_Port %s host information not removed, the port state is up
2026-04-26 03:12:25.751 7 INFO neutron.plugins.ml2.drivers.ovn.mech_driver.mech_driver [None req-d038f34c-1a96-4e67-bac5-0601384b0ec7 - - - - - -] OVN reports status up for port: c9620f32-ceec-4f8c-b883-4f5a94940d95
2026-04-26 03:12:25.783 7 INFO neutron.plugins.ml2.plugin [None req-d038f34c-1a96-4e67-bac5-0601384b0ec7 - - - - - -] Attempt 1 to provision port c9620f32-ceec-4f8c-b883-4f5a94940d95
2026-04-26 03:12:25.817 7 INFO neutron.db.ovn_revision_numbers_db [None req-ec2ee829-1227-49da-ad71-df5ccb53e95b - - - - - -] Successfully bumped revision number for resource 51f8eb6e-f32e-4df7-87c8-9f57eeef014a (type: ports) to 2
2026-04-26 03:12:25.874 7 INFO neutron.db.ovn_revision_numbers_db [None req-ec2ee829-1227-49da-ad71-df5ccb53e95b - - - - - -] Successfully bumped revision number for resource 931b8b72-61c7-4c48-ad93-52547fd28327 (type: subnets) to 0
2026-04-26 03:12:25.963 7 WARNING neutron.scheduler.dhcp_agent_scheduler [None req-fe00c12a-b98d-41c8-99e5-c901d8e2ca26 b09f81b40d0f432bb9f25da3ca267ede 4fd4b4583f314f0ab0f15ed0619fb94b - - default default] No more DHCP agents
2026-04-26 03:12:25.965 7 WARNING neutron.api.rpc.agentnotifiers.dhcp_rpc_agent_api [None req-fe00c12a-b98d-41c8-99e5-c901d8e2ca26 b09f81b40d0f432bb9f25da3ca267ede 4fd4b4583f314f0ab0f15ed0619fb94b - - default default] Unable to schedule network c099718e-9902-4f0f-8f77-eb5cabd3b2f0: no agents available; will retry on subsequent port and subnet creation events.
2026-04-26 03:12:26.005 8 INFO neutron.db.ovn_revision_numbers_db [None req-4adc4843-dcce-4ed7-8d23-032f10e6e5c0 - - - - - -] Successfully bumped revision number for resource f61909d4-0a5a-4145-8158-9a1f1ccddefc (type: ports) to 4
2026-04-26 03:12:26.501 7 INFO neutron.db.ovn_revision_numbers_db [None req-d038f34c-1a96-4e67-bac5-0601384b0ec7 - - - - - -] Successfully bumped revision number for resource c9620f32-ceec-4f8c-b883-4f5a94940d95 (type: ports) to 2
2026-04-26 03:12:26.808 8 INFO neutron.db.ovn_revision_numbers_db [None req-4adc4843-dcce-4ed7-8d23-032f10e6e5c0 - - - - - -] Successfully bumped revision number for resource f61909d4-0a5a-4145-8158-9a1f1ccddefc (type: ports) to 5
2026-04-26 03:12:26.979 7 INFO neutron.db.ovn_revision_numbers_db [None req-61d573da-7c15-4812-8911-de5c471b78b2 - - - - - -] Successfully bumped revision number for resource ceca48ec-e3ba-4de8-9876-dcfc49ff00af (type: ports) to 2
2026-04-26 03:12:27.007 7 INFO neutron.db.ovn_revision_numbers_db [None req-61d573da-7c15-4812-8911-de5c471b78b2 - - - - - -] Successfully bumped revision number for resource b028c60f-098c-42d8-95a5-3f1bf377acb5 (type: subnets) to 0 [pid: 7|app: 0|req: 720/1377] 10.0.0.170 () {34 vars in 669 bytes} [Sun Apr 26 03:12:24 2026] POST /v2.0/subnets => generated 1273 bytes in 2373 msecs (HTTP/1.1 201) 4 headers in 163 bytes (1 switches on core 0)
2026-04-26 03:12:27.059 8 WARNING neutron.scheduler.dhcp_agent_scheduler [None req-d9c1bd27-d000-42bf-8dca-6aa6f8a6085f 2fad5902ec8c451bbe0e880105a5f997 2778809a70ec4b2b9ce4ebfe684e40b1 - - default default] No more DHCP agents
2026-04-26 03:12:27.060 8 WARNING neutron.api.rpc.agentnotifiers.dhcp_rpc_agent_api [None req-d9c1bd27-d000-42bf-8dca-6aa6f8a6085f 2fad5902ec8c451bbe0e880105a5f997 2778809a70ec4b2b9ce4ebfe684e40b1 - - default default] Unable to schedule network 3978e3a0-3fa9-4433-b9b8-8ba04c15d89f: no agents available; will retry on subsequent port and subnet creation events.
2026-04-26 03:12:27.350 7 INFO neutron_taas.services.taas.taas_plugin [None req-796e4eb4-bfa1-4356-b046-88c254e10de0 2fad5902ec8c451bbe0e880105a5f997 2778809a70ec4b2b9ce4ebfe684e40b1 - - default default] TaaS: Handle Delete Port: 7dd38f4d-f7cf-495a-bb4e-06f7ac9e5e75
2026-04-26 03:12:27.353 7 INFO neutron_taas.services.taas.tap_mirror_plugin [None req-796e4eb4-bfa1-4356-b046-88c254e10de0 2fad5902ec8c451bbe0e880105a5f997 2778809a70ec4b2b9ce4ebfe684e40b1 - - default default] Tap Mirror: Handle Delete Port: 7dd38f4d-f7cf-495a-bb4e-06f7ac9e5e75
2026-04-26 03:12:27.555 8 INFO neutron.db.ovn_revision_numbers_db [None req-d9c1bd27-d000-42bf-8dca-6aa6f8a6085f 2fad5902ec8c451bbe0e880105a5f997 2778809a70ec4b2b9ce4ebfe684e40b1 - - default default] Successfully bumped revision number for resource f61aa15f-a6b5-4db5-8e45-a110c9e061ca (type: router_ports) to 1 [pid: 8|app: 0|req: 658/1378] 10.0.0.170 () {34 vars in 783 bytes} [Sun Apr 26 03:12:22 2026] PUT /v2.0/routers/ff477a91-011a-4d24-90fe-f89ab17eea1f/add_router_interface => generated 309 bytes in 4607 msecs (HTTP/1.1 200) 4 headers in 157 bytes (1 switches on core 0) [pid: 8|app: 0|req: 659/1379] 10.0.0.170 () {32 vars in 717 bytes} [Sun Apr 26 03:12:27 2026] GET /v2.0/ports/c9620f32-ceec-4f8c-b883-4f5a94940d95 => generated 943 bytes in 122 msecs (HTTP/1.1 200) 4 headers in 157 bytes (1 switches on core 0) [pid: 8|app: 0|req: 660/1380] 10.0.0.170 () {32 vars in 647 bytes} [Sun Apr 26 03:12:27 2026] GET /v2.0/subnets => generated 1909 bytes in 35 msecs (HTTP/1.1 200) 4 headers in 158 bytes (1 switches on core 0) [pid: 7|app: 0|req: 721/1381] 10.0.0.170 () {32 vars in 724 bytes} [Sun Apr 26 03:12:27 2026] DELETE /v2.0/routers/1ac3631b-f2b4-4838-a69b-0f8bb6490db4 => generated 0 bytes in 875 msecs (HTTP/1.1 204) 2 headers in 112 bytes (1 switches on core 0)
2026-04-26 03:12:28.037 8 INFO neutron_taas.services.taas.taas_plugin [None req-b7723038-4669-45c1-89ac-bcf480b64ca7 16300bf81be0439e9c79c7b45b15a584 5e8dbdc728204628a6731b46a269da9f - - default default] TaaS: Handle Delete Port: c9620f32-ceec-4f8c-b883-4f5a94940d95
2026-04-26 03:12:28.040 8 INFO neutron_taas.services.taas.tap_mirror_plugin [None req-b7723038-4669-45c1-89ac-bcf480b64ca7 16300bf81be0439e9c79c7b45b15a584 5e8dbdc728204628a6731b46a269da9f - - default default] Tap Mirror: Handle Delete Port: c9620f32-ceec-4f8c-b883-4f5a94940d95 [pid: 7|app: 0|req: 722/1382] 10.0.0.170 () {32 vars in 724 bytes} [Sun Apr 26 03:12:27 2026] DELETE /v2.0/subnets/931b8b72-61c7-4c48-ad93-52547fd28327 => generated 0 bytes in 179 msecs (HTTP/1.1 204) 3 headers in 131 bytes (1 switches on core 0) [pid: 7|app: 0|req: 723/1383] 10.0.0.170 () {32 vars in 724 bytes} [Sun Apr 26 03:12:28 2026] DELETE /v2.0/subnets/732f1770-e40e-461e-bdc8-5b65063e8fb9 => generated 0 bytes in 189 msecs (HTTP/1.1 204) 3 headers in 131 bytes (1 switches on core 0) [pid: 8|app: 0|req: 661/1384] 10.0.0.170 () {34 vars in 789 bytes} [Sun Apr 26 03:12:27 2026] PUT /v2.0/routers/0f5f5c4a-634e-446c-b2e8-954457189c6c/remove_router_interface => generated 309 bytes in 667 msecs (HTTP/1.1 200) 4 headers in 157 bytes (1 switches on core 0) /var/lib/openstack/lib/python3.12/site-packages/pycadf/identifier.py:70: UserWarning: Invalid uuid: neutron. To ensure interoperability, identifiers should be a valid uuid. warnings.warn(('Invalid uuid: %s. To ensure interoperability, ' [pid: 7|app: 0|req: 724/1385] 10.0.0.170 () {32 vars in 724 bytes} [Sun Apr 26 03:12:28 2026] DELETE /v2.0/subnets/b028c60f-098c-42d8-95a5-3f1bf377acb5 => generated 0 bytes in 198 msecs (HTTP/1.1 204) 3 headers in 131 bytes (1 switches on core 0)
2026-04-26 03:12:28.546 8 INFO neutron.db.ovn_revision_numbers_db [None req-44c8beb3-ec0d-400a-84ac-6383d15e1d47 804df780824a4b96af06a961e0218d4b 370cce7e4831405c9d68f13dc031565d - - default default] Successfully bumped revision number for resource c89497ec-ce42-4734-b802-2513083c5a2b (type: security_groups) to 1
2026-04-26 03:12:28.557 8 INFO neutron.db.ovn_revision_numbers_db [None req-44c8beb3-ec0d-400a-84ac-6383d15e1d47 804df780824a4b96af06a961e0218d4b 370cce7e4831405c9d68f13dc031565d - - default default] Successfully bumped revision number for resource 1e505324-b6a9-4693-9e39-346d40f283c7 (type: security_group_rules) to 0
2026-04-26 03:12:28.567 8 INFO neutron.db.ovn_revision_numbers_db [None req-44c8beb3-ec0d-400a-84ac-6383d15e1d47 804df780824a4b96af06a961e0218d4b 370cce7e4831405c9d68f13dc031565d - - default default] Successfully bumped revision number for resource e9229fc5-5c3a-473b-84e4-a6dcc3905326 (type: security_group_rules) to 0
2026-04-26 03:12:28.588 7 INFO neutron_taas.services.taas.taas_plugin [None req-8bcdcdbe-8530-4b5f-8d08-0a084e3ce2a6 2fad5902ec8c451bbe0e880105a5f997 2778809a70ec4b2b9ce4ebfe684e40b1 - - default default] TaaS: Handle Delete Port: 53f27889-38d6-4194-9d0a-588be181f2f7
2026-04-26 03:12:28.591 7 INFO neutron_taas.services.taas.tap_mirror_plugin [None req-8bcdcdbe-8530-4b5f-8d08-0a084e3ce2a6 2fad5902ec8c451bbe0e880105a5f997 2778809a70ec4b2b9ce4ebfe684e40b1 - - default default] Tap Mirror: Handle Delete Port: 53f27889-38d6-4194-9d0a-588be181f2f7 [pid: 8|app: 0|req: 662/1386] 10.0.0.170 () {34 vars in 685 bytes} [Sun Apr 26 03:12:28 2026] POST /v2.0/security-groups => generated 1675 bytes in 217 msecs (HTTP/1.1 201) 4 headers in 163 bytes (1 switches on core 0) [pid: 8|app: 0|req: 663/1387] 10.0.0.170 () {32 vars in 717 bytes} [Sun Apr 26 03:12:28 2026] GET /v2.0/ports/12ae9aba-2319-4ead-8934-aed3ab4f00a2 => generated 943 bytes in 87 msecs (HTTP/1.1 200) 4 headers in 157 bytes (1 switches on core 0) [pid: 8|app: 0|req: 664/1388] 10.0.0.170 () {32 vars in 647 bytes} [Sun Apr 26 03:12:28 2026] GET /v2.0/subnets => generated 649 bytes in 40 msecs (HTTP/1.1 200) 4 headers in 157 bytes (1 switches on core 0)
2026-04-26 03:12:28.823 7 INFO neutron.services.segments.plugin [-] Segment 45308e8d-1af6-487a-a06f-78e19f283427 resource provider aggregate not found
2026-04-26 03:12:28.829 7 INFO neutron.services.segments.plugin [-] Segment 45308e8d-1af6-487a-a06f-78e19f283427 resource provider aggregate not found
2026-04-26 03:12:28.846 7 INFO neutron.services.segments.plugin [-] Segment 45308e8d-1af6-487a-a06f-78e19f283427 resource provider not found; error: Placement Client Error (4xx): {"errors": [{"status": 404, "title": "Not Found", "detail": "The resource could not be found.\n\n No resource provider with uuid 45308e8d-1af6-487a-a06f-78e19f283427 found for delete ", "request_id": "req-a0db9d53-e262-4aa6-8cc0-c3a84229b1e9"}]}
2026-04-26 03:12:28.848 7 INFO neutron.services.segments.plugin [-] Segment 45308e8d-1af6-487a-a06f-78e19f283427 resource provider not found; error: Placement Client Error (4xx): {"errors": [{"status": 404, "title": "Not Found", "detail": "The resource could not be found.\n\n No resource provider with uuid 45308e8d-1af6-487a-a06f-78e19f283427 found for delete ", "request_id": "req-17cf5879-0f6a-464e-8cf0-46d20df64347"}]}
2026-04-26 03:12:28.866 8 INFO neutron.db.ovn_revision_numbers_db [None req-eee66629-d5cb-4664-a38c-63a593cc7efd 804df780824a4b96af06a961e0218d4b 370cce7e4831405c9d68f13dc031565d - - default default] Successfully bumped revision number for resource eab0d70a-9716-4cec-873b-3c409a8c9b79 (type: security_group_rules) to 0 [pid: 7|app: 0|req: 725/1389] 10.0.0.170 () {32 vars in 726 bytes} [Sun Apr 26 03:12:28 2026] DELETE /v2.0/networks/b48af884-33a9-4fe3-81cf-3cf771c627b4 => generated 0 bytes in 401 msecs (HTTP/1.1 204) 3 headers in 131 bytes (1 switches on core 0) [pid: 8|app: 0|req: 665/1390] 10.0.0.170 () {34 vars in 695 bytes} [Sun Apr 26 03:12:28 2026] POST /v2.0/security-group-rules => generated 597 bytes in 170 msecs (HTTP/1.1 201) 4 headers in 162 bytes (1 switches on core 0)
2026-04-26 03:12:29.041 8 INFO neutron_taas.services.taas.taas_plugin [None req-c220f798-7508-465f-afc8-18634ec08cbf b09f81b40d0f432bb9f25da3ca267ede 4fd4b4583f314f0ab0f15ed0619fb94b - - default default] TaaS: Handle Delete Port: ceca48ec-e3ba-4de8-9876-dcfc49ff00af
2026-04-26 03:12:29.044 8 INFO neutron_taas.services.taas.tap_mirror_plugin [None req-c220f798-7508-465f-afc8-18634ec08cbf b09f81b40d0f432bb9f25da3ca267ede 4fd4b4583f314f0ab0f15ed0619fb94b - - default default] Tap Mirror: Handle Delete Port: ceca48ec-e3ba-4de8-9876-dcfc49ff00af
2026-04-26 03:12:29.106 7 INFO neutron_taas.services.taas.taas_plugin [None req-5ed7b09c-3a75-488e-89e8-11a08cb22ed1 16300bf81be0439e9c79c7b45b15a584 5e8dbdc728204628a6731b46a269da9f - - default default] TaaS: Handle Delete Port: 12ae9aba-2319-4ead-8934-aed3ab4f00a2
2026-04-26 03:12:29.110 7 INFO neutron_taas.services.taas.tap_mirror_plugin [None req-5ed7b09c-3a75-488e-89e8-11a08cb22ed1 16300bf81be0439e9c79c7b45b15a584 5e8dbdc728204628a6731b46a269da9f - - default default] Tap Mirror: Handle Delete Port: 12ae9aba-2319-4ead-8934-aed3ab4f00a2
2026-04-26 03:12:29.228 8 INFO neutron.services.segments.plugin [-] Segment b27712e2-a831-44e0-bd8a-58be978a3ab6 resource provider aggregate not found
2026-04-26 03:12:29.235 8 INFO neutron.services.segments.plugin [-] Segment b27712e2-a831-44e0-bd8a-58be978a3ab6 resource provider aggregate not found
2026-04-26 03:12:29.247 8 INFO neutron.services.segments.plugin [-] Segment b27712e2-a831-44e0-bd8a-58be978a3ab6 resource provider not found; error: Placement Client Error (4xx): {"errors": [{"status": 404, "title": "Not Found", "detail": "The resource could not be found.\n\n No resource provider with uuid b27712e2-a831-44e0-bd8a-58be978a3ab6 found for delete ", "request_id": "req-c199a847-5eb3-4606-b436-ecf22730d7d6"}]}
2026-04-26 03:12:29.254 8 INFO neutron.services.segments.plugin [-] Segment b27712e2-a831-44e0-bd8a-58be978a3ab6 resource provider not found; error: Placement Client Error (4xx): {"errors": [{"status": 404, "title": "Not Found", "detail": "The resource could not be found.\n\n No resource provider with uuid b27712e2-a831-44e0-bd8a-58be978a3ab6 found for delete ", "request_id": "req-75660789-de10-46b8-84f8-8406c859d66f"}]} [pid: 8|app: 0|req: 666/1391] 10.0.0.170 () {32 vars in 726 bytes} [Sun Apr 26 03:12:28 2026] DELETE /v2.0/networks/c099718e-9902-4f0f-8f77-eb5cabd3b2f0 => generated 0 bytes in 387 msecs (HTTP/1.1 204) 3 headers in 131 bytes (1 switches on core 0)
2026-04-26 03:12:29.434 8 INFO neutron.db.ovn_revision_numbers_db [None req-998db9c9-69f5-49aa-9386-a91321cc86d2 804df780824a4b96af06a961e0218d4b 370cce7e4831405c9d68f13dc031565d - - default default] Successfully bumped revision number for resource 1f24cef6-ea9c-4b21-83c1-f87d87ca33ad (type: security_group_rules) to 0 [pid: 8|app: 0|req: 667/1392] 10.0.0.170 () {34 vars in 695 bytes} [Sun Apr 26 03:12:29 2026] POST /v2.0/security-group-rules => generated 596 bytes in 173 msecs (HTTP/1.1 201) 4 headers in 162 bytes (1 switches on core 0) [pid: 8|app: 0|req: 668/1393] 10.0.0.170 () {32 vars in 774 bytes} [Sun Apr 26 03:12:29 2026] GET /v2.0/security-groups?tenant_id=94fb679441e04fd7809d8e222d218aae&name=default => generated 2925 bytes in 29 msecs (HTTP/1.1 200) 4 headers in 158 bytes (1 switches on core 0) [pid: 7|app: 0|req: 726/1394] 10.0.0.170 () {34 vars in 789 bytes} [Sun Apr 26 03:12:28 2026] PUT /v2.0/routers/0f5f5c4a-634e-446c-b2e8-954457189c6c/remove_router_interface => generated 309 bytes in 672 msecs (HTTP/1.1 200) 4 headers in 157 bytes (1 switches on core 0) /var/lib/openstack/lib/python3.12/site-packages/pycadf/identifier.py:70: UserWarning: Invalid uuid: neutron. To ensure interoperability, identifiers should be a valid uuid. warnings.warn(('Invalid uuid: %s. To ensure interoperability, '
2026-04-26 03:12:29.637 8 INFO neutron_taas.services.taas.taas_plugin [None req-ecb168da-ae67-490a-a9ef-49f6f96d3104 b09f81b40d0f432bb9f25da3ca267ede 4fd4b4583f314f0ab0f15ed0619fb94b - - default default] TaaS: Handle Delete Port: 51f8eb6e-f32e-4df7-87c8-9f57eeef014a
2026-04-26 03:12:29.643 8 INFO neutron_taas.services.taas.tap_mirror_plugin [None req-ecb168da-ae67-490a-a9ef-49f6f96d3104 b09f81b40d0f432bb9f25da3ca267ede 4fd4b4583f314f0ab0f15ed0619fb94b - - default default] Tap Mirror: Handle Delete Port: 51f8eb6e-f32e-4df7-87c8-9f57eeef014a
2026-04-26 03:12:29.698 7 INFO neutron.db.ovn_revision_numbers_db [None req-c2f83dce-6381-4512-a952-6a7ff4913c3b 804df780824a4b96af06a961e0218d4b 370cce7e4831405c9d68f13dc031565d - - default default] Successfully bumped revision number for resource 9876b028-9ac5-4d86-82ff-2ed9608b19cb (type: security_group_rules) to 0 [pid: 7|app: 0|req: 727/1395] 10.0.0.170 () {34 vars in 695 bytes} [Sun Apr 26 03:12:29 2026] POST /v2.0/security-group-rules => generated 602 bytes in 186 msecs (HTTP/1.1 201) 4 headers in 162 bytes (1 switches on core 0) [pid: 8|app: 0|req: 669/1396] 10.0.0.170 () {32 vars in 726 bytes} [Sun Apr 26 03:12:29 2026] DELETE /v2.0/networks/634a681b-d86c-45d3-bcf0-005f7744658a => generated 0 bytes in 387 msecs (HTTP/1.1 204) 3 headers in 131 bytes (1 switches on core 0) [pid: 8|app: 0|req: 670/1397] 10.0.0.170 () {32 vars in 736 bytes} [Sun Apr 26 03:12:29 2026] GET /v2.0/ports?device_id=0f5f5c4a-634e-446c-b2e8-954457189c6c => generated 12 bytes in 28 msecs (HTTP/1.1 200) 4 headers in 156 bytes (1 switches on core 0) [pid: 7|app: 0|req: 728/1398] 10.0.0.170 () {32 vars in 740 bytes} [Sun Apr 26 03:12:29 2026] DELETE /v2.0/security-groups/9cfb2a57-7c08-4c78-9d3e-99e1f04698d6 => generated 0 bytes in 245 msecs (HTTP/1.1 204) 2 headers in 112 bytes (1 switches on core 0)
2026-04-26 03:12:30.065 8 INFO neutron.db.ovn_revision_numbers_db [None req-0581c475-2313-4533-8acd-011a5eae1841 804df780824a4b96af06a961e0218d4b 370cce7e4831405c9d68f13dc031565d - - default default] Successfully bumped revision number for resource 665e4c00-d935-45f9-bf0c-2b7efae706e2 (type: security_group_rules) to 0
2026-04-26 03:12:30.103 7 INFO neutron_taas.services.taas.taas_plugin [None req-6c68e8ab-bc6c-44dc-8e17-557027acf279 b09f81b40d0f432bb9f25da3ca267ede 4fd4b4583f314f0ab0f15ed0619fb94b - - default default] TaaS: Handle Delete Port: be7f7432-5a49-4f9f-b487-be4efe794a8a [pid: 8|app: 0|req: 671/1399] 10.0.0.170 () {34 vars in 695 bytes} [Sun Apr 26 03:12:29 2026] POST /v2.0/security-group-rules => generated 601 bytes in 194 msecs (HTTP/1.1 201) 4 headers in 162 bytes (1 switches on core 0)
2026-04-26 03:12:30.106 7 INFO neutron_taas.services.taas.tap_mirror_plugin [None req-6c68e8ab-bc6c-44dc-8e17-557027acf279 b09f81b40d0f432bb9f25da3ca267ede 4fd4b4583f314f0ab0f15ed0619fb94b - - default default] Tap Mirror: Handle Delete Port: be7f7432-5a49-4f9f-b487-be4efe794a8a [pid: 8|app: 0|req: 672/1400] 10.0.0.170 () {32 vars in 724 bytes} [Sun Apr 26 03:12:30 2026] DELETE /v2.0/routers/0f5f5c4a-634e-446c-b2e8-954457189c6c => generated 0 bytes in 201 msecs (HTTP/1.1 204) 2 headers in 112 bytes (1 switches on core 0) [pid: 7|app: 0|req: 729/1401] 10.0.0.170 () {32 vars in 726 bytes} [Sun Apr 26 03:12:29 2026] DELETE /v2.0/networks/a5b2e6bf-db12-499b-af77-29e59cb137a2 => generated 0 bytes in 366 msecs (HTTP/1.1 204) 3 headers in 131 bytes (1 switches on core 0)
2026-04-26 03:12:30.355 8 INFO neutron.db.securitygroups_db [None req-f0267e52-475c-4801-8f48-d0a23a457103 804df780824a4b96af06a961e0218d4b 370cce7e4831405c9d68f13dc031565d - - default default] Project 370cce7e4831405c9d68f13dc031565d added a security group rule with legacy IPv6 ICMP protocol name icmp, ipv6-icmp should be used instead. It was automatically converted.
2026-04-26 03:12:30.470 8 INFO neutron.db.ovn_revision_numbers_db [None req-f0267e52-475c-4801-8f48-d0a23a457103 804df780824a4b96af06a961e0218d4b 370cce7e4831405c9d68f13dc031565d - - default default] Successfully bumped revision number for resource 3b80b54c-2345-4031-9884-6a958358ab9c (type: security_group_rules) to 0 [pid: 8|app: 0|req: 673/1402] 10.0.0.170 () {34 vars in 695 bytes} [Sun Apr 26 03:12:30 2026] POST /v2.0/security-group-rules => generated 607 bytes in 188 msecs (HTTP/1.1 201) 4 headers in 162 bytes (1 switches on core 0) [pid: 7|app: 0|req: 730/1403] 10.0.0.170 () {32 vars in 724 bytes} [Sun Apr 26 03:12:30 2026] DELETE /v2.0/subnets/17d93f39-4add-4b9a-86bd-d5830bba5f2a => generated 0 bytes in 192 msecs (HTTP/1.1 204) 3 headers in 131 bytes (1 switches on core 0)
2026-04-26 03:12:30.574 7 INFO neutron.db.securitygroups_db [None req-4acd4bf4-b50c-438d-98da-7ceea9138817 804df780824a4b96af06a961e0218d4b 370cce7e4831405c9d68f13dc031565d - - default default] Project 370cce7e4831405c9d68f13dc031565d added a security group rule with legacy IPv6 ICMP protocol name icmp, ipv6-icmp should be used instead. It was automatically converted.
2026-04-26 03:12:30.618 8 INFO neutron_taas.services.taas.taas_plugin [None req-00682386-ba93-4150-a772-833a5696d91f b09f81b40d0f432bb9f25da3ca267ede 4fd4b4583f314f0ab0f15ed0619fb94b - - default default] TaaS: Handle Delete Port: 24a63ea4-9fec-4593-bb4c-349e6d204ff8
2026-04-26 03:12:30.621 8 INFO neutron_taas.services.taas.tap_mirror_plugin [None req-00682386-ba93-4150-a772-833a5696d91f b09f81b40d0f432bb9f25da3ca267ede 4fd4b4583f314f0ab0f15ed0619fb94b - - default default] Tap Mirror: Handle Delete Port: 24a63ea4-9fec-4593-bb4c-349e6d204ff8
2026-04-26 03:12:30.692 7 INFO neutron.db.ovn_revision_numbers_db [None req-4acd4bf4-b50c-438d-98da-7ceea9138817 804df780824a4b96af06a961e0218d4b 370cce7e4831405c9d68f13dc031565d - - default default] Successfully bumped revision number for resource 7b195a27-40d5-46fd-afaf-ad75fe904e83 (type: security_group_rules) to 0 [pid: 7|app: 0|req: 731/1404] 10.0.0.170 () {34 vars in 695 bytes} [Sun Apr 26 03:12:30 2026] POST /v2.0/security-group-rules => generated 606 bytes in 201 msecs (HTTP/1.1 201) 4 headers in 162 bytes (1 switches on core 0)
2026-04-26 03:12:30.881 7 INFO neutron.services.segments.plugin [-] Segment f0e2b4e2-770a-4744-9482-d559b18df2ee resource provider aggregate not found [pid: 8|app: 0|req: 674/1405] 10.0.0.170 () {32 vars in 726 bytes} [Sun Apr 26 03:12:30 2026] DELETE /v2.0/networks/81f186cc-fefb-494c-b559-605b8759c561 => generated 0 bytes in 390 msecs (HTTP/1.1 204) 3 headers in 131 bytes (1 switches on core 0)
2026-04-26 03:12:30.893 7 INFO neutron.services.segments.plugin [-] Segment f0e2b4e2-770a-4744-9482-d559b18df2ee resource provider aggregate not found
2026-04-26 03:12:30.914 7 INFO neutron.services.segments.plugin [-] Segment f0e2b4e2-770a-4744-9482-d559b18df2ee resource provider not found; error: Placement Client Error (4xx): {"errors": [{"status": 404, "title": "Not Found", "detail": "The resource could not be found.\n\n No resource provider with uuid f0e2b4e2-770a-4744-9482-d559b18df2ee found for delete ", "request_id": "req-df724a78-f5ac-450a-8672-7f11abd0522c"}]}
2026-04-26 03:12:30.918 7 INFO neutron.services.segments.plugin [-] Segment f0e2b4e2-770a-4744-9482-d559b18df2ee resource provider not found; error: Placement Client Error (4xx): {"errors": [{"status": 404, "title": "Not Found", "detail": "The resource could not be found.\n\n No resource provider with uuid f0e2b4e2-770a-4744-9482-d559b18df2ee found for delete ", "request_id": "req-a309c6e3-ecab-486b-b1d2-10563272d8aa"}]} [pid: 7|app: 0|req: 732/1406] 10.0.0.170 () {32 vars in 724 bytes} [Sun Apr 26 03:12:30 2026] DELETE /v2.0/subnets/ff88c07d-1c68-48aa-9d18-740dcc0197cb => generated 0 bytes in 250 msecs (HTTP/1.1 204) 3 headers in 131 bytes (1 switches on core 0)
2026-04-26 03:12:31.120 8 INFO neutron_taas.services.taas.taas_plugin [None req-e1d00eb0-2838-4bf2-8b92-010b0ac143f2 16300bf81be0439e9c79c7b45b15a584 5e8dbdc728204628a6731b46a269da9f - - default default] TaaS: Handle Delete Port: 68ad0b57-1862-487a-9f8f-fbc009ad8588
2026-04-26 03:12:31.123 8 INFO neutron_taas.services.taas.tap_mirror_plugin [None req-e1d00eb0-2838-4bf2-8b92-010b0ac143f2 16300bf81be0439e9c79c7b45b15a584 5e8dbdc728204628a6731b46a269da9f - - default default] Tap Mirror: Handle Delete Port: 68ad0b57-1862-487a-9f8f-fbc009ad8588
2026-04-26 03:12:31.273 8 INFO neutron.services.segments.plugin [-] Segment 713775af-99f8-412b-b31a-a715afaa0112 resource provider aggregate not found
2026-04-26 03:12:31.279 8 INFO neutron.services.segments.plugin [-] Segment 713775af-99f8-412b-b31a-a715afaa0112 resource provider aggregate not found
2026-04-26 03:12:31.302 8 INFO neutron.services.segments.plugin [-] Segment 713775af-99f8-412b-b31a-a715afaa0112 resource provider not found; error: Placement Client Error (4xx): {"errors": [{"status": 404, "title": "Not Found", "detail": "The resource could not be found.\n\n No resource provider with uuid 713775af-99f8-412b-b31a-a715afaa0112 found for delete ", "request_id": "req-6c7452e8-71a4-4f19-86b7-781f0b36e05e"}]}
2026-04-26 03:12:31.309 8 INFO neutron.services.segments.plugin [-] Segment 713775af-99f8-412b-b31a-a715afaa0112 resource provider not found; error: Placement Client Error (4xx): {"errors": [{"status": 404, "title": "Not Found", "detail": "The resource could not be found.\n\n No resource provider with uuid 713775af-99f8-412b-b31a-a715afaa0112 found for delete ", "request_id": "req-099b1043-9d9e-42da-a6a0-f2b0dfb30c0c"}]}
2026-04-26 03:12:31.320 8 INFO neutron.services.segments.plugin [-] Segment f42a1356-916b-4ced-b2f4-3b325a4aa4dc resource provider aggregate not found
2026-04-26 03:12:31.327 8 INFO neutron.services.segments.plugin [-] Segment f42a1356-916b-4ced-b2f4-3b325a4aa4dc resource provider aggregate not found
2026-04-26 03:12:31.356 8 INFO neutron.services.segments.plugin [-] Segment f42a1356-916b-4ced-b2f4-3b325a4aa4dc resource provider not found; error: Placement Client Error (4xx): {"errors": [{"status": 404, "title": "Not Found", "detail": "The resource could not be found.\n\n No resource provider with uuid f42a1356-916b-4ced-b2f4-3b325a4aa4dc found for delete ", "request_id": "req-f0ee17e2-26be-411e-abe4-9ac903b3d066"}]}
2026-04-26 03:12:31.357 7 INFO neutron.db.ovn_revision_numbers_db [None req-10b187e1-f2f9-4cde-bb01-7766de69b15c 804df780824a4b96af06a961e0218d4b 370cce7e4831405c9d68f13dc031565d - - default default] Successfully bumped revision number for resource 0895b075-7303-43e3-a9ae-6501103d57c8 (type: security_groups) to 1
2026-04-26 03:12:31.359 8 INFO neutron.services.segments.plugin [-] Segment f42a1356-916b-4ced-b2f4-3b325a4aa4dc resource provider not found; error: Placement Client Error (4xx): {"errors": [{"status": 404, "title": "Not Found", "detail": "The resource could not be found.\n\n No resource provider with uuid f42a1356-916b-4ced-b2f4-3b325a4aa4dc found for delete ", "request_id": "req-60db9374-e05c-4219-b4df-3773e59bb71e"}]}
2026-04-26 03:12:31.371 7 INFO neutron.db.ovn_revision_numbers_db [None req-10b187e1-f2f9-4cde-bb01-7766de69b15c 804df780824a4b96af06a961e0218d4b 370cce7e4831405c9d68f13dc031565d - - default default] Successfully bumped revision number for resource 1c48400b-264e-43b8-8f7e-2f4a52c95c25 (type: security_group_rules) to 0
2026-04-26 03:12:31.389 7 INFO neutron.db.ovn_revision_numbers_db [None req-10b187e1-f2f9-4cde-bb01-7766de69b15c 804df780824a4b96af06a961e0218d4b 370cce7e4831405c9d68f13dc031565d - - default default] Successfully bumped revision number for resource ca2c6ffd-92c1-4020-a4a5-0eb55cfed74e (type: security_group_rules) to 0 [pid: 8|app: 0|req: 675/1407] 10.0.0.170 () {32 vars in 726 bytes} [Sun Apr 26 03:12:31 2026] DELETE /v2.0/networks/5bfbfaa5-cad3-4ca2-b755-fceb75232d65 => generated 0 bytes in 421 msecs (HTTP/1.1 204) 3 headers in 131 bytes (1 switches on core 0) [pid: 7|app: 0|req: 733/1408] 10.0.0.170 () {34 vars in 685 bytes} [Sun Apr 26 03:12:31 2026] POST /v2.0/security-groups => generated 1658 bytes in 254 msecs (HTTP/1.1 201) 4 headers in 163 bytes (1 switches on core 0)
2026-04-26 03:12:31.561 7 INFO neutron_taas.services.taas.taas_plugin [None req-da3e4e31-d06f-44fb-9ba6-4e3567061b89 16300bf81be0439e9c79c7b45b15a584 5e8dbdc728204628a6731b46a269da9f - - default default] TaaS: Handle Delete Port: 9e14fefa-edaf-4b7b-ad01-287a2737c2a4
2026-04-26 03:12:31.563 7 INFO neutron_taas.services.taas.tap_mirror_plugin [None req-da3e4e31-d06f-44fb-9ba6-4e3567061b89 16300bf81be0439e9c79c7b45b15a584 5e8dbdc728204628a6731b46a269da9f - - default default] Tap Mirror: Handle Delete Port: 9e14fefa-edaf-4b7b-ad01-287a2737c2a4 [pid: 8|app: 0|req: 676/1409] 10.0.0.170 () {32 vars in 774 bytes} [Sun Apr 26 03:12:31 2026] GET /v2.0/security-groups?tenant_id=4fd4b4583f314f0ab0f15ed0619fb94b&name=default => generated 2925 bytes in 257 msecs (HTTP/1.1 200) 4 headers in 158 bytes (1 switches on core 0) [pid: 7|app: 0|req: 734/1410] 10.0.0.170 () {32 vars in 726 bytes} [Sun Apr 26 03:12:31 2026] DELETE /v2.0/networks/3981c305-cd8c-4bc2-b2d2-be825928cb4e => generated 0 bytes in 359 msecs (HTTP/1.1 204) 3 headers in 131 bytes (1 switches on core 0)
2026-04-26 03:12:31.831 8 INFO neutron.db.ovn_revision_numbers_db [None req-e57cf416-f2de-450d-8aa9-d43fffe1de1f 804df780824a4b96af06a961e0218d4b 370cce7e4831405c9d68f13dc031565d - - default default] Successfully bumped revision number for resource 8909dc2d-d73c-498f-b3b7-ed546192de14 (type: security_group_rules) to 0
2026-04-26 03:12:31.883 7 WARNING neutron.plugins.ml2.drivers.ovn.mech_driver.ovsdb.ovn_client [None req-2dd2c33e-db45-46bb-abff-806c759ec1af - - - - - -] No port found with ID c9620f32-ceec-4f8c-b883-4f5a94940d95: RuntimeError: No port found with ID c9620f32-ceec-4f8c-b883-4f5a94940d95
2026-04-26 03:12:31.886 7 INFO neutron.plugins.ml2.drivers.ovn.mech_driver.mech_driver [None req-2dd2c33e-db45-46bb-abff-806c759ec1af - - - - - -] OVN reports status down for port: f61909d4-0a5a-4145-8158-9a1f1ccddefc [pid: 8|app: 0|req: 677/1411] 10.0.0.170 () {34 vars in 695 bytes} [Sun Apr 26 03:12:31 2026] POST /v2.0/security-group-rules => generated 597 bytes in 207 msecs (HTTP/1.1 201) 4 headers in 162 bytes (1 switches on core 0)
2026-04-26 03:12:31.986 8 INFO neutron.db.segments_db [None req-6e347d66-efc1-47b9-83be-853098c97940 16300bf81be0439e9c79c7b45b15a584 5e8dbdc728204628a6731b46a269da9f - - default default] Added segment c27fb301-aab3-4a0a-b5e7-47579bd15967 of type geneve for network 6e880af4-27d1-418d-b6a6-ff973b6c4a94
2026-04-26 03:12:32.096 8 INFO neutron.db.ovn_revision_numbers_db [None req-6e347d66-efc1-47b9-83be-853098c97940 16300bf81be0439e9c79c7b45b15a584 5e8dbdc728204628a6731b46a269da9f - - default default] Successfully bumped revision number for resource 6e880af4-27d1-418d-b6a6-ff973b6c4a94 (type: networks) to 1 [pid: 7|app: 0|req: 735/1412] 10.0.0.170 () {32 vars in 740 bytes} [Sun Apr 26 03:12:31 2026] DELETE /v2.0/security-groups/9737737a-3f55-4896-a354-efbbaa18d558 => generated 0 bytes in 391 msecs (HTTP/1.1 204) 2 headers in 112 bytes (1 switches on core 0)
2026-04-26 03:12:32.305 8 WARNING neutron.scheduler.dhcp_agent_scheduler [None req-6e347d66-efc1-47b9-83be-853098c97940 16300bf81be0439e9c79c7b45b15a584 5e8dbdc728204628a6731b46a269da9f - - default default] No more DHCP agents
2026-04-26 03:12:32.306 8 WARNING neutron.api.rpc.agentnotifiers.dhcp_rpc_agent_api [None req-6e347d66-efc1-47b9-83be-853098c97940 16300bf81be0439e9c79c7b45b15a584 5e8dbdc728204628a6731b46a269da9f - - default default] Unable to schedule network 6e880af4-27d1-418d-b6a6-ff973b6c4a94: no agents available; will retry on subsequent port and subnet creation events.
2026-04-26 03:12:32.388 8 INFO neutron.db.ovn_revision_numbers_db [None req-6e347d66-efc1-47b9-83be-853098c97940 16300bf81be0439e9c79c7b45b15a584 5e8dbdc728204628a6731b46a269da9f - - default default] Successfully bumped revision number for resource a6e2d635-6503-4117-ab34-cd4ab3fa5ff2 (type: ports) to 1 [pid: 8|app: 0|req: 678/1413] 10.0.0.170 () {34 vars in 670 bytes} [Sun Apr 26 03:12:31 2026] POST /v2.0/networks => generated 648 bytes in 529 msecs (HTTP/1.1 201) 4 headers in 162 bytes (1 switches on core 0)
2026-04-26 03:12:32.517 7 INFO neutron.db.ovn_revision_numbers_db [None req-3ef0242e-5011-4692-886e-73666a35b35b 804df780824a4b96af06a961e0218d4b 370cce7e4831405c9d68f13dc031565d - - default default] Successfully bumped revision number for resource 0b87b97f-6752-4870-a749-67c873eb8f51 (type: security_group_rules) to 0
2026-04-26 03:12:32.519 7 INFO neutron.db.ovn_revision_numbers_db [None req-2dd2c33e-db45-46bb-abff-806c759ec1af - - - - - -] Successfully bumped revision number for resource f61909d4-0a5a-4145-8158-9a1f1ccddefc (type: ports) to 6 [pid: 7|app: 0|req: 736/1414] 10.0.0.170 () {34 vars in 695 bytes} [Sun Apr 26 03:12:32 2026] POST /v2.0/security-group-rules => generated 602 bytes in 386 msecs (HTTP/1.1 201) 4 headers in 162 bytes (1 switches on core 0)
2026-04-26 03:12:32.630 8 WARNING neutron.scheduler.dhcp_agent_scheduler [None req-161d7bf9-e2bc-4ebe-9726-b23a52f122fd 16300bf81be0439e9c79c7b45b15a584 5e8dbdc728204628a6731b46a269da9f - - default default] No more DHCP agents
