2026-04-26 03:13:01.937 8 INFO neutron_taas.services.taas.tap_mirror_plugin [None req-5611a1ce-44b8-4272-8e4c-29a6637abd40 7081eeca8158465f8743db0d6941316d 00106c6b7c33498e934199180448d67f - - default default] Tap Mirror: Handle Delete Port: e9eeec68-74a0-480f-9ee7-d92e114b223f
2026-04-26 03:13:02.054 7 INFO neutron_taas.services.taas.taas_plugin [None req-e4b8f45b-d7a1-4e33-8893-e346c0cb08c3 dcf827e125ec42acb0e40a564e5c9aa2 6f4e17c15d274a6fb7a5f335c8df72c0 - - default default] TaaS: Handle Delete Port: 29ca8f8a-1501-4b31-aa66-fc6f8820bcbd
2026-04-26 03:13:02.057 7 INFO neutron_taas.services.taas.tap_mirror_plugin [None req-e4b8f45b-d7a1-4e33-8893-e346c0cb08c3 dcf827e125ec42acb0e40a564e5c9aa2 6f4e17c15d274a6fb7a5f335c8df72c0 - - default default] Tap Mirror: Handle Delete Port: 29ca8f8a-1501-4b31-aa66-fc6f8820bcbd [pid: 7|app: 0|req: 831/1623] 10.0.0.170 () {32 vars in 720 bytes} [Sun Apr 26 03:13:01 2026] DELETE /v2.0/ports/29ca8f8a-1501-4b31-aa66-fc6f8820bcbd => generated 0 bytes in 272 msecs (HTTP/1.1 204) 3 headers in 131 bytes (1 switches on core 0)
2026-04-26 03:13:02.274 8 INFO neutron.services.segments.plugin [-] Segment 548e5ff1-ac6c-4bae-94d8-7d436ffae056 resource provider aggregate not found
2026-04-26 03:13:02.278 8 INFO neutron.services.segments.plugin [-] Segment 548e5ff1-ac6c-4bae-94d8-7d436ffae056 resource provider aggregate not found
2026-04-26 03:13:02.296 8 INFO neutron.services.segments.plugin [-] Segment 548e5ff1-ac6c-4bae-94d8-7d436ffae056 resource provider not found; error: Placement Client Error (4xx): {"errors": [{"status": 404, "title": "Not Found", "detail": "The resource could not be found.\n\n No resource provider with uuid 548e5ff1-ac6c-4bae-94d8-7d436ffae056 found for delete ", "request_id": "req-f8da6c26-3df7-420d-a2ed-1476d1355fc2"}]}
2026-04-26 03:13:02.302 8 INFO neutron.services.segments.plugin [-] Segment 548e5ff1-ac6c-4bae-94d8-7d436ffae056 resource provider not found; error: Placement Client Error (4xx): {"errors": [{"status": 404, "title": "Not Found", "detail": "The resource could not be found.\n\n No resource provider with uuid 548e5ff1-ac6c-4bae-94d8-7d436ffae056 found for delete ", "request_id": "req-574b080e-7cf4-498a-a5f4-e9e87419eda2"}]} [pid: 8|app: 0|req: 793/1624] 10.0.0.170 () {32 vars in 726 bytes} [Sun Apr 26 03:13:01 2026] DELETE /v2.0/networks/f94d212f-3c67-42c1-b3b5-d0b0a1411e42 => generated 0 bytes in 515 msecs (HTTP/1.1 204) 3 headers in 131 bytes (1 switches on core 0)
2026-04-26 03:13:02.341 7 INFO neutron_taas.services.taas.taas_plugin [None req-8074fb59-85ad-4551-a244-556d2b882667 dcf827e125ec42acb0e40a564e5c9aa2 6f4e17c15d274a6fb7a5f335c8df72c0 - - default default] TaaS: Handle Delete Port: ef1adeba-5a4a-4117-b449-46ba030c6071
2026-04-26 03:13:02.347 7 INFO neutron_taas.services.taas.tap_mirror_plugin [None req-8074fb59-85ad-4551-a244-556d2b882667 dcf827e125ec42acb0e40a564e5c9aa2 6f4e17c15d274a6fb7a5f335c8df72c0 - - default default] Tap Mirror: Handle Delete Port: ef1adeba-5a4a-4117-b449-46ba030c6071
2026-04-26 03:13:02.421 8 INFO neutron.db.segments_db [None req-17caab45-0e27-4ad6-9b8c-2b9e539e46cd 7081eeca8158465f8743db0d6941316d 00106c6b7c33498e934199180448d67f - - default default] Added segment 8678c207-7a1d-457b-8a33-e5adc619a01b of type geneve for network 04dd8c34-d718-4914-a833-e212cdcdb728 [pid: 7|app: 0|req: 832/1625] 10.0.0.170 () {32 vars in 720 bytes} [Sun Apr 26 03:13:02 2026] DELETE /v2.0/ports/ef1adeba-5a4a-4117-b449-46ba030c6071 => generated 0 bytes in 291 msecs (HTTP/1.1 204) 3 headers in 131 bytes (1 switches on core 0)
2026-04-26 03:13:02.572 8 INFO neutron.db.ovn_revision_numbers_db [None req-17caab45-0e27-4ad6-9b8c-2b9e539e46cd 7081eeca8158465f8743db0d6941316d 00106c6b7c33498e934199180448d67f - - default default] Successfully bumped revision number for resource 04dd8c34-d718-4914-a833-e212cdcdb728 (type: networks) to 1
2026-04-26 03:13:02.654 7 INFO neutron_taas.services.taas.taas_plugin [None req-80ec486a-bd67-43c1-a72e-5dc31fc01a26 dcf827e125ec42acb0e40a564e5c9aa2 6f4e17c15d274a6fb7a5f335c8df72c0 - - default default] TaaS: Handle Delete Port: d3394184-ca56-4a98-8d3f-f431e91dfa67
2026-04-26 03:13:02.658 7 INFO neutron_taas.services.taas.tap_mirror_plugin [None req-80ec486a-bd67-43c1-a72e-5dc31fc01a26 dcf827e125ec42acb0e40a564e5c9aa2 6f4e17c15d274a6fb7a5f335c8df72c0 - - default default] Tap Mirror: Handle Delete Port: d3394184-ca56-4a98-8d3f-f431e91dfa67
2026-04-26 03:13:02.723 8 WARNING neutron.scheduler.dhcp_agent_scheduler [None req-17caab45-0e27-4ad6-9b8c-2b9e539e46cd 7081eeca8158465f8743db0d6941316d 00106c6b7c33498e934199180448d67f - - default default] No more DHCP agents
2026-04-26 03:13:02.725 8 WARNING neutron.api.rpc.agentnotifiers.dhcp_rpc_agent_api [None req-17caab45-0e27-4ad6-9b8c-2b9e539e46cd 7081eeca8158465f8743db0d6941316d 00106c6b7c33498e934199180448d67f - - default default] Unable to schedule network 04dd8c34-d718-4914-a833-e212cdcdb728: no agents available; will retry on subsequent port and subnet creation events. [pid: 7|app: 0|req: 833/1626] 10.0.0.170 () {32 vars in 720 bytes} [Sun Apr 26 03:13:02 2026] DELETE /v2.0/ports/d3394184-ca56-4a98-8d3f-f431e91dfa67 => generated 0 bytes in 280 msecs (HTTP/1.1 204) 3 headers in 131 bytes (1 switches on core 0)
2026-04-26 03:13:02.817 8 INFO neutron.plugins.ml2.drivers.ovn.mech_driver.mech_driver [None req-f71b22b5-712c-46ce-b41d-ec7c85ab17d9 - - - - - -] OVN reports status down for port: 7792398c-7b48-4b5f-9527-74eef295fac7
2026-04-26 03:13:02.875 8 INFO neutron.db.ovn_revision_numbers_db [None req-17caab45-0e27-4ad6-9b8c-2b9e539e46cd 7081eeca8158465f8743db0d6941316d 00106c6b7c33498e934199180448d67f - - default default] Successfully bumped revision number for resource 7792398c-7b48-4b5f-9527-74eef295fac7 (type: ports) to 1 [pid: 8|app: 0|req: 794/1627] 10.0.0.170 () {34 vars in 670 bytes} [Sun Apr 26 03:13:02 2026] POST /v2.0/networks => generated 748 bytes in 597 msecs (HTTP/1.1 201) 4 headers in 162 bytes (1 switches on core 0)
2026-04-26 03:13:02.943 7 INFO neutron_taas.services.taas.taas_plugin [None req-8158059e-c87f-4035-9d52-080d18023b0d dcf827e125ec42acb0e40a564e5c9aa2 6f4e17c15d274a6fb7a5f335c8df72c0 - - default default] TaaS: Handle Delete Port: 02c86531-744e-48f1-ae0e-b32cda44e1f8
2026-04-26 03:13:02.950 7 INFO neutron_taas.services.taas.tap_mirror_plugin [None req-8158059e-c87f-4035-9d52-080d18023b0d dcf827e125ec42acb0e40a564e5c9aa2 6f4e17c15d274a6fb7a5f335c8df72c0 - - default default] Tap Mirror: Handle Delete Port: 02c86531-744e-48f1-ae0e-b32cda44e1f8
2026-04-26 03:13:03.073 8 WARNING neutron.scheduler.dhcp_agent_scheduler [None req-f5b173bb-4aca-4990-a680-0b166dd8fee5 7081eeca8158465f8743db0d6941316d 00106c6b7c33498e934199180448d67f - - default default] No more DHCP agents [pid: 7|app: 0|req: 834/1628] 10.0.0.170 () {32 vars in 720 bytes} [Sun Apr 26 03:13:02 2026] DELETE /v2.0/ports/02c86531-744e-48f1-ae0e-b32cda44e1f8 => generated 0 bytes in 279 msecs (HTTP/1.1 204) 3 headers in 131 bytes (1 switches on core 0)
2026-04-26 03:13:03.075 8 WARNING neutron.api.rpc.agentnotifiers.dhcp_rpc_agent_api [None req-f5b173bb-4aca-4990-a680-0b166dd8fee5 7081eeca8158465f8743db0d6941316d 00106c6b7c33498e934199180448d67f - - default default] Unable to schedule network 04dd8c34-d718-4914-a833-e212cdcdb728: no agents available; will retry on subsequent port and subnet creation events.
2026-04-26 03:13:03.201 7 INFO neutron_taas.services.taas.taas_plugin [None req-0d08379c-1c50-4996-a23c-f80a65076a07 dcf827e125ec42acb0e40a564e5c9aa2 6f4e17c15d274a6fb7a5f335c8df72c0 - - default default] TaaS: Handle Delete Port: c95036ea-e9b5-45a1-bb64-ebcf1c8abd4e
2026-04-26 03:13:03.208 7 INFO neutron_taas.services.taas.tap_mirror_plugin [None req-0d08379c-1c50-4996-a23c-f80a65076a07 dcf827e125ec42acb0e40a564e5c9aa2 6f4e17c15d274a6fb7a5f335c8df72c0 - - default default] Tap Mirror: Handle Delete Port: c95036ea-e9b5-45a1-bb64-ebcf1c8abd4e [pid: 7|app: 0|req: 835/1629] 10.0.0.170 () {32 vars in 720 bytes} [Sun Apr 26 03:13:03 2026] DELETE /v2.0/ports/c95036ea-e9b5-45a1-bb64-ebcf1c8abd4e => generated 0 bytes in 245 msecs (HTTP/1.1 204) 3 headers in 131 bytes (1 switches on core 0)
2026-04-26 03:13:03.442 7 INFO neutron_taas.services.taas.taas_plugin [None req-ff739ee5-055d-4fe3-96f6-b4d1b2e27909 dcf827e125ec42acb0e40a564e5c9aa2 6f4e17c15d274a6fb7a5f335c8df72c0 - - default default] TaaS: Handle Delete Port: 47b2d505-272f-4612-aed7-3555e87bb8ef
2026-04-26 03:13:03.444 7 INFO neutron_taas.services.taas.tap_mirror_plugin [None req-ff739ee5-055d-4fe3-96f6-b4d1b2e27909 dcf827e125ec42acb0e40a564e5c9aa2 6f4e17c15d274a6fb7a5f335c8df72c0 - - default default] Tap Mirror: Handle Delete Port: 47b2d505-272f-4612-aed7-3555e87bb8ef
2026-04-26 03:13:03.582 8 INFO neutron.db.ovn_revision_numbers_db [None req-74ea285d-24ea-4586-9dff-e48c56e7441e - - - - - -] Successfully bumped revision number for resource 7792398c-7b48-4b5f-9527-74eef295fac7 (type: ports) to 2
2026-04-26 03:13:03.618 8 INFO neutron.db.ovn_revision_numbers_db [None req-74ea285d-24ea-4586-9dff-e48c56e7441e - - - - - -] Successfully bumped revision number for resource 67c051f7-3308-40b1-bba5-c2f0f37f0f6f (type: subnets) to 0 [pid: 8|app: 0|req: 795/1630] 10.0.0.170 () {34 vars in 669 bytes} [Sun Apr 26 03:13:02 2026] POST /v2.0/subnets => generated 647 bytes in 713 msecs (HTTP/1.1 201) 4 headers in 162 bytes (1 switches on core 0)
2026-04-26 03:13:03.643 8 WARNING neutron.api.v2.base [None req-1749f349-eb78-4f2b-9b3c-7431911a0d98 7081eeca8158465f8743db0d6941316d 00106c6b7c33498e934199180448d67f - - default default] An exception happened while processing the request body. The exception message is [Invalid input for target_tenant. Reason: '1234123412341234123412341234123412341234123412341234123412341234123412341234123412341234123412341234123412341234123412341234123412341234123412341234123412341234123412341234123412341234123412341234123412341234123412341234123412341234123412341234123412341234123412341234123412341234123412341234123412341234123412341234123412341234123412341234123412341234123412341234123412341234123412341234123412341234' exceeds maximum length of 255.].: webob.exc.HTTPBadRequest: Invalid input for target_tenant. Reason: '1234123412341234123412341234123412341234123412341234123412341234123412341234123412341234123412341234123412341234123412341234123412341234123412341234123412341234123412341234123412341234123412341234123412341234123412341234123412341234123412341234123412341234123412341234123412341234123412341234123412341234123412341234123412341234123412341234123412341234123412341234123412341234123412341234123412341234' exceeds maximum length of 255.
2026-04-26 03:13:03.644 8 INFO neutron.api.v2.resource [None req-1749f349-eb78-4f2b-9b3c-7431911a0d98 7081eeca8158465f8743db0d6941316d 00106c6b7c33498e934199180448d67f - - default default] create failed (client error): Invalid input for target_tenant. Reason: '1234123412341234123412341234123412341234123412341234123412341234123412341234123412341234123412341234123412341234123412341234123412341234123412341234123412341234123412341234123412341234123412341234123412341234123412341234123412341234123412341234123412341234123412341234123412341234123412341234123412341234123412341234123412341234123412341234123412341234123412341234123412341234123412341234123412341234' exceeds maximum length of 255. [pid: 8|app: 0|req: 796/1631] 10.0.0.170 () {34 vars in 681 bytes} [Sun Apr 26 03:13:03 2026] POST /v2.0/rbac-policies => generated 547 bytes in 6 msecs (HTTP/1.1 400) 4 headers in 166 bytes (1 switches on core 0)
2026-04-26 03:13:03.646 7 INFO neutron.services.segments.plugin [-] Segment 60ba34e7-9f48-4740-b7d2-3abcbd492e99 resource provider aggregate not found
2026-04-26 03:13:03.654 7 INFO neutron.services.segments.plugin [-] Segment 60ba34e7-9f48-4740-b7d2-3abcbd492e99 resource provider aggregate not found
2026-04-26 03:13:03.671 7 INFO neutron.services.segments.plugin [-] Segment 60ba34e7-9f48-4740-b7d2-3abcbd492e99 resource provider not found; error: Placement Client Error (4xx): {"errors": [{"status": 404, "title": "Not Found", "detail": "The resource could not be found.\n\n No resource provider with uuid 60ba34e7-9f48-4740-b7d2-3abcbd492e99 found for delete ", "request_id": "req-ec4286e7-46e5-4584-a3f9-f3d36d156a70"}]}
2026-04-26 03:13:03.679 7 INFO neutron.services.segments.plugin [-] Segment 60ba34e7-9f48-4740-b7d2-3abcbd492e99 resource provider not found; error: Placement Client Error (4xx): {"errors": [{"status": 404, "title": "Not Found", "detail": "The resource could not be found.\n\n No resource provider with uuid 60ba34e7-9f48-4740-b7d2-3abcbd492e99 found for delete ", "request_id": "req-7c0d9916-8e26-4f79-aa55-4f9a3b3ec3da"}]} [pid: 7|app: 0|req: 836/1632] 10.0.0.170 () {32 vars in 726 bytes} [Sun Apr 26 03:13:03 2026] DELETE /v2.0/networks/cd8ccde6-f441-4384-bf75-f9051cc1f8ba => generated 0 bytes in 382 msecs (HTTP/1.1 204) 3 headers in 131 bytes (1 switches on core 0)
2026-04-26 03:13:03.803 8 INFO neutron_taas.services.taas.taas_plugin [None req-69f6f7de-73cb-49a2-8fc3-f98f98c90409 7081eeca8158465f8743db0d6941316d 00106c6b7c33498e934199180448d67f - - default default] TaaS: Handle Delete Port: 7792398c-7b48-4b5f-9527-74eef295fac7
2026-04-26 03:13:03.806 8 INFO neutron_taas.services.taas.tap_mirror_plugin [None req-69f6f7de-73cb-49a2-8fc3-f98f98c90409 7081eeca8158465f8743db0d6941316d 00106c6b7c33498e934199180448d67f - - default default] Tap Mirror: Handle Delete Port: 7792398c-7b48-4b5f-9527-74eef295fac7
2026-04-26 03:13:03.839 7 INFO neutron_taas.services.taas.taas_plugin [None req-a44487e0-d021-49cd-8ed9-042b801093bb dcf827e125ec42acb0e40a564e5c9aa2 6f4e17c15d274a6fb7a5f335c8df72c0 - - default default] TaaS: Handle Delete Port: 4fd806e9-1121-432d-ba9f-9bef2956a012
2026-04-26 03:13:03.842 7 INFO neutron_taas.services.taas.tap_mirror_plugin [None req-a44487e0-d021-49cd-8ed9-042b801093bb dcf827e125ec42acb0e40a564e5c9aa2 6f4e17c15d274a6fb7a5f335c8df72c0 - - default default] Tap Mirror: Handle Delete Port: 4fd806e9-1121-432d-ba9f-9bef2956a012 [pid: 7|app: 0|req: 837/1633] 10.0.0.170 () {32 vars in 726 bytes} [Sun Apr 26 03:13:03 2026] DELETE /v2.0/networks/bda29827-9517-49a9-bb61-6eb5a186b0da => generated 0 bytes in 370 msecs (HTTP/1.1 204) 3 headers in 131 bytes (1 switches on core 0) [pid: 8|app: 0|req: 797/1634] 10.0.0.170 () {32 vars in 726 bytes} [Sun Apr 26 03:13:03 2026] DELETE /v2.0/networks/04dd8c34-d718-4914-a833-e212cdcdb728 => generated 0 bytes in 526 msecs (HTTP/1.1 204) 3 headers in 131 bytes (1 switches on core 0)
2026-04-26 03:13:04.207 7 INFO neutron_taas.services.taas.taas_plugin [None req-b01cf1b8-0e56-414e-8868-d0040e341d89 dcf827e125ec42acb0e40a564e5c9aa2 6f4e17c15d274a6fb7a5f335c8df72c0 - - default default] TaaS: Handle Delete Port: a633c539-c15c-4bed-ba84-18cf62d462b3
2026-04-26 03:13:04.209 7 INFO neutron_taas.services.taas.tap_mirror_plugin [None req-b01cf1b8-0e56-414e-8868-d0040e341d89 dcf827e125ec42acb0e40a564e5c9aa2 6f4e17c15d274a6fb7a5f335c8df72c0 - - default default] Tap Mirror: Handle Delete Port: a633c539-c15c-4bed-ba84-18cf62d462b3
2026-04-26 03:13:04.295 8 INFO neutron.db.segments_db [None req-c8771eb2-dc8e-4461-be25-d4f903de1e51 7081eeca8158465f8743db0d6941316d 00106c6b7c33498e934199180448d67f - - default default] Added segment 4a5c709c-0bb4-41c7-9ce2-9a08a62c0700 of type geneve for network 60ecfbba-9dc6-404f-8f76-917cf29428f8
2026-04-26 03:13:04.320 8 INFO neutron.services.segments.plugin [-] Segment 8678c207-7a1d-457b-8a33-e5adc619a01b resource provider aggregate not found
2026-04-26 03:13:04.323 8 INFO neutron.services.segments.plugin [-] Segment 8678c207-7a1d-457b-8a33-e5adc619a01b resource provider aggregate not found
2026-04-26 03:13:04.340 8 INFO neutron.services.segments.plugin [-] Segment 8678c207-7a1d-457b-8a33-e5adc619a01b resource provider not found; error: Placement Client Error (4xx): {"errors": [{"status": 404, "title": "Not Found", "detail": "The resource could not be found.\n\n No resource provider with uuid 8678c207-7a1d-457b-8a33-e5adc619a01b found for delete ", "request_id": "req-2e88a61b-4640-4a02-a8fe-312b6ee9f89f"}]}
2026-04-26 03:13:04.340 8 INFO neutron.services.segments.plugin [-] Segment 8678c207-7a1d-457b-8a33-e5adc619a01b resource provider not found; error: Placement Client Error (4xx): {"errors": [{"status": 404, "title": "Not Found", "detail": "The resource could not be found.\n\n No resource provider with uuid 8678c207-7a1d-457b-8a33-e5adc619a01b found for delete ", "request_id": "req-f383158f-249a-4844-97f9-47470ced7da6"}]} [pid: 7|app: 0|req: 838/1635] 10.0.0.170 () {32 vars in 726 bytes} [Sun Apr 26 03:13:04 2026] DELETE /v2.0/networks/42f97dd9-a7ee-46b8-890d-ae4263bb55e1 => generated 0 bytes in 304 msecs (HTTP/1.1 204) 3 headers in 131 bytes (1 switches on core 0)
2026-04-26 03:13:04.464 8 INFO neutron.db.ovn_revision_numbers_db [None req-c8771eb2-dc8e-4461-be25-d4f903de1e51 7081eeca8158465f8743db0d6941316d 00106c6b7c33498e934199180448d67f - - default default] Successfully bumped revision number for resource 60ecfbba-9dc6-404f-8f76-917cf29428f8 (type: networks) to 1 [pid: 7|app: 0|req: 839/1636] 10.0.0.208 () {34 vars in 990 bytes} [Sun Apr 26 03:13:04 2026] GET /v2.0/ports?device_id=d1e89fe5-c14a-4123-9856-e15bf2d99fa1 => generated 1014 bytes in 96 msecs (HTTP/1.1 200) 4 headers in 158 bytes (1 switches on core 0)
2026-04-26 03:13:04.611 7 INFO neutron_taas.services.taas.taas_plugin [None req-0979049d-18cf-43ec-8b49-fd3c532bbd41 dcf827e125ec42acb0e40a564e5c9aa2 6f4e17c15d274a6fb7a5f335c8df72c0 - - default default] TaaS: Handle Delete Port: a1b3102e-a97c-48fa-a4f8-22ea0a2a0fec
2026-04-26 03:13:04.613 7 INFO neutron_taas.services.taas.tap_mirror_plugin [None req-0979049d-18cf-43ec-8b49-fd3c532bbd41 dcf827e125ec42acb0e40a564e5c9aa2 6f4e17c15d274a6fb7a5f335c8df72c0 - - default default] Tap Mirror: Handle Delete Port: a1b3102e-a97c-48fa-a4f8-22ea0a2a0fec
2026-04-26 03:13:04.636 8 WARNING neutron.scheduler.dhcp_agent_scheduler [None req-c8771eb2-dc8e-4461-be25-d4f903de1e51 7081eeca8158465f8743db0d6941316d 00106c6b7c33498e934199180448d67f - - default default] No more DHCP agents
2026-04-26 03:13:04.641 8 WARNING neutron.api.rpc.agentnotifiers.dhcp_rpc_agent_api [None req-c8771eb2-dc8e-4461-be25-d4f903de1e51 7081eeca8158465f8743db0d6941316d 00106c6b7c33498e934199180448d67f - - default default] Unable to schedule network 60ecfbba-9dc6-404f-8f76-917cf29428f8: no agents available; will retry on subsequent port and subnet creation events.
2026-04-26 03:13:04.695 8 INFO neutron.plugins.ml2.drivers.ovn.mech_driver.mech_driver [None req-f71b22b5-712c-46ce-b41d-ec7c85ab17d9 - - - - - -] OVN reports status down for port: 84ab2a23-ced8-4870-8766-c42d66a15680
2026-04-26 03:13:04.790 8 INFO neutron.db.ovn_revision_numbers_db [None req-c8771eb2-dc8e-4461-be25-d4f903de1e51 7081eeca8158465f8743db0d6941316d 00106c6b7c33498e934199180448d67f - - default default] Successfully bumped revision number for resource 84ab2a23-ced8-4870-8766-c42d66a15680 (type: ports) to 1 [pid: 8|app: 0|req: 798/1637] 10.0.0.170 () {34 vars in 670 bytes} [Sun Apr 26 03:13:04 2026] POST /v2.0/networks => generated 748 bytes in 675 msecs (HTTP/1.1 201) 4 headers in 162 bytes (1 switches on core 0) [pid: 7|app: 0|req: 840/1638] 10.0.0.170 () {32 vars in 726 bytes} [Sun Apr 26 03:13:04 2026] DELETE /v2.0/networks/b1965fb9-7c92-4613-adb5-e7ea00776479 => generated 0 bytes in 375 msecs (HTTP/1.1 204) 3 headers in 131 bytes (1 switches on core 0) [pid: 8|app: 0|req: 799/1639] 10.0.0.208 () {34 vars in 1120 bytes} [Sun Apr 26 03:13:04 2026] GET /v2.0/security-groups?id=0895b075-7303-43e3-a9ae-6501103d57c8&id=c89497ec-ce42-4734-b802-2513083c5a2b&fields=id&fields=name => generated 206 bytes in 45 msecs (HTTP/1.1 200) 4 headers in 157 bytes (1 switches on core 0)
2026-04-26 03:13:05.010 7 WARNING neutron.scheduler.dhcp_agent_scheduler [None req-742645f4-02fa-4f7f-ac09-f65022d57863 7081eeca8158465f8743db0d6941316d 00106c6b7c33498e934199180448d67f - - default default] No more DHCP agents
2026-04-26 03:13:05.011 7 WARNING neutron.api.rpc.agentnotifiers.dhcp_rpc_agent_api [None req-742645f4-02fa-4f7f-ac09-f65022d57863 7081eeca8158465f8743db0d6941316d 00106c6b7c33498e934199180448d67f - - default default] Unable to schedule network 60ecfbba-9dc6-404f-8f76-917cf29428f8: no agents available; will retry on subsequent port and subnet creation events.
2026-04-26 03:13:05.017 8 INFO neutron_taas.services.taas.taas_plugin [None req-2bae5cd0-79ef-4e73-bddc-f22897bf2085 dcf827e125ec42acb0e40a564e5c9aa2 6f4e17c15d274a6fb7a5f335c8df72c0 - - default default] TaaS: Handle Delete Port: 4139b5cb-7784-4ac1-886e-ef90e176f6fd
2026-04-26 03:13:05.019 8 INFO neutron_taas.services.taas.tap_mirror_plugin [None req-2bae5cd0-79ef-4e73-bddc-f22897bf2085 dcf827e125ec42acb0e40a564e5c9aa2 6f4e17c15d274a6fb7a5f335c8df72c0 - - default default] Tap Mirror: Handle Delete Port: 4139b5cb-7784-4ac1-886e-ef90e176f6fd [pid: 8|app: 0|req: 800/1640] 10.0.0.170 () {32 vars in 726 bytes} [Sun Apr 26 03:13:04 2026] DELETE /v2.0/networks/b8c6eafd-29e2-44a8-8a6e-b6f50ea2f067 => generated 0 bytes in 338 msecs (HTTP/1.1 204) 3 headers in 131 bytes (1 switches on core 0) [pid: 8|app: 0|req: 801/1641] 10.0.0.170 () {32 vars in 736 bytes} [Sun Apr 26 03:13:05 2026] GET /v2.0/ports?device_id=d1e89fe5-c14a-4123-9856-e15bf2d99fa1 => generated 1252 bytes in 204 msecs (HTTP/1.1 200) 4 headers in 158 bytes (1 switches on core 0)
2026-04-26 03:13:05.471 7 INFO neutron.db.ovn_revision_numbers_db [None req-2ef8bfa0-3852-43d2-a81b-a1cb8308a4b1 - - - - - -] Successfully bumped revision number for resource 84ab2a23-ced8-4870-8766-c42d66a15680 (type: ports) to 2
2026-04-26 03:13:05.508 7 INFO neutron.db.ovn_revision_numbers_db [None req-2ef8bfa0-3852-43d2-a81b-a1cb8308a4b1 - - - - - -] Successfully bumped revision number for resource 41ead059-be03-4d00-bc6c-5224caf7f7f1 (type: subnets) to 0 [pid: 7|app: 0|req: 841/1642] 10.0.0.170 () {34 vars in 669 bytes} [Sun Apr 26 03:13:04 2026] POST /v2.0/subnets => generated 647 bytes in 657 msecs (HTTP/1.1 201) 4 headers in 162 bytes (1 switches on core 0) [pid: 8|app: 0|req: 802/1643] 10.0.0.170 () {32 vars in 858 bytes} [Sun Apr 26 03:13:05 2026] GET /v2.0/floatingips?floating_network_id=9faf1cb3-6f86-413e-84c6-8c86f9e89773&port_id=9fb50dd5-169a-4e9e-bc36-95089e979708 => generated 861 bytes in 81 msecs (HTTP/1.1 200) 4 headers in 157 bytes (1 switches on core 0)
2026-04-26 03:13:05.707 7 INFO neutron.services.segments.plugin [-] Segment 68b0a9a7-0619-4c43-81b9-be39d4e9ec23 resource provider aggregate not found
2026-04-26 03:13:05.708 7 INFO neutron.services.segments.plugin [-] Segment 68b0a9a7-0619-4c43-81b9-be39d4e9ec23 resource provider aggregate not found
2026-04-26 03:13:05.739 7 INFO neutron.services.segments.plugin [-] Segment 68b0a9a7-0619-4c43-81b9-be39d4e9ec23 resource provider not found; error: Placement Client Error (4xx): {"errors": [{"status": 404, "title": "Not Found", "detail": "The resource could not be found.\n\n No resource provider with uuid 68b0a9a7-0619-4c43-81b9-be39d4e9ec23 found for delete ", "request_id": "req-b47b162b-cd3a-47f8-988f-3738359d457c"}]}
2026-04-26 03:13:05.751 7 INFO neutron.services.segments.plugin [-] Segment 68b0a9a7-0619-4c43-81b9-be39d4e9ec23 resource provider not found; error: Placement Client Error (4xx): {"errors": [{"status": 404, "title": "Not Found", "detail": "The resource could not be found.\n\n No resource provider with uuid 68b0a9a7-0619-4c43-81b9-be39d4e9ec23 found for delete ", "request_id": "req-d3899bba-202f-4ee7-b722-ad1cbe795ac5"}]}
2026-04-26 03:13:05.762 7 INFO neutron.services.segments.plugin [-] Segment ab1ef9ba-70aa-45f1-a2de-d40bc24d1ac2 resource provider aggregate not found
2026-04-26 03:13:05.769 7 INFO neutron.services.segments.plugin [-] Segment ab1ef9ba-70aa-45f1-a2de-d40bc24d1ac2 resource provider aggregate not found
2026-04-26 03:13:05.784 7 INFO neutron.services.segments.plugin [-] Segment ab1ef9ba-70aa-45f1-a2de-d40bc24d1ac2 resource provider not found; error: Placement Client Error (4xx): {"errors": [{"status": 404, "title": "Not Found", "detail": "The resource could not be found.\n\n No resource provider with uuid ab1ef9ba-70aa-45f1-a2de-d40bc24d1ac2 found for delete ", "request_id": "req-998b2f6f-73c2-43b0-9337-7d73f8df47f5"}]}
2026-04-26 03:13:05.788 7 INFO neutron.services.segments.plugin [-] Segment ab1ef9ba-70aa-45f1-a2de-d40bc24d1ac2 resource provider not found; error: Placement Client Error (4xx): {"errors": [{"status": 404, "title": "Not Found", "detail": "The resource could not be found.\n\n No resource provider with uuid ab1ef9ba-70aa-45f1-a2de-d40bc24d1ac2 found for delete ", "request_id": "req-9f8e0873-8334-4670-80b7-179418860ed7"}]}
2026-04-26 03:13:05.806 7 INFO neutron.services.segments.plugin [-] Segment 35c5d334-4923-46f7-a360-b3713173510e resource provider aggregate not found
2026-04-26 03:13:05.810 7 INFO neutron.services.segments.plugin [-] Segment 35c5d334-4923-46f7-a360-b3713173510e resource provider aggregate not found [pid: 7|app: 0|req: 842/1644] 10.0.0.170 () {34 vars in 681 bytes} [Sun Apr 26 03:13:05 2026] POST /v2.0/rbac-policies => generated 324 bytes in 288 msecs (HTTP/1.1 201) 4 headers in 162 bytes (1 switches on core 0)
2026-04-26 03:13:05.826 7 INFO neutron.services.segments.plugin [-] Segment 35c5d334-4923-46f7-a360-b3713173510e resource provider not found; error: Placement Client Error (4xx): {"errors": [{"status": 404, "title": "Not Found", "detail": "The resource could not be found.\n\n No resource provider with uuid 35c5d334-4923-46f7-a360-b3713173510e found for delete ", "request_id": "req-02fbe9ce-e035-4f29-9edd-198ddcaff509"}]}
2026-04-26 03:13:05.826 7 INFO neutron.services.segments.plugin [-] Segment 35c5d334-4923-46f7-a360-b3713173510e resource provider not found; error: Placement Client Error (4xx): {"errors": [{"status": 404, "title": "Not Found", "detail": "The resource could not be found.\n\n No resource provider with uuid 35c5d334-4923-46f7-a360-b3713173510e found for delete ", "request_id": "req-1d13163b-8a12-451f-b238-1630706681d6"}]} [pid: 8|app: 0|req: 803/1645] 10.0.0.188 () {34 vars in 990 bytes} [Sun Apr 26 03:13:05 2026] GET /v2.0/ports?device_id=d1e89fe5-c14a-4123-9856-e15bf2d99fa1 => generated 1252 bytes in 59 msecs (HTTP/1.1 200) 4 headers in 158 bytes (1 switches on core 0) [pid: 7|app: 0|req: 843/1646] 10.0.0.188 () {34 vars in 1120 bytes} [Sun Apr 26 03:13:05 2026] GET /v2.0/security-groups?id=0895b075-7303-43e3-a9ae-6501103d57c8&id=c89497ec-ce42-4734-b802-2513083c5a2b&fields=id&fields=name => generated 206 bytes in 31 msecs (HTTP/1.1 200) 4 headers in 157 bytes (1 switches on core 0) [pid: 7|app: 0|req: 844/1647] 10.0.0.170 () {32 vars in 723 bytes} [Sun Apr 26 03:13:06 2026] GET /v2.0/networks/60ecfbba-9dc6-404f-8f76-917cf29428f8 => generated 692 bytes in 112 msecs (HTTP/1.1 200) 4 headers in 157 bytes (1 switches on core 0)
2026-04-26 03:13:06.347 8 INFO neutron.db.ovn_revision_numbers_db [None req-4f1e4ce7-641d-4474-809b-05995b829059 2fad5902ec8c451bbe0e880105a5f997 2778809a70ec4b2b9ce4ebfe684e40b1 - - default default] Successfully bumped revision number for resource 403fee47-f7e7-40ad-b0fc-081383965d9b (type: security_groups) to 1
2026-04-26 03:13:06.359 8 INFO neutron.services.segments.plugin [-] Segment 9736b1e6-406c-4a0e-bb85-33cd5ff2832a resource provider aggregate not found
2026-04-26 03:13:06.360 8 INFO neutron.services.segments.plugin [-] Segment 9736b1e6-406c-4a0e-bb85-33cd5ff2832a resource provider aggregate not found
2026-04-26 03:13:06.365 8 INFO neutron.db.ovn_revision_numbers_db [None req-4f1e4ce7-641d-4474-809b-05995b829059 2fad5902ec8c451bbe0e880105a5f997 2778809a70ec4b2b9ce4ebfe684e40b1 - - default default] Successfully bumped revision number for resource 48c09107-f636-4554-9c8f-a78c72f9ac7f (type: security_group_rules) to 0
2026-04-26 03:13:06.376 8 INFO neutron.services.segments.plugin [-] Segment 9736b1e6-406c-4a0e-bb85-33cd5ff2832a resource provider not found; error: Placement Client Error (4xx): {"errors": [{"status": 404, "title": "Not Found", "detail": "The resource could not be found.\n\n No resource provider with uuid 9736b1e6-406c-4a0e-bb85-33cd5ff2832a found for delete ", "request_id": "req-8a436feb-3f1c-4f70-8709-5ee11ed43406"}]}
2026-04-26 03:13:06.380 8 INFO neutron.services.segments.plugin [-] Segment 9736b1e6-406c-4a0e-bb85-33cd5ff2832a resource provider not found; error: Placement Client Error (4xx): {"errors": [{"status": 404, "title": "Not Found", "detail": "The resource could not be found.\n\n No resource provider with uuid 9736b1e6-406c-4a0e-bb85-33cd5ff2832a found for delete ", "request_id": "req-535671b0-d638-4028-8d0a-430103eac126"}]}
2026-04-26 03:13:06.385 8 INFO neutron.db.ovn_revision_numbers_db [None req-4f1e4ce7-641d-4474-809b-05995b829059 2fad5902ec8c451bbe0e880105a5f997 2778809a70ec4b2b9ce4ebfe684e40b1 - - default default] Successfully bumped revision number for resource 5b286f99-88ad-42bf-80a2-a1defdaf5e43 (type: security_group_rules) to 0
2026-04-26 03:13:06.396 8 INFO neutron.db.ovn_revision_numbers_db [None req-4f1e4ce7-641d-4474-809b-05995b829059 2fad5902ec8c451bbe0e880105a5f997 2778809a70ec4b2b9ce4ebfe684e40b1 - - default default] Successfully bumped revision number for resource 69942e28-fb78-4b8d-a259-cf5552c897be (type: security_group_rules) to 0
2026-04-26 03:13:06.409 8 INFO neutron.db.ovn_revision_numbers_db [None req-4f1e4ce7-641d-4474-809b-05995b829059 2fad5902ec8c451bbe0e880105a5f997 2778809a70ec4b2b9ce4ebfe684e40b1 - - default default] Successfully bumped revision number for resource ccfe164d-9d92-474e-a2b3-d736fe7e31e4 (type: security_group_rules) to 0 [pid: 8|app: 0|req: 804/1648] 10.0.0.170 () {32 vars in 774 bytes} [Sun Apr 26 03:13:06 2026] GET /v2.0/security-groups?tenant_id=33ebfdc58e5446ca8c366bdc48783504&name=default => generated 2925 bytes in 426 msecs (HTTP/1.1 200) 4 headers in 158 bytes (1 switches on core 0) [pid: 7|app: 0|req: 845/1649] 10.0.0.170 () {32 vars in 740 bytes} [Sun Apr 26 03:13:06 2026] DELETE /v2.0/security-groups/403fee47-f7e7-40ad-b0fc-081383965d9b => generated 0 bytes in 238 msecs (HTTP/1.1 204) 2 headers in 112 bytes (1 switches on core 0)
2026-04-26 03:13:06.743 8 INFO neutron.pecan_wsgi.hooks.translation [None req-2ab01c7d-3540-471e-8710-1384ec17f625 7d5fd75f711947a6975d05834e2ad77c 4536f0526b6743c9b6946720e4625d38 - - default default] GET failed (client error): The resource could not be found. [pid: 8|app: 0|req: 805/1650] 10.0.0.170 () {32 vars in 723 bytes} [Sun Apr 26 03:13:06 2026] GET /v2.0/networks/60ecfbba-9dc6-404f-8f76-917cf29428f8 => generated 138 bytes in 53 msecs (HTTP/1.1 404) 4 headers in 164 bytes (1 switches on core 0) [pid: 8|app: 0|req: 806/1651] 10.0.0.170 () {32 vars in 774 bytes} [Sun Apr 26 03:13:06 2026] GET /v2.0/security-groups?tenant_id=6f4e17c15d274a6fb7a5f335c8df72c0&name=default => generated 2925 bytes in 38 msecs (HTTP/1.1 200) 4 headers in 158 bytes (1 switches on core 0)
2026-04-26 03:13:06.875 7 INFO neutron_taas.services.taas.taas_plugin [None req-935637ec-7336-4528-babf-ee2e260f2e23 7081eeca8158465f8743db0d6941316d 00106c6b7c33498e934199180448d67f - - default default] TaaS: Handle Delete Port: 84ab2a23-ced8-4870-8766-c42d66a15680
2026-04-26 03:13:06.878 7 INFO neutron_taas.services.taas.tap_mirror_plugin [None req-935637ec-7336-4528-babf-ee2e260f2e23 7081eeca8158465f8743db0d6941316d 00106c6b7c33498e934199180448d67f - - default default] Tap Mirror: Handle Delete Port: 84ab2a23-ced8-4870-8766-c42d66a15680 [pid: 8|app: 0|req: 807/1652] 10.0.0.170 () {32 vars in 740 bytes} [Sun Apr 26 03:13:06 2026] DELETE /v2.0/security-groups/3e533d8e-689b-4d30-ab50-9041756da1a3 => generated 0 bytes in 329 msecs (HTTP/1.1 204) 2 headers in 112 bytes (1 switches on core 0) [pid: 7|app: 0|req: 846/1653] 10.0.0.170 () {32 vars in 726 bytes} [Sun Apr 26 03:13:06 2026] DELETE /v2.0/networks/60ecfbba-9dc6-404f-8f76-917cf29428f8 => generated 0 bytes in 491 msecs (HTTP/1.1 204) 3 headers in 131 bytes (1 switches on core 0)
2026-04-26 03:13:07.277 8 INFO neutron.pecan_wsgi.hooks.translation [None req-7e83806d-c05a-4fea-b110-afa6309f7e6f 7081eeca8158465f8743db0d6941316d 00106c6b7c33498e934199180448d67f - - default default] DELETE failed (client error): The resource could not be found. [pid: 8|app: 0|req: 808/1654] 10.0.0.170 () {32 vars in 724 bytes} [Sun Apr 26 03:13:07 2026] DELETE /v2.0/subnets/4942ad27-436d-45dc-8915-318548aada9e => generated 136 bytes in 23 msecs (HTTP/1.1 404) 4 headers in 164 bytes (1 switches on core 0)
2026-04-26 03:13:07.299 7 INFO neutron.pecan_wsgi.hooks.translation [None req-c1ab8974-e72e-4402-a41d-5552329170bd 7081eeca8158465f8743db0d6941316d 00106c6b7c33498e934199180448d67f - - default default] DELETE failed (client error): The resource could not be found. [pid: 7|app: 0|req: 847/1655] 10.0.0.170 () {32 vars in 724 bytes} [Sun Apr 26 03:13:07 2026] DELETE /v2.0/subnets/67c051f7-3308-40b1-bba5-c2f0f37f0f6f => generated 136 bytes in 17 msecs (HTTP/1.1 404) 4 headers in 164 bytes (1 switches on core 0)
2026-04-26 03:13:07.319 8 INFO neutron.pecan_wsgi.hooks.translation [None req-ad3ee3f7-952c-48a0-911f-81596a6b4f68 7081eeca8158465f8743db0d6941316d 00106c6b7c33498e934199180448d67f - - default default] DELETE failed (client error): The resource could not be found. [pid: 8|app: 0|req: 809/1656] 10.0.0.170 () {32 vars in 724 bytes} [Sun Apr 26 03:13:07 2026] DELETE /v2.0/subnets/41ead059-be03-4d00-bc6c-5224caf7f7f1 => generated 136 bytes in 17 msecs (HTTP/1.1 404) 4 headers in 164 bytes (1 switches on core 0)
2026-04-26 03:13:07.522 7 INFO neutron.db.ovn_revision_numbers_db [None req-eb857ead-3089-4f28-b5ab-b7617ec5e795 2fad5902ec8c451bbe0e880105a5f997 2778809a70ec4b2b9ce4ebfe684e40b1 - - default default] Successfully bumped revision number for resource dedc0485-6c7e-4715-bcdb-f5f1dfd7f7d5 (type: security_groups) to 1
2026-04-26 03:13:07.534 7 INFO neutron.db.ovn_revision_numbers_db [None req-eb857ead-3089-4f28-b5ab-b7617ec5e795 2fad5902ec8c451bbe0e880105a5f997 2778809a70ec4b2b9ce4ebfe684e40b1 - - default default] Successfully bumped revision number for resource 187eb3e6-cde2-4dd2-aec1-e00c7a980857 (type: security_group_rules) to 0
2026-04-26 03:13:07.545 7 INFO neutron.db.ovn_revision_numbers_db [None req-eb857ead-3089-4f28-b5ab-b7617ec5e795 2fad5902ec8c451bbe0e880105a5f997 2778809a70ec4b2b9ce4ebfe684e40b1 - - default default] Successfully bumped revision number for resource 1a955746-9d7b-4d55-aa9d-9f01a423c00e (type: security_group_rules) to 0
2026-04-26 03:13:07.556 7 INFO neutron.db.ovn_revision_numbers_db [None req-eb857ead-3089-4f28-b5ab-b7617ec5e795 2fad5902ec8c451bbe0e880105a5f997 2778809a70ec4b2b9ce4ebfe684e40b1 - - default default] Successfully bumped revision number for resource 5ea62471-da93-4ef3-a355-bc6b96f3d014 (type: security_group_rules) to 0
2026-04-26 03:13:07.567 7 INFO neutron.db.ovn_revision_numbers_db [None req-eb857ead-3089-4f28-b5ab-b7617ec5e795 2fad5902ec8c451bbe0e880105a5f997 2778809a70ec4b2b9ce4ebfe684e40b1 - - default default] Successfully bumped revision number for resource 9957f0d8-4232-485c-8cf2-b9b9e03cee36 (type: security_group_rules) to 0 [pid: 7|app: 0|req: 848/1657] 10.0.0.170 () {32 vars in 774 bytes} [Sun Apr 26 03:13:07 2026] GET /v2.0/security-groups?tenant_id=4632970e9bac4c74baf57771916cb2e4&name=default => generated 2925 bytes in 224 msecs (HTTP/1.1 200) 4 headers in 158 bytes (1 switches on core 0)
2026-04-26 03:13:07.869 7 INFO neutron.services.segments.plugin [-] Segment 4a5c709c-0bb4-41c7-9ce2-9a08a62c0700 resource provider aggregate not found [pid: 8|app: 0|req: 810/1658] 10.0.0.170 () {32 vars in 740 bytes} [Sun Apr 26 03:13:07 2026] DELETE /v2.0/security-groups/dedc0485-6c7e-4715-bcdb-f5f1dfd7f7d5 => generated 0 bytes in 256 msecs (HTTP/1.1 204) 2 headers in 112 bytes (1 switches on core 0)
2026-04-26 03:13:07.874 7 INFO neutron.services.segments.plugin [-] Segment 4a5c709c-0bb4-41c7-9ce2-9a08a62c0700 resource provider aggregate not found
2026-04-26 03:13:07.903 7 INFO neutron.services.segments.plugin [-] Segment 4a5c709c-0bb4-41c7-9ce2-9a08a62c0700 resource provider not found; error: Placement Client Error (4xx): {"errors": [{"status": 404, "title": "Not Found", "detail": "The resource could not be found.\n\n No resource provider with uuid 4a5c709c-0bb4-41c7-9ce2-9a08a62c0700 found for delete ", "request_id": "req-35dbdd46-4747-41db-991b-aa066deba478"}]}
2026-04-26 03:13:07.907 7 INFO neutron.services.segments.plugin [-] Segment 4a5c709c-0bb4-41c7-9ce2-9a08a62c0700 resource provider not found; error: Placement Client Error (4xx): {"errors": [{"status": 404, "title": "Not Found", "detail": "The resource could not be found.\n\n No resource provider with uuid 4a5c709c-0bb4-41c7-9ce2-9a08a62c0700 found for delete ", "request_id": "req-a4aa6814-8253-4441-be4d-00ef3ea7c586"}]} [pid: 7|app: 0|req: 849/1659] 10.0.0.208 () {34 vars in 990 bytes} [Sun Apr 26 03:13:07 2026] GET /v2.0/ports?device_id=d1e89fe5-c14a-4123-9856-e15bf2d99fa1 => generated 1014 bytes in 70 msecs (HTTP/1.1 200) 4 headers in 158 bytes (1 switches on core 0) [pid: 8|app: 0|req: 811/1660] 10.0.0.208 () {34 vars in 1120 bytes} [Sun Apr 26 03:13:07 2026] GET /v2.0/security-groups?id=0895b075-7303-43e3-a9ae-6501103d57c8&id=c89497ec-ce42-4734-b802-2513083c5a2b&fields=id&fields=name => generated 206 bytes in 56 msecs (HTTP/1.1 200) 4 headers in 157 bytes (1 switches on core 0)
2026-04-26 03:13:08.358 7 INFO neutron.db.ovn_revision_numbers_db [None req-129541da-2c11-45e6-9e72-a9a774cb1049 2fad5902ec8c451bbe0e880105a5f997 2778809a70ec4b2b9ce4ebfe684e40b1 - - default default] Successfully bumped revision number for resource 1f8ee995-afdc-4d38-b1a7-fdc4d29cb34b (type: security_groups) to 1
2026-04-26 03:13:08.371 7 INFO neutron.db.ovn_revision_numbers_db [None req-129541da-2c11-45e6-9e72-a9a774cb1049 2fad5902ec8c451bbe0e880105a5f997 2778809a70ec4b2b9ce4ebfe684e40b1 - - default default] Successfully bumped revision number for resource 1fa61924-6114-45df-9234-948dd73e73db (type: security_group_rules) to 0
2026-04-26 03:13:08.384 7 INFO neutron.db.ovn_revision_numbers_db [None req-129541da-2c11-45e6-9e72-a9a774cb1049 2fad5902ec8c451bbe0e880105a5f997 2778809a70ec4b2b9ce4ebfe684e40b1 - - default default] Successfully bumped revision number for resource 899f5db7-7c11-4dd8-8305-ea14a0500003 (type: security_group_rules) to 0
2026-04-26 03:13:08.397 7 INFO neutron.db.ovn_revision_numbers_db [None req-129541da-2c11-45e6-9e72-a9a774cb1049 2fad5902ec8c451bbe0e880105a5f997 2778809a70ec4b2b9ce4ebfe684e40b1 - - default default] Successfully bumped revision number for resource bc036e3f-1dec-40cc-bc44-1d9d1d0e9527 (type: security_group_rules) to 0
2026-04-26 03:13:08.410 7 INFO neutron.db.ovn_revision_numbers_db [None req-129541da-2c11-45e6-9e72-a9a774cb1049 2fad5902ec8c451bbe0e880105a5f997 2778809a70ec4b2b9ce4ebfe684e40b1 - - default default] Successfully bumped revision number for resource d1a7a61e-21dd-4a9d-bc06-b0add17037db (type: security_group_rules) to 0 [pid: 7|app: 0|req: 850/1661] 10.0.0.170 () {32 vars in 774 bytes} [Sun Apr 26 03:13:08 2026] GET /v2.0/security-groups?tenant_id=3ce02a9405a34ea98e31d9eae7480c8d&name=default => generated 2925 bytes in 356 msecs (HTTP/1.1 200) 4 headers in 158 bytes (1 switches on core 0) [pid: 8|app: 0|req: 812/1664] 10.0.0.170 () {32 vars in 740 bytes} [Sun Apr 26 03:13:08 2026] DELETE /v2.0/security-groups/1f8ee995-afdc-4d38-b1a7-fdc4d29cb34b => generated 0 bytes in 303 msecs (HTTP/1.1 204) 2 headers in 112 bytes (1 switches on core 0)
2026-04-26 03:13:08.927 8 INFO neutron.plugins.ml2.drivers.ovn.mech_driver.mech_driver [None req-f71b22b5-712c-46ce-b41d-ec7c85ab17d9 - - - - - -] OVN reports status down for port: 9fb50dd5-169a-4e9e-bc36-95089e979708 [pid: 7|app: 0|req: 853/1665] 10.0.0.170 () {32 vars in 774 bytes} [Sun Apr 26 03:13:08 2026] GET /v2.0/security-groups?tenant_id=00106c6b7c33498e934199180448d67f&name=default => generated 2925 bytes in 58 msecs (HTTP/1.1 200) 4 headers in 158 bytes (1 switches on core 0) [pid: 7|app: 0|req: 854/1666] 10.0.0.208 () {34 vars in 990 bytes} [Sun Apr 26 03:13:09 2026] GET /v2.0/ports?device_id=d1e89fe5-c14a-4123-9856-e15bf2d99fa1 => generated 1014 bytes in 37 msecs (HTTP/1.1 200) 4 headers in 158 bytes (1 switches on core 0)
2026-04-26 03:13:09.150 8 INFO neutron.notifiers.nova [-] Nova event matching ['req-d6ded7b0-376d-4c0e-b304-235e0cce29ea'] response: {'server_uuid': 'd1e89fe5-c14a-4123-9856-e15bf2d99fa1', 'name': 'network-vif-unplugged', 'status': 'completed', 'tag': '9fb50dd5-169a-4e9e-bc36-95089e979708', 'code': 200} [pid: 7|app: 0|req: 855/1667] 10.0.0.208 () {34 vars in 1120 bytes} [Sun Apr 26 03:13:09 2026] GET /v2.0/security-groups?id=0895b075-7303-43e3-a9ae-6501103d57c8&id=c89497ec-ce42-4734-b802-2513083c5a2b&fields=id&fields=name => generated 206 bytes in 28 msecs (HTTP/1.1 200) 4 headers in 157 bytes (1 switches on core 0)
2026-04-26 03:13:09.343 8 INFO neutron.db.ovn_revision_numbers_db [None req-f71b22b5-712c-46ce-b41d-ec7c85ab17d9 - - - - - -] Successfully bumped revision number for resource 9fb50dd5-169a-4e9e-bc36-95089e979708 (type: ports) to 6 [pid: 8|app: 0|req: 813/1668] 10.0.0.170 () {32 vars in 740 bytes} [Sun Apr 26 03:13:09 2026] DELETE /v2.0/security-groups/c57227c8-93be-4a13-a69a-2acf992b6541 => generated 0 bytes in 463 msecs (HTTP/1.1 204) 2 headers in 112 bytes (1 switches on core 0)
2026-04-26 03:13:09.796 7 INFO neutron.db.ovn_revision_numbers_db [None req-ef3a456e-332d-48fa-863c-a50e029512c9 2fad5902ec8c451bbe0e880105a5f997 2778809a70ec4b2b9ce4ebfe684e40b1 - - default default] Successfully bumped revision number for resource 2b5b8449-746c-4e79-8b75-bc318af2ebd6 (type: security_groups) to 1
2026-04-26 03:13:09.808 7 INFO neutron.db.ovn_revision_numbers_db [None req-ef3a456e-332d-48fa-863c-a50e029512c9 2fad5902ec8c451bbe0e880105a5f997 2778809a70ec4b2b9ce4ebfe684e40b1 - - default default] Successfully bumped revision number for resource 3ba8d01f-0a52-4a57-977c-5563bd38409c (type: security_group_rules) to 0
2026-04-26 03:13:09.818 7 INFO neutron.db.ovn_revision_numbers_db [None req-ef3a456e-332d-48fa-863c-a50e029512c9 2fad5902ec8c451bbe0e880105a5f997 2778809a70ec4b2b9ce4ebfe684e40b1 - - default default] Successfully bumped revision number for resource 95c28ab2-47d1-49d6-9e18-4d2b3ac8a269 (type: security_group_rules) to 0
2026-04-26 03:13:09.830 7 INFO neutron.db.ovn_revision_numbers_db [None req-ef3a456e-332d-48fa-863c-a50e029512c9 2fad5902ec8c451bbe0e880105a5f997 2778809a70ec4b2b9ce4ebfe684e40b1 - - default default] Successfully bumped revision number for resource a7994c6d-197b-43e1-be49-96c7aca326d8 (type: security_group_rules) to 0
2026-04-26 03:13:09.841 7 INFO neutron.db.ovn_revision_numbers_db [None req-ef3a456e-332d-48fa-863c-a50e029512c9 2fad5902ec8c451bbe0e880105a5f997 2778809a70ec4b2b9ce4ebfe684e40b1 - - default default] Successfully bumped revision number for resource b832ba69-34d7-48fc-a840-babfea4f8280 (type: security_group_rules) to 0 [pid: 7|app: 0|req: 856/1669] 10.0.0.170 () {32 vars in 774 bytes} [Sun Apr 26 03:13:09 2026] GET /v2.0/security-groups?tenant_id=4536f0526b6743c9b6946720e4625d38&name=default => generated 2925 bytes in 227 msecs (HTTP/1.1 200) 4 headers in 158 bytes (1 switches on core 0) /var/lib/openstack/lib/python3.12/site-packages/pycadf/identifier.py:70: UserWarning: Invalid uuid: neutron. To ensure interoperability, identifiers should be a valid uuid. warnings.warn(('Invalid uuid: %s. To ensure interoperability, ' [pid: 8|app: 0|req: 814/1670] 10.0.0.170 () {32 vars in 740 bytes} [Sun Apr 26 03:13:09 2026] DELETE /v2.0/security-groups/2b5b8449-746c-4e79-8b75-bc318af2ebd6 => generated 0 bytes in 246 msecs (HTTP/1.1 204) 2 headers in 112 bytes (1 switches on core 0) [pid: 7|app: 0|req: 857/1671] 199.204.45.141 () {34 vars in 994 bytes} [Sun Apr 26 03:13:10 2026] GET /v2.0/ports?device_id=d1e89fe5-c14a-4123-9856-e15bf2d99fa1 => generated 1012 bytes in 84 msecs (HTTP/1.1 200) 4 headers in 158 bytes (1 switches on core 0) [pid: 7|app: 0|req: 858/1672] 10.0.0.208 () {34 vars in 990 bytes} [Sun Apr 26 03:13:10 2026] GET /v2.0/ports?device_id=d1e89fe5-c14a-4123-9856-e15bf2d99fa1 => generated 1012 bytes in 48 msecs (HTTP/1.1 200) 4 headers in 158 bytes (1 switches on core 0) [pid: 7|app: 0|req: 859/1673] 10.0.0.208 () {34 vars in 1120 bytes} [Sun Apr 26 03:13:10 2026] GET /v2.0/security-groups?id=0895b075-7303-43e3-a9ae-6501103d57c8&id=c89497ec-ce42-4734-b802-2513083c5a2b&fields=id&fields=name => generated 206 bytes in 53 msecs (HTTP/1.1 200) 4 headers in 157 bytes (1 switches on core 0)
2026-04-26 03:13:10.408 8 INFO neutron_taas.services.taas.taas_plugin [req-7164ba74-686a-44df-a6f2-8f146eb4d42f req-5e7550e3-34c1-44f9-aefb-43fdfde17198 804df780824a4b96af06a961e0218d4b 370cce7e4831405c9d68f13dc031565d - - default default] TaaS: Handle Delete Port: 9fb50dd5-169a-4e9e-bc36-95089e979708
2026-04-26 03:13:10.415 8 INFO neutron_taas.services.taas.tap_mirror_plugin [req-7164ba74-686a-44df-a6f2-8f146eb4d42f req-5e7550e3-34c1-44f9-aefb-43fdfde17198 804df780824a4b96af06a961e0218d4b 370cce7e4831405c9d68f13dc031565d - - default default] Tap Mirror: Handle Delete Port: 9fb50dd5-169a-4e9e-bc36-95089e979708
2026-04-26 03:13:10.666 8 INFO neutron.db.l3_db [req-7164ba74-686a-44df-a6f2-8f146eb4d42f req-5e7550e3-34c1-44f9-aefb-43fdfde17198 804df780824a4b96af06a961e0218d4b 370cce7e4831405c9d68f13dc031565d - - default default] Floating IP 33acfe94-05de-4b71-b503-409d122cd958 disassociated. External IP: 10.96.250.218, port: 9fb50dd5-169a-4e9e-bc36-95089e979708. [pid: 8|app: 0|req: 815/1674] 199.204.45.141 () {36 vars in 997 bytes} [Sun Apr 26 03:13:10 2026] DELETE /v2.0/ports/9fb50dd5-169a-4e9e-bc36-95089e979708 => generated 0 bytes in 651 msecs (HTTP/1.1 204) 3 headers in 131 bytes (1 switches on core 0)
2026-04-26 03:13:11.187 8 INFO neutron.notifiers.nova [-] Nova event matching ['req-67e1755d-0ad9-4ef9-ba40-055af72e1f2c'] response: {'server_uuid': 'd1e89fe5-c14a-4123-9856-e15bf2d99fa1', 'name': 'network-vif-unplugged', 'status': 'completed', 'tag': '9fb50dd5-169a-4e9e-bc36-95089e979708', 'code': 200}
2026-04-26 03:13:11.187 8 INFO neutron.notifiers.nova [-] Nova event matching ['req-67e1755d-0ad9-4ef9-ba40-055af72e1f2c'] response: {'server_uuid': 'd1e89fe5-c14a-4123-9856-e15bf2d99fa1', 'name': 'network-vif-deleted', 'tag': '9fb50dd5-169a-4e9e-bc36-95089e979708', 'status': 'completed', 'code': 200}
2026-04-26 03:13:11.367 7 INFO neutron.db.ovn_revision_numbers_db [None req-9ad9575c-74b7-4e30-9db4-b1449f0e29ef 2fad5902ec8c451bbe0e880105a5f997 2778809a70ec4b2b9ce4ebfe684e40b1 - - default default] Successfully bumped revision number for resource 16fc97a8-9a68-44e9-be3f-ae06a89bf03a (type: security_groups) to 1
2026-04-26 03:13:11.383 7 INFO neutron.db.ovn_revision_numbers_db [None req-9ad9575c-74b7-4e30-9db4-b1449f0e29ef 2fad5902ec8c451bbe0e880105a5f997 2778809a70ec4b2b9ce4ebfe684e40b1 - - default default] Successfully bumped revision number for resource 046dfb79-b627-4d33-a1a0-227358e51ab4 (type: security_group_rules) to 0
2026-04-26 03:13:11.396 7 INFO neutron.db.ovn_revision_numbers_db [None req-9ad9575c-74b7-4e30-9db4-b1449f0e29ef 2fad5902ec8c451bbe0e880105a5f997 2778809a70ec4b2b9ce4ebfe684e40b1 - - default default] Successfully bumped revision number for resource 1858ef2b-d57c-4670-8049-63a94da10161 (type: security_group_rules) to 0
2026-04-26 03:13:11.407 7 INFO neutron.db.ovn_revision_numbers_db [None req-9ad9575c-74b7-4e30-9db4-b1449f0e29ef 2fad5902ec8c451bbe0e880105a5f997 2778809a70ec4b2b9ce4ebfe684e40b1 - - default default] Successfully bumped revision number for resource 2dc6255d-510b-4462-9b80-74464939f095 (type: security_group_rules) to 0
2026-04-26 03:13:11.426 7 INFO neutron.db.ovn_revision_numbers_db [None req-9ad9575c-74b7-4e30-9db4-b1449f0e29ef 2fad5902ec8c451bbe0e880105a5f997 2778809a70ec4b2b9ce4ebfe684e40b1 - - default default] Successfully bumped revision number for resource a58c78b9-ebc9-4be6-9f48-c1c4c48a20f1 (type: security_group_rules) to 0 /var/lib/openstack/lib/python3.12/site-packages/pycadf/identifier.py:70: UserWarning: Invalid uuid: neutron. To ensure interoperability, identifiers should be a valid uuid. warnings.warn(('Invalid uuid: %s. To ensure interoperability, ' [pid: 8|app: 0|req: 816/1675] 10.0.0.208 () {34 vars in 990 bytes} [Sun Apr 26 03:13:11 2026] GET /v2.0/ports?device_id=d1e89fe5-c14a-4123-9856-e15bf2d99fa1 => generated 12 bytes in 29 msecs (HTTP/1.1 200) 4 headers in 156 bytes (1 switches on core 0) [pid: 7|app: 0|req: 860/1676] 10.0.0.170 () {32 vars in 774 bytes} [Sun Apr 26 03:13:11 2026] GET /v2.0/security-groups?tenant_id=e32e0a60e12147f395b0ca1a48563be6&name=default => generated 2925 bytes in 409 msecs (HTTP/1.1 200) 4 headers in 158 bytes (1 switches on core 0) [pid: 8|app: 0|req: 817/1677] 10.0.0.170 () {32 vars in 740 bytes} [Sun Apr 26 03:13:11 2026] DELETE /v2.0/security-groups/16fc97a8-9a68-44e9-be3f-ae06a89bf03a => generated 0 bytes in 261 msecs (HTTP/1.1 204) 2 headers in 112 bytes (1 switches on core 0)
2026-04-26 03:13:12.497 7 INFO neutron.db.ovn_revision_numbers_db [None req-583cedf4-aeb0-43a2-a080-9ff156a3c369 1186dc6de63b4e8fa0d7fa2dbca6e729 ffaee6436a4e432e8a06c7c8cb7b8699 - - default default] Successfully bumped revision number for resource 5c336a72-bc2b-48af-8c7c-d134d9928f06 (type: security_groups) to 1
2026-04-26 03:13:12.515 7 INFO neutron.db.ovn_revision_numbers_db [None req-583cedf4-aeb0-43a2-a080-9ff156a3c369 1186dc6de63b4e8fa0d7fa2dbca6e729 ffaee6436a4e432e8a06c7c8cb7b8699 - - default default] Successfully bumped revision number for resource 07ed2929-31f9-4b8e-b7dd-6741b6a532c5 (type: security_group_rules) to 0
2026-04-26 03:13:12.527 7 INFO neutron.db.ovn_revision_numbers_db [None req-583cedf4-aeb0-43a2-a080-9ff156a3c369 1186dc6de63b4e8fa0d7fa2dbca6e729 ffaee6436a4e432e8a06c7c8cb7b8699 - - default default] Successfully bumped revision number for resource 7b51cc1e-fda1-4267-8cda-53a2f6ad40c9 (type: security_group_rules) to 0
