2026-04-26 03:11:11.024 7 INFO neutron.services.segments.plugin [-] Segment 13db792d-019c-4218-8e5b-00388455166e resource provider not found; error: Placement Client Error (4xx): {"errors": [{"status": 404, "title": "Not Found", "detail": "The resource could not be found.\n\n No resource provider with uuid 13db792d-019c-4218-8e5b-00388455166e found for delete ", "request_id": "req-95f32383-5415-4131-aba0-0360e090420a"}]} [pid: 7|app: 0|req: 508/932] 10.0.0.170 () {32 vars in 726 bytes} [Sun Apr 26 03:11:10 2026] DELETE /v2.0/networks/86ca1357-ad3b-4116-affe-238e21ac7027 => generated 0 bytes in 452 msecs (HTTP/1.1 204) 3 headers in 131 bytes (1 switches on core 0)
2026-04-26 03:11:11.094 8 WARNING neutron.scheduler.dhcp_agent_scheduler [None req-bacef569-fa06-4473-88a3-35ab65136aa4 2d404db673f542bdbfd0d203d8823d90 f9983e1730154b05a3816c7ee2990b0d - - default default] No more DHCP agents
2026-04-26 03:11:11.095 8 WARNING neutron.api.rpc.agentnotifiers.dhcp_rpc_agent_api [None req-bacef569-fa06-4473-88a3-35ab65136aa4 2d404db673f542bdbfd0d203d8823d90 f9983e1730154b05a3816c7ee2990b0d - - default default] Unable to schedule network 3587ab58-8266-4662-b794-11bff8bbe2f7: no agents available; will retry on subsequent port and subnet creation events.
2026-04-26 03:11:11.147 8 INFO neutron.plugins.ml2.drivers.ovn.mech_driver.mech_driver [None req-06ede871-172f-4d3e-9b93-9a430cc81089 - - - - - -] OVN reports status down for port: 72aa2c36-73e5-4082-82e0-76f0b583a908
2026-04-26 03:11:11.206 8 INFO neutron.db.ovn_revision_numbers_db [None req-bacef569-fa06-4473-88a3-35ab65136aa4 2d404db673f542bdbfd0d203d8823d90 f9983e1730154b05a3816c7ee2990b0d - - default default] Successfully bumped revision number for resource 72aa2c36-73e5-4082-82e0-76f0b583a908 (type: ports) to 1 [pid: 8|app: 0|req: 425/933] 10.0.0.170 () {34 vars in 670 bytes} [Sun Apr 26 03:11:09 2026] POST /v2.0/networks => generated 1283 bytes in 1488 msecs (HTTP/1.1 201) 4 headers in 163 bytes (1 switches on core 0) [pid: 8|app: 0|req: 426/934] 10.0.0.170 () {32 vars in 774 bytes} [Sun Apr 26 03:11:11 2026] GET /v2.0/security-groups?tenant_id=a413a386b8504e688cd193f12037ba19&name=default => generated 2925 bytes in 35 msecs (HTTP/1.1 200) 4 headers in 158 bytes (1 switches on core 0)
2026-04-26 03:11:11.293 8 WARNING keystonemiddleware.audit [None req-84f9911b-b029-4ccb-bc8c-7b52cb8b2f4d 2fad5902ec8c451bbe0e880105a5f997 2778809a70ec4b2b9ce4ebfe684e40b1 - - default default] Skipping service tempest-service-615768525 as it have no endpoints. [pid: 8|app: 0|req: 427/935] 10.0.0.170 () {32 vars in 649 bytes} [Sun Apr 26 03:11:11 2026] GET /v2.0/networks => generated 1970 bytes in 65 msecs (HTTP/1.1 200) 4 headers in 158 bytes (1 switches on core 0)
2026-04-26 03:11:11.374 7 INFO neutron.db.ovn_revision_numbers_db [None req-f3131eac-88d4-475a-bbdf-f2e5635ad50c 2fad5902ec8c451bbe0e880105a5f997 2778809a70ec4b2b9ce4ebfe684e40b1 - - default default] Successfully bumped revision number for resource f844f040-fc28-4e3e-a7d1-c35645714793 (type: security_groups) to 1
2026-04-26 03:11:11.389 7 INFO neutron.db.ovn_revision_numbers_db [None req-f3131eac-88d4-475a-bbdf-f2e5635ad50c 2fad5902ec8c451bbe0e880105a5f997 2778809a70ec4b2b9ce4ebfe684e40b1 - - default default] Successfully bumped revision number for resource 01d0aad0-edbd-43e1-981d-21735d8caf30 (type: security_group_rules) to 0
2026-04-26 03:11:11.402 7 INFO neutron.db.ovn_revision_numbers_db [None req-f3131eac-88d4-475a-bbdf-f2e5635ad50c 2fad5902ec8c451bbe0e880105a5f997 2778809a70ec4b2b9ce4ebfe684e40b1 - - default default] Successfully bumped revision number for resource 186909cd-6366-4516-b046-0f724ecac0a5 (type: security_group_rules) to 0
2026-04-26 03:11:11.416 7 INFO neutron.db.ovn_revision_numbers_db [None req-f3131eac-88d4-475a-bbdf-f2e5635ad50c 2fad5902ec8c451bbe0e880105a5f997 2778809a70ec4b2b9ce4ebfe684e40b1 - - default default] Successfully bumped revision number for resource af7a953a-f3a9-45cc-9002-78567b6111e3 (type: security_group_rules) to 0
2026-04-26 03:11:11.432 7 INFO neutron.db.ovn_revision_numbers_db [None req-f3131eac-88d4-475a-bbdf-f2e5635ad50c 2fad5902ec8c451bbe0e880105a5f997 2778809a70ec4b2b9ce4ebfe684e40b1 - - default default] Successfully bumped revision number for resource c767e715-8fdf-4814-8b52-7920c1b31427 (type: security_group_rules) to 0 [pid: 7|app: 0|req: 509/936] 10.0.0.170 () {32 vars in 774 bytes} [Sun Apr 26 03:11:11 2026] GET /v2.0/security-groups?tenant_id=70edcb07469741469bb903a6add95c65&name=default => generated 2925 bytes in 442 msecs (HTTP/1.1 200) 4 headers in 158 bytes (1 switches on core 0)
2026-04-26 03:11:11.485 7 WARNING keystonemiddleware.audit [None req-f3131eac-88d4-475a-bbdf-f2e5635ad50c 2fad5902ec8c451bbe0e880105a5f997 2778809a70ec4b2b9ce4ebfe684e40b1 - - default default] Skipping service tempest-service-615768525 as it have no endpoints. [pid: 8|app: 0|req: 428/937] 10.0.0.170 () {32 vars in 740 bytes} [Sun Apr 26 03:11:11 2026] DELETE /v2.0/security-groups/bdc08662-d8b4-48ad-81fe-4e62a224ec41 => generated 0 bytes in 228 msecs (HTTP/1.1 204) 2 headers in 112 bytes (1 switches on core 0)
2026-04-26 03:11:11.613 7 INFO neutron_taas.services.taas.taas_plugin [None req-f4fd0de9-1e3b-4041-9996-add12e701f82 2d404db673f542bdbfd0d203d8823d90 f9983e1730154b05a3816c7ee2990b0d - - default default] TaaS: Handle Delete Port: ccd0a6a3-f820-4a99-a872-2890c96e6cac
2026-04-26 03:11:11.616 7 INFO neutron_taas.services.taas.tap_mirror_plugin [None req-f4fd0de9-1e3b-4041-9996-add12e701f82 2d404db673f542bdbfd0d203d8823d90 f9983e1730154b05a3816c7ee2990b0d - - default default] Tap Mirror: Handle Delete Port: ccd0a6a3-f820-4a99-a872-2890c96e6cac [pid: 8|app: 0|req: 429/938] 10.0.0.170 () {32 vars in 740 bytes} [Sun Apr 26 03:11:11 2026] DELETE /v2.0/security-groups/f844f040-fc28-4e3e-a7d1-c35645714793 => generated 0 bytes in 230 msecs (HTTP/1.1 204) 2 headers in 112 bytes (1 switches on core 0) [pid: 7|app: 0|req: 510/939] 10.0.0.170 () {32 vars in 726 bytes} [Sun Apr 26 03:11:11 2026] DELETE /v2.0/networks/94ecc5fa-126e-4721-bb1e-39c792de30e3 => generated 0 bytes in 416 msecs (HTTP/1.1 204) 3 headers in 131 bytes (1 switches on core 0)
2026-04-26 03:11:11.911 8 WARNING keystonemiddleware.audit [None req-e7d768ba-bf4e-42b4-81ff-d76f9c427cac 2fad5902ec8c451bbe0e880105a5f997 2778809a70ec4b2b9ce4ebfe684e40b1 - - default default] Skipping service tempest-service-615768525 as it have no endpoints.
2026-04-26 03:11:12.024 8 INFO neutron_taas.services.taas.taas_plugin [None req-91358a64-7bf1-4d2c-a67d-52f1f87781a5 2d404db673f542bdbfd0d203d8823d90 f9983e1730154b05a3816c7ee2990b0d - - default default] TaaS: Handle Delete Port: 72aa2c36-73e5-4082-82e0-76f0b583a908
2026-04-26 03:11:12.027 8 INFO neutron_taas.services.taas.tap_mirror_plugin [None req-91358a64-7bf1-4d2c-a67d-52f1f87781a5 2d404db673f542bdbfd0d203d8823d90 f9983e1730154b05a3816c7ee2990b0d - - default default] Tap Mirror: Handle Delete Port: 72aa2c36-73e5-4082-82e0-76f0b583a908
2026-04-26 03:11:12.187 7 INFO neutron.db.ovn_revision_numbers_db [None req-2d8b8dae-f021-42b5-a6cc-e54dc1dd1520 2fad5902ec8c451bbe0e880105a5f997 2778809a70ec4b2b9ce4ebfe684e40b1 - - default default] Successfully bumped revision number for resource 98a17a01-183b-4fa4-9f08-c0cbefd2e0c9 (type: security_groups) to 1
2026-04-26 03:11:12.198 7 INFO neutron.db.ovn_revision_numbers_db [None req-2d8b8dae-f021-42b5-a6cc-e54dc1dd1520 2fad5902ec8c451bbe0e880105a5f997 2778809a70ec4b2b9ce4ebfe684e40b1 - - default default] Successfully bumped revision number for resource 50d4e98a-e50c-4fc1-a0f1-420a537565c0 (type: security_group_rules) to 0
2026-04-26 03:11:12.211 7 INFO neutron.db.ovn_revision_numbers_db [None req-2d8b8dae-f021-42b5-a6cc-e54dc1dd1520 2fad5902ec8c451bbe0e880105a5f997 2778809a70ec4b2b9ce4ebfe684e40b1 - - default default] Successfully bumped revision number for resource 6970bfc5-ed64-4c0d-a834-358c5a8f536c (type: security_group_rules) to 0
2026-04-26 03:11:12.214 8 INFO neutron.services.segments.plugin [-] Segment d2826858-fcf6-45d0-89b1-17ec0e75d5a2 resource provider aggregate not found
2026-04-26 03:11:12.223 8 INFO neutron.services.segments.plugin [-] Segment d2826858-fcf6-45d0-89b1-17ec0e75d5a2 resource provider aggregate not found
2026-04-26 03:11:12.223 7 INFO neutron.db.ovn_revision_numbers_db [None req-2d8b8dae-f021-42b5-a6cc-e54dc1dd1520 2fad5902ec8c451bbe0e880105a5f997 2778809a70ec4b2b9ce4ebfe684e40b1 - - default default] Successfully bumped revision number for resource d54b6973-3f5d-4458-b13e-36e493e1a4e3 (type: security_group_rules) to 0
2026-04-26 03:11:12.235 7 INFO neutron.db.ovn_revision_numbers_db [None req-2d8b8dae-f021-42b5-a6cc-e54dc1dd1520 2fad5902ec8c451bbe0e880105a5f997 2778809a70ec4b2b9ce4ebfe684e40b1 - - default default] Successfully bumped revision number for resource f32e998d-707e-4245-a4d6-e93e66219297 (type: security_group_rules) to 0
2026-04-26 03:11:12.236 8 INFO neutron.services.segments.plugin [-] Segment d2826858-fcf6-45d0-89b1-17ec0e75d5a2 resource provider not found; error: Placement Client Error (4xx): {"errors": [{"status": 404, "title": "Not Found", "detail": "The resource could not be found.\n\n No resource provider with uuid d2826858-fcf6-45d0-89b1-17ec0e75d5a2 found for delete ", "request_id": "req-affcb621-dd21-403a-bf5e-f4dea8ef3840"}]}
2026-04-26 03:11:12.244 8 INFO neutron.services.segments.plugin [-] Segment d2826858-fcf6-45d0-89b1-17ec0e75d5a2 resource provider not found; error: Placement Client Error (4xx): {"errors": [{"status": 404, "title": "Not Found", "detail": "The resource could not be found.\n\n No resource provider with uuid d2826858-fcf6-45d0-89b1-17ec0e75d5a2 found for delete ", "request_id": "req-13b84f61-39da-4e37-a97e-047e09058e09"}]} [pid: 8|app: 0|req: 430/940] 10.0.0.170 () {32 vars in 726 bytes} [Sun Apr 26 03:11:11 2026] DELETE /v2.0/networks/3587ab58-8266-4662-b794-11bff8bbe2f7 => generated 0 bytes in 363 msecs (HTTP/1.1 204) 3 headers in 131 bytes (1 switches on core 0)
2026-04-26 03:11:12.278 8 WARNING keystonemiddleware.audit [None req-91358a64-7bf1-4d2c-a67d-52f1f87781a5 2d404db673f542bdbfd0d203d8823d90 f9983e1730154b05a3816c7ee2990b0d - - default default] Skipping service tempest-service-615768525 as it have no endpoints. [pid: 7|app: 0|req: 511/941] 10.0.0.170 () {32 vars in 774 bytes} [Sun Apr 26 03:11:12 2026] GET /v2.0/security-groups?tenant_id=e0fed851dd2f47618518adcd676e4027&name=default => generated 2925 bytes in 259 msecs (HTTP/1.1 200) 4 headers in 158 bytes (1 switches on core 0) [pid: 8|app: 0|req: 431/942] 10.0.0.170 () {32 vars in 649 bytes} [Sun Apr 26 03:11:12 2026] GET /v2.0/networks => generated 689 bytes in 60 msecs (HTTP/1.1 200) 4 headers in 157 bytes (1 switches on core 0)
2026-04-26 03:11:12.343 8 WARNING keystonemiddleware.audit [None req-ef19a5c3-282b-4834-b883-40c19af40062 2d404db673f542bdbfd0d203d8823d90 f9983e1730154b05a3816c7ee2990b0d - - default default] Skipping service tempest-service-615768525 as it have no endpoints.
2026-04-26 03:11:12.430 8 INFO neutron.db.segments_db [None req-8905f531-60e6-4139-a7ad-6f48f13951c9 2d404db673f542bdbfd0d203d8823d90 f9983e1730154b05a3816c7ee2990b0d - - default default] Added segment a3c131d5-1f8f-4b0f-90fd-e571629745f1 of type geneve for network ac1fe082-41fb-4944-af71-071d5a78c06d [pid: 7|app: 0|req: 512/943] 10.0.0.170 () {32 vars in 740 bytes} [Sun Apr 26 03:11:12 2026] DELETE /v2.0/security-groups/98a17a01-183b-4fa4-9f08-c0cbefd2e0c9 => generated 0 bytes in 263 msecs (HTTP/1.1 204) 2 headers in 112 bytes (1 switches on core 0)
2026-04-26 03:11:12.572 8 INFO neutron.db.ovn_revision_numbers_db [None req-8905f531-60e6-4139-a7ad-6f48f13951c9 2d404db673f542bdbfd0d203d8823d90 f9983e1730154b05a3816c7ee2990b0d - - default default] Successfully bumped revision number for resource ac1fe082-41fb-4944-af71-071d5a78c06d (type: networks) to 1
2026-04-26 03:11:12.750 8 WARNING neutron.scheduler.dhcp_agent_scheduler [None req-8905f531-60e6-4139-a7ad-6f48f13951c9 2d404db673f542bdbfd0d203d8823d90 f9983e1730154b05a3816c7ee2990b0d - - default default] No more DHCP agents
2026-04-26 03:11:12.751 8 WARNING neutron.api.rpc.agentnotifiers.dhcp_rpc_agent_api [None req-8905f531-60e6-4139-a7ad-6f48f13951c9 2d404db673f542bdbfd0d203d8823d90 f9983e1730154b05a3816c7ee2990b0d - - default default] Unable to schedule network ac1fe082-41fb-4944-af71-071d5a78c06d: no agents available; will retry on subsequent port and subnet creation events.
2026-04-26 03:11:12.810 8 INFO neutron.plugins.ml2.drivers.ovn.mech_driver.mech_driver [None req-06ede871-172f-4d3e-9b93-9a430cc81089 - - - - - -] OVN reports status down for port: 9025d5ff-87d1-4b29-8a62-028ba09939d7
2026-04-26 03:11:12.885 8 INFO neutron.db.ovn_revision_numbers_db [None req-8905f531-60e6-4139-a7ad-6f48f13951c9 2d404db673f542bdbfd0d203d8823d90 f9983e1730154b05a3816c7ee2990b0d - - default default] Successfully bumped revision number for resource 9025d5ff-87d1-4b29-8a62-028ba09939d7 (type: ports) to 1
2026-04-26 03:11:12.915 7 INFO neutron.db.ovn_revision_numbers_db [None req-de1e384f-237c-4ebc-808b-34f0b513448f 2fad5902ec8c451bbe0e880105a5f997 2778809a70ec4b2b9ce4ebfe684e40b1 - - default default] Successfully bumped revision number for resource fb7e88eb-ed25-45fc-8bd3-79dbc82d9581 (type: security_groups) to 1 [pid: 8|app: 0|req: 432/944] 10.0.0.170 () {34 vars in 670 bytes} [Sun Apr 26 03:11:12 2026] POST /v2.0/networks => generated 673 bytes in 581 msecs (HTTP/1.1 201) 4 headers in 162 bytes (1 switches on core 0)
2026-04-26 03:11:12.928 8 WARNING keystonemiddleware.audit [None req-8905f531-60e6-4139-a7ad-6f48f13951c9 2d404db673f542bdbfd0d203d8823d90 f9983e1730154b05a3816c7ee2990b0d - - default default] Skipping service tempest-service-615768525 as it have no endpoints.
2026-04-26 03:11:12.928 7 INFO neutron.db.ovn_revision_numbers_db [None req-de1e384f-237c-4ebc-808b-34f0b513448f 2fad5902ec8c451bbe0e880105a5f997 2778809a70ec4b2b9ce4ebfe684e40b1 - - default default] Successfully bumped revision number for resource 1876c46a-4844-48fa-b953-a8ef2d7c63f3 (type: security_group_rules) to 0
2026-04-26 03:11:12.942 7 INFO neutron.db.ovn_revision_numbers_db [None req-de1e384f-237c-4ebc-808b-34f0b513448f 2fad5902ec8c451bbe0e880105a5f997 2778809a70ec4b2b9ce4ebfe684e40b1 - - default default] Successfully bumped revision number for resource 363e38f9-f4b7-497a-9b50-64d4e5e132bd (type: security_group_rules) to 0
2026-04-26 03:11:12.956 7 INFO neutron.db.ovn_revision_numbers_db [None req-de1e384f-237c-4ebc-808b-34f0b513448f 2fad5902ec8c451bbe0e880105a5f997 2778809a70ec4b2b9ce4ebfe684e40b1 - - default default] Successfully bumped revision number for resource 4f669875-f715-47b5-b48d-4e7cbab0581b (type: security_group_rules) to 0
2026-04-26 03:11:12.971 7 INFO neutron.db.ovn_revision_numbers_db [None req-de1e384f-237c-4ebc-808b-34f0b513448f 2fad5902ec8c451bbe0e880105a5f997 2778809a70ec4b2b9ce4ebfe684e40b1 - - default default] Successfully bumped revision number for resource a6c89b54-2620-4471-b2a3-f1b02968c55e (type: security_group_rules) to 0 [pid: 7|app: 0|req: 513/945] 10.0.0.170 () {32 vars in 774 bytes} [Sun Apr 26 03:11:12 2026] GET /v2.0/security-groups?tenant_id=41d587bbe0bf4e40bd4c3558b8f9560e&name=default => generated 2925 bytes in 448 msecs (HTTP/1.1 200) 4 headers in 158 bytes (1 switches on core 0)
2026-04-26 03:11:13.021 8 INFO neutron.db.segments_db [None req-39323f8c-58e6-4a02-b5d1-5b55eddfe75a 2d404db673f542bdbfd0d203d8823d90 f9983e1730154b05a3816c7ee2990b0d - - default default] Added segment b213d6a3-dfa9-456e-85e0-1bb708443e12 of type geneve for network 3b4cdd82-0764-4ad4-8ab3-db5366e11563
2026-04-26 03:11:13.055 7 INFO neutron.services.segments.plugin [-] Segment 51eab150-017e-43aa-a769-659327683d7c resource provider aggregate not found
2026-04-26 03:11:13.058 7 INFO neutron.services.segments.plugin [-] Segment 51eab150-017e-43aa-a769-659327683d7c resource provider aggregate not found
2026-04-26 03:11:13.072 7 INFO neutron.services.segments.plugin [-] Segment 51eab150-017e-43aa-a769-659327683d7c resource provider not found; error: Placement Client Error (4xx): {"errors": [{"status": 404, "title": "Not Found", "detail": "The resource could not be found.\n\n No resource provider with uuid 51eab150-017e-43aa-a769-659327683d7c found for delete ", "request_id": "req-c37d9496-1ca1-42d3-b426-defd55dbbf61"}]}
2026-04-26 03:11:13.081 7 INFO neutron.services.segments.plugin [-] Segment 51eab150-017e-43aa-a769-659327683d7c resource provider not found; error: Placement Client Error (4xx): {"errors": [{"status": 404, "title": "Not Found", "detail": "The resource could not be found.\n\n No resource provider with uuid 51eab150-017e-43aa-a769-659327683d7c found for delete ", "request_id": "req-48f081ea-5df9-4855-8623-ccf10354097f"}]}
2026-04-26 03:11:13.161 8 INFO neutron.db.ovn_revision_numbers_db [None req-39323f8c-58e6-4a02-b5d1-5b55eddfe75a 2d404db673f542bdbfd0d203d8823d90 f9983e1730154b05a3816c7ee2990b0d - - default default] Successfully bumped revision number for resource 3b4cdd82-0764-4ad4-8ab3-db5366e11563 (type: networks) to 1 [pid: 7|app: 0|req: 514/946] 10.0.0.170 () {32 vars in 740 bytes} [Sun Apr 26 03:11:13 2026] DELETE /v2.0/security-groups/fb7e88eb-ed25-45fc-8bd3-79dbc82d9581 => generated 0 bytes in 302 msecs (HTTP/1.1 204) 2 headers in 112 bytes (1 switches on core 0)
2026-04-26 03:11:13.330 8 WARNING neutron.scheduler.dhcp_agent_scheduler [None req-39323f8c-58e6-4a02-b5d1-5b55eddfe75a 2d404db673f542bdbfd0d203d8823d90 f9983e1730154b05a3816c7ee2990b0d - - default default] No more DHCP agents
2026-04-26 03:11:13.331 8 WARNING neutron.api.rpc.agentnotifiers.dhcp_rpc_agent_api [None req-39323f8c-58e6-4a02-b5d1-5b55eddfe75a 2d404db673f542bdbfd0d203d8823d90 f9983e1730154b05a3816c7ee2990b0d - - default default] Unable to schedule network 3b4cdd82-0764-4ad4-8ab3-db5366e11563: no agents available; will retry on subsequent port and subnet creation events.
2026-04-26 03:11:13.388 8 INFO neutron.plugins.ml2.drivers.ovn.mech_driver.mech_driver [None req-06ede871-172f-4d3e-9b93-9a430cc81089 - - - - - -] OVN reports status down for port: 53d8c00f-2853-4df6-be0d-966519b7c336
2026-04-26 03:11:13.453 8 INFO neutron.db.ovn_revision_numbers_db [None req-39323f8c-58e6-4a02-b5d1-5b55eddfe75a 2d404db673f542bdbfd0d203d8823d90 f9983e1730154b05a3816c7ee2990b0d - - default default] Successfully bumped revision number for resource 53d8c00f-2853-4df6-be0d-966519b7c336 (type: ports) to 1 [pid: 8|app: 0|req: 433/947] 10.0.0.170 () {34 vars in 670 bytes} [Sun Apr 26 03:11:12 2026] POST /v2.0/networks => generated 673 bytes in 584 msecs (HTTP/1.1 201) 4 headers in 162 bytes (1 switches on core 0)
2026-04-26 03:11:13.624 7 INFO neutron.db.ovn_revision_numbers_db [None req-aeef6c56-b30a-42b2-83e7-367734df8647 2fad5902ec8c451bbe0e880105a5f997 2778809a70ec4b2b9ce4ebfe684e40b1 - - default default] Successfully bumped revision number for resource 43775cd5-5a1d-4723-a423-da7fd4db2bc0 (type: security_groups) to 1
2026-04-26 03:11:13.637 7 INFO neutron.db.ovn_revision_numbers_db [None req-aeef6c56-b30a-42b2-83e7-367734df8647 2fad5902ec8c451bbe0e880105a5f997 2778809a70ec4b2b9ce4ebfe684e40b1 - - default default] Successfully bumped revision number for resource 096e6022-d510-4d53-b0b0-0d687f284ed8 (type: security_group_rules) to 0
2026-04-26 03:11:13.645 8 INFO neutron.db.ovn_revision_numbers_db [None req-f145a321-a28d-4661-9776-d273ed150289 2fad5902ec8c451bbe0e880105a5f997 2778809a70ec4b2b9ce4ebfe684e40b1 - - default default] Successfully bumped revision number for resource 83e642e0-3d8a-4aee-a2aa-7d094f54080d (type: security_groups) to 1
2026-04-26 03:11:13.656 7 INFO neutron.db.ovn_revision_numbers_db [None req-aeef6c56-b30a-42b2-83e7-367734df8647 2fad5902ec8c451bbe0e880105a5f997 2778809a70ec4b2b9ce4ebfe684e40b1 - - default default] Successfully bumped revision number for resource 5f5908de-00e9-4394-913c-9c84c149bf0c (type: security_group_rules) to 0
2026-04-26 03:11:13.664 8 INFO neutron.db.ovn_revision_numbers_db [None req-f145a321-a28d-4661-9776-d273ed150289 2fad5902ec8c451bbe0e880105a5f997 2778809a70ec4b2b9ce4ebfe684e40b1 - - default default] Successfully bumped revision number for resource 1862cb55-5fa1-46cb-bd47-852196b873bd (type: security_group_rules) to 0
2026-04-26 03:11:13.670 7 INFO neutron.db.ovn_revision_numbers_db [None req-aeef6c56-b30a-42b2-83e7-367734df8647 2fad5902ec8c451bbe0e880105a5f997 2778809a70ec4b2b9ce4ebfe684e40b1 - - default default] Successfully bumped revision number for resource 6e2c342e-16e2-414b-806e-c3fbd72ad3e5 (type: security_group_rules) to 0
2026-04-26 03:11:13.679 8 INFO neutron.db.ovn_revision_numbers_db [None req-f145a321-a28d-4661-9776-d273ed150289 2fad5902ec8c451bbe0e880105a5f997 2778809a70ec4b2b9ce4ebfe684e40b1 - - default default] Successfully bumped revision number for resource 56a46de5-515e-4db9-abea-c3af7dfb4800 (type: security_group_rules) to 0
2026-04-26 03:11:13.686 7 INFO neutron.db.ovn_revision_numbers_db [None req-aeef6c56-b30a-42b2-83e7-367734df8647 2fad5902ec8c451bbe0e880105a5f997 2778809a70ec4b2b9ce4ebfe684e40b1 - - default default] Successfully bumped revision number for resource f2226b80-df14-404d-a4fa-d361996fc072 (type: security_group_rules) to 0
2026-04-26 03:11:13.692 8 INFO neutron.db.ovn_revision_numbers_db [None req-f145a321-a28d-4661-9776-d273ed150289 2fad5902ec8c451bbe0e880105a5f997 2778809a70ec4b2b9ce4ebfe684e40b1 - - default default] Successfully bumped revision number for resource 758d76b2-1132-4991-8c97-1c611222929a (type: security_group_rules) to 0
2026-04-26 03:11:13.703 8 INFO neutron.db.ovn_revision_numbers_db [None req-f145a321-a28d-4661-9776-d273ed150289 2fad5902ec8c451bbe0e880105a5f997 2778809a70ec4b2b9ce4ebfe684e40b1 - - default default] Successfully bumped revision number for resource ac8cbc85-91cc-4667-b9c2-1a9a1bf47b97 (type: security_group_rules) to 0 [pid: 8|app: 0|req: 434/948] 10.0.0.170 () {32 vars in 774 bytes} [Sun Apr 26 03:11:13 2026] GET /v2.0/security-groups?tenant_id=bb5fdf7afed946cab2a495cee78320ba&name=default => generated 2925 bytes in 233 msecs (HTTP/1.1 200) 4 headers in 158 bytes (1 switches on core 0)
2026-04-26 03:11:13.744 8 WARNING keystonemiddleware.audit [None req-f145a321-a28d-4661-9776-d273ed150289 2fad5902ec8c451bbe0e880105a5f997 2778809a70ec4b2b9ce4ebfe684e40b1 - - default default] Skipping service tempest-service-615768525 as it have no endpoints.
2026-04-26 03:11:13.781 7 INFO neutron.db.segments_db [None req-aeef6c56-b30a-42b2-83e7-367734df8647 2fad5902ec8c451bbe0e880105a5f997 2778809a70ec4b2b9ce4ebfe684e40b1 - - default default] Added segment 04518abe-514d-4806-bc81-595c9eb4577d of type geneve for network c0d9eab1-ea45-4057-8528-86a02bac4848
2026-04-26 03:11:13.905 7 INFO neutron.db.ovn_revision_numbers_db [None req-aeef6c56-b30a-42b2-83e7-367734df8647 2fad5902ec8c451bbe0e880105a5f997 2778809a70ec4b2b9ce4ebfe684e40b1 - - default default] Successfully bumped revision number for resource c0d9eab1-ea45-4057-8528-86a02bac4848 (type: networks) to 1
2026-04-26 03:11:14.085 7 WARNING neutron.scheduler.dhcp_agent_scheduler [None req-aeef6c56-b30a-42b2-83e7-367734df8647 2fad5902ec8c451bbe0e880105a5f997 2778809a70ec4b2b9ce4ebfe684e40b1 - - default default] No more DHCP agents
2026-04-26 03:11:14.086 7 WARNING neutron.api.rpc.agentnotifiers.dhcp_rpc_agent_api [None req-aeef6c56-b30a-42b2-83e7-367734df8647 2fad5902ec8c451bbe0e880105a5f997 2778809a70ec4b2b9ce4ebfe684e40b1 - - default default] Unable to schedule network c0d9eab1-ea45-4057-8528-86a02bac4848: no agents available; will retry on subsequent port and subnet creation events.
2026-04-26 03:11:14.138 7 INFO neutron.plugins.ml2.drivers.ovn.mech_driver.mech_driver [None req-fcb1c843-b4de-4927-9091-22067d876fa9 - - - - - -] OVN reports status down for port: c7c8a346-f2ef-4660-b84a-51ccbfb19fe4
2026-04-26 03:11:14.207 8 WARNING neutron.scheduler.dhcp_agent_scheduler [None req-9726bb15-7939-491f-aa8c-14116a57cfad 2d404db673f542bdbfd0d203d8823d90 f9983e1730154b05a3816c7ee2990b0d - - default default] No more DHCP agents
2026-04-26 03:11:14.207 7 INFO neutron.db.ovn_revision_numbers_db [None req-aeef6c56-b30a-42b2-83e7-367734df8647 2fad5902ec8c451bbe0e880105a5f997 2778809a70ec4b2b9ce4ebfe684e40b1 - - default default] Successfully bumped revision number for resource c7c8a346-f2ef-4660-b84a-51ccbfb19fe4 (type: ports) to 1
2026-04-26 03:11:14.209 8 WARNING neutron.api.rpc.agentnotifiers.dhcp_rpc_agent_api [None req-9726bb15-7939-491f-aa8c-14116a57cfad 2d404db673f542bdbfd0d203d8823d90 f9983e1730154b05a3816c7ee2990b0d - - default default] Unable to schedule network ac1fe082-41fb-4944-af71-071d5a78c06d: no agents available; will retry on subsequent port and subnet creation events. [pid: 7|app: 0|req: 515/949] 10.0.0.170 () {34 vars in 671 bytes} [Sun Apr 26 03:11:13 2026] POST /v2.0/networks => generated 768 bytes in 933 msecs (HTTP/1.1 201) 4 headers in 162 bytes (1 switches on core 0)
2026-04-26 03:11:14.270 8 INFO neutron.plugins.ml2.drivers.ovn.mech_driver.mech_driver [None req-06ede871-172f-4d3e-9b93-9a430cc81089 - - - - - -] OVN reports status down for port: 26e7179b-e353-4188-9baa-e3fa3e149fa2
2026-04-26 03:11:14.323 8 INFO neutron.db.ovn_revision_numbers_db [None req-9726bb15-7939-491f-aa8c-14116a57cfad 2d404db673f542bdbfd0d203d8823d90 f9983e1730154b05a3816c7ee2990b0d - - default default] Successfully bumped revision number for resource 26e7179b-e353-4188-9baa-e3fa3e149fa2 (type: ports) to 1
2026-04-26 03:11:14.406 8 WARNING neutron.scheduler.dhcp_agent_scheduler [None req-9726bb15-7939-491f-aa8c-14116a57cfad 2d404db673f542bdbfd0d203d8823d90 f9983e1730154b05a3816c7ee2990b0d - - default default] No more DHCP agents
2026-04-26 03:11:14.410 8 WARNING neutron.api.rpc.agentnotifiers.dhcp_rpc_agent_api [None req-9726bb15-7939-491f-aa8c-14116a57cfad 2d404db673f542bdbfd0d203d8823d90 f9983e1730154b05a3816c7ee2990b0d - - default default] Unable to schedule network 3b4cdd82-0764-4ad4-8ab3-db5366e11563: no agents available; will retry on subsequent port and subnet creation events.
2026-04-26 03:11:14.488 8 INFO neutron.plugins.ml2.drivers.ovn.mech_driver.mech_driver [None req-06ede871-172f-4d3e-9b93-9a430cc81089 - - - - - -] OVN reports status down for port: b4370468-02e2-46ca-8d6f-1999ee128aba [pid: 7|app: 0|req: 516/950] 10.0.0.170 () {32 vars in 740 bytes} [Sun Apr 26 03:11:14 2026] DELETE /v2.0/security-groups/83e642e0-3d8a-4aee-a2aa-7d094f54080d => generated 0 bytes in 271 msecs (HTTP/1.1 204) 2 headers in 112 bytes (1 switches on core 0)
2026-04-26 03:11:14.575 8 INFO neutron.db.ovn_revision_numbers_db [None req-9726bb15-7939-491f-aa8c-14116a57cfad 2d404db673f542bdbfd0d203d8823d90 f9983e1730154b05a3816c7ee2990b0d - - default default] Successfully bumped revision number for resource b4370468-02e2-46ca-8d6f-1999ee128aba (type: ports) to 1
2026-04-26 03:11:14.649 7 WARNING neutron.scheduler.dhcp_agent_scheduler [None req-7ae6b381-9013-45ce-a44c-273490ef3170 2fad5902ec8c451bbe0e880105a5f997 2778809a70ec4b2b9ce4ebfe684e40b1 - - default default] No more DHCP agents
2026-04-26 03:11:14.650 7 WARNING neutron.api.rpc.agentnotifiers.dhcp_rpc_agent_api [None req-7ae6b381-9013-45ce-a44c-273490ef3170 2fad5902ec8c451bbe0e880105a5f997 2778809a70ec4b2b9ce4ebfe684e40b1 - - default default] Unable to schedule network c0d9eab1-ea45-4057-8528-86a02bac4848: no agents available; will retry on subsequent port and subnet creation events. [pid: 8|app: 0|req: 435/951] 10.0.0.170 () {34 vars in 665 bytes} [Sun Apr 26 03:11:13 2026] POST /v2.0/ports => generated 1506 bytes in 950 msecs (HTTP/1.1 201) 4 headers in 163 bytes (1 switches on core 0)
2026-04-26 03:11:14.700 8 WARNING keystonemiddleware.audit [None req-9726bb15-7939-491f-aa8c-14116a57cfad 2d404db673f542bdbfd0d203d8823d90 f9983e1730154b05a3816c7ee2990b0d - - default default] Skipping service tempest-service-615768525 as it have no endpoints. /var/lib/openstack/lib/python3.12/site-packages/pycadf/identifier.py:70: UserWarning: Invalid uuid: neutron. To ensure interoperability, identifiers should be a valid uuid. warnings.warn(('Invalid uuid: %s. To ensure interoperability, ' [pid: 8|app: 0|req: 436/952] 10.0.0.170 () {32 vars in 643 bytes} [Sun Apr 26 03:11:14 2026] GET /v2.0/ports => generated 3018 bytes in 73 msecs (HTTP/1.1 200) 4 headers in 158 bytes (1 switches on core 0)
2026-04-26 03:11:14.783 8 WARNING keystonemiddleware.audit [None req-b79cfd16-bbaa-4c31-96dc-01646ac84353 2d404db673f542bdbfd0d203d8823d90 f9983e1730154b05a3816c7ee2990b0d - - default default] Skipping service tempest-service-615768525 as it have no endpoints.
2026-04-26 03:11:14.929 8 INFO neutron_taas.services.taas.taas_plugin [None req-c1255207-059e-421e-a843-c75f45b344fc 2d404db673f542bdbfd0d203d8823d90 f9983e1730154b05a3816c7ee2990b0d - - default default] TaaS: Handle Delete Port: 26e7179b-e353-4188-9baa-e3fa3e149fa2
2026-04-26 03:11:14.932 8 INFO neutron_taas.services.taas.tap_mirror_plugin [None req-c1255207-059e-421e-a843-c75f45b344fc 2d404db673f542bdbfd0d203d8823d90 f9983e1730154b05a3816c7ee2990b0d - - default default] Tap Mirror: Handle Delete Port: 26e7179b-e353-4188-9baa-e3fa3e149fa2 [pid: 8|app: 0|req: 437/953] 10.0.0.170 () {32 vars in 720 bytes} [Sun Apr 26 03:11:14 2026] DELETE /v2.0/ports/26e7179b-e353-4188-9baa-e3fa3e149fa2 => generated 0 bytes in 300 msecs (HTTP/1.1 204) 3 headers in 131 bytes (1 switches on core 0)
2026-04-26 03:11:15.188 7 INFO neutron.db.ovn_revision_numbers_db [None req-4195d987-dfbc-442f-ab70-2a3c3159c9ca - - - - - -] Successfully bumped revision number for resource c7c8a346-f2ef-4660-b84a-51ccbfb19fe4 (type: ports) to 2
2026-04-26 03:11:15.272 7 INFO neutron.db.ovn_revision_numbers_db [None req-4195d987-dfbc-442f-ab70-2a3c3159c9ca - - - - - -] Successfully bumped revision number for resource 2710a15a-4c69-4da5-aecc-f599b640bb5c (type: subnets) to 0 [pid: 7|app: 0|req: 517/954] 10.0.0.170 () {34 vars in 669 bytes} [Sun Apr 26 03:11:14 2026] POST /v2.0/subnets => generated 693 bytes in 764 msecs (HTTP/1.1 201) 4 headers in 162 bytes (1 switches on core 0)
2026-04-26 03:11:15.287 7 WARNING keystonemiddleware.audit [None req-7ae6b381-9013-45ce-a44c-273490ef3170 2fad5902ec8c451bbe0e880105a5f997 2778809a70ec4b2b9ce4ebfe684e40b1 - - default default] Skipping service tempest-service-615768525 as it have no endpoints.
2026-04-26 03:11:15.419 7 INFO neutron_taas.services.taas.taas_plugin [None req-60db570b-500d-4d64-a0d9-df1f98af6fdd 2d404db673f542bdbfd0d203d8823d90 f9983e1730154b05a3816c7ee2990b0d - - default default] TaaS: Handle Delete Port: b4370468-02e2-46ca-8d6f-1999ee128aba
2026-04-26 03:11:15.422 7 INFO neutron_taas.services.taas.tap_mirror_plugin [None req-60db570b-500d-4d64-a0d9-df1f98af6fdd 2d404db673f542bdbfd0d203d8823d90 f9983e1730154b05a3816c7ee2990b0d - - default default] Tap Mirror: Handle Delete Port: b4370468-02e2-46ca-8d6f-1999ee128aba
2026-04-26 03:11:15.488 8 INFO neutron.db.ovn_revision_numbers_db [None req-8669301f-e4b7-4ee1-a697-748f33f43e05 2fad5902ec8c451bbe0e880105a5f997 2778809a70ec4b2b9ce4ebfe684e40b1 - - default default] Successfully bumped revision number for resource 68142459-eadf-4280-8853-a41546973b61 (type: security_groups) to 1
2026-04-26 03:11:15.500 8 INFO neutron.db.ovn_revision_numbers_db [None req-8669301f-e4b7-4ee1-a697-748f33f43e05 2fad5902ec8c451bbe0e880105a5f997 2778809a70ec4b2b9ce4ebfe684e40b1 - - default default] Successfully bumped revision number for resource a00bbcb8-7030-47bd-9138-d492f7b24260 (type: security_group_rules) to 0
2026-04-26 03:11:15.512 8 INFO neutron.db.ovn_revision_numbers_db [None req-8669301f-e4b7-4ee1-a697-748f33f43e05 2fad5902ec8c451bbe0e880105a5f997 2778809a70ec4b2b9ce4ebfe684e40b1 - - default default] Successfully bumped revision number for resource da9bb8ad-5454-439e-9dbe-a1ed60c803b9 (type: security_group_rules) to 0
2026-04-26 03:11:15.527 8 INFO neutron.db.ovn_revision_numbers_db [None req-8669301f-e4b7-4ee1-a697-748f33f43e05 2fad5902ec8c451bbe0e880105a5f997 2778809a70ec4b2b9ce4ebfe684e40b1 - - default default] Successfully bumped revision number for resource dcaa3d6c-21ae-4b7d-9113-09444837cd5f (type: security_group_rules) to 0
2026-04-26 03:11:15.545 8 INFO neutron.db.ovn_revision_numbers_db [None req-8669301f-e4b7-4ee1-a697-748f33f43e05 2fad5902ec8c451bbe0e880105a5f997 2778809a70ec4b2b9ce4ebfe684e40b1 - - default default] Successfully bumped revision number for resource f4a6318b-28ed-4da3-b154-fb273a9b351d (type: security_group_rules) to 0 [pid: 7|app: 0|req: 518/955] 10.0.0.170 () {32 vars in 720 bytes} [Sun Apr 26 03:11:15 2026] DELETE /v2.0/ports/b4370468-02e2-46ca-8d6f-1999ee128aba => generated 0 bytes in 268 msecs (HTTP/1.1 204) 3 headers in 131 bytes (1 switches on core 0) [pid: 8|app: 0|req: 438/956] 10.0.0.170 () {32 vars in 774 bytes} [Sun Apr 26 03:11:15 2026] GET /v2.0/security-groups?tenant_id=57187924007b41e5914939f27cbc77c1&name=default => generated 2925 bytes in 520 msecs (HTTP/1.1 200) 4 headers in 158 bytes (1 switches on core 0)
2026-04-26 03:11:15.602 8 WARNING keystonemiddleware.audit [None req-8669301f-e4b7-4ee1-a697-748f33f43e05 2fad5902ec8c451bbe0e880105a5f997 2778809a70ec4b2b9ce4ebfe684e40b1 - - default default] Skipping service tempest-service-615768525 as it have no endpoints. [pid: 8|app: 0|req: 439/957] 10.0.0.170 () {32 vars in 643 bytes} [Sun Apr 26 03:11:15 2026] GET /v2.0/ports => generated 1523 bytes in 39 msecs (HTTP/1.1 200) 4 headers in 158 bytes (1 switches on core 0) [pid: 8|app: 0|req: 440/958] 10.0.0.170 () {32 vars in 740 bytes} [Sun Apr 26 03:11:15 2026] DELETE /v2.0/security-groups/68142459-eadf-4280-8853-a41546973b61 => generated 0 bytes in 237 msecs (HTTP/1.1 204) 2 headers in 112 bytes (1 switches on core 0)
2026-04-26 03:11:15.878 8 WARNING keystonemiddleware.audit [None req-59e1b4aa-df42-4e79-a4c9-cbbd0f4d4a0b 2fad5902ec8c451bbe0e880105a5f997 2778809a70ec4b2b9ce4ebfe684e40b1 - - default default] Skipping service tempest-service-615768525 as it have no endpoints.
2026-04-26 03:11:15.960 8 INFO neutron.db.segments_db [None req-54af83de-6f48-4ba1-b41f-3d5d33547982 2d404db673f542bdbfd0d203d8823d90 f9983e1730154b05a3816c7ee2990b0d - - default default] Added segment 783a141b-7b08-42ee-837e-154df58d0447 of type geneve for network 714210b3-6d87-43a4-8ec8-201f95bed432
2026-04-26 03:11:16.077 8 INFO neutron.db.ovn_revision_numbers_db [None req-54af83de-6f48-4ba1-b41f-3d5d33547982 2d404db673f542bdbfd0d203d8823d90 f9983e1730154b05a3816c7ee2990b0d - - default default] Successfully bumped revision number for resource 714210b3-6d87-43a4-8ec8-201f95bed432 (type: networks) to 1
2026-04-26 03:11:16.283 8 WARNING neutron.scheduler.dhcp_agent_scheduler [None req-54af83de-6f48-4ba1-b41f-3d5d33547982 2d404db673f542bdbfd0d203d8823d90 f9983e1730154b05a3816c7ee2990b0d - - default default] No more DHCP agents
2026-04-26 03:11:16.285 8 WARNING neutron.api.rpc.agentnotifiers.dhcp_rpc_agent_api [None req-54af83de-6f48-4ba1-b41f-3d5d33547982 2d404db673f542bdbfd0d203d8823d90 f9983e1730154b05a3816c7ee2990b0d - - default default] Unable to schedule network 714210b3-6d87-43a4-8ec8-201f95bed432: no agents available; will retry on subsequent port and subnet creation events.
2026-04-26 03:11:16.344 7 INFO neutron.plugins.ml2.drivers.ovn.mech_driver.mech_driver [None req-fcb1c843-b4de-4927-9091-22067d876fa9 - - - - - -] OVN reports status down for port: 4e26bb51-46c4-4fcb-8681-24b104366121
2026-04-26 03:11:16.371 8 INFO neutron.db.ovn_revision_numbers_db [None req-54af83de-6f48-4ba1-b41f-3d5d33547982 2d404db673f542bdbfd0d203d8823d90 f9983e1730154b05a3816c7ee2990b0d - - default default] Successfully bumped revision number for resource 4e26bb51-46c4-4fcb-8681-24b104366121 (type: ports) to 1 [pid: 8|app: 0|req: 441/959] 10.0.0.170 () {34 vars in 670 bytes} [Sun Apr 26 03:11:15 2026] POST /v2.0/networks => generated 673 bytes in 519 msecs (HTTP/1.1 201) 4 headers in 162 bytes (1 switches on core 0)
2026-04-26 03:11:16.406 8 WARNING keystonemiddleware.audit [None req-54af83de-6f48-4ba1-b41f-3d5d33547982 2d404db673f542bdbfd0d203d8823d90 f9983e1730154b05a3816c7ee2990b0d - - default default] Skipping service tempest-service-615768525 as it have no endpoints.
2026-04-26 03:11:16.512 8 INFO neutron.db.segments_db [None req-1c4634f9-fdb5-41a9-8ce4-e3a1b08b1686 2d404db673f542bdbfd0d203d8823d90 f9983e1730154b05a3816c7ee2990b0d - - default default] Added segment 26141654-64f4-424f-882e-80afd68d9056 of type geneve for network c09798d5-8ab0-4e19-a0bf-ae7f28d8222c
2026-04-26 03:11:16.540 7 WARNING neutron.scheduler.dhcp_agent_scheduler [None req-eecdedbb-3861-4232-9fe9-660a3500463a 2fad5902ec8c451bbe0e880105a5f997 2778809a70ec4b2b9ce4ebfe684e40b1 - - default default] No more DHCP agents
2026-04-26 03:11:16.541 7 WARNING neutron.api.rpc.agentnotifiers.dhcp_rpc_agent_api [None req-eecdedbb-3861-4232-9fe9-660a3500463a 2fad5902ec8c451bbe0e880105a5f997 2778809a70ec4b2b9ce4ebfe684e40b1 - - default default] Unable to schedule network 9faf1cb3-6f86-413e-84c6-8c86f9e89773: no agents available; will retry on subsequent port and subnet creation events.
2026-04-26 03:11:16.615 8 INFO neutron.db.ovn_revision_numbers_db [None req-1c4634f9-fdb5-41a9-8ce4-e3a1b08b1686 2d404db673f542bdbfd0d203d8823d90 f9983e1730154b05a3816c7ee2990b0d - - default default] Successfully bumped revision number for resource c09798d5-8ab0-4e19-a0bf-ae7f28d8222c (type: networks) to 1
2026-04-26 03:11:16.671 7 INFO neutron.plugins.ml2.drivers.ovn.mech_driver.mech_driver [None req-fcb1c843-b4de-4927-9091-22067d876fa9 - - - - - -] OVN reports status down for port: 35214b7e-669a-4ed3-92ad-0ec41a97901d
2026-04-26 03:11:16.744 7 INFO neutron.db.ovn_revision_numbers_db [None req-eecdedbb-3861-4232-9fe9-660a3500463a 2fad5902ec8c451bbe0e880105a5f997 2778809a70ec4b2b9ce4ebfe684e40b1 - - default default] Successfully bumped revision number for resource 35214b7e-669a-4ed3-92ad-0ec41a97901d (type: ports) to 1
2026-04-26 03:11:16.801 8 WARNING neutron.scheduler.dhcp_agent_scheduler [None req-1c4634f9-fdb5-41a9-8ce4-e3a1b08b1686 2d404db673f542bdbfd0d203d8823d90 f9983e1730154b05a3816c7ee2990b0d - - default default] No more DHCP agents
2026-04-26 03:11:16.802 8 WARNING neutron.api.rpc.agentnotifiers.dhcp_rpc_agent_api [None req-1c4634f9-fdb5-41a9-8ce4-e3a1b08b1686 2d404db673f542bdbfd0d203d8823d90 f9983e1730154b05a3816c7ee2990b0d - - default default] Unable to schedule network c09798d5-8ab0-4e19-a0bf-ae7f28d8222c: no agents available; will retry on subsequent port and subnet creation events.
2026-04-26 03:11:16.853 8 INFO neutron.plugins.ml2.drivers.ovn.mech_driver.mech_driver [None req-06ede871-172f-4d3e-9b93-9a430cc81089 - - - - - -] OVN reports status down for port: c60d5854-8d97-46b2-9228-e898d2a58f59
2026-04-26 03:11:16.900 8 INFO neutron.db.ovn_revision_numbers_db [None req-1c4634f9-fdb5-41a9-8ce4-e3a1b08b1686 2d404db673f542bdbfd0d203d8823d90 f9983e1730154b05a3816c7ee2990b0d - - default default] Successfully bumped revision number for resource c60d5854-8d97-46b2-9228-e898d2a58f59 (type: ports) to 1 [pid: 8|app: 0|req: 442/960] 10.0.0.170 () {34 vars in 670 bytes} [Sun Apr 26 03:11:16 2026] POST /v2.0/networks => generated 673 bytes in 530 msecs (HTTP/1.1 201) 4 headers in 162 bytes (1 switches on core 0)
2026-04-26 03:11:17.324 7 INFO neutron.plugins.ml2.drivers.ovn.mech_driver.ovsdb.commands [None req-02021252-1e4d-4092-903e-f2f9b8c1ebb6 - - - - - -] Schedule LRP lrp-35214b7e-669a-4ed3-92ad-0ec41a97901d on gateway e05ae1c1-6577-4787-9b5c-369e40b54b24 with priority 1
2026-04-26 03:11:17.365 8 INFO neutron.db.ovn_revision_numbers_db [None req-4c77b903-ecbd-4766-93d6-2e73384c7708 3c497f50b4db487d8dfd07567bd7a9a2 ee5135ce901448eeb8710236be2c95ab - - default default] Successfully bumped revision number for resource f3099974-26de-4769-9b6c-5de437196b70 (type: security_groups) to 1
2026-04-26 03:11:17.366 7 INFO neutron.plugins.ml2.drivers.ovn.mech_driver.mech_driver [None req-fcb1c843-b4de-4927-9091-22067d876fa9 - - - - - -] OVN reports status up for port: 35214b7e-669a-4ed3-92ad-0ec41a97901d
2026-04-26 03:11:17.384 8 INFO neutron.db.ovn_revision_numbers_db [None req-4c77b903-ecbd-4766-93d6-2e73384c7708 3c497f50b4db487d8dfd07567bd7a9a2 ee5135ce901448eeb8710236be2c95ab - - default default] Successfully bumped revision number for resource 21dc7160-7b62-4417-8a91-3e6b6ab0f3df (type: security_group_rules) to 0
2026-04-26 03:11:17.395 7 INFO neutron.plugins.ml2.plugin [None req-fcb1c843-b4de-4927-9091-22067d876fa9 - - - - - -] Attempt 1 to provision port 35214b7e-669a-4ed3-92ad-0ec41a97901d
2026-04-26 03:11:17.398 8 INFO neutron.plugins.ml2.drivers.ovn.mech_driver.ovsdb.ovsdb_monitor [None req-2b75ff74-1bf9-47b1-acf7-aa631b315133 - - - - - -] Router 1c69b260-3443-4dee-968a-d42e26d4a7da is bound to host instance
2026-04-26 03:11:17.412 8 INFO neutron.db.ovn_revision_numbers_db [None req-4c77b903-ecbd-4766-93d6-2e73384c7708 3c497f50b4db487d8dfd07567bd7a9a2 ee5135ce901448eeb8710236be2c95ab - - default default] Successfully bumped revision number for resource 39f7b401-44b8-4835-9e5d-9b02fc8db2ee (type: security_group_rules) to 0
2026-04-26 03:11:17.428 7 INFO neutron.db.ovn_revision_numbers_db [None req-eecdedbb-3861-4232-9fe9-660a3500463a 2fad5902ec8c451bbe0e880105a5f997 2778809a70ec4b2b9ce4ebfe684e40b1 - - default default] Successfully bumped revision number for resource 35214b7e-669a-4ed3-92ad-0ec41a97901d (type: router_ports) to 1
2026-04-26 03:11:17.432 8 INFO neutron.db.ovn_revision_numbers_db [None req-4c77b903-ecbd-4766-93d6-2e73384c7708 3c497f50b4db487d8dfd07567bd7a9a2 ee5135ce901448eeb8710236be2c95ab - - default default] Successfully bumped revision number for resource afb7a4eb-7304-4250-8523-caf0384d4a8a (type: security_group_rules) to 0
2026-04-26 03:11:17.448 8 INFO neutron.db.ovn_revision_numbers_db [None req-4c77b903-ecbd-4766-93d6-2e73384c7708 3c497f50b4db487d8dfd07567bd7a9a2 ee5135ce901448eeb8710236be2c95ab - - default default] Successfully bumped revision number for resource d6f6f7e5-1492-49c6-b1f2-fe7a1a931b1e (type: security_group_rules) to 0
2026-04-26 03:11:17.548 7 INFO neutron.db.ovn_revision_numbers_db [None req-eecdedbb-3861-4232-9fe9-660a3500463a 2fad5902ec8c451bbe0e880105a5f997 2778809a70ec4b2b9ce4ebfe684e40b1 - - default default] Successfully bumped revision number for resource 1c69b260-3443-4dee-968a-d42e26d4a7da (type: routers) to 2
2026-04-26 03:11:17.554 8 INFO neutron.db.segments_db [None req-4c77b903-ecbd-4766-93d6-2e73384c7708 3c497f50b4db487d8dfd07567bd7a9a2 ee5135ce901448eeb8710236be2c95ab - - default default] Added segment b8b4b889-d760-4554-a92b-a4a960a8933c of type geneve for network 11387b22-c1d4-4922-a78f-efbfe2182aba [pid: 7|app: 0|req: 519/961] 10.0.0.170 () {34 vars in 669 bytes} [Sun Apr 26 03:11:15 2026] POST /v2.0/routers => generated 971 bytes in 2009 msecs (HTTP/1.1 201) 4 headers in 162 bytes (1 switches on core 0)
2026-04-26 03:11:17.566 7 WARNING keystonemiddleware.audit [None req-eecdedbb-3861-4232-9fe9-660a3500463a 2fad5902ec8c451bbe0e880105a5f997 2778809a70ec4b2b9ce4ebfe684e40b1 - - default default] Skipping service tempest-service-615768525 as it have no endpoints.
2026-04-26 03:11:17.823 8 INFO neutron.db.ovn_revision_numbers_db [None req-4c77b903-ecbd-4766-93d6-2e73384c7708 3c497f50b4db487d8dfd07567bd7a9a2 ee5135ce901448eeb8710236be2c95ab - - default default] Successfully bumped revision number for resource 11387b22-c1d4-4922-a78f-efbfe2182aba (type: networks) to 1
2026-04-26 03:11:17.918 7 WARNING neutron.scheduler.dhcp_agent_scheduler [None req-e471654d-0e5c-4968-9291-3cd449870acc 2d404db673f542bdbfd0d203d8823d90 f9983e1730154b05a3816c7ee2990b0d - - default default] No more DHCP agents
2026-04-26 03:11:17.919 7 WARNING neutron.api.rpc.agentnotifiers.dhcp_rpc_agent_api [None req-e471654d-0e5c-4968-9291-3cd449870acc 2d404db673f542bdbfd0d203d8823d90 f9983e1730154b05a3816c7ee2990b0d - - default default] Unable to schedule network 714210b3-6d87-43a4-8ec8-201f95bed432: no agents available; will retry on subsequent port and subnet creation events.
2026-04-26 03:11:17.948 7 INFO neutron.db.ovn_revision_numbers_db [None req-e471654d-0e5c-4968-9291-3cd449870acc 2d404db673f542bdbfd0d203d8823d90 f9983e1730154b05a3816c7ee2990b0d - - default default] Successfully bumped revision number for resource b62bf2d8-bed6-4dd0-8d73-76dfd7b57634 (type: subnets) to 0
2026-04-26 03:11:17.979 7 WARNING neutron.scheduler.dhcp_agent_scheduler [None req-e471654d-0e5c-4968-9291-3cd449870acc 2d404db673f542bdbfd0d203d8823d90 f9983e1730154b05a3816c7ee2990b0d - - default default] No more DHCP agents
2026-04-26 03:11:17.981 7 WARNING neutron.api.rpc.agentnotifiers.dhcp_rpc_agent_api [None req-e471654d-0e5c-4968-9291-3cd449870acc 2d404db673f542bdbfd0d203d8823d90 f9983e1730154b05a3816c7ee2990b0d - - default default] Unable to schedule network c09798d5-8ab0-4e19-a0bf-ae7f28d8222c: no agents available; will retry on subsequent port and subnet creation events.
2026-04-26 03:11:18.006 7 INFO neutron.db.ovn_revision_numbers_db [None req-e471654d-0e5c-4968-9291-3cd449870acc 2d404db673f542bdbfd0d203d8823d90 f9983e1730154b05a3816c7ee2990b0d - - default default] Successfully bumped revision number for resource 0944034a-6011-4e45-bb5c-e3615ac0e6ce (type: subnets) to 0 [pid: 7|app: 0|req: 520/962] 10.0.0.170 () {34 vars in 669 bytes} [Sun Apr 26 03:11:17 2026] POST /v2.0/subnets => generated 1322 bytes in 461 msecs (HTTP/1.1 201) 4 headers in 163 bytes (1 switches on core 0)
2026-04-26 03:11:18.094 8 WARNING neutron.scheduler.dhcp_agent_scheduler [None req-4c77b903-ecbd-4766-93d6-2e73384c7708 3c497f50b4db487d8dfd07567bd7a9a2 ee5135ce901448eeb8710236be2c95ab - - default default] No more DHCP agents
2026-04-26 03:11:18.098 8 WARNING neutron.api.rpc.agentnotifiers.dhcp_rpc_agent_api [None req-4c77b903-ecbd-4766-93d6-2e73384c7708 3c497f50b4db487d8dfd07567bd7a9a2 ee5135ce901448eeb8710236be2c95ab - - default default] Unable to schedule network 11387b22-c1d4-4922-a78f-efbfe2182aba: no agents available; will retry on subsequent port and subnet creation events.
2026-04-26 03:11:18.179 8 INFO neutron.plugins.ml2.drivers.ovn.mech_driver.mech_driver [None req-06ede871-172f-4d3e-9b93-9a430cc81089 - - - - - -] OVN reports status down for port: 55e86bfb-33db-4bb6-b11e-672637919c68
2026-04-26 03:11:18.259 8 INFO neutron.db.ovn_revision_numbers_db [None req-4c77b903-ecbd-4766-93d6-2e73384c7708 3c497f50b4db487d8dfd07567bd7a9a2 ee5135ce901448eeb8710236be2c95ab - - default default] Successfully bumped revision number for resource 55e86bfb-33db-4bb6-b11e-672637919c68 (type: ports) to 1 [pid: 8|app: 0|req: 443/963] 10.0.0.170 () {34 vars in 670 bytes} [Sun Apr 26 03:11:16 2026] POST /v2.0/networks => generated 667 bytes in 1387 msecs (HTTP/1.1 201) 4 headers in 162 bytes (1 switches on core 0)
2026-04-26 03:11:18.526 7 WARNING neutron.scheduler.dhcp_agent_scheduler [None req-2ef8ed7e-ee68-495d-98ed-667fee496851 2fad5902ec8c451bbe0e880105a5f997 2778809a70ec4b2b9ce4ebfe684e40b1 - - default default] No more DHCP agents
2026-04-26 03:11:18.528 7 WARNING neutron.api.rpc.agentnotifiers.dhcp_rpc_agent_api [None req-2ef8ed7e-ee68-495d-98ed-667fee496851 2fad5902ec8c451bbe0e880105a5f997 2778809a70ec4b2b9ce4ebfe684e40b1 - - default default] Unable to schedule network c0d9eab1-ea45-4057-8528-86a02bac4848: no agents available; will retry on subsequent port and subnet creation events.
2026-04-26 03:11:18.666 8 INFO neutron.db.ovn_revision_numbers_db [None req-c030cf76-50bd-45f0-a9b2-b33e2ce2b261 2438bbd4ac6444ea8a9be60ffed7715a f644744bc06149cea616efe7d697f979 - - default default] Successfully bumped revision number for resource 433bd128-c336-4e71-88da-a55bb26a141f (type: security_groups) to 1
2026-04-26 03:11:18.694 7 INFO neutron.db.ovn_revision_numbers_db [None req-2ef8ed7e-ee68-495d-98ed-667fee496851 2fad5902ec8c451bbe0e880105a5f997 2778809a70ec4b2b9ce4ebfe684e40b1 - - default default] Successfully bumped revision number for resource 1e590c36-48e1-4876-a1d9-9d2219ab51e8 (type: ports) to 1
2026-04-26 03:11:18.701 8 INFO neutron.db.ovn_revision_numbers_db [None req-c030cf76-50bd-45f0-a9b2-b33e2ce2b261 2438bbd4ac6444ea8a9be60ffed7715a f644744bc06149cea616efe7d697f979 - - default default] Successfully bumped revision number for resource 3f951bcd-15d0-4357-85e8-b8e218a2e534 (type: security_group_rules) to 0
2026-04-26 03:11:18.727 8 INFO neutron.plugins.ml2.drivers.ovn.mech_driver.mech_driver [None req-06ede871-172f-4d3e-9b93-9a430cc81089 - - - - - -] OVN reports status down for port: 1e590c36-48e1-4876-a1d9-9d2219ab51e8
2026-04-26 03:11:18.747 8 INFO neutron.db.ovn_revision_numbers_db [None req-c030cf76-50bd-45f0-a9b2-b33e2ce2b261 2438bbd4ac6444ea8a9be60ffed7715a f644744bc06149cea616efe7d697f979 - - default default] Successfully bumped revision number for resource 864c9954-3640-4b4c-8415-6bdcace24e4c (type: security_group_rules) to 0
2026-04-26 03:11:18.814 8 INFO neutron.db.ovn_revision_numbers_db [None req-c030cf76-50bd-45f0-a9b2-b33e2ce2b261 2438bbd4ac6444ea8a9be60ffed7715a f644744bc06149cea616efe7d697f979 - - default default] Successfully bumped revision number for resource bde0ed5d-4927-45b2-930d-86a949331ed1 (type: security_group_rules) to 0
2026-04-26 03:11:18.851 8 INFO neutron.db.ovn_revision_numbers_db [None req-c030cf76-50bd-45f0-a9b2-b33e2ce2b261 2438bbd4ac6444ea8a9be60ffed7715a f644744bc06149cea616efe7d697f979 - - default default] Successfully bumped revision number for resource dab10d25-bb35-43d4-8f7d-bec3735c2612 (type: security_group_rules) to 0
2026-04-26 03:11:18.861 8 INFO neutron.db.ovn_revision_numbers_db [None req-cacc694b-5367-44ff-bc00-9c0c3db2b102 - - - - - -] Successfully bumped revision number for resource 35214b7e-669a-4ed3-92ad-0ec41a97901d (type: ports) to 4
2026-04-26 03:11:19.075 8 INFO neutron.db.ovn_revision_numbers_db [None req-c030cf76-50bd-45f0-a9b2-b33e2ce2b261 2438bbd4ac6444ea8a9be60ffed7715a f644744bc06149cea616efe7d697f979 - - default default] Successfully bumped revision number for resource 7e7f67c7-a99b-4a07-a968-5f72285d9fb0 (type: security_groups) to 1
