Mar 31 21:00:33.411514 np0000161977 neutron-periodic-workers[104286]: DEBUG cotyledon.oslo_config_glue [-] ml2.tunnelled_network_rp_name = rp_tunnelled {{(pid=104286) log_opt_values /opt/stack/data/venv/lib/python3.12/site-packages/oslo_config/cfg.py:3006}}
Mar 31 21:00:33.411546 np0000161977 neutron-periodic-workers[104286]: DEBUG cotyledon.oslo_config_glue [-] ml2.type_drivers = ['local', 'flat', 'vlan', 'geneve'] {{(pid=104286) log_opt_values /opt/stack/data/venv/lib/python3.12/site-packages/oslo_config/cfg.py:3006}}
Mar 31 21:00:33.411656 np0000161977 neutron-periodic-workers[104286]: DEBUG cotyledon.oslo_config_glue [-] ml2_type_flat.flat_networks = ['public'] {{(pid=104286) log_opt_values /opt/stack/data/venv/lib/python3.12/site-packages/oslo_config/cfg.py:3006}}
Mar 31 21:00:33.411691 np0000161977 neutron-periodic-workers[104286]: DEBUG cotyledon.oslo_config_glue [-] ml2_type_geneve.max_header_size = 38 {{(pid=104286) log_opt_values /opt/stack/data/venv/lib/python3.12/site-packages/oslo_config/cfg.py:3006}}
Mar 31 21:00:33.411744 np0000161977 neutron-periodic-workers[104286]: DEBUG cotyledon.oslo_config_glue [-] ml2_type_geneve.vni_ranges = ['1:65536'] {{(pid=104286) log_opt_values /opt/stack/data/venv/lib/python3.12/site-packages/oslo_config/cfg.py:3006}}
Mar 31 21:00:33.411804 np0000161977 neutron-periodic-workers[104286]: DEBUG cotyledon.oslo_config_glue [-] ml2_type_vlan.network_vlan_ranges = ['public'] {{(pid=104286) log_opt_values /opt/stack/data/venv/lib/python3.12/site-packages/oslo_config/cfg.py:3006}}
Mar 31 21:00:33.411880 np0000161977 neutron-periodic-workers[104286]: DEBUG cotyledon.oslo_config_glue [-] network_log.burst_limit = 25 {{(pid=104286) log_opt_values /opt/stack/data/venv/lib/python3.12/site-packages/oslo_config/cfg.py:3006}}
Mar 31 21:00:33.411914 np0000161977 neutron-periodic-workers[104286]: DEBUG cotyledon.oslo_config_glue [-] network_log.local_output_log_base = None {{(pid=104286) log_opt_values /opt/stack/data/venv/lib/python3.12/site-packages/oslo_config/cfg.py:3006}}
Mar 31 21:00:33.411967 np0000161977 neutron-periodic-workers[104286]: DEBUG cotyledon.oslo_config_glue [-] network_log.rate_limit = 100 {{(pid=104286) log_opt_values /opt/stack/data/venv/lib/python3.12/site-packages/oslo_config/cfg.py:3006}}
Mar 31 21:00:33.412036 np0000161977 neutron-periodic-workers[104286]: DEBUG cotyledon.oslo_config_glue [-] database.asyncio_connection = **** {{(pid=104286) log_opt_values /opt/stack/data/venv/lib/python3.12/site-packages/oslo_config/cfg.py:3006}}
Mar 31 21:00:33.412079 np0000161977 neutron-periodic-workers[104286]: DEBUG cotyledon.oslo_config_glue [-] database.asyncio_slave_connection = **** {{(pid=104286) log_opt_values /opt/stack/data/venv/lib/python3.12/site-packages/oslo_config/cfg.py:3006}}
Mar 31 21:00:33.412139 np0000161977 neutron-periodic-workers[104286]: DEBUG cotyledon.oslo_config_glue [-] database.backend = sqlalchemy {{(pid=104286) log_opt_values /opt/stack/data/venv/lib/python3.12/site-packages/oslo_config/cfg.py:3006}}
Mar 31 21:00:33.412202 np0000161977 neutron-periodic-workers[104286]: DEBUG cotyledon.oslo_config_glue [-] database.connection = **** {{(pid=104286) log_opt_values /opt/stack/data/venv/lib/python3.12/site-packages/oslo_config/cfg.py:3006}}
Mar 31 21:00:33.412259 np0000161977 neutron-periodic-workers[104286]: DEBUG cotyledon.oslo_config_glue [-] database.connection_debug = 0 {{(pid=104286) log_opt_values /opt/stack/data/venv/lib/python3.12/site-packages/oslo_config/cfg.py:3006}}
Mar 31 21:00:33.412291 np0000161977 neutron-periodic-workers[104286]: DEBUG cotyledon.oslo_config_glue [-] database.connection_parameters = {{(pid=104286) log_opt_values /opt/stack/data/venv/lib/python3.12/site-packages/oslo_config/cfg.py:3006}}
Mar 31 21:00:33.412360 np0000161977 neutron-periodic-workers[104286]: DEBUG cotyledon.oslo_config_glue [-] database.connection_recycle_time = 3600 {{(pid=104286) log_opt_values /opt/stack/data/venv/lib/python3.12/site-packages/oslo_config/cfg.py:3006}}
Mar 31 21:00:33.412424 np0000161977 neutron-periodic-workers[104286]: DEBUG cotyledon.oslo_config_glue [-] database.connection_trace = False {{(pid=104286) log_opt_values /opt/stack/data/venv/lib/python3.12/site-packages/oslo_config/cfg.py:3006}}
Mar 31 21:00:33.412463 np0000161977 neutron-periodic-workers[104286]: DEBUG cotyledon.oslo_config_glue [-] database.db_inc_retry_interval = True {{(pid=104286) log_opt_values /opt/stack/data/venv/lib/python3.12/site-packages/oslo_config/cfg.py:3006}}
Mar 31 21:00:33.412498 np0000161977 neutron-periodic-workers[104286]: DEBUG cotyledon.oslo_config_glue [-] database.db_max_retries = 20 {{(pid=104286) log_opt_values /opt/stack/data/venv/lib/python3.12/site-packages/oslo_config/cfg.py:3006}}
Mar 31 21:00:33.412546 np0000161977 neutron-periodic-workers[104286]: DEBUG cotyledon.oslo_config_glue [-] database.db_max_retry_interval = 10 {{(pid=104286) log_opt_values /opt/stack/data/venv/lib/python3.12/site-packages/oslo_config/cfg.py:3006}}
Mar 31 21:00:33.412577 np0000161977 neutron-periodic-workers[104286]: DEBUG cotyledon.oslo_config_glue [-] database.db_retry_interval = 1 {{(pid=104286) log_opt_values /opt/stack/data/venv/lib/python3.12/site-packages/oslo_config/cfg.py:3006}}
Mar 31 21:00:33.412613 np0000161977 neutron-periodic-workers[104286]: DEBUG cotyledon.oslo_config_glue [-] database.max_overflow = 50 {{(pid=104286) log_opt_values /opt/stack/data/venv/lib/python3.12/site-packages/oslo_config/cfg.py:3006}}
Mar 31 21:00:33.412678 np0000161977 neutron-periodic-workers[104286]: DEBUG cotyledon.oslo_config_glue [-] database.max_pool_size = 5 {{(pid=104286) log_opt_values /opt/stack/data/venv/lib/python3.12/site-packages/oslo_config/cfg.py:3006}}
Mar 31 21:00:33.412722 np0000161977 neutron-periodic-workers[104286]: DEBUG cotyledon.oslo_config_glue [-] database.max_retries = 10 {{(pid=104286) log_opt_values /opt/stack/data/venv/lib/python3.12/site-packages/oslo_config/cfg.py:3006}}
Mar 31 21:00:33.412779 np0000161977 neutron-periodic-workers[104286]: DEBUG cotyledon.oslo_config_glue [-] database.mysql_sql_mode = TRADITIONAL {{(pid=104286) log_opt_values /opt/stack/data/venv/lib/python3.12/site-packages/oslo_config/cfg.py:3006}}
Mar 31 21:00:33.412819 np0000161977 neutron-periodic-workers[104286]: DEBUG cotyledon.oslo_config_glue [-] database.mysql_wsrep_sync_wait = None {{(pid=104286) log_opt_values /opt/stack/data/venv/lib/python3.12/site-packages/oslo_config/cfg.py:3006}}
Mar 31 21:00:33.412870 np0000161977 neutron-periodic-workers[104286]: DEBUG cotyledon.oslo_config_glue [-] database.pool_timeout = None {{(pid=104286) log_opt_values /opt/stack/data/venv/lib/python3.12/site-packages/oslo_config/cfg.py:3006}}
Mar 31 21:00:33.412901 np0000161977 neutron-periodic-workers[104286]: DEBUG cotyledon.oslo_config_glue [-] database.retry_interval = 10 {{(pid=104286) log_opt_values /opt/stack/data/venv/lib/python3.12/site-packages/oslo_config/cfg.py:3006}}
Mar 31 21:00:33.412950 np0000161977 neutron-periodic-workers[104286]: DEBUG cotyledon.oslo_config_glue [-] database.slave_connection = **** {{(pid=104286) log_opt_values /opt/stack/data/venv/lib/python3.12/site-packages/oslo_config/cfg.py:3006}}
Mar 31 21:00:33.412996 np0000161977 neutron-periodic-workers[104286]: DEBUG cotyledon.oslo_config_glue [-] database.sqlite_synchronous = True {{(pid=104286) log_opt_values /opt/stack/data/venv/lib/python3.12/site-packages/oslo_config/cfg.py:3006}}
Mar 31 21:00:33.413060 np0000161977 neutron-periodic-workers[104286]: DEBUG cotyledon.oslo_config_glue [-] database.synchronous_reader = True {{(pid=104286) log_opt_values /opt/stack/data/venv/lib/python3.12/site-packages/oslo_config/cfg.py:3006}}
Mar 31 21:00:33.413156 np0000161977 neutron-periodic-workers[104286]: DEBUG cotyledon.oslo_config_glue [-] database.use_db_reconnect = False {{(pid=104286) log_opt_values /opt/stack/data/venv/lib/python3.12/site-packages/oslo_config/cfg.py:3006}}
Mar 31 21:00:33.413205 np0000161977 neutron-periodic-workers[104286]: DEBUG cotyledon.oslo_config_glue [-] ovn.bfd_min_rx = 1000 {{(pid=104286) log_opt_values /opt/stack/data/venv/lib/python3.12/site-packages/oslo_config/cfg.py:3006}}
Mar 31 21:00:33.413245 np0000161977 neutron-periodic-workers[104286]: DEBUG cotyledon.oslo_config_glue [-] ovn.bfd_min_tx = 100 {{(pid=104286) log_opt_values /opt/stack/data/venv/lib/python3.12/site-packages/oslo_config/cfg.py:3006}}
Mar 31 21:00:33.413307 np0000161977 neutron-periodic-workers[104286]: DEBUG cotyledon.oslo_config_glue [-] ovn.bfd_mult = 3 {{(pid=104286) log_opt_values /opt/stack/data/venv/lib/python3.12/site-packages/oslo_config/cfg.py:3006}}
Mar 31 21:00:33.413345 np0000161977 neutron-periodic-workers[104286]: DEBUG cotyledon.oslo_config_glue [-] ovn.broadcast_arps_to_all_routers = True {{(pid=104286) log_opt_values /opt/stack/data/venv/lib/python3.12/site-packages/oslo_config/cfg.py:3006}}
Mar 31 21:00:33.413396 np0000161977 neutron-periodic-workers[104286]: DEBUG cotyledon.oslo_config_glue [-] ovn.dhcp_default_lease_time = 43200 {{(pid=104286) log_opt_values /opt/stack/data/venv/lib/python3.12/site-packages/oslo_config/cfg.py:3006}}
Mar 31 21:00:33.413448 np0000161977 neutron-periodic-workers[104286]: DEBUG cotyledon.oslo_config_glue [-] ovn.disable_ovn_dhcp_for_baremetal_ports = False {{(pid=104286) log_opt_values /opt/stack/data/venv/lib/python3.12/site-packages/oslo_config/cfg.py:3006}}
Mar 31 21:00:33.413484 np0000161977 neutron-periodic-workers[104286]: DEBUG cotyledon.oslo_config_glue [-] ovn.dns_records_ovn_owned = False {{(pid=104286) log_opt_values /opt/stack/data/venv/lib/python3.12/site-packages/oslo_config/cfg.py:3006}}
Mar 31 21:00:33.413528 np0000161977 neutron-periodic-workers[104286]: DEBUG cotyledon.oslo_config_glue [-] ovn.dns_servers = [] {{(pid=104286) log_opt_values /opt/stack/data/venv/lib/python3.12/site-packages/oslo_config/cfg.py:3006}}
Mar 31 21:00:33.413563 np0000161977 neutron-periodic-workers[104286]: DEBUG cotyledon.oslo_config_glue [-] ovn.enable_distributed_floating_ip = False {{(pid=104286) log_opt_values /opt/stack/data/venv/lib/python3.12/site-packages/oslo_config/cfg.py:3006}}
Mar 31 21:00:33.413610 np0000161977 neutron-periodic-workers[104286]: DEBUG cotyledon.oslo_config_glue [-] ovn.fdb_age_threshold = 300 {{(pid=104286) log_opt_values /opt/stack/data/venv/lib/python3.12/site-packages/oslo_config/cfg.py:3006}}
Mar 31 21:00:33.413650 np0000161977 neutron-periodic-workers[104286]: DEBUG cotyledon.oslo_config_glue [-] ovn.ha_failover_strategy = normal {{(pid=104286) log_opt_values /opt/stack/data/venv/lib/python3.12/site-packages/oslo_config/cfg.py:3006}}
Mar 31 21:00:33.413696 np0000161977 neutron-periodic-workers[104286]: DEBUG cotyledon.oslo_config_glue [-] ovn.live_migration_activation_strategy = rarp {{(pid=104286) log_opt_values /opt/stack/data/venv/lib/python3.12/site-packages/oslo_config/cfg.py:3006}}
Mar 31 21:00:33.413728 np0000161977 neutron-periodic-workers[104286]: DEBUG cotyledon.oslo_config_glue [-] ovn.localnet_learn_fdb = False {{(pid=104286) log_opt_values /opt/stack/data/venv/lib/python3.12/site-packages/oslo_config/cfg.py:3006}}
Mar 31 21:00:33.413786 np0000161977 neutron-periodic-workers[104286]: DEBUG cotyledon.oslo_config_glue [-] ovn.mac_binding_age_threshold = 300 {{(pid=104286) log_opt_values /opt/stack/data/venv/lib/python3.12/site-packages/oslo_config/cfg.py:3006}}
Mar 31 21:00:33.413818 np0000161977 neutron-periodic-workers[104286]: DEBUG cotyledon.oslo_config_glue [-] ovn.neutron_sync_mode = log {{(pid=104286) log_opt_values /opt/stack/data/venv/lib/python3.12/site-packages/oslo_config/cfg.py:3006}}
Mar 31 21:00:33.413875 np0000161977 neutron-periodic-workers[104286]: DEBUG cotyledon.oslo_config_glue [-] ovn.ovn_dhcp4_global_options = {} {{(pid=104286) log_opt_values /opt/stack/data/venv/lib/python3.12/site-packages/oslo_config/cfg.py:3006}}
Mar 31 21:00:33.413907 np0000161977 neutron-periodic-workers[104286]: DEBUG cotyledon.oslo_config_glue [-] ovn.ovn_dhcp6_global_options = {} {{(pid=104286) log_opt_values /opt/stack/data/venv/lib/python3.12/site-packages/oslo_config/cfg.py:3006}}
Mar 31 21:00:33.413960 np0000161977 neutron-periodic-workers[104286]: DEBUG cotyledon.oslo_config_glue [-] ovn.ovn_l3_scheduler = leastloaded {{(pid=104286) log_opt_values /opt/stack/data/venv/lib/python3.12/site-packages/oslo_config/cfg.py:3006}}
Mar 31 21:00:33.413993 np0000161977 neutron-periodic-workers[104286]: DEBUG cotyledon.oslo_config_glue [-] ovn.ovn_metadata_enabled = True {{(pid=104286) log_opt_values /opt/stack/data/venv/lib/python3.12/site-packages/oslo_config/cfg.py:3006}}
Mar 31 21:00:33.414064 np0000161977 neutron-periodic-workers[104286]: DEBUG cotyledon.oslo_config_glue [-] ovn.ovn_nb_ca_cert = /opt/stack/data/CA/int-ca/ca-chain.pem {{(pid=104286) log_opt_values /opt/stack/data/venv/lib/python3.12/site-packages/oslo_config/cfg.py:3006}}
Mar 31 21:00:33.414115 np0000161977 neutron-periodic-workers[104286]: DEBUG cotyledon.oslo_config_glue [-] ovn.ovn_nb_certificate = /opt/stack/data/CA/int-ca/devstack-cert.crt {{(pid=104286) log_opt_values /opt/stack/data/venv/lib/python3.12/site-packages/oslo_config/cfg.py:3006}}
Mar 31 21:00:33.414150 np0000161977 neutron-periodic-workers[104286]: DEBUG cotyledon.oslo_config_glue [-] ovn.ovn_nb_connection = ['ssl:162.253.55.62:6641'] {{(pid=104286) log_opt_values /opt/stack/data/venv/lib/python3.12/site-packages/oslo_config/cfg.py:3006}}
Mar 31 21:00:33.414204 np0000161977 neutron-periodic-workers[104286]: DEBUG cotyledon.oslo_config_glue [-] ovn.ovn_nb_private_key = /opt/stack/data/CA/int-ca/private/devstack-cert.key {{(pid=104286) log_opt_values /opt/stack/data/venv/lib/python3.12/site-packages/oslo_config/cfg.py:3006}}
Mar 31 21:00:33.414237 np0000161977 neutron-periodic-workers[104286]: DEBUG cotyledon.oslo_config_glue [-] ovn.ovn_router_indirect_snat = False {{(pid=104286) log_opt_values /opt/stack/data/venv/lib/python3.12/site-packages/oslo_config/cfg.py:3006}}
Mar 31 21:00:33.414287 np0000161977 neutron-periodic-workers[104286]: DEBUG cotyledon.oslo_config_glue [-] ovn.ovn_sb_ca_cert = /opt/stack/data/CA/int-ca/ca-chain.pem {{(pid=104286) log_opt_values /opt/stack/data/venv/lib/python3.12/site-packages/oslo_config/cfg.py:3006}}
Mar 31 21:00:33.414320 np0000161977 neutron-periodic-workers[104286]: DEBUG cotyledon.oslo_config_glue [-] ovn.ovn_sb_certificate = /opt/stack/data/CA/int-ca/devstack-cert.crt {{(pid=104286) log_opt_values /opt/stack/data/venv/lib/python3.12/site-packages/oslo_config/cfg.py:3006}}
Mar 31 21:00:33.414386 np0000161977 neutron-periodic-workers[104286]: DEBUG cotyledon.oslo_config_glue [-] ovn.ovn_sb_connection = ['ssl:162.253.55.62:6642'] {{(pid=104286) log_opt_values /opt/stack/data/venv/lib/python3.12/site-packages/oslo_config/cfg.py:3006}}
Mar 31 21:00:33.414429 np0000161977 neutron-periodic-workers[104286]: DEBUG cotyledon.oslo_config_glue [-] ovn.ovn_sb_private_key = /opt/stack/data/CA/int-ca/private/devstack-cert.key {{(pid=104286) log_opt_values /opt/stack/data/venv/lib/python3.12/site-packages/oslo_config/cfg.py:3006}}
Mar 31 21:00:33.414460 np0000161977 neutron-periodic-workers[104286]: DEBUG cotyledon.oslo_config_glue [-] ovn.ovs_create_tap = False {{(pid=104286) log_opt_values /opt/stack/data/venv/lib/python3.12/site-packages/oslo_config/cfg.py:3006}}
Mar 31 21:00:33.414521 np0000161977 neutron-periodic-workers[104286]: DEBUG cotyledon.oslo_config_glue [-] ovn.ovsdb_connection_timeout = 180 {{(pid=104286) log_opt_values /opt/stack/data/venv/lib/python3.12/site-packages/oslo_config/cfg.py:3006}}
Mar 31 21:00:33.414553 np0000161977 neutron-periodic-workers[104286]: DEBUG cotyledon.oslo_config_glue [-] ovn.ovsdb_log_level = INFO {{(pid=104286) log_opt_values /opt/stack/data/venv/lib/python3.12/site-packages/oslo_config/cfg.py:3006}}
Mar 31 21:00:33.414598 np0000161977 neutron-periodic-workers[104286]: DEBUG cotyledon.oslo_config_glue [-] ovn.ovsdb_probe_interval = 60000 {{(pid=104286) log_opt_values /opt/stack/data/venv/lib/python3.12/site-packages/oslo_config/cfg.py:3006}}
Mar 31 21:00:33.414629 np0000161977 neutron-periodic-workers[104286]: DEBUG cotyledon.oslo_config_glue [-] ovn.ovsdb_retry_max_interval = 180 {{(pid=104286) log_opt_values /opt/stack/data/venv/lib/python3.12/site-packages/oslo_config/cfg.py:3006}}
Mar 31 21:00:33.414678 np0000161977 neutron-periodic-workers[104286]: DEBUG cotyledon.oslo_config_glue [-] ovn.stateless_nat_enabled = False {{(pid=104286) log_opt_values /opt/stack/data/venv/lib/python3.12/site-packages/oslo_config/cfg.py:3006}}
Mar 31 21:00:33.414744 np0000161977 neutron-periodic-workers[104286]: DEBUG cotyledon.oslo_config_glue [-] ovn.vhost_sock_dir = /var/run/openvswitch {{(pid=104286) log_opt_values /opt/stack/data/venv/lib/python3.12/site-packages/oslo_config/cfg.py:3006}}
Mar 31 21:00:33.414807 np0000161977 neutron-periodic-workers[104286]: DEBUG cotyledon.oslo_config_glue [-] OVS.bridge_mac_table_size = 50000 {{(pid=104286) log_opt_values /opt/stack/data/venv/lib/python3.12/site-packages/oslo_config/cfg.py:3006}}
Mar 31 21:00:33.414881 np0000161977 neutron-periodic-workers[104286]: DEBUG cotyledon.oslo_config_glue [-] OVS.igmp_flood = False {{(pid=104286) log_opt_values /opt/stack/data/venv/lib/python3.12/site-packages/oslo_config/cfg.py:3006}}
Mar 31 21:00:33.414936 np0000161977 neutron-periodic-workers[104286]: DEBUG cotyledon.oslo_config_glue [-] OVS.igmp_flood_reports = True {{(pid=104286) log_opt_values /opt/stack/data/venv/lib/python3.12/site-packages/oslo_config/cfg.py:3006}}
Mar 31 21:00:33.414991 np0000161977 neutron-periodic-workers[104286]: DEBUG cotyledon.oslo_config_glue [-] OVS.igmp_flood_unregistered = False {{(pid=104286) log_opt_values /opt/stack/data/venv/lib/python3.12/site-packages/oslo_config/cfg.py:3006}}
Mar 31 21:00:33.415044 np0000161977 neutron-periodic-workers[104286]: DEBUG cotyledon.oslo_config_glue [-] OVS.igmp_snooping_enable = False {{(pid=104286) log_opt_values /opt/stack/data/venv/lib/python3.12/site-packages/oslo_config/cfg.py:3006}}
Mar 31 21:00:33.415096 np0000161977 neutron-periodic-workers[104286]: DEBUG cotyledon.oslo_config_glue [-] OVS.ovsdb_timeout = 10 {{(pid=104286) log_opt_values /opt/stack/data/venv/lib/python3.12/site-packages/oslo_config/cfg.py:3006}}
Mar 31 21:00:33.415133 np0000161977 neutron-periodic-workers[104286]: DEBUG cotyledon.oslo_config_glue [-] ovn_nb_global.fdb_removal_limit = 0 {{(pid=104286) log_opt_values /opt/stack/data/venv/lib/python3.12/site-packages/oslo_config/cfg.py:3006}}
Mar 31 21:00:33.415168 np0000161977 neutron-periodic-workers[104286]: DEBUG cotyledon.oslo_config_glue [-] ovn_nb_global.ignore_lsp_down = False {{(pid=104286) log_opt_values /opt/stack/data/venv/lib/python3.12/site-packages/oslo_config/cfg.py:3006}}
Mar 31 21:00:33.415209 np0000161977 neutron-periodic-workers[104286]: DEBUG cotyledon.oslo_config_glue [-] ovn_nb_global.mac_binding_removal_limit = 0 {{(pid=104286) log_opt_values /opt/stack/data/venv/lib/python3.12/site-packages/oslo_config/cfg.py:3006}}
Mar 31 21:00:33.415244 np0000161977 neutron-periodic-workers[104286]: DEBUG cotyledon.oslo_config_glue [-] ******************************************************************************** {{(pid=104286) log_opt_values /opt/stack/data/venv/lib/python3.12/site-packages/oslo_config/cfg.py:3013}}
Mar 31 21:00:33.415477 np0000161977 neutron-periodic-workers[104286]: DEBUG cotyledon._service_worker [-] Run service ServiceWrapper(0) [104286] {{(pid=104286) wait_forever /opt/stack/data/venv/lib/python3.12/site-packages/cotyledon/_service_worker.py:218}}
Mar 31 21:00:43.077386 np0000161977 neutron-periodic-workers[103527]: DEBUG dbcounter [-] [103527] Writing DB stats neutron:SELECT=4 {{(pid=103527) stat_writer /opt/stack/data/venv/lib/python3.12/site-packages/dbcounter.py:115}}
Mar 31 21:01:10.413440 np0000161977 neutron-periodic-workers[104276]: DEBUG oslo_db.sqlalchemy.engines [None req-5f047378-bde8-4cdf-ac13-de9cdf206393 None None] Parent process 103527 forked (104276) with an open database connection, which is being discarded and recreated. {{(pid=104276) checkout /opt/stack/data/venv/lib/python3.12/site-packages/oslo_db/sqlalchemy/engines.py:402}}
Mar 31 21:01:10.425424 np0000161977 neutron-periodic-workers[104276]: DEBUG dbcounter [-] [104276] Writer thread running {{(pid=104276) stat_writer /opt/stack/data/venv/lib/python3.12/site-packages/dbcounter.py:102}}
Mar 31 21:01:10.429772 np0000161977 neutron-periodic-workers[104276]: DEBUG neutron.db.agents_db [None req-5f047378-bde8-4cdf-ac13-de9cdf206393 None None] Agent healthcheck: found 0 active agents {{(pid=104276) agent_health_check /opt/stack/neutron/neutron/db/agents_db.py:317}}
Mar 31 21:01:10.429955 np0000161977 neutron-periodic-workers[104276]: DEBUG oslo.service.backend._threading.loopingcall [None req-5f047378-bde8-4cdf-ac13-de9cdf206393 None None] Fixed interval looping call 'neutron.plugins.ml2.plugin.AgentDbMixin.agent_health_check' sleeping for 36.97 seconds {{(pid=104276) _run_loop /opt/stack/data/venv/lib/python3.12/site-packages/oslo_service/backend/_threading/loopingcall.py:125}}
Mar 31 21:01:17.395533 np0000161977 neutron-periodic-workers[104268]: DEBUG dbcounter [-] [104268] Writer thread running {{(pid=104268) stat_writer /opt/stack/data/venv/lib/python3.12/site-packages/dbcounter.py:102}}
Mar 31 21:01:17.403418 np0000161977 neutron-periodic-workers[104268]: DEBUG oslo.service.backend._threading.loopingcall [None req-2c8cd760-7376-4f8c-b501-39e8a72af719 None None] Fixed interval looping call 'neutron.plugins.ml2.plugin.DhcpAgentSchedulerDbMixin.remove_networks_from_down_agents' sleeping for 36.98 seconds {{(pid=104268) _run_loop /opt/stack/data/venv/lib/python3.12/site-packages/oslo_service/backend/_threading/loopingcall.py:125}}
Mar 31 21:01:20.426100 np0000161977 neutron-periodic-workers[104276]: DEBUG dbcounter [-] [104276] Writing DB stats neutron:SELECT=1 {{(pid=104276) stat_writer /opt/stack/data/venv/lib/python3.12/site-packages/dbcounter.py:115}}
Mar 31 21:01:27.402651 np0000161977 neutron-periodic-workers[104268]: DEBUG dbcounter [-] [104268] Writing DB stats neutron:SELECT=3 {{(pid=104268) stat_writer /opt/stack/data/venv/lib/python3.12/site-packages/dbcounter.py:115}}
Mar 31 21:01:47.408376 np0000161977 neutron-periodic-workers[104276]: DEBUG neutron.db.agents_db [None req-5f047378-bde8-4cdf-ac13-de9cdf206393 None None] Agent healthcheck: found 0 active agents {{(pid=104276) agent_health_check /opt/stack/neutron/neutron/db/agents_db.py:317}}
Mar 31 21:01:47.408863 np0000161977 neutron-periodic-workers[104276]: DEBUG oslo.service.backend._threading.loopingcall [None req-5f047378-bde8-4cdf-ac13-de9cdf206393 None None] Fixed interval looping call 'neutron.plugins.ml2.plugin.AgentDbMixin.agent_health_check' sleeping for 36.99 seconds {{(pid=104276) _run_loop /opt/stack/data/venv/lib/python3.12/site-packages/oslo_service/backend/_threading/loopingcall.py:125}}
Mar 31 21:01:54.396088 np0000161977 neutron-periodic-workers[104268]: DEBUG oslo.service.backend._threading.loopingcall [None req-2c8cd760-7376-4f8c-b501-39e8a72af719 None None] Fixed interval looping call 'neutron.plugins.ml2.plugin.DhcpAgentSchedulerDbMixin.remove_networks_from_down_agents' sleeping for 36.99 seconds {{(pid=104268) _run_loop /opt/stack/data/venv/lib/python3.12/site-packages/oslo_service/backend/_threading/loopingcall.py:125}}
Mar 31 21:01:57.404688 np0000161977 neutron-periodic-workers[104276]: DEBUG dbcounter [-] [104276] Writing DB stats neutron:SELECT=1 {{(pid=104276) stat_writer /opt/stack/data/venv/lib/python3.12/site-packages/dbcounter.py:115}}
Mar 31 21:02:04.394659 np0000161977 neutron-periodic-workers[104268]: DEBUG dbcounter [-] [104268] Writing DB stats neutron:SELECT=3 {{(pid=104268) stat_writer /opt/stack/data/venv/lib/python3.12/site-packages/dbcounter.py:115}}
Mar 31 21:02:24.405848 np0000161977 neutron-periodic-workers[104276]: DEBUG neutron.db.agents_db [None req-5f047378-bde8-4cdf-ac13-de9cdf206393 None None] Agent healthcheck: found 0 active agents {{(pid=104276) agent_health_check /opt/stack/neutron/neutron/db/agents_db.py:317}}
Mar 31 21:02:24.406584 np0000161977 neutron-periodic-workers[104276]: DEBUG oslo.service.backend._threading.loopingcall [None req-5f047378-bde8-4cdf-ac13-de9cdf206393 None None] Fixed interval looping call 'neutron.plugins.ml2.plugin.AgentDbMixin.agent_health_check' sleeping for 36.99 seconds {{(pid=104276) _run_loop /opt/stack/data/venv/lib/python3.12/site-packages/oslo_service/backend/_threading/loopingcall.py:125}}
Mar 31 21:02:31.398831 np0000161977 neutron-periodic-workers[104268]: DEBUG oslo.service.backend._threading.loopingcall [None req-2c8cd760-7376-4f8c-b501-39e8a72af719 None None] Fixed interval looping call 'neutron.plugins.ml2.plugin.DhcpAgentSchedulerDbMixin.remove_networks_from_down_agents' sleeping for 36.99 seconds {{(pid=104268) _run_loop /opt/stack/data/venv/lib/python3.12/site-packages/oslo_service/backend/_threading/loopingcall.py:125}}
Mar 31 21:02:33.429745 np0000161977 neutron-periodic-workers[104286]: DEBUG dbcounter [-] [104286] Writer thread running {{(pid=104286) stat_writer /opt/stack/data/venv/lib/python3.12/site-packages/dbcounter.py:102}}
Mar 31 21:02:33.431699 np0000161977 neutron-periodic-workers[104286]: DEBUG oslo.service.backend._threading.loopingcall [None req-6a2ba822-cffe-4be2-b4cc-02a3d210b4e4 None None] Fixed interval looping call 'neutron.db.quota.driver_nolock.DbQuotaNoLockDriver._remove_expired_reservations' sleeping for 119.99 seconds {{(pid=104286) _run_loop /opt/stack/data/venv/lib/python3.12/site-packages/oslo_service/backend/_threading/loopingcall.py:125}}
Mar 31 21:02:34.403682 np0000161977 neutron-periodic-workers[104276]: DEBUG dbcounter [-] [104276] Writing DB stats neutron:SELECT=1 {{(pid=104276) stat_writer /opt/stack/data/venv/lib/python3.12/site-packages/dbcounter.py:115}}
Mar 31 21:02:41.397999 np0000161977 neutron-periodic-workers[104268]: DEBUG dbcounter [-] [104268] Writing DB stats neutron:SELECT=3 {{(pid=104268) stat_writer /opt/stack/data/venv/lib/python3.12/site-packages/dbcounter.py:115}}
Mar 31 21:02:43.431185 np0000161977 neutron-periodic-workers[104286]: DEBUG dbcounter [-] [104286] Writing DB stats neutron:DELETE=1 {{(pid=104286) stat_writer /opt/stack/data/venv/lib/python3.12/site-packages/dbcounter.py:115}}
Mar 31 21:03:01.402693 np0000161977 neutron-periodic-workers[104276]: DEBUG neutron.db.agents_db [None req-5f047378-bde8-4cdf-ac13-de9cdf206393 None None] Agent healthcheck: found 0 active agents {{(pid=104276) agent_health_check /opt/stack/neutron/neutron/db/agents_db.py:317}}
Mar 31 21:03:01.403685 np0000161977 neutron-periodic-workers[104276]: DEBUG oslo.service.backend._threading.loopingcall [None req-5f047378-bde8-4cdf-ac13-de9cdf206393 None None] Fixed interval looping call 'neutron.plugins.ml2.plugin.AgentDbMixin.agent_health_check' sleeping for 36.99 seconds {{(pid=104276) _run_loop /opt/stack/data/venv/lib/python3.12/site-packages/oslo_service/backend/_threading/loopingcall.py:125}}
Mar 31 21:03:08.398566 np0000161977 neutron-periodic-workers[104268]: DEBUG oslo.service.backend._threading.loopingcall [None req-2c8cd760-7376-4f8c-b501-39e8a72af719 None None] Fixed interval looping call 'neutron.plugins.ml2.plugin.DhcpAgentSchedulerDbMixin.remove_networks_from_down_agents' sleeping for 36.99 seconds {{(pid=104268) _run_loop /opt/stack/data/venv/lib/python3.12/site-packages/oslo_service/backend/_threading/loopingcall.py:125}}
Mar 31 21:03:11.400788 np0000161977 neutron-periodic-workers[104276]: DEBUG dbcounter [-] [104276] Writing DB stats neutron:SELECT=1 {{(pid=104276) stat_writer /opt/stack/data/venv/lib/python3.12/site-packages/dbcounter.py:115}}
Mar 31 21:03:18.397667 np0000161977 neutron-periodic-workers[104268]: DEBUG dbcounter [-] [104268] Writing DB stats neutron:SELECT=3 {{(pid=104268) stat_writer /opt/stack/data/venv/lib/python3.12/site-packages/dbcounter.py:115}}
Mar 31 21:03:30.407384 np0000161977 neutron-periodic-workers[104260]: DEBUG dbcounter [-] [104260] Writer thread running {{(pid=104260) stat_writer /opt/stack/data/venv/lib/python3.12/site-packages/dbcounter.py:102}}
Mar 31 21:03:30.422133 np0000161977 neutron-periodic-workers[104260]: DEBUG oslo.service.backend._threading.loopingcall [None req-2dd0d8e9-f5e7-406a-b8d2-779a00d36a7d None None] Fixed interval looping call 'neutron.services.ovn_l3.plugin.L3_NAT_dbonly_mixin._clean_garbage' sleeping for 299.95 seconds {{(pid=104260) _run_loop /opt/stack/data/venv/lib/python3.12/site-packages/oslo_service/backend/_threading/loopingcall.py:125}}
Mar 31 21:03:38.398901 np0000161977 neutron-periodic-workers[104276]: DEBUG neutron.db.agents_db [None req-5f047378-bde8-4cdf-ac13-de9cdf206393 None None] Agent healthcheck: found 0 active agents {{(pid=104276) agent_health_check /opt/stack/neutron/neutron/db/agents_db.py:317}}
Mar 31 21:03:38.399578 np0000161977 neutron-periodic-workers[104276]: DEBUG oslo.service.backend._threading.loopingcall [None req-5f047378-bde8-4cdf-ac13-de9cdf206393 None None] Fixed interval looping call 'neutron.plugins.ml2.plugin.AgentDbMixin.agent_health_check' sleeping for 36.99 seconds {{(pid=104276) _run_loop /opt/stack/data/venv/lib/python3.12/site-packages/oslo_service/backend/_threading/loopingcall.py:125}}
Mar 31 21:03:40.408114 np0000161977 neutron-periodic-workers[104260]: DEBUG dbcounter [-] [104260] Writing DB stats neutron:SELECT=1 {{(pid=104260) stat_writer /opt/stack/data/venv/lib/python3.12/site-packages/dbcounter.py:115}}
Mar 31 21:03:45.398304 np0000161977 neutron-periodic-workers[104268]: DEBUG oslo.service.backend._threading.loopingcall [None req-2c8cd760-7376-4f8c-b501-39e8a72af719 None None] Fixed interval looping call 'neutron.plugins.ml2.plugin.DhcpAgentSchedulerDbMixin.remove_networks_from_down_agents' sleeping for 36.99 seconds {{(pid=104268) _run_loop /opt/stack/data/venv/lib/python3.12/site-packages/oslo_service/backend/_threading/loopingcall.py:125}}
Mar 31 21:03:48.397014 np0000161977 neutron-periodic-workers[104276]: DEBUG dbcounter [-] [104276] Writing DB stats neutron:SELECT=1 {{(pid=104276) stat_writer /opt/stack/data/venv/lib/python3.12/site-packages/dbcounter.py:115}}
Mar 31 21:03:55.397567 np0000161977 neutron-periodic-workers[104268]: DEBUG dbcounter [-] [104268] Writing DB stats neutron:SELECT=3 {{(pid=104268) stat_writer /opt/stack/data/venv/lib/python3.12/site-packages/dbcounter.py:115}}
Mar 31 21:04:15.396509 np0000161977 neutron-periodic-workers[104276]: DEBUG neutron.db.agents_db [None req-5f047378-bde8-4cdf-ac13-de9cdf206393 None None] Agent healthcheck: found 0 active agents {{(pid=104276) agent_health_check /opt/stack/neutron/neutron/db/agents_db.py:317}}
Mar 31 21:04:15.397016 np0000161977 neutron-periodic-workers[104276]: DEBUG oslo.service.backend._threading.loopingcall [None req-5f047378-bde8-4cdf-ac13-de9cdf206393 None None] Fixed interval looping call 'neutron.plugins.ml2.plugin.AgentDbMixin.agent_health_check' sleeping for 36.99 seconds {{(pid=104276) _run_loop /opt/stack/data/venv/lib/python3.12/site-packages/oslo_service/backend/_threading/loopingcall.py:125}}
Mar 31 21:04:22.399161 np0000161977 neutron-periodic-workers[104268]: DEBUG oslo.service.backend._threading.loopingcall [None req-2c8cd760-7376-4f8c-b501-39e8a72af719 None None] Fixed interval looping call 'neutron.plugins.ml2.plugin.DhcpAgentSchedulerDbMixin.remove_networks_from_down_agents' sleeping for 36.99 seconds {{(pid=104268) _run_loop /opt/stack/data/venv/lib/python3.12/site-packages/oslo_service/backend/_threading/loopingcall.py:125}}
Mar 31 21:04:25.393985 np0000161977 neutron-periodic-workers[104276]: DEBUG dbcounter [-] [104276] Writing DB stats neutron:SELECT=1 {{(pid=104276) stat_writer /opt/stack/data/venv/lib/python3.12/site-packages/dbcounter.py:115}}
Mar 31 21:04:32.397669 np0000161977 neutron-periodic-workers[104268]: DEBUG dbcounter [-] [104268] Writing DB stats neutron:SELECT=3 {{(pid=104268) stat_writer /opt/stack/data/venv/lib/python3.12/site-packages/dbcounter.py:115}}
Mar 31 21:04:33.427204 np0000161977 neutron-periodic-workers[104286]: DEBUG oslo.service.backend._threading.loopingcall [None req-6a2ba822-cffe-4be2-b4cc-02a3d210b4e4 None None] Fixed interval looping call 'neutron.db.quota.driver_nolock.DbQuotaNoLockDriver._remove_expired_reservations' sleeping for 120.00 seconds {{(pid=104286) _run_loop /opt/stack/data/venv/lib/python3.12/site-packages/oslo_service/backend/_threading/loopingcall.py:125}}
Mar 31 21:04:43.425759 np0000161977 neutron-periodic-workers[104286]: DEBUG dbcounter [-] [104286] Writing DB stats neutron:DELETE=1 {{(pid=104286) stat_writer /opt/stack/data/venv/lib/python3.12/site-packages/dbcounter.py:115}}
Mar 31 21:04:52.393869 np0000161977 neutron-periodic-workers[104276]: DEBUG neutron.db.agents_db [None req-5f047378-bde8-4cdf-ac13-de9cdf206393 None None] Agent healthcheck: found 0 active agents {{(pid=104276) agent_health_check /opt/stack/neutron/neutron/db/agents_db.py:317}}
Mar 31 21:04:52.394440 np0000161977 neutron-periodic-workers[104276]: DEBUG oslo.service.backend._threading.loopingcall [None req-5f047378-bde8-4cdf-ac13-de9cdf206393 None None] Fixed interval looping call 'neutron.plugins.ml2.plugin.AgentDbMixin.agent_health_check' sleeping for 36.99 seconds {{(pid=104276) _run_loop /opt/stack/data/venv/lib/python3.12/site-packages/oslo_service/backend/_threading/loopingcall.py:125}}
Mar 31 21:04:59.398527 np0000161977 neutron-periodic-workers[104268]: DEBUG oslo.service.backend._threading.loopingcall [None req-2c8cd760-7376-4f8c-b501-39e8a72af719 None None] Fixed interval looping call 'neutron.plugins.ml2.plugin.DhcpAgentSchedulerDbMixin.remove_networks_from_down_agents' sleeping for 36.99 seconds {{(pid=104268) _run_loop /opt/stack/data/venv/lib/python3.12/site-packages/oslo_service/backend/_threading/loopingcall.py:125}}
Mar 31 21:05:02.391832 np0000161977 neutron-periodic-workers[104276]: DEBUG dbcounter [-] [104276] Writing DB stats neutron:SELECT=1 {{(pid=104276) stat_writer /opt/stack/data/venv/lib/python3.12/site-packages/dbcounter.py:115}}
Mar 31 21:05:09.397809 np0000161977 neutron-periodic-workers[104268]: DEBUG dbcounter [-] [104268] Writing DB stats neutron:SELECT=3 {{(pid=104268) stat_writer /opt/stack/data/venv/lib/python3.12/site-packages/dbcounter.py:115}}
Mar 31 21:05:29.403229 np0000161977 neutron-periodic-workers[104276]: DEBUG neutron.db.agents_db [None req-5f047378-bde8-4cdf-ac13-de9cdf206393 None None] Agent healthcheck: found 0 active agents {{(pid=104276) agent_health_check /opt/stack/neutron/neutron/db/agents_db.py:317}}
Mar 31 21:05:29.403229 np0000161977 neutron-periodic-workers[104276]: DEBUG oslo.service.backend._threading.loopingcall [None req-5f047378-bde8-4cdf-ac13-de9cdf206393 None None] Fixed interval looping call 'neutron.plugins.ml2.plugin.AgentDbMixin.agent_health_check' sleeping for 36.98 seconds {{(pid=104276) _run_loop /opt/stack/data/venv/lib/python3.12/site-packages/oslo_service/backend/_threading/loopingcall.py:125}}
Mar 31 21:05:36.400192 np0000161977 neutron-periodic-workers[104268]: DEBUG oslo.service.backend._threading.loopingcall [None req-2c8cd760-7376-4f8c-b501-39e8a72af719 None None] Fixed interval looping call 'neutron.plugins.ml2.plugin.DhcpAgentSchedulerDbMixin.remove_networks_from_down_agents' sleeping for 36.99 seconds {{(pid=104268) _run_loop /opt/stack/data/venv/lib/python3.12/site-packages/oslo_service/backend/_threading/loopingcall.py:125}}
Mar 31 21:05:39.401643 np0000161977 neutron-periodic-workers[104276]: DEBUG dbcounter [-] [104276] Writing DB stats neutron:SELECT=1 {{(pid=104276) stat_writer /opt/stack/data/venv/lib/python3.12/site-packages/dbcounter.py:115}}
Mar 31 21:05:46.399297 np0000161977 neutron-periodic-workers[104268]: DEBUG dbcounter [-] [104268] Writing DB stats neutron:SELECT=3 {{(pid=104268) stat_writer /opt/stack/data/venv/lib/python3.12/site-packages/dbcounter.py:115}}
Mar 31 21:06:06.389844 np0000161977 neutron-periodic-workers[104276]: DEBUG neutron.db.agents_db [None req-5f047378-bde8-4cdf-ac13-de9cdf206393 None None] Agent healthcheck: found 0 active agents {{(pid=104276) agent_health_check /opt/stack/neutron/neutron/db/agents_db.py:317}}
Mar 31 21:06:06.390598 np0000161977 neutron-periodic-workers[104276]: DEBUG oslo.service.backend._threading.loopingcall [None req-5f047378-bde8-4cdf-ac13-de9cdf206393 None None] Fixed interval looping call 'neutron.plugins.ml2.plugin.AgentDbMixin.agent_health_check' sleeping for 36.99 seconds {{(pid=104276) _run_loop /opt/stack/data/venv/lib/python3.12/site-packages/oslo_service/backend/_threading/loopingcall.py:125}}
Mar 31 21:06:13.400325 np0000161977 neutron-periodic-workers[104268]: DEBUG oslo.service.backend._threading.loopingcall [None req-2c8cd760-7376-4f8c-b501-39e8a72af719 None None] Fixed interval looping call 'neutron.plugins.ml2.plugin.DhcpAgentSchedulerDbMixin.remove_networks_from_down_agents' sleeping for 36.99 seconds {{(pid=104268) _run_loop /opt/stack/data/venv/lib/python3.12/site-packages/oslo_service/backend/_threading/loopingcall.py:125}}
Mar 31 21:06:16.387897 np0000161977 neutron-periodic-workers[104276]: DEBUG dbcounter [-] [104276] Writing DB stats neutron:SELECT=1 {{(pid=104276) stat_writer /opt/stack/data/venv/lib/python3.12/site-packages/dbcounter.py:115}}
Mar 31 21:06:23.399421 np0000161977 neutron-periodic-workers[104268]: DEBUG dbcounter [-] [104268] Writing DB stats neutron:SELECT=3 {{(pid=104268) stat_writer /opt/stack/data/venv/lib/python3.12/site-packages/dbcounter.py:115}}
Mar 31 21:06:33.433721 np0000161977 neutron-periodic-workers[104286]: DEBUG oslo.service.backend._threading.loopingcall [None req-6a2ba822-cffe-4be2-b4cc-02a3d210b4e4 None None] Fixed interval looping call 'neutron.db.quota.driver_nolock.DbQuotaNoLockDriver._remove_expired_reservations' sleeping for 119.99 seconds {{(pid=104286) _run_loop /opt/stack/data/venv/lib/python3.12/site-packages/oslo_service/backend/_threading/loopingcall.py:125}}
Mar 31 21:06:43.388728 np0000161977 neutron-periodic-workers[104276]: DEBUG neutron.db.agents_db [None req-5f047378-bde8-4cdf-ac13-de9cdf206393 None None] Agent healthcheck: found 0 active agents {{(pid=104276) agent_health_check /opt/stack/neutron/neutron/db/agents_db.py:317}}
Mar 31 21:06:43.389546 np0000161977 neutron-periodic-workers[104276]: DEBUG oslo.service.backend._threading.loopingcall [None req-5f047378-bde8-4cdf-ac13-de9cdf206393 None None] Fixed interval looping call 'neutron.plugins.ml2.plugin.AgentDbMixin.agent_health_check' sleeping for 36.99 seconds {{(pid=104276) _run_loop /opt/stack/data/venv/lib/python3.12/site-packages/oslo_service/backend/_threading/loopingcall.py:125}}
Mar 31 21:06:43.431723 np0000161977 neutron-periodic-workers[104286]: DEBUG dbcounter [-] [104286] Writing DB stats neutron:DELETE=1 {{(pid=104286) stat_writer /opt/stack/data/venv/lib/python3.12/site-packages/dbcounter.py:115}}
Mar 31 21:06:50.401039 np0000161977 neutron-periodic-workers[104268]: DEBUG oslo.service.backend._threading.loopingcall [None req-2c8cd760-7376-4f8c-b501-39e8a72af719 None None] Fixed interval looping call 'neutron.plugins.ml2.plugin.DhcpAgentSchedulerDbMixin.remove_networks_from_down_agents' sleeping for 36.99 seconds {{(pid=104268) _run_loop /opt/stack/data/venv/lib/python3.12/site-packages/oslo_service/backend/_threading/loopingcall.py:125}}
Mar 31 21:06:53.385556 np0000161977 neutron-periodic-workers[104276]: DEBUG dbcounter [-] [104276] Writing DB stats neutron:SELECT=1 {{(pid=104276) stat_writer /opt/stack/data/venv/lib/python3.12/site-packages/dbcounter.py:115}}
Mar 31 21:07:00.399892 np0000161977 neutron-periodic-workers[104268]: DEBUG dbcounter [-] [104268] Writing DB stats neutron:SELECT=3 {{(pid=104268) stat_writer /opt/stack/data/venv/lib/python3.12/site-packages/dbcounter.py:115}}
Mar 31 21:07:20.386477 np0000161977 neutron-periodic-workers[104276]: DEBUG neutron.db.agents_db [None req-5f047378-bde8-4cdf-ac13-de9cdf206393 None None] Agent healthcheck: found 0 active agents {{(pid=104276) agent_health_check /opt/stack/neutron/neutron/db/agents_db.py:317}}
Mar 31 21:07:20.387147 np0000161977 neutron-periodic-workers[104276]: DEBUG oslo.service.backend._threading.loopingcall [None req-5f047378-bde8-4cdf-ac13-de9cdf206393 None None] Fixed interval looping call 'neutron.plugins.ml2.plugin.AgentDbMixin.agent_health_check' sleeping for 36.99 seconds {{(pid=104276) _run_loop /opt/stack/data/venv/lib/python3.12/site-packages/oslo_service/backend/_threading/loopingcall.py:125}}
Mar 31 21:07:27.401031 np0000161977 neutron-periodic-workers[104268]: DEBUG oslo.service.backend._threading.loopingcall [None req-2c8cd760-7376-4f8c-b501-39e8a72af719 None None] Fixed interval looping call 'neutron.plugins.ml2.plugin.DhcpAgentSchedulerDbMixin.remove_networks_from_down_agents' sleeping for 36.99 seconds {{(pid=104268) _run_loop /opt/stack/data/venv/lib/python3.12/site-packages/oslo_service/backend/_threading/loopingcall.py:125}}
Mar 31 21:07:30.383125 np0000161977 neutron-periodic-workers[104276]: DEBUG dbcounter [-] [104276] Writing DB stats neutron:SELECT=1 {{(pid=104276) stat_writer /opt/stack/data/venv/lib/python3.12/site-packages/dbcounter.py:115}}
Mar 31 21:07:37.399914 np0000161977 neutron-periodic-workers[104268]: DEBUG dbcounter [-] [104268] Writing DB stats neutron:SELECT=3 {{(pid=104268) stat_writer /opt/stack/data/venv/lib/python3.12/site-packages/dbcounter.py:115}}
Mar 31 21:07:57.383528 np0000161977 neutron-periodic-workers[104276]: DEBUG neutron.db.agents_db [None req-5f047378-bde8-4cdf-ac13-de9cdf206393 None None] Agent healthcheck: found 0 active agents {{(pid=104276) agent_health_check /opt/stack/neutron/neutron/db/agents_db.py:317}}
Mar 31 21:07:57.384087 np0000161977 neutron-periodic-workers[104276]: DEBUG oslo.service.backend._threading.loopingcall [None req-5f047378-bde8-4cdf-ac13-de9cdf206393 None None] Fixed interval looping call 'neutron.plugins.ml2.plugin.AgentDbMixin.agent_health_check' sleeping for 36.99 seconds {{(pid=104276) _run_loop /opt/stack/data/venv/lib/python3.12/site-packages/oslo_service/backend/_threading/loopingcall.py:125}}
Mar 31 21:08:04.401582 np0000161977 neutron-periodic-workers[104268]: DEBUG oslo.service.backend._threading.loopingcall [None req-2c8cd760-7376-4f8c-b501-39e8a72af719 None None] Fixed interval looping call 'neutron.plugins.ml2.plugin.DhcpAgentSchedulerDbMixin.remove_networks_from_down_agents' sleeping for 36.99 seconds {{(pid=104268) _run_loop /opt/stack/data/venv/lib/python3.12/site-packages/oslo_service/backend/_threading/loopingcall.py:125}}
Mar 31 21:08:07.380781 np0000161977 neutron-periodic-workers[104276]: DEBUG dbcounter [-] [104276] Writing DB stats neutron:SELECT=1 {{(pid=104276) stat_writer /opt/stack/data/venv/lib/python3.12/site-packages/dbcounter.py:115}}
Mar 31 21:08:14.400456 np0000161977 neutron-periodic-workers[104268]: DEBUG dbcounter [-] [104268] Writing DB stats neutron:SELECT=3 {{(pid=104268) stat_writer /opt/stack/data/venv/lib/python3.12/site-packages/dbcounter.py:115}}
Mar 31 21:08:30.390260 np0000161977 neutron-periodic-workers[104260]: DEBUG oslo.service.backend._threading.loopingcall [None req-2dd0d8e9-f5e7-406a-b8d2-779a00d36a7d None None] Fixed interval looping call 'neutron.services.ovn_l3.plugin.L3_NAT_dbonly_mixin._clean_garbage' sleeping for 299.99 seconds {{(pid=104260) _run_loop /opt/stack/data/venv/lib/python3.12/site-packages/oslo_service/backend/_threading/loopingcall.py:125}}
Mar 31 21:08:33.428912 np0000161977 neutron-periodic-workers[104286]: DEBUG oslo.service.backend._threading.loopingcall [None req-6a2ba822-cffe-4be2-b4cc-02a3d210b4e4 None None] Fixed interval looping call 'neutron.db.quota.driver_nolock.DbQuotaNoLockDriver._remove_expired_reservations' sleeping for 120.00 seconds {{(pid=104286) _run_loop /opt/stack/data/venv/lib/python3.12/site-packages/oslo_service/backend/_threading/loopingcall.py:125}}
Mar 31 21:08:34.378783 np0000161977 neutron-periodic-workers[104276]: DEBUG neutron.db.agents_db [None req-5f047378-bde8-4cdf-ac13-de9cdf206393 None None] Agent healthcheck: found 0 active agents {{(pid=104276) agent_health_check /opt/stack/neutron/neutron/db/agents_db.py:317}}
Mar 31 21:08:34.379328 np0000161977 neutron-periodic-workers[104276]: DEBUG oslo.service.backend._threading.loopingcall [None req-5f047378-bde8-4cdf-ac13-de9cdf206393 None None] Fixed interval looping call 'neutron.plugins.ml2.plugin.AgentDbMixin.agent_health_check' sleeping for 37.00 seconds {{(pid=104276) _run_loop /opt/stack/data/venv/lib/python3.12/site-packages/oslo_service/backend/_threading/loopingcall.py:125}}
Mar 31 21:08:40.380263 np0000161977 neutron-periodic-workers[104260]: DEBUG dbcounter [-] [104260] Writing DB stats neutron:SELECT=1 {{(pid=104260) stat_writer /opt/stack/data/venv/lib/python3.12/site-packages/dbcounter.py:115}}
Mar 31 21:08:41.400899 np0000161977 neutron-periodic-workers[104268]: DEBUG oslo.service.backend._threading.loopingcall [None req-2c8cd760-7376-4f8c-b501-39e8a72af719 None None] Fixed interval looping call 'neutron.plugins.ml2.plugin.DhcpAgentSchedulerDbMixin.remove_networks_from_down_agents' sleeping for 36.99 seconds {{(pid=104268) _run_loop /opt/stack/data/venv/lib/python3.12/site-packages/oslo_service/backend/_threading/loopingcall.py:125}}
Mar 31 21:08:43.427847 np0000161977 neutron-periodic-workers[104286]: DEBUG dbcounter [-] [104286] Writing DB stats neutron:DELETE=1 {{(pid=104286) stat_writer /opt/stack/data/venv/lib/python3.12/site-packages/dbcounter.py:115}}
Mar 31 21:08:44.377821 np0000161977 neutron-periodic-workers[104276]: DEBUG dbcounter [-] [104276] Writing DB stats neutron:SELECT=1 {{(pid=104276) stat_writer /opt/stack/data/venv/lib/python3.12/site-packages/dbcounter.py:115}}
Mar 31 21:08:51.399776 np0000161977 neutron-periodic-workers[104268]: DEBUG dbcounter [-] [104268] Writing DB stats neutron:SELECT=3 {{(pid=104268) stat_writer /opt/stack/data/venv/lib/python3.12/site-packages/dbcounter.py:115}}
Mar 31 21:09:11.386555 np0000161977 neutron-periodic-workers[104276]: DEBUG neutron.db.agents_db [None req-5f047378-bde8-4cdf-ac13-de9cdf206393 None None] Agent healthcheck: found 0 active agents {{(pid=104276) agent_health_check /opt/stack/neutron/neutron/db/agents_db.py:317}}
Mar 31 21:09:11.387253 np0000161977 neutron-periodic-workers[104276]: DEBUG oslo.service.backend._threading.loopingcall [None req-5f047378-bde8-4cdf-ac13-de9cdf206393 None None] Fixed interval looping call 'neutron.plugins.ml2.plugin.AgentDbMixin.agent_health_check' sleeping for 36.99 seconds {{(pid=104276) _run_loop /opt/stack/data/venv/lib/python3.12/site-packages/oslo_service/backend/_threading/loopingcall.py:125}}
Mar 31 21:09:18.399852 np0000161977 neutron-periodic-workers[104268]: DEBUG oslo.service.backend._threading.loopingcall [None req-2c8cd760-7376-4f8c-b501-39e8a72af719 None None] Fixed interval looping call 'neutron.plugins.ml2.plugin.DhcpAgentSchedulerDbMixin.remove_networks_from_down_agents' sleeping for 36.99 seconds {{(pid=104268) _run_loop /opt/stack/data/venv/lib/python3.12/site-packages/oslo_service/backend/_threading/loopingcall.py:125}}
Mar 31 21:09:21.383532 np0000161977 neutron-periodic-workers[104276]: DEBUG dbcounter [-] [104276] Writing DB stats neutron:SELECT=1 {{(pid=104276) stat_writer /opt/stack/data/venv/lib/python3.12/site-packages/dbcounter.py:115}}
Mar 31 21:09:28.398641 np0000161977 neutron-periodic-workers[104268]: DEBUG dbcounter [-] [104268] Writing DB stats neutron:SELECT=3 {{(pid=104268) stat_writer /opt/stack/data/venv/lib/python3.12/site-packages/dbcounter.py:115}}
Mar 31 21:09:48.383896 np0000161977 neutron-periodic-workers[104276]: DEBUG neutron.db.agents_db [None req-5f047378-bde8-4cdf-ac13-de9cdf206393 None None] Agent healthcheck: found 0 active agents {{(pid=104276) agent_health_check /opt/stack/neutron/neutron/db/agents_db.py:317}}
Mar 31 21:09:48.384614 np0000161977 neutron-periodic-workers[104276]: DEBUG oslo.service.backend._threading.loopingcall [None req-5f047378-bde8-4cdf-ac13-de9cdf206393 None None] Fixed interval looping call 'neutron.plugins.ml2.plugin.AgentDbMixin.agent_health_check' sleeping for 36.99 seconds {{(pid=104276) _run_loop /opt/stack/data/venv/lib/python3.12/site-packages/oslo_service/backend/_threading/loopingcall.py:125}}
Mar 31 21:09:55.400716 np0000161977 neutron-periodic-workers[104268]: DEBUG oslo.service.backend._threading.loopingcall [None req-2c8cd760-7376-4f8c-b501-39e8a72af719 None None] Fixed interval looping call 'neutron.plugins.ml2.plugin.DhcpAgentSchedulerDbMixin.remove_networks_from_down_agents' sleeping for 36.99 seconds {{(pid=104268) _run_loop /opt/stack/data/venv/lib/python3.12/site-packages/oslo_service/backend/_threading/loopingcall.py:125}}
Mar 31 21:09:58.382221 np0000161977 neutron-periodic-workers[104276]: DEBUG dbcounter [-] [104276] Writing DB stats neutron:SELECT=1 {{(pid=104276) stat_writer /opt/stack/data/venv/lib/python3.12/site-packages/dbcounter.py:115}}
Mar 31 21:10:05.399382 np0000161977 neutron-periodic-workers[104268]: DEBUG dbcounter [-] [104268] Writing DB stats neutron:SELECT=3 {{(pid=104268) stat_writer /opt/stack/data/venv/lib/python3.12/site-packages/dbcounter.py:115}}
Mar 31 21:10:25.380536 np0000161977 neutron-periodic-workers[104276]: DEBUG neutron.db.agents_db [None req-5f047378-bde8-4cdf-ac13-de9cdf206393 None None] Agent healthcheck: found 0 active agents {{(pid=104276) agent_health_check /opt/stack/neutron/neutron/db/agents_db.py:317}}
Mar 31 21:10:25.381606 np0000161977 neutron-periodic-workers[104276]: DEBUG oslo.service.backend._threading.loopingcall [None req-5f047378-bde8-4cdf-ac13-de9cdf206393 None None] Fixed interval looping call 'neutron.plugins.ml2.plugin.AgentDbMixin.agent_health_check' sleeping for 36.99 seconds {{(pid=104276) _run_loop /opt/stack/data/venv/lib/python3.12/site-packages/oslo_service/backend/_threading/loopingcall.py:125}}
