2026-07-01 02:15:21.342 7 WARNING neutron.api.rpc.agentnotifiers.dhcp_rpc_agent_api [None req-610fee7c-4621-4950-b25b-555cdd4aefd1 b2cc4cea270a45e0995f4eb975b14fd0 78f687ec083c40cfbd1e7614a1c4e0a2 - - default default] Unable to schedule network 88a4dc4b-ea5c-4f6f-b149-403dd73b3c9d: no agents available; will retry on subsequent port and subnet creation events. [pid: 8|app: 0|req: 1275/2579] 10.0.0.12 () {32 vars in 739 bytes} [Wed Jul 1 02:15:21 2026] DELETE /v2.0/security-groups/c8954458-a7a4-4bf5-9601-b979837d708e => generated 0 bytes in 230 msecs (HTTP/1.1 204) 2 headers in 112 bytes (1 switches on core 0) [pid: 8|app: 0|req: 1276/2580] 10.0.0.12 () {32 vars in 738 bytes} [Wed Jul 1 02:15:21 2026] GET /v2.0/subnetpools/6807a7f6-29fd-4617-8675-0aaae8585176/tags => generated 37 bytes in 28 msecs (HTTP/1.1 200) 4 headers in 156 bytes (1 switches on core 0) [pid: 8|app: 0|req: 1277/2581] 10.0.0.12 () {32 vars in 746 bytes} [Wed Jul 1 02:15:21 2026] GET /v2.0/subnetpools/6807a7f6-29fd-4617-8675-0aaae8585176/tags/red => generated 0 bytes in 27 msecs (HTTP/1.1 204) 2 headers in 112 bytes (1 switches on core 0)
2026-07-01 02:15:21.609 8 INFO neutron.api.v2.resource [None req-2e85cf63-e802-4c58-a051-7073cf2e92a2 b029d54ac99a4951b1b904bb1faa53d1 5109a815ac1a44758d226c7e71488bd1 - - default default] show failed (client error): The resource could not be found. [pid: 8|app: 0|req: 1278/2582] 10.0.0.12 () {32 vars in 750 bytes} [Wed Jul 1 02:15:21 2026] GET /v2.0/subnetpools/6807a7f6-29fd-4617-8675-0aaae8585176/tags/green => generated 99 bytes in 26 msecs (HTTP/1.1 404) 4 headers in 163 bytes (1 switches on core 0) [pid: 8|app: 0|req: 1279/2583] 10.0.0.12 () {32 vars in 749 bytes} [Wed Jul 1 02:15:21 2026] DELETE /v2.0/subnetpools/6807a7f6-29fd-4617-8675-0aaae8585176/tags/red => generated 0 bytes in 48 msecs (HTTP/1.1 204) 2 headers in 112 bytes (1 switches on core 0) [pid: 8|app: 0|req: 1280/2584] 10.0.0.12 () {32 vars in 738 bytes} [Wed Jul 1 02:15:21 2026] GET /v2.0/subnetpools/6807a7f6-29fd-4617-8675-0aaae8585176/tags => generated 30 bytes in 32 msecs (HTTP/1.1 200) 4 headers in 156 bytes (1 switches on core 0)
2026-07-01 02:15:21.758 8 INFO neutron.api.v2.resource [None req-abee28bf-4a13-4205-9be2-af8f1f7318b1 b029d54ac99a4951b1b904bb1faa53d1 5109a815ac1a44758d226c7e71488bd1 - - default default] delete failed (client error): The resource could not be found. [pid: 8|app: 0|req: 1281/2585] 10.0.0.12 () {32 vars in 753 bytes} [Wed Jul 1 02:15:21 2026] DELETE /v2.0/subnetpools/6807a7f6-29fd-4617-8675-0aaae8585176/tags/green => generated 99 bytes in 55 msecs (HTTP/1.1 404) 4 headers in 163 bytes (1 switches on core 0)
2026-07-01 02:15:21.772 7 INFO neutron.db.ovn_revision_numbers_db [None req-0ee49e6a-1abd-48ce-8d54-81382463ea09 - - - - - -] Successfully bumped revision number for resource 42454355-9cbe-4b74-a8bb-026d25e6023e (type: ports) to 2
2026-07-01 02:15:21.807 7 INFO neutron.db.ovn_revision_numbers_db [None req-0ee49e6a-1abd-48ce-8d54-81382463ea09 - - - - - -] Successfully bumped revision number for resource 6d676845-f231-416f-bf52-6a81e72af794 (type: subnets) to 0 [pid: 8|app: 0|req: 1282/2586] 10.0.0.12 () {32 vars in 741 bytes} [Wed Jul 1 02:15:21 2026] DELETE /v2.0/subnetpools/6807a7f6-29fd-4617-8675-0aaae8585176/tags => generated 0 bytes in 43 msecs (HTTP/1.1 204) 2 headers in 112 bytes (1 switches on core 0) [pid: 7|app: 0|req: 1305/2587] 10.0.0.12 () {34 vars in 668 bytes} [Wed Jul 1 02:15:21 2026] POST /v2.0/subnets => generated 656 bytes in 680 msecs (HTTP/1.1 201) 4 headers in 162 bytes (1 switches on core 0) [pid: 8|app: 0|req: 1283/2588] 10.0.0.12 () {32 vars in 738 bytes} [Wed Jul 1 02:15:21 2026] GET /v2.0/subnetpools/6807a7f6-29fd-4617-8675-0aaae8585176/tags => generated 12 bytes in 29 msecs (HTTP/1.1 200) 4 headers in 156 bytes (1 switches on core 0) [pid: 8|app: 0|req: 1284/2589] 10.0.0.12 () {32 vars in 731 bytes} [Wed Jul 1 02:15:21 2026] DELETE /v2.0/subnetpools/6807a7f6-29fd-4617-8675-0aaae8585176 => generated 0 bytes in 50 msecs (HTTP/1.1 204) 2 headers in 112 bytes (1 switches on core 0)
2026-07-01 02:15:22.013 7 WARNING neutron.scheduler.dhcp_agent_scheduler [None req-75f1765c-94bb-4744-aae0-a2bad958443f b2cc4cea270a45e0995f4eb975b14fd0 78f687ec083c40cfbd1e7614a1c4e0a2 - - default default] No more DHCP agents
2026-07-01 02:15:22.014 7 WARNING neutron.api.rpc.agentnotifiers.dhcp_rpc_agent_api [None req-75f1765c-94bb-4744-aae0-a2bad958443f b2cc4cea270a45e0995f4eb975b14fd0 78f687ec083c40cfbd1e7614a1c4e0a2 - - default default] Unable to schedule network 88a4dc4b-ea5c-4f6f-b149-403dd73b3c9d: no agents available; will retry on subsequent port and subnet creation events.
2026-07-01 02:15:22.053 7 INFO neutron.db.ovn_revision_numbers_db [None req-75f1765c-94bb-4744-aae0-a2bad958443f b2cc4cea270a45e0995f4eb975b14fd0 78f687ec083c40cfbd1e7614a1c4e0a2 - - default default] Successfully bumped revision number for resource d04b9195-ab20-4839-8c2e-59ee5f7e6414 (type: subnets) to 0 [pid: 7|app: 0|req: 1306/2590] 10.0.0.12 () {34 vars in 668 bytes} [Wed Jul 1 02:15:21 2026] POST /v2.0/subnets => generated 726 bytes in 236 msecs (HTTP/1.1 201) 4 headers in 162 bytes (1 switches on core 0)
2026-07-01 02:15:22.189 8 INFO neutron.db.segments_db [None req-dd898e1a-6b3f-4c3e-b1f5-b931c4643612 b2cc4cea270a45e0995f4eb975b14fd0 78f687ec083c40cfbd1e7614a1c4e0a2 - - default default] Added segment 18d3e8fa-8ba0-484d-aeb4-2138e0c26186 of type geneve for network 37232513-c2e5-4188-9a8c-105972b05024
2026-07-01 02:15:22.309 8 INFO neutron.db.ovn_revision_numbers_db [None req-dd898e1a-6b3f-4c3e-b1f5-b931c4643612 b2cc4cea270a45e0995f4eb975b14fd0 78f687ec083c40cfbd1e7614a1c4e0a2 - - default default] Successfully bumped revision number for resource 37232513-c2e5-4188-9a8c-105972b05024 (type: networks) to 1
2026-07-01 02:15:22.473 8 WARNING neutron.scheduler.dhcp_agent_scheduler [None req-dd898e1a-6b3f-4c3e-b1f5-b931c4643612 b2cc4cea270a45e0995f4eb975b14fd0 78f687ec083c40cfbd1e7614a1c4e0a2 - - default default] No more DHCP agents
2026-07-01 02:15:22.474 8 WARNING neutron.api.rpc.agentnotifiers.dhcp_rpc_agent_api [None req-dd898e1a-6b3f-4c3e-b1f5-b931c4643612 b2cc4cea270a45e0995f4eb975b14fd0 78f687ec083c40cfbd1e7614a1c4e0a2 - - default default] Unable to schedule network 37232513-c2e5-4188-9a8c-105972b05024: no agents available; will retry on subsequent port and subnet creation events.
2026-07-01 02:15:22.529 7 INFO neutron.plugins.ml2.drivers.ovn.mech_driver.mech_driver [None req-db574b1a-0f00-42bb-b749-e6f5125c952d - - - - - -] OVN reports status down for port: 52a06c27-0ca1-423b-aef4-6fd9ad399143
2026-07-01 02:15:22.567 8 INFO neutron.db.ovn_revision_numbers_db [None req-dd898e1a-6b3f-4c3e-b1f5-b931c4643612 b2cc4cea270a45e0995f4eb975b14fd0 78f687ec083c40cfbd1e7614a1c4e0a2 - - default default] Successfully bumped revision number for resource 52a06c27-0ca1-423b-aef4-6fd9ad399143 (type: ports) to 1 [pid: 8|app: 0|req: 1285/2591] 10.0.0.12 () {34 vars in 669 bytes} [Wed Jul 1 02:15:22 2026] POST /v2.0/networks => generated 676 bytes in 518 msecs (HTTP/1.1 201) 4 headers in 162 bytes (1 switches on core 0)
2026-07-01 02:15:22.811 8 WARNING neutron.scheduler.dhcp_agent_scheduler [None req-b208bc3d-a4bf-446a-957a-4b7be40cc175 b2cc4cea270a45e0995f4eb975b14fd0 78f687ec083c40cfbd1e7614a1c4e0a2 - - default default] No more DHCP agents
2026-07-01 02:15:22.815 8 WARNING neutron.api.rpc.agentnotifiers.dhcp_rpc_agent_api [None req-b208bc3d-a4bf-446a-957a-4b7be40cc175 b2cc4cea270a45e0995f4eb975b14fd0 78f687ec083c40cfbd1e7614a1c4e0a2 - - default default] Unable to schedule network 37232513-c2e5-4188-9a8c-105972b05024: no agents available; will retry on subsequent port and subnet creation events.
2026-07-01 02:15:22.821 7 INFO neutron.db.ovn_revision_numbers_db [None req-6e26426e-c96e-4cad-a5c8-f5cea2e9972b ff3a7992f4f54f3ca86d4cce277164c3 3295dd8a35224426b7b6ea1d3bb8a630 - - default default] Successfully bumped revision number for resource 4e96f2b5-8eed-41d7-a886-af41b06c6a2a (type: security_groups) to 1
2026-07-01 02:15:22.835 7 INFO neutron.db.ovn_revision_numbers_db [None req-6e26426e-c96e-4cad-a5c8-f5cea2e9972b ff3a7992f4f54f3ca86d4cce277164c3 3295dd8a35224426b7b6ea1d3bb8a630 - - default default] Successfully bumped revision number for resource 1ba1130d-f51f-473c-9681-01776955b943 (type: security_group_rules) to 0
2026-07-01 02:15:22.848 7 INFO neutron.db.ovn_revision_numbers_db [None req-6e26426e-c96e-4cad-a5c8-f5cea2e9972b ff3a7992f4f54f3ca86d4cce277164c3 3295dd8a35224426b7b6ea1d3bb8a630 - - default default] Successfully bumped revision number for resource 27c792f7-cc9b-4ec1-b468-8b8b74558060 (type: security_group_rules) to 0
2026-07-01 02:15:22.862 7 INFO neutron.db.ovn_revision_numbers_db [None req-6e26426e-c96e-4cad-a5c8-f5cea2e9972b ff3a7992f4f54f3ca86d4cce277164c3 3295dd8a35224426b7b6ea1d3bb8a630 - - default default] Successfully bumped revision number for resource 3734cf93-75f0-4ce1-8200-d797a07b1b44 (type: security_group_rules) to 0
2026-07-01 02:15:22.872 7 INFO neutron.db.ovn_revision_numbers_db [None req-6e26426e-c96e-4cad-a5c8-f5cea2e9972b ff3a7992f4f54f3ca86d4cce277164c3 3295dd8a35224426b7b6ea1d3bb8a630 - - default default] Successfully bumped revision number for resource fb5e69f2-4967-4c5c-8f76-5a4e29b4bf40 (type: security_group_rules) to 0 [pid: 7|app: 0|req: 1307/2592] 10.0.0.12 () {32 vars in 773 bytes} [Wed Jul 1 02:15:22 2026] GET /v2.0/security-groups?tenant_id=5109a815ac1a44758d226c7e71488bd1&name=default => generated 2929 bytes in 400 msecs (HTTP/1.1 200) 4 headers in 158 bytes (1 switches on core 0) [pid: 7|app: 0|req: 1308/2593] 10.0.0.12 () {32 vars in 739 bytes} [Wed Jul 1 02:15:22 2026] DELETE /v2.0/security-groups/4e96f2b5-8eed-41d7-a886-af41b06c6a2a => generated 0 bytes in 225 msecs (HTTP/1.1 204) 2 headers in 112 bytes (1 switches on core 0)
2026-07-01 02:15:23.299 8 INFO neutron.db.ovn_revision_numbers_db [None req-cde919a1-b598-47e9-9e0c-60f7aeb22aaa - - - - - -] Successfully bumped revision number for resource 52a06c27-0ca1-423b-aef4-6fd9ad399143 (type: ports) to 2
2026-07-01 02:15:23.336 8 INFO neutron.db.ovn_revision_numbers_db [None req-cde919a1-b598-47e9-9e0c-60f7aeb22aaa - - - - - -] Successfully bumped revision number for resource cf13ca80-4f93-4c8d-a9dd-fc5c5f7a5fdd (type: subnets) to 0 [pid: 8|app: 0|req: 1286/2594] 10.0.0.12 () {34 vars in 668 bytes} [Wed Jul 1 02:15:22 2026] POST /v2.0/subnets => generated 656 bytes in 747 msecs (HTTP/1.1 201) 4 headers in 162 bytes (1 switches on core 0)
2026-07-01 02:15:23.409 7 INFO neutron.db.ovn_revision_numbers_db [None req-4e015679-df5d-4b82-8d5d-fece5c5cf181 ff3a7992f4f54f3ca86d4cce277164c3 3295dd8a35224426b7b6ea1d3bb8a630 - - default default] Successfully bumped revision number for resource eca70062-3e51-4b5a-a380-3c7f256db6e2 (type: security_groups) to 1
2026-07-01 02:15:23.423 7 INFO neutron.db.ovn_revision_numbers_db [None req-4e015679-df5d-4b82-8d5d-fece5c5cf181 ff3a7992f4f54f3ca86d4cce277164c3 3295dd8a35224426b7b6ea1d3bb8a630 - - default default] Successfully bumped revision number for resource 13c75b77-5947-4c67-907b-fa408277719f (type: security_group_rules) to 0
2026-07-01 02:15:23.434 7 INFO neutron.db.ovn_revision_numbers_db [None req-4e015679-df5d-4b82-8d5d-fece5c5cf181 ff3a7992f4f54f3ca86d4cce277164c3 3295dd8a35224426b7b6ea1d3bb8a630 - - default default] Successfully bumped revision number for resource 5cdafbe2-947d-48a7-8159-7bd518275dac (type: security_group_rules) to 0
2026-07-01 02:15:23.450 7 INFO neutron.db.ovn_revision_numbers_db [None req-4e015679-df5d-4b82-8d5d-fece5c5cf181 ff3a7992f4f54f3ca86d4cce277164c3 3295dd8a35224426b7b6ea1d3bb8a630 - - default default] Successfully bumped revision number for resource 82564778-cca7-4396-9875-8cf81a3baae3 (type: security_group_rules) to 0
2026-07-01 02:15:23.468 7 INFO neutron.db.ovn_revision_numbers_db [None req-4e015679-df5d-4b82-8d5d-fece5c5cf181 ff3a7992f4f54f3ca86d4cce277164c3 3295dd8a35224426b7b6ea1d3bb8a630 - - default default] Successfully bumped revision number for resource d63ea055-ab9a-4967-8046-f5a38f6990c4 (type: security_group_rules) to 0 [pid: 7|app: 0|req: 1309/2595] 10.0.0.12 () {32 vars in 773 bytes} [Wed Jul 1 02:15:23 2026] GET /v2.0/security-groups?tenant_id=a7a13361d6284b42b44ac5275ca92228&name=default => generated 2929 bytes in 244 msecs (HTTP/1.1 200) 4 headers in 158 bytes (1 switches on core 0)
2026-07-01 02:15:23.571 8 WARNING neutron.scheduler.dhcp_agent_scheduler [None req-12ba750c-9b1c-428f-bed4-452ea06cbae6 b2cc4cea270a45e0995f4eb975b14fd0 78f687ec083c40cfbd1e7614a1c4e0a2 - - default default] No more DHCP agents
2026-07-01 02:15:23.572 8 WARNING neutron.api.rpc.agentnotifiers.dhcp_rpc_agent_api [None req-12ba750c-9b1c-428f-bed4-452ea06cbae6 b2cc4cea270a45e0995f4eb975b14fd0 78f687ec083c40cfbd1e7614a1c4e0a2 - - default default] Unable to schedule network 37232513-c2e5-4188-9a8c-105972b05024: no agents available; will retry on subsequent port and subnet creation events.
2026-07-01 02:15:23.598 8 INFO neutron.db.ovn_revision_numbers_db [None req-12ba750c-9b1c-428f-bed4-452ea06cbae6 b2cc4cea270a45e0995f4eb975b14fd0 78f687ec083c40cfbd1e7614a1c4e0a2 - - default default] Successfully bumped revision number for resource 9a2a034e-f6f7-475b-ab57-83e71867377e (type: subnets) to 0 [pid: 8|app: 0|req: 1287/2596] 10.0.0.12 () {34 vars in 668 bytes} [Wed Jul 1 02:15:23 2026] POST /v2.0/subnets => generated 730 bytes in 270 msecs (HTTP/1.1 201) 4 headers in 162 bytes (1 switches on core 0) [pid: 7|app: 0|req: 1310/2597] 10.0.0.12 () {32 vars in 739 bytes} [Wed Jul 1 02:15:23 2026] DELETE /v2.0/security-groups/eca70062-3e51-4b5a-a380-3c7f256db6e2 => generated 0 bytes in 257 msecs (HTTP/1.1 204) 2 headers in 112 bytes (1 switches on core 0)
2026-07-01 02:15:24.093 8 WARNING neutron.scheduler.dhcp_agent_scheduler [None req-b3abe923-1a84-4988-967e-314a3f24e676 b2cc4cea270a45e0995f4eb975b14fd0 78f687ec083c40cfbd1e7614a1c4e0a2 - - default default] No more DHCP agents
2026-07-01 02:15:24.096 8 WARNING neutron.api.rpc.agentnotifiers.dhcp_rpc_agent_api [None req-b3abe923-1a84-4988-967e-314a3f24e676 b2cc4cea270a45e0995f4eb975b14fd0 78f687ec083c40cfbd1e7614a1c4e0a2 - - default default] Unable to schedule network 8c428b72-5dec-40d4-8ac0-eaf55ca8cc4b: no agents available; will retry on subsequent port and subnet creation events.
2026-07-01 02:15:24.200 8 INFO neutron.plugins.ml2.drivers.ovn.mech_driver.mech_driver [None req-e40c6c67-9265-4f9d-97de-ed383a1617be - - - - - -] OVN reports status down for port: 7b2bde18-3e80-4308-a404-88355c0dc46d
2026-07-01 02:15:24.260 8 INFO neutron.db.ovn_revision_numbers_db [None req-b3abe923-1a84-4988-967e-314a3f24e676 b2cc4cea270a45e0995f4eb975b14fd0 78f687ec083c40cfbd1e7614a1c4e0a2 - - default default] Successfully bumped revision number for resource 7b2bde18-3e80-4308-a404-88355c0dc46d (type: ports) to 1
2026-07-01 02:15:24.865 8 INFO neutron.plugins.ml2.drivers.ovn.mech_driver.ovsdb.commands [None req-7a3c0986-db7d-4972-9624-91be41c7946a - - - - - -] Schedule LRP lrp-7b2bde18-3e80-4308-a404-88355c0dc46d on gateway b68b2348-c89b-4f38-9c92-175265373af7 with priority 1
2026-07-01 02:15:24.893 7 INFO neutron.plugins.ml2.drivers.ovn.mech_driver.ovsdb.ovsdb_monitor [None req-f1cd1e33-6363-4196-b9dd-f0f4289998c2 - - - - - -] Router debb47d2-6555-46f7-a1b6-b0d67b6e73d1 is bound to host instance
2026-07-01 02:15:24.925 8 INFO neutron.plugins.ml2.drivers.ovn.mech_driver.mech_driver [None req-e40c6c67-9265-4f9d-97de-ed383a1617be - - - - - -] OVN reports status up for port: 7b2bde18-3e80-4308-a404-88355c0dc46d
2026-07-01 02:15:24.981 8 INFO neutron.plugins.ml2.plugin [None req-e40c6c67-9265-4f9d-97de-ed383a1617be - - - - - -] Attempt 1 to provision port 7b2bde18-3e80-4308-a404-88355c0dc46d
2026-07-01 02:15:24.991 8 INFO neutron.db.ovn_revision_numbers_db [None req-b3abe923-1a84-4988-967e-314a3f24e676 b2cc4cea270a45e0995f4eb975b14fd0 78f687ec083c40cfbd1e7614a1c4e0a2 - - default default] Successfully bumped revision number for resource 7b2bde18-3e80-4308-a404-88355c0dc46d (type: router_ports) to 1
2026-07-01 02:15:25.133 8 INFO neutron.db.ovn_revision_numbers_db [None req-b3abe923-1a84-4988-967e-314a3f24e676 b2cc4cea270a45e0995f4eb975b14fd0 78f687ec083c40cfbd1e7614a1c4e0a2 - - default default] Successfully bumped revision number for resource debb47d2-6555-46f7-a1b6-b0d67b6e73d1 (type: routers) to 2 [pid: 8|app: 0|req: 1288/2600] 10.0.0.12 () {34 vars in 668 bytes} [Wed Jul 1 02:15:23 2026] POST /v2.0/routers => generated 945 bytes in 1516 msecs (HTTP/1.1 201) 4 headers in 162 bytes (1 switches on core 0)
2026-07-01 02:15:25.208 7 INFO neutron.db.ovn_revision_numbers_db [None req-e5595174-285f-47c2-a742-61dcf480b2c1 75ee5c502a0d4cf19c691a0ab47eba8a 35b5375733e54d289567626e2e50b935 - - default default] Successfully bumped revision number for resource cb9e6785-6000-4cc3-a32d-d80951cec092 (type: security_groups) to 1
2026-07-01 02:15:25.232 7 INFO neutron.db.ovn_revision_numbers_db [None req-e5595174-285f-47c2-a742-61dcf480b2c1 75ee5c502a0d4cf19c691a0ab47eba8a 35b5375733e54d289567626e2e50b935 - - default default] Successfully bumped revision number for resource 273b1d21-8f41-4872-a9a5-2cc20287709d (type: security_group_rules) to 0
2026-07-01 02:15:25.256 7 INFO neutron.db.ovn_revision_numbers_db [None req-e5595174-285f-47c2-a742-61dcf480b2c1 75ee5c502a0d4cf19c691a0ab47eba8a 35b5375733e54d289567626e2e50b935 - - default default] Successfully bumped revision number for resource 3c484539-ae29-44db-847f-0e9e25e50635 (type: security_group_rules) to 0
2026-07-01 02:15:25.273 7 INFO neutron.db.ovn_revision_numbers_db [None req-e5595174-285f-47c2-a742-61dcf480b2c1 75ee5c502a0d4cf19c691a0ab47eba8a 35b5375733e54d289567626e2e50b935 - - default default] Successfully bumped revision number for resource 77356858-7669-49fc-bd33-ae1ad5392f18 (type: security_group_rules) to 0
2026-07-01 02:15:25.294 7 INFO neutron.db.ovn_revision_numbers_db [None req-e5595174-285f-47c2-a742-61dcf480b2c1 75ee5c502a0d4cf19c691a0ab47eba8a 35b5375733e54d289567626e2e50b935 - - default default] Successfully bumped revision number for resource e6ab1fa7-8663-4eae-8835-831bce093eb8 (type: security_group_rules) to 0
2026-07-01 02:15:25.411 7 INFO neutron.db.segments_db [None req-e5595174-285f-47c2-a742-61dcf480b2c1 75ee5c502a0d4cf19c691a0ab47eba8a 35b5375733e54d289567626e2e50b935 - - default default] Added segment 0e11577e-64cc-4998-b3aa-e166bb826b25 of type geneve for network 3da62f67-033f-4df2-a9b9-106f2b0f1267
2026-07-01 02:15:25.601 7 INFO neutron.db.ovn_revision_numbers_db [None req-e5595174-285f-47c2-a742-61dcf480b2c1 75ee5c502a0d4cf19c691a0ab47eba8a 35b5375733e54d289567626e2e50b935 - - default default] Successfully bumped revision number for resource 3da62f67-033f-4df2-a9b9-106f2b0f1267 (type: networks) to 1
2026-07-01 02:15:25.707 8 WARNING neutron.scheduler.dhcp_agent_scheduler [None req-6db7b566-96d1-4a7a-9ed8-52fdf8cda6f4 b2cc4cea270a45e0995f4eb975b14fd0 78f687ec083c40cfbd1e7614a1c4e0a2 - - default default] No more DHCP agents
2026-07-01 02:15:25.709 8 WARNING neutron.api.rpc.agentnotifiers.dhcp_rpc_agent_api [None req-6db7b566-96d1-4a7a-9ed8-52fdf8cda6f4 b2cc4cea270a45e0995f4eb975b14fd0 78f687ec083c40cfbd1e7614a1c4e0a2 - - default default] Unable to schedule network ad0918f2-5c33-4b6c-adec-3f499e29b579: no agents available; will retry on subsequent port and subnet creation events.
2026-07-01 02:15:25.875 8 INFO neutron.db.ovn_revision_numbers_db [None req-6db7b566-96d1-4a7a-9ed8-52fdf8cda6f4 b2cc4cea270a45e0995f4eb975b14fd0 78f687ec083c40cfbd1e7614a1c4e0a2 - - default default] Successfully bumped revision number for resource e1365133-bee9-466e-ac3d-81b7f32c2307 (type: ports) to 1
2026-07-01 02:15:25.909 7 WARNING neutron.scheduler.dhcp_agent_scheduler [None req-e5595174-285f-47c2-a742-61dcf480b2c1 75ee5c502a0d4cf19c691a0ab47eba8a 35b5375733e54d289567626e2e50b935 - - default default] No more DHCP agents
2026-07-01 02:15:25.912 7 WARNING neutron.api.rpc.agentnotifiers.dhcp_rpc_agent_api [None req-e5595174-285f-47c2-a742-61dcf480b2c1 75ee5c502a0d4cf19c691a0ab47eba8a 35b5375733e54d289567626e2e50b935 - - default default] Unable to schedule network 3da62f67-033f-4df2-a9b9-106f2b0f1267: no agents available; will retry on subsequent port and subnet creation events.
2026-07-01 02:15:26.033 7 INFO neutron.db.ovn_revision_numbers_db [None req-e5595174-285f-47c2-a742-61dcf480b2c1 75ee5c502a0d4cf19c691a0ab47eba8a 35b5375733e54d289567626e2e50b935 - - default default] Successfully bumped revision number for resource 2b9e24b8-5c10-4b1a-8db7-8a86206b62ad (type: ports) to 1 [pid: 7|app: 0|req: 1313/2601] 10.0.0.12 () {34 vars in 669 bytes} [Wed Jul 1 02:15:24 2026] POST /v2.0/networks => generated 670 bytes in 1331 msecs (HTTP/1.1 201) 4 headers in 162 bytes (1 switches on core 0)
2026-07-01 02:15:26.268 7 INFO neutron.db.ovn_revision_numbers_db [None req-6e1dddc4-c09b-4c90-97fe-99b0a39dee2a - - - - - -] Successfully bumped revision number for resource 7b2bde18-3e80-4308-a404-88355c0dc46d (type: ports) to 4
2026-07-01 02:15:26.530 7 WARNING neutron.scheduler.dhcp_agent_scheduler [None req-0ab8b139-5490-4df1-ac23-18af5613586a 75ee5c502a0d4cf19c691a0ab47eba8a 35b5375733e54d289567626e2e50b935 - - default default] No more DHCP agents
2026-07-01 02:15:26.532 7 WARNING neutron.api.rpc.agentnotifiers.dhcp_rpc_agent_api [None req-0ab8b139-5490-4df1-ac23-18af5613586a 75ee5c502a0d4cf19c691a0ab47eba8a 35b5375733e54d289567626e2e50b935 - - default default] Unable to schedule network 3da62f67-033f-4df2-a9b9-106f2b0f1267: no agents available; will retry on subsequent port and subnet creation events.
2026-07-01 02:15:26.673 7 INFO neutron.db.ovn_revision_numbers_db [None req-0ab8b139-5490-4df1-ac23-18af5613586a 75ee5c502a0d4cf19c691a0ab47eba8a 35b5375733e54d289567626e2e50b935 - - default default] Successfully bumped revision number for resource 8395c686-2aca-49d3-9490-4835267967a3 (type: ports) to 1
2026-07-01 02:15:26.692 8 WARNING neutron.scheduler.dhcp_agent_scheduler [None req-6db7b566-96d1-4a7a-9ed8-52fdf8cda6f4 b2cc4cea270a45e0995f4eb975b14fd0 78f687ec083c40cfbd1e7614a1c4e0a2 - - default default] No more DHCP agents
2026-07-01 02:15:26.694 8 WARNING neutron.api.rpc.agentnotifiers.dhcp_rpc_agent_api [None req-6db7b566-96d1-4a7a-9ed8-52fdf8cda6f4 b2cc4cea270a45e0995f4eb975b14fd0 78f687ec083c40cfbd1e7614a1c4e0a2 - - default default] Unable to schedule network ad0918f2-5c33-4b6c-adec-3f499e29b579: no agents available; will retry on subsequent port and subnet creation events. [pid: 7|app: 0|req: 1314/2602] 10.0.0.12 () {34 vars in 663 bytes} [Wed Jul 1 02:15:26 2026] POST /v2.0/ports => generated 743 bytes in 668 msecs (HTTP/1.1 201) 4 headers in 162 bytes (1 switches on core 0) /var/lib/openstack/lib/python3.12/site-packages/pycadf/identifier.py:70: UserWarning: Invalid uuid: neutron. To ensure interoperability, identifiers should be a valid uuid. warnings.warn(('Invalid uuid: %s. To ensure interoperability, '
2026-07-01 02:15:26.828 7 INFO neutron.db.ovn_revision_numbers_db [None req-6e1dddc4-c09b-4c90-97fe-99b0a39dee2a - - - - - -] Successfully bumped revision number for resource 7b2bde18-3e80-4308-a404-88355c0dc46d (type: ports) to 5 [pid: 7|app: 0|req: 1315/2603] 10.0.0.12 () {34 vars in 665 bytes} [Wed Jul 1 02:15:26 2026] POST /v2.0/trunks => generated 409 bytes in 292 msecs (HTTP/1.1 201) 4 headers in 162 bytes (1 switches on core 0)
2026-07-01 02:15:27.069 8 INFO neutron.db.ovn_revision_numbers_db [None req-6db7b566-96d1-4a7a-9ed8-52fdf8cda6f4 b2cc4cea270a45e0995f4eb975b14fd0 78f687ec083c40cfbd1e7614a1c4e0a2 - - default default] Successfully bumped revision number for resource e1365133-bee9-466e-ac3d-81b7f32c2307 (type: router_ports) to 1 [pid: 8|app: 0|req: 1289/2604] 10.0.0.12 () {34 vars in 782 bytes} [Wed Jul 1 02:15:25 2026] PUT /v2.0/routers/debb47d2-6555-46f7-a1b6-b0d67b6e73d1/add_router_interface => generated 309 bytes in 1922 msecs (HTTP/1.1 200) 4 headers in 157 bytes (1 switches on core 0) [pid: 8|app: 0|req: 1290/2605] 10.0.0.12 () {34 vars in 748 bytes} [Wed Jul 1 02:15:27 2026] PUT /v2.0/trunks/7cf84311-443d-4a02-9798-c2f461dfbb8e/tags => generated 25 bytes in 48 msecs (HTTP/1.1 200) 4 headers in 156 bytes (1 switches on core 0)
2026-07-01 02:15:27.390 7 INFO neutron.db.ovn_revision_numbers_db [None req-0a2c717f-f6ac-4612-83d6-a7cee02f9807 feb6db60620d4c2bbab78918da631f97 b18e0e7a616f4e4095b22e752bb3b020 - - default default] Successfully bumped revision number for resource c5243df5-3c2a-438e-a21c-f81c94f1496a (type: security_groups) to 1
2026-07-01 02:15:27.405 7 INFO neutron.db.ovn_revision_numbers_db [None req-0a2c717f-f6ac-4612-83d6-a7cee02f9807 feb6db60620d4c2bbab78918da631f97 b18e0e7a616f4e4095b22e752bb3b020 - - default default] Successfully bumped revision number for resource 1ea0e540-14cd-4742-ac8e-5708c3a159fe (type: security_group_rules) to 0
2026-07-01 02:15:27.417 7 INFO neutron.db.ovn_revision_numbers_db [None req-0a2c717f-f6ac-4612-83d6-a7cee02f9807 feb6db60620d4c2bbab78918da631f97 b18e0e7a616f4e4095b22e752bb3b020 - - default default] Successfully bumped revision number for resource 8f07792f-a3de-4d5f-a0e3-61dd7c9518b4 (type: security_group_rules) to 0
2026-07-01 02:15:27.429 7 INFO neutron.db.ovn_revision_numbers_db [None req-0a2c717f-f6ac-4612-83d6-a7cee02f9807 feb6db60620d4c2bbab78918da631f97 b18e0e7a616f4e4095b22e752bb3b020 - - default default] Successfully bumped revision number for resource f77483d9-643c-467e-91c2-887cee5a96f0 (type: security_group_rules) to 0
2026-07-01 02:15:27.440 7 INFO neutron.db.ovn_revision_numbers_db [None req-0a2c717f-f6ac-4612-83d6-a7cee02f9807 feb6db60620d4c2bbab78918da631f97 b18e0e7a616f4e4095b22e752bb3b020 - - default default] Successfully bumped revision number for resource fc51cc01-5286-4739-a6de-964726216f6e (type: security_group_rules) to 0
2026-07-01 02:15:27.515 7 INFO neutron.db.segments_db [None req-0a2c717f-f6ac-4612-83d6-a7cee02f9807 feb6db60620d4c2bbab78918da631f97 b18e0e7a616f4e4095b22e752bb3b020 - - default default] Added segment f67089e6-64b4-4fcc-885f-0965190186b6 of type geneve for network af20ba70-847a-4706-99f9-0652d4ce5fd2
2026-07-01 02:15:27.644 7 INFO neutron.db.ovn_revision_numbers_db [None req-0a2c717f-f6ac-4612-83d6-a7cee02f9807 feb6db60620d4c2bbab78918da631f97 b18e0e7a616f4e4095b22e752bb3b020 - - default default] Successfully bumped revision number for resource af20ba70-847a-4706-99f9-0652d4ce5fd2 (type: networks) to 1
2026-07-01 02:15:27.693 8 INFO neutron.plugins.ml2.drivers.ovn.mech_driver.mech_driver [None req-e40c6c67-9265-4f9d-97de-ed383a1617be - - - - - -] OVN reports status down for port: e1365133-bee9-466e-ac3d-81b7f32c2307
2026-07-01 02:15:27.694 8 WARNING neutron.scheduler.dhcp_agent_scheduler [None req-31a23068-0b31-45d3-ab13-157b79d8ada7 b2cc4cea270a45e0995f4eb975b14fd0 78f687ec083c40cfbd1e7614a1c4e0a2 - - default default] No more DHCP agents
2026-07-01 02:15:27.697 8 WARNING neutron.api.rpc.agentnotifiers.dhcp_rpc_agent_api [None req-31a23068-0b31-45d3-ab13-157b79d8ada7 b2cc4cea270a45e0995f4eb975b14fd0 78f687ec083c40cfbd1e7614a1c4e0a2 - - default default] Unable to schedule network 88a4dc4b-ea5c-4f6f-b149-403dd73b3c9d: no agents available; will retry on subsequent port and subnet creation events.
2026-07-01 02:15:27.799 8 WARNING neutron.plugins.ml2.drivers.ovn.mech_driver.ovsdb.ovn_client [None req-e40c6c67-9265-4f9d-97de-ed383a1617be - - - - - -] Logical_Switch_Port e1365133-bee9-466e-ac3d-81b7f32c2307 host information not removed, the port state is up
2026-07-01 02:15:27.799 8 INFO neutron.plugins.ml2.drivers.ovn.mech_driver.mech_driver [None req-e40c6c67-9265-4f9d-97de-ed383a1617be - - - - - -] OVN reports status down for port: 2b9e24b8-5c10-4b1a-8db7-8a86206b62ad
2026-07-01 02:15:27.824 7 WARNING neutron.scheduler.dhcp_agent_scheduler [None req-0a2c717f-f6ac-4612-83d6-a7cee02f9807 feb6db60620d4c2bbab78918da631f97 b18e0e7a616f4e4095b22e752bb3b020 - - default default] No more DHCP agents
2026-07-01 02:15:27.826 7 WARNING neutron.api.rpc.agentnotifiers.dhcp_rpc_agent_api [None req-0a2c717f-f6ac-4612-83d6-a7cee02f9807 feb6db60620d4c2bbab78918da631f97 b18e0e7a616f4e4095b22e752bb3b020 - - default default] Unable to schedule network af20ba70-847a-4706-99f9-0652d4ce5fd2: no agents available; will retry on subsequent port and subnet creation events.
2026-07-01 02:15:27.885 7 INFO neutron.plugins.ml2.drivers.ovn.mech_driver.mech_driver [None req-db574b1a-0f00-42bb-b749-e6f5125c952d - - - - - -] OVN reports status down for port: 07374336-dc5c-4c39-ab50-6eca481e9af2
2026-07-01 02:15:27.919 8 INFO neutron.plugins.ml2.drivers.ovn.mech_driver.mech_driver [None req-e40c6c67-9265-4f9d-97de-ed383a1617be - - - - - -] OVN reports status up for port: e1365133-bee9-466e-ac3d-81b7f32c2307
2026-07-01 02:15:27.939 8 INFO neutron.plugins.ml2.plugin [None req-e40c6c67-9265-4f9d-97de-ed383a1617be - - - - - -] Attempt 1 to provision port e1365133-bee9-466e-ac3d-81b7f32c2307
2026-07-01 02:15:27.942 7 INFO neutron.db.ovn_revision_numbers_db [None req-0a2c717f-f6ac-4612-83d6-a7cee02f9807 feb6db60620d4c2bbab78918da631f97 b18e0e7a616f4e4095b22e752bb3b020 - - default default] Successfully bumped revision number for resource 07374336-dc5c-4c39-ab50-6eca481e9af2 (type: ports) to 1
2026-07-01 02:15:27.952 8 INFO neutron.db.ovn_revision_numbers_db [None req-31a23068-0b31-45d3-ab13-157b79d8ada7 b2cc4cea270a45e0995f4eb975b14fd0 78f687ec083c40cfbd1e7614a1c4e0a2 - - default default] Successfully bumped revision number for resource 8ac1d96f-ddaf-4e7c-b128-4c56bd9fe597 (type: ports) to 1 [pid: 7|app: 0|req: 1316/2606] 10.0.0.12 () {34 vars in 669 bytes} [Wed Jul 1 02:15:27 2026] POST /v2.0/networks => generated 664 bytes in 915 msecs (HTTP/1.1 201) 4 headers in 162 bytes (1 switches on core 0)
2026-07-01 02:15:27.980 7 INFO neutron.plugins.ml2.drivers.ovn.mech_driver.mech_driver [None req-db574b1a-0f00-42bb-b749-e6f5125c952d - - - - - -] OVN reports status down for port: 8ac1d96f-ddaf-4e7c-b128-4c56bd9fe597 [pid: 7|app: 0|req: 1317/2607] 10.0.0.12 () {32 vars in 728 bytes} [Wed Jul 1 02:15:27 2026] GET /v2.0/trunks/7cf84311-443d-4a02-9798-c2f461dfbb8e/tags => generated 25 bytes in 39 msecs (HTTP/1.1 200) 4 headers in 156 bytes (1 switches on core 0)
2026-07-01 02:15:28.235 7 WARNING neutron.scheduler.dhcp_agent_scheduler [None req-188bbe26-38e6-4745-8065-193e32a63c10 feb6db60620d4c2bbab78918da631f97 b18e0e7a616f4e4095b22e752bb3b020 - - default default] No more DHCP agents
2026-07-01 02:15:28.237 7 WARNING neutron.api.rpc.agentnotifiers.dhcp_rpc_agent_api [None req-188bbe26-38e6-4745-8065-193e32a63c10 feb6db60620d4c2bbab78918da631f97 b18e0e7a616f4e4095b22e752bb3b020 - - default default] Unable to schedule network af20ba70-847a-4706-99f9-0652d4ce5fd2: no agents available; will retry on subsequent port and subnet creation events.
2026-07-01 02:15:28.724 7 INFO neutron.db.ovn_revision_numbers_db [None req-66e9c2a3-6d68-4ded-a535-7adaceee22f9 - - - - - -] Successfully bumped revision number for resource 07374336-dc5c-4c39-ab50-6eca481e9af2 (type: ports) to 2
2026-07-01 02:15:28.727 8 INFO neutron.db.ovn_revision_numbers_db [None req-e40c6c67-9265-4f9d-97de-ed383a1617be - - - - - -] Successfully bumped revision number for resource e1365133-bee9-466e-ac3d-81b7f32c2307 (type: ports) to 2
2026-07-01 02:15:28.762 7 INFO neutron.db.ovn_revision_numbers_db [None req-66e9c2a3-6d68-4ded-a535-7adaceee22f9 - - - - - -] Successfully bumped revision number for resource a068677e-8d5c-402b-8b40-1b7b98e223d0 (type: subnets) to 0 [pid: 7|app: 0|req: 1318/2608] 10.0.0.12 () {34 vars in 668 bytes} [Wed Jul 1 02:15:28 2026] POST /v2.0/subnets => generated 626 bytes in 765 msecs (HTTP/1.1 201) 4 headers in 162 bytes (1 switches on core 0) [pid: 7|app: 0|req: 1319/2609] 10.0.0.12 () {34 vars in 759 bytes} [Wed Jul 1 02:15:28 2026] PUT /v2.0/trunks/7cf84311-443d-4a02-9798-c2f461dfbb8e/tags/green => generated 4 bytes in 38 msecs (HTTP/1.1 201) 4 headers in 160 bytes (1 switches on core 0)
2026-07-01 02:15:29.142 7 INFO neutron.plugins.ml2.drivers.ovn.mech_driver.mech_driver [None req-db574b1a-0f00-42bb-b749-e6f5125c952d - - - - - -] OVN reports status up for port: 8ac1d96f-ddaf-4e7c-b128-4c56bd9fe597
2026-07-01 02:15:29.181 7 INFO neutron.plugins.ml2.plugin [None req-db574b1a-0f00-42bb-b749-e6f5125c952d - - - - - -] Attempt 1 to provision port 8ac1d96f-ddaf-4e7c-b128-4c56bd9fe597
2026-07-01 02:15:29.223 8 WARNING neutron.scheduler.dhcp_agent_scheduler [None req-31a23068-0b31-45d3-ab13-157b79d8ada7 b2cc4cea270a45e0995f4eb975b14fd0 78f687ec083c40cfbd1e7614a1c4e0a2 - - default default] No more DHCP agents
2026-07-01 02:15:29.225 8 WARNING neutron.api.rpc.agentnotifiers.dhcp_rpc_agent_api [None req-31a23068-0b31-45d3-ab13-157b79d8ada7 b2cc4cea270a45e0995f4eb975b14fd0 78f687ec083c40cfbd1e7614a1c4e0a2 - - default default] Unable to schedule network 88a4dc4b-ea5c-4f6f-b149-403dd73b3c9d: no agents available; will retry on subsequent port and subnet creation events.
2026-07-01 02:15:29.261 7 WARNING neutron.scheduler.dhcp_agent_scheduler [None req-5ce1a74c-fe6c-479f-bbb1-969569646198 feb6db60620d4c2bbab78918da631f97 b18e0e7a616f4e4095b22e752bb3b020 - - default default] No more DHCP agents
2026-07-01 02:15:29.268 7 WARNING neutron.api.rpc.agentnotifiers.dhcp_rpc_agent_api [None req-5ce1a74c-fe6c-479f-bbb1-969569646198 feb6db60620d4c2bbab78918da631f97 b18e0e7a616f4e4095b22e752bb3b020 - - default default] Unable to schedule network 8c428b72-5dec-40d4-8ac0-eaf55ca8cc4b: no agents available; will retry on subsequent port and subnet creation events.
2026-07-01 02:15:29.533 7 INFO neutron.db.ovn_revision_numbers_db [None req-5ce1a74c-fe6c-479f-bbb1-969569646198 feb6db60620d4c2bbab78918da631f97 b18e0e7a616f4e4095b22e752bb3b020 - - default default] Successfully bumped revision number for resource 9ff454e8-8b74-4983-84a6-7ab3c4f71006 (type: ports) to 1
2026-07-01 02:15:29.557 8 INFO neutron.db.ovn_revision_numbers_db [None req-31a23068-0b31-45d3-ab13-157b79d8ada7 b2cc4cea270a45e0995f4eb975b14fd0 78f687ec083c40cfbd1e7614a1c4e0a2 - - default default] Successfully bumped revision number for resource 8ac1d96f-ddaf-4e7c-b128-4c56bd9fe597 (type: router_ports) to 1 [pid: 8|app: 0|req: 1291/2610] 10.0.0.12 () {34 vars in 782 bytes} [Wed Jul 1 02:15:27 2026] PUT /v2.0/routers/debb47d2-6555-46f7-a1b6-b0d67b6e73d1/add_router_interface => generated 309 bytes in 2438 msecs (HTTP/1.1 200) 4 headers in 157 bytes (1 switches on core 0) [pid: 8|app: 0|req: 1292/2611] 10.0.0.12 () {32 vars in 728 bytes} [Wed Jul 1 02:15:29 2026] GET /v2.0/trunks/7cf84311-443d-4a02-9798-c2f461dfbb8e/tags => generated 34 bytes in 23 msecs (HTTP/1.1 200) 4 headers in 156 bytes (1 switches on core 0)
2026-07-01 02:15:30.082 8 WARNING neutron.scheduler.dhcp_agent_scheduler [None req-6de45749-ac06-464a-9e2f-358a081b99c9 b2cc4cea270a45e0995f4eb975b14fd0 78f687ec083c40cfbd1e7614a1c4e0a2 - - default default] No more DHCP agents
2026-07-01 02:15:30.084 8 WARNING neutron.api.rpc.agentnotifiers.dhcp_rpc_agent_api [None req-6de45749-ac06-464a-9e2f-358a081b99c9 b2cc4cea270a45e0995f4eb975b14fd0 78f687ec083c40cfbd1e7614a1c4e0a2 - - default default] Unable to schedule network 37232513-c2e5-4188-9a8c-105972b05024: no agents available; will retry on subsequent port and subnet creation events.
2026-07-01 02:15:30.215 8 INFO neutron.db.ovn_revision_numbers_db [None req-6de45749-ac06-464a-9e2f-358a081b99c9 b2cc4cea270a45e0995f4eb975b14fd0 78f687ec083c40cfbd1e7614a1c4e0a2 - - default default] Successfully bumped revision number for resource 1d6f97b6-83e4-4a39-a8ee-1d62abc6b043 (type: ports) to 1
2026-07-01 02:15:30.606 7 INFO neutron.db.ovn_revision_numbers_db [None req-db574b1a-0f00-42bb-b749-e6f5125c952d - - - - - -] Successfully bumped revision number for resource 8ac1d96f-ddaf-4e7c-b128-4c56bd9fe597 (type: ports) to 2
2026-07-01 02:15:31.017 7 INFO neutron.plugins.ml2.drivers.ovn.mech_driver.ovsdb.commands [None req-128e917d-afc2-4118-bc03-c46f8351925b - - - - - -] Schedule LRP lrp-9ff454e8-8b74-4983-84a6-7ab3c4f71006 on gateway b68b2348-c89b-4f38-9c92-175265373af7 with priority 1
2026-07-01 02:15:31.049 8 WARNING neutron.scheduler.dhcp_agent_scheduler [None req-6de45749-ac06-464a-9e2f-358a081b99c9 b2cc4cea270a45e0995f4eb975b14fd0 78f687ec083c40cfbd1e7614a1c4e0a2 - - default default] No more DHCP agents
2026-07-01 02:15:31.051 8 WARNING neutron.api.rpc.agentnotifiers.dhcp_rpc_agent_api [None req-6de45749-ac06-464a-9e2f-358a081b99c9 b2cc4cea270a45e0995f4eb975b14fd0 78f687ec083c40cfbd1e7614a1c4e0a2 - - default default] Unable to schedule network 37232513-c2e5-4188-9a8c-105972b05024: no agents available; will retry on subsequent port and subnet creation events.
2026-07-01 02:15:31.074 7 INFO neutron.db.ovn_revision_numbers_db [None req-5ce1a74c-fe6c-479f-bbb1-969569646198 feb6db60620d4c2bbab78918da631f97 b18e0e7a616f4e4095b22e752bb3b020 - - default default] Successfully bumped revision number for resource 9ff454e8-8b74-4983-84a6-7ab3c4f71006 (type: router_ports) to 1
2026-07-01 02:15:31.184 7 INFO neutron.db.ovn_revision_numbers_db [None req-5ce1a74c-fe6c-479f-bbb1-969569646198 feb6db60620d4c2bbab78918da631f97 b18e0e7a616f4e4095b22e752bb3b020 - - default default] Successfully bumped revision number for resource 78e3340b-15f3-4927-bff1-4f0817977ac3 (type: routers) to 2 [pid: 7|app: 0|req: 1320/2612] 10.0.0.12 () {34 vars in 668 bytes} [Wed Jul 1 02:15:28 2026] POST /v2.0/routers => generated 936 bytes in 2383 msecs (HTTP/1.1 201) 4 headers in 162 bytes (1 switches on core 0) [pid: 7|app: 0|req: 1321/2613] 10.0.0.12 () {34 vars in 755 bytes} [Wed Jul 1 02:15:31 2026] PUT /v2.0/trunks/7cf84311-443d-4a02-9798-c2f461dfbb8e/tags/red => generated 4 bytes in 24 msecs (HTTP/1.1 201) 4 headers in 160 bytes (1 switches on core 0)
2026-07-01 02:15:31.464 8 INFO neutron.db.ovn_revision_numbers_db [None req-6de45749-ac06-464a-9e2f-358a081b99c9 b2cc4cea270a45e0995f4eb975b14fd0 78f687ec083c40cfbd1e7614a1c4e0a2 - - default default] Successfully bumped revision number for resource 1d6f97b6-83e4-4a39-a8ee-1d62abc6b043 (type: router_ports) to 1 [pid: 8|app: 0|req: 1293/2614] 10.0.0.12 () {34 vars in 782 bytes} [Wed Jul 1 02:15:29 2026] PUT /v2.0/routers/debb47d2-6555-46f7-a1b6-b0d67b6e73d1/add_router_interface => generated 309 bytes in 1877 msecs (HTTP/1.1 200) 4 headers in 157 bytes (1 switches on core 0) [pid: 8|app: 0|req: 1294/2615] 10.0.0.12 () {32 vars in 728 bytes} [Wed Jul 1 02:15:31 2026] GET /v2.0/trunks/7cf84311-443d-4a02-9798-c2f461dfbb8e/tags => generated 34 bytes in 17 msecs (HTTP/1.1 200) 4 headers in 156 bytes (1 switches on core 0) [pid: 8|app: 0|req: 1295/2616] 10.0.0.12 () {34 vars in 777 bytes} [Wed Jul 1 02:15:31 2026] PUT /v2.0/trunks/7cf84311-443d-4a02-9798-c2f461dfbb8e/tags/black.or.white => generated 4 bytes in 41 msecs (HTTP/1.1 201) 4 headers in 160 bytes (1 switches on core 0)
2026-07-01 02:15:31.663 8 INFO neutron.db.ovn_revision_numbers_db [None req-56c52f8a-ea34-41f2-8881-20ee73fe6e8f b2cc4cea270a45e0995f4eb975b14fd0 78f687ec083c40cfbd1e7614a1c4e0a2 - - default default] Successfully bumped revision number for resource 9e62647a-41c3-422f-8c8c-d4c0937c9154 (type: security_groups) to 1
2026-07-01 02:15:31.675 8 INFO neutron.db.ovn_revision_numbers_db [None req-56c52f8a-ea34-41f2-8881-20ee73fe6e8f b2cc4cea270a45e0995f4eb975b14fd0 78f687ec083c40cfbd1e7614a1c4e0a2 - - default default] Successfully bumped revision number for resource 7927280b-1782-4da8-bd36-c6ac0750b5a3 (type: security_group_rules) to 0
2026-07-01 02:15:31.686 8 INFO neutron.db.ovn_revision_numbers_db [None req-56c52f8a-ea34-41f2-8881-20ee73fe6e8f b2cc4cea270a45e0995f4eb975b14fd0 78f687ec083c40cfbd1e7614a1c4e0a2 - - default default] Successfully bumped revision number for resource c8785d81-d30f-40bf-90d9-c0b90c63555b (type: security_group_rules) to 0
2026-07-01 02:15:31.717 7 WARNING neutron.scheduler.dhcp_agent_scheduler [None req-00bc420c-3dc3-4b85-a1d1-825dd5a9489a feb6db60620d4c2bbab78918da631f97 b18e0e7a616f4e4095b22e752bb3b020 - - default default] No more DHCP agents
2026-07-01 02:15:31.718 7 WARNING neutron.api.rpc.agentnotifiers.dhcp_rpc_agent_api [None req-00bc420c-3dc3-4b85-a1d1-825dd5a9489a feb6db60620d4c2bbab78918da631f97 b18e0e7a616f4e4095b22e752bb3b020 - - default default] Unable to schedule network af20ba70-847a-4706-99f9-0652d4ce5fd2: no agents available; will retry on subsequent port and subnet creation events. [pid: 8|app: 0|req: 1296/2617] 10.0.0.12 () {34 vars in 683 bytes} [Wed Jul 1 02:15:31 2026] POST /v2.0/security-groups => generated 1630 bytes in 184 msecs (HTTP/1.1 201) 4 headers in 163 bytes (1 switches on core 0) [pid: 8|app: 0|req: 1297/2618] 10.0.0.12 () {32 vars in 728 bytes} [Wed Jul 1 02:15:31 2026] GET /v2.0/trunks/7cf84311-443d-4a02-9798-c2f461dfbb8e/tags => generated 52 bytes in 17 msecs (HTTP/1.1 200) 4 headers in 156 bytes (1 switches on core 0)
2026-07-01 02:15:31.851 8 INFO neutron.db.ovn_revision_numbers_db [None req-5012d7cb-8ddd-45f3-a00c-dc9c5112622b b2cc4cea270a45e0995f4eb975b14fd0 78f687ec083c40cfbd1e7614a1c4e0a2 - - default default] Successfully bumped revision number for resource dde8455e-f34a-4cfa-b2d4-4f6175998ab2 (type: security_group_rules) to 0
2026-07-01 02:15:31.853 7 INFO neutron.db.ovn_revision_numbers_db [None req-00bc420c-3dc3-4b85-a1d1-825dd5a9489a feb6db60620d4c2bbab78918da631f97 b18e0e7a616f4e4095b22e752bb3b020 - - default default] Successfully bumped revision number for resource 90d3633c-6694-4e3c-b462-8f19a04b8534 (type: ports) to 1 [pid: 8|app: 0|req: 1298/2619] 10.0.0.12 () {34 vars in 694 bytes} [Wed Jul 1 02:15:31 2026] POST /v2.0/security-group-rules => generated 597 bytes in 141 msecs (HTTP/1.1 201) 4 headers in 162 bytes (1 switches on core 0) [pid: 8|app: 0|req: 1299/2620] 10.0.0.12 () {34 vars in 748 bytes} [Wed Jul 1 02:15:31 2026] PUT /v2.0/trunks/7cf84311-443d-4a02-9798-c2f461dfbb8e/tags => generated 37 bytes in 29 msecs (HTTP/1.1 200) 4 headers in 156 bytes (1 switches on core 0)
2026-07-01 02:15:32.026 8 INFO neutron.db.ovn_revision_numbers_db [None req-32475c74-a5ac-4093-9c69-17e74d23240e b2cc4cea270a45e0995f4eb975b14fd0 78f687ec083c40cfbd1e7614a1c4e0a2 - - default default] Successfully bumped revision number for resource 086477a5-c1f7-4338-81b7-c3655a2e156f (type: security_group_rules) to 0 [pid: 8|app: 0|req: 1300/2621] 10.0.0.12 () {34 vars in 694 bytes} [Wed Jul 1 02:15:31 2026] POST /v2.0/security-group-rules => generated 597 bytes in 147 msecs (HTTP/1.1 201) 4 headers in 162 bytes (1 switches on core 0) [pid: 8|app: 0|req: 1301/2622] 10.0.0.12 () {32 vars in 728 bytes} [Wed Jul 1 02:15:32 2026] GET /v2.0/trunks/7cf84311-443d-4a02-9798-c2f461dfbb8e/tags => generated 37 bytes in 20 msecs (HTTP/1.1 200) 4 headers in 156 bytes (1 switches on core 0)
2026-07-01 02:15:32.250 8 INFO neutron.db.ovn_revision_numbers_db [None req-347da19a-12d0-4fdb-a48b-a97476ad4965 b2cc4cea270a45e0995f4eb975b14fd0 78f687ec083c40cfbd1e7614a1c4e0a2 - - default default] Successfully bumped revision number for resource 44549734-617e-4207-946a-11c600bd1dc7 (type: security_group_rules) to 0 [pid: 8|app: 0|req: 1302/2623] 10.0.0.12 () {34 vars in 694 bytes} [Wed Jul 1 02:15:32 2026] POST /v2.0/security-group-rules => generated 599 bytes in 207 msecs (HTTP/1.1 201) 4 headers in 162 bytes (1 switches on core 0) [pid: 8|app: 0|req: 1303/2624] 10.0.0.12 () {32 vars in 736 bytes} [Wed Jul 1 02:15:32 2026] GET /v2.0/trunks/7cf84311-443d-4a02-9798-c2f461dfbb8e/tags/red => generated 0 bytes in 20 msecs (HTTP/1.1 204) 2 headers in 112 bytes (1 switches on core 0)
2026-07-01 02:15:32.420 8 INFO neutron.db.ovn_revision_numbers_db [None req-2c08cfd5-12ee-4821-b980-43c5fcca808e b2cc4cea270a45e0995f4eb975b14fd0 78f687ec083c40cfbd1e7614a1c4e0a2 - - default default] Successfully bumped revision number for resource ab94ea47-9b11-4d19-8525-85b45e3738e9 (type: security_group_rules) to 0 [pid: 8|app: 0|req: 1304/2625] 10.0.0.12 () {34 vars in 694 bytes} [Wed Jul 1 02:15:32 2026] POST /v2.0/security-group-rules => generated 601 bytes in 143 msecs (HTTP/1.1 201) 4 headers in 162 bytes (1 switches on core 0)
2026-07-01 02:15:32.462 8 INFO neutron.api.v2.resource [None req-1c4162e6-292a-4b07-b36a-7b1cf3e33dca 75ee5c502a0d4cf19c691a0ab47eba8a 35b5375733e54d289567626e2e50b935 - - default default] show failed (client error): The resource could not be found. [pid: 8|app: 0|req: 1305/2626] 10.0.0.12 () {32 vars in 740 bytes} [Wed Jul 1 02:15:32 2026] GET /v2.0/trunks/7cf84311-443d-4a02-9798-c2f461dfbb8e/tags/green => generated 99 bytes in 17 msecs (HTTP/1.1 404) 4 headers in 163 bytes (1 switches on core 0)
2026-07-01 02:15:32.599 7 WARNING neutron.scheduler.dhcp_agent_scheduler [None req-00bc420c-3dc3-4b85-a1d1-825dd5a9489a feb6db60620d4c2bbab78918da631f97 b18e0e7a616f4e4095b22e752bb3b020 - - default default] No more DHCP agents
2026-07-01 02:15:32.602 7 WARNING neutron.api.rpc.agentnotifiers.dhcp_rpc_agent_api [None req-00bc420c-3dc3-4b85-a1d1-825dd5a9489a feb6db60620d4c2bbab78918da631f97 b18e0e7a616f4e4095b22e752bb3b020 - - default default] Unable to schedule network af20ba70-847a-4706-99f9-0652d4ce5fd2: no agents available; will retry on subsequent port and subnet creation events.
2026-07-01 02:15:32.620 8 INFO neutron.db.ovn_revision_numbers_db [None req-7649b42b-d6a1-47d2-bf9e-7fbe90417c2b b2cc4cea270a45e0995f4eb975b14fd0 78f687ec083c40cfbd1e7614a1c4e0a2 - - default default] Successfully bumped revision number for resource 469bfa81-c8d7-4c85-a343-1ac55a7abc34 (type: security_group_rules) to 0 [pid: 8|app: 0|req: 1306/2627] 10.0.0.12 () {34 vars in 694 bytes} [Wed Jul 1 02:15:32 2026] POST /v2.0/security-group-rules => generated 601 bytes in 186 msecs (HTTP/1.1 201) 4 headers in 162 bytes (1 switches on core 0) [pid: 8|app: 0|req: 1307/2628] 10.0.0.12 () {32 vars in 739 bytes} [Wed Jul 1 02:15:32 2026] DELETE /v2.0/trunks/7cf84311-443d-4a02-9798-c2f461dfbb8e/tags/red => generated 0 bytes in 31 msecs (HTTP/1.1 204) 2 headers in 112 bytes (1 switches on core 0)
2026-07-01 02:15:32.825 8 INFO neutron.db.ovn_revision_numbers_db [None req-93bbe64d-354d-4626-b33f-6a56ec4df01e b2cc4cea270a45e0995f4eb975b14fd0 78f687ec083c40cfbd1e7614a1c4e0a2 - - default default] Successfully bumped revision number for resource 350354de-cd28-4ad4-8986-d4012eca025b (type: security_group_rules) to 0 [pid: 8|app: 0|req: 1308/2629] 10.0.0.12 () {34 vars in 694 bytes} [Wed Jul 1 02:15:32 2026] POST /v2.0/security-group-rules => generated 597 bytes in 173 msecs (HTTP/1.1 201) 4 headers in 162 bytes (1 switches on core 0) [pid: 8|app: 0|req: 1309/2630] 10.0.0.12 () {32 vars in 728 bytes} [Wed Jul 1 02:15:32 2026] GET /v2.0/trunks/7cf84311-443d-4a02-9798-c2f461dfbb8e/tags => generated 30 bytes in 29 msecs (HTTP/1.1 200) 4 headers in 156 bytes (1 switches on core 0)
2026-07-01 02:15:32.944 7 INFO neutron.db.ovn_revision_numbers_db [None req-00bc420c-3dc3-4b85-a1d1-825dd5a9489a feb6db60620d4c2bbab78918da631f97 b18e0e7a616f4e4095b22e752bb3b020 - - default default] Successfully bumped revision number for resource 90d3633c-6694-4e3c-b462-8f19a04b8534 (type: router_ports) to 1 [pid: 7|app: 0|req: 1322/2631] 10.0.0.12 () {34 vars in 782 bytes} [Wed Jul 1 02:15:31 2026] PUT /v2.0/routers/78e3340b-15f3-4927-bff1-4f0817977ac3/add_router_interface => generated 309 bytes in 1719 msecs (HTTP/1.1 200) 4 headers in 157 bytes (1 switches on core 0)
2026-07-01 02:15:32.964 7 INFO neutron.api.v2.resource [None req-17e20635-fe8d-4508-9661-b719bb453421 75ee5c502a0d4cf19c691a0ab47eba8a 35b5375733e54d289567626e2e50b935 - - default default] delete failed (client error): The resource could not be found. [pid: 7|app: 0|req: 1323/2632] 10.0.0.12 () {32 vars in 743 bytes} [Wed Jul 1 02:15:32 2026] DELETE /v2.0/trunks/7cf84311-443d-4a02-9798-c2f461dfbb8e/tags/green => generated 99 bytes in 16 msecs (HTTP/1.1 404) 4 headers in 163 bytes (1 switches on core 0)
2026-07-01 02:15:33.024 8 INFO neutron.db.ovn_revision_numbers_db [None req-ff95a2eb-70b3-4432-b296-9d1fe7bb0c7a b2cc4cea270a45e0995f4eb975b14fd0 78f687ec083c40cfbd1e7614a1c4e0a2 - - default default] Successfully bumped revision number for resource b3397def-142b-4656-80d3-bc25d1ff51f2 (type: security_group_rules) to 0 [pid: 8|app: 0|req: 1310/2633] 10.0.0.12 () {34 vars in 694 bytes} [Wed Jul 1 02:15:32 2026] POST /v2.0/security-group-rules => generated 597 bytes in 165 msecs (HTTP/1.1 201) 4 headers in 162 bytes (1 switches on core 0) [pid: 8|app: 0|req: 1311/2634] 10.0.0.12 () {32 vars in 731 bytes} [Wed Jul 1 02:15:33 2026] DELETE /v2.0/trunks/7cf84311-443d-4a02-9798-c2f461dfbb8e/tags => generated 0 bytes in 37 msecs (HTTP/1.1 204) 2 headers in 112 bytes (1 switches on core 0)
2026-07-01 02:15:33.277 8 INFO neutron.db.ovn_revision_numbers_db [None req-40a8ab8b-2ffa-4c42-b0b9-51edf2effdb6 b2cc4cea270a45e0995f4eb975b14fd0 78f687ec083c40cfbd1e7614a1c4e0a2 - - default default] Successfully bumped revision number for resource 34b0c67b-0e32-489d-bd30-88f7af750dab (type: security_group_rules) to 0 [pid: 8|app: 0|req: 1312/2635] 10.0.0.12 () {34 vars in 694 bytes} [Wed Jul 1 02:15:33 2026] POST /v2.0/security-group-rules => generated 597 bytes in 225 msecs (HTTP/1.1 201) 4 headers in 162 bytes (1 switches on core 0) [pid: 8|app: 0|req: 1313/2636] 10.0.0.12 () {32 vars in 728 bytes} [Wed Jul 1 02:15:33 2026] GET /v2.0/trunks/7cf84311-443d-4a02-9798-c2f461dfbb8e/tags => generated 12 bytes in 20 msecs (HTTP/1.1 200) 4 headers in 156 bytes (1 switches on core 0)
