2026-07-01 02:13:05.625 8 WARNING neutron.api.rpc.agentnotifiers.dhcp_rpc_agent_api [None req-20154866-0769-4b0a-87f5-85ec839bdc4f d9abce416810440dbf1cf05e162ecdde 55c65db9aa1f4cd2801635f207ac1f5f - - default default] Unable to schedule network 22a76816-1eee-456f-827e-f122e0408396: no agents available; will retry on subsequent port and subnet creation events.
2026-07-01 02:13:05.708 7 INFO neutron.plugins.ml2.drivers.ovn.mech_driver.mech_driver [None req-c7ede0ce-e9bd-4f25-9e34-fe17d750e250 - - - - - -] OVN reports status down for port: 18590565-e480-4721-92e9-8ca7754423ec
2026-07-01 02:13:05.716 7 INFO neutron.db.ovn_revision_numbers_db [None req-cc818824-a7bd-416f-94ee-089a3b1a509b ff3a7992f4f54f3ca86d4cce277164c3 3295dd8a35224426b7b6ea1d3bb8a630 - - default default] Successfully bumped revision number for resource 2f7d2b92-2840-4eb8-bac1-190515b7fa6f (type: security_groups) to 1
2026-07-01 02:13:05.731 8 INFO neutron.db.ovn_revision_numbers_db [None req-20154866-0769-4b0a-87f5-85ec839bdc4f d9abce416810440dbf1cf05e162ecdde 55c65db9aa1f4cd2801635f207ac1f5f - - default default] Successfully bumped revision number for resource 18590565-e480-4721-92e9-8ca7754423ec (type: ports) to 1
2026-07-01 02:13:05.738 7 INFO neutron.db.ovn_revision_numbers_db [None req-cc818824-a7bd-416f-94ee-089a3b1a509b ff3a7992f4f54f3ca86d4cce277164c3 3295dd8a35224426b7b6ea1d3bb8a630 - - default default] Successfully bumped revision number for resource 6a8aaba3-e160-4a18-bebf-5706a765c533 (type: security_group_rules) to 0
2026-07-01 02:13:05.756 7 INFO neutron.db.ovn_revision_numbers_db [None req-cc818824-a7bd-416f-94ee-089a3b1a509b ff3a7992f4f54f3ca86d4cce277164c3 3295dd8a35224426b7b6ea1d3bb8a630 - - default default] Successfully bumped revision number for resource 85a5c7c4-c41a-468a-b61a-2f767fb589b7 (type: security_group_rules) to 0 [pid: 8|app: 0|req: 772/1532] 10.0.0.12 () {34 vars in 664 bytes} [Wed Jul 1 02:13:05 2026] POST /v2.0/ports => generated 927 bytes in 375 msecs (HTTP/1.1 201) 4 headers in 162 bytes (1 switches on core 0) [pid: 8|app: 0|req: 773/1533] 10.0.0.192 () {34 vars in 990 bytes} [Wed Jul 1 02:13:05 2026] GET /v2.0/ports?device_id=f64304e6-861b-4935-9e57-9ffd4968bbea => generated 12 bytes in 17 msecs (HTTP/1.1 200) 4 headers in 156 bytes (1 switches on core 0)
2026-07-01 02:13:05.777 7 INFO neutron.db.ovn_revision_numbers_db [None req-cc818824-a7bd-416f-94ee-089a3b1a509b ff3a7992f4f54f3ca86d4cce277164c3 3295dd8a35224426b7b6ea1d3bb8a630 - - default default] Successfully bumped revision number for resource ac5f4b7d-6c6d-41c8-8cb8-9c2181ad97d0 (type: security_group_rules) to 0
2026-07-01 02:13:05.796 7 INFO neutron.db.ovn_revision_numbers_db [None req-cc818824-a7bd-416f-94ee-089a3b1a509b ff3a7992f4f54f3ca86d4cce277164c3 3295dd8a35224426b7b6ea1d3bb8a630 - - default default] Successfully bumped revision number for resource e1289be6-4d57-41c1-85ab-06a2474714f0 (type: security_group_rules) to 0 [pid: 7|app: 0|req: 761/1534] 10.0.0.12 () {32 vars in 773 bytes} [Wed Jul 1 02:13:05 2026] GET /v2.0/security-groups?tenant_id=13fae83fba334a149f931b57cc962c2e&name=default => generated 2925 bytes in 287 msecs (HTTP/1.1 200) 4 headers in 158 bytes (1 switches on core 0)
2026-07-01 02:13:05.883 8 INFO neutron_taas.services.taas.taas_plugin [None req-40d87a9f-291b-4fea-ba24-6d04d9491f51 d9abce416810440dbf1cf05e162ecdde 55c65db9aa1f4cd2801635f207ac1f5f - - default default] TaaS: Handle Delete Port: 18590565-e480-4721-92e9-8ca7754423ec
2026-07-01 02:13:05.885 8 INFO neutron_taas.services.taas.tap_mirror_plugin [None req-40d87a9f-291b-4fea-ba24-6d04d9491f51 d9abce416810440dbf1cf05e162ecdde 55c65db9aa1f4cd2801635f207ac1f5f - - default default] Tap Mirror: Handle Delete Port: 18590565-e480-4721-92e9-8ca7754423ec [pid: 8|app: 0|req: 774/1535] 10.0.0.12 () {32 vars in 719 bytes} [Wed Jul 1 02:13:05 2026] DELETE /v2.0/ports/18590565-e480-4721-92e9-8ca7754423ec => generated 0 bytes in 214 msecs (HTTP/1.1 204) 3 headers in 131 bytes (1 switches on core 0)
2026-07-01 02:13:06.010 8 INFO neutron.pecan_wsgi.hooks.translation [None req-5ae19513-40bf-4d2b-9d4b-7b214e33119b d9abce416810440dbf1cf05e162ecdde 55c65db9aa1f4cd2801635f207ac1f5f - - default default] GET failed (client error): The resource could not be found. [pid: 8|app: 0|req: 775/1536] 10.0.0.12 () {32 vars in 716 bytes} [Wed Jul 1 02:13:05 2026] GET /v2.0/ports/18590565-e480-4721-92e9-8ca7754423ec => generated 132 bytes in 18 msecs (HTTP/1.1 404) 4 headers in 164 bytes (1 switches on core 0) [pid: 7|app: 0|req: 762/1537] 10.0.0.12 () {32 vars in 739 bytes} [Wed Jul 1 02:13:05 2026] DELETE /v2.0/security-groups/2f7d2b92-2840-4eb8-bac1-190515b7fa6f => generated 0 bytes in 203 msecs (HTTP/1.1 204) 2 headers in 112 bytes (1 switches on core 0) [pid: 8|app: 0|req: 776/1538] 10.0.0.12 () {32 vars in 723 bytes} [Wed Jul 1 02:13:06 2026] DELETE /v2.0/subnets/bce57094-426e-4499-abaf-6505b2b573c3 => generated 0 bytes in 160 msecs (HTTP/1.1 204) 3 headers in 131 bytes (1 switches on core 0)
2026-07-01 02:13:06.290 7 INFO neutron_taas.services.taas.taas_plugin [None req-00211e23-716f-4289-83c1-3193b879090e d9abce416810440dbf1cf05e162ecdde 55c65db9aa1f4cd2801635f207ac1f5f - - default default] TaaS: Handle Delete Port: 9722dc74-f234-463d-bbd6-337780843f63
2026-07-01 02:13:06.292 7 INFO neutron_taas.services.taas.tap_mirror_plugin [None req-00211e23-716f-4289-83c1-3193b879090e d9abce416810440dbf1cf05e162ecdde 55c65db9aa1f4cd2801635f207ac1f5f - - default default] Tap Mirror: Handle Delete Port: 9722dc74-f234-463d-bbd6-337780843f63 [pid: 7|app: 0|req: 763/1539] 10.0.0.12 () {32 vars in 725 bytes} [Wed Jul 1 02:13:06 2026] DELETE /v2.0/networks/22a76816-1eee-456f-827e-f122e0408396 => generated 0 bytes in 277 msecs (HTTP/1.1 204) 3 headers in 131 bytes (1 switches on core 0) [pid: 7|app: 0|req: 764/1540] 10.0.0.12 () {32 vars in 716 bytes} [Wed Jul 1 02:13:06 2026] GET /v2.0/ports/ff3389e4-b3a0-4585-b8cc-adf808ab8ee8 => generated 953 bytes in 34 msecs (HTTP/1.1 200) 4 headers in 157 bytes (1 switches on core 0)
2026-07-01 02:13:06.681 8 WARNING neutron.scheduler.dhcp_agent_scheduler [None req-d2a73189-e238-472c-9af5-46f9d3549f0d d9abce416810440dbf1cf05e162ecdde 55c65db9aa1f4cd2801635f207ac1f5f - - default default] No more DHCP agents
2026-07-01 02:13:06.682 8 WARNING neutron.api.rpc.agentnotifiers.dhcp_rpc_agent_api [None req-d2a73189-e238-472c-9af5-46f9d3549f0d d9abce416810440dbf1cf05e162ecdde 55c65db9aa1f4cd2801635f207ac1f5f - - default default] Unable to schedule network 9cb88cf1-ff6c-4339-9dbb-27888dd01c47: no agents available; will retry on subsequent port and subnet creation events.
2026-07-01 02:13:06.700 7 INFO neutron.services.segments.plugin [-] Segment b83991ce-57fe-4f8c-8760-9bfbf3ddab6f resource provider aggregate not found
2026-07-01 02:13:06.703 7 INFO neutron.services.segments.plugin [-] Segment b83991ce-57fe-4f8c-8760-9bfbf3ddab6f resource provider aggregate not found
2026-07-01 02:13:06.716 7 INFO neutron.services.segments.plugin [-] Segment b83991ce-57fe-4f8c-8760-9bfbf3ddab6f resource provider not found; error: Placement Client Error (4xx): {"errors": [{"status": 404, "title": "Not Found", "detail": "The resource could not be found.\n\n No resource provider with uuid b83991ce-57fe-4f8c-8760-9bfbf3ddab6f found for delete ", "request_id": "req-6aaa6256-e2ee-4529-a2be-5387e6b67af8"}]}
2026-07-01 02:13:06.717 7 INFO neutron.services.segments.plugin [-] Segment b83991ce-57fe-4f8c-8760-9bfbf3ddab6f resource provider not found; error: Placement Client Error (4xx): {"errors": [{"status": 404, "title": "Not Found", "detail": "The resource could not be found.\n\n No resource provider with uuid b83991ce-57fe-4f8c-8760-9bfbf3ddab6f found for delete ", "request_id": "req-32c60481-6bf3-4a0e-bc76-dad285184478"}]}
2026-07-01 02:13:06.767 8 INFO neutron.db.ovn_revision_numbers_db [None req-d2a73189-e238-472c-9af5-46f9d3549f0d d9abce416810440dbf1cf05e162ecdde 55c65db9aa1f4cd2801635f207ac1f5f - - default default] Successfully bumped revision number for resource 6a02910d-8f21-49e5-a49a-00393dec114f (type: ports) to 1 [pid: 8|app: 0|req: 777/1541] 10.0.0.12 () {34 vars in 664 bytes} [Wed Jul 1 02:13:06 2026] POST /v2.0/ports => generated 779 bytes in 342 msecs (HTTP/1.1 201) 4 headers in 162 bytes (1 switches on core 0)
2026-07-01 02:13:06.806 8 WARNING neutron.plugins.ml2.drivers.ovn.mech_driver.ovsdb.ovn_client [None req-54b200c8-76b2-48cb-8394-2a1abe2dc19f - - - - - -] No hosting information found for port 6ad0d01c-38d9-4e8d-b31b-b263285edd45: RuntimeError: No hosting information found for port 6ad0d01c-38d9-4e8d-b31b-b263285edd45 /var/lib/openstack/lib/python3.12/site-packages/pycadf/identifier.py:70: UserWarning: Invalid uuid: neutron. To ensure interoperability, identifiers should be a valid uuid. warnings.warn(('Invalid uuid: %s. To ensure interoperability, ' [pid: 8|app: 0|req: 778/1542] 10.0.0.192 () {34 vars in 990 bytes} [Wed Jul 1 02:13:06 2026] GET /v2.0/ports?device_id=f64304e6-861b-4935-9e57-9ffd4968bbea => generated 12 bytes in 27 msecs (HTTP/1.1 200) 4 headers in 156 bytes (1 switches on core 0)
2026-07-01 02:13:06.884 8 INFO neutron.db.ovn_revision_numbers_db [None req-54b200c8-76b2-48cb-8394-2a1abe2dc19f - - - - - -] Successfully bumped revision number for resource 6ad0d01c-38d9-4e8d-b31b-b263285edd45 (type: router_ports) to 2
2026-07-01 02:13:06.917 8 INFO neutron.plugins.ml2.drivers.ovn.mech_driver.mech_driver [None req-54b200c8-76b2-48cb-8394-2a1abe2dc19f - - - - - -] OVN reports status down for port: 9ee6b8c6-ee89-4220-b11e-3636c9523629
2026-07-01 02:13:06.967 8 INFO neutron.plugins.ml2.drivers.ovn.mech_driver.mech_driver [None req-54b200c8-76b2-48cb-8394-2a1abe2dc19f - - - - - -] OVN reports status down for port: ff3389e4-b3a0-4585-b8cc-adf808ab8ee8
2026-07-01 02:13:07.028 8 WARNING neutron.plugins.ml2.drivers.ovn.mech_driver.ovsdb.ovn_client [None req-54b200c8-76b2-48cb-8394-2a1abe2dc19f - - - - - -] Logical_Switch_Port ff3389e4-b3a0-4585-b8cc-adf808ab8ee8 host information not removed, the port state is up
2026-07-01 02:13:07.028 8 INFO neutron.plugins.ml2.drivers.ovn.mech_driver.mech_driver [None req-54b200c8-76b2-48cb-8394-2a1abe2dc19f - - - - - -] OVN reports status down for port: 1041cbb6-e7ef-4309-be46-fe7de44c7ea8
2026-07-01 02:13:07.038 7 INFO neutron.db.ovn_revision_numbers_db [None req-d4372219-c335-417e-9371-6ebc35ebb190 d9abce416810440dbf1cf05e162ecdde 55c65db9aa1f4cd2801635f207ac1f5f - - default default] Successfully bumped revision number for resource 6a02910d-8f21-49e5-a49a-00393dec114f (type: ports) to 2
2026-07-01 02:13:07.072 8 INFO neutron.plugins.ml2.drivers.ovn.mech_driver.mech_driver [None req-54b200c8-76b2-48cb-8394-2a1abe2dc19f - - - - - -] OVN reports status up for port: ff3389e4-b3a0-4585-b8cc-adf808ab8ee8 [pid: 7|app: 0|req: 765/1543] 10.0.0.12 () {34 vars in 736 bytes} [Wed Jul 1 02:13:06 2026] PUT /v2.0/ports/6a02910d-8f21-49e5-a49a-00393dec114f => generated 752 bytes in 268 msecs (HTTP/1.1 200) 4 headers in 157 bytes (1 switches on core 0)
2026-07-01 02:13:07.083 8 INFO neutron.plugins.ml2.plugin [None req-54b200c8-76b2-48cb-8394-2a1abe2dc19f - - - - - -] Attempt 1 to provision port ff3389e4-b3a0-4585-b8cc-adf808ab8ee8
2026-07-01 02:13:07.311 8 INFO neutron_taas.services.taas.taas_plugin [None req-d3cd05e8-8e2e-435f-9c4d-b3754f7c2e4d d9abce416810440dbf1cf05e162ecdde 55c65db9aa1f4cd2801635f207ac1f5f - - default default] TaaS: Handle Delete Port: 6a02910d-8f21-49e5-a49a-00393dec114f
2026-07-01 02:13:07.320 8 INFO neutron_taas.services.taas.tap_mirror_plugin [None req-d3cd05e8-8e2e-435f-9c4d-b3754f7c2e4d d9abce416810440dbf1cf05e162ecdde 55c65db9aa1f4cd2801635f207ac1f5f - - default default] Tap Mirror: Handle Delete Port: 6a02910d-8f21-49e5-a49a-00393dec114f [pid: 8|app: 0|req: 779/1544] 10.0.0.12 () {32 vars in 719 bytes} [Wed Jul 1 02:13:07 2026] DELETE /v2.0/ports/6a02910d-8f21-49e5-a49a-00393dec114f => generated 0 bytes in 420 msecs (HTTP/1.1 204) 3 headers in 131 bytes (1 switches on core 0) /var/lib/openstack/lib/python3.12/site-packages/pycadf/identifier.py:70: UserWarning: Invalid uuid: neutron. To ensure interoperability, identifiers should be a valid uuid. warnings.warn(('Invalid uuid: %s. To ensure interoperability, ' [pid: 7|app: 0|req: 766/1545] 10.0.0.12 () {32 vars in 642 bytes} [Wed Jul 1 02:13:07 2026] GET /v2.0/ports => generated 1538 bytes in 70 msecs (HTTP/1.1 200) 4 headers in 158 bytes (1 switches on core 0)
2026-07-01 02:13:07.596 7 INFO neutron.pecan_wsgi.hooks.translation [None req-7355d0e0-68b1-46e5-a1be-af29f8fa43a5 d9abce416810440dbf1cf05e162ecdde 55c65db9aa1f4cd2801635f207ac1f5f - - default default] GET failed (client error): The resource could not be found. [pid: 7|app: 0|req: 767/1546] 10.0.0.12 () {32 vars in 716 bytes} [Wed Jul 1 02:13:07 2026] GET /v2.0/ports/6a02910d-8f21-49e5-a49a-00393dec114f => generated 132 bytes in 15 msecs (HTTP/1.1 404) 4 headers in 164 bytes (1 switches on core 0) [pid: 8|app: 0|req: 780/1547] 10.0.0.12 () {32 vars in 716 bytes} [Wed Jul 1 02:13:07 2026] GET /v2.0/ports/ff3389e4-b3a0-4585-b8cc-adf808ab8ee8 => generated 955 bytes in 76 msecs (HTTP/1.1 200) 4 headers in 157 bytes (1 switches on core 0)
2026-07-01 02:13:07.630 8 INFO neutron.db.ovn_revision_numbers_db [None req-54b200c8-76b2-48cb-8394-2a1abe2dc19f - - - - - -] Successfully bumped revision number for resource ff3389e4-b3a0-4585-b8cc-adf808ab8ee8 (type: ports) to 2 [pid: 7|app: 0|req: 768/1548] 10.0.0.12 () {32 vars in 642 bytes} [Wed Jul 1 02:13:07 2026] GET /v2.0/ports => generated 1538 bytes in 39 msecs (HTTP/1.1 200) 4 headers in 158 bytes (1 switches on core 0)
2026-07-01 02:13:07.911 7 INFO neutron.db.ovn_revision_numbers_db [None req-59c5796e-45f9-41ed-a51d-534b8256a842 ff3a7992f4f54f3ca86d4cce277164c3 3295dd8a35224426b7b6ea1d3bb8a630 - - default default] Successfully bumped revision number for resource f82f9264-0f9d-4346-af08-b485fa6b2bf7 (type: security_groups) to 1
2026-07-01 02:13:07.924 7 INFO neutron.db.ovn_revision_numbers_db [None req-59c5796e-45f9-41ed-a51d-534b8256a842 ff3a7992f4f54f3ca86d4cce277164c3 3295dd8a35224426b7b6ea1d3bb8a630 - - default default] Successfully bumped revision number for resource 407392f3-47f8-4bad-b90e-a056dcd536d2 (type: security_group_rules) to 0
2026-07-01 02:13:07.934 8 INFO neutron_taas.services.taas.taas_plugin [None req-7db577bb-f2a2-4770-807a-92c71439898d 98886f2eb3414eccacd79ff8232b84cb 413c5f33ffa04c62b93a5d294032a2a7 - - default default] TaaS: Handle Delete Port: ff3389e4-b3a0-4585-b8cc-adf808ab8ee8
2026-07-01 02:13:07.936 8 INFO neutron_taas.services.taas.tap_mirror_plugin [None req-7db577bb-f2a2-4770-807a-92c71439898d 98886f2eb3414eccacd79ff8232b84cb 413c5f33ffa04c62b93a5d294032a2a7 - - default default] Tap Mirror: Handle Delete Port: ff3389e4-b3a0-4585-b8cc-adf808ab8ee8
2026-07-01 02:13:07.938 7 INFO neutron.db.ovn_revision_numbers_db [None req-59c5796e-45f9-41ed-a51d-534b8256a842 ff3a7992f4f54f3ca86d4cce277164c3 3295dd8a35224426b7b6ea1d3bb8a630 - - default default] Successfully bumped revision number for resource 79e286fc-2b5e-47f3-a727-3308207ea7c0 (type: security_group_rules) to 0
2026-07-01 02:13:07.949 7 INFO neutron.db.ovn_revision_numbers_db [None req-59c5796e-45f9-41ed-a51d-534b8256a842 ff3a7992f4f54f3ca86d4cce277164c3 3295dd8a35224426b7b6ea1d3bb8a630 - - default default] Successfully bumped revision number for resource bfcccaaf-f968-4602-aa16-485926b5fb5f (type: security_group_rules) to 0
2026-07-01 02:13:07.958 7 INFO neutron.db.ovn_revision_numbers_db [None req-59c5796e-45f9-41ed-a51d-534b8256a842 ff3a7992f4f54f3ca86d4cce277164c3 3295dd8a35224426b7b6ea1d3bb8a630 - - default default] Successfully bumped revision number for resource eb9e8f2f-7f63-4580-8d2c-2c9be2e25598 (type: security_group_rules) to 0
2026-07-01 02:13:08.033 7 INFO neutron.db.segments_db [None req-59c5796e-45f9-41ed-a51d-534b8256a842 ff3a7992f4f54f3ca86d4cce277164c3 3295dd8a35224426b7b6ea1d3bb8a630 - - default default] Added segment fe3c4a2e-fb76-46bf-bc86-e131681389c4 of type geneve for network df9394c9-4e1d-4736-bab0-9f96ef5199b0
2026-07-01 02:13:08.145 7 INFO neutron.db.ovn_revision_numbers_db [None req-59c5796e-45f9-41ed-a51d-534b8256a842 ff3a7992f4f54f3ca86d4cce277164c3 3295dd8a35224426b7b6ea1d3bb8a630 - - default default] Successfully bumped revision number for resource df9394c9-4e1d-4736-bab0-9f96ef5199b0 (type: networks) to 1 [pid: 8|app: 0|req: 781/1549] 10.0.0.12 () {34 vars in 788 bytes} [Wed Jul 1 02:13:07 2026] PUT /v2.0/routers/83891510-c431-4e53-946e-92244c74d3fc/remove_router_interface => generated 309 bytes in 624 msecs (HTTP/1.1 200) 4 headers in 157 bytes (1 switches on core 0) /var/lib/openstack/lib/python3.12/site-packages/pycadf/identifier.py:70: UserWarning: Invalid uuid: neutron. To ensure interoperability, identifiers should be a valid uuid. warnings.warn(('Invalid uuid: %s. To ensure interoperability, '
2026-07-01 02:13:08.295 7 WARNING neutron.scheduler.dhcp_agent_scheduler [None req-59c5796e-45f9-41ed-a51d-534b8256a842 ff3a7992f4f54f3ca86d4cce277164c3 3295dd8a35224426b7b6ea1d3bb8a630 - - default default] No more DHCP agents
2026-07-01 02:13:08.296 7 WARNING neutron.api.rpc.agentnotifiers.dhcp_rpc_agent_api [None req-59c5796e-45f9-41ed-a51d-534b8256a842 ff3a7992f4f54f3ca86d4cce277164c3 3295dd8a35224426b7b6ea1d3bb8a630 - - default default] Unable to schedule network df9394c9-4e1d-4736-bab0-9f96ef5199b0: no agents available; will retry on subsequent port and subnet creation events. [pid: 8|app: 0|req: 782/1550] 10.0.0.12 () {32 vars in 716 bytes} [Wed Jul 1 02:13:08 2026] GET /v2.0/ports/1041cbb6-e7ef-4309-be46-fe7de44c7ea8 => generated 779 bytes in 55 msecs (HTTP/1.1 200) 4 headers in 157 bytes (1 switches on core 0)
2026-07-01 02:13:08.364 7 INFO neutron.db.ovn_revision_numbers_db [None req-59c5796e-45f9-41ed-a51d-534b8256a842 ff3a7992f4f54f3ca86d4cce277164c3 3295dd8a35224426b7b6ea1d3bb8a630 - - default default] Successfully bumped revision number for resource d9f33405-ac0a-4734-9616-42735485a730 (type: ports) to 1 [pid: 7|app: 0|req: 769/1551] 10.0.0.12 () {34 vars in 670 bytes} [Wed Jul 1 02:13:07 2026] POST /v2.0/networks => generated 781 bytes in 737 msecs (HTTP/1.1 201) 4 headers in 162 bytes (1 switches on core 0) [pid: 8|app: 0|req: 783/1552] 10.0.0.12 () {32 vars in 739 bytes} [Wed Jul 1 02:13:08 2026] DELETE /v2.0/security-groups/87e952c4-b452-422f-96bf-aab2c378d1a9 => generated 0 bytes in 132 msecs (HTTP/1.1 204) 2 headers in 112 bytes (1 switches on core 0)
2026-07-01 02:13:08.446 8 INFO neutron.pecan_wsgi.hooks.translation [None req-c89f500f-106b-4151-a3b8-20f6c84a7fab d9abce416810440dbf1cf05e162ecdde 55c65db9aa1f4cd2801635f207ac1f5f - - default default] DELETE failed (client error): The resource could not be found. [pid: 8|app: 0|req: 784/1553] 10.0.0.12 () {32 vars in 719 bytes} [Wed Jul 1 02:13:08 2026] DELETE /v2.0/ports/18590565-e480-4721-92e9-8ca7754423ec => generated 132 bytes in 13 msecs (HTTP/1.1 404) 4 headers in 164 bytes (1 switches on core 0) [pid: 7|app: 0|req: 770/1554] 10.0.0.12 () {32 vars in 716 bytes} [Wed Jul 1 02:13:08 2026] GET /v2.0/ports/6ad0d01c-38d9-4e8d-b31b-b263285edd45 => generated 947 bytes in 69 msecs (HTTP/1.1 200) 4 headers in 157 bytes (1 switches on core 0)
2026-07-01 02:13:08.462 7 INFO neutron.api.v2.resource [None req-c69988af-ee27-46cf-839a-c9d59ecf8d2c 2559c48e7d6349e3983157862bd211ef c1a627c1d3114394b89291cfb9ee3cbd - - default default] show failed (client error): The resource could not be found. [pid: 7|app: 0|req: 771/1555] 10.0.0.12 () {32 vars in 736 bytes} [Wed Jul 1 02:13:08 2026] GET /v2.0/security-groups/87e952c4-b452-422f-96bf-aab2c378d1a9 => generated 146 bytes in 9 msecs (HTTP/1.1 404) 4 headers in 164 bytes (1 switches on core 0)
2026-07-01 02:13:08.473 7 INFO neutron.pecan_wsgi.hooks.translation [None req-a51d92f2-8576-4bc4-ad18-a34912fb3657 d9abce416810440dbf1cf05e162ecdde 55c65db9aa1f4cd2801635f207ac1f5f - - default default] DELETE failed (client error): The resource could not be found. [pid: 7|app: 0|req: 772/1556] 10.0.0.12 () {32 vars in 723 bytes} [Wed Jul 1 02:13:08 2026] DELETE /v2.0/subnets/bce57094-426e-4499-abaf-6505b2b573c3 => generated 136 bytes in 12 msecs (HTTP/1.1 404) 4 headers in 164 bytes (1 switches on core 0)
2026-07-01 02:13:08.583 8 WARNING neutron.scheduler.dhcp_agent_scheduler [None req-a6fcf7fe-6cff-4879-b1bf-7d7c3eae5dbd ff3a7992f4f54f3ca86d4cce277164c3 3295dd8a35224426b7b6ea1d3bb8a630 - - default default] No more DHCP agents
2026-07-01 02:13:08.584 8 WARNING neutron.api.rpc.agentnotifiers.dhcp_rpc_agent_api [None req-a6fcf7fe-6cff-4879-b1bf-7d7c3eae5dbd ff3a7992f4f54f3ca86d4cce277164c3 3295dd8a35224426b7b6ea1d3bb8a630 - - default default] Unable to schedule network df9394c9-4e1d-4736-bab0-9f96ef5199b0: no agents available; will retry on subsequent port and subnet creation events.
2026-07-01 02:13:08.689 7 INFO neutron_taas.services.taas.taas_plugin [None req-037f53b7-8600-47d3-b677-d8e06ba096eb 98886f2eb3414eccacd79ff8232b84cb 413c5f33ffa04c62b93a5d294032a2a7 - - default default] TaaS: Handle Delete Port: 6ad0d01c-38d9-4e8d-b31b-b263285edd45
2026-07-01 02:13:08.692 7 INFO neutron_taas.services.taas.tap_mirror_plugin [None req-037f53b7-8600-47d3-b677-d8e06ba096eb 98886f2eb3414eccacd79ff8232b84cb 413c5f33ffa04c62b93a5d294032a2a7 - - default default] Tap Mirror: Handle Delete Port: 6ad0d01c-38d9-4e8d-b31b-b263285edd45 [pid: 7|app: 0|req: 773/1557] 10.0.0.12 () {34 vars in 788 bytes} [Wed Jul 1 02:13:08 2026] PUT /v2.0/routers/83891510-c431-4e53-946e-92244c74d3fc/remove_router_interface => generated 309 bytes in 439 msecs (HTTP/1.1 200) 4 headers in 157 bytes (1 switches on core 0) /var/lib/openstack/lib/python3.12/site-packages/pycadf/identifier.py:70: UserWarning: Invalid uuid: neutron. To ensure interoperability, identifiers should be a valid uuid. warnings.warn(('Invalid uuid: %s. To ensure interoperability, '
2026-07-01 02:13:09.016 8 INFO neutron.db.ovn_revision_numbers_db [None req-34be16a3-ba31-4c3f-9e38-26107c0769f3 - - - - - -] Successfully bumped revision number for resource d9f33405-ac0a-4734-9616-42735485a730 (type: ports) to 2
2026-07-01 02:13:09.029 7 INFO neutron_taas.services.taas.taas_plugin [None req-72fc5de8-acd2-484d-bf90-aa983f3081fc 2559c48e7d6349e3983157862bd211ef c1a627c1d3114394b89291cfb9ee3cbd - - default default] TaaS: Handle Delete Port: 6b003d15-2d4d-4432-82b0-9ef4e7ec9940
2026-07-01 02:13:09.032 7 INFO neutron_taas.services.taas.tap_mirror_plugin [None req-72fc5de8-acd2-484d-bf90-aa983f3081fc 2559c48e7d6349e3983157862bd211ef c1a627c1d3114394b89291cfb9ee3cbd - - default default] Tap Mirror: Handle Delete Port: 6b003d15-2d4d-4432-82b0-9ef4e7ec9940
2026-07-01 02:13:09.042 8 INFO neutron.db.ovn_revision_numbers_db [None req-34be16a3-ba31-4c3f-9e38-26107c0769f3 - - - - - -] Successfully bumped revision number for resource ddbfa478-4c89-41b8-8801-2ec8d05aed5a (type: subnets) to 0 [pid: 8|app: 0|req: 785/1558] 10.0.0.12 () {34 vars in 668 bytes} [Wed Jul 1 02:13:08 2026] POST /v2.0/subnets => generated 687 bytes in 622 msecs (HTTP/1.1 201) 4 headers in 162 bytes (1 switches on core 0)
2026-07-01 02:13:09.086 8 INFO neutron.pecan_wsgi.hooks.translation [None req-69da3f1a-183c-4c05-8b78-99338acc14ac d9abce416810440dbf1cf05e162ecdde 55c65db9aa1f4cd2801635f207ac1f5f - - default default] DELETE failed (client error): The resource could not be found. [pid: 8|app: 0|req: 786/1559] 10.0.0.12 () {32 vars in 723 bytes} [Wed Jul 1 02:13:09 2026] DELETE /v2.0/subnets/9ae2f1bb-9200-422a-8663-aa5f72b28ca4 => generated 136 bytes in 19 msecs (HTTP/1.1 404) 4 headers in 164 bytes (1 switches on core 0) [pid: 8|app: 0|req: 789/1562] 10.0.0.12 () {32 vars in 735 bytes} [Wed Jul 1 02:13:09 2026] GET /v2.0/ports?device_id=83891510-c431-4e53-946e-92244c74d3fc => generated 12 bytes in 13 msecs (HTTP/1.1 200) 4 headers in 156 bytes (1 switches on core 0) [pid: 7|app: 0|req: 774/1563] 10.0.0.12 () {32 vars in 731 bytes} [Wed Jul 1 02:13:08 2026] DELETE /v2.0/floatingips/03e11235-eea6-4d4b-bfdb-16ca702c962e => generated 0 bytes in 292 msecs (HTTP/1.1 204) 2 headers in 112 bytes (1 switches on core 0)
2026-07-01 02:13:09.309 7 INFO neutron_taas.services.taas.taas_plugin [None req-62ba9237-3d6a-42cc-b8d2-6da35bc816ae d9abce416810440dbf1cf05e162ecdde 55c65db9aa1f4cd2801635f207ac1f5f - - default default] TaaS: Handle Delete Port: 1041cbb6-e7ef-4309-be46-fe7de44c7ea8
2026-07-01 02:13:09.311 7 INFO neutron_taas.services.taas.tap_mirror_plugin [None req-62ba9237-3d6a-42cc-b8d2-6da35bc816ae d9abce416810440dbf1cf05e162ecdde 55c65db9aa1f4cd2801635f207ac1f5f - - default default] Tap Mirror: Handle Delete Port: 1041cbb6-e7ef-4309-be46-fe7de44c7ea8 [pid: 7|app: 0|req: 775/1564] 10.0.0.12 () {32 vars in 719 bytes} [Wed Jul 1 02:13:09 2026] DELETE /v2.0/ports/1041cbb6-e7ef-4309-be46-fe7de44c7ea8 => generated 0 bytes in 194 msecs (HTTP/1.1 204) 3 headers in 131 bytes (1 switches on core 0)
2026-07-01 02:13:09.429 8 WARNING neutron.scheduler.dhcp_agent_scheduler [None req-7f08f8d6-ffd5-4a77-923c-905fdc53a3ed ff3a7992f4f54f3ca86d4cce277164c3 3295dd8a35224426b7b6ea1d3bb8a630 - - default default] No more DHCP agents
2026-07-01 02:13:09.431 8 WARNING neutron.api.rpc.agentnotifiers.dhcp_rpc_agent_api [None req-7f08f8d6-ffd5-4a77-923c-905fdc53a3ed ff3a7992f4f54f3ca86d4cce277164c3 3295dd8a35224426b7b6ea1d3bb8a630 - - default default] Unable to schedule network 8c428b72-5dec-40d4-8ac0-eaf55ca8cc4b: no agents available; will retry on subsequent port and subnet creation events.
2026-07-01 02:13:09.557 8 INFO neutron.db.ovn_revision_numbers_db [None req-7f08f8d6-ffd5-4a77-923c-905fdc53a3ed ff3a7992f4f54f3ca86d4cce277164c3 3295dd8a35224426b7b6ea1d3bb8a630 - - default default] Successfully bumped revision number for resource 4bc7a01a-e800-492a-90d9-65c5532d6d0b (type: ports) to 1 [pid: 7|app: 0|req: 776/1565] 10.0.0.12 () {32 vars in 723 bytes} [Wed Jul 1 02:13:09 2026] DELETE /v2.0/routers/83891510-c431-4e53-946e-92244c74d3fc => generated 0 bytes in 190 msecs (HTTP/1.1 204) 2 headers in 112 bytes (1 switches on core 0)
2026-07-01 02:13:09.841 7 INFO neutron_taas.services.taas.taas_plugin [None req-e8f9c618-1638-4731-8e62-167c5c2b7d06 ff3a7992f4f54f3ca86d4cce277164c3 3295dd8a35224426b7b6ea1d3bb8a630 - - default default] TaaS: Handle Delete Port: af382b50-28f5-4acd-a88b-ce50eca44a9c
2026-07-01 02:13:09.844 7 INFO neutron_taas.services.taas.tap_mirror_plugin [None req-e8f9c618-1638-4731-8e62-167c5c2b7d06 ff3a7992f4f54f3ca86d4cce277164c3 3295dd8a35224426b7b6ea1d3bb8a630 - - default default] Tap Mirror: Handle Delete Port: af382b50-28f5-4acd-a88b-ce50eca44a9c
2026-07-01 02:13:10.127 8 INFO neutron.plugins.ml2.drivers.ovn.mech_driver.ovsdb.commands [None req-7a3c0986-db7d-4972-9624-91be41c7946a - - - - - -] Schedule LRP lrp-4bc7a01a-e800-492a-90d9-65c5532d6d0b on gateway b68b2348-c89b-4f38-9c92-175265373af7 with priority 1
2026-07-01 02:13:10.200 8 INFO neutron.plugins.ml2.drivers.ovn.mech_driver.ovsdb.ovsdb_monitor [None req-f3008795-27d9-417a-a093-e129a4877278 - - - - - -] Router 48821f9e-3eeb-4da2-9caa-640a4198b2d8 is bound to host instance
2026-07-01 02:13:10.216 8 INFO neutron.db.ovn_revision_numbers_db [None req-7f08f8d6-ffd5-4a77-923c-905fdc53a3ed ff3a7992f4f54f3ca86d4cce277164c3 3295dd8a35224426b7b6ea1d3bb8a630 - - default default] Successfully bumped revision number for resource 4bc7a01a-e800-492a-90d9-65c5532d6d0b (type: router_ports) to 1
2026-07-01 02:13:10.328 8 INFO neutron.db.ovn_revision_numbers_db [None req-7f08f8d6-ffd5-4a77-923c-905fdc53a3ed ff3a7992f4f54f3ca86d4cce277164c3 3295dd8a35224426b7b6ea1d3bb8a630 - - default default] Successfully bumped revision number for resource 48821f9e-3eeb-4da2-9caa-640a4198b2d8 (type: routers) to 2 [pid: 8|app: 0|req: 790/1566] 10.0.0.12 () {34 vars in 668 bytes} [Wed Jul 1 02:13:09 2026] POST /v2.0/routers => generated 965 bytes in 1253 msecs (HTTP/1.1 201) 4 headers in 162 bytes (1 switches on core 0) [pid: 7|app: 0|req: 777/1567] 10.0.0.12 () {34 vars in 788 bytes} [Wed Jul 1 02:13:09 2026] PUT /v2.0/routers/911ab5d5-f57c-42b8-a3e1-021fcaf6f278/remove_router_interface => generated 309 bytes in 866 msecs (HTTP/1.1 200) 4 headers in 157 bytes (1 switches on core 0) /var/lib/openstack/lib/python3.12/site-packages/pycadf/identifier.py:70: UserWarning: Invalid uuid: neutron. To ensure interoperability, identifiers should be a valid uuid. warnings.warn(('Invalid uuid: %s. To ensure interoperability, ' [pid: 7|app: 0|req: 778/1568] 10.0.0.12 () {32 vars in 723 bytes} [Wed Jul 1 02:13:10 2026] DELETE /v2.0/subnets/ba7ee036-059c-4953-b690-352a17c75644 => generated 0 bytes in 128 msecs (HTTP/1.1 204) 3 headers in 131 bytes (1 switches on core 0)
2026-07-01 02:13:10.604 8 INFO neutron_taas.services.taas.taas_plugin [None req-d4517417-6c51-4e4f-83c0-af21660e4224 d9abce416810440dbf1cf05e162ecdde 55c65db9aa1f4cd2801635f207ac1f5f - - default default] TaaS: Handle Delete Port: 9ee6b8c6-ee89-4220-b11e-3636c9523629
2026-07-01 02:13:10.607 8 INFO neutron_taas.services.taas.tap_mirror_plugin [None req-d4517417-6c51-4e4f-83c0-af21660e4224 d9abce416810440dbf1cf05e162ecdde 55c65db9aa1f4cd2801635f207ac1f5f - - default default] Tap Mirror: Handle Delete Port: 9ee6b8c6-ee89-4220-b11e-3636c9523629
2026-07-01 02:13:10.886 8 INFO neutron.services.segments.plugin [-] Segment 4e772837-0301-433d-b593-cb382afb4248 resource provider aggregate not found
2026-07-01 02:13:10.895 8 INFO neutron.services.segments.plugin [-] Segment 4e772837-0301-433d-b593-cb382afb4248 resource provider aggregate not found
2026-07-01 02:13:10.909 8 INFO neutron.services.segments.plugin [-] Segment 4e772837-0301-433d-b593-cb382afb4248 resource provider not found; error: Placement Client Error (4xx): {"errors": [{"status": 404, "title": "Not Found", "detail": "The resource could not be found.\n\n No resource provider with uuid 4e772837-0301-433d-b593-cb382afb4248 found for delete ", "request_id": "req-a0821cea-d3ed-46d1-8fd5-2319829f711e"}]}
2026-07-01 02:13:10.919 8 INFO neutron.services.segments.plugin [-] Segment 4e772837-0301-433d-b593-cb382afb4248 resource provider not found; error: Placement Client Error (4xx): {"errors": [{"status": 404, "title": "Not Found", "detail": "The resource could not be found.\n\n No resource provider with uuid 4e772837-0301-433d-b593-cb382afb4248 found for delete ", "request_id": "req-216e41a6-73bb-4a62-8267-5d05e6ae2128"}]}
2026-07-01 02:13:10.969 7 WARNING neutron.scheduler.dhcp_agent_scheduler [None req-c7933725-6b78-437f-a625-ae5b03813215 ff3a7992f4f54f3ca86d4cce277164c3 3295dd8a35224426b7b6ea1d3bb8a630 - - default default] No more DHCP agents
2026-07-01 02:13:10.970 7 WARNING neutron.api.rpc.agentnotifiers.dhcp_rpc_agent_api [None req-c7933725-6b78-437f-a625-ae5b03813215 ff3a7992f4f54f3ca86d4cce277164c3 3295dd8a35224426b7b6ea1d3bb8a630 - - default default] Unable to schedule network df9394c9-4e1d-4736-bab0-9f96ef5199b0: no agents available; will retry on subsequent port and subnet creation events. [pid: 8|app: 0|req: 791/1569] 10.0.0.12 () {32 vars in 725 bytes} [Wed Jul 1 02:13:10 2026] DELETE /v2.0/networks/9cb88cf1-ff6c-4339-9dbb-27888dd01c47 => generated 0 bytes in 611 msecs (HTTP/1.1 204) 3 headers in 131 bytes (1 switches on core 0)
2026-07-01 02:13:11.094 7 INFO neutron.db.ovn_revision_numbers_db [None req-c7933725-6b78-437f-a625-ae5b03813215 ff3a7992f4f54f3ca86d4cce277164c3 3295dd8a35224426b7b6ea1d3bb8a630 - - default default] Successfully bumped revision number for resource 2a748f6c-9635-4fd8-aa46-9308bf530f39 (type: ports) to 1
2026-07-01 02:13:11.500 8 INFO neutron_taas.services.taas.taas_plugin [None req-46f5bd86-e812-47bd-a5ce-a5b5d1e7d804 ff3a7992f4f54f3ca86d4cce277164c3 3295dd8a35224426b7b6ea1d3bb8a630 - - default default] TaaS: Handle Delete Port: 1ac89da6-d3f8-41ee-b3d4-56753b586d25
2026-07-01 02:13:11.508 8 INFO neutron_taas.services.taas.tap_mirror_plugin [None req-46f5bd86-e812-47bd-a5ce-a5b5d1e7d804 ff3a7992f4f54f3ca86d4cce277164c3 3295dd8a35224426b7b6ea1d3bb8a630 - - default default] Tap Mirror: Handle Delete Port: 1ac89da6-d3f8-41ee-b3d4-56753b586d25
2026-07-01 02:13:11.574 8 INFO neutron.db.ovn_revision_numbers_db [None req-b1aca793-a003-434c-8174-ae3efb328d6c - - - - - -] Successfully bumped revision number for resource 4bc7a01a-e800-492a-90d9-65c5532d6d0b (type: ports) to 4 [pid: 8|app: 0|req: 792/1570] 10.0.0.12 () {32 vars in 723 bytes} [Wed Jul 1 02:13:10 2026] DELETE /v2.0/routers/911ab5d5-f57c-42b8-a3e1-021fcaf6f278 => generated 0 bytes in 1105 msecs (HTTP/1.1 204) 2 headers in 112 bytes (1 switches on core 0)
2026-07-01 02:13:12.105 8 WARNING neutron.plugins.ml2.drivers.ovn.mech_driver.ovsdb.ovn_client [None req-65dbc654-4e24-45af-a951-8869239afcd3 - - - - - -] No port found with ID ff3389e4-b3a0-4585-b8cc-adf808ab8ee8: RuntimeError: No port found with ID ff3389e4-b3a0-4585-b8cc-adf808ab8ee8
2026-07-01 02:13:12.105 8 INFO neutron.plugins.ml2.drivers.ovn.mech_driver.mech_driver [None req-65dbc654-4e24-45af-a951-8869239afcd3 - - - - - -] OVN reports status down for port: 813575b5-1daa-4b2a-b7e6-8f20226001f1
2026-07-01 02:13:12.173 7 WARNING neutron.scheduler.dhcp_agent_scheduler [None req-c7933725-6b78-437f-a625-ae5b03813215 ff3a7992f4f54f3ca86d4cce277164c3 3295dd8a35224426b7b6ea1d3bb8a630 - - default default] No more DHCP agents
2026-07-01 02:13:12.176 7 WARNING neutron.api.rpc.agentnotifiers.dhcp_rpc_agent_api [None req-c7933725-6b78-437f-a625-ae5b03813215 ff3a7992f4f54f3ca86d4cce277164c3 3295dd8a35224426b7b6ea1d3bb8a630 - - default default] Unable to schedule network df9394c9-4e1d-4736-bab0-9f96ef5199b0: no agents available; will retry on subsequent port and subnet creation events.
2026-07-01 02:13:12.184 8 INFO neutron.plugins.ml2.drivers.ovn.mech_driver.mech_driver [None req-65dbc654-4e24-45af-a951-8869239afcd3 - - - - - -] OVN reports status down for port: 4533082c-f369-4be3-b2fb-5ca2e07695b3
2026-07-01 02:13:12.210 8 INFO neutron.db.ovn_revision_numbers_db [None req-b1aca793-a003-434c-8174-ae3efb328d6c - - - - - -] Successfully bumped revision number for resource 4bc7a01a-e800-492a-90d9-65c5532d6d0b (type: ports) to 5
2026-07-01 02:13:12.212 8 INFO neutron.plugins.ml2.drivers.ovn.mech_driver.mech_driver [None req-65dbc654-4e24-45af-a951-8869239afcd3 - - - - - -] OVN reports status down for port: 9722dc74-f234-463d-bbd6-337780843f63
2026-07-01 02:13:12.248 8 INFO neutron.plugins.ml2.drivers.ovn.mech_driver.mech_driver [None req-65dbc654-4e24-45af-a951-8869239afcd3 - - - - - -] OVN reports status down for port: 6a02910d-8f21-49e5-a49a-00393dec114f
2026-07-01 02:13:12.276 8 INFO neutron.plugins.ml2.drivers.ovn.mech_driver.mech_driver [None req-65dbc654-4e24-45af-a951-8869239afcd3 - - - - - -] OVN reports status down for port: 6a02910d-8f21-49e5-a49a-00393dec114f
2026-07-01 02:13:12.320 8 INFO neutron.plugins.ml2.drivers.ovn.mech_driver.mech_driver [None req-65dbc654-4e24-45af-a951-8869239afcd3 - - - - - -] OVN reports status down for port: d9f33405-ac0a-4734-9616-42735485a730
2026-07-01 02:13:12.470 8 INFO neutron.plugins.ml2.drivers.ovn.mech_driver.mech_driver [None req-65dbc654-4e24-45af-a951-8869239afcd3 - - - - - -] OVN reports status down for port: 4bc7a01a-e800-492a-90d9-65c5532d6d0b [pid: 8|app: 0|req: 793/1571] 10.0.0.12 () {32 vars in 723 bytes} [Wed Jul 1 02:13:12 2026] DELETE /v2.0/subnets/ac736ac4-f0a5-40a1-b608-533661e5ec45 => generated 0 bytes in 396 msecs (HTTP/1.1 204) 3 headers in 131 bytes (1 switches on core 0)
2026-07-01 02:13:12.540 7 INFO neutron.db.ovn_revision_numbers_db [None req-c7933725-6b78-437f-a625-ae5b03813215 ff3a7992f4f54f3ca86d4cce277164c3 3295dd8a35224426b7b6ea1d3bb8a630 - - default default] Successfully bumped revision number for resource 2a748f6c-9635-4fd8-aa46-9308bf530f39 (type: router_ports) to 1 [pid: 7|app: 0|req: 779/1572] 10.0.0.12 () {34 vars in 782 bytes} [Wed Jul 1 02:13:10 2026] PUT /v2.0/routers/48821f9e-3eeb-4da2-9caa-640a4198b2d8/add_router_interface => generated 309 bytes in 1958 msecs (HTTP/1.1 200) 4 headers in 157 bytes (1 switches on core 0) [pid: 8|app: 0|req: 794/1573] 10.0.0.12 () {32 vars in 773 bytes} [Wed Jul 1 02:13:12 2026] GET /v2.0/security-groups?tenant_id=55c65db9aa1f4cd2801635f207ac1f5f&name=default => generated 2925 bytes in 159 msecs (HTTP/1.1 200) 4 headers in 158 bytes (1 switches on core 0) [pid: 7|app: 0|req: 780/1574] 10.0.0.12 () {32 vars in 723 bytes} [Wed Jul 1 02:13:12 2026] DELETE /v2.0/subnets/8579a9fe-8faa-4c95-9e80-90606ab138ab => generated 0 bytes in 155 msecs (HTTP/1.1 204) 3 headers in 131 bytes (1 switches on core 0)
2026-07-01 02:13:12.850 8 INFO neutron_taas.services.taas.taas_plugin [None req-9ea88f81-e6b9-4528-acfc-4e7546e4fb97 98886f2eb3414eccacd79ff8232b84cb 413c5f33ffa04c62b93a5d294032a2a7 - - default default] TaaS: Handle Delete Port: 7832a66b-70c3-429c-8a75-d1a5edd19b2e
2026-07-01 02:13:12.856 8 INFO neutron_taas.services.taas.tap_mirror_plugin [None req-9ea88f81-e6b9-4528-acfc-4e7546e4fb97 98886f2eb3414eccacd79ff8232b84cb 413c5f33ffa04c62b93a5d294032a2a7 - - default default] Tap Mirror: Handle Delete Port: 7832a66b-70c3-429c-8a75-d1a5edd19b2e [pid: 7|app: 0|req: 781/1575] 10.0.0.12 () {32 vars in 739 bytes} [Wed Jul 1 02:13:12 2026] DELETE /v2.0/security-groups/05d90dd9-3634-4b11-8ca2-57e759276af6 => generated 0 bytes in 184 msecs (HTTP/1.1 204) 2 headers in 112 bytes (1 switches on core 0)
2026-07-01 02:13:13.010 7 INFO neutron_taas.services.taas.taas_plugin [None req-282bf835-9320-4290-9fe3-0ca5ed114ae6 ff3a7992f4f54f3ca86d4cce277164c3 3295dd8a35224426b7b6ea1d3bb8a630 - - default default] TaaS: Handle Delete Port: 06eb8a12-eea4-49b0-b26e-8b9a2554786b
2026-07-01 02:13:13.014 7 INFO neutron_taas.services.taas.tap_mirror_plugin [None req-282bf835-9320-4290-9fe3-0ca5ed114ae6 ff3a7992f4f54f3ca86d4cce277164c3 3295dd8a35224426b7b6ea1d3bb8a630 - - default default] Tap Mirror: Handle Delete Port: 06eb8a12-eea4-49b0-b26e-8b9a2554786b
2026-07-01 02:13:13.037 8 INFO neutron.db.ovn_revision_numbers_db [None req-65dbc654-4e24-45af-a951-8869239afcd3 - - - - - -] Successfully bumped revision number for resource 4bc7a01a-e800-492a-90d9-65c5532d6d0b (type: ports) to 6
2026-07-01 02:13:13.165 8 WARNING neutron.plugins.ml2.drivers.ovn.mech_driver.ovsdb.ovn_client [None req-242c584a-b70f-4db8-9ca4-a630171b6540 - - - - - -] Logical_Switch_Port 4bc7a01a-e800-492a-90d9-65c5532d6d0b host information not removed, the port state is up
2026-07-01 02:13:13.166 8 INFO neutron.plugins.ml2.drivers.ovn.mech_driver.mech_driver [None req-242c584a-b70f-4db8-9ca4-a630171b6540 - - - - - -] OVN reports status up for port: 4bc7a01a-e800-492a-90d9-65c5532d6d0b
2026-07-01 02:13:13.183 8 INFO neutron.plugins.ml2.plugin [None req-242c584a-b70f-4db8-9ca4-a630171b6540 - - - - - -] Attempt 1 to provision port 4bc7a01a-e800-492a-90d9-65c5532d6d0b
2026-07-01 02:13:13.218 8 INFO neutron.services.segments.plugin [-] Segment 9afc0d9f-45de-42ea-acfe-4fa9ceb99ff6 resource provider aggregate not found
2026-07-01 02:13:13.220 7 INFO neutron.services.segments.plugin [-] Segment 5cb531a6-0edf-43e0-a1c5-58dada5f1f6c resource provider aggregate not found
2026-07-01 02:13:13.225 7 INFO neutron.services.segments.plugin [-] Segment 5cb531a6-0edf-43e0-a1c5-58dada5f1f6c resource provider aggregate not found
2026-07-01 02:13:13.233 8 INFO neutron.services.segments.plugin [-] Segment 9afc0d9f-45de-42ea-acfe-4fa9ceb99ff6 resource provider aggregate not found
2026-07-01 02:13:13.237 7 INFO neutron.services.segments.plugin [-] Segment 5cb531a6-0edf-43e0-a1c5-58dada5f1f6c resource provider not found; error: Placement Client Error (4xx): {"errors": [{"status": 404, "title": "Not Found", "detail": "The resource could not be found.\n\n No resource provider with uuid 5cb531a6-0edf-43e0-a1c5-58dada5f1f6c found for delete ", "request_id": "req-b46c4e01-a4ae-4661-9ed0-64618e61c8d5"}]}
2026-07-01 02:13:13.242 7 INFO neutron.services.segments.plugin [-] Segment 5cb531a6-0edf-43e0-a1c5-58dada5f1f6c resource provider not found; error: Placement Client Error (4xx): {"errors": [{"status": 404, "title": "Not Found", "detail": "The resource could not be found.\n\n No resource provider with uuid 5cb531a6-0edf-43e0-a1c5-58dada5f1f6c found for delete ", "request_id": "req-2c33d21f-01ea-4624-8c8e-6288bb5a1613"}]}
2026-07-01 02:13:13.247 8 INFO neutron.services.segments.plugin [-] Segment 9afc0d9f-45de-42ea-acfe-4fa9ceb99ff6 resource provider not found; error: Placement Client Error (4xx): {"errors": [{"status": 404, "title": "Not Found", "detail": "The resource could not be found.\n\n No resource provider with uuid 9afc0d9f-45de-42ea-acfe-4fa9ceb99ff6 found for delete ", "request_id": "req-fd8ef9d8-a8e9-4811-b743-038db52bd981"}]}
2026-07-01 02:13:13.249 8 INFO neutron.services.segments.plugin [-] Segment 9afc0d9f-45de-42ea-acfe-4fa9ceb99ff6 resource provider not found; error: Placement Client Error (4xx): {"errors": [{"status": 404, "title": "Not Found", "detail": "The resource could not be found.\n\n No resource provider with uuid 9afc0d9f-45de-42ea-acfe-4fa9ceb99ff6 found for delete ", "request_id": "req-cf147f66-9368-4d39-a9d9-411d619e36e7"}]} [pid: 7|app: 0|req: 782/1576] 10.0.0.12 () {32 vars in 725 bytes} [Wed Jul 1 02:13:12 2026] DELETE /v2.0/networks/5a415330-5c9a-457f-a51f-ccb470d691e7 => generated 0 bytes in 393 msecs (HTTP/1.1 204) 3 headers in 131 bytes (1 switches on core 0) [pid: 8|app: 0|req: 795/1577] 10.0.0.12 () {32 vars in 725 bytes} [Wed Jul 1 02:13:12 2026] DELETE /v2.0/networks/9e471015-c31a-4e2d-9c89-c2c034c3aa4c => generated 0 bytes in 657 msecs (HTTP/1.1 204) 3 headers in 131 bytes (1 switches on core 0)
2026-07-01 02:13:13.425 7 INFO neutron_taas.services.taas.taas_plugin [None req-1a14a7ef-e8e0-4ab0-9317-c6724aa71ed5 98886f2eb3414eccacd79ff8232b84cb 413c5f33ffa04c62b93a5d294032a2a7 - - default default] TaaS: Handle Delete Port: bd5ff335-44a9-4825-ac3d-9ed9222005fa
2026-07-01 02:13:13.427 7 INFO neutron_taas.services.taas.tap_mirror_plugin [None req-1a14a7ef-e8e0-4ab0-9317-c6724aa71ed5 98886f2eb3414eccacd79ff8232b84cb 413c5f33ffa04c62b93a5d294032a2a7 - - default default] Tap Mirror: Handle Delete Port: bd5ff335-44a9-4825-ac3d-9ed9222005fa [pid: 8|app: 0|req: 796/1578] 10.0.0.12 () {32 vars in 773 bytes} [Wed Jul 1 02:13:13 2026] GET /v2.0/security-groups?tenant_id=c1a627c1d3114394b89291cfb9ee3cbd&name=default => generated 2925 bytes in 95 msecs (HTTP/1.1 200) 4 headers in 158 bytes (1 switches on core 0)
2026-07-01 02:13:13.598 8 INFO neutron.db.ovn_revision_numbers_db [None req-242c584a-b70f-4db8-9ca4-a630171b6540 - - - - - -] Successfully bumped revision number for resource 4bc7a01a-e800-492a-90d9-65c5532d6d0b (type: ports) to 7 [pid: 7|app: 0|req: 783/1579] 10.0.0.12 () {32 vars in 725 bytes} [Wed Jul 1 02:13:13 2026] DELETE /v2.0/networks/41c37492-b92a-41d4-a45b-d786dcf20594 => generated 0 bytes in 340 msecs (HTTP/1.1 204) 3 headers in 131 bytes (1 switches on core 0)
2026-07-01 02:13:13.722 7 INFO neutron.db.segments_db [None req-711ae16f-027e-4eb3-a0a2-91267fdf79a3 98886f2eb3414eccacd79ff8232b84cb 413c5f33ffa04c62b93a5d294032a2a7 - - default default] Added segment 25d57371-e600-441b-8c17-ad6a03cb67be of type geneve for network 9d8da589-fba6-4b94-976a-8917a7b3f907
2026-07-01 02:13:13.790 8 INFO neutron.plugins.ml2.drivers.ovn.mech_driver.mech_driver [None req-9fdfd5f0-321c-4d58-b0eb-3a7a4ac0cd3a - - - - - -] OVN reports status down for port: 2a748f6c-9635-4fd8-aa46-9308bf530f39
2026-07-01 02:13:13.836 7 INFO neutron.db.ovn_revision_numbers_db [None req-711ae16f-027e-4eb3-a0a2-91267fdf79a3 98886f2eb3414eccacd79ff8232b84cb 413c5f33ffa04c62b93a5d294032a2a7 - - default default] Successfully bumped revision number for resource 9d8da589-fba6-4b94-976a-8917a7b3f907 (type: networks) to 1
2026-07-01 02:13:13.866 8 WARNING neutron.plugins.ml2.drivers.ovn.mech_driver.ovsdb.ovn_client [None req-9fdfd5f0-321c-4d58-b0eb-3a7a4ac0cd3a - - - - - -] Logical_Switch_Port 2a748f6c-9635-4fd8-aa46-9308bf530f39 host information not removed, the port state is up
2026-07-01 02:13:13.866 8 INFO neutron.plugins.ml2.drivers.ovn.mech_driver.mech_driver [None req-9fdfd5f0-321c-4d58-b0eb-3a7a4ac0cd3a - - - - - -] OVN reports status up for port: 2a748f6c-9635-4fd8-aa46-9308bf530f39
2026-07-01 02:13:13.879 8 INFO neutron.plugins.ml2.plugin [None req-9fdfd5f0-321c-4d58-b0eb-3a7a4ac0cd3a - - - - - -] Attempt 1 to provision port 2a748f6c-9635-4fd8-aa46-9308bf530f39 [pid: 8|app: 0|req: 797/1580] 10.0.0.12 () {32 vars in 739 bytes} [Wed Jul 1 02:13:13 2026] DELETE /v2.0/security-groups/fa3c8166-8cd4-4ab1-94b0-4765697bc603 => generated 0 bytes in 314 msecs (HTTP/1.1 204) 2 headers in 112 bytes (1 switches on core 0)
2026-07-01 02:13:13.997 7 WARNING neutron.scheduler.dhcp_agent_scheduler [None req-711ae16f-027e-4eb3-a0a2-91267fdf79a3 98886f2eb3414eccacd79ff8232b84cb 413c5f33ffa04c62b93a5d294032a2a7 - - default default] No more DHCP agents
2026-07-01 02:13:13.998 7 WARNING neutron.api.rpc.agentnotifiers.dhcp_rpc_agent_api [None req-711ae16f-027e-4eb3-a0a2-91267fdf79a3 98886f2eb3414eccacd79ff8232b84cb 413c5f33ffa04c62b93a5d294032a2a7 - - default default] Unable to schedule network 9d8da589-fba6-4b94-976a-8917a7b3f907: no agents available; will retry on subsequent port and subnet creation events.
2026-07-01 02:13:14.098 7 INFO neutron.db.ovn_revision_numbers_db [None req-711ae16f-027e-4eb3-a0a2-91267fdf79a3 98886f2eb3414eccacd79ff8232b84cb 413c5f33ffa04c62b93a5d294032a2a7 - - default default] Successfully bumped revision number for resource 1ed0e6e1-5275-4a14-a022-738be2024d31 (type: ports) to 1 [pid: 7|app: 0|req: 784/1581] 10.0.0.12 () {34 vars in 669 bytes} [Wed Jul 1 02:13:13 2026] POST /v2.0/networks => generated 672 bytes in 483 msecs (HTTP/1.1 201) 4 headers in 162 bytes (1 switches on core 0)
2026-07-01 02:13:14.403 8 INFO neutron.db.ovn_revision_numbers_db [None req-9fdfd5f0-321c-4d58-b0eb-3a7a4ac0cd3a - - - - - -] Successfully bumped revision number for resource 2a748f6c-9635-4fd8-aa46-9308bf530f39 (type: ports) to 2
2026-07-01 02:13:14.445 8 WARNING neutron.scheduler.dhcp_agent_scheduler [None req-35c73f4a-6b3f-4b05-9219-248e69d8cf0e 98886f2eb3414eccacd79ff8232b84cb 413c5f33ffa04c62b93a5d294032a2a7 - - default default] No more DHCP agents
2026-07-01 02:13:14.448 8 WARNING neutron.api.rpc.agentnotifiers.dhcp_rpc_agent_api [None req-35c73f4a-6b3f-4b05-9219-248e69d8cf0e 98886f2eb3414eccacd79ff8232b84cb 413c5f33ffa04c62b93a5d294032a2a7 - - default default] Unable to schedule network 9d8da589-fba6-4b94-976a-8917a7b3f907: no agents available; will retry on subsequent port and subnet creation events.
2026-07-01 02:13:14.489 8 INFO neutron.db.ovn_revision_numbers_db [None req-35c73f4a-6b3f-4b05-9219-248e69d8cf0e 98886f2eb3414eccacd79ff8232b84cb 413c5f33ffa04c62b93a5d294032a2a7 - - default default] Successfully bumped revision number for resource c4c69f3f-fe81-421c-aeb1-34d1039d61c3 (type: subnets) to 0 [pid: 8|app: 0|req: 798/1582] 10.0.0.12 () {34 vars in 668 bytes} [Wed Jul 1 02:13:14 2026] POST /v2.0/subnets => generated 646 bytes in 401 msecs (HTTP/1.1 201) 4 headers in 162 bytes (1 switches on core 0)
2026-07-01 02:13:14.631 7 INFO neutron.db.ovn_revision_numbers_db [None req-bc85d720-6002-45e2-bfd5-f49a327b4cf8 98886f2eb3414eccacd79ff8232b84cb 413c5f33ffa04c62b93a5d294032a2a7 - - default default] Successfully bumped revision number for resource f53428f2-a5e3-4eae-9673-68ca98cfb474 (type: routers) to 1 [pid: 7|app: 0|req: 785/1583] 10.0.0.12 () {34 vars in 668 bytes} [Wed Jul 1 02:13:14 2026] POST /v2.0/routers => generated 607 bytes in 112 msecs (HTTP/1.1 201) 4 headers in 162 bytes (1 switches on core 0)
2026-07-01 02:13:14.911 8 INFO neutron.db.ovn_revision_numbers_db [None req-1eab53be-f32e-41c9-91d0-0cbf6b64a17c a0edbdb67d4b41128133712bfde74e69 885040fbb7974d7dbbfcbdf9bc74d5d5 - - default default] Successfully bumped revision number for resource 438d9c4f-1b65-4ff9-92e5-05e88bcec462 (type: security_groups) to 1
2026-07-01 02:13:14.918 7 WARNING neutron.scheduler.dhcp_agent_scheduler [None req-7035761b-077b-4fbe-b3cb-3a23f363af28 98886f2eb3414eccacd79ff8232b84cb 413c5f33ffa04c62b93a5d294032a2a7 - - default default] No more DHCP agents
2026-07-01 02:13:14.919 7 WARNING neutron.api.rpc.agentnotifiers.dhcp_rpc_agent_api [None req-7035761b-077b-4fbe-b3cb-3a23f363af28 98886f2eb3414eccacd79ff8232b84cb 413c5f33ffa04c62b93a5d294032a2a7 - - default default] Unable to schedule network 9d8da589-fba6-4b94-976a-8917a7b3f907: no agents available; will retry on subsequent port and subnet creation events.
2026-07-01 02:13:14.923 8 INFO neutron.db.ovn_revision_numbers_db [None req-1eab53be-f32e-41c9-91d0-0cbf6b64a17c a0edbdb67d4b41128133712bfde74e69 885040fbb7974d7dbbfcbdf9bc74d5d5 - - default default] Successfully bumped revision number for resource 3b0148fc-e712-49c4-a0f3-259591a1d61e (type: security_group_rules) to 0
2026-07-01 02:13:14.934 8 INFO neutron.db.ovn_revision_numbers_db [None req-1eab53be-f32e-41c9-91d0-0cbf6b64a17c a0edbdb67d4b41128133712bfde74e69 885040fbb7974d7dbbfcbdf9bc74d5d5 - - default default] Successfully bumped revision number for resource 6167a5e4-139a-41bf-ba48-0156c601542c (type: security_group_rules) to 0
2026-07-01 02:13:14.947 8 INFO neutron.db.ovn_revision_numbers_db [None req-1eab53be-f32e-41c9-91d0-0cbf6b64a17c a0edbdb67d4b41128133712bfde74e69 885040fbb7974d7dbbfcbdf9bc74d5d5 - - default default] Successfully bumped revision number for resource 9dbff9e2-2a5b-45e1-8c8e-923c1253fb5f (type: security_group_rules) to 0
2026-07-01 02:13:14.956 8 INFO neutron.db.ovn_revision_numbers_db [None req-1eab53be-f32e-41c9-91d0-0cbf6b64a17c a0edbdb67d4b41128133712bfde74e69 885040fbb7974d7dbbfcbdf9bc74d5d5 - - default default] Successfully bumped revision number for resource c5c824a9-bf47-4642-9fb3-fb0168a0376a (type: security_group_rules) to 0
2026-07-01 02:13:14.975 7 INFO neutron.plugins.ml2.drivers.ovn.mech_driver.mech_driver [None req-c7ede0ce-e9bd-4f25-9e34-fe17d750e250 - - - - - -] OVN reports status down for port: 60d85496-7674-4693-b4d2-c371b0127aa9
